Aug 24 15:44:28.069998 np0000190853 devstack@neutron-api.service[101882]: DEBUG neutron.api.extensions [None req-f23e9270-9387-40ee-af0d-631f7abd19df None None] Loading extension file: availability_zone.py {{(pid=101882) _load_all_extensions_from_path /opt/stack/neutron/neutron/api/extensions.py:449}}
Aug 24 15:44:28.070193 np0000190853 devstack@neutron-api.service[101884]: DEBUG neutron_lib.callbacks.manager [None req-c3aa4493-dc70-4c59-b326-8d07dd6c60bf None None] Subscribe: > trunk_plugin after_init 55550000, False {{(pid=101884) subscribe /opt/stack/data/venv/lib/python3.12/site-packages/neutron_lib/callbacks/manager.py:52}}
Aug 24 15:44:28.070288 np0000190853 devstack@neutron-api.service[101882]: DEBUG neutron.api.extensions [None req-f23e9270-9387-40ee-af0d-631f7abd19df None None] Ext name="Availability Zone" alias="availability_zone" description="The availability zone extension." updated="2015-01-01T10:00:00-00:00" {{(pid=101882) _check_extension /opt/stack/neutron/neutron/api/extensions.py:415}}
Aug 24 15:44:28.070504 np0000190853 devstack@neutron-api.service[101884]: DEBUG neutron_lib.callbacks.manager [None req-c3aa4493-dc70-4c59-b326-8d07dd6c60bf None None] Subscribe: > logging-plugin after_init 55550000, False {{(pid=101884) subscribe /opt/stack/data/venv/lib/python3.12/site-packages/neutron_lib/callbacks/manager.py:52}}
Aug 24 15:44:28.070589 np0000190853 devstack@neutron-api.service[101882]: INFO neutron.api.extensions [None req-f23e9270-9387-40ee-af0d-631f7abd19df None None] Loaded extension: availability_zone
Aug 24 15:44:28.070589 np0000190853 devstack@neutron-api.service[101882]: DEBUG neutron.api.extensions [None req-f23e9270-9387-40ee-af0d-631f7abd19df None None] Loading extension file: availability_zone_filter.py {{(pid=101882) _load_all_extensions_from_path /opt/stack/neutron/neutron/api/extensions.py:449}}
Aug 24 15:44:28.070794 np0000190853 devstack@neutron-api.service[101884]: INFO neutron.services.logapi.drivers.ovn.driver [None req-c3aa4493-dc70-4c59-b326-8d07dd6c60bf None None] OVN logging driver registered
Aug 24 15:44:28.070882 np0000190853 devstack@neutron-api.service[101882]: DEBUG neutron.api.extensions [None req-f23e9270-9387-40ee-af0d-631f7abd19df None None] Ext name="Availability Zone Filter Extension" alias="availability_zone_filter" description="Add filter parameters to AvailabilityZone resource" updated="2018-06-22T10:00:00-00:00" {{(pid=101882) _check_extension /opt/stack/neutron/neutron/api/extensions.py:415}}
Aug 24 15:44:28.071008 np0000190853 devstack@neutron-api.service[101884]: DEBUG neutron_lib.callbacks.manager [None req-c3aa4493-dc70-4c59-b326-8d07dd6c60bf None None] Subscribe: ._register_pvlan_driver at 0x7fa659d9d8a0> pvlan_plugin before_spawn 55550000, False {{(pid=101884) subscribe /opt/stack/data/venv/lib/python3.12/site-packages/neutron_lib/callbacks/manager.py:52}}
Aug 24 15:44:28.071088 np0000190853 devstack@neutron-api.service[101882]: INFO neutron.api.extensions [None req-f23e9270-9387-40ee-af0d-631f7abd19df None None] Extension availability_zone_filter not supported by any of loaded plugins
Aug 24 15:44:28.071321 np0000190853 devstack@neutron-api.service[101884]: DEBUG neutron_lib.callbacks.manager [None req-c3aa4493-dc70-4c59-b326-8d07dd6c60bf None None] Subscribe: process after_init 55550000, False {{(pid=101884) subscribe /opt/stack/data/venv/lib/python3.12/site-packages/neutron_lib/callbacks/manager.py:52}}
Aug 24 15:44:28.071380 np0000190853 devstack@neutron-api.service[101882]: DEBUG neutron.api.extensions [None req-f23e9270-9387-40ee-af0d-631f7abd19df None None] Loading extension file: data_plane_status.py {{(pid=101882) _load_all_extensions_from_path /opt/stack/neutron/neutron/api/extensions.py:449}}
Aug 24 15:44:28.071380 np0000190853 devstack@neutron-api.service[101882]: DEBUG neutron.api.extensions [None req-f23e9270-9387-40ee-af0d-631f7abd19df None None] Ext name="Port data plane status extension" alias="data-plane-status" description="Expose status of underlying data plane" updated="2017-01-24T10:00:00-00:00" {{(pid=101882) _check_extension /opt/stack/neutron/neutron/api/extensions.py:415}}
Aug 24 15:44:28.071380 np0000190853 devstack@neutron-api.service[101882]: INFO neutron.api.extensions [None req-f23e9270-9387-40ee-af0d-631f7abd19df None None] Extension data-plane-status not supported by any of loaded plugins
Aug 24 15:44:28.071380 np0000190853 devstack@neutron-api.service[101882]: DEBUG neutron.api.extensions [None req-f23e9270-9387-40ee-af0d-631f7abd19df None None] Loading extension file: default_subnetpools.py {{(pid=101882) _load_all_extensions_from_path /opt/stack/neutron/neutron/api/extensions.py:449}}
Aug 24 15:44:28.071380 np0000190853 devstack@neutron-api.service[101882]: DEBUG neutron.api.extensions [None req-f23e9270-9387-40ee-af0d-631f7abd19df None None] Ext name="Default Subnetpools" alias="default-subnetpools" description="Provides ability to mark and use a subnetpool as the default." updated="2016-02-18T18:00:00-00:00" {{(pid=101882) _check_extension /opt/stack/neutron/neutron/api/extensions.py:415}}
Aug 24 15:44:28.071380 np0000190853 devstack@neutron-api.service[101882]: INFO neutron.api.extensions [None req-f23e9270-9387-40ee-af0d-631f7abd19df None None] Loaded extension: default-subnetpools
Aug 24 15:44:28.071380 np0000190853 devstack@neutron-api.service[101882]: DEBUG neutron.api.extensions [None req-f23e9270-9387-40ee-af0d-631f7abd19df None None] Loading extension file: dhcpagentscheduler.py {{(pid=101882) _load_all_extensions_from_path /opt/stack/neutron/neutron/api/extensions.py:449}}
Aug 24 15:44:28.071567 np0000190853 devstack@neutron-api.service[101882]: DEBUG neutron.api.extensions [None req-f23e9270-9387-40ee-af0d-631f7abd19df None None] Ext name="DHCP Agent Scheduler" alias="dhcp_agent_scheduler" description="Schedule networks among dhcp agents" updated="2013-02-07T10:00:00-00:00" {{(pid=101882) _check_extension /opt/stack/neutron/neutron/api/extensions.py:415}}
Aug 24 15:44:28.071729 np0000190853 devstack@neutron-api.service[101884]: DEBUG neutron.plugins.ml2.plugin [None req-c3aa4493-dc70-4c59-b326-8d07dd6c60bf None None] neutron.plugins.ml2.plugin.Ml2Plugin method _start_rpc_notifiers called with arguments () {} {{(pid=101884) wrapper /opt/stack/data/venv/lib/python3.12/site-packages/oslo_log/helpers.py:77}}
Aug 24 15:44:28.071948 np0000190853 devstack@neutron-api.service[101882]: INFO neutron.api.extensions [None req-f23e9270-9387-40ee-af0d-631f7abd19df None None] Loaded extension: dhcp_agent_scheduler
Aug 24 15:44:28.071948 np0000190853 devstack@neutron-api.service[101882]: DEBUG neutron.api.extensions [None req-f23e9270-9387-40ee-af0d-631f7abd19df None None] Loading extension file: dns.py {{(pid=101882) _load_all_extensions_from_path /opt/stack/neutron/neutron/api/extensions.py:449}}
Aug 24 15:44:28.072084 np0000190853 devstack@neutron-api.service[101884]: DEBUG neutron_lib.callbacks.manager [None req-c3aa4493-dc70-4c59-b326-8d07dd6c60bf None None] Subscribe: > port after_create 55550000, False {{(pid=101884) subscribe /opt/stack/data/venv/lib/python3.12/site-packages/neutron_lib/callbacks/manager.py:52}}
Aug 24 15:44:28.072208 np0000190853 devstack@neutron-api.service[101882]: DEBUG neutron.api.extensions [None req-f23e9270-9387-40ee-af0d-631f7abd19df None None] Ext name="DNS Integration" alias="dns-integration" description="Provides integration with DNS." updated="2015-08-15T18:00:00-00:00" {{(pid=101882) _check_extension /opt/stack/neutron/neutron/api/extensions.py:415}}
Aug 24 15:44:28.072494 np0000190853 devstack@neutron-api.service[101884]: DEBUG neutron_lib.callbacks.manager [None req-c3aa4493-dc70-4c59-b326-8d07dd6c60bf None None] Subscribe: > port after_update 55550000, False {{(pid=101884) subscribe /opt/stack/data/venv/lib/python3.12/site-packages/neutron_lib/callbacks/manager.py:52}}
Aug 24 15:44:28.072494 np0000190853 devstack@neutron-api.service[101884]: DEBUG neutron_lib.callbacks.manager [None req-c3aa4493-dc70-4c59-b326-8d07dd6c60bf None None] Subscribe: > port after_delete 55550000, False {{(pid=101884) subscribe /opt/stack/data/venv/lib/python3.12/site-packages/neutron_lib/callbacks/manager.py:52}}
Aug 24 15:44:28.072719 np0000190853 devstack@neutron-api.service[101882]: INFO neutron.api.extensions [None req-f23e9270-9387-40ee-af0d-631f7abd19df None None] Loaded extension: dns-integration
Aug 24 15:44:28.073354 np0000190853 devstack@neutron-api.service[101884]: DEBUG neutron_lib.callbacks.manager [None req-c3aa4493-dc70-4c59-b326-8d07dd6c60bf None None] Subscribe: > subnet after_create 55550000, False {{(pid=101884) subscribe /opt/stack/data/venv/lib/python3.12/site-packages/neutron_lib/callbacks/manager.py:52}}
Aug 24 15:44:28.073695 np0000190853 devstack@neutron-api.service[101882]: DEBUG neutron.api.extensions [None req-f23e9270-9387-40ee-af0d-631f7abd19df None None] Loading extension file: dns_domain_ports.py {{(pid=101882) _load_all_extensions_from_path /opt/stack/neutron/neutron/api/extensions.py:449}}
Aug 24 15:44:28.073808 np0000190853 devstack@neutron-api.service[101884]: DEBUG neutron_lib.callbacks.manager [None req-c3aa4493-dc70-4c59-b326-8d07dd6c60bf None None] Subscribe: > subnet after_update 55550000, False {{(pid=101884) subscribe /opt/stack/data/venv/lib/python3.12/site-packages/neutron_lib/callbacks/manager.py:52}}
Aug 24 15:44:28.073808 np0000190853 devstack@neutron-api.service[101884]: DEBUG neutron_lib.callbacks.manager [None req-c3aa4493-dc70-4c59-b326-8d07dd6c60bf None None] Subscribe: > subnet after_delete 55550000, False {{(pid=101884) subscribe /opt/stack/data/venv/lib/python3.12/site-packages/neutron_lib/callbacks/manager.py:52}}
Aug 24 15:44:28.074362 np0000190853 devstack@neutron-api.service[101882]: DEBUG neutron.api.extensions [None req-f23e9270-9387-40ee-af0d-631f7abd19df None None] Ext name="dns_domain for ports" alias="dns-domain-ports" description="Allows the DNS domain to be specified for a network port." updated="2017-04-24T10:00:00-00:00" {{(pid=101882) _check_extension /opt/stack/neutron/neutron/api/extensions.py:415}}
Aug 24 15:44:28.074594 np0000190853 devstack@neutron-api.service[101884]: DEBUG neutron_lib.callbacks.manager [None req-c3aa4493-dc70-4c59-b326-8d07dd6c60bf None None] Subscribe: > network after_create 55550000, False {{(pid=101884) subscribe /opt/stack/data/venv/lib/python3.12/site-packages/neutron_lib/callbacks/manager.py:52}}
Aug 24 15:44:28.074594 np0000190853 devstack@neutron-api.service[101884]: DEBUG neutron_lib.callbacks.manager [None req-c3aa4493-dc70-4c59-b326-8d07dd6c60bf None None] Subscribe: > network after_update 55550000, False {{(pid=101884) subscribe /opt/stack/data/venv/lib/python3.12/site-packages/neutron_lib/callbacks/manager.py:52}}
Aug 24 15:44:28.074786 np0000190853 devstack@neutron-api.service[101882]: INFO neutron.api.extensions [None req-f23e9270-9387-40ee-af0d-631f7abd19df None None] Loaded extension: dns-domain-ports
Aug 24 15:44:28.075297 np0000190853 devstack@neutron-api.service[101884]: DEBUG neutron_lib.callbacks.manager [None req-c3aa4493-dc70-4c59-b326-8d07dd6c60bf None None] Subscribe: > network after_delete 55550000, False {{(pid=101884) subscribe /opt/stack/data/venv/lib/python3.12/site-packages/neutron_lib/callbacks/manager.py:52}}
Aug 24 15:44:28.075547 np0000190853 devstack@neutron-api.service[101882]: DEBUG neutron.api.extensions [None req-f23e9270-9387-40ee-af0d-631f7abd19df None None] Loading extension file: dns_integration_domain_keywords.py {{(pid=101882) _load_all_extensions_from_path /opt/stack/neutron/neutron/api/extensions.py:449}}
Aug 24 15:44:28.075781 np0000190853 devstack@neutron-api.service[101884]: DEBUG neutron_lib.callbacks.manager [None req-c3aa4493-dc70-4c59-b326-8d07dd6c60bf None None] Subscribe: > security_group after_create 55550000, False {{(pid=101884) subscribe /opt/stack/data/venv/lib/python3.12/site-packages/neutron_lib/callbacks/manager.py:52}}
Aug 24 15:44:28.075781 np0000190853 devstack@neutron-api.service[101884]: DEBUG neutron_lib.callbacks.manager [None req-c3aa4493-dc70-4c59-b326-8d07dd6c60bf None None] Subscribe: > security_group after_update 55550000, False {{(pid=101884) subscribe /opt/stack/data/venv/lib/python3.12/site-packages/neutron_lib/callbacks/manager.py:52}}
Aug 24 15:44:28.076015 np0000190853 devstack@neutron-api.service[101882]: DEBUG neutron.api.extensions [None req-f23e9270-9387-40ee-af0d-631f7abd19df None None] Ext name="DNS domain names with keywords allowed" alias="dns-integration-domain-keywords" description="Allows to use keywords like , , and as DNS domain name" updated="2020-06-15T18:00:00-00:00" {{(pid=101882) _check_extension /opt/stack/neutron/neutron/api/extensions.py:415}}
Aug 24 15:44:28.076084 np0000190853 devstack@neutron-api.service[101884]: DEBUG neutron_lib.callbacks.manager [None req-c3aa4493-dc70-4c59-b326-8d07dd6c60bf None None] Subscribe: > security_group after_delete 55550000, False {{(pid=101884) subscribe /opt/stack/data/venv/lib/python3.12/site-packages/neutron_lib/callbacks/manager.py:52}}
Aug 24 15:44:28.076084 np0000190853 devstack@neutron-api.service[101884]: DEBUG neutron_lib.callbacks.manager [None req-c3aa4493-dc70-4c59-b326-8d07dd6c60bf None None] Subscribe: > security_group_rule after_create 55550000, False {{(pid=101884) subscribe /opt/stack/data/venv/lib/python3.12/site-packages/neutron_lib/callbacks/manager.py:52}}
Aug 24 15:44:28.076332 np0000190853 devstack@neutron-api.service[101882]: INFO neutron.api.extensions [None req-f23e9270-9387-40ee-af0d-631f7abd19df None None] Loaded extension: dns-integration-domain-keywords
Aug 24 15:44:28.076540 np0000190853 devstack@neutron-api.service[101884]: DEBUG neutron_lib.callbacks.manager [None req-c3aa4493-dc70-4c59-b326-8d07dd6c60bf None None] Subscribe: > security_group_rule after_update 55550000, False {{(pid=101884) subscribe /opt/stack/data/venv/lib/python3.12/site-packages/neutron_lib/callbacks/manager.py:52}}
Aug 24 15:44:28.076789 np0000190853 devstack@neutron-api.service[101882]: DEBUG neutron.api.extensions [None req-f23e9270-9387-40ee-af0d-631f7abd19df None None] Loading extension file: dvr.py {{(pid=101882) _load_all_extensions_from_path /opt/stack/neutron/neutron/api/extensions.py:449}}
Aug 24 15:44:28.076996 np0000190853 devstack@neutron-api.service[101884]: DEBUG neutron_lib.callbacks.manager [None req-c3aa4493-dc70-4c59-b326-8d07dd6c60bf None None] Subscribe: > security_group_rule after_delete 55550000, False {{(pid=101884) subscribe /opt/stack/data/venv/lib/python3.12/site-packages/neutron_lib/callbacks/manager.py:52}}
Aug 24 15:44:28.076996 np0000190853 devstack@neutron-api.service[101884]: DEBUG neutron_lib.callbacks.manager [None req-c3aa4493-dc70-4c59-b326-8d07dd6c60bf None None] Subscribe: > address_group after_create 55550000, False {{(pid=101884) subscribe /opt/stack/data/venv/lib/python3.12/site-packages/neutron_lib/callbacks/manager.py:52}}
Aug 24 15:44:28.077250 np0000190853 devstack@neutron-api.service[101882]: DEBUG neutron.api.extensions [None req-f23e9270-9387-40ee-af0d-631f7abd19df None None] Ext name="Distributed Virtual Router" alias="dvr" description="Enables configuration of Distributed Virtual Routers." updated="2014-06-1T10:00:00-00:00" {{(pid=101882) _check_extension /opt/stack/neutron/neutron/api/extensions.py:415}}
Aug 24 15:44:28.077576 np0000190853 devstack@neutron-api.service[101884]: DEBUG neutron_lib.callbacks.manager [None req-c3aa4493-dc70-4c59-b326-8d07dd6c60bf None None] Subscribe: > address_group after_update 55550000, False {{(pid=101884) subscribe /opt/stack/data/venv/lib/python3.12/site-packages/neutron_lib/callbacks/manager.py:52}}
Aug 24 15:44:28.077576 np0000190853 devstack@neutron-api.service[101884]: DEBUG neutron_lib.callbacks.manager [None req-c3aa4493-dc70-4c59-b326-8d07dd6c60bf None None] Subscribe: > address_group after_delete 55550000, False {{(pid=101884) subscribe /opt/stack/data/venv/lib/python3.12/site-packages/neutron_lib/callbacks/manager.py:52}}
Aug 24 15:44:28.077949 np0000190853 devstack@neutron-api.service[101882]: INFO neutron.api.extensions [None req-f23e9270-9387-40ee-af0d-631f7abd19df None None] Extension dvr not supported by any of loaded plugins
Aug 24 15:44:28.078269 np0000190853 devstack@neutron-api.service[101884]: DEBUG neutron.plugins.ml2.ovo_rpc [None req-c3aa4493-dc70-4c59-b326-8d07dd6c60bf None None] ML2 OVO RPC backend initialized. {{(pid=101884) __init__ /opt/stack/neutron/neutron/plugins/ml2/ovo_rpc.py:117}}
Aug 24 15:44:28.078616 np0000190853 devstack@neutron-api.service[101882]: DEBUG neutron.api.extensions [None req-f23e9270-9387-40ee-af0d-631f7abd19df None None] Loading extension file: ecmp_routes.py {{(pid=101882) _load_all_extensions_from_path /opt/stack/neutron/neutron/api/extensions.py:449}}
Aug 24 15:44:28.078616 np0000190853 devstack@neutron-api.service[101882]: DEBUG neutron.api.extensions [None req-f23e9270-9387-40ee-af0d-631f7abd19df None None] Ext name="Equal Cost Multipath Routing" alias="ecmp_routes" description="Allows traffic to reach thesame destination via multiple different links " updated="2020-11-26T18:00:00-00:00" {{(pid=101882) _check_extension /opt/stack/neutron/neutron/api/extensions.py:415}}
Aug 24 15:44:28.078616 np0000190853 devstack@neutron-api.service[101882]: INFO neutron.api.extensions [None req-f23e9270-9387-40ee-af0d-631f7abd19df None None] Extension ecmp_routes not supported by any of loaded plugins
Aug 24 15:44:28.078616 np0000190853 devstack@neutron-api.service[101882]: DEBUG neutron.api.extensions [None req-f23e9270-9387-40ee-af0d-631f7abd19df None None] Loading extension file: empty_string_filtering.py {{(pid=101882) _load_all_extensions_from_path /opt/stack/neutron/neutron/api/extensions.py:449}}
Aug 24 15:44:28.078616 np0000190853 devstack@neutron-api.service[101882]: DEBUG neutron.api.extensions [None req-f23e9270-9387-40ee-af0d-631f7abd19df None None] Ext name="Empty String Filtering Extension" alias="empty-string-filtering" description="Allow filtering by attributes with empty string value" updated="2018-05-01T10:00:00-00:00" {{(pid=101882) _check_extension /opt/stack/neutron/neutron/api/extensions.py:415}}
Aug 24 15:44:28.079834 np0000190853 devstack@neutron-api.service[101884]: INFO neutron.quota [None req-c3aa4493-dc70-4c59-b326-8d07dd6c60bf None None] Loaded quota_driver: .
Aug 24 15:44:28.080872 np0000190853 devstack@neutron-api.service[101882]: INFO neutron.api.extensions [None req-f23e9270-9387-40ee-af0d-631f7abd19df None None] Loaded extension: empty-string-filtering
Aug 24 15:44:28.081438 np0000190853 devstack@neutron-api.service[101884]: INFO neutron.plugins.ml2.plugin [None req-c3aa4493-dc70-4c59-b326-8d07dd6c60bf None None] Modular L2 Plugin initialization complete
Aug 24 15:44:28.081787 np0000190853 devstack@neutron-api.service[101882]: DEBUG neutron.api.extensions [None req-f23e9270-9387-40ee-af0d-631f7abd19df None None] Loading extension file: evpn.py {{(pid=101882) _load_all_extensions_from_path /opt/stack/neutron/neutron/api/extensions.py:449}}
Aug 24 15:44:28.082153 np0000190853 devstack@neutron-api.service[101884]: DEBUG neutron.manager [None req-c3aa4493-dc70-4c59-b326-8d07dd6c60bf None None] Loading services supported by the core plugin {{(pid=101884) _load_services_from_core_plugin /opt/stack/neutron/neutron/manager.py:167}}
Aug 24 15:44:28.082153 np0000190853 devstack@neutron-api.service[101884]: INFO neutron.plugins.ml2.managers [None req-c3aa4493-dc70-4c59-b326-8d07dd6c60bf None None] Got port-security extension from driver 'port_security'
Aug 24 15:44:28.082613 np0000190853 devstack@neutron-api.service[101882]: DEBUG neutron.api.extensions [None req-f23e9270-9387-40ee-af0d-631f7abd19df None None] Ext name="EVPN" alias="evpn" description="Router extension to support EVPN Type-5 route advertisement" updated="2026-04-28T00:00:00-00:00" {{(pid=101882) _check_extension /opt/stack/neutron/neutron/api/extensions.py:415}}
Aug 24 15:44:28.082613 np0000190853 devstack@neutron-api.service[101882]: INFO neutron.api.extensions [None req-f23e9270-9387-40ee-af0d-631f7abd19df None None] Extension evpn not supported by any of loaded plugins
Aug 24 15:44:28.082613 np0000190853 devstack@neutron-api.service[101882]: DEBUG neutron.api.extensions [None req-f23e9270-9387-40ee-af0d-631f7abd19df None None] Loading extension file: expose_l3_conntrack_helper.py {{(pid=101882) _load_all_extensions_from_path /opt/stack/neutron/neutron/api/extensions.py:449}}
Aug 24 15:44:28.083444 np0000190853 devstack@neutron-api.service[101884]: DEBUG neutron.manager [None req-c3aa4493-dc70-4c59-b326-8d07dd6c60bf None None] Loading service plugins: ['ovn-router', 'auto_allocate', 'tag', 'timestamp', 'network_ip_availability', 'flavors', 'revisions'] {{(pid=101884) _load_service_plugins /opt/stack/neutron/neutron/manager.py:192}}
Aug 24 15:44:28.083444 np0000190853 devstack@neutron-api.service[101884]: INFO neutron.manager [None req-c3aa4493-dc70-4c59-b326-8d07dd6c60bf None None] Loading Plugin: ovn-router
Aug 24 15:44:28.084053 np0000190853 devstack@neutron-api.service[101882]: DEBUG neutron.api.extensions [None req-f23e9270-9387-40ee-af0d-631f7abd19df None None] Ext name="Expose CT target rules for conntrack helper" alias="expose-l3-conntrack-helper" description="Expose allow adding CT target rules for conntrack helper" updated="2019-04-04T10:00:00-00:00" {{(pid=101882) _check_extension /opt/stack/neutron/neutron/api/extensions.py:415}}
Aug 24 15:44:28.084053 np0000190853 devstack@neutron-api.service[101882]: INFO neutron.api.extensions [None req-f23e9270-9387-40ee-af0d-631f7abd19df None None] Extension expose-l3-conntrack-helper not supported by any of loaded plugins
Aug 24 15:44:28.084053 np0000190853 devstack@neutron-api.service[101882]: DEBUG neutron.api.extensions [None req-f23e9270-9387-40ee-af0d-631f7abd19df None None] Loading extension file: expose_port_forwarding_in_fip.py {{(pid=101882) _load_all_extensions_from_path /opt/stack/neutron/neutron/api/extensions.py:449}}
Aug 24 15:44:28.084053 np0000190853 devstack@neutron-api.service[101882]: DEBUG neutron.api.extensions [None req-f23e9270-9387-40ee-af0d-631f7abd19df None None] Ext name="Expose Floating IP port forwardings" alias="expose-port-forwarding-in-fip" description="Expose port forwarding fields in floating IP response" updated="2018-06-28T16:00:00-00:00" {{(pid=101882) _check_extension /opt/stack/neutron/neutron/api/extensions.py:415}}
Aug 24 15:44:28.084053 np0000190853 devstack@neutron-api.service[101882]: INFO neutron.api.extensions [None req-f23e9270-9387-40ee-af0d-631f7abd19df None None] Extension expose-port-forwarding-in-fip not supported by any of loaded plugins
Aug 24 15:44:28.084053 np0000190853 devstack@neutron-api.service[101882]: DEBUG neutron.api.extensions [None req-f23e9270-9387-40ee-af0d-631f7abd19df None None] Loading extension file: external_net.py {{(pid=101882) _load_all_extensions_from_path /opt/stack/neutron/neutron/api/extensions.py:449}}
Aug 24 15:44:28.085007 np0000190853 devstack@neutron-api.service[101882]: DEBUG neutron.api.extensions [None req-f23e9270-9387-40ee-af0d-631f7abd19df None None] Ext name="Neutron external network" alias="external-net" description="Adds external network attribute to network resource." updated="2013-01-14T10:00:00-00:00" {{(pid=101882) _check_extension /opt/stack/neutron/neutron/api/extensions.py:415}}
Aug 24 15:44:28.085007 np0000190853 devstack@neutron-api.service[101882]: INFO neutron.api.extensions [None req-f23e9270-9387-40ee-af0d-631f7abd19df None None] Loaded extension: external-net
Aug 24 15:44:28.085007 np0000190853 devstack@neutron-api.service[101882]: DEBUG neutron.api.extensions [None req-f23e9270-9387-40ee-af0d-631f7abd19df None None] Loading extension file: extra_dhcp_opt.py {{(pid=101882) _load_all_extensions_from_path /opt/stack/neutron/neutron/api/extensions.py:449}}
Aug 24 15:44:28.085007 np0000190853 devstack@neutron-api.service[101882]: DEBUG neutron.api.extensions [None req-f23e9270-9387-40ee-af0d-631f7abd19df None None] Ext name="Neutron Extra DHCP options" alias="extra_dhcp_opt" description="Extra options configuration for DHCP. For example PXE boot options to DHCP clients can be specified (e.g. tftp-server, server-ip-address, bootfile-name)" updated="2013-03-17T12:00:00-00:00" {{(pid=101882) _check_extension /opt/stack/neutron/neutron/api/extensions.py:415}}
Aug 24 15:44:28.085007 np0000190853 devstack@neutron-api.service[101882]: INFO neutron.api.extensions [None req-f23e9270-9387-40ee-af0d-631f7abd19df None None] Loaded extension: extra_dhcp_opt
Aug 24 15:44:28.085007 np0000190853 devstack@neutron-api.service[101882]: DEBUG neutron.api.extensions [None req-f23e9270-9387-40ee-af0d-631f7abd19df None None] Loading extension file: extraroute.py {{(pid=101882) _load_all_extensions_from_path /opt/stack/neutron/neutron/api/extensions.py:449}}
Aug 24 15:44:28.085007 np0000190853 devstack@neutron-api.service[101882]: DEBUG neutron.api.extensions [None req-f23e9270-9387-40ee-af0d-631f7abd19df None None] Ext name="Neutron Extra Route" alias="extraroute" description="Extra routes configuration for L3 router" updated="2013-02-01T10:00:00-00:00" {{(pid=101882) _check_extension /opt/stack/neutron/neutron/api/extensions.py:415}}
Aug 24 15:44:28.085776 np0000190853 devstack@neutron-api.service[101882]: INFO neutron.api.extensions [None req-f23e9270-9387-40ee-af0d-631f7abd19df None None] Loaded extension: extraroute
Aug 24 15:44:28.085776 np0000190853 devstack@neutron-api.service[101882]: DEBUG neutron.api.extensions [None req-f23e9270-9387-40ee-af0d-631f7abd19df None None] Loading extension file: extraroute_atomic.py {{(pid=101882) _load_all_extensions_from_path /opt/stack/neutron/neutron/api/extensions.py:449}}
Aug 24 15:44:28.085776 np0000190853 devstack@neutron-api.service[101882]: DEBUG neutron.api.extensions [None req-f23e9270-9387-40ee-af0d-631f7abd19df None None] Ext name="Atomically add/remove extra routes" alias="extraroute-atomic" description="Edit extra routes of a router on server side by atomically adding/removing extra routes" updated="2019-07-10T00:00:00+00:00" {{(pid=101882) _check_extension /opt/stack/neutron/neutron/api/extensions.py:415}}
Aug 24 15:44:28.085776 np0000190853 devstack@neutron-api.service[101882]: INFO neutron.api.extensions [None req-f23e9270-9387-40ee-af0d-631f7abd19df None None] Loaded extension: extraroute-atomic
Aug 24 15:44:28.085776 np0000190853 devstack@neutron-api.service[101882]: DEBUG neutron.api.extensions [None req-f23e9270-9387-40ee-af0d-631f7abd19df None None] Loading extension file: filter_validation.py {{(pid=101882) _load_all_extensions_from_path /opt/stack/neutron/neutron/api/extensions.py:449}}
Aug 24 15:44:28.085776 np0000190853 devstack@neutron-api.service[101882]: DEBUG neutron.api.extensions [None req-f23e9270-9387-40ee-af0d-631f7abd19df None None] Ext name="Filter parameters validation" alias="filter-validation" description="Provides validation on filter parameters." updated="2018-07-04T10:00:00-00:00" {{(pid=101882) _check_extension /opt/stack/neutron/neutron/api/extensions.py:415}}
Aug 24 15:44:28.085776 np0000190853 devstack@neutron-api.service[101882]: INFO neutron.api.extensions [None req-f23e9270-9387-40ee-af0d-631f7abd19df None None] Loaded extension: filter-validation
Aug 24 15:44:28.085776 np0000190853 devstack@neutron-api.service[101882]: DEBUG neutron.api.extensions [None req-f23e9270-9387-40ee-af0d-631f7abd19df None None] Loading extension file: fip_pf_description.py {{(pid=101882) _load_all_extensions_from_path /opt/stack/neutron/neutron/api/extensions.py:449}}
Aug 24 15:44:28.086580 np0000190853 devstack@neutron-api.service[101882]: DEBUG neutron.api.extensions [None req-f23e9270-9387-40ee-af0d-631f7abd19df None None] Ext name="Floating IP Port Forwarding new attribute description" alias="floating-ip-port-forwarding-description" description="Add a description field to Port Forwarding rules" updated="2019-11-01T10:00:00-00:00" {{(pid=101882) _check_extension /opt/stack/neutron/neutron/api/extensions.py:415}}
Aug 24 15:44:28.086580 np0000190853 devstack@neutron-api.service[101882]: INFO neutron.api.extensions [None req-f23e9270-9387-40ee-af0d-631f7abd19df None None] Extension floating-ip-port-forwarding-description not supported by any of loaded plugins
Aug 24 15:44:28.086580 np0000190853 devstack@neutron-api.service[101882]: DEBUG neutron.api.extensions [None req-f23e9270-9387-40ee-af0d-631f7abd19df None None] Loading extension file: fip_pf_detail.py {{(pid=101882) _load_all_extensions_from_path /opt/stack/neutron/neutron/api/extensions.py:449}}
Aug 24 15:44:28.086580 np0000190853 devstack@neutron-api.service[101882]: DEBUG neutron.api.extensions [None req-f23e9270-9387-40ee-af0d-631f7abd19df None None] Ext name="Floating IP port forwarding detail" alias="floating-ip-port-forwarding-detail" description="Allow list floating ip return more port forwarding data, include'id' and 'internal_port_id'" updated="2022-05-06T10:00:00-00:00" {{(pid=101882) _check_extension /opt/stack/neutron/neutron/api/extensions.py:415}}
Aug 24 15:44:28.086580 np0000190853 devstack@neutron-api.service[101882]: INFO neutron.api.extensions [None req-f23e9270-9387-40ee-af0d-631f7abd19df None None] Loaded extension: floating-ip-port-forwarding-detail
Aug 24 15:44:28.086580 np0000190853 devstack@neutron-api.service[101882]: DEBUG neutron.api.extensions [None req-f23e9270-9387-40ee-af0d-631f7abd19df None None] Loading extension file: fip_pf_port_range.py {{(pid=101882) _load_all_extensions_from_path /opt/stack/neutron/neutron/api/extensions.py:449}}
Aug 24 15:44:28.087200 np0000190853 devstack@neutron-api.service[101882]: DEBUG neutron.api.extensions [None req-f23e9270-9387-40ee-af0d-631f7abd19df None None] Ext name="Floating IP Port Forwarding support port ranges" alias="floating-ip-port-forwarding-port-ranges" description="Add support to port ranges" updated="2020-07-01T10:00:00-00:00" {{(pid=101882) _check_extension /opt/stack/neutron/neutron/api/extensions.py:415}}
Aug 24 15:44:28.087200 np0000190853 devstack@neutron-api.service[101882]: INFO neutron.api.extensions [None req-f23e9270-9387-40ee-af0d-631f7abd19df None None] Extension floating-ip-port-forwarding-port-ranges not supported by any of loaded plugins
Aug 24 15:44:28.087200 np0000190853 devstack@neutron-api.service[101882]: DEBUG neutron.api.extensions [None req-f23e9270-9387-40ee-af0d-631f7abd19df None None] Loading extension file: fip_port_details.py {{(pid=101882) _load_all_extensions_from_path /opt/stack/neutron/neutron/api/extensions.py:449}}
Aug 24 15:44:28.087200 np0000190853 devstack@neutron-api.service[101882]: DEBUG neutron.api.extensions [None req-f23e9270-9387-40ee-af0d-631f7abd19df None None] Ext name="Floating IP Port Details Extension" alias="fip-port-details" description="Add port_details attribute to Floating IP resource" updated="2018-04-09T10:00:00-00:00" {{(pid=101882) _check_extension /opt/stack/neutron/neutron/api/extensions.py:415}}
Aug 24 15:44:28.087200 np0000190853 devstack@neutron-api.service[101882]: INFO neutron.api.extensions [None req-f23e9270-9387-40ee-af0d-631f7abd19df None None] Loaded extension: fip-port-details
Aug 24 15:44:28.087200 np0000190853 devstack@neutron-api.service[101882]: DEBUG neutron.api.extensions [None req-f23e9270-9387-40ee-af0d-631f7abd19df None None] Loading extension file: flavors.py {{(pid=101882) _load_all_extensions_from_path /opt/stack/neutron/neutron/api/extensions.py:449}}
Aug 24 15:44:28.087200 np0000190853 devstack@neutron-api.service[101882]: DEBUG neutron.api.extensions [None req-f23e9270-9387-40ee-af0d-631f7abd19df None None] Ext name="Neutron Service Flavors" alias="flavors" description="Flavor specification for Neutron advanced services." updated="2015-09-17T10:00:00-00:00" {{(pid=101882) _check_extension /opt/stack/neutron/neutron/api/extensions.py:415}}
Aug 24 15:44:28.087867 np0000190853 devstack@neutron-api.service[101882]: INFO neutron.api.extensions [None req-f23e9270-9387-40ee-af0d-631f7abd19df None None] Loaded extension: flavors
Aug 24 15:44:28.087867 np0000190853 devstack@neutron-api.service[101882]: DEBUG neutron.api.extensions [None req-f23e9270-9387-40ee-af0d-631f7abd19df None None] Loading extension file: floating_ip_port_forwarding.py {{(pid=101882) _load_all_extensions_from_path /opt/stack/neutron/neutron/api/extensions.py:449}}
Aug 24 15:44:28.087867 np0000190853 devstack@neutron-api.service[101882]: DEBUG neutron.api.extensions [None req-f23e9270-9387-40ee-af0d-631f7abd19df None None] Ext name="Floating IP Port Forwarding" alias="floating-ip-port-forwarding" description="Allow port forwarding from floating IP port to an internal port" updated="2018-01-19T10:00:00-00:00" {{(pid=101882) _check_extension /opt/stack/neutron/neutron/api/extensions.py:415}}
Aug 24 15:44:28.087867 np0000190853 devstack@neutron-api.service[101882]: INFO neutron.api.extensions [None req-f23e9270-9387-40ee-af0d-631f7abd19df None None] Extension floating-ip-port-forwarding not supported by any of loaded plugins
Aug 24 15:44:28.087867 np0000190853 devstack@neutron-api.service[101882]: DEBUG neutron.api.extensions [None req-f23e9270-9387-40ee-af0d-631f7abd19df None None] Loading extension file: floatingip_pools.py {{(pid=101882) _load_all_extensions_from_path /opt/stack/neutron/neutron/api/extensions.py:449}}
Aug 24 15:44:28.087867 np0000190853 devstack@neutron-api.service[101882]: DEBUG neutron.api.extensions [None req-f23e9270-9387-40ee-af0d-631f7abd19df None None] Ext name="Floating IP Pools Extension" alias="floatingip-pools" description="Provides a floating IP pools API." updated="2018-03-21T10:00:00-00:00" {{(pid=101882) _check_extension /opt/stack/neutron/neutron/api/extensions.py:415}}
Aug 24 15:44:28.087867 np0000190853 devstack@neutron-api.service[101882]: INFO neutron.api.extensions [None req-f23e9270-9387-40ee-af0d-631f7abd19df None None] Loaded extension: floatingip-pools
Aug 24 15:44:28.088288 np0000190853 devstack@neutron-api.service[101882]: DEBUG neutron.api.extensions [None req-f23e9270-9387-40ee-af0d-631f7abd19df None None] Loading extension file: ip_allocation.py {{(pid=101882) _load_all_extensions_from_path /opt/stack/neutron/neutron/api/extensions.py:449}}
Aug 24 15:44:28.088288 np0000190853 devstack@neutron-api.service[101882]: DEBUG neutron.api.extensions [None req-f23e9270-9387-40ee-af0d-631f7abd19df None None] Ext name="IP Allocation" alias="ip_allocation" description="IP allocation extension." updated="2016-06-10T23:00:00-00:00" {{(pid=101882) _check_extension /opt/stack/neutron/neutron/api/extensions.py:415}}
Aug 24 15:44:28.088288 np0000190853 devstack@neutron-api.service[101882]: INFO neutron.api.extensions [None req-f23e9270-9387-40ee-af0d-631f7abd19df None None] Extension ip_allocation not supported by any of loaded plugins
Aug 24 15:44:28.088288 np0000190853 devstack@neutron-api.service[101882]: DEBUG neutron.api.extensions [None req-f23e9270-9387-40ee-af0d-631f7abd19df None None] Loading extension file: ip_substring_port_filtering.py {{(pid=101882) _load_all_extensions_from_path /opt/stack/neutron/neutron/api/extensions.py:449}}
Aug 24 15:44:28.088288 np0000190853 devstack@neutron-api.service[101882]: DEBUG neutron.api.extensions [None req-f23e9270-9387-40ee-af0d-631f7abd19df None None] Ext name="IP address substring filtering" alias="ip-substring-filtering" description="Provides IP address substring filtering when listing ports" updated="2017-11-28T09:00:00-00:00" {{(pid=101882) _check_extension /opt/stack/neutron/neutron/api/extensions.py:415}}
Aug 24 15:44:28.088288 np0000190853 devstack@neutron-api.service[101882]: INFO neutron.api.extensions [None req-f23e9270-9387-40ee-af0d-631f7abd19df None None] Extension ip-substring-filtering not supported by any of loaded plugins
Aug 24 15:44:28.088288 np0000190853 devstack@neutron-api.service[101882]: DEBUG neutron.api.extensions [None req-f23e9270-9387-40ee-af0d-631f7abd19df None None] Loading extension file: l2_adjacency.py {{(pid=101882) _load_all_extensions_from_path /opt/stack/neutron/neutron/api/extensions.py:449}}
Aug 24 15:44:28.088909 np0000190853 devstack@neutron-api.service[101882]: DEBUG neutron.api.extensions [None req-f23e9270-9387-40ee-af0d-631f7abd19df None None] Ext name="L2 Adjacency" alias="l2_adjacency" description="Display L2 Adjacency for Neutron Networks." updated="2016-04-12T16:00:00-00:00" {{(pid=101882) _check_extension /opt/stack/neutron/neutron/api/extensions.py:415}}
Aug 24 15:44:28.088909 np0000190853 devstack@neutron-api.service[101882]: INFO neutron.api.extensions [None req-f23e9270-9387-40ee-af0d-631f7abd19df None None] Extension l2_adjacency not supported by any of loaded plugins
Aug 24 15:44:28.088909 np0000190853 devstack@neutron-api.service[101882]: DEBUG neutron.api.extensions [None req-f23e9270-9387-40ee-af0d-631f7abd19df None None] Loading extension file: l3.py {{(pid=101882) _load_all_extensions_from_path /opt/stack/neutron/neutron/api/extensions.py:449}}
Aug 24 15:44:28.088909 np0000190853 devstack@neutron-api.service[101882]: DEBUG neutron.api.extensions [None req-f23e9270-9387-40ee-af0d-631f7abd19df None None] Ext name="Neutron L3 Router" alias="router" description="Router abstraction for basic L3 forwarding between L2 Neutron networks and access to external networks via a NAT gateway." updated="2012-07-20T10:00:00-00:00" {{(pid=101882) _check_extension /opt/stack/neutron/neutron/api/extensions.py:415}}
Aug 24 15:44:28.088909 np0000190853 devstack@neutron-api.service[101882]: INFO neutron.api.extensions [None req-f23e9270-9387-40ee-af0d-631f7abd19df None None] Loaded extension: router
Aug 24 15:44:28.088909 np0000190853 devstack@neutron-api.service[101882]: DEBUG neutron.api.extensions [None req-f23e9270-9387-40ee-af0d-631f7abd19df None None] Loading extension file: l3_agent_scheduler_ha_chassis_priority.py {{(pid=101882) _load_all_extensions_from_path /opt/stack/neutron/neutron/api/extensions.py:449}}
Aug 24 15:44:28.089491 np0000190853 devstack@neutron-api.service[101882]: DEBUG neutron.api.extensions [None req-f23e9270-9387-40ee-af0d-631f7abd19df None None] Ext name="L3 Agent Scheduler HA Chassis Priority" alias="l3-agent-scheduler-ha-chassis-priority" description="Exposes the HA_Chassis priority in the L3 Agent Scheduler API responses and allows setting priority when scheduling a router to a chassis." updated="2026-03-31T00:00:00-00:00" {{(pid=101882) _check_extension /opt/stack/neutron/neutron/api/extensions.py:415}}
Aug 24 15:44:28.089491 np0000190853 devstack@neutron-api.service[101882]: INFO neutron.api.extensions [None req-f23e9270-9387-40ee-af0d-631f7abd19df None None] Loaded extension: l3-agent-scheduler-ha-chassis-priority
Aug 24 15:44:28.089491 np0000190853 devstack@neutron-api.service[101882]: DEBUG neutron.api.extensions [None req-f23e9270-9387-40ee-af0d-631f7abd19df None None] Loading extension file: l3_conntrack_helper.py {{(pid=101882) _load_all_extensions_from_path /opt/stack/neutron/neutron/api/extensions.py:449}}
Aug 24 15:44:28.089491 np0000190853 devstack@neutron-api.service[101882]: DEBUG neutron.api.extensions [None req-f23e9270-9387-40ee-af0d-631f7abd19df None None] Ext name="L3 Conntrack helper" alias="l3-conntrack-helper" description="Allow adding CT target rules for conntrack helper" updated="2019-04-04T10:00:00-00:00" {{(pid=101882) _check_extension /opt/stack/neutron/neutron/api/extensions.py:415}}
Aug 24 15:44:28.089491 np0000190853 devstack@neutron-api.service[101882]: INFO neutron.api.extensions [None req-f23e9270-9387-40ee-af0d-631f7abd19df None None] Extension l3-conntrack-helper not supported by any of loaded plugins
Aug 24 15:44:28.089491 np0000190853 devstack@neutron-api.service[101882]: DEBUG neutron.api.extensions [None req-f23e9270-9387-40ee-af0d-631f7abd19df None None] Loading extension file: l3_enable_default_route_bfd.py {{(pid=101882) _load_all_extensions_from_path /opt/stack/neutron/neutron/api/extensions.py:449}}
Aug 24 15:44:28.089962 np0000190853 devstack@neutron-api.service[101884]: DEBUG neutron_lib.callbacks.manager [None req-c3aa4493-dc70-4c59-b326-8d07dd6c60bf None None] Subscribe: > router before_delete 55550000, False {{(pid=101884) subscribe /opt/stack/data/venv/lib/python3.12/site-packages/neutron_lib/callbacks/manager.py:52}}
Aug 24 15:44:28.089962 np0000190853 devstack@neutron-api.service[101884]: DEBUG neutron_lib.callbacks.manager [None req-c3aa4493-dc70-4c59-b326-8d07dd6c60bf None None] Subscribe: port before_update 55550000, False {{(pid=101884) subscribe /opt/stack/data/venv/lib/python3.12/site-packages/neutron_lib/callbacks/manager.py:52}}
Aug 24 15:44:28.090252 np0000190853 devstack@neutron-api.service[101882]: DEBUG neutron.api.extensions [None req-f23e9270-9387-40ee-af0d-631f7abd19df None None] Ext name="Enable Default Route BFD" alias="enable-default-route-bfd" description="Enables configurable BFD behavior for default routes" updated="2023-02-27T00:00:00-00:00" {{(pid=101882) _check_extension /opt/stack/neutron/neutron/api/extensions.py:415}}
Aug 24 15:44:28.090517 np0000190853 devstack@neutron-api.service[101884]: DEBUG neutron_lib.callbacks.manager [None req-c3aa4493-dc70-4c59-b326-8d07dd6c60bf None None] Subscribe: port after_update 55550000, False {{(pid=101884) subscribe /opt/stack/data/venv/lib/python3.12/site-packages/neutron_lib/callbacks/manager.py:52}}
Aug 24 15:44:28.090517 np0000190853 devstack@neutron-api.service[101884]: DEBUG neutron_lib.callbacks.manager [None req-c3aa4493-dc70-4c59-b326-8d07dd6c60bf None None] Subscribe: > port precommit_delete 55550000, False {{(pid=101884) subscribe /opt/stack/data/venv/lib/python3.12/site-packages/neutron_lib/callbacks/manager.py:52}}
Aug 24 15:44:28.091003 np0000190853 devstack@neutron-api.service[101882]: INFO neutron.api.extensions [None req-f23e9270-9387-40ee-af0d-631f7abd19df None None] Loaded extension: enable-default-route-bfd
Aug 24 15:44:28.091480 np0000190853 devstack@neutron-api.service[101884]: DEBUG neutron_lib.callbacks.manager [None req-c3aa4493-dc70-4c59-b326-8d07dd6c60bf None None] Subscribe: port before_update 55550000, False {{(pid=101884) subscribe /opt/stack/data/venv/lib/python3.12/site-packages/neutron_lib/callbacks/manager.py:52}}
Aug 24 15:44:28.091918 np0000190853 devstack@neutron-api.service[101882]: DEBUG neutron.api.extensions [None req-f23e9270-9387-40ee-af0d-631f7abd19df None None] Loading extension file: l3_enable_default_route_ecmp.py {{(pid=101882) _load_all_extensions_from_path /opt/stack/neutron/neutron/api/extensions.py:449}}
Aug 24 15:44:28.092218 np0000190853 devstack@neutron-api.service[101884]: DEBUG neutron_lib.callbacks.manager [None req-c3aa4493-dc70-4c59-b326-8d07dd6c60bf None None] Subscribe: port before_delete 55550000, False {{(pid=101884) subscribe /opt/stack/data/venv/lib/python3.12/site-packages/neutron_lib/callbacks/manager.py:52}}
Aug 24 15:44:28.092218 np0000190853 devstack@neutron-api.service[101884]: DEBUG neutron_lib.callbacks.manager [None req-c3aa4493-dc70-4c59-b326-8d07dd6c60bf None None] Subscribe: > router precommit_create 55550000, False {{(pid=101884) subscribe /opt/stack/data/venv/lib/python3.12/site-packages/neutron_lib/callbacks/manager.py:52}}
Aug 24 15:44:28.092508 np0000190853 devstack@neutron-api.service[101882]: DEBUG neutron.api.extensions [None req-f23e9270-9387-40ee-af0d-631f7abd19df None None] Ext name="Enable Default Route ECMP" alias="enable-default-route-ecmp" description="Enables configurable ECMP behavior for default routes" updated="2023-02-27T00:00:00-00:00" {{(pid=101882) _check_extension /opt/stack/neutron/neutron/api/extensions.py:415}}
Aug 24 15:44:28.092871 np0000190853 devstack@neutron-api.service[101884]: DEBUG neutron_lib.callbacks.manager [None req-c3aa4493-dc70-4c59-b326-8d07dd6c60bf None None] Subscribe: > router precommit_create 55550000, False {{(pid=101884) subscribe /opt/stack/data/venv/lib/python3.12/site-packages/neutron_lib/callbacks/manager.py:52}}
Aug 24 15:44:28.092871 np0000190853 devstack@neutron-api.service[101884]: DEBUG neutron_lib.callbacks.manager [None req-c3aa4493-dc70-4c59-b326-8d07dd6c60bf None None] Subscribe: > router precommit_update 55550000, False {{(pid=101884) subscribe /opt/stack/data/venv/lib/python3.12/site-packages/neutron_lib/callbacks/manager.py:52}}
Aug 24 15:44:28.093290 np0000190853 devstack@neutron-api.service[101882]: INFO neutron.api.extensions [None req-f23e9270-9387-40ee-af0d-631f7abd19df None None] Loaded extension: enable-default-route-ecmp
Aug 24 15:44:28.093290 np0000190853 devstack@neutron-api.service[101882]: DEBUG neutron.api.extensions [None req-f23e9270-9387-40ee-af0d-631f7abd19df None None] Loading extension file: l3_ext_gw_mode.py {{(pid=101882) _load_all_extensions_from_path /opt/stack/neutron/neutron/api/extensions.py:449}}
Aug 24 15:44:28.093744 np0000190853 devstack@neutron-api.service[101884]: DEBUG neutron_lib.callbacks.manager [None req-c3aa4493-dc70-4c59-b326-8d07dd6c60bf None None] Subscribe: subnet after_update 55550000, False {{(pid=101884) subscribe /opt/stack/data/venv/lib/python3.12/site-packages/neutron_lib/callbacks/manager.py:52}}
Aug 24 15:44:28.093744 np0000190853 devstack@neutron-api.service[101884]: DEBUG neutron.quota.resource_registry [None req-c3aa4493-dc70-4c59-b326-8d07dd6c60bf None None] Tracking information for resource: router configured {{(pid=101884) set_tracked_resource /opt/stack/neutron/neutron/quota/resource_registry.py:203}}
Aug 24 15:44:28.094070 np0000190853 devstack@neutron-api.service[101882]: DEBUG neutron.api.extensions [None req-f23e9270-9387-40ee-af0d-631f7abd19df None None] Ext name="Neutron L3 Configurable external gateway mode" alias="ext-gw-mode" description="Extension of the router abstraction for specifying whether SNAT should occur on the external gateway" updated="2013-03-28T10:00:00-00:00" {{(pid=101882) _check_extension /opt/stack/neutron/neutron/api/extensions.py:415}}
Aug 24 15:44:28.094226 np0000190853 devstack@neutron-api.service[101884]: DEBUG neutron.quota.resource_registry [None req-c3aa4493-dc70-4c59-b326-8d07dd6c60bf None None] Tracking information for resource: floatingip configured {{(pid=101884) set_tracked_resource /opt/stack/neutron/neutron/quota/resource_registry.py:203}}
Aug 24 15:44:28.094226 np0000190853 devstack@neutron-api.service[101884]: INFO neutron.services.ovn_l3.plugin [None req-c3aa4493-dc70-4c59-b326-8d07dd6c60bf None None] Starting OVNL3RouterPlugin
Aug 24 15:44:28.094380 np0000190853 devstack@neutron-api.service[101882]: INFO neutron.api.extensions [None req-f23e9270-9387-40ee-af0d-631f7abd19df None None] Loaded extension: ext-gw-mode
Aug 24 15:44:28.094380 np0000190853 devstack@neutron-api.service[101882]: DEBUG neutron.api.extensions [None req-f23e9270-9387-40ee-af0d-631f7abd19df None None] Loading extension file: l3_ext_ha_mode.py {{(pid=101882) _load_all_extensions_from_path /opt/stack/neutron/neutron/api/extensions.py:449}}
Aug 24 15:44:28.094462 np0000190853 devstack@neutron-api.service[101884]: DEBUG neutron_lib.callbacks.manager [None req-c3aa4493-dc70-4c59-b326-8d07dd6c60bf None None] Subscribe: > port_forwarding_plugin after_init 55550000, False {{(pid=101884) subscribe /opt/stack/data/venv/lib/python3.12/site-packages/neutron_lib/callbacks/manager.py:52}}
Aug 24 15:44:28.094518 np0000190853 devstack@neutron-api.service[101882]: DEBUG neutron.api.extensions [None req-f23e9270-9387-40ee-af0d-631f7abd19df None None] Ext name="HA Router extension" alias="l3-ha" description="Adds HA capability to routers." updated="2014-04-26T00:00:00-00:00" {{(pid=101882) _check_extension /opt/stack/neutron/neutron/api/extensions.py:415}}
Aug 24 15:44:28.094575 np0000190853 devstack@neutron-api.service[101884]: DEBUG neutron_lib.callbacks.manager [None req-c3aa4493-dc70-4c59-b326-8d07dd6c60bf None None] Subscribe: > router before_create 55550100, False {{(pid=101884) subscribe /opt/stack/data/venv/lib/python3.12/site-packages/neutron_lib/callbacks/manager.py:52}}
Aug 24 15:44:28.094575 np0000190853 devstack@neutron-api.service[101884]: DEBUG neutron_lib.callbacks.manager [None req-c3aa4493-dc70-4c59-b326-8d07dd6c60bf None None] Subscribe: > router precommit_delete 55550100, False {{(pid=101884) subscribe /opt/stack/data/venv/lib/python3.12/site-packages/neutron_lib/callbacks/manager.py:52}}
Aug 24 15:44:28.094691 np0000190853 devstack@neutron-api.service[101882]: INFO neutron.api.extensions [None req-f23e9270-9387-40ee-af0d-631f7abd19df None None] Loaded extension: l3-ha
Aug 24 15:44:28.094764 np0000190853 devstack@neutron-api.service[101884]: DEBUG neutron_lib.callbacks.manager [None req-c3aa4493-dc70-4c59-b326-8d07dd6c60bf None None] Subscribe: > router precommit_create 55550100, False {{(pid=101884) subscribe /opt/stack/data/venv/lib/python3.12/site-packages/neutron_lib/callbacks/manager.py:52}}
Aug 24 15:44:28.094889 np0000190853 devstack@neutron-api.service[101882]: DEBUG neutron.api.extensions [None req-f23e9270-9387-40ee-af0d-631f7abd19df None None] Loading extension file: l3_ext_ndp_proxy.py {{(pid=101882) _load_all_extensions_from_path /opt/stack/neutron/neutron/api/extensions.py:449}}
Aug 24 15:44:28.094953 np0000190853 devstack@neutron-api.service[101884]: DEBUG neutron_lib.callbacks.manager [None req-c3aa4493-dc70-4c59-b326-8d07dd6c60bf None None] Subscribe: > router precommit_update 55550100, False {{(pid=101884) subscribe /opt/stack/data/venv/lib/python3.12/site-packages/neutron_lib/callbacks/manager.py:52}}
Aug 24 15:44:28.095016 np0000190853 devstack@neutron-api.service[101882]: DEBUG neutron.api.extensions [None req-f23e9270-9387-40ee-af0d-631f7abd19df None None] Ext name="Router support to enable NDP proxy" alias="l3-ext-ndp-proxy" description="Router extension to enable ndp proxy" updated="2020-08-25T00:00:00-00:00" {{(pid=101882) _check_extension /opt/stack/neutron/neutron/api/extensions.py:415}}
