2026-04-23 18:11:05.360 7 INFO neutron.db.ovn_revision_numbers_db [None req-9507d483-d5a8-4df1-af13-cc60b6fc0804 d8a7fc01927f4fdea1cd59bf3f58700a fff84ef7f1a74e27a445a37440782bb0 - - default default] Successfully bumped revision number for resource 1c875bad-c0f0-431b-bdfa-db74fc6b3ca8 (type: ports) to 1 [pid: 7|app: 0|req: 1215/2528] 10.0.0.227 () {34 vars in 670 bytes} [Thu Apr 23 18:11:04 2026] POST /v2.0/networks => generated 651 bytes in 589 msecs (HTTP/1.1 201) 4 headers in 162 bytes (1 switches on core 0)
2026-04-23 18:11:05.559 8 INFO neutron.db.ovn_revision_numbers_db [req-fbe8d67b-521e-4759-9d7a-7d0979ea2c3c req-334d6f75-b21b-460e-a93f-12ea39bf9ee0 1eeff30d3cb9431d993a8ff5ca0231a0 fa4ad87df1d94af3ac81a48ecd3ba470 - - 1b43005d212b483c8b127366fadb47ad 1b43005d212b483c8b127366fadb47ad] Successfully bumped revision number for resource 68e85f07-cee7-4017-8e6d-989c2e13c451 (type: ports) to 4 [pid: 8|app: 0|req: 1314/2529] 199.204.45.25 () {38 vars in 1027 bytes} [Thu Apr 23 18:11:04 2026] PUT /v2.0/ports/68e85f07-cee7-4017-8e6d-989c2e13c451 => generated 1208 bytes in 667 msecs (HTTP/1.1 200) 4 headers in 158 bytes (1 switches on core 0)
2026-04-23 18:11:05.636 7 WARNING neutron.scheduler.dhcp_agent_scheduler [None req-62c45888-27b1-4d70-84d8-373d9c9185a1 d8a7fc01927f4fdea1cd59bf3f58700a fff84ef7f1a74e27a445a37440782bb0 - - default default] No more DHCP agents
2026-04-23 18:11:05.637 7 WARNING neutron.api.rpc.agentnotifiers.dhcp_rpc_agent_api [None req-62c45888-27b1-4d70-84d8-373d9c9185a1 d8a7fc01927f4fdea1cd59bf3f58700a fff84ef7f1a74e27a445a37440782bb0 - - default default] Unable to schedule network 2909dfe6-f35c-4649-b44e-437531dfdba5: no agents available; will retry on subsequent port and subnet creation events. /var/lib/openstack/lib/python3.12/site-packages/pycadf/identifier.py:70: UserWarning: Invalid uuid: neutron. To ensure interoperability, identifiers should be a valid uuid. warnings.warn(('Invalid uuid: %s. To ensure interoperability, '
2026-04-23 18:11:05.670 8 INFO neutron.notifiers.nova [-] Nova event matching ['req-9e0f03c5-f75d-4e9e-8135-44c311c2066d'] response: {'name': 'network-changed', 'server_uuid': '727bcf03-ff14-4c4b-96a8-c6e26bb2d19a', 'tag': '68e85f07-cee7-4017-8e6d-989c2e13c451', 'status': 'completed', 'code': 200} [pid: 8|app: 0|req: 1315/2530] 10.0.0.15 () {34 vars in 989 bytes} [Thu Apr 23 18:11:05 2026] GET /v2.0/ports?device_id=727bcf03-ff14-4c4b-96a8-c6e26bb2d19a => generated 1211 bytes in 47 msecs (HTTP/1.1 200) 4 headers in 158 bytes (1 switches on core 0) [pid: 8|app: 0|req: 1316/2531] 10.0.0.15 () {34 vars in 1039 bytes} [Thu Apr 23 18:11:05 2026] GET /v2.0/security-groups?id=663dfbcf-5ddf-4b89-ab55-e68748a7777c&fields=id&fields=name => generated 96 bytes in 29 msecs (HTTP/1.1 200) 4 headers in 156 bytes (1 switches on core 0) [pid: 8|app: 0|req: 1317/2532] 10.0.0.15 () {34 vars in 989 bytes} [Thu Apr 23 18:11:05 2026] GET /v2.0/ports?device_id=727bcf03-ff14-4c4b-96a8-c6e26bb2d19a => generated 1211 bytes in 50 msecs (HTTP/1.1 200) 4 headers in 158 bytes (1 switches on core 0)
2026-04-23 18:11:06.145 7 INFO neutron.db.ovn_revision_numbers_db [None req-be0647b1-a757-4aab-80b9-959aa6ecd2d5 - - - - - -] Successfully bumped revision number for resource 1c875bad-c0f0-431b-bdfa-db74fc6b3ca8 (type: ports) to 2
2026-04-23 18:11:06.180 7 INFO neutron.db.ovn_revision_numbers_db [None req-be0647b1-a757-4aab-80b9-959aa6ecd2d5 - - - - - -] Successfully bumped revision number for resource 80c0b068-44ca-488a-a4cd-7d41e4590b53 (type: subnets) to 0 [pid: 7|app: 0|req: 1216/2533] 10.0.0.227 () {34 vars in 669 bytes} [Thu Apr 23 18:11:05 2026] POST /v2.0/subnets => generated 629 bytes in 774 msecs (HTTP/1.1 201) 4 headers in 162 bytes (1 switches on core 0) [pid: 8|app: 0|req: 1318/2534] 199.204.45.25 () {34 vars in 1079 bytes} [Thu Apr 23 18:11:06 2026] GET /v2.0/ports?tenant_id=132ff615be5f4ecea2b4ef319f11074e&device_id=727bcf03-ff14-4c4b-96a8-c6e26bb2d19a => generated 1211 bytes in 42 msecs (HTTP/1.1 200) 4 headers in 158 bytes (1 switches on core 0)
2026-04-23 18:11:06.286 7 INFO neutron.db.segments_db [None req-2852af22-dbb8-483c-b85a-cefc9597062a d8a7fc01927f4fdea1cd59bf3f58700a fff84ef7f1a74e27a445a37440782bb0 - - default default] Added segment 060b2703-6480-42d5-8f29-52cf9f4d17d2 of type geneve for network 4b8be13c-7dbb-44e5-ae0e-d4201ceea9cf [pid: 8|app: 0|req: 1319/2535] 199.204.45.25 () {34 vars in 1017 bytes} [Thu Apr 23 18:11:06 2026] GET /v2.0/networks?tenant_id=132ff615be5f4ecea2b4ef319f11074e&shared=False => generated 776 bytes in 61 msecs (HTTP/1.1 200) 4 headers in 157 bytes (1 switches on core 0) [pid: 8|app: 0|req: 1320/2536] 199.204.45.25 () {34 vars in 929 bytes} [Thu Apr 23 18:11:06 2026] GET /v2.0/networks?shared=True => generated 791 bytes in 35 msecs (HTTP/1.1 200) 4 headers in 157 bytes (1 switches on core 0)
2026-04-23 18:11:06.399 7 INFO neutron.db.ovn_revision_numbers_db [None req-2852af22-dbb8-483c-b85a-cefc9597062a d8a7fc01927f4fdea1cd59bf3f58700a fff84ef7f1a74e27a445a37440782bb0 - - default default] Successfully bumped revision number for resource 4b8be13c-7dbb-44e5-ae0e-d4201ceea9cf (type: networks) to 1
2026-04-23 18:11:06.555 7 WARNING neutron.scheduler.dhcp_agent_scheduler [None req-2852af22-dbb8-483c-b85a-cefc9597062a d8a7fc01927f4fdea1cd59bf3f58700a fff84ef7f1a74e27a445a37440782bb0 - - default default] No more DHCP agents
2026-04-23 18:11:06.557 7 WARNING neutron.api.rpc.agentnotifiers.dhcp_rpc_agent_api [None req-2852af22-dbb8-483c-b85a-cefc9597062a d8a7fc01927f4fdea1cd59bf3f58700a fff84ef7f1a74e27a445a37440782bb0 - - default default] Unable to schedule network 4b8be13c-7dbb-44e5-ae0e-d4201ceea9cf: no agents available; will retry on subsequent port and subnet creation events.
2026-04-23 18:11:06.610 8 INFO neutron.plugins.ml2.drivers.ovn.mech_driver.mech_driver [None req-d11aafa0-8fe4-4daf-8634-045a8ae47486 - - - - - -] OVN reports status down for port: 0c471979-6345-478c-84c8-fe0763b40726
2026-04-23 18:11:06.641 7 INFO neutron.db.ovn_revision_numbers_db [None req-2852af22-dbb8-483c-b85a-cefc9597062a d8a7fc01927f4fdea1cd59bf3f58700a fff84ef7f1a74e27a445a37440782bb0 - - default default] Successfully bumped revision number for resource 0c471979-6345-478c-84c8-fe0763b40726 (type: ports) to 1 [pid: 7|app: 0|req: 1217/2537] 10.0.0.227 () {34 vars in 670 bytes} [Thu Apr 23 18:11:06 2026] POST /v2.0/networks => generated 650 bytes in 459 msecs (HTTP/1.1 201) 4 headers in 162 bytes (1 switches on core 0)
2026-04-23 18:11:06.886 8 WARNING neutron.scheduler.dhcp_agent_scheduler [None req-dfc47a80-7a39-43ca-833b-c14a8aecde44 d8a7fc01927f4fdea1cd59bf3f58700a fff84ef7f1a74e27a445a37440782bb0 - - default default] No more DHCP agents
2026-04-23 18:11:06.887 8 WARNING neutron.api.rpc.agentnotifiers.dhcp_rpc_agent_api [None req-dfc47a80-7a39-43ca-833b-c14a8aecde44 d8a7fc01927f4fdea1cd59bf3f58700a fff84ef7f1a74e27a445a37440782bb0 - - default default] Unable to schedule network 4b8be13c-7dbb-44e5-ae0e-d4201ceea9cf: no agents available; will retry on subsequent port and subnet creation events.
2026-04-23 18:11:07.353 8 INFO neutron.db.ovn_revision_numbers_db [None req-991ea228-0d13-42af-87a2-27589ddce5cd - - - - - -] Successfully bumped revision number for resource 0c471979-6345-478c-84c8-fe0763b40726 (type: ports) to 2 [pid: 7|app: 0|req: 1218/2538] 199.204.45.25 () {34 vars in 1079 bytes} [Thu Apr 23 18:11:07 2026] GET /v2.0/ports?tenant_id=132ff615be5f4ecea2b4ef319f11074e&device_id=727bcf03-ff14-4c4b-96a8-c6e26bb2d19a => generated 1211 bytes in 43 msecs (HTTP/1.1 200) 4 headers in 158 bytes (1 switches on core 0)
2026-04-23 18:11:07.400 8 INFO neutron.db.ovn_revision_numbers_db [None req-991ea228-0d13-42af-87a2-27589ddce5cd - - - - - -] Successfully bumped revision number for resource 1ca1ddf7-c078-4729-8eae-fb6193b8ad6f (type: subnets) to 0 [pid: 8|app: 0|req: 1321/2539] 10.0.0.227 () {34 vars in 669 bytes} [Thu Apr 23 18:11:06 2026] POST /v2.0/subnets => generated 629 bytes in 754 msecs (HTTP/1.1 201) 4 headers in 162 bytes (1 switches on core 0) [pid: 7|app: 0|req: 1219/2540] 199.204.45.25 () {34 vars in 1059 bytes} [Thu Apr 23 18:11:07 2026] GET /v2.0/floatingips?fixed_ip_address=172.24.3.88&port_id=68e85f07-cee7-4017-8e6d-989c2e13c451 => generated 19 bytes in 23 msecs (HTTP/1.1 200) 4 headers in 156 bytes (1 switches on core 0) [pid: 7|app: 0|req: 1220/2541] 199.204.45.25 () {34 vars in 983 bytes} [Thu Apr 23 18:11:07 2026] GET /v2.0/subnets?id=5e17658c-d860-46d6-949c-68c68cfa1725 => generated 654 bytes in 51 msecs (HTTP/1.1 200) 4 headers in 157 bytes (1 switches on core 0)
2026-04-23 18:11:07.512 8 INFO neutron.db.segments_db [None req-70217b63-eedb-4b95-9dee-80a6bbd09d06 d8a7fc01927f4fdea1cd59bf3f58700a fff84ef7f1a74e27a445a37440782bb0 - - default default] Added segment b1fdbd1a-0998-4590-817a-b8032131d04a of type geneve for network 6ce3c571-0ba9-42d8-9e0b-5d8663265b85 [pid: 7|app: 0|req: 1221/2542] 199.204.45.25 () {34 vars in 1051 bytes} [Thu Apr 23 18:11:07 2026] GET /v2.0/ports?network_id=49136164-3727-4594-bdca-706e34084da3&device_owner=network%3Adhcp => generated 12 bytes in 24 msecs (HTTP/1.1 200) 4 headers in 156 bytes (1 switches on core 0) [pid: 7|app: 0|req: 1222/2543] 199.204.45.25 () {34 vars in 1011 bytes} [Thu Apr 23 18:11:07 2026] GET /v2.0/networks/49136164-3727-4594-bdca-706e34084da3?fields=segments => generated 14 bytes in 46 msecs (HTTP/1.1 200) 4 headers in 156 bytes (1 switches on core 0)
2026-04-23 18:11:07.634 8 INFO neutron.db.ovn_revision_numbers_db [None req-70217b63-eedb-4b95-9dee-80a6bbd09d06 d8a7fc01927f4fdea1cd59bf3f58700a fff84ef7f1a74e27a445a37440782bb0 - - default default] Successfully bumped revision number for resource 6ce3c571-0ba9-42d8-9e0b-5d8663265b85 (type: networks) to 1 [pid: 7|app: 0|req: 1223/2544] 199.204.45.25 () {34 vars in 1111 bytes} [Thu Apr 23 18:11:07 2026] GET /v2.0/networks/49136164-3727-4594-bdca-706e34084da3?fields=provider%3Aphysical_network&fields=provider%3Anetwork_type => generated 79 bytes in 61 msecs (HTTP/1.1 200) 4 headers in 156 bytes (1 switches on core 0)
2026-04-23 18:11:07.884 8 WARNING neutron.scheduler.dhcp_agent_scheduler [None req-70217b63-eedb-4b95-9dee-80a6bbd09d06 d8a7fc01927f4fdea1cd59bf3f58700a fff84ef7f1a74e27a445a37440782bb0 - - default default] No more DHCP agents
2026-04-23 18:11:07.887 8 WARNING neutron.api.rpc.agentnotifiers.dhcp_rpc_agent_api [None req-70217b63-eedb-4b95-9dee-80a6bbd09d06 d8a7fc01927f4fdea1cd59bf3f58700a fff84ef7f1a74e27a445a37440782bb0 - - default default] Unable to schedule network 6ce3c571-0ba9-42d8-9e0b-5d8663265b85: no agents available; will retry on subsequent port and subnet creation events.
2026-04-23 18:11:07.940 7 INFO neutron.plugins.ml2.drivers.ovn.mech_driver.mech_driver [None req-df96e65c-4332-4a33-a56e-379181edf0fe - - - - - -] OVN reports status down for port: 7b704925-3177-4e94-a985-be3b51054a77
2026-04-23 18:11:07.973 8 INFO neutron.db.ovn_revision_numbers_db [None req-70217b63-eedb-4b95-9dee-80a6bbd09d06 d8a7fc01927f4fdea1cd59bf3f58700a fff84ef7f1a74e27a445a37440782bb0 - - default default] Successfully bumped revision number for resource 7b704925-3177-4e94-a985-be3b51054a77 (type: ports) to 1 [pid: 8|app: 0|req: 1322/2545] 10.0.0.227 () {34 vars in 670 bytes} [Thu Apr 23 18:11:07 2026] POST /v2.0/networks => generated 651 bytes in 560 msecs (HTTP/1.1 201) 4 headers in 162 bytes (1 switches on core 0)
2026-04-23 18:11:08.222 7 WARNING neutron.scheduler.dhcp_agent_scheduler [None req-3b620982-f240-4db9-90ad-1839954e168a d8a7fc01927f4fdea1cd59bf3f58700a fff84ef7f1a74e27a445a37440782bb0 - - default default] No more DHCP agents
2026-04-23 18:11:08.223 7 WARNING neutron.api.rpc.agentnotifiers.dhcp_rpc_agent_api [None req-3b620982-f240-4db9-90ad-1839954e168a d8a7fc01927f4fdea1cd59bf3f58700a fff84ef7f1a74e27a445a37440782bb0 - - default default] Unable to schedule network 6ce3c571-0ba9-42d8-9e0b-5d8663265b85: no agents available; will retry on subsequent port and subnet creation events. [pid: 8|app: 0|req: 1323/2546] 10.0.0.15 () {34 vars in 989 bytes} [Thu Apr 23 18:11:08 2026] GET /v2.0/ports?device_id=727bcf03-ff14-4c4b-96a8-c6e26bb2d19a => generated 1211 bytes in 31 msecs (HTTP/1.1 200) 4 headers in 158 bytes (1 switches on core 0) [pid: 8|app: 0|req: 1324/2547] 10.0.0.15 () {34 vars in 1039 bytes} [Thu Apr 23 18:11:08 2026] GET /v2.0/security-groups?id=663dfbcf-5ddf-4b89-ab55-e68748a7777c&fields=id&fields=name => generated 96 bytes in 24 msecs (HTTP/1.1 200) 4 headers in 156 bytes (1 switches on core 0)
2026-04-23 18:11:08.745 7 INFO neutron.db.ovn_revision_numbers_db [None req-d2b59234-79d2-414e-a959-cf9212b79293 - - - - - -] Successfully bumped revision number for resource 7b704925-3177-4e94-a985-be3b51054a77 (type: ports) to 2 [pid: 8|app: 0|req: 1325/2548] 10.0.0.15 () {34 vars in 989 bytes} [Thu Apr 23 18:11:08 2026] GET /v2.0/ports?device_id=727bcf03-ff14-4c4b-96a8-c6e26bb2d19a => generated 1211 bytes in 37 msecs (HTTP/1.1 200) 4 headers in 158 bytes (1 switches on core 0)
2026-04-23 18:11:08.784 7 INFO neutron.db.ovn_revision_numbers_db [None req-d2b59234-79d2-414e-a959-cf9212b79293 - - - - - -] Successfully bumped revision number for resource 94b48a9f-7c77-41b3-8c80-985a76124207 (type: subnets) to 0 [pid: 7|app: 0|req: 1224/2549] 10.0.0.227 () {34 vars in 669 bytes} [Thu Apr 23 18:11:07 2026] POST /v2.0/subnets => generated 629 bytes in 806 msecs (HTTP/1.1 201) 4 headers in 162 bytes (1 switches on core 0)
2026-04-23 18:11:08.908 8 INFO neutron.db.segments_db [None req-21b12a66-f3dd-4908-b9fa-cb6b4da55c34 d8a7fc01927f4fdea1cd59bf3f58700a fff84ef7f1a74e27a445a37440782bb0 - - default default] Added segment 5fa6fbe2-04a3-4808-acc1-e31ef5c4d7fd of type geneve for network 156cb7d4-b12b-4e7c-a877-a40dde8d342d
2026-04-23 18:11:09.030 8 INFO neutron.db.ovn_revision_numbers_db [None req-21b12a66-f3dd-4908-b9fa-cb6b4da55c34 d8a7fc01927f4fdea1cd59bf3f58700a fff84ef7f1a74e27a445a37440782bb0 - - default default] Successfully bumped revision number for resource 156cb7d4-b12b-4e7c-a877-a40dde8d342d (type: networks) to 1
2026-04-23 18:11:09.223 8 WARNING neutron.scheduler.dhcp_agent_scheduler [None req-21b12a66-f3dd-4908-b9fa-cb6b4da55c34 d8a7fc01927f4fdea1cd59bf3f58700a fff84ef7f1a74e27a445a37440782bb0 - - default default] No more DHCP agents
2026-04-23 18:11:09.225 8 WARNING neutron.api.rpc.agentnotifiers.dhcp_rpc_agent_api [None req-21b12a66-f3dd-4908-b9fa-cb6b4da55c34 d8a7fc01927f4fdea1cd59bf3f58700a fff84ef7f1a74e27a445a37440782bb0 - - default default] Unable to schedule network 156cb7d4-b12b-4e7c-a877-a40dde8d342d: no agents available; will retry on subsequent port and subnet creation events.
2026-04-23 18:11:09.296 7 INFO neutron.plugins.ml2.drivers.ovn.mech_driver.mech_driver [None req-df96e65c-4332-4a33-a56e-379181edf0fe - - - - - -] OVN reports status down for port: 97150bad-bdbd-4a66-8ed8-5b120a352ff1
2026-04-23 18:11:09.331 8 INFO neutron.db.ovn_revision_numbers_db [None req-21b12a66-f3dd-4908-b9fa-cb6b4da55c34 d8a7fc01927f4fdea1cd59bf3f58700a fff84ef7f1a74e27a445a37440782bb0 - - default default] Successfully bumped revision number for resource 97150bad-bdbd-4a66-8ed8-5b120a352ff1 (type: ports) to 1 [pid: 8|app: 0|req: 1326/2550] 10.0.0.227 () {34 vars in 670 bytes} [Thu Apr 23 18:11:08 2026] POST /v2.0/networks => generated 651 bytes in 542 msecs (HTTP/1.1 201) 4 headers in 162 bytes (1 switches on core 0)
2026-04-23 18:11:09.553 7 WARNING neutron.scheduler.dhcp_agent_scheduler [None req-211653c0-dada-4f72-b8ab-c20a176f78ba d8a7fc01927f4fdea1cd59bf3f58700a fff84ef7f1a74e27a445a37440782bb0 - - default default] No more DHCP agents
2026-04-23 18:11:09.554 7 WARNING neutron.api.rpc.agentnotifiers.dhcp_rpc_agent_api [None req-211653c0-dada-4f72-b8ab-c20a176f78ba d8a7fc01927f4fdea1cd59bf3f58700a fff84ef7f1a74e27a445a37440782bb0 - - default default] Unable to schedule network 156cb7d4-b12b-4e7c-a877-a40dde8d342d: no agents available; will retry on subsequent port and subnet creation events.
2026-04-23 18:11:10.040 7 INFO neutron.db.ovn_revision_numbers_db [None req-3ff0ab89-4b38-4cc6-954a-490445f4736f - - - - - -] Successfully bumped revision number for resource 97150bad-bdbd-4a66-8ed8-5b120a352ff1 (type: ports) to 2
2026-04-23 18:11:10.075 7 INFO neutron.db.ovn_revision_numbers_db [None req-3ff0ab89-4b38-4cc6-954a-490445f4736f - - - - - -] Successfully bumped revision number for resource 274e33ed-1f03-46ec-bdc9-4921178f882e (type: subnets) to 0 [pid: 7|app: 0|req: 1225/2551] 10.0.0.227 () {34 vars in 669 bytes} [Thu Apr 23 18:11:09 2026] POST /v2.0/subnets => generated 629 bytes in 730 msecs (HTTP/1.1 201) 4 headers in 162 bytes (1 switches on core 0) [pid: 8|app: 0|req: 1327/2552] 10.0.0.227 () {34 vars in 751 bytes} [Thu Apr 23 18:11:10 2026] PUT /v2.0/subnets/a437061e-2365-43f1-810d-3486944c5c3e/tags => generated 17 bytes in 45 msecs (HTTP/1.1 200) 4 headers in 156 bytes (1 switches on core 0) [pid: 7|app: 0|req: 1226/2553] 10.0.0.227 () {34 vars in 751 bytes} [Thu Apr 23 18:11:10 2026] PUT /v2.0/subnets/80c0b068-44ca-488a-a4cd-7d41e4590b53/tags => generated 25 bytes in 54 msecs (HTTP/1.1 200) 4 headers in 156 bytes (1 switches on core 0) [pid: 8|app: 0|req: 1328/2554] 10.0.0.227 () {34 vars in 751 bytes} [Thu Apr 23 18:11:10 2026] PUT /v2.0/subnets/1ca1ddf7-c078-4729-8eae-fb6193b8ad6f/tags => generated 34 bytes in 56 msecs (HTTP/1.1 200) 4 headers in 156 bytes (1 switches on core 0) [pid: 7|app: 0|req: 1227/2555] 10.0.0.227 () {34 vars in 751 bytes} [Thu Apr 23 18:11:10 2026] PUT /v2.0/subnets/94b48a9f-7c77-41b3-8c80-985a76124207/tags => generated 19 bytes in 52 msecs (HTTP/1.1 200) 4 headers in 156 bytes (1 switches on core 0) [pid: 8|app: 0|req: 1329/2556] 10.0.0.227 () {32 vars in 664 bytes} [Thu Apr 23 18:11:10 2026] GET /v2.0/subnets?tags=red => generated 1904 bytes in 45 msecs (HTTP/1.1 200) 4 headers in 158 bytes (1 switches on core 0) [pid: 7|app: 0|req: 1228/2557] 10.0.0.227 () {32 vars in 678 bytes} [Thu Apr 23 18:11:10 2026] GET /v2.0/subnets?tags=red%2Cblue => generated 1283 bytes in 46 msecs (HTTP/1.1 200) 4 headers in 158 bytes (1 switches on core 0) [pid: 8|app: 0|req: 1330/2558] 10.0.0.227 () {32 vars in 674 bytes} [Thu Apr 23 18:11:10 2026] GET /v2.0/subnets?tags-any=blue => generated 1283 bytes in 43 msecs (HTTP/1.1 200) 4 headers in 158 bytes (1 switches on core 0) [pid: 7|app: 0|req: 1229/2559] 10.0.0.227 () {32 vars in 686 bytes} [Thu Apr 23 18:11:10 2026] GET /v2.0/subnets?tags-any=red%2Cblue => generated 1904 bytes in 51 msecs (HTTP/1.1 200) 4 headers in 158 bytes (1 switches on core 0) [pid: 8|app: 0|req: 1331/2560] 10.0.0.227 () {32 vars in 672 bytes} [Thu Apr 23 18:11:10 2026] GET /v2.0/subnets?not-tags=red => generated 1894 bytes in 46 msecs (HTTP/1.1 200) 4 headers in 158 bytes (1 switches on core 0) [pid: 7|app: 0|req: 1230/2561] 10.0.0.227 () {32 vars in 686 bytes} [Thu Apr 23 18:11:10 2026] GET /v2.0/subnets?not-tags=red%2Cblue => generated 2515 bytes in 67 msecs (HTTP/1.1 200) 4 headers in 158 bytes (1 switches on core 0) [pid: 8|app: 0|req: 1332/2562] 10.0.0.227 () {32 vars in 682 bytes} [Thu Apr 23 18:11:10 2026] GET /v2.0/subnets?not-tags-any=blue => generated 2515 bytes in 44 msecs (HTTP/1.1 200) 4 headers in 158 bytes (1 switches on core 0) [pid: 7|app: 0|req: 1231/2563] 10.0.0.227 () {32 vars in 694 bytes} [Thu Apr 23 18:11:10 2026] GET /v2.0/subnets?not-tags-any=red%2Cblue => generated 1894 bytes in 50 msecs (HTTP/1.1 200) 4 headers in 158 bytes (1 switches on core 0) [pid: 8|app: 0|req: 1333/2566] 10.0.0.227 () {32 vars in 724 bytes} [Thu Apr 23 18:11:10 2026] DELETE /v2.0/subnets/a437061e-2365-43f1-810d-3486944c5c3e => generated 0 bytes in 182 msecs (HTTP/1.1 204) 3 headers in 131 bytes (1 switches on core 0) [pid: 7|app: 0|req: 1234/2567] 10.0.0.227 () {32 vars in 724 bytes} [Thu Apr 23 18:11:10 2026] DELETE /v2.0/subnets/80c0b068-44ca-488a-a4cd-7d41e4590b53 => generated 0 bytes in 169 msecs (HTTP/1.1 204) 3 headers in 131 bytes (1 switches on core 0) [pid: 8|app: 0|req: 1334/2568] 10.0.0.227 () {32 vars in 724 bytes} [Thu Apr 23 18:11:11 2026] DELETE /v2.0/subnets/1ca1ddf7-c078-4729-8eae-fb6193b8ad6f => generated 0 bytes in 160 msecs (HTTP/1.1 204) 3 headers in 131 bytes (1 switches on core 0) [pid: 7|app: 0|req: 1235/2569] 199.204.45.25 () {34 vars in 993 bytes} [Thu Apr 23 18:11:11 2026] GET /v2.0/ports?device_id=727bcf03-ff14-4c4b-96a8-c6e26bb2d19a => generated 1211 bytes in 40 msecs (HTTP/1.1 200) 4 headers in 158 bytes (1 switches on core 0) [pid: 7|app: 0|req: 1236/2570] 199.204.45.25 () {34 vars in 1043 bytes} [Thu Apr 23 18:11:11 2026] GET /v2.0/security-groups?id=663dfbcf-5ddf-4b89-ab55-e68748a7777c&fields=id&fields=name => generated 96 bytes in 26 msecs (HTTP/1.1 200) 4 headers in 156 bytes (1 switches on core 0)
2026-04-23 18:11:11.496 7 INFO neutron.plugins.ml2.drivers.ovn.mech_driver.mech_driver [None req-df96e65c-4332-4a33-a56e-379181edf0fe - - - - - -] OVN reports status up for port: 68e85f07-cee7-4017-8e6d-989c2e13c451 [pid: 7|app: 0|req: 1237/2571] 10.0.0.15 () {34 vars in 989 bytes} [Thu Apr 23 18:11:11 2026] GET /v2.0/ports?device_id=727bcf03-ff14-4c4b-96a8-c6e26bb2d19a => generated 1211 bytes in 64 msecs (HTTP/1.1 200) 4 headers in 158 bytes (1 switches on core 0) [pid: 8|app: 0|req: 1335/2572] 10.0.0.227 () {32 vars in 724 bytes} [Thu Apr 23 18:11:11 2026] DELETE /v2.0/subnets/94b48a9f-7c77-41b3-8c80-985a76124207 => generated 0 bytes in 215 msecs (HTTP/1.1 204) 3 headers in 131 bytes (1 switches on core 0)
2026-04-23 18:11:11.545 7 INFO neutron.plugins.ml2.plugin [None req-df96e65c-4332-4a33-a56e-379181edf0fe - - - - - -] Attempt 1 to provision port 68e85f07-cee7-4017-8e6d-989c2e13c451 [pid: 8|app: 0|req: 1336/2573] 10.0.0.15 () {34 vars in 1039 bytes} [Thu Apr 23 18:11:11 2026] GET /v2.0/security-groups?id=663dfbcf-5ddf-4b89-ab55-e68748a7777c&fields=id&fields=name => generated 96 bytes in 32 msecs (HTTP/1.1 200) 4 headers in 156 bytes (1 switches on core 0) [pid: 8|app: 0|req: 1337/2574] 10.0.0.15 () {34 vars in 989 bytes} [Thu Apr 23 18:11:11 2026] GET /v2.0/ports?device_id=727bcf03-ff14-4c4b-96a8-c6e26bb2d19a => generated 1211 bytes in 44 msecs (HTTP/1.1 200) 4 headers in 158 bytes (1 switches on core 0) [pid: 7|app: 0|req: 1238/2575] 10.0.0.227 () {32 vars in 724 bytes} [Thu Apr 23 18:11:11 2026] DELETE /v2.0/subnets/274e33ed-1f03-46ec-bdc9-4921178f882e => generated 0 bytes in 315 msecs (HTTP/1.1 204) 3 headers in 131 bytes (1 switches on core 0)
2026-04-23 18:11:11.850 7 INFO neutron.notifiers.nova [-] Nova event matching ['req-7555c1b7-bb0f-4a5c-8059-ecd3c02ad832'] response: {'server_uuid': '727bcf03-ff14-4c4b-96a8-c6e26bb2d19a', 'name': 'network-vif-plugged', 'status': 'completed', 'tag': '68e85f07-cee7-4017-8e6d-989c2e13c451', 'code': 200}
2026-04-23 18:11:11.945 7 INFO neutron.db.ovn_revision_numbers_db [None req-df96e65c-4332-4a33-a56e-379181edf0fe - - - - - -] Successfully bumped revision number for resource 68e85f07-cee7-4017-8e6d-989c2e13c451 (type: ports) to 5
2026-04-23 18:11:11.989 8 INFO neutron_taas.services.taas.taas_plugin [None req-48320242-6c61-4458-9c05-bc1fe5f3696b d8a7fc01927f4fdea1cd59bf3f58700a fff84ef7f1a74e27a445a37440782bb0 - - default default] TaaS: Handle Delete Port: 2712cc8b-cd66-474f-b159-42e5023f1a95
2026-04-23 18:11:11.992 8 INFO neutron_taas.services.taas.tap_mirror_plugin [None req-48320242-6c61-4458-9c05-bc1fe5f3696b d8a7fc01927f4fdea1cd59bf3f58700a fff84ef7f1a74e27a445a37440782bb0 - - default default] Tap Mirror: Handle Delete Port: 2712cc8b-cd66-474f-b159-42e5023f1a95
2026-04-23 18:11:12.195 8 INFO neutron.services.segments.plugin [-] Segment 7826d774-53fa-4713-aba6-65db86dbf936 resource provider aggregate not found
2026-04-23 18:11:12.204 8 INFO neutron.services.segments.plugin [-] Segment 7826d774-53fa-4713-aba6-65db86dbf936 resource provider aggregate not found
2026-04-23 18:11:12.226 8 INFO neutron.services.segments.plugin [-] Segment 7826d774-53fa-4713-aba6-65db86dbf936 resource provider not found; error: Placement Client Error (4xx): {"errors": [{"status": 404, "title": "Not Found", "detail": "The resource could not be found.\n\n No resource provider with uuid 7826d774-53fa-4713-aba6-65db86dbf936 found for delete ", "request_id": "req-0f7371dc-811d-41e3-8310-92b15f3a65d0"}]}
2026-04-23 18:11:12.227 8 INFO neutron.services.segments.plugin [-] Segment 7826d774-53fa-4713-aba6-65db86dbf936 resource provider not found; error: Placement Client Error (4xx): {"errors": [{"status": 404, "title": "Not Found", "detail": "The resource could not be found.\n\n No resource provider with uuid 7826d774-53fa-4713-aba6-65db86dbf936 found for delete ", "request_id": "req-95c678fd-39c4-4999-a5af-fa5d1eedc751"}]} [pid: 8|app: 0|req: 1338/2576] 10.0.0.227 () {32 vars in 726 bytes} [Thu Apr 23 18:11:11 2026] DELETE /v2.0/networks/a093afcb-1f32-4980-b0e9-7f57b7ac166a => generated 0 bytes in 415 msecs (HTTP/1.1 204) 3 headers in 131 bytes (1 switches on core 0) /var/lib/openstack/lib/python3.12/site-packages/pycadf/identifier.py:70: UserWarning: Invalid uuid: neutron. To ensure interoperability, identifiers should be a valid uuid. warnings.warn(('Invalid uuid: %s. To ensure interoperability, '
2026-04-23 18:11:12.385 7 INFO neutron_taas.services.taas.taas_plugin [None req-99824363-81df-4169-a3fd-be8b72341806 d8a7fc01927f4fdea1cd59bf3f58700a fff84ef7f1a74e27a445a37440782bb0 - - default default] TaaS: Handle Delete Port: 1c875bad-c0f0-431b-bdfa-db74fc6b3ca8
2026-04-23 18:11:12.389 7 INFO neutron_taas.services.taas.tap_mirror_plugin [None req-99824363-81df-4169-a3fd-be8b72341806 d8a7fc01927f4fdea1cd59bf3f58700a fff84ef7f1a74e27a445a37440782bb0 - - default default] Tap Mirror: Handle Delete Port: 1c875bad-c0f0-431b-bdfa-db74fc6b3ca8
2026-04-23 18:11:12.629 7 INFO neutron.services.segments.plugin [-] Segment 090b252c-54ca-4b7c-a82c-a2f72cc4f331 resource provider aggregate not found
2026-04-23 18:11:12.633 7 INFO neutron.services.segments.plugin [-] Segment 090b252c-54ca-4b7c-a82c-a2f72cc4f331 resource provider aggregate not found
2026-04-23 18:11:12.660 7 INFO neutron.services.segments.plugin [-] Segment 090b252c-54ca-4b7c-a82c-a2f72cc4f331 resource provider not found; error: Placement Client Error (4xx): {"errors": [{"status": 404, "title": "Not Found", "detail": "The resource could not be found.\n\n No resource provider with uuid 090b252c-54ca-4b7c-a82c-a2f72cc4f331 found for delete ", "request_id": "req-ac8e1fd2-b4c8-4faa-b2ac-45075f45d72e"}]}
2026-04-23 18:11:12.665 7 INFO neutron.services.segments.plugin [-] Segment 090b252c-54ca-4b7c-a82c-a2f72cc4f331 resource provider not found; error: Placement Client Error (4xx): {"errors": [{"status": 404, "title": "Not Found", "detail": "The resource could not be found.\n\n No resource provider with uuid 090b252c-54ca-4b7c-a82c-a2f72cc4f331 found for delete ", "request_id": "req-37f95157-cb32-4cd4-86d0-88707d399183"}]} [pid: 7|app: 0|req: 1239/2577] 10.0.0.227 () {32 vars in 726 bytes} [Thu Apr 23 18:11:12 2026] DELETE /v2.0/networks/2909dfe6-f35c-4649-b44e-437531dfdba5 => generated 0 bytes in 426 msecs (HTTP/1.1 204) 3 headers in 131 bytes (1 switches on core 0)
2026-04-23 18:11:12.891 8 INFO neutron_taas.services.taas.taas_plugin [None req-d475d978-e5ee-4d80-a302-e6a82d47696e d8a7fc01927f4fdea1cd59bf3f58700a fff84ef7f1a74e27a445a37440782bb0 - - default default] TaaS: Handle Delete Port: 0c471979-6345-478c-84c8-fe0763b40726
2026-04-23 18:11:12.894 8 INFO neutron_taas.services.taas.tap_mirror_plugin [None req-d475d978-e5ee-4d80-a302-e6a82d47696e d8a7fc01927f4fdea1cd59bf3f58700a fff84ef7f1a74e27a445a37440782bb0 - - default default] Tap Mirror: Handle Delete Port: 0c471979-6345-478c-84c8-fe0763b40726 [pid: 8|app: 0|req: 1339/2578] 10.0.0.227 () {32 vars in 726 bytes} [Thu Apr 23 18:11:12 2026] DELETE /v2.0/networks/4b8be13c-7dbb-44e5-ae0e-d4201ceea9cf => generated 0 bytes in 447 msecs (HTTP/1.1 204) 3 headers in 131 bytes (1 switches on core 0)
2026-04-23 18:11:13.260 7 INFO neutron_taas.services.taas.taas_plugin [None req-efe1d141-9116-4a65-9e04-7a4550518c6c d8a7fc01927f4fdea1cd59bf3f58700a fff84ef7f1a74e27a445a37440782bb0 - - default default] TaaS: Handle Delete Port: 7b704925-3177-4e94-a985-be3b51054a77
2026-04-23 18:11:13.263 7 INFO neutron_taas.services.taas.tap_mirror_plugin [None req-efe1d141-9116-4a65-9e04-7a4550518c6c d8a7fc01927f4fdea1cd59bf3f58700a fff84ef7f1a74e27a445a37440782bb0 - - default default] Tap Mirror: Handle Delete Port: 7b704925-3177-4e94-a985-be3b51054a77 [pid: 7|app: 0|req: 1240/2579] 10.0.0.227 () {32 vars in 726 bytes} [Thu Apr 23 18:11:13 2026] DELETE /v2.0/networks/6ce3c571-0ba9-42d8-9e0b-5d8663265b85 => generated 0 bytes in 327 msecs (HTTP/1.1 204) 3 headers in 131 bytes (1 switches on core 0)
2026-04-23 18:11:13.592 8 INFO neutron_taas.services.taas.taas_plugin [None req-f4859e7e-a695-4c8f-a8d9-a311dac98866 d8a7fc01927f4fdea1cd59bf3f58700a fff84ef7f1a74e27a445a37440782bb0 - - default default] TaaS: Handle Delete Port: 97150bad-bdbd-4a66-8ed8-5b120a352ff1
2026-04-23 18:11:13.594 8 INFO neutron_taas.services.taas.tap_mirror_plugin [None req-f4859e7e-a695-4c8f-a8d9-a311dac98866 d8a7fc01927f4fdea1cd59bf3f58700a fff84ef7f1a74e27a445a37440782bb0 - - default default] Tap Mirror: Handle Delete Port: 97150bad-bdbd-4a66-8ed8-5b120a352ff1 [pid: 8|app: 0|req: 1340/2580] 10.0.0.227 () {32 vars in 726 bytes} [Thu Apr 23 18:11:13 2026] DELETE /v2.0/networks/156cb7d4-b12b-4e7c-a877-a40dde8d342d => generated 0 bytes in 361 msecs (HTTP/1.1 204) 3 headers in 131 bytes (1 switches on core 0)
2026-04-23 18:11:13.896 7 INFO neutron.notifiers.nova [-] Nova event matching ['req-d878a128-328a-4a73-8c55-765452c80f8f'] response: {'server_uuid': '727bcf03-ff14-4c4b-96a8-c6e26bb2d19a', 'name': 'network-vif-plugged', 'status': 'completed', 'tag': '68e85f07-cee7-4017-8e6d-989c2e13c451', 'code': 200}
2026-04-23 18:11:14.254 8 INFO neutron.services.segments.plugin [-] Segment 060b2703-6480-42d5-8f29-52cf9f4d17d2 resource provider aggregate not found
2026-04-23 18:11:14.259 8 INFO neutron.services.segments.plugin [-] Segment 060b2703-6480-42d5-8f29-52cf9f4d17d2 resource provider aggregate not found
2026-04-23 18:11:14.272 8 INFO neutron.services.segments.plugin [-] Segment 060b2703-6480-42d5-8f29-52cf9f4d17d2 resource provider not found; error: Placement Client Error (4xx): {"errors": [{"status": 404, "title": "Not Found", "detail": "The resource could not be found.\n\n No resource provider with uuid 060b2703-6480-42d5-8f29-52cf9f4d17d2 found for delete ", "request_id": "req-de0d595c-f102-408a-9b26-34e06e43f22b"}]}
2026-04-23 18:11:14.280 8 INFO neutron.services.segments.plugin [-] Segment 060b2703-6480-42d5-8f29-52cf9f4d17d2 resource provider not found; error: Placement Client Error (4xx): {"errors": [{"status": 404, "title": "Not Found", "detail": "The resource could not be found.\n\n No resource provider with uuid 060b2703-6480-42d5-8f29-52cf9f4d17d2 found for delete ", "request_id": "req-b993a4e3-364c-4bf4-878f-d1b7bca42bb5"}]}
2026-04-23 18:11:14.290 8 INFO neutron.services.segments.plugin [-] Segment 5fa6fbe2-04a3-4808-acc1-e31ef5c4d7fd resource provider aggregate not found
2026-04-23 18:11:14.298 8 INFO neutron.services.segments.plugin [-] Segment 5fa6fbe2-04a3-4808-acc1-e31ef5c4d7fd resource provider aggregate not found
2026-04-23 18:11:14.306 8 INFO neutron.services.segments.plugin [-] Segment 5fa6fbe2-04a3-4808-acc1-e31ef5c4d7fd resource provider not found; error: Placement Client Error (4xx): {"errors": [{"status": 404, "title": "Not Found", "detail": "The resource could not be found.\n\n No resource provider with uuid 5fa6fbe2-04a3-4808-acc1-e31ef5c4d7fd found for delete ", "request_id": "req-48fd57a6-1e63-4f1e-bc0d-e8673cdf8b57"}]}
2026-04-23 18:11:14.314 8 INFO neutron.services.segments.plugin [-] Segment 5fa6fbe2-04a3-4808-acc1-e31ef5c4d7fd resource provider not found; error: Placement Client Error (4xx): {"errors": [{"status": 404, "title": "Not Found", "detail": "The resource could not be found.\n\n No resource provider with uuid 5fa6fbe2-04a3-4808-acc1-e31ef5c4d7fd found for delete ", "request_id": "req-16387508-05d2-4b6f-bc97-703d8d3d74b9"}]} [pid: 7|app: 0|req: 1241/2581] 10.0.0.15 () {34 vars in 989 bytes} [Thu Apr 23 18:11:14 2026] GET /v2.0/ports?device_id=727bcf03-ff14-4c4b-96a8-c6e26bb2d19a => generated 1213 bytes in 45 msecs (HTTP/1.1 200) 4 headers in 158 bytes (1 switches on core 0)
2026-04-23 18:11:14.689 7 INFO neutron.services.segments.plugin [-] Segment b1fdbd1a-0998-4590-817a-b8032131d04a resource provider aggregate not found
2026-04-23 18:11:14.693 7 INFO neutron.services.segments.plugin [-] Segment b1fdbd1a-0998-4590-817a-b8032131d04a resource provider aggregate not found [pid: 8|app: 0|req: 1341/2582] 10.0.0.15 () {34 vars in 1039 bytes} [Thu Apr 23 18:11:14 2026] GET /v2.0/security-groups?id=663dfbcf-5ddf-4b89-ab55-e68748a7777c&fields=id&fields=name => generated 96 bytes in 53 msecs (HTTP/1.1 200) 4 headers in 156 bytes (1 switches on core 0)
2026-04-23 18:11:14.710 7 INFO neutron.services.segments.plugin [-] Segment b1fdbd1a-0998-4590-817a-b8032131d04a resource provider not found; error: Placement Client Error (4xx): {"errors": [{"status": 404, "title": "Not Found", "detail": "The resource could not be found.\n\n No resource provider with uuid b1fdbd1a-0998-4590-817a-b8032131d04a found for delete ", "request_id": "req-bad46ff0-e551-45b4-b725-318f053751eb"}]}
2026-04-23 18:11:14.721 7 INFO neutron.services.segments.plugin [-] Segment b1fdbd1a-0998-4590-817a-b8032131d04a resource provider not found; error: Placement Client Error (4xx): {"errors": [{"status": 404, "title": "Not Found", "detail": "The resource could not be found.\n\n No resource provider with uuid b1fdbd1a-0998-4590-817a-b8032131d04a found for delete ", "request_id": "req-55eebaaa-bf67-4d05-8aa5-fa549b6146c4"}]} [pid: 8|app: 0|req: 1342/2583] 10.0.0.15 () {34 vars in 989 bytes} [Thu Apr 23 18:11:14 2026] GET /v2.0/ports?device_id=727bcf03-ff14-4c4b-96a8-c6e26bb2d19a => generated 1213 bytes in 39 msecs (HTTP/1.1 200) 4 headers in 158 bytes (1 switches on core 0) [pid: 7|app: 0|req: 1242/2584] 10.0.0.227 () {32 vars in 774 bytes} [Thu Apr 23 18:11:14 2026] GET /v2.0/security-groups?tenant_id=fff84ef7f1a74e27a445a37440782bb0&name=default => generated 2929 bytes in 148 msecs (HTTP/1.1 200) 4 headers in 158 bytes (1 switches on core 0) [pid: 8|app: 0|req: 1343/2585] 10.0.0.227 () {32 vars in 740 bytes} [Thu Apr 23 18:11:14 2026] DELETE /v2.0/security-groups/3cb6e828-b2d4-4af6-a426-16a0110a78c5 => generated 0 bytes in 294 msecs (HTTP/1.1 204) 2 headers in 112 bytes (1 switches on core 0)
2026-04-23 18:11:15.380 7 INFO neutron.db.ovn_revision_numbers_db [None req-5114783f-24b0-4597-ad08-bcc04b555f63 e714fcc2db1d4a689310441c1229550e 132ff615be5f4ecea2b4ef319f11074e - - default default] Successfully bumped revision number for resource 32a65876-d0b8-4519-93a5-f75ed39e96dc (type: security_groups) to 1
2026-04-23 18:11:15.393 7 INFO neutron.db.ovn_revision_numbers_db [None req-5114783f-24b0-4597-ad08-bcc04b555f63 e714fcc2db1d4a689310441c1229550e 132ff615be5f4ecea2b4ef319f11074e - - default default] Successfully bumped revision number for resource 65e0d9d3-7eb7-4f09-af51-ec108b119b47 (type: security_group_rules) to 0
2026-04-23 18:11:15.405 7 INFO neutron.db.ovn_revision_numbers_db [None req-5114783f-24b0-4597-ad08-bcc04b555f63 e714fcc2db1d4a689310441c1229550e 132ff615be5f4ecea2b4ef319f11074e - - default default] Successfully bumped revision number for resource 9a2ab320-4157-4592-ad35-07e04124bc05 (type: security_group_rules) to 0
2026-04-23 18:11:15.417 7 INFO neutron.db.ovn_revision_numbers_db [None req-5114783f-24b0-4597-ad08-bcc04b555f63 e714fcc2db1d4a689310441c1229550e 132ff615be5f4ecea2b4ef319f11074e - - default default] Successfully bumped revision number for resource 9bdc540a-caf8-4d2d-bbfd-c51e5ff8874a (type: security_group_rules) to 0
2026-04-23 18:11:15.428 7 INFO neutron.db.ovn_revision_numbers_db [None req-5114783f-24b0-4597-ad08-bcc04b555f63 e714fcc2db1d4a689310441c1229550e 132ff615be5f4ecea2b4ef319f11074e - - default default] Successfully bumped revision number for resource d47aa84e-2394-4d54-8c94-10f40cc4a7b2 (type: security_group_rules) to 0 [pid: 7|app: 0|req: 1243/2586] 10.0.0.227 () {32 vars in 774 bytes} [Thu Apr 23 18:11:15 2026] GET /v2.0/security-groups?tenant_id=657d01120cf2472f92f1f9bf79a5c16a&name=default => generated 2929 bytes in 226 msecs (HTTP/1.1 200) 4 headers in 158 bytes (1 switches on core 0) [pid: 8|app: 0|req: 1344/2587] 10.0.0.227 () {32 vars in 740 bytes} [Thu Apr 23 18:11:15 2026] DELETE /v2.0/security-groups/32a65876-d0b8-4519-93a5-f75ed39e96dc => generated 0 bytes in 270 msecs (HTTP/1.1 204) 2 headers in 112 bytes (1 switches on core 0)
2026-04-23 18:11:16.076 7 INFO neutron.db.ovn_revision_numbers_db [None req-79fe52e8-8db7-4748-8d5c-42554795a7e3 e714fcc2db1d4a689310441c1229550e 132ff615be5f4ecea2b4ef319f11074e - - default default] Successfully bumped revision number for resource 651a8d8b-61c0-4d71-a572-28e90cc31949 (type: security_groups) to 1
2026-04-23 18:11:16.092 7 INFO neutron.db.ovn_revision_numbers_db [None req-79fe52e8-8db7-4748-8d5c-42554795a7e3 e714fcc2db1d4a689310441c1229550e 132ff615be5f4ecea2b4ef319f11074e - - default default] Successfully bumped revision number for resource 3ce87dc7-75a2-4eae-927d-a9c227e5727a (type: security_group_rules) to 0
2026-04-23 18:11:16.106 7 INFO neutron.db.ovn_revision_numbers_db [None req-79fe52e8-8db7-4748-8d5c-42554795a7e3 e714fcc2db1d4a689310441c1229550e 132ff615be5f4ecea2b4ef319f11074e - - default default] Successfully bumped revision number for resource 7b702825-7247-4278-9aa0-e9beded0688e (type: security_group_rules) to 0
2026-04-23 18:11:16.117 7 INFO neutron.db.ovn_revision_numbers_db [None req-79fe52e8-8db7-4748-8d5c-42554795a7e3 e714fcc2db1d4a689310441c1229550e 132ff615be5f4ecea2b4ef319f11074e - - default default] Successfully bumped revision number for resource a10be70f-f097-4227-86c7-f78806e723fa (type: security_group_rules) to 0
2026-04-23 18:11:16.130 7 INFO neutron.db.ovn_revision_numbers_db [None req-79fe52e8-8db7-4748-8d5c-42554795a7e3 e714fcc2db1d4a689310441c1229550e 132ff615be5f4ecea2b4ef319f11074e - - default default] Successfully bumped revision number for resource a989cb79-638e-4d3e-8850-32197a0b6809 (type: security_group_rules) to 0 [pid: 7|app: 0|req: 1244/2588] 10.0.0.227 () {32 vars in 774 bytes} [Thu Apr 23 18:11:15 2026] GET /v2.0/security-groups?tenant_id=40113a6441bb45d396b436d85deed6b3&name=default => generated 2929 bytes in 244 msecs (HTTP/1.1 200) 4 headers in 158 bytes (1 switches on core 0) [pid: 8|app: 0|req: 1345/2589] 10.0.0.227 () {32 vars in 740 bytes} [Thu Apr 23 18:11:16 2026] DELETE /v2.0/security-groups/651a8d8b-61c0-4d71-a572-28e90cc31949 => generated 0 bytes in 258 msecs (HTTP/1.1 204) 2 headers in 112 bytes (1 switches on core 0)
2026-04-23 18:11:20.168 7 INFO neutron.db.ovn_revision_numbers_db [None req-dc13f937-4e67-4393-a22f-56599cdf5517 59d3c509782b4595a295f15572827289 232bc84461334067b3cbca73c7847c19 - - default default] Successfully bumped revision number for resource 6efe29df-4fbc-4f26-8020-e952b9306b29 (type: security_groups) to 1
2026-04-23 18:11:20.181 7 INFO neutron.db.ovn_revision_numbers_db [None req-dc13f937-4e67-4393-a22f-56599cdf5517 59d3c509782b4595a295f15572827289 232bc84461334067b3cbca73c7847c19 - - default default] Successfully bumped revision number for resource 1aacb112-50d8-45a1-b195-0263a1bae220 (type: security_group_rules) to 0
2026-04-23 18:11:20.196 7 INFO neutron.db.ovn_revision_numbers_db [None req-dc13f937-4e67-4393-a22f-56599cdf5517 59d3c509782b4595a295f15572827289 232bc84461334067b3cbca73c7847c19 - - default default] Successfully bumped revision number for resource 3075034c-8920-446e-9771-990ee655b821 (type: security_group_rules) to 0
2026-04-23 18:11:20.207 7 INFO neutron.db.ovn_revision_numbers_db [None req-dc13f937-4e67-4393-a22f-56599cdf5517 59d3c509782b4595a295f15572827289 232bc84461334067b3cbca73c7847c19 - - default default] Successfully bumped revision number for resource 55d3c4c0-7ae1-4196-a4dd-880e591206de (type: security_group_rules) to 0
2026-04-23 18:11:20.219 7 INFO neutron.db.ovn_revision_numbers_db [None req-dc13f937-4e67-4393-a22f-56599cdf5517 59d3c509782b4595a295f15572827289 232bc84461334067b3cbca73c7847c19 - - default default] Successfully bumped revision number for resource 98990935-cb23-4716-8e90-0735b6ce5562 (type: security_group_rules) to 0
2026-04-23 18:11:20.358 7 INFO neutron.db.segments_db [None req-dc13f937-4e67-4393-a22f-56599cdf5517 59d3c509782b4595a295f15572827289 232bc84461334067b3cbca73c7847c19 - - default default] Added segment cce2f1aa-4f84-4e53-abda-0871863da95d of type geneve for network 3d2badd7-e0e0-4a4d-8c6d-93d0a0b5818b
2026-04-23 18:11:20.508 7 INFO neutron.db.ovn_revision_numbers_db [None req-dc13f937-4e67-4393-a22f-56599cdf5517 59d3c509782b4595a295f15572827289 232bc84461334067b3cbca73c7847c19 - - default default] Successfully bumped revision number for resource 3d2badd7-e0e0-4a4d-8c6d-93d0a0b5818b (type: networks) to 1
2026-04-23 18:11:20.737 7 WARNING neutron.scheduler.dhcp_agent_scheduler [None req-dc13f937-4e67-4393-a22f-56599cdf5517 59d3c509782b4595a295f15572827289 232bc84461334067b3cbca73c7847c19 - - default default] No more DHCP agents
2026-04-23 18:11:20.738 7 WARNING neutron.api.rpc.agentnotifiers.dhcp_rpc_agent_api [None req-dc13f937-4e67-4393-a22f-56599cdf5517 59d3c509782b4595a295f15572827289 232bc84461334067b3cbca73c7847c19 - - default default] Unable to schedule network 3d2badd7-e0e0-4a4d-8c6d-93d0a0b5818b: no agents available; will retry on subsequent port and subnet creation events.
2026-04-23 18:11:20.780 8 INFO neutron.plugins.ml2.drivers.ovn.mech_driver.mech_driver [None req-d11aafa0-8fe4-4daf-8634-045a8ae47486 - - - - - -] OVN reports status down for port: 21fe214b-83fe-495f-8f85-8036de949111
2026-04-23 18:11:20.837 7 INFO neutron.db.ovn_revision_numbers_db [None req-dc13f937-4e67-4393-a22f-56599cdf5517 59d3c509782b4595a295f15572827289 232bc84461334067b3cbca73c7847c19 - - default default] Successfully bumped revision number for resource 21fe214b-83fe-495f-8f85-8036de949111 (type: ports) to 1 [pid: 7|app: 0|req: 1245/2590] 10.0.0.227 () {34 vars in 670 bytes} [Thu Apr 23 18:11:19 2026] POST /v2.0/networks => generated 650 bytes in 1026 msecs (HTTP/1.1 201) 4 headers in 162 bytes (1 switches on core 0)
2026-04-23 18:11:21.014 8 INFO neutron.db.segments_db [None req-d640cfac-7e8c-4117-87a1-ea09ffa83323 59d3c509782b4595a295f15572827289 232bc84461334067b3cbca73c7847c19 - - default default] Added segment 48d12530-611b-4782-b55e-fe96c23b2116 of type geneve for network 0b0e6e2a-351e-4632-bb2a-5e5dc1454232
2026-04-23 18:11:21.144 8 INFO neutron.db.ovn_revision_numbers_db [None req-d640cfac-7e8c-4117-87a1-ea09ffa83323 59d3c509782b4595a295f15572827289 232bc84461334067b3cbca73c7847c19 - - default default] Successfully bumped revision number for resource 0b0e6e2a-351e-4632-bb2a-5e5dc1454232 (type: networks) to 1
2026-04-23 18:11:21.326 8 WARNING neutron.scheduler.dhcp_agent_scheduler [None req-d640cfac-7e8c-4117-87a1-ea09ffa83323 59d3c509782b4595a295f15572827289 232bc84461334067b3cbca73c7847c19 - - default default] No more DHCP agents
2026-04-23 18:11:21.327 8 WARNING neutron.api.rpc.agentnotifiers.dhcp_rpc_agent_api [None req-d640cfac-7e8c-4117-87a1-ea09ffa83323 59d3c509782b4595a295f15572827289 232bc84461334067b3cbca73c7847c19 - - default default] Unable to schedule network 0b0e6e2a-351e-4632-bb2a-5e5dc1454232: no agents available; will retry on subsequent port and subnet creation events.
2026-04-23 18:11:21.372 7 INFO neutron.plugins.ml2.drivers.ovn.mech_driver.mech_driver [None req-fbd063dd-bf65-45c7-bd3e-fbcffbb61bcd - - - - - -] OVN reports status down for port: 5c3bd91e-2047-49c8-9169-94c29449f999
2026-04-23 18:11:21.411 8 INFO neutron.db.ovn_revision_numbers_db [None req-d640cfac-7e8c-4117-87a1-ea09ffa83323 59d3c509782b4595a295f15572827289 232bc84461334067b3cbca73c7847c19 - - default default] Successfully bumped revision number for resource 5c3bd91e-2047-49c8-9169-94c29449f999 (type: ports) to 1 [pid: 8|app: 0|req: 1346/2591] 10.0.0.227 () {34 vars in 670 bytes} [Thu Apr 23 18:11:20 2026] POST /v2.0/networks => generated 651 bytes in 541 msecs (HTTP/1.1 201) 4 headers in 162 bytes (1 switches on core 0) [pid: 7|app: 0|req: 1246/2592] 10.0.0.227 () {34 vars in 753 bytes} [Thu Apr 23 18:11:21 2026] PUT /v2.0/networks/3d2badd7-e0e0-4a4d-8c6d-93d0a0b5818b/tags => generated 25 bytes in 70 msecs (HTTP/1.1 200) 4 headers in 156 bytes (1 switches on core 0) [pid: 8|app: 0|req: 1347/2593] 10.0.0.227 () {32 vars in 733 bytes} [Thu Apr 23 18:11:21 2026] GET /v2.0/networks/3d2badd7-e0e0-4a4d-8c6d-93d0a0b5818b/tags => generated 25 bytes in 55 msecs (HTTP/1.1 200) 4 headers in 156 bytes (1 switches on core 0) [pid: 7|app: 0|req: 1247/2594] 10.0.0.227 () {34 vars in 753 bytes} [Thu Apr 23 18:11:21 2026] PUT /v2.0/networks/0b0e6e2a-351e-4632-bb2a-5e5dc1454232/tags => generated 17 bytes in 56 msecs (HTTP/1.1 200) 4 headers in 156 bytes (1 switches on core 0) [pid: 8|app: 0|req: 1348/2595] 10.0.0.227 () {32 vars in 733 bytes} [Thu Apr 23 18:11:21 2026] GET /v2.0/networks/0b0e6e2a-351e-4632-bb2a-5e5dc1454232/tags => generated 17 bytes in 62 msecs (HTTP/1.1 200) 4 headers in 156 bytes (1 switches on core 0) [pid: 7|app: 0|req: 1248/2596] 10.0.0.227 () {34 vars in 753 bytes} [Thu Apr 23 18:11:21 2026] PUT /v2.0/networks/0b0e6e2a-351e-4632-bb2a-5e5dc1454232/tags => generated 12 bytes in 71 msecs (HTTP/1.1 200) 4 headers in 156 bytes (1 switches on core 0) [pid: 8|app: 0|req: 1349/2597] 10.0.0.227 () {32 vars in 733 bytes} [Thu Apr 23 18:11:21 2026] GET /v2.0/networks/0b0e6e2a-351e-4632-bb2a-5e5dc1454232/tags => generated 12 bytes in 47 msecs (HTTP/1.1 200) 4 headers in 156 bytes (1 switches on core 0) [pid: 7|app: 0|req: 1249/2598] 10.0.0.227 () {32 vars in 733 bytes} [Thu Apr 23 18:11:21 2026] GET /v2.0/networks/3d2badd7-e0e0-4a4d-8c6d-93d0a0b5818b/tags => generated 25 bytes in 54 msecs (HTTP/1.1 200) 4 headers in 156 bytes (1 switches on core 0)
2026-04-23 18:11:22.044 8 INFO neutron_taas.services.taas.taas_plugin [None req-bad91034-1e5f-48d5-b32d-0c648342477c 59d3c509782b4595a295f15572827289 232bc84461334067b3cbca73c7847c19 - - default default] TaaS: Handle Delete Port: 21fe214b-83fe-495f-8f85-8036de949111
2026-04-23 18:11:22.047 8 INFO neutron_taas.services.taas.tap_mirror_plugin [None req-bad91034-1e5f-48d5-b32d-0c648342477c 59d3c509782b4595a295f15572827289 232bc84461334067b3cbca73c7847c19 - - default default] Tap Mirror: Handle Delete Port: 21fe214b-83fe-495f-8f85-8036de949111
2026-04-23 18:11:22.255 8 INFO neutron.services.segments.plugin [-] Segment cce2f1aa-4f84-4e53-abda-0871863da95d resource provider aggregate not found
2026-04-23 18:11:22.259 8 INFO neutron.services.segments.plugin [-] Segment cce2f1aa-4f84-4e53-abda-0871863da95d resource provider aggregate not found
2026-04-23 18:11:22.280 8 INFO neutron.services.segments.plugin [-] Segment cce2f1aa-4f84-4e53-abda-0871863da95d resource provider not found; error: Placement Client Error (4xx): {"errors": [{"status": 404, "title": "Not Found", "detail": "The resource could not be found.\n\n No resource provider with uuid cce2f1aa-4f84-4e53-abda-0871863da95d found for delete ", "request_id": "req-05f00e17-8195-483b-95c4-f8cd99031646"}]}
2026-04-23 18:11:22.280 8 INFO neutron.services.segments.plugin [-] Segment cce2f1aa-4f84-4e53-abda-0871863da95d resource provider not found; error: Placement Client Error (4xx): {"errors": [{"status": 404, "title": "Not Found", "detail": "The resource could not be found.\n\n No resource provider with uuid cce2f1aa-4f84-4e53-abda-0871863da95d found for delete ", "request_id": "req-ee71ecb7-f2a7-4538-99d1-140591184026"}]} [pid: 8|app: 0|req: 1350/2599] 10.0.0.227 () {32 vars in 726 bytes} [Thu Apr 23 18:11:21 2026] DELETE /v2.0/networks/3d2badd7-e0e0-4a4d-8c6d-93d0a0b5818b => generated 0 bytes in 389 msecs (HTTP/1.1 204) 3 headers in 131 bytes (1 switches on core 0)
2026-04-23 18:11:22.444 7 INFO neutron_taas.services.taas.taas_plugin [None req-5c3747f7-7954-4b36-95af-2d7290cd2e59 59d3c509782b4595a295f15572827289 232bc84461334067b3cbca73c7847c19 - - default default] TaaS: Handle Delete Port: 5c3bd91e-2047-49c8-9169-94c29449f999
2026-04-23 18:11:22.448 7 INFO neutron_taas.services.taas.tap_mirror_plugin [None req-5c3747f7-7954-4b36-95af-2d7290cd2e59 59d3c509782b4595a295f15572827289 232bc84461334067b3cbca73c7847c19 - - default default] Tap Mirror: Handle Delete Port: 5c3bd91e-2047-49c8-9169-94c29449f999
2026-04-23 18:11:22.637 7 INFO neutron.services.segments.plugin [-] Segment 48d12530-611b-4782-b55e-fe96c23b2116 resource provider aggregate not found
2026-04-23 18:11:22.642 7 INFO neutron.services.segments.plugin [-] Segment 48d12530-611b-4782-b55e-fe96c23b2116 resource provider aggregate not found
2026-04-23 18:11:22.659 7 INFO neutron.services.segments.plugin [-] Segment 48d12530-611b-4782-b55e-fe96c23b2116 resource provider not found; error: Placement Client Error (4xx): {"errors": [{"status": 404, "title": "Not Found", "detail": "The resource could not be found.\n\n No resource provider with uuid 48d12530-611b-4782-b55e-fe96c23b2116 found for delete ", "request_id": "req-a20ea224-de65-48f7-911e-14770ac6f0a4"}]}
2026-04-23 18:11:22.668 7 INFO neutron.services.segments.plugin [-] Segment 48d12530-611b-4782-b55e-fe96c23b2116 resource provider not found; error: Placement Client Error (4xx): {"errors": [{"status": 404, "title": "Not Found", "detail": "The resource could not be found.\n\n No resource provider with uuid 48d12530-611b-4782-b55e-fe96c23b2116 found for delete ", "request_id": "req-c0dfcfd4-5e14-472e-880d-b2e073c7254c"}]} [pid: 7|app: 0|req: 1250/2600] 10.0.0.227 () {32 vars in 726 bytes} [Thu Apr 23 18:11:22 2026] DELETE /v2.0/networks/0b0e6e2a-351e-4632-bb2a-5e5dc1454232 => generated 0 bytes in 369 msecs (HTTP/1.1 204) 3 headers in 131 bytes (1 switches on core 0)
