2026-04-23 18:06:40.847 8 INFO neutron.services.segments.plugin [-] Segment cc319add-7b5b-472c-98f9-0d696fb3120a resource provider not found; error: Placement Client Error (4xx): {"errors": [{"status": 404, "title": "Not Found", "detail": "The resource could not be found.\n\n No resource provider with uuid cc319add-7b5b-472c-98f9-0d696fb3120a found for delete ", "request_id": "req-30000dbe-8bc7-4078-8f1f-b385f874e32f"}]} [pid: 8|app: 0|req: 412/794] 199.204.45.25 () {34 vars in 1079 bytes} [Thu Apr 23 18:06:40 2026] GET /v2.0/ports?tenant_id=7a730135dfc949b4872b44b08cd76c1b&device_id=5f0dc8a9-e4ec-4930-955b-8dd6540b4189 => generated 1209 bytes in 96 msecs (HTTP/1.1 200) 4 headers in 158 bytes (1 switches on core 0) [pid: 7|app: 0|req: 383/795] 199.204.45.25 () {34 vars in 985 bytes} [Thu Apr 23 18:06:40 2026] GET /v2.0/networks?id=e1008f85-cfd2-4798-a62f-a2ec8430654b => generated 820 bytes in 41 msecs (HTTP/1.1 200) 4 headers in 157 bytes (1 switches on core 0) [pid: 8|app: 0|req: 413/798] 199.204.45.25 () {34 vars in 1057 bytes} [Thu Apr 23 18:06:40 2026] GET /v2.0/floatingips?fixed_ip_address=10.100.0.3&port_id=ab6fcc27-4e73-4cf8-a667-8d938887fd11 => generated 860 bytes in 46 msecs (HTTP/1.1 200) 4 headers in 157 bytes (1 switches on core 0) [pid: 7|app: 0|req: 386/799] 199.204.45.25 () {34 vars in 983 bytes} [Thu Apr 23 18:06:40 2026] GET /v2.0/subnets?id=a69930c6-4650-49bc-a47f-a364a3d58345 => generated 702 bytes in 30 msecs (HTTP/1.1 200) 4 headers in 157 bytes (1 switches on core 0) [pid: 8|app: 0|req: 414/800] 199.204.45.25 () {34 vars in 1051 bytes} [Thu Apr 23 18:06:41 2026] GET /v2.0/ports?network_id=e1008f85-cfd2-4798-a62f-a2ec8430654b&device_owner=network%3Adhcp => generated 12 bytes in 25 msecs (HTTP/1.1 200) 4 headers in 156 bytes (1 switches on core 0) [pid: 7|app: 0|req: 387/801] 199.204.45.25 () {34 vars in 1011 bytes} [Thu Apr 23 18:06:41 2026] GET /v2.0/networks/e1008f85-cfd2-4798-a62f-a2ec8430654b?fields=segments => generated 14 bytes in 42 msecs (HTTP/1.1 200) 4 headers in 156 bytes (1 switches on core 0) [pid: 8|app: 0|req: 415/802] 199.204.45.25 () {34 vars in 1111 bytes} [Thu Apr 23 18:06:41 2026] GET /v2.0/networks/e1008f85-cfd2-4798-a62f-a2ec8430654b?fields=provider%3Aphysical_network&fields=provider%3Anetwork_type => generated 79 bytes in 43 msecs (HTTP/1.1 200) 4 headers in 156 bytes (1 switches on core 0)
2026-04-23 18:06:41.209 7 INFO neutron.notifiers.nova [-] Nova event matching ['req-0941d199-562e-471c-9a34-c8b88f0725c8'] response: {'server_uuid': 'cfb1b7aa-a3ac-444f-9f29-68da2a6ba242', 'name': 'network-vif-deleted', 'tag': 'f6dbf43d-b97f-46cf-8e0f-5045bf97e4f2', 'status': 'completed', 'code': 200}
2026-04-23 18:06:41.210 7 INFO neutron.notifiers.nova [-] Nova event matching ['req-0941d199-562e-471c-9a34-c8b88f0725c8'] response: {'name': 'network-changed', 'server_uuid': '5f0dc8a9-e4ec-4930-955b-8dd6540b4189', 'tag': 'ab6fcc27-4e73-4cf8-a667-8d938887fd11', 'status': 'completed', 'code': 200} [pid: 7|app: 0|req: 388/803] 10.0.0.227 () {32 vars in 740 bytes} [Thu Apr 23 18:06:41 2026] DELETE /v2.0/security-groups/8405dd20-4b31-4333-a3ad-9c2f43094d99 => generated 0 bytes in 152 msecs (HTTP/1.1 204) 2 headers in 112 bytes (1 switches on core 0)
2026-04-23 18:06:41.297 8 INFO neutron.api.v2.resource [None req-6456c3ae-7395-416a-b234-71600b4c9fe8 33c0b7eb13cc4982b76c9818642f2357 c8f183e717024070aecf6d299459a623 - - default default] show failed (client error): The resource could not be found. [pid: 8|app: 0|req: 416/804] 10.0.0.227 () {32 vars in 737 bytes} [Thu Apr 23 18:06:41 2026] GET /v2.0/security-groups/8405dd20-4b31-4333-a3ad-9c2f43094d99 => generated 146 bytes in 14 msecs (HTTP/1.1 404) 4 headers in 164 bytes (1 switches on core 0)
2026-04-23 18:06:41.428 7 INFO neutron_taas.services.taas.taas_plugin [None req-3c3c529a-c64b-4e5a-af59-65b3c0b65d3e 33c0b7eb13cc4982b76c9818642f2357 c8f183e717024070aecf6d299459a623 - - default default] TaaS: Handle Delete Port: b9534f0d-11b7-4775-9a83-56544fac6557
2026-04-23 18:06:41.431 7 INFO neutron_taas.services.taas.tap_mirror_plugin [None req-3c3c529a-c64b-4e5a-af59-65b3c0b65d3e 33c0b7eb13cc4982b76c9818642f2357 c8f183e717024070aecf6d299459a623 - - default default] Tap Mirror: Handle Delete Port: b9534f0d-11b7-4775-9a83-56544fac6557 [pid: 7|app: 0|req: 389/805] 10.0.0.227 () {32 vars in 732 bytes} [Thu Apr 23 18:06:41 2026] DELETE /v2.0/floatingips/dea9ed00-1268-4cdb-a9c4-0e4dd4e57092 => generated 0 bytes in 290 msecs (HTTP/1.1 204) 2 headers in 112 bytes (1 switches on core 0) [pid: 7|app: 0|req: 390/806] 10.0.0.15 () {34 vars in 989 bytes} [Thu Apr 23 18:06:41 2026] GET /v2.0/ports?device_id=cfb1b7aa-a3ac-444f-9f29-68da2a6ba242 => generated 12 bytes in 20 msecs (HTTP/1.1 200) 4 headers in 156 bytes (1 switches on core 0)
2026-04-23 18:06:41.902 8 INFO neutron_taas.services.taas.taas_plugin [None req-d0f28b67-28ba-4fc8-8858-6766a0d9f829 e714fcc2db1d4a689310441c1229550e 132ff615be5f4ecea2b4ef319f11074e - - default default] TaaS: Handle Delete Port: b96a5ef8-d6cd-4e2e-8769-89f3c94215ba
2026-04-23 18:06:41.906 8 INFO neutron_taas.services.taas.tap_mirror_plugin [None req-d0f28b67-28ba-4fc8-8858-6766a0d9f829 e714fcc2db1d4a689310441c1229550e 132ff615be5f4ecea2b4ef319f11074e - - default default] Tap Mirror: Handle Delete Port: b96a5ef8-d6cd-4e2e-8769-89f3c94215ba [pid: 7|app: 0|req: 391/807] 199.204.45.25 () {34 vars in 1079 bytes} [Thu Apr 23 18:06:42 2026] GET /v2.0/ports?tenant_id=7a730135dfc949b4872b44b08cd76c1b&device_id=5f0dc8a9-e4ec-4930-955b-8dd6540b4189 => generated 1209 bytes in 38 msecs (HTTP/1.1 200) 4 headers in 158 bytes (1 switches on core 0) [pid: 7|app: 0|req: 392/808] 199.204.45.25 () {34 vars in 985 bytes} [Thu Apr 23 18:06:42 2026] GET /v2.0/networks?id=e1008f85-cfd2-4798-a62f-a2ec8430654b => generated 820 bytes in 46 msecs (HTTP/1.1 200) 4 headers in 157 bytes (1 switches on core 0) [pid: 7|app: 0|req: 393/809] 199.204.45.25 () {34 vars in 1057 bytes} [Thu Apr 23 18:06:42 2026] GET /v2.0/floatingips?fixed_ip_address=10.100.0.3&port_id=ab6fcc27-4e73-4cf8-a667-8d938887fd11 => generated 860 bytes in 50 msecs (HTTP/1.1 200) 4 headers in 157 bytes (1 switches on core 0) [pid: 7|app: 0|req: 394/810] 10.0.0.15 () {34 vars in 989 bytes} [Thu Apr 23 18:06:42 2026] GET /v2.0/ports?device_id=5f0dc8a9-e4ec-4930-955b-8dd6540b4189 => generated 971 bytes in 27 msecs (HTTP/1.1 200) 4 headers in 157 bytes (1 switches on core 0) [pid: 7|app: 0|req: 395/811] 199.204.45.25 () {34 vars in 983 bytes} [Thu Apr 23 18:06:42 2026] GET /v2.0/subnets?id=a69930c6-4650-49bc-a47f-a364a3d58345 => generated 702 bytes in 27 msecs (HTTP/1.1 200) 4 headers in 157 bytes (1 switches on core 0) [pid: 7|app: 0|req: 396/812] 10.0.0.15 () {34 vars in 1039 bytes} [Thu Apr 23 18:06:42 2026] GET /v2.0/security-groups?id=2ed834bd-7ff3-4f4e-960c-b848428b8b18&fields=id&fields=name => generated 113 bytes in 41 msecs (HTTP/1.1 200) 4 headers in 157 bytes (1 switches on core 0) [pid: 7|app: 0|req: 397/813] 199.204.45.25 () {34 vars in 1051 bytes} [Thu Apr 23 18:06:42 2026] GET /v2.0/ports?network_id=e1008f85-cfd2-4798-a62f-a2ec8430654b&device_owner=network%3Adhcp => generated 12 bytes in 20 msecs (HTTP/1.1 200) 4 headers in 156 bytes (1 switches on core 0) [pid: 7|app: 0|req: 398/814] 199.204.45.25 () {34 vars in 1011 bytes} [Thu Apr 23 18:06:42 2026] GET /v2.0/networks/e1008f85-cfd2-4798-a62f-a2ec8430654b?fields=segments => generated 14 bytes in 60 msecs (HTTP/1.1 200) 4 headers in 156 bytes (1 switches on core 0) [pid: 7|app: 0|req: 399/815] 199.204.45.25 () {34 vars in 1111 bytes} [Thu Apr 23 18:06:42 2026] GET /v2.0/networks/e1008f85-cfd2-4798-a62f-a2ec8430654b?fields=provider%3Aphysical_network&fields=provider%3Anetwork_type => generated 79 bytes in 38 msecs (HTTP/1.1 200) 4 headers in 156 bytes (1 switches on core 0) [pid: 8|app: 0|req: 417/816] 10.0.0.227 () {34 vars in 789 bytes} [Thu Apr 23 18:06:41 2026] PUT /v2.0/routers/1ae2f0f7-43bb-4480-922d-8e1b2a456425/remove_router_interface => generated 309 bytes in 984 msecs (HTTP/1.1 200) 4 headers in 157 bytes (1 switches on core 0) /var/lib/openstack/lib/python3.12/site-packages/pycadf/identifier.py:70: UserWarning: Invalid uuid: neutron. To ensure interoperability, identifiers should be a valid uuid. warnings.warn(('Invalid uuid: %s. To ensure interoperability, '
2026-04-23 18:06:42.849 7 INFO neutron.db.ovn_revision_numbers_db [None req-f98fc57d-8b60-4c62-b0a6-bcf0a62a6f95 b26ccdc133114eff91aa74ac54ff5683 c7f0a054e01749b0b26f0495f5541af8 - - default default] Successfully bumped revision number for resource b62b8063-c315-45dc-8f9f-9fef013da329 (type: security_groups) to 1
2026-04-23 18:06:42.860 7 INFO neutron.db.ovn_revision_numbers_db [None req-f98fc57d-8b60-4c62-b0a6-bcf0a62a6f95 b26ccdc133114eff91aa74ac54ff5683 c7f0a054e01749b0b26f0495f5541af8 - - default default] Successfully bumped revision number for resource 3d21ecb9-0f1a-4c0a-8373-1f0473ec1ec9 (type: security_group_rules) to 0
2026-04-23 18:06:42.874 7 INFO neutron.db.ovn_revision_numbers_db [None req-f98fc57d-8b60-4c62-b0a6-bcf0a62a6f95 b26ccdc133114eff91aa74ac54ff5683 c7f0a054e01749b0b26f0495f5541af8 - - default default] Successfully bumped revision number for resource 521abac6-faf4-454d-9769-5f199449d6aa (type: security_group_rules) to 0
2026-04-23 18:06:42.887 7 INFO neutron.db.ovn_revision_numbers_db [None req-f98fc57d-8b60-4c62-b0a6-bcf0a62a6f95 b26ccdc133114eff91aa74ac54ff5683 c7f0a054e01749b0b26f0495f5541af8 - - default default] Successfully bumped revision number for resource 8f512ab2-067a-4168-89da-989c08b80cd6 (type: security_group_rules) to 0
2026-04-23 18:06:42.897 7 INFO neutron.db.ovn_revision_numbers_db [None req-f98fc57d-8b60-4c62-b0a6-bcf0a62a6f95 b26ccdc133114eff91aa74ac54ff5683 c7f0a054e01749b0b26f0495f5541af8 - - default default] Successfully bumped revision number for resource b56375b9-a7f4-4bd8-bd94-fb6f1c083089 (type: security_group_rules) to 0
2026-04-23 18:06:42.932 8 INFO neutron_taas.services.taas.taas_plugin [None req-b5bc455d-95bb-4d2d-b498-defd0c49cfe3 e714fcc2db1d4a689310441c1229550e 132ff615be5f4ecea2b4ef319f11074e - - default default] TaaS: Handle Delete Port: 47a211db-f7d6-4989-8021-b1a9353a0805
2026-04-23 18:06:42.936 8 INFO neutron_taas.services.taas.tap_mirror_plugin [None req-b5bc455d-95bb-4d2d-b498-defd0c49cfe3 e714fcc2db1d4a689310441c1229550e 132ff615be5f4ecea2b4ef319f11074e - - default default] Tap Mirror: Handle Delete Port: 47a211db-f7d6-4989-8021-b1a9353a0805
2026-04-23 18:06:42.974 7 INFO neutron.db.segments_db [None req-f98fc57d-8b60-4c62-b0a6-bcf0a62a6f95 b26ccdc133114eff91aa74ac54ff5683 c7f0a054e01749b0b26f0495f5541af8 - - default default] Added segment 1170dd03-b907-49a7-ad06-b24213ffa142 of type geneve for network db032ce5-21a2-4875-ad0e-5688ac8152ce
2026-04-23 18:06:43.100 7 INFO neutron.db.ovn_revision_numbers_db [None req-f98fc57d-8b60-4c62-b0a6-bcf0a62a6f95 b26ccdc133114eff91aa74ac54ff5683 c7f0a054e01749b0b26f0495f5541af8 - - default default] Successfully bumped revision number for resource db032ce5-21a2-4875-ad0e-5688ac8152ce (type: networks) to 1
2026-04-23 18:06:43.282 7 WARNING neutron.scheduler.dhcp_agent_scheduler [None req-f98fc57d-8b60-4c62-b0a6-bcf0a62a6f95 b26ccdc133114eff91aa74ac54ff5683 c7f0a054e01749b0b26f0495f5541af8 - - default default] No more DHCP agents
2026-04-23 18:06:43.283 7 WARNING neutron.api.rpc.agentnotifiers.dhcp_rpc_agent_api [None req-f98fc57d-8b60-4c62-b0a6-bcf0a62a6f95 b26ccdc133114eff91aa74ac54ff5683 c7f0a054e01749b0b26f0495f5541af8 - - default default] Unable to schedule network db032ce5-21a2-4875-ad0e-5688ac8152ce: no agents available; will retry on subsequent port and subnet creation events.
2026-04-23 18:06:43.357 7 INFO neutron.plugins.ml2.drivers.ovn.mech_driver.mech_driver [None req-0b39b1c8-9b66-474f-80d2-63c701ba28ca - - - - - -] OVN reports status down for port: 0c0fd927-24c0-4f59-9dd2-60209f0cb11b [pid: 8|app: 0|req: 418/817] 10.0.0.227 () {32 vars in 724 bytes} [Thu Apr 23 18:06:42 2026] DELETE /v2.0/routers/1ae2f0f7-43bb-4480-922d-8e1b2a456425 => generated 0 bytes in 784 msecs (HTTP/1.1 204) 2 headers in 112 bytes (1 switches on core 0) [pid: 8|app: 0|req: 419/818] 10.0.0.15 () {34 vars in 989 bytes} [Thu Apr 23 18:06:43 2026] GET /v2.0/ports?device_id=cfb1b7aa-a3ac-444f-9f29-68da2a6ba242 => generated 12 bytes in 38 msecs (HTTP/1.1 200) 4 headers in 156 bytes (1 switches on core 0)
2026-04-23 18:06:43.425 8 INFO neutron.plugins.ml2.drivers.ovn.mech_driver.mech_driver [None req-15590c85-bb37-4ef0-b694-f1fd343fdeec - - - - - -] OVN reports status down for port: ab6fcc27-4e73-4cf8-a667-8d938887fd11
2026-04-23 18:06:43.456 7 INFO neutron.db.ovn_revision_numbers_db [None req-f98fc57d-8b60-4c62-b0a6-bcf0a62a6f95 b26ccdc133114eff91aa74ac54ff5683 c7f0a054e01749b0b26f0495f5541af8 - - default default] Successfully bumped revision number for resource 0c0fd927-24c0-4f59-9dd2-60209f0cb11b (type: ports) to 1 [pid: 7|app: 0|req: 400/819] 10.0.0.227 () {34 vars in 670 bytes} [Thu Apr 23 18:06:42 2026] POST /v2.0/networks => generated 649 bytes in 970 msecs (HTTP/1.1 201) 4 headers in 162 bytes (1 switches on core 0) [pid: 7|app: 0|req: 401/820] 10.0.0.15 () {34 vars in 989 bytes} [Thu Apr 23 18:06:43 2026] GET /v2.0/ports?device_id=5f0dc8a9-e4ec-4930-955b-8dd6540b4189 => generated 971 bytes in 56 msecs (HTTP/1.1 200) 4 headers in 157 bytes (1 switches on core 0)
2026-04-23 18:06:43.640 7 INFO neutron.db.segments_db [None req-5c6b9f87-55c1-4f7b-bc22-a004fddfd798 b26ccdc133114eff91aa74ac54ff5683 c7f0a054e01749b0b26f0495f5541af8 - - default default] Added segment c85d34de-8673-45fa-96b4-f377f6284b98 of type geneve for network d53ebf14-d767-4a21-9016-a81289b7f9b9
2026-04-23 18:06:43.691 8 INFO neutron.notifiers.nova [-] Nova event matching ['req-c3809142-011b-4ebe-ba42-0d780774692b'] response: {'server_uuid': '5f0dc8a9-e4ec-4930-955b-8dd6540b4189', 'name': 'network-vif-unplugged', 'status': 'completed', 'tag': 'ab6fcc27-4e73-4cf8-a667-8d938887fd11', 'code': 200}
2026-04-23 18:06:43.778 7 INFO neutron.db.ovn_revision_numbers_db [None req-5c6b9f87-55c1-4f7b-bc22-a004fddfd798 b26ccdc133114eff91aa74ac54ff5683 c7f0a054e01749b0b26f0495f5541af8 - - default default] Successfully bumped revision number for resource d53ebf14-d767-4a21-9016-a81289b7f9b9 (type: networks) to 1 [pid: 8|app: 0|req: 420/821] 10.0.0.227 () {32 vars in 724 bytes} [Thu Apr 23 18:06:43 2026] DELETE /v2.0/subnets/6ec61a34-2aa0-4bc2-b114-cff478d0ae70 => generated 0 bytes in 406 msecs (HTTP/1.1 204) 3 headers in 131 bytes (1 switches on core 0) [pid: 8|app: 0|req: 421/822] 10.0.0.15 () {34 vars in 1039 bytes} [Thu Apr 23 18:06:43 2026] GET /v2.0/security-groups?id=2ed834bd-7ff3-4f4e-960c-b848428b8b18&fields=id&fields=name => generated 113 bytes in 64 msecs (HTTP/1.1 200) 4 headers in 157 bytes (1 switches on core 0)
2026-04-23 18:06:43.898 8 INFO neutron.db.ovn_revision_numbers_db [None req-15590c85-bb37-4ef0-b694-f1fd343fdeec - - - - - -] Successfully bumped revision number for resource ab6fcc27-4e73-4cf8-a667-8d938887fd11 (type: ports) to 8
2026-04-23 18:06:43.957 7 WARNING neutron.scheduler.dhcp_agent_scheduler [None req-5c6b9f87-55c1-4f7b-bc22-a004fddfd798 b26ccdc133114eff91aa74ac54ff5683 c7f0a054e01749b0b26f0495f5541af8 - - default default] No more DHCP agents
2026-04-23 18:06:43.958 7 WARNING neutron.api.rpc.agentnotifiers.dhcp_rpc_agent_api [None req-5c6b9f87-55c1-4f7b-bc22-a004fddfd798 b26ccdc133114eff91aa74ac54ff5683 c7f0a054e01749b0b26f0495f5541af8 - - default default] Unable to schedule network d53ebf14-d767-4a21-9016-a81289b7f9b9: no agents available; will retry on subsequent port and subnet creation events.
2026-04-23 18:06:44.044 7 INFO neutron.db.ovn_revision_numbers_db [None req-5c6b9f87-55c1-4f7b-bc22-a004fddfd798 b26ccdc133114eff91aa74ac54ff5683 c7f0a054e01749b0b26f0495f5541af8 - - default default] Successfully bumped revision number for resource c909e934-5e42-42a9-83c9-ae7500a43fdf (type: ports) to 1
2026-04-23 18:06:44.046 8 INFO neutron.plugins.ml2.drivers.ovn.mech_driver.mech_driver [None req-2c40e7aa-a343-4e58-8b2f-0e9bcba967d7 - - - - - -] OVN reports status down for port: c909e934-5e42-42a9-83c9-ae7500a43fdf [pid: 7|app: 0|req: 402/823] 10.0.0.227 () {34 vars in 670 bytes} [Thu Apr 23 18:06:43 2026] POST /v2.0/networks => generated 649 bytes in 520 msecs (HTTP/1.1 201) 4 headers in 162 bytes (1 switches on core 0)
2026-04-23 18:06:44.103 8 INFO neutron_taas.services.taas.taas_plugin [None req-b97cd684-2558-4f4f-ba75-32f22a44732c e714fcc2db1d4a689310441c1229550e 132ff615be5f4ecea2b4ef319f11074e - - default default] TaaS: Handle Delete Port: 1ac2a8c2-2c50-47ea-b7f5-626d998a5025
2026-04-23 18:06:44.108 8 INFO neutron_taas.services.taas.tap_mirror_plugin [None req-b97cd684-2558-4f4f-ba75-32f22a44732c e714fcc2db1d4a689310441c1229550e 132ff615be5f4ecea2b4ef319f11074e - - default default] Tap Mirror: Handle Delete Port: 1ac2a8c2-2c50-47ea-b7f5-626d998a5025
2026-04-23 18:06:44.292 7 WARNING neutron.scheduler.dhcp_agent_scheduler [None req-37983a89-f661-4164-abd7-17baf594e5c8 b26ccdc133114eff91aa74ac54ff5683 c7f0a054e01749b0b26f0495f5541af8 - - default default] No more DHCP agents
2026-04-23 18:06:44.293 7 WARNING neutron.api.rpc.agentnotifiers.dhcp_rpc_agent_api [None req-37983a89-f661-4164-abd7-17baf594e5c8 b26ccdc133114eff91aa74ac54ff5683 c7f0a054e01749b0b26f0495f5541af8 - - default default] Unable to schedule network db032ce5-21a2-4875-ad0e-5688ac8152ce: no agents available; will retry on subsequent port and subnet creation events.
2026-04-23 18:06:44.315 8 INFO neutron.services.segments.plugin [-] Segment bbd16816-ad0d-4214-a6a3-ab102ceb7ec9 resource provider aggregate not found
2026-04-23 18:06:44.321 8 INFO neutron.services.segments.plugin [-] Segment bbd16816-ad0d-4214-a6a3-ab102ceb7ec9 resource provider aggregate not found
2026-04-23 18:06:44.339 8 INFO neutron.services.segments.plugin [-] Segment bbd16816-ad0d-4214-a6a3-ab102ceb7ec9 resource provider not found; error: Placement Client Error (4xx): {"errors": [{"status": 404, "title": "Not Found", "detail": "The resource could not be found.\n\n No resource provider with uuid bbd16816-ad0d-4214-a6a3-ab102ceb7ec9 found for delete ", "request_id": "req-60dd9bcb-a6d9-4a6f-931a-51d1d07cc073"}]}
2026-04-23 18:06:44.340 8 INFO neutron.services.segments.plugin [-] Segment bbd16816-ad0d-4214-a6a3-ab102ceb7ec9 resource provider not found; error: Placement Client Error (4xx): {"errors": [{"status": 404, "title": "Not Found", "detail": "The resource could not be found.\n\n No resource provider with uuid bbd16816-ad0d-4214-a6a3-ab102ceb7ec9 found for delete ", "request_id": "req-69d5ad8a-7a68-4502-994c-1b0210af7f12"}]} [pid: 8|app: 0|req: 422/824] 10.0.0.227 () {32 vars in 726 bytes} [Thu Apr 23 18:06:43 2026] DELETE /v2.0/networks/6b17f3ca-f5e9-4a59-8bda-2031f1508eda => generated 0 bytes in 478 msecs (HTTP/1.1 204) 3 headers in 131 bytes (1 switches on core 0) /var/lib/openstack/lib/python3.12/site-packages/pycadf/identifier.py:70: UserWarning: Invalid uuid: neutron. To ensure interoperability, identifiers should be a valid uuid. warnings.warn(('Invalid uuid: %s. To ensure interoperability, ' [pid: 8|app: 0|req: 423/825] 10.0.0.227 () {32 vars in 740 bytes} [Thu Apr 23 18:06:44 2026] DELETE /v2.0/security-groups/c0d2c267-d83f-4d9d-b087-e23bfe2b6430 => generated 0 bytes in 129 msecs (HTTP/1.1 204) 2 headers in 112 bytes (1 switches on core 0) [pid: 8|app: 0|req: 424/826] 10.0.0.227 () {32 vars in 774 bytes} [Thu Apr 23 18:06:44 2026] GET /v2.0/security-groups?tenant_id=c8f183e717024070aecf6d299459a623&name=default => generated 2921 bytes in 30 msecs (HTTP/1.1 200) 4 headers in 158 bytes (1 switches on core 0) [pid: 8|app: 0|req: 425/827] 199.204.45.25 () {34 vars in 993 bytes} [Thu Apr 23 18:06:44 2026] GET /v2.0/ports?device_id=5f0dc8a9-e4ec-4930-955b-8dd6540b4189 => generated 969 bytes in 67 msecs (HTTP/1.1 200) 4 headers in 157 bytes (1 switches on core 0)
2026-04-23 18:06:44.726 8 INFO neutron.api.v2.resource [None req-fa3a41a0-0be1-460c-92a4-39d8fe81749c d196e8a4f4d74f47a128c7f140fc4b46 96a14494b79e4d10a5c7d939049f90fe - - default default] show failed (client error): The resource could not be found. [pid: 8|app: 0|req: 426/828] 10.0.0.227 () {32 vars in 737 bytes} [Thu Apr 23 18:06:44 2026] GET /v2.0/security-groups/c0d2c267-d83f-4d9d-b087-e23bfe2b6430 => generated 146 bytes in 9 msecs (HTTP/1.1 404) 4 headers in 164 bytes (1 switches on core 0)
2026-04-23 18:06:44.793 7 INFO neutron.db.ovn_revision_numbers_db [None req-0147a8fa-e945-469b-bf18-9850824106f2 - - - - - -] Successfully bumped revision number for resource 0c0fd927-24c0-4f59-9dd2-60209f0cb11b (type: ports) to 2
2026-04-23 18:06:44.827 7 INFO neutron.db.ovn_revision_numbers_db [None req-0147a8fa-e945-469b-bf18-9850824106f2 - - - - - -] Successfully bumped revision number for resource d05f1a4b-7c0f-4d69-a6fa-d624c3c83b04 (type: subnets) to 0 [pid: 7|app: 0|req: 403/829] 10.0.0.227 () {34 vars in 669 bytes} [Thu Apr 23 18:06:44 2026] POST /v2.0/subnets => generated 626 bytes in 773 msecs (HTTP/1.1 201) 4 headers in 162 bytes (1 switches on core 0) [pid: 8|app: 0|req: 427/830] 10.0.0.227 () {32 vars in 740 bytes} [Thu Apr 23 18:06:44 2026] DELETE /v2.0/security-groups/be66711d-f8ea-4115-988c-8916f946374b => generated 0 bytes in 275 msecs (HTTP/1.1 204) 2 headers in 112 bytes (1 switches on core 0)
2026-04-23 18:06:45.025 7 INFO neutron_taas.services.taas.taas_plugin [req-7d65f6aa-ffae-4625-949a-94c60077a381 req-cee4bce5-891e-41dd-a0c4-308b3315c188 22166fb24c274593a4aa5da847672677 7a730135dfc949b4872b44b08cd76c1b - - default default] TaaS: Handle Delete Port: ab6fcc27-4e73-4cf8-a667-8d938887fd11
2026-04-23 18:06:45.029 7 INFO neutron_taas.services.taas.tap_mirror_plugin [req-7d65f6aa-ffae-4625-949a-94c60077a381 req-cee4bce5-891e-41dd-a0c4-308b3315c188 22166fb24c274593a4aa5da847672677 7a730135dfc949b4872b44b08cd76c1b - - default default] Tap Mirror: Handle Delete Port: ab6fcc27-4e73-4cf8-a667-8d938887fd11
2026-04-23 18:06:45.131 8 INFO neutron_taas.services.taas.taas_plugin [None req-aadd5b50-6b95-4edd-98f3-8fff7573e494 d196e8a4f4d74f47a128c7f140fc4b46 96a14494b79e4d10a5c7d939049f90fe - - default default] TaaS: Handle Delete Port: f6a57951-0699-4968-b3d7-e7471dca708a
2026-04-23 18:06:45.134 8 INFO neutron_taas.services.taas.tap_mirror_plugin [None req-aadd5b50-6b95-4edd-98f3-8fff7573e494 d196e8a4f4d74f47a128c7f140fc4b46 96a14494b79e4d10a5c7d939049f90fe - - default default] Tap Mirror: Handle Delete Port: f6a57951-0699-4968-b3d7-e7471dca708a
2026-04-23 18:06:45.230 7 INFO neutron.db.l3_db [req-7d65f6aa-ffae-4625-949a-94c60077a381 req-cee4bce5-891e-41dd-a0c4-308b3315c188 22166fb24c274593a4aa5da847672677 7a730135dfc949b4872b44b08cd76c1b - - default default] Floating IP e52f16d5-ff72-4a3d-9056-2369b167a946 disassociated. External IP: 10.96.250.210, port: ab6fcc27-4e73-4cf8-a667-8d938887fd11. [pid: 8|app: 0|req: 428/831] 10.0.0.227 () {32 vars in 732 bytes} [Thu Apr 23 18:06:45 2026] DELETE /v2.0/floatingips/889087e6-8587-4b6a-8888-63bea6af2349 => generated 0 bytes in 307 msecs (HTTP/1.1 204) 2 headers in 112 bytes (1 switches on core 0) [pid: 7|app: 0|req: 404/832] 199.204.45.25 () {36 vars in 996 bytes} [Thu Apr 23 18:06:44 2026] DELETE /v2.0/ports/ab6fcc27-4e73-4cf8-a667-8d938887fd11 => generated 0 bytes in 549 msecs (HTTP/1.1 204) 3 headers in 131 bytes (1 switches on core 0) /var/lib/openstack/lib/python3.12/site-packages/pycadf/identifier.py:70: UserWarning: Invalid uuid: neutron. To ensure interoperability, identifiers should be a valid uuid. warnings.warn(('Invalid uuid: %s. To ensure interoperability, ' [pid: 7|app: 0|req: 405/833] 10.0.0.15 () {34 vars in 989 bytes} [Thu Apr 23 18:06:45 2026] GET /v2.0/ports?device_id=5f0dc8a9-e4ec-4930-955b-8dd6540b4189 => generated 12 bytes in 30 msecs (HTTP/1.1 200) 4 headers in 156 bytes (1 switches on core 0)
2026-04-23 18:06:45.433 7 INFO neutron.notifiers.nova [-] Nova event matching ['req-059a31e5-7285-4252-9f66-2f3ba9792a82'] response: {'server_uuid': '5f0dc8a9-e4ec-4930-955b-8dd6540b4189', 'name': 'network-vif-deleted', 'tag': 'ab6fcc27-4e73-4cf8-a667-8d938887fd11', 'status': 'completed', 'code': 200}
2026-04-23 18:06:45.541 8 WARNING neutron.scheduler.dhcp_agent_scheduler [None req-c40b4380-d523-4aea-9530-f65a8a1df3a6 b26ccdc133114eff91aa74ac54ff5683 c7f0a054e01749b0b26f0495f5541af8 - - default default] No more DHCP agents
2026-04-23 18:06:45.543 8 WARNING neutron.api.rpc.agentnotifiers.dhcp_rpc_agent_api [None req-c40b4380-d523-4aea-9530-f65a8a1df3a6 b26ccdc133114eff91aa74ac54ff5683 c7f0a054e01749b0b26f0495f5541af8 - - default default] Unable to schedule network d53ebf14-d767-4a21-9016-a81289b7f9b9: no agents available; will retry on subsequent port and subnet creation events.
2026-04-23 18:06:45.749 8 INFO neutron.notifiers.nova [-] Nova event matching ['req-364df176-72d3-44c4-bce1-d347c18c996e'] response: {'server_uuid': '5f0dc8a9-e4ec-4930-955b-8dd6540b4189', 'name': 'network-vif-unplugged', 'status': 'completed', 'tag': 'ab6fcc27-4e73-4cf8-a667-8d938887fd11', 'code': 200}
2026-04-23 18:06:45.757 7 INFO neutron_taas.services.taas.taas_plugin [None req-b0cfb8fb-012a-4613-86b9-7bd6562a2950 e714fcc2db1d4a689310441c1229550e 132ff615be5f4ecea2b4ef319f11074e - - default default] TaaS: Handle Delete Port: 89a50804-4d7d-445c-a3c1-e5edcf250aa3
2026-04-23 18:06:45.759 7 INFO neutron_taas.services.taas.tap_mirror_plugin [None req-b0cfb8fb-012a-4613-86b9-7bd6562a2950 e714fcc2db1d4a689310441c1229550e 132ff615be5f4ecea2b4ef319f11074e - - default default] Tap Mirror: Handle Delete Port: 89a50804-4d7d-445c-a3c1-e5edcf250aa3
2026-04-23 18:06:46.003 8 INFO neutron.db.ovn_revision_numbers_db [None req-ddd800dd-92e9-43be-9b49-0cefb70d222a - - - - - -] Successfully bumped revision number for resource c909e934-5e42-42a9-83c9-ae7500a43fdf (type: ports) to 2
2026-04-23 18:06:46.052 8 INFO neutron.db.ovn_revision_numbers_db [None req-ddd800dd-92e9-43be-9b49-0cefb70d222a - - - - - -] Successfully bumped revision number for resource e3ec9d31-ad26-4460-9f73-c5597f46f511 (type: subnets) to 0 [pid: 8|app: 0|req: 429/834] 10.0.0.227 () {34 vars in 669 bytes} [Thu Apr 23 18:06:45 2026] POST /v2.0/subnets => generated 626 bytes in 762 msecs (HTTP/1.1 201) 4 headers in 162 bytes (1 switches on core 0)
2026-04-23 18:06:46.190 8 INFO neutron.db.ovn_revision_numbers_db [None req-88633b63-0785-4b4b-9050-45d0e469fa77 b26ccdc133114eff91aa74ac54ff5683 c7f0a054e01749b0b26f0495f5541af8 - - default default] Successfully bumped revision number for resource 8e22abf1-9c5d-4659-957f-37c33b0b9cba (type: routers) to 1 [pid: 8|app: 0|req: 430/835] 10.0.0.227 () {34 vars in 669 bytes} [Thu Apr 23 18:06:46 2026] POST /v2.0/routers => generated 602 bytes in 127 msecs (HTTP/1.1 201) 4 headers in 162 bytes (1 switches on core 0)
2026-04-23 18:06:46.600 8 WARNING neutron.scheduler.dhcp_agent_scheduler [None req-5b5e3578-cd00-46b6-91d9-68f1c2446501 b26ccdc133114eff91aa74ac54ff5683 c7f0a054e01749b0b26f0495f5541af8 - - default default] No more DHCP agents
2026-04-23 18:06:46.601 8 WARNING neutron.api.rpc.agentnotifiers.dhcp_rpc_agent_api [None req-5b5e3578-cd00-46b6-91d9-68f1c2446501 b26ccdc133114eff91aa74ac54ff5683 c7f0a054e01749b0b26f0495f5541af8 - - default default] Unable to schedule network db032ce5-21a2-4875-ad0e-5688ac8152ce: no agents available; will retry on subsequent port and subnet creation events.
2026-04-23 18:06:46.758 8 INFO neutron.db.ovn_revision_numbers_db [None req-5b5e3578-cd00-46b6-91d9-68f1c2446501 b26ccdc133114eff91aa74ac54ff5683 c7f0a054e01749b0b26f0495f5541af8 - - default default] Successfully bumped revision number for resource df2230ea-2f5e-4d8b-8b8f-d07e16de0dc5 (type: ports) to 1
2026-04-23 18:06:46.815 7 INFO neutron.plugins.ml2.drivers.ovn.mech_driver.mech_driver [None req-0b39b1c8-9b66-474f-80d2-63c701ba28ca - - - - - -] OVN reports status down for port: df2230ea-2f5e-4d8b-8b8f-d07e16de0dc5 [pid: 7|app: 0|req: 406/836] 10.0.0.227 () {34 vars in 789 bytes} [Thu Apr 23 18:06:45 2026] PUT /v2.0/routers/06f235c8-9cfa-4c6d-a8fe-b79a971abeb9/remove_router_interface => generated 309 bytes in 1652 msecs (HTTP/1.1 200) 4 headers in 157 bytes (1 switches on core 0) /var/lib/openstack/lib/python3.12/site-packages/pycadf/identifier.py:70: UserWarning: Invalid uuid: neutron. To ensure interoperability, identifiers should be a valid uuid. warnings.warn(('Invalid uuid: %s. To ensure interoperability, ' [pid: 7|app: 0|req: 407/837] 10.0.0.15 () {34 vars in 989 bytes} [Thu Apr 23 18:06:47 2026] GET /v2.0/ports?device_id=5f0dc8a9-e4ec-4930-955b-8dd6540b4189 => generated 12 bytes in 28 msecs (HTTP/1.1 200) 4 headers in 156 bytes (1 switches on core 0)
2026-04-23 18:06:47.406 7 INFO neutron.db.ovn_revision_numbers_db [None req-9107f442-f315-4157-84d8-75fe1c955a1c e714fcc2db1d4a689310441c1229550e 132ff615be5f4ecea2b4ef319f11074e - - default default] Successfully bumped revision number for resource d932f36f-0601-455a-a979-c6f4e8f868b0 (type: security_groups) to 1
2026-04-23 18:06:47.419 7 INFO neutron.db.ovn_revision_numbers_db [None req-9107f442-f315-4157-84d8-75fe1c955a1c e714fcc2db1d4a689310441c1229550e 132ff615be5f4ecea2b4ef319f11074e - - default default] Successfully bumped revision number for resource 0feb1f8b-5cb2-4d78-9357-82b8ff26c714 (type: security_group_rules) to 0
2026-04-23 18:06:47.436 7 INFO neutron.db.ovn_revision_numbers_db [None req-9107f442-f315-4157-84d8-75fe1c955a1c e714fcc2db1d4a689310441c1229550e 132ff615be5f4ecea2b4ef319f11074e - - default default] Successfully bumped revision number for resource 9f9ff581-8a6a-4237-bc2f-3860d417c45d (type: security_group_rules) to 0
2026-04-23 18:06:47.449 7 INFO neutron.db.ovn_revision_numbers_db [None req-9107f442-f315-4157-84d8-75fe1c955a1c e714fcc2db1d4a689310441c1229550e 132ff615be5f4ecea2b4ef319f11074e - - default default] Successfully bumped revision number for resource d88382b5-9e33-4777-b657-29b70e6027f3 (type: security_group_rules) to 0
2026-04-23 18:06:47.462 7 INFO neutron.db.ovn_revision_numbers_db [None req-9107f442-f315-4157-84d8-75fe1c955a1c e714fcc2db1d4a689310441c1229550e 132ff615be5f4ecea2b4ef319f11074e - - default default] Successfully bumped revision number for resource dd6c382a-b128-41cd-b2cd-63d19d8021e2 (type: security_group_rules) to 0
2026-04-23 18:06:47.549 7 INFO neutron.db.segments_db [None req-9107f442-f315-4157-84d8-75fe1c955a1c e714fcc2db1d4a689310441c1229550e 132ff615be5f4ecea2b4ef319f11074e - - default default] Added segment ac97af9e-5a38-44b9-905d-9250daf9d7ac of type geneve for network 260c087e-bf0c-43f6-8293-d8be9c5d877b
2026-04-23 18:06:47.670 7 INFO neutron.db.ovn_revision_numbers_db [None req-9107f442-f315-4157-84d8-75fe1c955a1c e714fcc2db1d4a689310441c1229550e 132ff615be5f4ecea2b4ef319f11074e - - default default] Successfully bumped revision number for resource 260c087e-bf0c-43f6-8293-d8be9c5d877b (type: networks) to 1
2026-04-23 18:06:47.774 7 INFO neutron.plugins.ml2.drivers.ovn.mech_driver.mech_driver [None req-0b39b1c8-9b66-474f-80d2-63c701ba28ca - - - - - -] OVN reports status up for port: df2230ea-2f5e-4d8b-8b8f-d07e16de0dc5
2026-04-23 18:06:47.809 7 INFO neutron.plugins.ml2.plugin [None req-0b39b1c8-9b66-474f-80d2-63c701ba28ca - - - - - -] Attempt 1 to provision port df2230ea-2f5e-4d8b-8b8f-d07e16de0dc5
2026-04-23 18:06:47.810 8 INFO neutron.plugins.ml2.plugin [None req-5b5e3578-cd00-46b6-91d9-68f1c2446501 b26ccdc133114eff91aa74ac54ff5683 c7f0a054e01749b0b26f0495f5541af8 - - default default] Attempt 1 to provision port df2230ea-2f5e-4d8b-8b8f-d07e16de0dc5
2026-04-23 18:06:47.870 8 WARNING neutron.scheduler.dhcp_agent_scheduler [None req-5b5e3578-cd00-46b6-91d9-68f1c2446501 b26ccdc133114eff91aa74ac54ff5683 c7f0a054e01749b0b26f0495f5541af8 - - default default] No more DHCP agents
2026-04-23 18:06:47.873 8 WARNING neutron.api.rpc.agentnotifiers.dhcp_rpc_agent_api [None req-5b5e3578-cd00-46b6-91d9-68f1c2446501 b26ccdc133114eff91aa74ac54ff5683 c7f0a054e01749b0b26f0495f5541af8 - - default default] Unable to schedule network db032ce5-21a2-4875-ad0e-5688ac8152ce: no agents available; will retry on subsequent port and subnet creation events.
2026-04-23 18:06:47.937 7 WARNING neutron.scheduler.dhcp_agent_scheduler [None req-9107f442-f315-4157-84d8-75fe1c955a1c e714fcc2db1d4a689310441c1229550e 132ff615be5f4ecea2b4ef319f11074e - - default default] No more DHCP agents
2026-04-23 18:06:47.944 7 WARNING neutron.api.rpc.agentnotifiers.dhcp_rpc_agent_api [None req-9107f442-f315-4157-84d8-75fe1c955a1c e714fcc2db1d4a689310441c1229550e 132ff615be5f4ecea2b4ef319f11074e - - default default] Unable to schedule network 260c087e-bf0c-43f6-8293-d8be9c5d877b: no agents available; will retry on subsequent port and subnet creation events.
2026-04-23 18:06:48.057 8 INFO neutron.db.ovn_revision_numbers_db [None req-5b5e3578-cd00-46b6-91d9-68f1c2446501 b26ccdc133114eff91aa74ac54ff5683 c7f0a054e01749b0b26f0495f5541af8 - - default default] Successfully bumped revision number for resource df2230ea-2f5e-4d8b-8b8f-d07e16de0dc5 (type: router_ports) to 1 [pid: 8|app: 0|req: 431/838] 10.0.0.227 () {34 vars in 783 bytes} [Thu Apr 23 18:06:46 2026] PUT /v2.0/routers/8e22abf1-9c5d-4659-957f-37c33b0b9cba/add_router_interface => generated 309 bytes in 1854 msecs (HTTP/1.1 200) 4 headers in 157 bytes (1 switches on core 0)
2026-04-23 18:06:48.262 7 INFO neutron.db.ovn_revision_numbers_db [None req-9107f442-f315-4157-84d8-75fe1c955a1c e714fcc2db1d4a689310441c1229550e 132ff615be5f4ecea2b4ef319f11074e - - default default] Successfully bumped revision number for resource 8076cda5-1d6f-4429-b4d8-d08f9da350ee (type: ports) to 1 [pid: 7|app: 0|req: 408/839] 10.0.0.227 () {34 vars in 671 bytes} [Thu Apr 23 18:06:47 2026] POST /v2.0/networks => generated 767 bytes in 1211 msecs (HTTP/1.1 201) 4 headers in 162 bytes (1 switches on core 0)
2026-04-23 18:06:48.385 8 INFO neutron_taas.services.taas.taas_plugin [None req-d0b74dc4-075a-4c9c-ba95-293961bf7c08 e714fcc2db1d4a689310441c1229550e 132ff615be5f4ecea2b4ef319f11074e - - default default] TaaS: Handle Delete Port: 906462f9-c31f-4fa2-91f7-7cf8dd185399
2026-04-23 18:06:48.388 8 INFO neutron_taas.services.taas.tap_mirror_plugin [None req-d0b74dc4-075a-4c9c-ba95-293961bf7c08 e714fcc2db1d4a689310441c1229550e 132ff615be5f4ecea2b4ef319f11074e - - default default] Tap Mirror: Handle Delete Port: 906462f9-c31f-4fa2-91f7-7cf8dd185399 [pid: 7|app: 0|req: 409/840] 10.0.0.227 () {32 vars in 717 bytes} [Thu Apr 23 18:06:48 2026] GET /v2.0/ports/df2230ea-2f5e-4d8b-8b8f-d07e16de0dc5 => generated 943 bytes in 81 msecs (HTTP/1.1 200) 4 headers in 157 bytes (1 switches on core 0) [pid: 7|app: 0|req: 410/841] 10.0.0.15 () {34 vars in 989 bytes} [Thu Apr 23 18:06:48 2026] GET /v2.0/ports?device_id=5f0dc8a9-e4ec-4930-955b-8dd6540b4189 => generated 12 bytes in 41 msecs (HTTP/1.1 200) 4 headers in 156 bytes (1 switches on core 0)
2026-04-23 18:06:48.508 7 INFO neutron.db.ovn_revision_numbers_db [None req-0b39b1c8-9b66-474f-80d2-63c701ba28ca - - - - - -] Successfully bumped revision number for resource df2230ea-2f5e-4d8b-8b8f-d07e16de0dc5 (type: ports) to 2
2026-04-23 18:06:48.662 7 WARNING neutron.scheduler.dhcp_agent_scheduler [None req-07ac67f1-4d14-4d85-bdd3-33599cce4159 e714fcc2db1d4a689310441c1229550e 132ff615be5f4ecea2b4ef319f11074e - - default default] No more DHCP agents
2026-04-23 18:06:48.663 7 WARNING neutron.api.rpc.agentnotifiers.dhcp_rpc_agent_api [None req-07ac67f1-4d14-4d85-bdd3-33599cce4159 e714fcc2db1d4a689310441c1229550e 132ff615be5f4ecea2b4ef319f11074e - - default default] Unable to schedule network 260c087e-bf0c-43f6-8293-d8be9c5d877b: no agents available; will retry on subsequent port and subnet creation events. [pid: 8|app: 0|req: 432/842] 10.0.0.227 () {32 vars in 724 bytes} [Thu Apr 23 18:06:48 2026] DELETE /v2.0/routers/06f235c8-9cfa-4c6d-a8fe-b79a971abeb9 => generated 0 bytes in 714 msecs (HTTP/1.1 204) 2 headers in 112 bytes (1 switches on core 0)
2026-04-23 18:06:49.115 7 INFO neutron.db.ovn_revision_numbers_db [None req-c3d8be69-4cec-4367-991d-f32163496bee - - - - - -] Successfully bumped revision number for resource 8076cda5-1d6f-4429-b4d8-d08f9da350ee (type: ports) to 2
2026-04-23 18:06:49.141 7 INFO neutron.db.ovn_revision_numbers_db [None req-c3d8be69-4cec-4367-991d-f32163496bee - - - - - -] Successfully bumped revision number for resource 3a1fff49-9b9f-4031-bcb0-e5b5f42d0c13 (type: subnets) to 0 [pid: 7|app: 0|req: 411/843] 10.0.0.227 () {34 vars in 669 bytes} [Thu Apr 23 18:06:48 2026] POST /v2.0/subnets => generated 692 bytes in 715 msecs (HTTP/1.1 201) 4 headers in 162 bytes (1 switches on core 0)
2026-04-23 18:06:49.212 8 WARNING neutron.scheduler.dhcp_agent_scheduler [None req-b8ac5f5e-31c2-48e2-9d90-58de511336c9 b26ccdc133114eff91aa74ac54ff5683 c7f0a054e01749b0b26f0495f5541af8 - - default default] No more DHCP agents
2026-04-23 18:06:49.213 8 WARNING neutron.api.rpc.agentnotifiers.dhcp_rpc_agent_api [None req-b8ac5f5e-31c2-48e2-9d90-58de511336c9 b26ccdc133114eff91aa74ac54ff5683 c7f0a054e01749b0b26f0495f5541af8 - - default default] Unable to schedule network d53ebf14-d767-4a21-9016-a81289b7f9b9: no agents available; will retry on subsequent port and subnet creation events.
2026-04-23 18:06:49.323 8 INFO neutron.plugins.ml2.drivers.ovn.mech_driver.mech_driver [None req-2c40e7aa-a343-4e58-8b2f-0e9bcba967d7 - - - - - -] OVN reports status down for port: b89a7018-51a1-43cb-858b-1a0c6248d55c [pid: 7|app: 0|req: 412/844] 10.0.0.227 () {32 vars in 724 bytes} [Thu Apr 23 18:06:49 2026] DELETE /v2.0/subnets/f490ad5a-29e8-4544-b2e2-bc27d54e5f95 => generated 0 bytes in 173 msecs (HTTP/1.1 204) 3 headers in 131 bytes (1 switches on core 0)
2026-04-23 18:06:49.380 8 INFO neutron.db.ovn_revision_numbers_db [None req-b8ac5f5e-31c2-48e2-9d90-58de511336c9 b26ccdc133114eff91aa74ac54ff5683 c7f0a054e01749b0b26f0495f5541af8 - - default default] Successfully bumped revision number for resource b89a7018-51a1-43cb-858b-1a0c6248d55c (type: ports) to 1
2026-04-23 18:06:49.727 7 WARNING neutron.scheduler.dhcp_agent_scheduler [None req-a904a8c9-ae6a-4449-b708-542b4a8bc519 e714fcc2db1d4a689310441c1229550e 132ff615be5f4ecea2b4ef319f11074e - - default default] No more DHCP agents
2026-04-23 18:06:49.728 7 WARNING neutron.api.rpc.agentnotifiers.dhcp_rpc_agent_api [None req-a904a8c9-ae6a-4449-b708-542b4a8bc519 e714fcc2db1d4a689310441c1229550e 132ff615be5f4ecea2b4ef319f11074e - - default default] Unable to schedule network 04f452f9-1ee6-46d8-accc-d23dc078543b: no agents available; will retry on subsequent port and subnet creation events.
2026-04-23 18:06:49.851 7 INFO neutron.db.ovn_revision_numbers_db [None req-a904a8c9-ae6a-4449-b708-542b4a8bc519 e714fcc2db1d4a689310441c1229550e 132ff615be5f4ecea2b4ef319f11074e - - default default] Successfully bumped revision number for resource 88011814-9e14-4913-a97f-1b7381a9bbcb (type: ports) to 1
2026-04-23 18:06:49.871 8 INFO neutron.plugins.ml2.drivers.ovn.mech_driver.mech_driver [None req-2c40e7aa-a343-4e58-8b2f-0e9bcba967d7 - - - - - -] OVN reports status down for port: 88011814-9e14-4913-a97f-1b7381a9bbcb
2026-04-23 18:06:50.108 8 INFO neutron.plugins.ml2.drivers.ovn.mech_driver.mech_driver [None req-2c40e7aa-a343-4e58-8b2f-0e9bcba967d7 - - - - - -] OVN reports status up for port: b89a7018-51a1-43cb-858b-1a0c6248d55c
2026-04-23 18:06:50.137 8 INFO neutron.plugins.ml2.plugin [None req-2c40e7aa-a343-4e58-8b2f-0e9bcba967d7 - - - - - -] Attempt 1 to provision port b89a7018-51a1-43cb-858b-1a0c6248d55c
2026-04-23 18:06:50.249 8 WARNING neutron.scheduler.dhcp_agent_scheduler [None req-b8ac5f5e-31c2-48e2-9d90-58de511336c9 b26ccdc133114eff91aa74ac54ff5683 c7f0a054e01749b0b26f0495f5541af8 - - default default] No more DHCP agents
2026-04-23 18:06:50.256 8 WARNING neutron.api.rpc.agentnotifiers.dhcp_rpc_agent_api [None req-b8ac5f5e-31c2-48e2-9d90-58de511336c9 b26ccdc133114eff91aa74ac54ff5683 c7f0a054e01749b0b26f0495f5541af8 - - default default] Unable to schedule network d53ebf14-d767-4a21-9016-a81289b7f9b9: no agents available; will retry on subsequent port and subnet creation events.
2026-04-23 18:06:50.491 7 INFO neutron.plugins.ml2.drivers.ovn.mech_driver.ovsdb.commands [None req-16001f22-ceb9-40e2-9034-cac03fe78d91 - - - - - -] Schedule LRP lrp-88011814-9e14-4913-a97f-1b7381a9bbcb on gateway f31447b9-77ff-4099-94eb-efcd41cbd2f2 with priority 1
2026-04-23 18:06:50.520 7 INFO neutron.plugins.ml2.drivers.ovn.mech_driver.ovsdb.ovsdb_monitor [None req-900afd13-f96f-49ae-a8c8-34e647f8eff5 - - - - - -] Router 7d8fd264-a63d-40cf-857a-82aed6e9d2bd is bound to host instance
2026-04-23 18:06:50.635 7 INFO neutron.db.ovn_revision_numbers_db [None req-a904a8c9-ae6a-4449-b708-542b4a8bc519 e714fcc2db1d4a689310441c1229550e 132ff615be5f4ecea2b4ef319f11074e - - default default] Successfully bumped revision number for resource 88011814-9e14-4913-a97f-1b7381a9bbcb (type: router_ports) to 1
2026-04-23 18:06:50.757 8 INFO neutron.db.ovn_revision_numbers_db [None req-b8ac5f5e-31c2-48e2-9d90-58de511336c9 b26ccdc133114eff91aa74ac54ff5683 c7f0a054e01749b0b26f0495f5541af8 - - default default] Successfully bumped revision number for resource b89a7018-51a1-43cb-858b-1a0c6248d55c (type: router_ports) to 1 [pid: 8|app: 0|req: 433/845] 10.0.0.227 () {34 vars in 783 bytes} [Thu Apr 23 18:06:48 2026] PUT /v2.0/routers/8e22abf1-9c5d-4659-957f-37c33b0b9cba/add_router_interface => generated 309 bytes in 1988 msecs (HTTP/1.1 200) 4 headers in 157 bytes (1 switches on core 0)
2026-04-23 18:06:50.772 7 INFO neutron.db.ovn_revision_numbers_db [None req-a904a8c9-ae6a-4449-b708-542b4a8bc519 e714fcc2db1d4a689310441c1229550e 132ff615be5f4ecea2b4ef319f11074e - - default default] Successfully bumped revision number for resource 7d8fd264-a63d-40cf-857a-82aed6e9d2bd (type: routers) to 2 [pid: 7|app: 0|req: 413/846] 10.0.0.227 () {34 vars in 669 bytes} [Thu Apr 23 18:06:49 2026] POST /v2.0/routers => generated 970 bytes in 1480 msecs (HTTP/1.1 201) 4 headers in 162 bytes (1 switches on core 0)
2026-04-23 18:06:50.913 8 INFO neutron.db.ovn_revision_numbers_db [None req-2c40e7aa-a343-4e58-8b2f-0e9bcba967d7 - - - - - -] Successfully bumped revision number for resource b89a7018-51a1-43cb-858b-1a0c6248d55c (type: ports) to 2
2026-04-23 18:06:51.096 8 INFO neutron_taas.services.taas.taas_plugin [None req-458d339e-8c66-42dd-bdbc-4b0784fc3270 e714fcc2db1d4a689310441c1229550e 132ff615be5f4ecea2b4ef319f11074e - - default default] TaaS: Handle Delete Port: b34597d1-2a7b-4387-8cd8-f43ea675bca1
2026-04-23 18:06:51.106 8 INFO neutron_taas.services.taas.tap_mirror_plugin [None req-458d339e-8c66-42dd-bdbc-4b0784fc3270 e714fcc2db1d4a689310441c1229550e 132ff615be5f4ecea2b4ef319f11074e - - default default] Tap Mirror: Handle Delete Port: b34597d1-2a7b-4387-8cd8-f43ea675bca1 [pid: 7|app: 0|req: 414/847] 10.0.0.227 () {32 vars in 740 bytes} [Thu Apr 23 18:06:50 2026] DELETE /v2.0/security-groups/2ed834bd-7ff3-4f4e-960c-b848428b8b18 => generated 0 bytes in 327 msecs (HTTP/1.1 204) 2 headers in 112 bytes (1 switches on core 0) [pid: 7|app: 0|req: 415/848] 10.0.0.227 () {32 vars in 717 bytes} [Thu Apr 23 18:06:51 2026] GET /v2.0/ports/b89a7018-51a1-43cb-858b-1a0c6248d55c => generated 943 bytes in 147 msecs (HTTP/1.1 200) 4 headers in 157 bytes (1 switches on core 0)
2026-04-23 18:06:51.299 8 INFO neutron.services.segments.plugin [-] Segment 8d43b762-3dd0-47c7-87f7-fa85999dd68a resource provider aggregate not found
2026-04-23 18:06:51.303 8 INFO neutron.services.segments.plugin [-] Segment 8d43b762-3dd0-47c7-87f7-fa85999dd68a resource provider aggregate not found
2026-04-23 18:06:51.319 8 INFO neutron.services.segments.plugin [-] Segment 8d43b762-3dd0-47c7-87f7-fa85999dd68a resource provider not found; error: Placement Client Error (4xx): {"errors": [{"status": 404, "title": "Not Found", "detail": "The resource could not be found.\n\n No resource provider with uuid 8d43b762-3dd0-47c7-87f7-fa85999dd68a found for delete ", "request_id": "req-9dafdaff-504b-41bc-9607-1a52867f81e5"}]}
2026-04-23 18:06:51.327 8 INFO neutron.services.segments.plugin [-] Segment 8d43b762-3dd0-47c7-87f7-fa85999dd68a resource provider not found; error: Placement Client Error (4xx): {"errors": [{"status": 404, "title": "Not Found", "detail": "The resource could not be found.\n\n No resource provider with uuid 8d43b762-3dd0-47c7-87f7-fa85999dd68a found for delete ", "request_id": "req-4075b28a-9bdb-491d-9e11-6bc38a311769"}]} [pid: 8|app: 0|req: 434/849] 10.0.0.227 () {32 vars in 726 bytes} [Thu Apr 23 18:06:50 2026] DELETE /v2.0/networks/97eacafa-291d-487d-bb34-ef7f0d5e354d => generated 0 bytes in 576 msecs (HTTP/1.1 204) 3 headers in 131 bytes (1 switches on core 0)
2026-04-23 18:06:51.355 8 INFO neutron.api.v2.resource [None req-78de8b60-4af0-4271-807f-f035dd13fd40 22166fb24c274593a4aa5da847672677 7a730135dfc949b4872b44b08cd76c1b - - default default] show failed (client error): The resource could not be found. [pid: 8|app: 0|req: 435/850] 10.0.0.227 () {32 vars in 737 bytes} [Thu Apr 23 18:06:51 2026] GET /v2.0/security-groups/2ed834bd-7ff3-4f4e-960c-b848428b8b18 => generated 146 bytes in 13 msecs (HTTP/1.1 404) 4 headers in 164 bytes (1 switches on core 0) [pid: 8|app: 0|req: 436/851] 10.0.0.227 () {32 vars in 717 bytes} [Thu Apr 23 18:06:51 2026] GET /v2.0/ports/b89a7018-51a1-43cb-858b-1a0c6248d55c => generated 943 bytes in 76 msecs (HTTP/1.1 200) 4 headers in 157 bytes (1 switches on core 0)
2026-04-23 18:06:51.562 8 INFO neutron_taas.services.taas.taas_plugin [None req-fbd17e3d-7afc-4718-8940-59f2638d41dc 22166fb24c274593a4aa5da847672677 7a730135dfc949b4872b44b08cd76c1b - - default default] TaaS: Handle Delete Port: 2038d7c6-a195-4c43-8f5e-4a5fe396f93f
2026-04-23 18:06:51.565 8 INFO neutron_taas.services.taas.tap_mirror_plugin [None req-fbd17e3d-7afc-4718-8940-59f2638d41dc 22166fb24c274593a4aa5da847672677 7a730135dfc949b4872b44b08cd76c1b - - default default] Tap Mirror: Handle Delete Port: 2038d7c6-a195-4c43-8f5e-4a5fe396f93f [pid: 8|app: 0|req: 437/852] 10.0.0.227 () {32 vars in 732 bytes} [Thu Apr 23 18:06:51 2026] DELETE /v2.0/floatingips/e52f16d5-ff72-4a3d-9056-2369b167a946 => generated 0 bytes in 292 msecs (HTTP/1.1 204) 2 headers in 112 bytes (1 switches on core 0)
2026-04-23 18:06:52.013 8 INFO neutron_taas.services.taas.taas_plugin [None req-a0be4bf8-2734-4b22-a3f4-579f0c7af16d b26ccdc133114eff91aa74ac54ff5683 c7f0a054e01749b0b26f0495f5541af8 - - default default] TaaS: Handle Delete Port: b89a7018-51a1-43cb-858b-1a0c6248d55c
2026-04-23 18:06:52.016 8 INFO neutron_taas.services.taas.tap_mirror_plugin [None req-a0be4bf8-2734-4b22-a3f4-579f0c7af16d b26ccdc133114eff91aa74ac54ff5683 c7f0a054e01749b0b26f0495f5541af8 - - default default] Tap Mirror: Handle Delete Port: b89a7018-51a1-43cb-858b-1a0c6248d55c
2026-04-23 18:06:52.115 7 WARNING neutron.scheduler.dhcp_agent_scheduler [None req-119ac9da-6328-4c90-930e-f7811a491b98 e714fcc2db1d4a689310441c1229550e 132ff615be5f4ecea2b4ef319f11074e - - default default] No more DHCP agents
2026-04-23 18:06:52.116 7 WARNING neutron.api.rpc.agentnotifiers.dhcp_rpc_agent_api [None req-119ac9da-6328-4c90-930e-f7811a491b98 e714fcc2db1d4a689310441c1229550e 132ff615be5f4ecea2b4ef319f11074e - - default default] Unable to schedule network 260c087e-bf0c-43f6-8293-d8be9c5d877b: no agents available; will retry on subsequent port and subnet creation events.
2026-04-23 18:06:52.178 7 INFO neutron.db.ovn_revision_numbers_db [None req-48425dba-d546-4ce1-a0fa-2f8ffffeba9e - - - - - -] Successfully bumped revision number for resource 88011814-9e14-4913-a97f-1b7381a9bbcb (type: ports) to 4
2026-04-23 18:06:52.445 7 INFO neutron.db.ovn_revision_numbers_db [None req-119ac9da-6328-4c90-930e-f7811a491b98 e714fcc2db1d4a689310441c1229550e 132ff615be5f4ecea2b4ef319f11074e - - default default] Successfully bumped revision number for resource 8131f5ac-31b7-43eb-8c8c-aeebae183033 (type: ports) to 1 [pid: 8|app: 0|req: 438/853] 10.0.0.227 () {34 vars in 789 bytes} [Thu Apr 23 18:06:51 2026] PUT /v2.0/routers/8e22abf1-9c5d-4659-957f-37c33b0b9cba/remove_router_interface => generated 309 bytes in 724 msecs (HTTP/1.1 200) 4 headers in 157 bytes (1 switches on core 0) /var/lib/openstack/lib/python3.12/site-packages/pycadf/identifier.py:70: UserWarning: Invalid uuid: neutron. To ensure interoperability, identifiers should be a valid uuid. warnings.warn(('Invalid uuid: %s. To ensure interoperability, ' [pid: 8|app: 0|req: 439/854] 10.0.0.227 () {32 vars in 774 bytes} [Thu Apr 23 18:06:52 2026] GET /v2.0/security-groups?tenant_id=96a14494b79e4d10a5c7d939049f90fe&name=default => generated 2925 bytes in 35 msecs (HTTP/1.1 200) 4 headers in 158 bytes (1 switches on core 0)
2026-04-23 18:06:52.817 7 INFO neutron.db.ovn_revision_numbers_db [None req-48425dba-d546-4ce1-a0fa-2f8ffffeba9e - - - - - -] Successfully bumped revision number for resource 88011814-9e14-4913-a97f-1b7381a9bbcb (type: ports) to 5
2026-04-23 18:06:52.845 8 INFO neutron_taas.services.taas.taas_plugin [None req-f7668803-1810-4eab-8544-0c69681057c2 e714fcc2db1d4a689310441c1229550e 132ff615be5f4ecea2b4ef319f11074e - - default default] TaaS: Handle Delete Port: 37d51730-7055-4e2b-abac-e24208e1da02
2026-04-23 18:06:52.850 8 INFO neutron_taas.services.taas.tap_mirror_plugin [None req-f7668803-1810-4eab-8544-0c69681057c2 e714fcc2db1d4a689310441c1229550e 132ff615be5f4ecea2b4ef319f11074e - - default default] Tap Mirror: Handle Delete Port: 37d51730-7055-4e2b-abac-e24208e1da02
2026-04-23 18:06:53.418 7 WARNING neutron.scheduler.dhcp_agent_scheduler [None req-119ac9da-6328-4c90-930e-f7811a491b98 e714fcc2db1d4a689310441c1229550e 132ff615be5f4ecea2b4ef319f11074e - - default default] No more DHCP agents
