2026-04-23 18:09:26.375 7 INFO neutron.db.ovn_revision_numbers_db [None req-36cb681e-a969-4244-83cb-469fac7a3d8f - - - - - -] Successfully bumped revision number for resource 92300201-fb4a-44ce-9b4a-f5901f0a1931 (type: subnets) to 0 [pid: 7|app: 0|req: 969/2032] 10.0.0.227 () {34 vars in 669 bytes} [Thu Apr 23 18:09:25 2026] POST /v2.0/subnets => generated 626 bytes in 703 msecs (HTTP/1.1 201) 4 headers in 162 bytes (1 switches on core 0) [pid: 7|app: 0|req: 970/2033] 10.0.0.227 () {32 vars in 729 bytes} [Thu Apr 23 18:09:26 2026] GET /v2.0/trunks/79de176b-d298-47b6-95fe-ac1d2e0b4390/tags => generated 25 bytes in 22 msecs (HTTP/1.1 200) 4 headers in 156 bytes (1 switches on core 0) [pid: 8|app: 0|req: 1064/2036] 10.0.0.227 () {32 vars in 740 bytes} [Thu Apr 23 18:09:26 2026] DELETE /v2.0/security-groups/3724260a-5252-4cf9-8732-c4cbaa97a58a => generated 0 bytes in 236 msecs (HTTP/1.1 204) 2 headers in 112 bytes (1 switches on core 0) [pid: 8|app: 0|req: 1065/2037] 10.0.0.227 () {34 vars in 751 bytes} [Thu Apr 23 18:09:26 2026] PUT /v2.0/subnets/92300201-fb4a-44ce-9b4a-f5901f0a1931/tags => generated 25 bytes in 75 msecs (HTTP/1.1 200) 4 headers in 156 bytes (1 switches on core 0) [pid: 8|app: 0|req: 1066/2038] 10.0.0.227 () {34 vars in 760 bytes} [Thu Apr 23 18:09:26 2026] PUT /v2.0/trunks/79de176b-d298-47b6-95fe-ac1d2e0b4390/tags/green => generated 4 bytes in 42 msecs (HTTP/1.1 201) 4 headers in 160 bytes (1 switches on core 0) [pid: 8|app: 0|req: 1067/2039] 10.0.0.227 () {32 vars in 731 bytes} [Thu Apr 23 18:09:26 2026] GET /v2.0/subnets/92300201-fb4a-44ce-9b4a-f5901f0a1931/tags => generated 25 bytes in 42 msecs (HTTP/1.1 200) 4 headers in 156 bytes (1 switches on core 0) [pid: 8|app: 0|req: 1068/2040] 10.0.0.227 () {32 vars in 729 bytes} [Thu Apr 23 18:09:26 2026] GET /v2.0/trunks/79de176b-d298-47b6-95fe-ac1d2e0b4390/tags => generated 34 bytes in 19 msecs (HTTP/1.1 200) 4 headers in 156 bytes (1 switches on core 0) [pid: 8|app: 0|req: 1069/2041] 10.0.0.227 () {34 vars in 762 bytes} [Thu Apr 23 18:09:26 2026] PUT /v2.0/subnets/92300201-fb4a-44ce-9b4a-f5901f0a1931/tags/green => generated 4 bytes in 62 msecs (HTTP/1.1 201) 4 headers in 160 bytes (1 switches on core 0)
2026-04-23 18:09:26.810 7 WARNING neutron.scheduler.dhcp_agent_scheduler [None req-1f9a0c49-e147-420d-b58f-ee95b0d932d2 e714fcc2db1d4a689310441c1229550e 132ff615be5f4ecea2b4ef319f11074e - - default default] No more DHCP agents
2026-04-23 18:09:26.812 7 WARNING neutron.api.rpc.agentnotifiers.dhcp_rpc_agent_api [None req-1f9a0c49-e147-420d-b58f-ee95b0d932d2 e714fcc2db1d4a689310441c1229550e 132ff615be5f4ecea2b4ef319f11074e - - default default] Unable to schedule network 04f452f9-1ee6-46d8-accc-d23dc078543b: no agents available; will retry on subsequent port and subnet creation events. [pid: 8|app: 0|req: 1070/2042] 10.0.0.227 () {34 vars in 756 bytes} [Thu Apr 23 18:09:26 2026] PUT /v2.0/trunks/79de176b-d298-47b6-95fe-ac1d2e0b4390/tags/red => generated 4 bytes in 33 msecs (HTTP/1.1 201) 4 headers in 160 bytes (1 switches on core 0) [pid: 8|app: 0|req: 1071/2043] 10.0.0.227 () {32 vars in 731 bytes} [Thu Apr 23 18:09:26 2026] GET /v2.0/subnets/92300201-fb4a-44ce-9b4a-f5901f0a1931/tags => generated 34 bytes in 29 msecs (HTTP/1.1 200) 4 headers in 156 bytes (1 switches on core 0) [pid: 8|app: 0|req: 1072/2044] 10.0.0.227 () {32 vars in 729 bytes} [Thu Apr 23 18:09:26 2026] GET /v2.0/trunks/79de176b-d298-47b6-95fe-ac1d2e0b4390/tags => generated 34 bytes in 21 msecs (HTTP/1.1 200) 4 headers in 156 bytes (1 switches on core 0)
2026-04-23 18:09:26.920 8 INFO neutron.plugins.ml2.drivers.ovn.mech_driver.mech_driver [None req-43a85fe0-bca4-46b7-bbd3-213224439598 - - - - - -] OVN reports status down for port: 09447125-dfc0-4153-938c-50b0c60334cd
2026-04-23 18:09:26.942 7 INFO neutron.db.ovn_revision_numbers_db [None req-1f9a0c49-e147-420d-b58f-ee95b0d932d2 e714fcc2db1d4a689310441c1229550e 132ff615be5f4ecea2b4ef319f11074e - - default default] Successfully bumped revision number for resource 09447125-dfc0-4153-938c-50b0c60334cd (type: ports) to 1 [pid: 8|app: 0|req: 1073/2045] 10.0.0.227 () {34 vars in 758 bytes} [Thu Apr 23 18:09:26 2026] PUT /v2.0/subnets/92300201-fb4a-44ce-9b4a-f5901f0a1931/tags/red => generated 4 bytes in 100 msecs (HTTP/1.1 201) 4 headers in 160 bytes (1 switches on core 0) [pid: 8|app: 0|req: 1074/2046] 10.0.0.227 () {34 vars in 778 bytes} [Thu Apr 23 18:09:26 2026] PUT /v2.0/trunks/79de176b-d298-47b6-95fe-ac1d2e0b4390/tags/black.or.white => generated 4 bytes in 63 msecs (HTTP/1.1 201) 4 headers in 160 bytes (1 switches on core 0) [pid: 8|app: 0|req: 1075/2047] 10.0.0.227 () {32 vars in 731 bytes} [Thu Apr 23 18:09:27 2026] GET /v2.0/subnets/92300201-fb4a-44ce-9b4a-f5901f0a1931/tags => generated 34 bytes in 35 msecs (HTTP/1.1 200) 4 headers in 156 bytes (1 switches on core 0) [pid: 8|app: 0|req: 1076/2048] 10.0.0.227 () {32 vars in 729 bytes} [Thu Apr 23 18:09:27 2026] GET /v2.0/trunks/79de176b-d298-47b6-95fe-ac1d2e0b4390/tags => generated 52 bytes in 21 msecs (HTTP/1.1 200) 4 headers in 156 bytes (1 switches on core 0) [pid: 8|app: 0|req: 1077/2049] 10.0.0.227 () {34 vars in 780 bytes} [Thu Apr 23 18:09:27 2026] PUT /v2.0/subnets/92300201-fb4a-44ce-9b4a-f5901f0a1931/tags/black.or.white => generated 4 bytes in 61 msecs (HTTP/1.1 201) 4 headers in 160 bytes (1 switches on core 0) [pid: 8|app: 0|req: 1078/2050] 10.0.0.227 () {34 vars in 749 bytes} [Thu Apr 23 18:09:27 2026] PUT /v2.0/trunks/79de176b-d298-47b6-95fe-ac1d2e0b4390/tags => generated 37 bytes in 34 msecs (HTTP/1.1 200) 4 headers in 156 bytes (1 switches on core 0) [pid: 8|app: 0|req: 1079/2051] 10.0.0.227 () {32 vars in 731 bytes} [Thu Apr 23 18:09:27 2026] GET /v2.0/subnets/92300201-fb4a-44ce-9b4a-f5901f0a1931/tags => generated 52 bytes in 42 msecs (HTTP/1.1 200) 4 headers in 156 bytes (1 switches on core 0) [pid: 8|app: 0|req: 1080/2052] 10.0.0.227 () {32 vars in 729 bytes} [Thu Apr 23 18:09:27 2026] GET /v2.0/trunks/79de176b-d298-47b6-95fe-ac1d2e0b4390/tags => generated 37 bytes in 19 msecs (HTTP/1.1 200) 4 headers in 156 bytes (1 switches on core 0) [pid: 8|app: 0|req: 1081/2053] 10.0.0.227 () {34 vars in 751 bytes} [Thu Apr 23 18:09:27 2026] PUT /v2.0/subnets/92300201-fb4a-44ce-9b4a-f5901f0a1931/tags => generated 37 bytes in 60 msecs (HTTP/1.1 200) 4 headers in 156 bytes (1 switches on core 0) [pid: 8|app: 0|req: 1082/2054] 10.0.0.227 () {32 vars in 737 bytes} [Thu Apr 23 18:09:27 2026] GET /v2.0/trunks/79de176b-d298-47b6-95fe-ac1d2e0b4390/tags/red => generated 0 bytes in 21 msecs (HTTP/1.1 204) 2 headers in 112 bytes (1 switches on core 0) [pid: 8|app: 0|req: 1083/2055] 10.0.0.227 () {32 vars in 731 bytes} [Thu Apr 23 18:09:27 2026] GET /v2.0/subnets/92300201-fb4a-44ce-9b4a-f5901f0a1931/tags => generated 37 bytes in 38 msecs (HTTP/1.1 200) 4 headers in 156 bytes (1 switches on core 0)
2026-04-23 18:09:27.387 8 INFO neutron.api.v2.resource [None req-72da310c-f041-4a96-aa46-0f4b14b1da7e 67e0b0c4cdf540dfa7436f03653146fa 3b3996f0b4ac4e97b4eb7b249af05391 - - default default] show failed (client error): The resource could not be found. [pid: 8|app: 0|req: 1084/2056] 10.0.0.227 () {32 vars in 741 bytes} [Thu Apr 23 18:09:27 2026] GET /v2.0/trunks/79de176b-d298-47b6-95fe-ac1d2e0b4390/tags/green => generated 99 bytes in 20 msecs (HTTP/1.1 404) 4 headers in 163 bytes (1 switches on core 0) [pid: 8|app: 0|req: 1085/2057] 10.0.0.227 () {32 vars in 739 bytes} [Thu Apr 23 18:09:27 2026] GET /v2.0/subnets/92300201-fb4a-44ce-9b4a-f5901f0a1931/tags/red => generated 0 bytes in 30 msecs (HTTP/1.1 204) 2 headers in 112 bytes (1 switches on core 0)
2026-04-23 18:09:27.439 7 INFO neutron.plugins.ml2.drivers.ovn.mech_driver.ovsdb.commands [None req-16001f22-ceb9-40e2-9034-cac03fe78d91 - - - - - -] Schedule LRP lrp-09447125-dfc0-4153-938c-50b0c60334cd on gateway f31447b9-77ff-4099-94eb-efcd41cbd2f2 with priority 1
2026-04-23 18:09:27.465 8 INFO neutron.plugins.ml2.drivers.ovn.mech_driver.mech_driver [None req-43a85fe0-bca4-46b7-bbd3-213224439598 - - - - - -] OVN reports status up for port: 09447125-dfc0-4153-938c-50b0c60334cd
2026-04-23 18:09:27.496 8 INFO neutron.plugins.ml2.plugin [None req-43a85fe0-bca4-46b7-bbd3-213224439598 - - - - - -] Attempt 1 to provision port 09447125-dfc0-4153-938c-50b0c60334cd
2026-04-23 18:09:27.500 7 INFO neutron.db.ovn_revision_numbers_db [None req-1f9a0c49-e147-420d-b58f-ee95b0d932d2 e714fcc2db1d4a689310441c1229550e 132ff615be5f4ecea2b4ef319f11074e - - default default] Successfully bumped revision number for resource 09447125-dfc0-4153-938c-50b0c60334cd (type: router_ports) to 1 [pid: 8|app: 0|req: 1086/2058] 10.0.0.227 () {32 vars in 740 bytes} [Thu Apr 23 18:09:27 2026] DELETE /v2.0/trunks/79de176b-d298-47b6-95fe-ac1d2e0b4390/tags/red => generated 0 bytes in 83 msecs (HTTP/1.1 204) 2 headers in 112 bytes (1 switches on core 0)
2026-04-23 18:09:27.534 7 INFO neutron.plugins.ml2.drivers.ovn.mech_driver.ovsdb.ovsdb_monitor [None req-f761371d-c3a4-4d47-813a-a5cfa4c5c5d8 - - - - - -] Router e0f74d8f-a21f-47b6-908e-a728da54c9dd is bound to host instance
2026-04-23 18:09:27.587 8 INFO neutron.api.v2.resource [None req-bd85f262-e3da-4f2b-9b52-0be7044931ae 9271f52cb84744f1810f435cb5f6a103 f545afd4c90b43518950d6538cd7a5ad - - default default] show failed (client error): The resource could not be found. [pid: 8|app: 0|req: 1087/2059] 10.0.0.227 () {32 vars in 743 bytes} [Thu Apr 23 18:09:27 2026] GET /v2.0/subnets/92300201-fb4a-44ce-9b4a-f5901f0a1931/tags/green => generated 99 bytes in 86 msecs (HTTP/1.1 404) 4 headers in 163 bytes (1 switches on core 0) [pid: 8|app: 0|req: 1088/2060] 10.0.0.227 () {32 vars in 729 bytes} [Thu Apr 23 18:09:27 2026] GET /v2.0/trunks/79de176b-d298-47b6-95fe-ac1d2e0b4390/tags => generated 30 bytes in 33 msecs (HTTP/1.1 200) 4 headers in 156 bytes (1 switches on core 0)
2026-04-23 18:09:27.642 7 INFO neutron.db.ovn_revision_numbers_db [None req-1f9a0c49-e147-420d-b58f-ee95b0d932d2 e714fcc2db1d4a689310441c1229550e 132ff615be5f4ecea2b4ef319f11074e - - default default] Successfully bumped revision number for resource e0f74d8f-a21f-47b6-908e-a728da54c9dd (type: routers) to 2 [pid: 8|app: 0|req: 1089/2061] 10.0.0.227 () {32 vars in 742 bytes} [Thu Apr 23 18:09:27 2026] DELETE /v2.0/subnets/92300201-fb4a-44ce-9b4a-f5901f0a1931/tags/red => generated 0 bytes in 58 msecs (HTTP/1.1 204) 2 headers in 112 bytes (1 switches on core 0) [pid: 7|app: 0|req: 973/2062] 10.0.0.227 () {34 vars in 669 bytes} [Thu Apr 23 18:09:26 2026] POST /v2.0/routers => generated 966 bytes in 1266 msecs (HTTP/1.1 201) 4 headers in 162 bytes (1 switches on core 0)
2026-04-23 18:09:27.714 8 INFO neutron.api.v2.resource [None req-76b1920d-6608-42b2-9287-23b67a218cbf 67e0b0c4cdf540dfa7436f03653146fa 3b3996f0b4ac4e97b4eb7b249af05391 - - default default] delete failed (client error): The resource could not be found. [pid: 8|app: 0|req: 1090/2063] 10.0.0.227 () {32 vars in 744 bytes} [Thu Apr 23 18:09:27 2026] DELETE /v2.0/trunks/79de176b-d298-47b6-95fe-ac1d2e0b4390/tags/green => generated 99 bytes in 33 msecs (HTTP/1.1 404) 4 headers in 163 bytes (1 switches on core 0) [pid: 7|app: 0|req: 974/2064] 10.0.0.227 () {32 vars in 731 bytes} [Thu Apr 23 18:09:27 2026] GET /v2.0/subnets/92300201-fb4a-44ce-9b4a-f5901f0a1931/tags => generated 30 bytes in 107 msecs (HTTP/1.1 200) 4 headers in 156 bytes (1 switches on core 0) [pid: 7|app: 0|req: 975/2065] 10.0.0.227 () {32 vars in 732 bytes} [Thu Apr 23 18:09:27 2026] DELETE /v2.0/trunks/79de176b-d298-47b6-95fe-ac1d2e0b4390/tags => generated 0 bytes in 74 msecs (HTTP/1.1 204) 2 headers in 112 bytes (1 switches on core 0)
2026-04-23 18:09:27.954 7 INFO neutron.api.v2.resource [None req-bbb473c4-42a5-4a53-ace0-98b49567291c 9271f52cb84744f1810f435cb5f6a103 f545afd4c90b43518950d6538cd7a5ad - - default default] delete failed (client error): The resource could not be found. [pid: 7|app: 0|req: 976/2066] 10.0.0.227 () {32 vars in 746 bytes} [Thu Apr 23 18:09:27 2026] DELETE /v2.0/subnets/92300201-fb4a-44ce-9b4a-f5901f0a1931/tags/green => generated 99 bytes in 89 msecs (HTTP/1.1 404) 4 headers in 163 bytes (1 switches on core 0) [pid: 7|app: 0|req: 977/2067] 10.0.0.227 () {32 vars in 729 bytes} [Thu Apr 23 18:09:27 2026] GET /v2.0/trunks/79de176b-d298-47b6-95fe-ac1d2e0b4390/tags => generated 12 bytes in 27 msecs (HTTP/1.1 200) 4 headers in 156 bytes (1 switches on core 0) [pid: 7|app: 0|req: 978/2068] 10.0.0.227 () {32 vars in 734 bytes} [Thu Apr 23 18:09:27 2026] DELETE /v2.0/subnets/92300201-fb4a-44ce-9b4a-f5901f0a1931/tags => generated 0 bytes in 84 msecs (HTTP/1.1 204) 2 headers in 112 bytes (1 switches on core 0) [pid: 7|app: 0|req: 979/2069] 10.0.0.227 () {32 vars in 719 bytes} [Thu Apr 23 18:09:28 2026] GET /v2.0/trunks/79de176b-d298-47b6-95fe-ac1d2e0b4390 => generated 409 bytes in 28 msecs (HTTP/1.1 200) 4 headers in 157 bytes (1 switches on core 0) [pid: 7|app: 0|req: 980/2070] 10.0.0.227 () {32 vars in 731 bytes} [Thu Apr 23 18:09:28 2026] GET /v2.0/subnets/92300201-fb4a-44ce-9b4a-f5901f0a1931/tags => generated 12 bytes in 55 msecs (HTTP/1.1 200) 4 headers in 156 bytes (1 switches on core 0)
2026-04-23 18:09:28.200 8 WARNING neutron.scheduler.dhcp_agent_scheduler [None req-741f2516-d092-43e2-bd3b-5aa36a74a319 e714fcc2db1d4a689310441c1229550e 132ff615be5f4ecea2b4ef319f11074e - - default default] No more DHCP agents
2026-04-23 18:09:28.202 8 WARNING neutron.api.rpc.agentnotifiers.dhcp_rpc_agent_api [None req-741f2516-d092-43e2-bd3b-5aa36a74a319 e714fcc2db1d4a689310441c1229550e 132ff615be5f4ecea2b4ef319f11074e - - default default] Unable to schedule network 8961ac55-d88a-4b5c-93b4-9ad9450d74d5: no agents available; will retry on subsequent port and subnet creation events. [pid: 7|app: 0|req: 981/2071] 10.0.0.227 () {32 vars in 717 bytes} [Thu Apr 23 18:09:28 2026] GET /v2.0/ports/59ab42df-4e84-46ab-b75c-5c17decdd920 => generated 826 bytes in 101 msecs (HTTP/1.1 200) 4 headers in 157 bytes (1 switches on core 0)
2026-04-23 18:09:28.367 8 INFO neutron.db.ovn_revision_numbers_db [None req-741f2516-d092-43e2-bd3b-5aa36a74a319 e714fcc2db1d4a689310441c1229550e 132ff615be5f4ecea2b4ef319f11074e - - default default] Successfully bumped revision number for resource 947cda10-f327-4c05-a204-4b63e35e3597 (type: ports) to 1 [pid: 7|app: 0|req: 982/2072] 10.0.0.227 () {32 vars in 724 bytes} [Thu Apr 23 18:09:28 2026] DELETE /v2.0/subnets/92300201-fb4a-44ce-9b4a-f5901f0a1931 => generated 0 bytes in 362 msecs (HTTP/1.1 204) 3 headers in 131 bytes (1 switches on core 0) [pid: 7|app: 0|req: 983/2073] 10.0.0.227 () {32 vars in 722 bytes} [Thu Apr 23 18:09:28 2026] DELETE /v2.0/trunks/79de176b-d298-47b6-95fe-ac1d2e0b4390 => generated 0 bytes in 132 msecs (HTTP/1.1 204) 2 headers in 112 bytes (1 switches on core 0)
2026-04-23 18:09:29.007 8 WARNING neutron.scheduler.dhcp_agent_scheduler [None req-741f2516-d092-43e2-bd3b-5aa36a74a319 e714fcc2db1d4a689310441c1229550e 132ff615be5f4ecea2b4ef319f11074e - - default default] No more DHCP agents
2026-04-23 18:09:29.008 8 WARNING neutron.api.rpc.agentnotifiers.dhcp_rpc_agent_api [None req-741f2516-d092-43e2-bd3b-5aa36a74a319 e714fcc2db1d4a689310441c1229550e 132ff615be5f4ecea2b4ef319f11074e - - default default] Unable to schedule network 8961ac55-d88a-4b5c-93b4-9ad9450d74d5: no agents available; will retry on subsequent port and subnet creation events.
2026-04-23 18:09:29.056 7 INFO neutron_taas.services.taas.taas_plugin [None req-57d6eafb-e625-4532-91e2-329678cbee6e 9271f52cb84744f1810f435cb5f6a103 f545afd4c90b43518950d6538cd7a5ad - - default default] TaaS: Handle Delete Port: a4e7580a-9df3-4694-a5d1-d86d554fe2ba
2026-04-23 18:09:29.063 7 INFO neutron_taas.services.taas.tap_mirror_plugin [None req-57d6eafb-e625-4532-91e2-329678cbee6e 9271f52cb84744f1810f435cb5f6a103 f545afd4c90b43518950d6538cd7a5ad - - default default] Tap Mirror: Handle Delete Port: a4e7580a-9df3-4694-a5d1-d86d554fe2ba
2026-04-23 18:09:29.108 7 INFO neutron.db.ovn_revision_numbers_db [None req-7b9d042e-10c5-4e51-85fd-b7627015d868 - - - - - -] Successfully bumped revision number for resource 09447125-dfc0-4153-938c-50b0c60334cd (type: ports) to 4
2026-04-23 18:09:29.385 7 INFO neutron.services.segments.plugin [-] Segment 706a705f-41bf-48b6-abf6-3ec3e7d7ae55 resource provider aggregate not found
2026-04-23 18:09:29.410 7 INFO neutron.services.segments.plugin [-] Segment 706a705f-41bf-48b6-abf6-3ec3e7d7ae55 resource provider aggregate not found
2026-04-23 18:09:29.413 7 INFO neutron.services.segments.plugin [-] Segment 706a705f-41bf-48b6-abf6-3ec3e7d7ae55 resource provider not found; error: Placement Client Error (4xx): {"errors": [{"status": 404, "title": "Not Found", "detail": "The resource could not be found.\n\n No resource provider with uuid 706a705f-41bf-48b6-abf6-3ec3e7d7ae55 found for delete ", "request_id": "req-cb2c1ae3-cb07-4135-9123-566fe62e3b7a"}]}
2026-04-23 18:09:29.457 7 INFO neutron.services.segments.plugin [-] Segment 706a705f-41bf-48b6-abf6-3ec3e7d7ae55 resource provider not found; error: Placement Client Error (4xx): {"errors": [{"status": 404, "title": "Not Found", "detail": "The resource could not be found.\n\n No resource provider with uuid 706a705f-41bf-48b6-abf6-3ec3e7d7ae55 found for delete ", "request_id": "req-8c6af21e-c2d4-4a83-b024-555285a9f84e"}]}
2026-04-23 18:09:29.494 8 INFO neutron.db.ovn_revision_numbers_db [None req-741f2516-d092-43e2-bd3b-5aa36a74a319 e714fcc2db1d4a689310441c1229550e 132ff615be5f4ecea2b4ef319f11074e - - default default] Successfully bumped revision number for resource 947cda10-f327-4c05-a204-4b63e35e3597 (type: router_ports) to 1 [pid: 8|app: 0|req: 1091/2074] 10.0.0.227 () {34 vars in 783 bytes} [Thu Apr 23 18:09:27 2026] PUT /v2.0/routers/e0f74d8f-a21f-47b6-908e-a728da54c9dd/add_router_interface => generated 309 bytes in 1784 msecs (HTTP/1.1 200) 4 headers in 157 bytes (1 switches on core 0) [pid: 7|app: 0|req: 984/2075] 10.0.0.227 () {32 vars in 726 bytes} [Thu Apr 23 18:09:28 2026] DELETE /v2.0/networks/20271ddb-38c5-4c4f-8a78-74c5daa21a53 => generated 0 bytes in 754 msecs (HTTP/1.1 204) 3 headers in 131 bytes (1 switches on core 0)
2026-04-23 18:09:29.667 7 INFO neutron.db.ovn_revision_numbers_db [None req-7b9d042e-10c5-4e51-85fd-b7627015d868 - - - - - -] Successfully bumped revision number for resource 09447125-dfc0-4153-938c-50b0c60334cd (type: ports) to 5
2026-04-23 18:09:29.684 8 INFO neutron_taas.services.taas.taas_plugin [None req-7f9ce346-31f0-430d-9ead-c2173a8c3e4a 67e0b0c4cdf540dfa7436f03653146fa 3b3996f0b4ac4e97b4eb7b249af05391 - - default default] TaaS: Handle Delete Port: 59ab42df-4e84-46ab-b75c-5c17decdd920
2026-04-23 18:09:29.687 8 INFO neutron_taas.services.taas.tap_mirror_plugin [None req-7f9ce346-31f0-430d-9ead-c2173a8c3e4a 67e0b0c4cdf540dfa7436f03653146fa 3b3996f0b4ac4e97b4eb7b249af05391 - - default default] Tap Mirror: Handle Delete Port: 59ab42df-4e84-46ab-b75c-5c17decdd920 [pid: 8|app: 0|req: 1092/2076] 10.0.0.227 () {32 vars in 720 bytes} [Thu Apr 23 18:09:29 2026] DELETE /v2.0/ports/59ab42df-4e84-46ab-b75c-5c17decdd920 => generated 0 bytes in 288 msecs (HTTP/1.1 204) 3 headers in 131 bytes (1 switches on core 0)
2026-04-23 18:09:29.940 7 INFO neutron_taas.services.taas.taas_plugin [None req-0b275647-7650-4938-b7b4-075ebf05f2e0 67e0b0c4cdf540dfa7436f03653146fa 3b3996f0b4ac4e97b4eb7b249af05391 - - default default] TaaS: Handle Delete Port: 9f0781db-58f2-43fa-ae8b-353bb0456830
2026-04-23 18:09:29.943 7 INFO neutron_taas.services.taas.tap_mirror_plugin [None req-0b275647-7650-4938-b7b4-075ebf05f2e0 67e0b0c4cdf540dfa7436f03653146fa 3b3996f0b4ac4e97b4eb7b249af05391 - - default default] Tap Mirror: Handle Delete Port: 9f0781db-58f2-43fa-ae8b-353bb0456830 [pid: 7|app: 0|req: 985/2077] 10.0.0.227 () {32 vars in 726 bytes} [Thu Apr 23 18:09:29 2026] DELETE /v2.0/networks/c5751b46-927c-4fba-a3eb-44a54d512915 => generated 0 bytes in 412 msecs (HTTP/1.1 204) 3 headers in 131 bytes (1 switches on core 0) [pid: 8|app: 0|req: 1093/2078] 10.0.0.227 () {32 vars in 774 bytes} [Thu Apr 23 18:09:30 2026] GET /v2.0/security-groups?tenant_id=f545afd4c90b43518950d6538cd7a5ad&name=default => generated 2925 bytes in 133 msecs (HTTP/1.1 200) 4 headers in 158 bytes (1 switches on core 0)
2026-04-23 18:09:30.522 8 INFO neutron.plugins.ml2.drivers.ovn.mech_driver.mech_driver [None req-43a85fe0-bca4-46b7-bbd3-213224439598 - - - - - -] OVN reports status down for port: 947cda10-f327-4c05-a204-4b63e35e3597
2026-04-23 18:09:30.593 8 WARNING neutron.plugins.ml2.drivers.ovn.mech_driver.ovsdb.ovn_client [None req-43a85fe0-bca4-46b7-bbd3-213224439598 - - - - - -] Logical_Switch_Port %s host information not removed, the port state is up
2026-04-23 18:09:30.594 8 INFO neutron.plugins.ml2.drivers.ovn.mech_driver.mech_driver [None req-43a85fe0-bca4-46b7-bbd3-213224439598 - - - - - -] OVN reports status up for port: 947cda10-f327-4c05-a204-4b63e35e3597
2026-04-23 18:09:30.608 8 INFO neutron.plugins.ml2.plugin [None req-43a85fe0-bca4-46b7-bbd3-213224439598 - - - - - -] Attempt 1 to provision port 947cda10-f327-4c05-a204-4b63e35e3597 [pid: 7|app: 0|req: 986/2079] 10.0.0.227 () {32 vars in 740 bytes} [Thu Apr 23 18:09:30 2026] DELETE /v2.0/security-groups/71fe3374-7fb6-4724-9b79-8f4eb5e94ad6 => generated 0 bytes in 255 msecs (HTTP/1.1 204) 2 headers in 112 bytes (1 switches on core 0)
2026-04-23 18:09:30.977 7 INFO neutron.db.ovn_revision_numbers_db [None req-1af7db6c-58ba-4010-a3cb-4324e6cf6703 e714fcc2db1d4a689310441c1229550e 132ff615be5f4ecea2b4ef319f11074e - - default default] Successfully bumped revision number for resource 55462714-a502-41e3-9ade-1b13283be685 (type: security_groups) to 1
2026-04-23 18:09:30.989 8 INFO neutron.db.ovn_revision_numbers_db [None req-5a4b2705-ede6-4dd8-b512-21a18667a901 e714fcc2db1d4a689310441c1229550e 132ff615be5f4ecea2b4ef319f11074e - - default default] Successfully bumped revision number for resource 0ddf0956-0f6f-4ad8-87e9-0e9be477055a (type: security_groups) to 1
2026-04-23 18:09:30.989 7 INFO neutron.db.ovn_revision_numbers_db [None req-1af7db6c-58ba-4010-a3cb-4324e6cf6703 e714fcc2db1d4a689310441c1229550e 132ff615be5f4ecea2b4ef319f11074e - - default default] Successfully bumped revision number for resource 18b07d81-096a-42d6-974c-35e6ce6e251e (type: security_group_rules) to 0
2026-04-23 18:09:30.999 7 INFO neutron.db.ovn_revision_numbers_db [None req-1af7db6c-58ba-4010-a3cb-4324e6cf6703 e714fcc2db1d4a689310441c1229550e 132ff615be5f4ecea2b4ef319f11074e - - default default] Successfully bumped revision number for resource 1b65bdf6-16ff-4911-8da6-dc5c19dc7511 (type: security_group_rules) to 0
2026-04-23 18:09:31.006 8 INFO neutron.db.ovn_revision_numbers_db [None req-5a4b2705-ede6-4dd8-b512-21a18667a901 e714fcc2db1d4a689310441c1229550e 132ff615be5f4ecea2b4ef319f11074e - - default default] Successfully bumped revision number for resource 63470b56-d6aa-4208-a157-08d27afe475c (type: security_group_rules) to 0
2026-04-23 18:09:31.010 7 INFO neutron.db.ovn_revision_numbers_db [None req-1af7db6c-58ba-4010-a3cb-4324e6cf6703 e714fcc2db1d4a689310441c1229550e 132ff615be5f4ecea2b4ef319f11074e - - default default] Successfully bumped revision number for resource 7c95873d-17e8-4ff9-a0ce-981faf8e5560 (type: security_group_rules) to 0
2026-04-23 18:09:31.023 8 INFO neutron.db.ovn_revision_numbers_db [None req-5a4b2705-ede6-4dd8-b512-21a18667a901 e714fcc2db1d4a689310441c1229550e 132ff615be5f4ecea2b4ef319f11074e - - default default] Successfully bumped revision number for resource 91ea99ab-b555-4927-9666-fea7532ba24d (type: security_group_rules) to 0
2026-04-23 18:09:31.025 7 INFO neutron.db.ovn_revision_numbers_db [None req-1af7db6c-58ba-4010-a3cb-4324e6cf6703 e714fcc2db1d4a689310441c1229550e 132ff615be5f4ecea2b4ef319f11074e - - default default] Successfully bumped revision number for resource bfba03f4-fd5b-4e20-b1bb-8797b675c049 (type: security_group_rules) to 0
2026-04-23 18:09:31.052 8 INFO neutron.db.ovn_revision_numbers_db [None req-5a4b2705-ede6-4dd8-b512-21a18667a901 e714fcc2db1d4a689310441c1229550e 132ff615be5f4ecea2b4ef319f11074e - - default default] Successfully bumped revision number for resource a05db4de-585d-48bb-86e9-a7021b98ca79 (type: security_group_rules) to 0 [pid: 7|app: 0|req: 987/2080] 10.0.0.227 () {32 vars in 774 bytes} [Thu Apr 23 18:09:30 2026] GET /v2.0/security-groups?tenant_id=5e96a2b524c94765b25982ebe65e0932&name=default => generated 2925 bytes in 214 msecs (HTTP/1.1 200) 4 headers in 158 bytes (1 switches on core 0)
2026-04-23 18:09:31.076 8 INFO neutron.db.ovn_revision_numbers_db [None req-5a4b2705-ede6-4dd8-b512-21a18667a901 e714fcc2db1d4a689310441c1229550e 132ff615be5f4ecea2b4ef319f11074e - - default default] Successfully bumped revision number for resource adb58dd3-fe25-49fb-bb8b-fb6dfc4bb331 (type: security_group_rules) to 0
2026-04-23 18:09:31.190 8 INFO neutron.db.segments_db [None req-5a4b2705-ede6-4dd8-b512-21a18667a901 e714fcc2db1d4a689310441c1229550e 132ff615be5f4ecea2b4ef319f11074e - - default default] Added segment 014e8b50-672c-4579-82ec-836a633225ed of type geneve for network c6aabbd0-f337-49f3-a631-de46462d5599
2026-04-23 18:09:31.276 8 INFO neutron.db.ovn_revision_numbers_db [None req-43a85fe0-bca4-46b7-bbd3-213224439598 - - - - - -] Successfully bumped revision number for resource 947cda10-f327-4c05-a204-4b63e35e3597 (type: ports) to 2
2026-04-23 18:09:31.338 7 INFO neutron.db.ovn_revision_numbers_db [None req-f6aac260-608e-45da-9a58-f6b039030c99 e714fcc2db1d4a689310441c1229550e 132ff615be5f4ecea2b4ef319f11074e - - default default] Successfully bumped revision number for resource 292706dc-ce9e-4bb0-9027-1953d7420d0f (type: security_groups) to 1
2026-04-23 18:09:31.356 7 INFO neutron.db.ovn_revision_numbers_db [None req-f6aac260-608e-45da-9a58-f6b039030c99 e714fcc2db1d4a689310441c1229550e 132ff615be5f4ecea2b4ef319f11074e - - default default] Successfully bumped revision number for resource 048eeb72-d08d-4ee6-a451-8d8e18515d1b (type: security_group_rules) to 0
2026-04-23 18:09:31.368 7 INFO neutron.db.ovn_revision_numbers_db [None req-f6aac260-608e-45da-9a58-f6b039030c99 e714fcc2db1d4a689310441c1229550e 132ff615be5f4ecea2b4ef319f11074e - - default default] Successfully bumped revision number for resource e3082448-d759-4daa-85a4-725770198887 (type: security_group_rules) to 0
2026-04-23 18:09:31.385 8 INFO neutron.db.ovn_revision_numbers_db [None req-5a4b2705-ede6-4dd8-b512-21a18667a901 e714fcc2db1d4a689310441c1229550e 132ff615be5f4ecea2b4ef319f11074e - - default default] Successfully bumped revision number for resource c6aabbd0-f337-49f3-a631-de46462d5599 (type: networks) to 1
2026-04-23 18:09:31.386 7 INFO neutron.db.ovn_revision_numbers_db [None req-f6aac260-608e-45da-9a58-f6b039030c99 e714fcc2db1d4a689310441c1229550e 132ff615be5f4ecea2b4ef319f11074e - - default default] Successfully bumped revision number for resource ef6daec1-a42f-48ff-bc8c-c8efbcd70d66 (type: security_group_rules) to 0
2026-04-23 18:09:31.398 7 INFO neutron.db.ovn_revision_numbers_db [None req-f6aac260-608e-45da-9a58-f6b039030c99 e714fcc2db1d4a689310441c1229550e 132ff615be5f4ecea2b4ef319f11074e - - default default] Successfully bumped revision number for resource f3f51464-7be5-4936-94d8-0e32495b0813 (type: security_group_rules) to 0 [pid: 7|app: 0|req: 988/2081] 10.0.0.227 () {32 vars in 774 bytes} [Thu Apr 23 18:09:31 2026] GET /v2.0/security-groups?tenant_id=8c99ebcbfda54ffc97e10d6a468b1628&name=default => generated 2925 bytes in 384 msecs (HTTP/1.1 200) 4 headers in 158 bytes (1 switches on core 0)
2026-04-23 18:09:31.443 7 INFO neutron.services.segments.plugin [-] Segment 357d29fe-563c-45c3-83c1-780a2961390f resource provider aggregate not found
2026-04-23 18:09:31.461 7 INFO neutron.services.segments.plugin [-] Segment 357d29fe-563c-45c3-83c1-780a2961390f resource provider not found; error: Placement Client Error (4xx): {"errors": [{"status": 404, "title": "Not Found", "detail": "The resource could not be found.\n\n No resource provider with uuid 357d29fe-563c-45c3-83c1-780a2961390f found for delete ", "request_id": "req-43f1c5c3-8fe3-4b29-9e94-186eba34b7f8"}]}
2026-04-23 18:09:31.472 7 INFO neutron.services.segments.plugin [-] Segment 357d29fe-563c-45c3-83c1-780a2961390f resource provider aggregate not found
2026-04-23 18:09:31.488 7 INFO neutron.services.segments.plugin [-] Segment 357d29fe-563c-45c3-83c1-780a2961390f resource provider not found; error: Placement Client Error (4xx): {"errors": [{"status": 404, "title": "Not Found", "detail": "The resource could not be found.\n\n No resource provider with uuid 357d29fe-563c-45c3-83c1-780a2961390f found for delete ", "request_id": "req-0b129166-5298-478f-8ce5-b2c24f5a698a"}]}
2026-04-23 18:09:31.565 8 WARNING neutron.scheduler.dhcp_agent_scheduler [None req-5a4b2705-ede6-4dd8-b512-21a18667a901 e714fcc2db1d4a689310441c1229550e 132ff615be5f4ecea2b4ef319f11074e - - default default] No more DHCP agents
2026-04-23 18:09:31.566 8 WARNING neutron.api.rpc.agentnotifiers.dhcp_rpc_agent_api [None req-5a4b2705-ede6-4dd8-b512-21a18667a901 e714fcc2db1d4a689310441c1229550e 132ff615be5f4ecea2b4ef319f11074e - - default default] Unable to schedule network c6aabbd0-f337-49f3-a631-de46462d5599: no agents available; will retry on subsequent port and subnet creation events.
2026-04-23 18:09:31.654 7 INFO neutron.db.ovn_revision_numbers_db [None req-e36c8ba9-49f4-4b16-8a0c-db400426bb97 26864205f6bb4ff290768c8f66d1d57a 3122e308551c44ed8f5b7e81c62f2fde - - default default] Successfully bumped revision number for resource ad53d5a4-5de1-4a6d-add5-e2e6fd025b7c (type: security_groups) to 1
2026-04-23 18:09:31.659 8 INFO neutron.db.ovn_revision_numbers_db [None req-5a4b2705-ede6-4dd8-b512-21a18667a901 e714fcc2db1d4a689310441c1229550e 132ff615be5f4ecea2b4ef319f11074e - - default default] Successfully bumped revision number for resource 002b6e20-7a64-48b1-b6bc-3d14dbb6e13c (type: ports) to 1
2026-04-23 18:09:31.665 7 INFO neutron.db.ovn_revision_numbers_db [None req-e36c8ba9-49f4-4b16-8a0c-db400426bb97 26864205f6bb4ff290768c8f66d1d57a 3122e308551c44ed8f5b7e81c62f2fde - - default default] Successfully bumped revision number for resource 87cd1237-bd94-40f7-b9e5-b2228a6e4d74 (type: security_group_rules) to 0
2026-04-23 18:09:31.676 7 INFO neutron.db.ovn_revision_numbers_db [None req-e36c8ba9-49f4-4b16-8a0c-db400426bb97 26864205f6bb4ff290768c8f66d1d57a 3122e308551c44ed8f5b7e81c62f2fde - - default default] Successfully bumped revision number for resource 9ac2519c-a053-4060-92d7-82e73eedde80 (type: security_group_rules) to 0 [pid: 8|app: 0|req: 1094/2082] 10.0.0.227 () {34 vars in 671 bytes} [Thu Apr 23 18:09:30 2026] POST /v2.0/networks => generated 763 bytes in 967 msecs (HTTP/1.1 201) 4 headers in 162 bytes (1 switches on core 0)
2026-04-23 18:09:31.689 7 INFO neutron.db.ovn_revision_numbers_db [None req-e36c8ba9-49f4-4b16-8a0c-db400426bb97 26864205f6bb4ff290768c8f66d1d57a 3122e308551c44ed8f5b7e81c62f2fde - - default default] Successfully bumped revision number for resource a2d08968-582f-40a7-9d68-247fc718e18b (type: security_group_rules) to 0
2026-04-23 18:09:31.699 7 INFO neutron.db.ovn_revision_numbers_db [None req-e36c8ba9-49f4-4b16-8a0c-db400426bb97 26864205f6bb4ff290768c8f66d1d57a 3122e308551c44ed8f5b7e81c62f2fde - - default default] Successfully bumped revision number for resource f3341858-d0f7-4410-84b1-8fa09e851365 (type: security_group_rules) to 0
2026-04-23 18:09:31.782 7 INFO neutron.db.segments_db [None req-e36c8ba9-49f4-4b16-8a0c-db400426bb97 26864205f6bb4ff290768c8f66d1d57a 3122e308551c44ed8f5b7e81c62f2fde - - default default] Added segment 01732e35-c69b-4886-bc89-b1a5713b12a0 of type geneve for network f66f33e0-4774-4c72-83e0-0a46683b964a [pid: 8|app: 0|req: 1095/2083] 10.0.0.227 () {32 vars in 740 bytes} [Thu Apr 23 18:09:31 2026] DELETE /v2.0/security-groups/55462714-a502-41e3-9ade-1b13283be685 => generated 0 bytes in 249 msecs (HTTP/1.1 204) 2 headers in 112 bytes (1 switches on core 0)
2026-04-23 18:09:31.939 7 INFO neutron.db.ovn_revision_numbers_db [None req-e36c8ba9-49f4-4b16-8a0c-db400426bb97 26864205f6bb4ff290768c8f66d1d57a 3122e308551c44ed8f5b7e81c62f2fde - - default default] Successfully bumped revision number for resource f66f33e0-4774-4c72-83e0-0a46683b964a (type: networks) to 1
2026-04-23 18:09:32.154 7 WARNING neutron.scheduler.dhcp_agent_scheduler [None req-e36c8ba9-49f4-4b16-8a0c-db400426bb97 26864205f6bb4ff290768c8f66d1d57a 3122e308551c44ed8f5b7e81c62f2fde - - default default] No more DHCP agents [pid: 8|app: 0|req: 1096/2084] 10.0.0.227 () {32 vars in 740 bytes} [Thu Apr 23 18:09:31 2026] DELETE /v2.0/security-groups/292706dc-ce9e-4bb0-9027-1953d7420d0f => generated 0 bytes in 224 msecs (HTTP/1.1 204) 2 headers in 112 bytes (1 switches on core 0)
2026-04-23 18:09:32.157 7 WARNING neutron.api.rpc.agentnotifiers.dhcp_rpc_agent_api [None req-e36c8ba9-49f4-4b16-8a0c-db400426bb97 26864205f6bb4ff290768c8f66d1d57a 3122e308551c44ed8f5b7e81c62f2fde - - default default] Unable to schedule network f66f33e0-4774-4c72-83e0-0a46683b964a: no agents available; will retry on subsequent port and subnet creation events.
2026-04-23 18:09:32.217 7 INFO neutron.plugins.ml2.drivers.ovn.mech_driver.mech_driver [None req-b0bf0199-71e1-4125-be60-2c4f2c1c21a4 - - - - - -] OVN reports status down for port: b159c98f-172a-43d5-9352-d6bddbc02b82
2026-04-23 18:09:32.270 7 INFO neutron.db.ovn_revision_numbers_db [None req-e36c8ba9-49f4-4b16-8a0c-db400426bb97 26864205f6bb4ff290768c8f66d1d57a 3122e308551c44ed8f5b7e81c62f2fde - - default default] Successfully bumped revision number for resource b159c98f-172a-43d5-9352-d6bddbc02b82 (type: ports) to 1
2026-04-23 18:09:32.289 8 WARNING neutron.scheduler.dhcp_agent_scheduler [None req-13df5f5a-5cce-4a53-bf89-266f05e73077 e714fcc2db1d4a689310441c1229550e 132ff615be5f4ecea2b4ef319f11074e - - default default] No more DHCP agents
2026-04-23 18:09:32.291 8 WARNING neutron.api.rpc.agentnotifiers.dhcp_rpc_agent_api [None req-13df5f5a-5cce-4a53-bf89-266f05e73077 e714fcc2db1d4a689310441c1229550e 132ff615be5f4ecea2b4ef319f11074e - - default default] Unable to schedule network c6aabbd0-f337-49f3-a631-de46462d5599: no agents available; will retry on subsequent port and subnet creation events. [pid: 7|app: 0|req: 989/2085] 10.0.0.227 () {34 vars in 670 bytes} [Thu Apr 23 18:09:31 2026] POST /v2.0/networks => generated 651 bytes in 854 msecs (HTTP/1.1 201) 4 headers in 162 bytes (1 switches on core 0)
2026-04-23 18:09:32.528 7 WARNING neutron.scheduler.dhcp_agent_scheduler [None req-61d5855e-ba17-42e5-b0a9-3aecec1cedb4 26864205f6bb4ff290768c8f66d1d57a 3122e308551c44ed8f5b7e81c62f2fde - - default default] No more DHCP agents
2026-04-23 18:09:32.530 7 WARNING neutron.api.rpc.agentnotifiers.dhcp_rpc_agent_api [None req-61d5855e-ba17-42e5-b0a9-3aecec1cedb4 26864205f6bb4ff290768c8f66d1d57a 3122e308551c44ed8f5b7e81c62f2fde - - default default] Unable to schedule network f66f33e0-4774-4c72-83e0-0a46683b964a: no agents available; will retry on subsequent port and subnet creation events.
2026-04-23 18:09:32.603 7 INFO neutron.plugins.ml2.drivers.ovn.mech_driver.mech_driver [None req-b0bf0199-71e1-4125-be60-2c4f2c1c21a4 - - - - - -] OVN reports status down for port: 96f3811e-f09c-4378-b2bc-c96148fefad0
2026-04-23 18:09:32.672 7 INFO neutron.db.ovn_revision_numbers_db [None req-61d5855e-ba17-42e5-b0a9-3aecec1cedb4 26864205f6bb4ff290768c8f66d1d57a 3122e308551c44ed8f5b7e81c62f2fde - - default default] Successfully bumped revision number for resource 96f3811e-f09c-4378-b2bc-c96148fefad0 (type: ports) to 1 [pid: 7|app: 0|req: 990/2086] 10.0.0.227 () {34 vars in 664 bytes} [Thu Apr 23 18:09:32 2026] POST /v2.0/ports => generated 743 bytes in 470 msecs (HTTP/1.1 201) 4 headers in 162 bytes (1 switches on core 0) /var/lib/openstack/lib/python3.12/site-packages/pycadf/identifier.py:70: UserWarning: Invalid uuid: neutron. To ensure interoperability, identifiers should be a valid uuid. warnings.warn(('Invalid uuid: %s. To ensure interoperability, '
2026-04-23 18:09:32.784 8 INFO neutron.db.ovn_revision_numbers_db [None req-0a547ac5-f4f3-4a0d-949e-3a8aaf44a7bd - - - - - -] Successfully bumped revision number for resource 002b6e20-7a64-48b1-b6bc-3d14dbb6e13c (type: ports) to 2 [pid: 7|app: 0|req: 991/2087] 10.0.0.227 () {32 vars in 774 bytes} [Thu Apr 23 18:09:32 2026] GET /v2.0/security-groups?tenant_id=3b3996f0b4ac4e97b4eb7b249af05391&name=default => generated 2925 bytes in 26 msecs (HTTP/1.1 200) 4 headers in 158 bytes (1 switches on core 0)
2026-04-23 18:09:32.811 8 INFO neutron.db.ovn_revision_numbers_db [None req-0a547ac5-f4f3-4a0d-949e-3a8aaf44a7bd - - - - - -] Successfully bumped revision number for resource b1fb8a28-e742-4f12-bd43-5005a8559e54 (type: subnets) to 0 [pid: 8|app: 0|req: 1097/2088] 10.0.0.227 () {34 vars in 669 bytes} [Thu Apr 23 18:09:32 2026] POST /v2.0/subnets => generated 688 bytes in 675 msecs (HTTP/1.1 201) 4 headers in 162 bytes (1 switches on core 0) [pid: 7|app: 0|req: 992/2089] 10.0.0.227 () {34 vars in 666 bytes} [Thu Apr 23 18:09:32 2026] POST /v2.0/trunks => generated 409 bytes in 276 msecs (HTTP/1.1 201) 4 headers in 162 bytes (1 switches on core 0) [pid: 8|app: 0|req: 1098/2090] 10.0.0.227 () {32 vars in 740 bytes} [Thu Apr 23 18:09:32 2026] DELETE /v2.0/security-groups/a4afcf7c-210d-4d2c-8922-e85cdb66559f => generated 0 bytes in 262 msecs (HTTP/1.1 204) 2 headers in 112 bytes (1 switches on core 0)
2026-04-23 18:09:33.175 8 INFO neutron.db.segments_db [None req-791ee971-5890-4bd3-94fd-7e432f02c4d9 26864205f6bb4ff290768c8f66d1d57a 3122e308551c44ed8f5b7e81c62f2fde - - default default] Added segment 09b0ffa4-34dd-4c30-8b3a-8768d4bb0270 of type geneve for network 5a01812c-5c76-4f37-bc5a-f15956ecc03b
2026-04-23 18:09:33.290 8 INFO neutron.db.ovn_revision_numbers_db [None req-791ee971-5890-4bd3-94fd-7e432f02c4d9 26864205f6bb4ff290768c8f66d1d57a 3122e308551c44ed8f5b7e81c62f2fde - - default default] Successfully bumped revision number for resource 5a01812c-5c76-4f37-bc5a-f15956ecc03b (type: networks) to 1
2026-04-23 18:09:33.471 8 WARNING neutron.scheduler.dhcp_agent_scheduler [None req-791ee971-5890-4bd3-94fd-7e432f02c4d9 26864205f6bb4ff290768c8f66d1d57a 3122e308551c44ed8f5b7e81c62f2fde - - default default] No more DHCP agents
2026-04-23 18:09:33.473 8 WARNING neutron.api.rpc.agentnotifiers.dhcp_rpc_agent_api [None req-791ee971-5890-4bd3-94fd-7e432f02c4d9 26864205f6bb4ff290768c8f66d1d57a 3122e308551c44ed8f5b7e81c62f2fde - - default default] Unable to schedule network 5a01812c-5c76-4f37-bc5a-f15956ecc03b: no agents available; will retry on subsequent port and subnet creation events.
2026-04-23 18:09:33.495 7 WARNING neutron.scheduler.dhcp_agent_scheduler [None req-46e96f57-6623-45e5-80cc-486f725ec46b e714fcc2db1d4a689310441c1229550e 132ff615be5f4ecea2b4ef319f11074e - - default default] No more DHCP agents
2026-04-23 18:09:33.497 7 WARNING neutron.api.rpc.agentnotifiers.dhcp_rpc_agent_api [None req-46e96f57-6623-45e5-80cc-486f725ec46b e714fcc2db1d4a689310441c1229550e 132ff615be5f4ecea2b4ef319f11074e - - default default] Unable to schedule network 04f452f9-1ee6-46d8-accc-d23dc078543b: no agents available; will retry on subsequent port and subnet creation events.
2026-04-23 18:09:33.539 7 INFO neutron.plugins.ml2.drivers.ovn.mech_driver.mech_driver [None req-b0bf0199-71e1-4125-be60-2c4f2c1c21a4 - - - - - -] OVN reports status down for port: f5c85301-bd8d-48a6-9d2d-6f5cef3154f8
2026-04-23 18:09:33.569 8 INFO neutron.db.ovn_revision_numbers_db [None req-791ee971-5890-4bd3-94fd-7e432f02c4d9 26864205f6bb4ff290768c8f66d1d57a 3122e308551c44ed8f5b7e81c62f2fde - - default default] Successfully bumped revision number for resource f5c85301-bd8d-48a6-9d2d-6f5cef3154f8 (type: ports) to 1 [pid: 8|app: 0|req: 1099/2091] 10.0.0.227 () {34 vars in 670 bytes} [Thu Apr 23 18:09:33 2026] POST /v2.0/networks => generated 651 bytes in 503 msecs (HTTP/1.1 201) 4 headers in 162 bytes (1 switches on core 0)
2026-04-23 18:09:33.729 7 INFO neutron.plugins.ml2.drivers.ovn.mech_driver.mech_driver [None req-b0bf0199-71e1-4125-be60-2c4f2c1c21a4 - - - - - -] OVN reports status down for port: 87a8f5de-40f2-4e90-ac9e-781859fa0bec
2026-04-23 18:09:33.793 7 INFO neutron.db.ovn_revision_numbers_db [None req-46e96f57-6623-45e5-80cc-486f725ec46b e714fcc2db1d4a689310441c1229550e 132ff615be5f4ecea2b4ef319f11074e - - default default] Successfully bumped revision number for resource 87a8f5de-40f2-4e90-ac9e-781859fa0bec (type: ports) to 1
2026-04-23 18:09:33.839 8 WARNING neutron.scheduler.dhcp_agent_scheduler [None req-7f25d2ff-269f-4f39-a14f-200e0e71ddcc 26864205f6bb4ff290768c8f66d1d57a 3122e308551c44ed8f5b7e81c62f2fde - - default default] No more DHCP agents
2026-04-23 18:09:33.840 8 WARNING neutron.api.rpc.agentnotifiers.dhcp_rpc_agent_api [None req-7f25d2ff-269f-4f39-a14f-200e0e71ddcc 26864205f6bb4ff290768c8f66d1d57a 3122e308551c44ed8f5b7e81c62f2fde - - default default] Unable to schedule network 5a01812c-5c76-4f37-bc5a-f15956ecc03b: no agents available; will retry on subsequent port and subnet creation events.
2026-04-23 18:09:33.925 7 INFO neutron.plugins.ml2.drivers.ovn.mech_driver.mech_driver [None req-b0bf0199-71e1-4125-be60-2c4f2c1c21a4 - - - - - -] OVN reports status down for port: 32b4a935-f311-4742-a065-64ee97906d0d
2026-04-23 18:09:33.932 8 INFO neutron.db.ovn_revision_numbers_db [None req-7f25d2ff-269f-4f39-a14f-200e0e71ddcc 26864205f6bb4ff290768c8f66d1d57a 3122e308551c44ed8f5b7e81c62f2fde - - default default] Successfully bumped revision number for resource 32b4a935-f311-4742-a065-64ee97906d0d (type: ports) to 1 [pid: 8|app: 0|req: 1100/2092] 10.0.0.227 () {34 vars in 664 bytes} [Thu Apr 23 18:09:33 2026] POST /v2.0/ports => generated 743 bytes in 388 msecs (HTTP/1.1 201) 4 headers in 162 bytes (1 switches on core 0) /var/lib/openstack/lib/python3.12/site-packages/pycadf/identifier.py:70: UserWarning: Invalid uuid: neutron. To ensure interoperability, identifiers should be a valid uuid. warnings.warn(('Invalid uuid: %s. To ensure interoperability, ' [pid: 8|app: 0|req: 1101/2093] 10.0.0.227 () {34 vars in 666 bytes} [Thu Apr 23 18:09:33 2026] POST /v2.0/trunks => generated 409 bytes in 185 msecs (HTTP/1.1 201) 4 headers in 162 bytes (1 switches on core 0)
2026-04-23 18:09:34.275 8 INFO neutron.db.segments_db [None req-6c2b5fdd-6afd-4c32-866a-f601e6776e1f 26864205f6bb4ff290768c8f66d1d57a 3122e308551c44ed8f5b7e81c62f2fde - - default default] Added segment 18e56812-3583-4294-8751-76b27d5cb75c of type geneve for network 492b5734-aafa-4656-913f-c020ef6988e1
2026-04-23 18:09:34.416 8 INFO neutron.db.ovn_revision_numbers_db [None req-6c2b5fdd-6afd-4c32-866a-f601e6776e1f 26864205f6bb4ff290768c8f66d1d57a 3122e308551c44ed8f5b7e81c62f2fde - - default default] Successfully bumped revision number for resource 492b5734-aafa-4656-913f-c020ef6988e1 (type: networks) to 1
2026-04-23 18:09:34.736 8 WARNING neutron.scheduler.dhcp_agent_scheduler [None req-6c2b5fdd-6afd-4c32-866a-f601e6776e1f 26864205f6bb4ff290768c8f66d1d57a 3122e308551c44ed8f5b7e81c62f2fde - - default default] No more DHCP agents
2026-04-23 18:09:34.737 8 WARNING neutron.api.rpc.agentnotifiers.dhcp_rpc_agent_api [None req-6c2b5fdd-6afd-4c32-866a-f601e6776e1f 26864205f6bb4ff290768c8f66d1d57a 3122e308551c44ed8f5b7e81c62f2fde - - default default] Unable to schedule network 492b5734-aafa-4656-913f-c020ef6988e1: no agents available; will retry on subsequent port and subnet creation events.
2026-04-23 18:09:34.831 8 INFO neutron.db.ovn_revision_numbers_db [None req-6c2b5fdd-6afd-4c32-866a-f601e6776e1f 26864205f6bb4ff290768c8f66d1d57a 3122e308551c44ed8f5b7e81c62f2fde - - default default] Successfully bumped revision number for resource 95f76a6a-0766-4fec-bd62-ef5910dfa74f (type: ports) to 1 [pid: 8|app: 0|req: 1102/2094] 10.0.0.227 () {34 vars in 670 bytes} [Thu Apr 23 18:09:34 2026] POST /v2.0/networks => generated 650 bytes in 666 msecs (HTTP/1.1 201) 4 headers in 162 bytes (1 switches on core 0)
2026-04-23 18:09:34.873 7 INFO neutron.plugins.ml2.drivers.ovn.mech_driver.mech_driver [None req-b0bf0199-71e1-4125-be60-2c4f2c1c21a4 - - - - - -] OVN reports status down for port: 95f76a6a-0766-4fec-bd62-ef5910dfa74f
2026-04-23 18:09:35.085 8 WARNING neutron.scheduler.dhcp_agent_scheduler [None req-81ac094a-84f0-447f-a522-83ec095001f3 26864205f6bb4ff290768c8f66d1d57a 3122e308551c44ed8f5b7e81c62f2fde - - default default] No more DHCP agents
2026-04-23 18:09:35.086 8 WARNING neutron.api.rpc.agentnotifiers.dhcp_rpc_agent_api [None req-81ac094a-84f0-447f-a522-83ec095001f3 26864205f6bb4ff290768c8f66d1d57a 3122e308551c44ed8f5b7e81c62f2fde - - default default] Unable to schedule network 492b5734-aafa-4656-913f-c020ef6988e1: no agents available; will retry on subsequent port and subnet creation events.
2026-04-23 18:09:35.173 8 INFO neutron.db.ovn_revision_numbers_db [None req-81ac094a-84f0-447f-a522-83ec095001f3 26864205f6bb4ff290768c8f66d1d57a 3122e308551c44ed8f5b7e81c62f2fde - - default default] Successfully bumped revision number for resource 7d642a93-eb15-4741-972a-999439d8dda7 (type: ports) to 1 [pid: 8|app: 0|req: 1103/2095] 10.0.0.227 () {34 vars in 664 bytes} [Thu Apr 23 18:09:34 2026] POST /v2.0/ports => generated 743 bytes in 371 msecs (HTTP/1.1 201) 4 headers in 162 bytes (1 switches on core 0) /var/lib/openstack/lib/python3.12/site-packages/pycadf/identifier.py:70: UserWarning: Invalid uuid: neutron. To ensure interoperability, identifiers should be a valid uuid. warnings.warn(('Invalid uuid: %s. To ensure interoperability, '
2026-04-23 18:09:35.384 7 INFO neutron.plugins.ml2.drivers.ovn.mech_driver.ovsdb.commands [None req-16001f22-ceb9-40e2-9034-cac03fe78d91 - - - - - -] Schedule LRP lrp-87a8f5de-40f2-4e90-ac9e-781859fa0bec on gateway f31447b9-77ff-4099-94eb-efcd41cbd2f2 with priority 1
2026-04-23 18:09:35.430 7 INFO neutron.plugins.ml2.drivers.ovn.mech_driver.mech_driver [None req-b0bf0199-71e1-4125-be60-2c4f2c1c21a4 - - - - - -] OVN reports status up for port: 87a8f5de-40f2-4e90-ac9e-781859fa0bec
2026-04-23 18:09:35.453 8 INFO neutron.plugins.ml2.drivers.ovn.mech_driver.ovsdb.ovsdb_monitor [None req-f7bf4b3b-b499-4a04-911d-c983b21727b3 - - - - - -] Router 05c8f571-7d23-43ef-adae-4f34dd10502e is bound to host instance
2026-04-23 18:09:35.463 7 INFO neutron.plugins.ml2.plugin [None req-b0bf0199-71e1-4125-be60-2c4f2c1c21a4 - - - - - -] Attempt 1 to provision port 87a8f5de-40f2-4e90-ac9e-781859fa0bec [pid: 8|app: 0|req: 1104/2096] 10.0.0.227 () {34 vars in 666 bytes} [Thu Apr 23 18:09:35 2026] POST /v2.0/trunks => generated 409 bytes in 239 msecs (HTTP/1.1 201) 4 headers in 162 bytes (1 switches on core 0)
2026-04-23 18:09:35.474 7 INFO neutron.db.ovn_revision_numbers_db [None req-46e96f57-6623-45e5-80cc-486f725ec46b e714fcc2db1d4a689310441c1229550e 132ff615be5f4ecea2b4ef319f11074e - - default default] Successfully bumped revision number for resource 87a8f5de-40f2-4e90-ac9e-781859fa0bec (type: router_ports) to 1
2026-04-23 18:09:35.601 7 INFO neutron.db.ovn_revision_numbers_db [None req-46e96f57-6623-45e5-80cc-486f725ec46b e714fcc2db1d4a689310441c1229550e 132ff615be5f4ecea2b4ef319f11074e - - default default] Successfully bumped revision number for resource 05c8f571-7d23-43ef-adae-4f34dd10502e (type: routers) to 2 [pid: 7|app: 0|req: 993/2097] 10.0.0.227 () {34 vars in 669 bytes} [Thu Apr 23 18:09:33 2026] POST /v2.0/routers => generated 966 bytes in 2550 msecs (HTTP/1.1 201) 4 headers in 162 bytes (1 switches on core 0)
2026-04-23 18:09:35.630 8 INFO neutron.db.segments_db [None req-99ef5403-1292-4048-9c17-652021548c24 26864205f6bb4ff290768c8f66d1d57a 3122e308551c44ed8f5b7e81c62f2fde - - default default] Added segment dc0d8cce-8150-4208-948f-5b7c5f7a23ef of type geneve for network ac2bbf47-edd3-4f0f-8d2b-9b274beb619b
2026-04-23 18:09:35.860 8 INFO neutron.db.ovn_revision_numbers_db [None req-99ef5403-1292-4048-9c17-652021548c24 26864205f6bb4ff290768c8f66d1d57a 3122e308551c44ed8f5b7e81c62f2fde - - default default] Successfully bumped revision number for resource ac2bbf47-edd3-4f0f-8d2b-9b274beb619b (type: networks) to 1
2026-04-23 18:09:36.112 7 WARNING neutron.scheduler.dhcp_agent_scheduler [None req-82cb9501-d7fc-4fb5-acbd-a70571a60c3a e714fcc2db1d4a689310441c1229550e 132ff615be5f4ecea2b4ef319f11074e - - default default] No more DHCP agents
2026-04-23 18:09:36.113 7 WARNING neutron.api.rpc.agentnotifiers.dhcp_rpc_agent_api [None req-82cb9501-d7fc-4fb5-acbd-a70571a60c3a e714fcc2db1d4a689310441c1229550e 132ff615be5f4ecea2b4ef319f11074e - - default default] Unable to schedule network c6aabbd0-f337-49f3-a631-de46462d5599: no agents available; will retry on subsequent port and subnet creation events.
2026-04-23 18:09:36.173 8 WARNING neutron.scheduler.dhcp_agent_scheduler [None req-99ef5403-1292-4048-9c17-652021548c24 26864205f6bb4ff290768c8f66d1d57a 3122e308551c44ed8f5b7e81c62f2fde - - default default] No more DHCP agents
2026-04-23 18:09:36.177 8 WARNING neutron.api.rpc.agentnotifiers.dhcp_rpc_agent_api [None req-99ef5403-1292-4048-9c17-652021548c24 26864205f6bb4ff290768c8f66d1d57a 3122e308551c44ed8f5b7e81c62f2fde - - default default] Unable to schedule network ac2bbf47-edd3-4f0f-8d2b-9b274beb619b: no agents available; will retry on subsequent port and subnet creation events.
2026-04-23 18:09:36.290 7 INFO neutron.db.ovn_revision_numbers_db [None req-82cb9501-d7fc-4fb5-acbd-a70571a60c3a e714fcc2db1d4a689310441c1229550e 132ff615be5f4ecea2b4ef319f11074e - - default default] Successfully bumped revision number for resource 98c9ac78-23c3-4936-8c13-fae449ad0990 (type: ports) to 1
2026-04-23 18:09:36.309 8 INFO neutron.db.ovn_revision_numbers_db [None req-99ef5403-1292-4048-9c17-652021548c24 26864205f6bb4ff290768c8f66d1d57a 3122e308551c44ed8f5b7e81c62f2fde - - default default] Successfully bumped revision number for resource 102b16fa-9228-4076-8717-0e4f6a9b44b3 (type: ports) to 1 [pid: 8|app: 0|req: 1105/2098] 10.0.0.227 () {34 vars in 670 bytes} [Thu Apr 23 18:09:35 2026] POST /v2.0/networks => generated 650 bytes in 875 msecs (HTTP/1.1 201) 4 headers in 162 bytes (1 switches on core 0)
