2026-04-23 18:03:15.854 8 INFO placement.requestlog [None req-26f12eac-60aa-4106-b8e4-f937e1bcda1f - - - - - -] 10.0.0.225 "GET /" status: 200 len: 136 microversion: 1.0
2026-04-23 18:03:15.855 7 INFO placement.requestlog [None req-913430e3-7b18-4a2b-8979-9892f1e51cb8 - - - - - -] 10.0.0.225 "GET /" status: 200 len: 136 microversion: 1.0
2026-04-23 18:03:25.854 8 INFO placement.requestlog [None req-6a2172d3-e4cb-4c53-8b03-07d28e4b3b54 - - - - - -] 10.0.0.225 "GET /" status: 200 len: 136 microversion: 1.0
2026-04-23 18:03:25.854 7 INFO placement.requestlog [None req-9d434cf9-ccdd-4dc7-8287-92b9075fcc7a - - - - - -] 10.0.0.225 "GET /" status: 200 len: 136 microversion: 1.0
2026-04-23 18:03:35.853 8 INFO placement.requestlog [None req-32211957-96f8-4fd8-9c16-3e4e99eb8769 - - - - - -] 10.0.0.225 "GET /" status: 200 len: 136 microversion: 1.0
2026-04-23 18:03:35.853 7 INFO placement.requestlog [None req-13131615-f0c3-466d-83f1-2eb4f3a0c959 - - - - - -] 10.0.0.225 "GET /" status: 200 len: 136 microversion: 1.0
2026-04-23 18:03:45.853 8 INFO placement.requestlog [None req-20bbc814-078d-4983-9bb8-7caa32ccff84 - - - - - -] 10.0.0.225 "GET /" status: 200 len: 136 microversion: 1.0
2026-04-23 18:03:45.854 7 INFO placement.requestlog [None req-63ae3124-62ec-4f01-b7dc-f0eb26232ccf - - - - - -] 10.0.0.225 "GET /" status: 200 len: 136 microversion: 1.0
2026-04-23 18:03:48.825 8 INFO placement.requestlog [req-23d6ab67-bc6b-4eb9-87b5-2e2c4d7c6319 req-1ccfadda-550a-4e35-88c7-b0187f97622d 2331319c22324855a1b01bcc97c12377 fa4ad87df1d94af3ac81a48ecd3ba470 - - 1b43005d212b483c8b127366fadb47ad 1b43005d212b483c8b127366fadb47ad] 199.204.45.25 "GET /resource_providers/f35c300c-345d-49fa-b045-3f7174671484/allocations" status: 200 len: 54 microversion: 1.0 [pid: 8|app: 0|req: 109/216] 199.204.45.25 () {32 vars in 856 bytes} [Thu Apr 23 18:03:48 2026] GET /resource_providers/f35c300c-345d-49fa-b045-3f7174671484/allocations => generated 54 bytes in 14 msecs (HTTP/1.1 200) 6 headers in 223 bytes (1 switches on core 0)
2026-04-23 18:03:48.855 7 INFO placement.requestlog [req-23d6ab67-bc6b-4eb9-87b5-2e2c4d7c6319 req-bd0b58f9-0c92-4b3e-83c8-67213155aebc 2331319c22324855a1b01bcc97c12377 fa4ad87df1d94af3ac81a48ecd3ba470 - - 1b43005d212b483c8b127366fadb47ad 1b43005d212b483c8b127366fadb47ad] 199.204.45.25 "GET /resource_providers/f35c300c-345d-49fa-b045-3f7174671484/allocations" status: 200 len: 54 microversion: 1.0 [pid: 7|app: 0|req: 108/217] 199.204.45.25 () {32 vars in 856 bytes} [Thu Apr 23 18:03:48 2026] GET /resource_providers/f35c300c-345d-49fa-b045-3f7174671484/allocations => generated 54 bytes in 23 msecs (HTTP/1.1 200) 6 headers in 223 bytes (1 switches on core 0)
2026-04-23 18:03:55.853 7 INFO placement.requestlog [None req-38e09d92-a118-4dd6-a60c-659a7f2e4be8 - - - - - -] 10.0.0.225 "GET /" status: 200 len: 136 microversion: 1.0
2026-04-23 18:03:55.854 8 INFO placement.requestlog [None req-ac387cde-a80a-4b38-aace-f3d9f7ed773a - - - - - -] 10.0.0.225 "GET /" status: 200 len: 136 microversion: 1.0
2026-04-23 18:04:05.854 7 INFO placement.requestlog [None req-f1ab3738-f048-463e-9088-06d77b4d0802 - - - - - -] 10.0.0.225 "GET /" status: 200 len: 136 microversion: 1.0
2026-04-23 18:04:05.855 8 INFO placement.requestlog [None req-1192be04-9553-485a-b23a-1e67074a1154 - - - - - -] 10.0.0.225 "GET /" status: 200 len: 136 microversion: 1.0
2026-04-23 18:04:15.854 8 INFO placement.requestlog [None req-6d8b4121-1303-4451-828b-3fe2b5b03af1 - - - - - -] 10.0.0.225 "GET /" status: 200 len: 136 microversion: 1.0
2026-04-23 18:04:15.854 7 INFO placement.requestlog [None req-d351df92-460e-4068-b903-ac4625492b26 - - - - - -] 10.0.0.225 "GET /" status: 200 len: 136 microversion: 1.0
2026-04-23 18:04:25.853 7 INFO placement.requestlog [None req-bd8641b8-a9d9-4dea-94e0-47f1092083fc - - - - - -] 10.0.0.225 "GET /" status: 200 len: 136 microversion: 1.0
2026-04-23 18:04:25.853 8 INFO placement.requestlog [None req-60f4cdc1-321c-4cc0-b5f8-69bb0407e30a - - - - - -] 10.0.0.225 "GET /" status: 200 len: 136 microversion: 1.0
2026-04-23 18:04:35.855 8 INFO placement.requestlog [None req-80c02e58-07cf-4339-95f2-c7be03c21aaf - - - - - -] 10.0.0.225 "GET /" status: 200 len: 136 microversion: 1.0
2026-04-23 18:04:35.855 7 INFO placement.requestlog [None req-7fd24cd9-ec16-4cc5-bd32-771fb38e1214 - - - - - -] 10.0.0.225 "GET /" status: 200 len: 136 microversion: 1.0
2026-04-23 18:04:45.854 7 INFO placement.requestlog [None req-eb464c49-71dc-4ac2-8663-ced70445eb71 - - - - - -] 10.0.0.225 "GET /" status: 200 len: 136 microversion: 1.0
2026-04-23 18:04:45.854 8 INFO placement.requestlog [None req-ec0fd37b-5c6d-4753-a87b-f76cbfe0fd6d - - - - - -] 10.0.0.225 "GET /" status: 200 len: 136 microversion: 1.0
2026-04-23 18:04:49.468 7 INFO placement.requestlog [req-92df56b5-9cca-4db5-a47c-3fcc7e701036 req-15fea6ba-bca4-4385-91f8-114af87d0175 2331319c22324855a1b01bcc97c12377 fa4ad87df1d94af3ac81a48ecd3ba470 - - 1b43005d212b483c8b127366fadb47ad 1b43005d212b483c8b127366fadb47ad] 199.204.45.25 "GET /resource_providers/f35c300c-345d-49fa-b045-3f7174671484/allocations" status: 200 len: 54 microversion: 1.0 [pid: 7|app: 0|req: 115/230] 199.204.45.25 () {32 vars in 856 bytes} [Thu Apr 23 18:04:49 2026] GET /resource_providers/f35c300c-345d-49fa-b045-3f7174671484/allocations => generated 54 bytes in 18 msecs (HTTP/1.1 200) 6 headers in 223 bytes (1 switches on core 0)
2026-04-23 18:04:49.496 8 INFO placement.requestlog [req-92df56b5-9cca-4db5-a47c-3fcc7e701036 req-452aa911-73d6-4ab4-b288-9f2faf9d688f 2331319c22324855a1b01bcc97c12377 fa4ad87df1d94af3ac81a48ecd3ba470 - - 1b43005d212b483c8b127366fadb47ad 1b43005d212b483c8b127366fadb47ad] 199.204.45.25 "GET /resource_providers/f35c300c-345d-49fa-b045-3f7174671484/allocations" status: 200 len: 54 microversion: 1.0 [pid: 8|app: 0|req: 116/231] 199.204.45.25 () {32 vars in 856 bytes} [Thu Apr 23 18:04:49 2026] GET /resource_providers/f35c300c-345d-49fa-b045-3f7174671484/allocations => generated 54 bytes in 20 msecs (HTTP/1.1 200) 6 headers in 223 bytes (1 switches on core 0)
2026-04-23 18:04:55.854 7 INFO placement.requestlog [None req-bedb06c2-8ce2-49c3-b002-c63aeef12b72 - - - - - -] 10.0.0.225 "GET /" status: 200 len: 136 microversion: 1.0
2026-04-23 18:04:55.854 8 INFO placement.requestlog [None req-4c243fff-21cb-4ab0-8e68-e733c584d93d - - - - - -] 10.0.0.225 "GET /" status: 200 len: 136 microversion: 1.0
2026-04-23 18:05:05.853 7 INFO placement.requestlog [None req-7c456164-6d88-4722-8d3a-3f5040a0b65c - - - - - -] 10.0.0.225 "GET /" status: 200 len: 136 microversion: 1.0
2026-04-23 18:05:05.854 8 INFO placement.requestlog [None req-956b7bda-4b40-489f-a597-8de841969185 - - - - - -] 10.0.0.225 "GET /" status: 200 len: 136 microversion: 1.0
2026-04-23 18:05:15.854 8 INFO placement.requestlog [None req-04c6e7f9-5ad4-4c6e-8fe8-77b540ba0e3d - - - - - -] 10.0.0.225 "GET /" status: 200 len: 136 microversion: 1.0
2026-04-23 18:05:15.854 7 INFO placement.requestlog [None req-bf948d94-8fa6-406a-940f-9355ff17dcd8 - - - - - -] 10.0.0.225 "GET /" status: 200 len: 136 microversion: 1.0
2026-04-23 18:05:25.854 8 INFO placement.requestlog [None req-9b00e102-085f-4976-8394-00faec63085d - - - - - -] 10.0.0.225 "GET /" status: 200 len: 136 microversion: 1.0
2026-04-23 18:05:25.854 7 INFO placement.requestlog [None req-c1420025-166e-44c1-a3ce-e680f1fae40f - - - - - -] 10.0.0.225 "GET /" status: 200 len: 136 microversion: 1.0
2026-04-23 18:05:32.178 8 INFO placement.requestlog [req-ba7d492e-546b-48ac-ba53-05bbd1078fd3 req-66cf77dc-f4a0-4de0-875f-02dc14dd80ba 2331319c22324855a1b01bcc97c12377 fa4ad87df1d94af3ac81a48ecd3ba470 - - 1b43005d212b483c8b127366fadb47ad 1b43005d212b483c8b127366fadb47ad] 10.0.0.38 "GET /allocation_candidates?limit=1000&resources=DISK_GB%3A1%2CMEMORY_MB%3A512%2CVCPU%3A1&root_required=%21COMPUTE_STATUS_DISABLED" status: 200 len: 2781 microversion: 1.36 [pid: 8|app: 0|req: 121/240] 10.0.0.38 () {34 vars in 1011 bytes} [Thu Apr 23 18:05:31 2026] GET /allocation_candidates?limit=1000&resources=DISK_GB%3A1%2CMEMORY_MB%3A512%2CVCPU%3A1&root_required=%21COMPUTE_STATUS_DISABLED => generated 2781 bytes in 554 msecs (HTTP/1.1 200) 8 headers in 297 bytes (1 switches on core 0)
2026-04-23 18:05:32.270 7 INFO placement.requestlog [req-ba7d492e-546b-48ac-ba53-05bbd1078fd3 req-4578f14b-55b1-441f-9e36-54e24395e14e 2331319c22324855a1b01bcc97c12377 fa4ad87df1d94af3ac81a48ecd3ba470 - - 1b43005d212b483c8b127366fadb47ad 1b43005d212b483c8b127366fadb47ad] 10.0.0.38 "GET /allocations/8e595999-f427-4fd4-9bcb-bdea3887eae3" status: 200 len: 19 microversion: 1.28 [pid: 7|app: 0|req: 120/241] 10.0.0.38 () {34 vars in 860 bytes} [Thu Apr 23 18:05:32 2026] GET /allocations/8e595999-f427-4fd4-9bcb-bdea3887eae3 => generated 19 bytes in 63 msecs (HTTP/1.1 200) 8 headers in 295 bytes (1 switches on core 0)
2026-04-23 18:05:32.356 8 INFO placement.requestlog [req-ba7d492e-546b-48ac-ba53-05bbd1078fd3 req-67f90456-e572-4f39-91f9-3c3dbe8009d6 2331319c22324855a1b01bcc97c12377 fa4ad87df1d94af3ac81a48ecd3ba470 - - 1b43005d212b483c8b127366fadb47ad 1b43005d212b483c8b127366fadb47ad] 10.0.0.38 "PUT /allocations/8e595999-f427-4fd4-9bcb-bdea3887eae3" status: 204 len: 0 microversion: 1.36 [pid: 8|app: 0|req: 122/242] 10.0.0.38 () {38 vars in 913 bytes} [Thu Apr 23 18:05:32 2026] PUT /allocations/8e595999-f427-4fd4-9bcb-bdea3887eae3 => generated 0 bytes in 79 msecs (HTTP/1.1 204) 5 headers in 199 bytes (1 switches on core 0)
2026-04-23 18:05:33.014 7 INFO placement.requestlog [req-0ed66d9b-df4c-4902-93f9-1bdd86201b37 req-bf187f41-2d1e-488b-b875-1fbcbfe198b2 2331319c22324855a1b01bcc97c12377 fa4ad87df1d94af3ac81a48ecd3ba470 - - 1b43005d212b483c8b127366fadb47ad 1b43005d212b483c8b127366fadb47ad] 10.0.0.38 "GET /allocation_candidates?limit=1000&resources=DISK_GB%3A1%2CMEMORY_MB%3A512%2CVCPU%3A1&root_required=%21COMPUTE_STATUS_DISABLED" status: 200 len: 2783 microversion: 1.36 [pid: 7|app: 0|req: 121/243] 10.0.0.38 () {34 vars in 1011 bytes} [Thu Apr 23 18:05:32 2026] GET /allocation_candidates?limit=1000&resources=DISK_GB%3A1%2CMEMORY_MB%3A512%2CVCPU%3A1&root_required=%21COMPUTE_STATUS_DISABLED => generated 2783 bytes in 58 msecs (HTTP/1.1 200) 8 headers in 297 bytes (1 switches on core 0)
2026-04-23 18:05:33.068 8 INFO placement.requestlog [req-0ed66d9b-df4c-4902-93f9-1bdd86201b37 req-d1aae874-5c78-468b-9318-6eb808850459 2331319c22324855a1b01bcc97c12377 fa4ad87df1d94af3ac81a48ecd3ba470 - - 1b43005d212b483c8b127366fadb47ad 1b43005d212b483c8b127366fadb47ad] 10.0.0.38 "GET /allocations/1d8fac0b-81f3-49eb-990f-6eacbc6bf356" status: 200 len: 19 microversion: 1.28 [pid: 8|app: 0|req: 123/244] 10.0.0.38 () {34 vars in 860 bytes} [Thu Apr 23 18:05:33 2026] GET /allocations/1d8fac0b-81f3-49eb-990f-6eacbc6bf356 => generated 19 bytes in 15 msecs (HTTP/1.1 200) 8 headers in 295 bytes (1 switches on core 0)
2026-04-23 18:05:33.154 7 INFO placement.requestlog [req-0ed66d9b-df4c-4902-93f9-1bdd86201b37 req-27391295-aa7d-4c21-80f1-afef4a1e4a28 2331319c22324855a1b01bcc97c12377 fa4ad87df1d94af3ac81a48ecd3ba470 - - 1b43005d212b483c8b127366fadb47ad 1b43005d212b483c8b127366fadb47ad] 10.0.0.38 "PUT /allocations/1d8fac0b-81f3-49eb-990f-6eacbc6bf356" status: 204 len: 0 microversion: 1.36 [pid: 7|app: 0|req: 122/245] 10.0.0.38 () {38 vars in 913 bytes} [Thu Apr 23 18:05:33 2026] PUT /allocations/1d8fac0b-81f3-49eb-990f-6eacbc6bf356 => generated 0 bytes in 74 msecs (HTTP/1.1 204) 5 headers in 199 bytes (1 switches on core 0)
2026-04-23 18:05:33.996 8 INFO placement.requestlog [req-ba7d492e-546b-48ac-ba53-05bbd1078fd3 req-42d58b8f-b8eb-459d-b8b5-0a1998222c87 2331319c22324855a1b01bcc97c12377 fa4ad87df1d94af3ac81a48ecd3ba470 - - 1b43005d212b483c8b127366fadb47ad 1b43005d212b483c8b127366fadb47ad] 199.204.45.25 "GET /allocations/8e595999-f427-4fd4-9bcb-bdea3887eae3" status: 200 len: 257 microversion: 1.28 [pid: 8|app: 0|req: 124/246] 199.204.45.25 () {34 vars in 862 bytes} [Thu Apr 23 18:05:33 2026] GET /allocations/8e595999-f427-4fd4-9bcb-bdea3887eae3 => generated 257 bytes in 36 msecs (HTTP/1.1 200) 8 headers in 296 bytes (1 switches on core 0)
2026-04-23 18:05:34.597 7 INFO placement.requestlog [req-0ed66d9b-df4c-4902-93f9-1bdd86201b37 req-7b88cca2-100e-4edc-a7f5-2ab6b7186779 2331319c22324855a1b01bcc97c12377 fa4ad87df1d94af3ac81a48ecd3ba470 - - 1b43005d212b483c8b127366fadb47ad 1b43005d212b483c8b127366fadb47ad] 199.204.45.25 "GET /allocations/1d8fac0b-81f3-49eb-990f-6eacbc6bf356" status: 200 len: 257 microversion: 1.28 [pid: 7|app: 0|req: 123/247] 199.204.45.25 () {34 vars in 862 bytes} [Thu Apr 23 18:05:34 2026] GET /allocations/1d8fac0b-81f3-49eb-990f-6eacbc6bf356 => generated 257 bytes in 10 msecs (HTTP/1.1 200) 8 headers in 296 bytes (1 switches on core 0)
2026-04-23 18:05:35.047 8 INFO placement.requestlog [req-ba7d492e-546b-48ac-ba53-05bbd1078fd3 req-b6c90e47-ade7-4b5a-816c-4201b74810b2 2331319c22324855a1b01bcc97c12377 fa4ad87df1d94af3ac81a48ecd3ba470 - - 1b43005d212b483c8b127366fadb47ad 1b43005d212b483c8b127366fadb47ad] 199.204.45.25 "GET /resource_providers?in_tree=f35c300c-345d-49fa-b045-3f7174671484" status: 200 len: 797 microversion: 1.14 [pid: 8|app: 0|req: 125/248] 199.204.45.25 () {34 vars in 891 bytes} [Thu Apr 23 18:05:35 2026] GET /resource_providers?in_tree=f35c300c-345d-49fa-b045-3f7174671484 => generated 797 bytes in 27 msecs (HTTP/1.1 200) 6 headers in 225 bytes (1 switches on core 0)
2026-04-23 18:05:35.077 7 INFO placement.requestlog [req-ba7d492e-546b-48ac-ba53-05bbd1078fd3 req-f86c55ae-a60e-482a-bdc7-b5920d67695a 2331319c22324855a1b01bcc97c12377 fa4ad87df1d94af3ac81a48ecd3ba470 - - 1b43005d212b483c8b127366fadb47ad 1b43005d212b483c8b127366fadb47ad] 199.204.45.25 "GET /resource_providers/f35c300c-345d-49fa-b045-3f7174671484/inventories" status: 200 len: 400 microversion: 1.0 [pid: 7|app: 0|req: 124/249] 199.204.45.25 () {32 vars in 856 bytes} [Thu Apr 23 18:05:35 2026] GET /resource_providers/f35c300c-345d-49fa-b045-3f7174671484/inventories => generated 400 bytes in 22 msecs (HTTP/1.1 200) 6 headers in 224 bytes (1 switches on core 0)
2026-04-23 18:05:35.092 8 INFO placement.requestlog [req-ba7d492e-546b-48ac-ba53-05bbd1078fd3 req-6d0e1668-1975-43dd-b1ca-309eecb628bb 2331319c22324855a1b01bcc97c12377 fa4ad87df1d94af3ac81a48ecd3ba470 - - 1b43005d212b483c8b127366fadb47ad 1b43005d212b483c8b127366fadb47ad] 199.204.45.25 "GET /resource_providers/f35c300c-345d-49fa-b045-3f7174671484/aggregates" status: 200 len: 53 microversion: 1.19 [pid: 8|app: 0|req: 126/250] 199.204.45.25 () {34 vars in 898 bytes} [Thu Apr 23 18:05:35 2026] GET /resource_providers/f35c300c-345d-49fa-b045-3f7174671484/aggregates => generated 53 bytes in 10 msecs (HTTP/1.1 200) 8 headers in 295 bytes (1 switches on core 0)
2026-04-23 18:05:35.116 7 INFO placement.requestlog [req-ba7d492e-546b-48ac-ba53-05bbd1078fd3 req-15f05d6c-6581-4cf0-b708-41f74539e4db 2331319c22324855a1b01bcc97c12377 fa4ad87df1d94af3ac81a48ecd3ba470 - - 1b43005d212b483c8b127366fadb47ad 1b43005d212b483c8b127366fadb47ad] 199.204.45.25 "GET /resource_providers/f35c300c-345d-49fa-b045-3f7174671484/traits" status: 200 len: 2316 microversion: 1.6 [pid: 7|app: 0|req: 125/251] 199.204.45.25 () {34 vars in 889 bytes} [Thu Apr 23 18:05:35 2026] GET /resource_providers/f35c300c-345d-49fa-b045-3f7174671484/traits => generated 2316 bytes in 19 msecs (HTTP/1.1 200) 6 headers in 225 bytes (1 switches on core 0)
2026-04-23 18:05:35.133 8 INFO placement.requestlog [req-ba7d492e-546b-48ac-ba53-05bbd1078fd3 req-541d3f5a-b71a-46ab-8d71-909cdb0b5ec9 2331319c22324855a1b01bcc97c12377 fa4ad87df1d94af3ac81a48ecd3ba470 - - 1b43005d212b483c8b127366fadb47ad 1b43005d212b483c8b127366fadb47ad] 199.204.45.25 "GET /resource_providers/f35c300c-345d-49fa-b045-3f7174671484/allocations" status: 200 len: 252 microversion: 1.0 [pid: 8|app: 0|req: 127/252] 199.204.45.25 () {32 vars in 856 bytes} [Thu Apr 23 18:05:35 2026] GET /resource_providers/f35c300c-345d-49fa-b045-3f7174671484/allocations => generated 252 bytes in 13 msecs (HTTP/1.1 200) 6 headers in 224 bytes (1 switches on core 0)
2026-04-23 18:05:35.152 7 INFO placement.requestlog [req-ba7d492e-546b-48ac-ba53-05bbd1078fd3 req-ca06e640-69e6-4452-80dd-eee80be44b06 2331319c22324855a1b01bcc97c12377 fa4ad87df1d94af3ac81a48ecd3ba470 - - 1b43005d212b483c8b127366fadb47ad 1b43005d212b483c8b127366fadb47ad] 199.204.45.25 "GET /allocations/1d8fac0b-81f3-49eb-990f-6eacbc6bf356" status: 200 len: 257 microversion: 1.28 [pid: 7|app: 0|req: 126/253] 199.204.45.25 () {34 vars in 862 bytes} [Thu Apr 23 18:05:35 2026] GET /allocations/1d8fac0b-81f3-49eb-990f-6eacbc6bf356 => generated 257 bytes in 15 msecs (HTTP/1.1 200) 8 headers in 296 bytes (1 switches on core 0)
2026-04-23 18:05:35.165 8 INFO placement.requestlog [req-ba7d492e-546b-48ac-ba53-05bbd1078fd3 req-3f69bdef-78a5-4bf6-a785-c8f262354d0d 2331319c22324855a1b01bcc97c12377 fa4ad87df1d94af3ac81a48ecd3ba470 - - 1b43005d212b483c8b127366fadb47ad 1b43005d212b483c8b127366fadb47ad] 199.204.45.25 "GET /allocations/8e595999-f427-4fd4-9bcb-bdea3887eae3" status: 200 len: 257 microversion: 1.28 [pid: 8|app: 0|req: 128/254] 199.204.45.25 () {34 vars in 862 bytes} [Thu Apr 23 18:05:35 2026] GET /allocations/8e595999-f427-4fd4-9bcb-bdea3887eae3 => generated 257 bytes in 9 msecs (HTTP/1.1 200) 8 headers in 296 bytes (1 switches on core 0)
2026-04-23 18:05:35.368 7 INFO placement.requestlog [None req-e075329a-8d69-46f0-99b8-9ae2b796ce73 1eeff30d3cb9431d993a8ff5ca0231a0 fa4ad87df1d94af3ac81a48ecd3ba470 - - 1b43005d212b483c8b127366fadb47ad 1b43005d212b483c8b127366fadb47ad] 10.0.0.77 "GET /resource_providers/8b4b21c0-e204-4189-9525-9f47416f8641/aggregates" status: 404 len: 235 microversion: 1.1 [pid: 7|app: 0|req: 127/255] 10.0.0.77 () {32 vars in 815 bytes} [Thu Apr 23 18:05:35 2026] GET /resource_providers/8b4b21c0-e204-4189-9525-9f47416f8641/aggregates => generated 235 bytes in 97 msecs (HTTP/1.1 404) 5 headers in 202 bytes (1 switches on core 0)
2026-04-23 18:05:35.378 8 INFO placement.requestlog [None req-afd67546-e782-4d9d-8f2f-efbec8efcb31 1eeff30d3cb9431d993a8ff5ca0231a0 fa4ad87df1d94af3ac81a48ecd3ba470 - - 1b43005d212b483c8b127366fadb47ad 1b43005d212b483c8b127366fadb47ad] 10.0.0.77 "GET /resource_providers/8b4b21c0-e204-4189-9525-9f47416f8641/aggregates" status: 404 len: 235 microversion: 1.1 [pid: 8|app: 0|req: 129/256] 10.0.0.77 () {32 vars in 815 bytes} [Thu Apr 23 18:05:35 2026] GET /resource_providers/8b4b21c0-e204-4189-9525-9f47416f8641/aggregates => generated 235 bytes in 105 msecs (HTTP/1.1 404) 5 headers in 202 bytes (1 switches on core 0)
2026-04-23 18:05:35.380 7 INFO placement.requestlog [None req-e5f6484e-5895-49f7-8819-063430391ebe 1eeff30d3cb9431d993a8ff5ca0231a0 fa4ad87df1d94af3ac81a48ecd3ba470 - - 1b43005d212b483c8b127366fadb47ad 1b43005d212b483c8b127366fadb47ad] 10.0.0.77 "DELETE /resource_providers/8b4b21c0-e204-4189-9525-9f47416f8641" status: 404 len: 246 microversion: 1.1 [pid: 7|app: 0|req: 128/257] 10.0.0.77 () {34 vars in 815 bytes} [Thu Apr 23 18:05:35 2026] DELETE /resource_providers/8b4b21c0-e204-4189-9525-9f47416f8641 => generated 246 bytes in 6 msecs (HTTP/1.1 404) 6 headers in 231 bytes (1 switches on core 0)
2026-04-23 18:05:35.397 8 INFO placement.requestlog [None req-b1fafce9-3129-43db-853b-06fff613e4c8 1eeff30d3cb9431d993a8ff5ca0231a0 fa4ad87df1d94af3ac81a48ecd3ba470 - - 1b43005d212b483c8b127366fadb47ad 1b43005d212b483c8b127366fadb47ad] 10.0.0.77 "DELETE /resource_providers/8b4b21c0-e204-4189-9525-9f47416f8641" status: 404 len: 246 microversion: 1.1 [pid: 8|app: 0|req: 130/258] 10.0.0.77 () {34 vars in 815 bytes} [Thu Apr 23 18:05:35 2026] DELETE /resource_providers/8b4b21c0-e204-4189-9525-9f47416f8641 => generated 246 bytes in 9 msecs (HTTP/1.1 404) 6 headers in 231 bytes (1 switches on core 0)
2026-04-23 18:05:35.853 7 INFO placement.requestlog [None req-fcce1cc7-cc4f-42de-b3ab-2e364dc5c69e - - - - - -] 10.0.0.225 "GET /" status: 200 len: 136 microversion: 1.0
2026-04-23 18:05:35.854 8 INFO placement.requestlog [None req-08430f44-2c4d-4c52-a5df-9fef6dad675a - - - - - -] 10.0.0.225 "GET /" status: 200 len: 136 microversion: 1.0
2026-04-23 18:05:36.083 7 INFO placement.requestlog [req-4b71a8fe-6eab-46c7-b6cf-2fa00146e087 req-c76ad04a-f0f4-404a-a140-cef7c32089c4 2331319c22324855a1b01bcc97c12377 fa4ad87df1d94af3ac81a48ecd3ba470 - - 1b43005d212b483c8b127366fadb47ad 1b43005d212b483c8b127366fadb47ad] 10.0.0.38 "GET /allocation_candidates?limit=1000&resources=MEMORY_MB%3A512%2CVCPU%3A1&root_required=%21COMPUTE_STATUS_DISABLED" status: 200 len: 2770 microversion: 1.36 [pid: 7|app: 0|req: 130/261] 10.0.0.38 () {34 vars in 983 bytes} [Thu Apr 23 18:05:36 2026] GET /allocation_candidates?limit=1000&resources=MEMORY_MB%3A512%2CVCPU%3A1&root_required=%21COMPUTE_STATUS_DISABLED => generated 2770 bytes in 46 msecs (HTTP/1.1 200) 8 headers in 297 bytes (1 switches on core 0)
2026-04-23 18:05:36.119 8 INFO placement.requestlog [req-4b71a8fe-6eab-46c7-b6cf-2fa00146e087 req-6a15398d-11c0-4043-96ac-83c21ddc07c7 2331319c22324855a1b01bcc97c12377 fa4ad87df1d94af3ac81a48ecd3ba470 - - 1b43005d212b483c8b127366fadb47ad 1b43005d212b483c8b127366fadb47ad] 10.0.0.38 "GET /allocations/7769c1be-46e2-42c8-b6c8-cba12ba84f53" status: 200 len: 19 microversion: 1.28 [pid: 8|app: 0|req: 132/262] 10.0.0.38 () {34 vars in 860 bytes} [Thu Apr 23 18:05:36 2026] GET /allocations/7769c1be-46e2-42c8-b6c8-cba12ba84f53 => generated 19 bytes in 6 msecs (HTTP/1.1 200) 8 headers in 295 bytes (1 switches on core 0)
2026-04-23 18:05:36.185 7 INFO placement.requestlog [req-4b71a8fe-6eab-46c7-b6cf-2fa00146e087 req-011f5835-1c74-448e-ad29-40dff7917b55 2331319c22324855a1b01bcc97c12377 fa4ad87df1d94af3ac81a48ecd3ba470 - - 1b43005d212b483c8b127366fadb47ad 1b43005d212b483c8b127366fadb47ad] 10.0.0.38 "PUT /allocations/7769c1be-46e2-42c8-b6c8-cba12ba84f53" status: 204 len: 0 microversion: 1.36 [pid: 7|app: 0|req: 131/263] 10.0.0.38 () {38 vars in 913 bytes} [Thu Apr 23 18:05:36 2026] PUT /allocations/7769c1be-46e2-42c8-b6c8-cba12ba84f53 => generated 0 bytes in 58 msecs (HTTP/1.1 204) 5 headers in 199 bytes (1 switches on core 0)
2026-04-23 18:05:37.227 8 INFO placement.requestlog [req-0ed66d9b-df4c-4902-93f9-1bdd86201b37 req-6e8845c6-b145-486b-8221-556e6d016313 2331319c22324855a1b01bcc97c12377 fa4ad87df1d94af3ac81a48ecd3ba470 - - 1b43005d212b483c8b127366fadb47ad 1b43005d212b483c8b127366fadb47ad] 199.204.45.25 "GET /resource_providers/f35c300c-345d-49fa-b045-3f7174671484/allocations" status: 200 len: 338 microversion: 1.0 [pid: 8|app: 0|req: 133/264] 199.204.45.25 () {32 vars in 856 bytes} [Thu Apr 23 18:05:37 2026] GET /resource_providers/f35c300c-345d-49fa-b045-3f7174671484/allocations => generated 338 bytes in 14 msecs (HTTP/1.1 200) 6 headers in 224 bytes (1 switches on core 0)
2026-04-23 18:05:37.247 7 INFO placement.requestlog [req-0ed66d9b-df4c-4902-93f9-1bdd86201b37 req-cf0dc10d-70f3-43c7-ad46-fcd85209c6cd 2331319c22324855a1b01bcc97c12377 fa4ad87df1d94af3ac81a48ecd3ba470 - - 1b43005d212b483c8b127366fadb47ad 1b43005d212b483c8b127366fadb47ad] 199.204.45.25 "GET /allocations/1d8fac0b-81f3-49eb-990f-6eacbc6bf356" status: 200 len: 257 microversion: 1.28 [pid: 7|app: 0|req: 132/265] 199.204.45.25 () {34 vars in 862 bytes} [Thu Apr 23 18:05:37 2026] GET /allocations/1d8fac0b-81f3-49eb-990f-6eacbc6bf356 => generated 257 bytes in 13 msecs (HTTP/1.1 200) 8 headers in 296 bytes (1 switches on core 0)
2026-04-23 18:05:37.266 8 INFO placement.requestlog [req-0ed66d9b-df4c-4902-93f9-1bdd86201b37 req-fc3a5033-5218-453b-9c61-8862bb093cc9 2331319c22324855a1b01bcc97c12377 fa4ad87df1d94af3ac81a48ecd3ba470 - - 1b43005d212b483c8b127366fadb47ad 1b43005d212b483c8b127366fadb47ad] 199.204.45.25 "GET /allocations/8e595999-f427-4fd4-9bcb-bdea3887eae3" status: 200 len: 257 microversion: 1.28 [pid: 8|app: 0|req: 134/266] 199.204.45.25 () {34 vars in 862 bytes} [Thu Apr 23 18:05:37 2026] GET /allocations/8e595999-f427-4fd4-9bcb-bdea3887eae3 => generated 257 bytes in 12 msecs (HTTP/1.1 200) 8 headers in 296 bytes (1 switches on core 0)
2026-04-23 18:05:37.286 7 INFO placement.requestlog [req-0ed66d9b-df4c-4902-93f9-1bdd86201b37 req-b4e11b19-a886-4dd2-992d-c1f38d89063e 2331319c22324855a1b01bcc97c12377 fa4ad87df1d94af3ac81a48ecd3ba470 - - 1b43005d212b483c8b127366fadb47ad 1b43005d212b483c8b127366fadb47ad] 199.204.45.25 "GET /allocations/7769c1be-46e2-42c8-b6c8-cba12ba84f53" status: 200 len: 243 microversion: 1.28 [pid: 7|app: 0|req: 133/267] 199.204.45.25 () {34 vars in 862 bytes} [Thu Apr 23 18:05:37 2026] GET /allocations/7769c1be-46e2-42c8-b6c8-cba12ba84f53 => generated 243 bytes in 13 msecs (HTTP/1.1 200) 8 headers in 296 bytes (1 switches on core 0)
2026-04-23 18:05:37.667 8 INFO placement.requestlog [req-4b71a8fe-6eab-46c7-b6cf-2fa00146e087 req-9c8230ec-c371-4acd-9d8f-45074af508c2 2331319c22324855a1b01bcc97c12377 fa4ad87df1d94af3ac81a48ecd3ba470 - - 1b43005d212b483c8b127366fadb47ad 1b43005d212b483c8b127366fadb47ad] 199.204.45.25 "GET /allocations/7769c1be-46e2-42c8-b6c8-cba12ba84f53" status: 200 len: 243 microversion: 1.28 [pid: 8|app: 0|req: 135/268] 199.204.45.25 () {34 vars in 862 bytes} [Thu Apr 23 18:05:37 2026] GET /allocations/7769c1be-46e2-42c8-b6c8-cba12ba84f53 => generated 243 bytes in 11 msecs (HTTP/1.1 200) 8 headers in 296 bytes (1 switches on core 0)
2026-04-23 18:05:39.369 7 INFO placement.requestlog [req-4b71a8fe-6eab-46c7-b6cf-2fa00146e087 req-6a731c42-ca35-44f8-b9e5-a147be16ba5c 2331319c22324855a1b01bcc97c12377 fa4ad87df1d94af3ac81a48ecd3ba470 - - 1b43005d212b483c8b127366fadb47ad 1b43005d212b483c8b127366fadb47ad] 199.204.45.25 "GET /resource_providers/f35c300c-345d-49fa-b045-3f7174671484/allocations" status: 200 len: 338 microversion: 1.0 [pid: 7|app: 0|req: 134/269] 199.204.45.25 () {32 vars in 856 bytes} [Thu Apr 23 18:05:39 2026] GET /resource_providers/f35c300c-345d-49fa-b045-3f7174671484/allocations => generated 338 bytes in 14 msecs (HTTP/1.1 200) 6 headers in 224 bytes (1 switches on core 0)
2026-04-23 18:05:39.389 8 INFO placement.requestlog [req-4b71a8fe-6eab-46c7-b6cf-2fa00146e087 req-12a2f80d-966b-4630-8d89-268352c3ba2a 2331319c22324855a1b01bcc97c12377 fa4ad87df1d94af3ac81a48ecd3ba470 - - 1b43005d212b483c8b127366fadb47ad 1b43005d212b483c8b127366fadb47ad] 199.204.45.25 "GET /allocations/1d8fac0b-81f3-49eb-990f-6eacbc6bf356" status: 200 len: 257 microversion: 1.28 [pid: 8|app: 0|req: 136/270] 199.204.45.25 () {34 vars in 862 bytes} [Thu Apr 23 18:05:39 2026] GET /allocations/1d8fac0b-81f3-49eb-990f-6eacbc6bf356 => generated 257 bytes in 14 msecs (HTTP/1.1 200) 8 headers in 296 bytes (1 switches on core 0)
2026-04-23 18:05:39.404 7 INFO placement.requestlog [req-4b71a8fe-6eab-46c7-b6cf-2fa00146e087 req-91017fdf-c649-4254-935a-283f3d5d0470 2331319c22324855a1b01bcc97c12377 fa4ad87df1d94af3ac81a48ecd3ba470 - - 1b43005d212b483c8b127366fadb47ad 1b43005d212b483c8b127366fadb47ad] 199.204.45.25 "GET /allocations/8e595999-f427-4fd4-9bcb-bdea3887eae3" status: 200 len: 257 microversion: 1.28 [pid: 7|app: 0|req: 135/271] 199.204.45.25 () {34 vars in 862 bytes} [Thu Apr 23 18:05:39 2026] GET /allocations/8e595999-f427-4fd4-9bcb-bdea3887eae3 => generated 257 bytes in 8 msecs (HTTP/1.1 200) 8 headers in 296 bytes (1 switches on core 0)
2026-04-23 18:05:39.429 8 INFO placement.requestlog [req-4b71a8fe-6eab-46c7-b6cf-2fa00146e087 req-557d86fc-7891-412b-9b0a-6aab878133e3 2331319c22324855a1b01bcc97c12377 fa4ad87df1d94af3ac81a48ecd3ba470 - - 1b43005d212b483c8b127366fadb47ad 1b43005d212b483c8b127366fadb47ad] 199.204.45.25 "GET /allocations/7769c1be-46e2-42c8-b6c8-cba12ba84f53" status: 200 len: 243 microversion: 1.28 [pid: 8|app: 0|req: 137/272] 199.204.45.25 () {34 vars in 862 bytes} [Thu Apr 23 18:05:39 2026] GET /allocations/7769c1be-46e2-42c8-b6c8-cba12ba84f53 => generated 243 bytes in 14 msecs (HTTP/1.1 200) 8 headers in 296 bytes (1 switches on core 0)
2026-04-23 18:05:45.853 7 INFO placement.requestlog [None req-1fd2573a-32b7-44bd-890e-64a07fa5e741 - - - - - -] 10.0.0.225 "GET /" status: 200 len: 136 microversion: 1.0
2026-04-23 18:05:45.855 8 INFO placement.requestlog [None req-473519e6-067b-4886-9036-8bfc4c91babc - - - - - -] 10.0.0.225 "GET /" status: 200 len: 136 microversion: 1.0
2026-04-23 18:05:50.447 7 INFO placement.requestlog [None req-67773bfe-b1df-4aab-bbba-c91257772396 1eeff30d3cb9431d993a8ff5ca0231a0 fa4ad87df1d94af3ac81a48ecd3ba470 - - 1b43005d212b483c8b127366fadb47ad 1b43005d212b483c8b127366fadb47ad] 10.0.0.77 "GET /resource_providers/d313d73b-54ed-413a-9b1b-db791b5a372b/aggregates" status: 404 len: 235 microversion: 1.1 [pid: 7|app: 0|req: 137/275] 10.0.0.77 () {32 vars in 815 bytes} [Thu Apr 23 18:05:50 2026] GET /resource_providers/d313d73b-54ed-413a-9b1b-db791b5a372b/aggregates => generated 235 bytes in 158 msecs (HTTP/1.1 404) 5 headers in 202 bytes (1 switches on core 0)
2026-04-23 18:05:50.459 8 INFO placement.requestlog [None req-14aace17-177c-4296-b981-bf6bf3ad7db8 1eeff30d3cb9431d993a8ff5ca0231a0 fa4ad87df1d94af3ac81a48ecd3ba470 - - 1b43005d212b483c8b127366fadb47ad 1b43005d212b483c8b127366fadb47ad] 10.0.0.77 "GET /resource_providers/d313d73b-54ed-413a-9b1b-db791b5a372b/aggregates" status: 404 len: 235 microversion: 1.1 [pid: 8|app: 0|req: 139/276] 10.0.0.77 () {32 vars in 815 bytes} [Thu Apr 23 18:05:50 2026] GET /resource_providers/d313d73b-54ed-413a-9b1b-db791b5a372b/aggregates => generated 235 bytes in 149 msecs (HTTP/1.1 404) 5 headers in 202 bytes (1 switches on core 0)
2026-04-23 18:05:50.465 7 INFO placement.requestlog [None req-c50c6aef-f993-4529-adaa-53ce1eba0988 1eeff30d3cb9431d993a8ff5ca0231a0 fa4ad87df1d94af3ac81a48ecd3ba470 - - 1b43005d212b483c8b127366fadb47ad 1b43005d212b483c8b127366fadb47ad] 10.0.0.77 "DELETE /resource_providers/d313d73b-54ed-413a-9b1b-db791b5a372b" status: 404 len: 246 microversion: 1.1 [pid: 7|app: 0|req: 138/277] 10.0.0.77 () {34 vars in 815 bytes} [Thu Apr 23 18:05:50 2026] DELETE /resource_providers/d313d73b-54ed-413a-9b1b-db791b5a372b => generated 246 bytes in 8 msecs (HTTP/1.1 404) 6 headers in 231 bytes (1 switches on core 0)
2026-04-23 18:05:50.497 8 INFO placement.requestlog [None req-d15c0871-bf2c-4f6d-b378-d61433b78d79 1eeff30d3cb9431d993a8ff5ca0231a0 fa4ad87df1d94af3ac81a48ecd3ba470 - - 1b43005d212b483c8b127366fadb47ad 1b43005d212b483c8b127366fadb47ad] 10.0.0.77 "DELETE /resource_providers/d313d73b-54ed-413a-9b1b-db791b5a372b" status: 404 len: 246 microversion: 1.1 [pid: 8|app: 0|req: 140/278] 10.0.0.77 () {34 vars in 815 bytes} [Thu Apr 23 18:05:50 2026] DELETE /resource_providers/d313d73b-54ed-413a-9b1b-db791b5a372b => generated 246 bytes in 16 msecs (HTTP/1.1 404) 6 headers in 231 bytes (1 switches on core 0)
2026-04-23 18:05:53.000 7 INFO placement.requestlog [req-01e05124-2f8f-421d-8b94-6a97a908127c req-3f93a453-8a4e-497a-9207-36b0178e0e14 2331319c22324855a1b01bcc97c12377 fa4ad87df1d94af3ac81a48ecd3ba470 - - 1b43005d212b483c8b127366fadb47ad 1b43005d212b483c8b127366fadb47ad] 199.204.45.25 "GET /resource_providers/f35c300c-345d-49fa-b045-3f7174671484/allocations" status: 200 len: 338 microversion: 1.0 [pid: 7|app: 0|req: 139/279] 199.204.45.25 () {32 vars in 856 bytes} [Thu Apr 23 18:05:52 2026] GET /resource_providers/f35c300c-345d-49fa-b045-3f7174671484/allocations => generated 338 bytes in 28 msecs (HTTP/1.1 200) 6 headers in 224 bytes (1 switches on core 0)
2026-04-23 18:05:53.023 8 INFO placement.requestlog [req-01e05124-2f8f-421d-8b94-6a97a908127c req-631c28f6-a6e4-4761-a6af-0b67b78a5b51 2331319c22324855a1b01bcc97c12377 fa4ad87df1d94af3ac81a48ecd3ba470 - - 1b43005d212b483c8b127366fadb47ad 1b43005d212b483c8b127366fadb47ad] 199.204.45.25 "GET /resource_providers/f35c300c-345d-49fa-b045-3f7174671484/allocations" status: 200 len: 338 microversion: 1.0 [pid: 8|app: 0|req: 141/280] 199.204.45.25 () {32 vars in 856 bytes} [Thu Apr 23 18:05:53 2026] GET /resource_providers/f35c300c-345d-49fa-b045-3f7174671484/allocations => generated 338 bytes in 17 msecs (HTTP/1.1 200) 6 headers in 224 bytes (1 switches on core 0)
2026-04-23 18:05:53.039 7 INFO placement.requestlog [req-01e05124-2f8f-421d-8b94-6a97a908127c req-83ef851c-1078-44fb-8c36-8f27a2f2d2e0 2331319c22324855a1b01bcc97c12377 fa4ad87df1d94af3ac81a48ecd3ba470 - - 1b43005d212b483c8b127366fadb47ad 1b43005d212b483c8b127366fadb47ad] 199.204.45.25 "GET /allocations/1d8fac0b-81f3-49eb-990f-6eacbc6bf356" status: 200 len: 257 microversion: 1.28 [pid: 7|app: 0|req: 140/281] 199.204.45.25 () {34 vars in 862 bytes} [Thu Apr 23 18:05:53 2026] GET /allocations/1d8fac0b-81f3-49eb-990f-6eacbc6bf356 => generated 257 bytes in 12 msecs (HTTP/1.1 200) 8 headers in 296 bytes (1 switches on core 0)
2026-04-23 18:05:53.059 8 INFO placement.requestlog [req-01e05124-2f8f-421d-8b94-6a97a908127c req-0403f848-157b-41cb-8ded-088264dcc5f8 2331319c22324855a1b01bcc97c12377 fa4ad87df1d94af3ac81a48ecd3ba470 - - 1b43005d212b483c8b127366fadb47ad 1b43005d212b483c8b127366fadb47ad] 199.204.45.25 "GET /allocations/8e595999-f427-4fd4-9bcb-bdea3887eae3" status: 200 len: 257 microversion: 1.28 [pid: 8|app: 0|req: 142/282] 199.204.45.25 () {34 vars in 862 bytes} [Thu Apr 23 18:05:53 2026] GET /allocations/8e595999-f427-4fd4-9bcb-bdea3887eae3 => generated 257 bytes in 16 msecs (HTTP/1.1 200) 8 headers in 296 bytes (1 switches on core 0)
2026-04-23 18:05:53.077 7 INFO placement.requestlog [req-01e05124-2f8f-421d-8b94-6a97a908127c req-67a9ad89-a2fe-4501-b799-a5a592ffbb95 2331319c22324855a1b01bcc97c12377 fa4ad87df1d94af3ac81a48ecd3ba470 - - 1b43005d212b483c8b127366fadb47ad 1b43005d212b483c8b127366fadb47ad] 199.204.45.25 "GET /allocations/7769c1be-46e2-42c8-b6c8-cba12ba84f53" status: 200 len: 243 microversion: 1.28 [pid: 7|app: 0|req: 141/283] 199.204.45.25 () {34 vars in 862 bytes} [Thu Apr 23 18:05:53 2026] GET /allocations/7769c1be-46e2-42c8-b6c8-cba12ba84f53 => generated 243 bytes in 14 msecs (HTTP/1.1 200) 8 headers in 296 bytes (1 switches on core 0)
2026-04-23 18:05:55.854 8 INFO placement.requestlog [None req-6aa35afd-38cb-4565-a7a4-3c825fdbadde - - - - - -] 10.0.0.225 "GET /" status: 200 len: 136 microversion: 1.0
2026-04-23 18:05:55.854 7 INFO placement.requestlog [None req-338e0a4a-054c-4635-9159-3e17365bf36e - - - - - -] 10.0.0.225 "GET /" status: 200 len: 136 microversion: 1.0
2026-04-23 18:06:01.541 8 INFO placement.requestlog [req-970df1d2-5f2e-4253-96cd-830c341139bc req-3351f04c-355c-4a6d-a2c3-64657e37dd80 2331319c22324855a1b01bcc97c12377 fa4ad87df1d94af3ac81a48ecd3ba470 - - 1b43005d212b483c8b127366fadb47ad 1b43005d212b483c8b127366fadb47ad] 10.0.0.38 "GET /allocation_candidates?limit=1000&resources=DISK_GB%3A1%2CMEMORY_MB%3A512%2CVCPU%3A1&root_required=%21COMPUTE_STATUS_DISABLED" status: 200 len: 2784 microversion: 1.36 [pid: 8|app: 0|req: 144/286] 10.0.0.38 () {34 vars in 1011 bytes} [Thu Apr 23 18:06:01 2026] GET /allocation_candidates?limit=1000&resources=DISK_GB%3A1%2CMEMORY_MB%3A512%2CVCPU%3A1&root_required=%21COMPUTE_STATUS_DISABLED => generated 2784 bytes in 45 msecs (HTTP/1.1 200) 8 headers in 297 bytes (1 switches on core 0)
2026-04-23 18:06:01.578 7 INFO placement.requestlog [req-970df1d2-5f2e-4253-96cd-830c341139bc req-999f14bb-0f6d-4404-afa9-00c3c9904c99 2331319c22324855a1b01bcc97c12377 fa4ad87df1d94af3ac81a48ecd3ba470 - - 1b43005d212b483c8b127366fadb47ad 1b43005d212b483c8b127366fadb47ad] 10.0.0.38 "GET /allocations/5f0dc8a9-e4ec-4930-955b-8dd6540b4189" status: 200 len: 19 microversion: 1.28 [pid: 7|app: 0|req: 143/287] 10.0.0.38 () {34 vars in 860 bytes} [Thu Apr 23 18:06:01 2026] GET /allocations/5f0dc8a9-e4ec-4930-955b-8dd6540b4189 => generated 19 bytes in 10 msecs (HTTP/1.1 200) 8 headers in 295 bytes (1 switches on core 0)
2026-04-23 18:06:01.644 8 INFO placement.requestlog [req-970df1d2-5f2e-4253-96cd-830c341139bc req-940c9d73-386b-4d94-867f-8ccff20aac68 2331319c22324855a1b01bcc97c12377 fa4ad87df1d94af3ac81a48ecd3ba470 - - 1b43005d212b483c8b127366fadb47ad 1b43005d212b483c8b127366fadb47ad] 10.0.0.38 "PUT /allocations/5f0dc8a9-e4ec-4930-955b-8dd6540b4189" status: 204 len: 0 microversion: 1.36 [pid: 8|app: 0|req: 145/288] 10.0.0.38 () {38 vars in 913 bytes} [Thu Apr 23 18:06:01 2026] PUT /allocations/5f0dc8a9-e4ec-4930-955b-8dd6540b4189 => generated 0 bytes in 59 msecs (HTTP/1.1 204) 5 headers in 199 bytes (1 switches on core 0)
2026-04-23 18:06:02.840 7 INFO placement.requestlog [req-b68bd6a5-f4dc-455b-b3a0-612a0368872b req-984b381b-36be-4b67-a7f6-aee7cc126d17 2331319c22324855a1b01bcc97c12377 fa4ad87df1d94af3ac81a48ecd3ba470 - - 1b43005d212b483c8b127366fadb47ad 1b43005d212b483c8b127366fadb47ad] 199.204.45.25 "GET /resource_providers/f35c300c-345d-49fa-b045-3f7174671484/allocations" status: 200 len: 438 microversion: 1.0 [pid: 7|app: 0|req: 144/289] 199.204.45.25 () {32 vars in 856 bytes} [Thu Apr 23 18:06:02 2026] GET /resource_providers/f35c300c-345d-49fa-b045-3f7174671484/allocations => generated 438 bytes in 16 msecs (HTTP/1.1 200) 6 headers in 224 bytes (1 switches on core 0)
2026-04-23 18:06:02.861 8 INFO placement.requestlog [req-b68bd6a5-f4dc-455b-b3a0-612a0368872b req-8858f678-b00b-488a-ba66-15c14abaf9c9 2331319c22324855a1b01bcc97c12377 fa4ad87df1d94af3ac81a48ecd3ba470 - - 1b43005d212b483c8b127366fadb47ad 1b43005d212b483c8b127366fadb47ad] 199.204.45.25 "GET /allocations/1d8fac0b-81f3-49eb-990f-6eacbc6bf356" status: 200 len: 257 microversion: 1.28 [pid: 8|app: 0|req: 146/290] 199.204.45.25 () {34 vars in 862 bytes} [Thu Apr 23 18:06:02 2026] GET /allocations/1d8fac0b-81f3-49eb-990f-6eacbc6bf356 => generated 257 bytes in 14 msecs (HTTP/1.1 200) 8 headers in 296 bytes (1 switches on core 0)
2026-04-23 18:06:02.877 7 INFO placement.requestlog [req-b68bd6a5-f4dc-455b-b3a0-612a0368872b req-574646ce-029a-41a8-b2b2-9e4b82ec8af4 2331319c22324855a1b01bcc97c12377 fa4ad87df1d94af3ac81a48ecd3ba470 - - 1b43005d212b483c8b127366fadb47ad 1b43005d212b483c8b127366fadb47ad] 199.204.45.25 "GET /allocations/5f0dc8a9-e4ec-4930-955b-8dd6540b4189" status: 200 len: 257 microversion: 1.28 [pid: 7|app: 0|req: 145/291] 199.204.45.25 () {34 vars in 862 bytes} [Thu Apr 23 18:06:02 2026] GET /allocations/5f0dc8a9-e4ec-4930-955b-8dd6540b4189 => generated 257 bytes in 11 msecs (HTTP/1.1 200) 8 headers in 296 bytes (1 switches on core 0)
2026-04-23 18:06:02.900 8 INFO placement.requestlog [req-b68bd6a5-f4dc-455b-b3a0-612a0368872b req-8ba96349-0df8-4ef0-ba81-ebc22f597868 2331319c22324855a1b01bcc97c12377 fa4ad87df1d94af3ac81a48ecd3ba470 - - 1b43005d212b483c8b127366fadb47ad 1b43005d212b483c8b127366fadb47ad] 199.204.45.25 "GET /allocations/8e595999-f427-4fd4-9bcb-bdea3887eae3" status: 200 len: 257 microversion: 1.28 [pid: 8|app: 0|req: 147/292] 199.204.45.25 () {34 vars in 862 bytes} [Thu Apr 23 18:06:02 2026] GET /allocations/8e595999-f427-4fd4-9bcb-bdea3887eae3 => generated 257 bytes in 15 msecs (HTTP/1.1 200) 8 headers in 296 bytes (1 switches on core 0)
2026-04-23 18:06:02.924 7 INFO placement.requestlog [req-b68bd6a5-f4dc-455b-b3a0-612a0368872b req-dcec6906-fc1b-42f6-aaae-9d5749190ae2 2331319c22324855a1b01bcc97c12377 fa4ad87df1d94af3ac81a48ecd3ba470 - - 1b43005d212b483c8b127366fadb47ad 1b43005d212b483c8b127366fadb47ad] 199.204.45.25 "GET /allocations/7769c1be-46e2-42c8-b6c8-cba12ba84f53" status: 200 len: 243 microversion: 1.28 [pid: 7|app: 0|req: 146/293] 199.204.45.25 () {34 vars in 862 bytes} [Thu Apr 23 18:06:02 2026] GET /allocations/7769c1be-46e2-42c8-b6c8-cba12ba84f53 => generated 243 bytes in 14 msecs (HTTP/1.1 200) 8 headers in 296 bytes (1 switches on core 0)
2026-04-23 18:06:03.280 8 INFO placement.requestlog [req-970df1d2-5f2e-4253-96cd-830c341139bc req-7abe76b8-33dd-47f6-829e-d73bbf41b673 2331319c22324855a1b01bcc97c12377 fa4ad87df1d94af3ac81a48ecd3ba470 - - 1b43005d212b483c8b127366fadb47ad 1b43005d212b483c8b127366fadb47ad] 199.204.45.25 "GET /allocations/5f0dc8a9-e4ec-4930-955b-8dd6540b4189" status: 200 len: 257 microversion: 1.28 [pid: 8|app: 0|req: 148/294] 199.204.45.25 () {34 vars in 862 bytes} [Thu Apr 23 18:06:03 2026] GET /allocations/5f0dc8a9-e4ec-4930-955b-8dd6540b4189 => generated 257 bytes in 8 msecs (HTTP/1.1 200) 8 headers in 296 bytes (1 switches on core 0)
2026-04-23 18:06:03.975 8 INFO placement.requestlog [req-e49091b3-0fbb-413d-8045-f3f9c8fbfc3c req-2019ee22-6252-47c4-ae5c-44d6bc6a4e04 2331319c22324855a1b01bcc97c12377 fa4ad87df1d94af3ac81a48ecd3ba470 - - 1b43005d212b483c8b127366fadb47ad 1b43005d212b483c8b127366fadb47ad] 199.204.45.25 "GET /resource_providers/f35c300c-345d-49fa-b045-3f7174671484/allocations" status: 200 len: 438 microversion: 1.0 [pid: 8|app: 0|req: 149/295] 199.204.45.25 () {32 vars in 856 bytes} [Thu Apr 23 18:06:03 2026] GET /resource_providers/f35c300c-345d-49fa-b045-3f7174671484/allocations => generated 438 bytes in 19 msecs (HTTP/1.1 200) 6 headers in 224 bytes (1 switches on core 0)
2026-04-23 18:06:03.983 7 INFO placement.requestlog [req-b68bd6a5-f4dc-455b-b3a0-612a0368872b req-f093b900-13ed-4d59-bcca-4f18286609db 2331319c22324855a1b01bcc97c12377 fa4ad87df1d94af3ac81a48ecd3ba470 - - 1b43005d212b483c8b127366fadb47ad 1b43005d212b483c8b127366fadb47ad] 199.204.45.25 "DELETE /allocations/1d8fac0b-81f3-49eb-990f-6eacbc6bf356" status: 204 len: 0 microversion: 1.0 [pid: 7|app: 0|req: 147/296] 199.204.45.25 () {34 vars in 840 bytes} [Thu Apr 23 18:06:03 2026] DELETE /allocations/1d8fac0b-81f3-49eb-990f-6eacbc6bf356 => generated 0 bytes in 34 msecs (HTTP/1.1 204) 5 headers in 198 bytes (1 switches on core 0)
2026-04-23 18:06:03.992 8 INFO placement.requestlog [req-e49091b3-0fbb-413d-8045-f3f9c8fbfc3c req-e866906b-fb18-4a8e-a028-2fc4e4378302 2331319c22324855a1b01bcc97c12377 fa4ad87df1d94af3ac81a48ecd3ba470 - - 1b43005d212b483c8b127366fadb47ad 1b43005d212b483c8b127366fadb47ad] 199.204.45.25 "GET /allocations/1d8fac0b-81f3-49eb-990f-6eacbc6bf356" status: 200 len: 19 microversion: 1.28 [pid: 8|app: 0|req: 150/297] 199.204.45.25 () {34 vars in 862 bytes} [Thu Apr 23 18:06:03 2026] GET /allocations/1d8fac0b-81f3-49eb-990f-6eacbc6bf356 => generated 19 bytes in 9 msecs (HTTP/1.1 200) 8 headers in 295 bytes (1 switches on core 0)
2026-04-23 18:06:04.007 7 INFO placement.requestlog [req-e49091b3-0fbb-413d-8045-f3f9c8fbfc3c req-60d3cdd7-0a73-4338-96e7-ef81c3913fbe 2331319c22324855a1b01bcc97c12377 fa4ad87df1d94af3ac81a48ecd3ba470 - - 1b43005d212b483c8b127366fadb47ad 1b43005d212b483c8b127366fadb47ad] 199.204.45.25 "GET /allocations/5f0dc8a9-e4ec-4930-955b-8dd6540b4189" status: 200 len: 257 microversion: 1.28 [pid: 7|app: 0|req: 148/298] 199.204.45.25 () {34 vars in 862 bytes} [Thu Apr 23 18:06:03 2026] GET /allocations/5f0dc8a9-e4ec-4930-955b-8dd6540b4189 => generated 257 bytes in 11 msecs (HTTP/1.1 200) 8 headers in 296 bytes (1 switches on core 0)
2026-04-23 18:06:04.024 8 INFO placement.requestlog [req-e49091b3-0fbb-413d-8045-f3f9c8fbfc3c req-e147f66d-a416-4ed1-87ee-b73acec892ba 2331319c22324855a1b01bcc97c12377 fa4ad87df1d94af3ac81a48ecd3ba470 - - 1b43005d212b483c8b127366fadb47ad 1b43005d212b483c8b127366fadb47ad] 199.204.45.25 "GET /allocations/8e595999-f427-4fd4-9bcb-bdea3887eae3" status: 200 len: 257 microversion: 1.28 [pid: 8|app: 0|req: 151/299] 199.204.45.25 () {34 vars in 862 bytes} [Thu Apr 23 18:06:04 2026] GET /allocations/8e595999-f427-4fd4-9bcb-bdea3887eae3 => generated 257 bytes in 13 msecs (HTTP/1.1 200) 8 headers in 296 bytes (1 switches on core 0)
2026-04-23 18:06:04.041 7 INFO placement.requestlog [req-e49091b3-0fbb-413d-8045-f3f9c8fbfc3c req-9a0a7c6f-7fc1-497a-b4d0-1fdc89a0f881 2331319c22324855a1b01bcc97c12377 fa4ad87df1d94af3ac81a48ecd3ba470 - - 1b43005d212b483c8b127366fadb47ad 1b43005d212b483c8b127366fadb47ad] 199.204.45.25 "GET /allocations/7769c1be-46e2-42c8-b6c8-cba12ba84f53" status: 200 len: 243 microversion: 1.28 [pid: 7|app: 0|req: 149/300] 199.204.45.25 () {34 vars in 862 bytes} [Thu Apr 23 18:06:04 2026] GET /allocations/7769c1be-46e2-42c8-b6c8-cba12ba84f53 => generated 243 bytes in 10 msecs (HTTP/1.1 200) 8 headers in 296 bytes (1 switches on core 0)
2026-04-23 18:06:05.093 8 INFO placement.requestlog [req-e49091b3-0fbb-413d-8045-f3f9c8fbfc3c req-06e6e6bb-ec6a-4e89-848c-93f2ae27ab82 2331319c22324855a1b01bcc97c12377 fa4ad87df1d94af3ac81a48ecd3ba470 - - 1b43005d212b483c8b127366fadb47ad 1b43005d212b483c8b127366fadb47ad] 199.204.45.25 "DELETE /allocations/7769c1be-46e2-42c8-b6c8-cba12ba84f53" status: 204 len: 0 microversion: 1.0 [pid: 8|app: 0|req: 152/301] 199.204.45.25 () {34 vars in 840 bytes} [Thu Apr 23 18:06:05 2026] DELETE /allocations/7769c1be-46e2-42c8-b6c8-cba12ba84f53 => generated 0 bytes in 29 msecs (HTTP/1.1 204) 5 headers in 198 bytes (1 switches on core 0)
2026-04-23 18:06:05.854 8 INFO placement.requestlog [None req-fb157ed7-32ba-4fb9-a61d-76961af7e641 - - - - - -] 10.0.0.225 "GET /" status: 200 len: 136 microversion: 1.0
2026-04-23 18:06:05.854 7 INFO placement.requestlog [None req-2f1e96fe-b92a-409a-af0e-1712ca8f1255 - - - - - -] 10.0.0.225 "GET /" status: 200 len: 136 microversion: 1.0
2026-04-23 18:06:06.113 8 INFO placement.requestlog [req-970df1d2-5f2e-4253-96cd-830c341139bc req-58cdd0e4-a868-4b5c-8296-9eaf8ca856fc 2331319c22324855a1b01bcc97c12377 fa4ad87df1d94af3ac81a48ecd3ba470 - - 1b43005d212b483c8b127366fadb47ad 1b43005d212b483c8b127366fadb47ad] 199.204.45.25 "GET /resource_providers/f35c300c-345d-49fa-b045-3f7174671484/allocations" status: 200 len: 252 microversion: 1.0 [pid: 8|app: 0|req: 154/304] 199.204.45.25 () {32 vars in 856 bytes} [Thu Apr 23 18:06:06 2026] GET /resource_providers/f35c300c-345d-49fa-b045-3f7174671484/allocations => generated 252 bytes in 17 msecs (HTTP/1.1 200) 6 headers in 224 bytes (1 switches on core 0)
2026-04-23 18:06:06.136 7 INFO placement.requestlog [req-970df1d2-5f2e-4253-96cd-830c341139bc req-2674a76a-4a91-46f7-88f5-83a04e16da40 2331319c22324855a1b01bcc97c12377 fa4ad87df1d94af3ac81a48ecd3ba470 - - 1b43005d212b483c8b127366fadb47ad 1b43005d212b483c8b127366fadb47ad] 199.204.45.25 "GET /allocations/5f0dc8a9-e4ec-4930-955b-8dd6540b4189" status: 200 len: 257 microversion: 1.28 [pid: 7|app: 0|req: 151/305] 199.204.45.25 () {34 vars in 862 bytes} [Thu Apr 23 18:06:06 2026] GET /allocations/5f0dc8a9-e4ec-4930-955b-8dd6540b4189 => generated 257 bytes in 13 msecs (HTTP/1.1 200) 8 headers in 296 bytes (1 switches on core 0)
2026-04-23 18:06:06.153 8 INFO placement.requestlog [req-970df1d2-5f2e-4253-96cd-830c341139bc req-fd140757-b8ef-4a1a-ae6a-3fb6ca495299 2331319c22324855a1b01bcc97c12377 fa4ad87df1d94af3ac81a48ecd3ba470 - - 1b43005d212b483c8b127366fadb47ad 1b43005d212b483c8b127366fadb47ad] 199.204.45.25 "GET /allocations/8e595999-f427-4fd4-9bcb-bdea3887eae3" status: 200 len: 257 microversion: 1.28 [pid: 8|app: 0|req: 155/306] 199.204.45.25 () {34 vars in 862 bytes} [Thu Apr 23 18:06:06 2026] GET /allocations/8e595999-f427-4fd4-9bcb-bdea3887eae3 => generated 257 bytes in 11 msecs (HTTP/1.1 200) 8 headers in 296 bytes (1 switches on core 0)
2026-04-23 18:06:07.463 7 INFO placement.requestlog [None req-4ba60332-0220-4331-b294-2dd754c66fcc 1eeff30d3cb9431d993a8ff5ca0231a0 fa4ad87df1d94af3ac81a48ecd3ba470 - - 1b43005d212b483c8b127366fadb47ad 1b43005d212b483c8b127366fadb47ad] 10.0.0.77 "GET /resource_providers/a921d043-a5ad-49bb-9ab0-82d0af502b63/aggregates" status: 404 len: 235 microversion: 1.1 [pid: 7|app: 0|req: 152/307] 10.0.0.77 () {32 vars in 815 bytes} [Thu Apr 23 18:06:07 2026] GET /resource_providers/a921d043-a5ad-49bb-9ab0-82d0af502b63/aggregates => generated 235 bytes in 10 msecs (HTTP/1.1 404) 5 headers in 202 bytes (1 switches on core 0)
2026-04-23 18:06:07.464 8 INFO placement.requestlog [None req-ec20fb9c-8ac2-43bc-b1e6-4c8ce44f8ae8 1eeff30d3cb9431d993a8ff5ca0231a0 fa4ad87df1d94af3ac81a48ecd3ba470 - - 1b43005d212b483c8b127366fadb47ad 1b43005d212b483c8b127366fadb47ad] 10.0.0.77 "GET /resource_providers/a921d043-a5ad-49bb-9ab0-82d0af502b63/aggregates" status: 404 len: 235 microversion: 1.1 [pid: 8|app: 0|req: 156/308] 10.0.0.77 () {32 vars in 815 bytes} [Thu Apr 23 18:06:07 2026] GET /resource_providers/a921d043-a5ad-49bb-9ab0-82d0af502b63/aggregates => generated 235 bytes in 11 msecs (HTTP/1.1 404) 5 headers in 202 bytes (1 switches on core 0)
2026-04-23 18:06:07.483 8 INFO placement.requestlog [None req-f9ed43a7-65c2-40ff-a781-1c82f1fbdac2 1eeff30d3cb9431d993a8ff5ca0231a0 fa4ad87df1d94af3ac81a48ecd3ba470 - - 1b43005d212b483c8b127366fadb47ad 1b43005d212b483c8b127366fadb47ad] 10.0.0.77 "DELETE /resource_providers/a921d043-a5ad-49bb-9ab0-82d0af502b63" status: 404 len: 246 microversion: 1.1 [pid: 8|app: 0|req: 157/309] 10.0.0.77 () {34 vars in 815 bytes} [Thu Apr 23 18:06:07 2026] DELETE /resource_providers/a921d043-a5ad-49bb-9ab0-82d0af502b63 => generated 246 bytes in 7 msecs (HTTP/1.1 404) 6 headers in 231 bytes (1 switches on core 0)
2026-04-23 18:06:07.491 7 INFO placement.requestlog [None req-99a4b3ba-4a7f-430d-abdf-47c280b1d6a1 1eeff30d3cb9431d993a8ff5ca0231a0 fa4ad87df1d94af3ac81a48ecd3ba470 - - 1b43005d212b483c8b127366fadb47ad 1b43005d212b483c8b127366fadb47ad] 10.0.0.77 "DELETE /resource_providers/a921d043-a5ad-49bb-9ab0-82d0af502b63" status: 404 len: 246 microversion: 1.1 [pid: 7|app: 0|req: 153/310] 10.0.0.77 () {34 vars in 815 bytes} [Thu Apr 23 18:06:07 2026] DELETE /resource_providers/a921d043-a5ad-49bb-9ab0-82d0af502b63 => generated 246 bytes in 15 msecs (HTTP/1.1 404) 6 headers in 231 bytes (1 switches on core 0)
2026-04-23 18:06:09.843 8 INFO placement.requestlog [None req-14835671-6e01-404c-b69b-4fa9fa0dd618 1eeff30d3cb9431d993a8ff5ca0231a0 fa4ad87df1d94af3ac81a48ecd3ba470 - - 1b43005d212b483c8b127366fadb47ad 1b43005d212b483c8b127366fadb47ad] 10.0.0.77 "GET /resource_providers/1a363da3-dc09-4381-aae9-41f64af6bed0/aggregates" status: 404 len: 235 microversion: 1.1 [pid: 8|app: 0|req: 158/311] 10.0.0.77 () {32 vars in 815 bytes} [Thu Apr 23 18:06:09 2026] GET /resource_providers/1a363da3-dc09-4381-aae9-41f64af6bed0/aggregates => generated 235 bytes in 14 msecs (HTTP/1.1 404) 5 headers in 202 bytes (1 switches on core 0)
