2026-02-27 02:37:50.802 7 INFO placement.requestlog [None req-07178adc-602e-4c03-9bdd-06cd2567d338 04d967bcea2d4949a37fbe2dbc99bb3c 3b947d476bfd47a2b1fb3f55a678524f - - 447d7934db75447dabccbb4240b782c2 447d7934db75447dabccbb4240b782c2] 10.0.0.185 "GET /resource_providers/756bf7a8-00be-43b5-b34c-fee3b55846d4/aggregates" status: 404 len: 235 microversion: 1.1 [pid: 7|app: 0|req: 474/950] 10.0.0.185 () {32 vars in 816 bytes} [Fri Feb 27 02:37:50 2026] GET /resource_providers/756bf7a8-00be-43b5-b34c-fee3b55846d4/aggregates => generated 235 bytes in 13 msecs (HTTP/1.1 404) 5 headers in 202 bytes (1 switches on core 0)
2026-02-27 02:37:50.830 8 INFO placement.requestlog [None req-561a9652-d6d7-4dbe-a600-f1c8013fb7ab 04d967bcea2d4949a37fbe2dbc99bb3c 3b947d476bfd47a2b1fb3f55a678524f - - 447d7934db75447dabccbb4240b782c2 447d7934db75447dabccbb4240b782c2] 10.0.0.185 "DELETE /resource_providers/756bf7a8-00be-43b5-b34c-fee3b55846d4" status: 404 len: 246 microversion: 1.1 [pid: 8|app: 0|req: 477/951] 10.0.0.185 () {34 vars in 816 bytes} [Fri Feb 27 02:37:50 2026] DELETE /resource_providers/756bf7a8-00be-43b5-b34c-fee3b55846d4 => generated 246 bytes in 10 msecs (HTTP/1.1 404) 6 headers in 231 bytes (1 switches on core 0)
2026-02-27 02:37:50.831 7 INFO placement.requestlog [None req-cc62c987-b5f5-4fa0-accc-fc5e01ade637 04d967bcea2d4949a37fbe2dbc99bb3c 3b947d476bfd47a2b1fb3f55a678524f - - 447d7934db75447dabccbb4240b782c2 447d7934db75447dabccbb4240b782c2] 10.0.0.185 "DELETE /resource_providers/756bf7a8-00be-43b5-b34c-fee3b55846d4" status: 404 len: 246 microversion: 1.1 [pid: 7|app: 0|req: 475/952] 10.0.0.185 () {34 vars in 816 bytes} [Fri Feb 27 02:37:50 2026] DELETE /resource_providers/756bf7a8-00be-43b5-b34c-fee3b55846d4 => generated 246 bytes in 11 msecs (HTTP/1.1 404) 6 headers in 231 bytes (1 switches on core 0)
2026-02-27 02:37:52.593 7 INFO placement.requestlog [None req-e11bf240-81a4-4819-b79e-bdcedb6cf346 04d967bcea2d4949a37fbe2dbc99bb3c 3b947d476bfd47a2b1fb3f55a678524f - - 447d7934db75447dabccbb4240b782c2 447d7934db75447dabccbb4240b782c2] 10.0.0.185 "GET /resource_providers/e94c2e86-0412-4e7b-8586-09d7997ea848/aggregates" status: 404 len: 235 microversion: 1.1 [pid: 7|app: 0|req: 476/953] 10.0.0.185 () {32 vars in 816 bytes} [Fri Feb 27 02:37:52 2026] GET /resource_providers/e94c2e86-0412-4e7b-8586-09d7997ea848/aggregates => generated 235 bytes in 13 msecs (HTTP/1.1 404) 5 headers in 202 bytes (1 switches on core 0)
2026-02-27 02:37:52.606 8 INFO placement.requestlog [None req-9ab9e79b-d580-4506-baeb-71535b24c2ed 04d967bcea2d4949a37fbe2dbc99bb3c 3b947d476bfd47a2b1fb3f55a678524f - - 447d7934db75447dabccbb4240b782c2 447d7934db75447dabccbb4240b782c2] 10.0.0.185 "GET /resource_providers/e94c2e86-0412-4e7b-8586-09d7997ea848/aggregates" status: 404 len: 235 microversion: 1.1 [pid: 8|app: 0|req: 478/954] 10.0.0.185 () {32 vars in 816 bytes} [Fri Feb 27 02:37:52 2026] GET /resource_providers/e94c2e86-0412-4e7b-8586-09d7997ea848/aggregates => generated 235 bytes in 26 msecs (HTTP/1.1 404) 5 headers in 202 bytes (1 switches on core 0)
2026-02-27 02:37:52.618 7 INFO placement.requestlog [None req-0e89f207-966f-4891-a329-f3e53d769e7b 04d967bcea2d4949a37fbe2dbc99bb3c 3b947d476bfd47a2b1fb3f55a678524f - - 447d7934db75447dabccbb4240b782c2 447d7934db75447dabccbb4240b782c2] 10.0.0.185 "DELETE /resource_providers/e94c2e86-0412-4e7b-8586-09d7997ea848" status: 404 len: 246 microversion: 1.1 [pid: 7|app: 0|req: 477/955] 10.0.0.185 () {34 vars in 816 bytes} [Fri Feb 27 02:37:52 2026] DELETE /resource_providers/e94c2e86-0412-4e7b-8586-09d7997ea848 => generated 246 bytes in 12 msecs (HTTP/1.1 404) 6 headers in 231 bytes (1 switches on core 0)
2026-02-27 02:37:52.624 8 INFO placement.requestlog [None req-b7c79c8a-ed82-402f-bfb5-5475b89393dd 04d967bcea2d4949a37fbe2dbc99bb3c 3b947d476bfd47a2b1fb3f55a678524f - - 447d7934db75447dabccbb4240b782c2 447d7934db75447dabccbb4240b782c2] 10.0.0.185 "DELETE /resource_providers/e94c2e86-0412-4e7b-8586-09d7997ea848" status: 404 len: 246 microversion: 1.1 [pid: 8|app: 0|req: 479/956] 10.0.0.185 () {34 vars in 816 bytes} [Fri Feb 27 02:37:52 2026] DELETE /resource_providers/e94c2e86-0412-4e7b-8586-09d7997ea848 => generated 246 bytes in 12 msecs (HTTP/1.1 404) 6 headers in 231 bytes (1 switches on core 0)
2026-02-27 02:37:58.370 7 INFO placement.requestlog [None req-d18b0991-a7ee-4095-84ea-08d24aea4209 04d967bcea2d4949a37fbe2dbc99bb3c 3b947d476bfd47a2b1fb3f55a678524f - - 447d7934db75447dabccbb4240b782c2 447d7934db75447dabccbb4240b782c2] 10.0.0.185 "GET /resource_providers/bfec271d-ecb8-46b1-b009-b17c8c754c11/aggregates" status: 404 len: 235 microversion: 1.1
2026-02-27 02:37:58.370 8 INFO placement.requestlog [None req-88a0d694-2389-490f-acf6-f1ea5a1dfa38 04d967bcea2d4949a37fbe2dbc99bb3c 3b947d476bfd47a2b1fb3f55a678524f - - 447d7934db75447dabccbb4240b782c2 447d7934db75447dabccbb4240b782c2] 10.0.0.185 "GET /resource_providers/bfec271d-ecb8-46b1-b009-b17c8c754c11/aggregates" status: 404 len: 235 microversion: 1.1 [pid: 8|app: 0|req: 480/957] 10.0.0.185 () {32 vars in 816 bytes} [Fri Feb 27 02:37:58 2026] GET /resource_providers/bfec271d-ecb8-46b1-b009-b17c8c754c11/aggregates => generated 235 bytes in 14 msecs (HTTP/1.1 404) 5 headers in 202 bytes (1 switches on core 0) [pid: 7|app: 0|req: 478/958] 10.0.0.185 () {32 vars in 816 bytes} [Fri Feb 27 02:37:58 2026] GET /resource_providers/bfec271d-ecb8-46b1-b009-b17c8c754c11/aggregates => generated 235 bytes in 20 msecs (HTTP/1.1 404) 5 headers in 202 bytes (1 switches on core 0)
2026-02-27 02:37:58.403 7 INFO placement.requestlog [None req-9b0cd3cf-aade-4bc1-ad15-2d235ffd2d9a 04d967bcea2d4949a37fbe2dbc99bb3c 3b947d476bfd47a2b1fb3f55a678524f - - 447d7934db75447dabccbb4240b782c2 447d7934db75447dabccbb4240b782c2] 10.0.0.185 "DELETE /resource_providers/bfec271d-ecb8-46b1-b009-b17c8c754c11" status: 404 len: 246 microversion: 1.1
2026-02-27 02:37:58.403 8 INFO placement.requestlog [None req-71dc3c12-e146-4d34-932b-5c4763a7619b 04d967bcea2d4949a37fbe2dbc99bb3c 3b947d476bfd47a2b1fb3f55a678524f - - 447d7934db75447dabccbb4240b782c2 447d7934db75447dabccbb4240b782c2] 10.0.0.185 "DELETE /resource_providers/bfec271d-ecb8-46b1-b009-b17c8c754c11" status: 404 len: 246 microversion: 1.1 [pid: 7|app: 0|req: 479/959] 10.0.0.185 () {34 vars in 816 bytes} [Fri Feb 27 02:37:58 2026] DELETE /resource_providers/bfec271d-ecb8-46b1-b009-b17c8c754c11 => generated 246 bytes in 19 msecs (HTTP/1.1 404) 6 headers in 231 bytes (1 switches on core 0) [pid: 8|app: 0|req: 481/960] 10.0.0.185 () {34 vars in 816 bytes} [Fri Feb 27 02:37:58 2026] DELETE /resource_providers/bfec271d-ecb8-46b1-b009-b17c8c754c11 => generated 246 bytes in 20 msecs (HTTP/1.1 404) 6 headers in 231 bytes (1 switches on core 0)
2026-02-27 02:37:58.444 7 INFO placement.requestlog [None req-8448da35-82ce-4901-9e1b-eb828dcc92b9 04d967bcea2d4949a37fbe2dbc99bb3c 3b947d476bfd47a2b1fb3f55a678524f - - 447d7934db75447dabccbb4240b782c2 447d7934db75447dabccbb4240b782c2] 10.0.0.185 "GET /resource_providers/a39a92f7-5978-4da2-9dd6-043aeb45d08e/aggregates" status: 404 len: 235 microversion: 1.1 [pid: 7|app: 0|req: 480/961] 10.0.0.185 () {32 vars in 816 bytes} [Fri Feb 27 02:37:58 2026] GET /resource_providers/a39a92f7-5978-4da2-9dd6-043aeb45d08e/aggregates => generated 235 bytes in 12 msecs (HTTP/1.1 404) 5 headers in 202 bytes (1 switches on core 0)
2026-02-27 02:37:58.444 8 INFO placement.requestlog [None req-29b8e252-958a-4ea2-aa13-b16fb8151aea 04d967bcea2d4949a37fbe2dbc99bb3c 3b947d476bfd47a2b1fb3f55a678524f - - 447d7934db75447dabccbb4240b782c2 447d7934db75447dabccbb4240b782c2] 10.0.0.185 "GET /resource_providers/a39a92f7-5978-4da2-9dd6-043aeb45d08e/aggregates" status: 404 len: 235 microversion: 1.1 [pid: 8|app: 0|req: 482/962] 10.0.0.185 () {32 vars in 816 bytes} [Fri Feb 27 02:37:58 2026] GET /resource_providers/a39a92f7-5978-4da2-9dd6-043aeb45d08e/aggregates => generated 235 bytes in 12 msecs (HTTP/1.1 404) 5 headers in 202 bytes (1 switches on core 0)
2026-02-27 02:37:58.472 8 INFO placement.requestlog [None req-e7d1d8f3-425a-4d5c-a23e-7badd489dc31 04d967bcea2d4949a37fbe2dbc99bb3c 3b947d476bfd47a2b1fb3f55a678524f - - 447d7934db75447dabccbb4240b782c2 447d7934db75447dabccbb4240b782c2] 10.0.0.185 "DELETE /resource_providers/a39a92f7-5978-4da2-9dd6-043aeb45d08e" status: 404 len: 246 microversion: 1.1 [pid: 8|app: 0|req: 483/963] 10.0.0.185 () {34 vars in 816 bytes} [Fri Feb 27 02:37:58 2026] DELETE /resource_providers/a39a92f7-5978-4da2-9dd6-043aeb45d08e => generated 246 bytes in 11 msecs (HTTP/1.1 404) 6 headers in 231 bytes (1 switches on core 0)
2026-02-27 02:37:58.474 7 INFO placement.requestlog [None req-90c57852-59af-4019-ad77-3bfa0a89590f 04d967bcea2d4949a37fbe2dbc99bb3c 3b947d476bfd47a2b1fb3f55a678524f - - 447d7934db75447dabccbb4240b782c2 447d7934db75447dabccbb4240b782c2] 10.0.0.185 "DELETE /resource_providers/a39a92f7-5978-4da2-9dd6-043aeb45d08e" status: 404 len: 246 microversion: 1.1 [pid: 7|app: 0|req: 481/964] 10.0.0.185 () {34 vars in 816 bytes} [Fri Feb 27 02:37:58 2026] DELETE /resource_providers/a39a92f7-5978-4da2-9dd6-043aeb45d08e => generated 246 bytes in 12 msecs (HTTP/1.1 404) 6 headers in 231 bytes (1 switches on core 0)
2026-02-27 02:37:59.789 8 INFO placement.requestlog [None req-51ff062b-203f-46e0-897c-cbfaf860da70 - - - - - -] 10.0.0.242 "GET /" status: 200 len: 136 microversion: 1.0
2026-02-27 02:37:59.789 7 INFO placement.requestlog [None req-c26a0886-50a3-49b5-a625-74ad5df05c8d - - - - - -] 10.0.0.242 "GET /" status: 200 len: 136 microversion: 1.0
2026-02-27 02:38:00.427 8 INFO placement.requestlog [None req-8083c0a3-88a7-4411-a3c6-dd5a31dca52d 04d967bcea2d4949a37fbe2dbc99bb3c 3b947d476bfd47a2b1fb3f55a678524f - - 447d7934db75447dabccbb4240b782c2 447d7934db75447dabccbb4240b782c2] 10.0.0.185 "GET /resource_providers/adc30e39-434d-41a4-8700-485f9c5f7874/aggregates" status: 404 len: 235 microversion: 1.1 [pid: 8|app: 0|req: 485/967] 10.0.0.185 () {32 vars in 816 bytes} [Fri Feb 27 02:38:00 2026] GET /resource_providers/adc30e39-434d-41a4-8700-485f9c5f7874/aggregates => generated 235 bytes in 12 msecs (HTTP/1.1 404) 5 headers in 202 bytes (1 switches on core 0)
2026-02-27 02:38:00.433 7 INFO placement.requestlog [None req-758157cf-cb02-4442-a504-c27125ac7764 04d967bcea2d4949a37fbe2dbc99bb3c 3b947d476bfd47a2b1fb3f55a678524f - - 447d7934db75447dabccbb4240b782c2 447d7934db75447dabccbb4240b782c2] 10.0.0.185 "GET /resource_providers/adc30e39-434d-41a4-8700-485f9c5f7874/aggregates" status: 404 len: 235 microversion: 1.1 [pid: 7|app: 0|req: 483/968] 10.0.0.185 () {32 vars in 816 bytes} [Fri Feb 27 02:38:00 2026] GET /resource_providers/adc30e39-434d-41a4-8700-485f9c5f7874/aggregates => generated 235 bytes in 14 msecs (HTTP/1.1 404) 5 headers in 202 bytes (1 switches on core 0)
2026-02-27 02:38:00.450 8 INFO placement.requestlog [None req-3c5d12a4-b761-4690-ba9e-8290fea81749 04d967bcea2d4949a37fbe2dbc99bb3c 3b947d476bfd47a2b1fb3f55a678524f - - 447d7934db75447dabccbb4240b782c2 447d7934db75447dabccbb4240b782c2] 10.0.0.185 "DELETE /resource_providers/adc30e39-434d-41a4-8700-485f9c5f7874" status: 404 len: 246 microversion: 1.1
2026-02-27 02:38:00.451 7 INFO placement.requestlog [None req-dc6e7bd0-4517-42c7-8b2f-93560e20e8ef 04d967bcea2d4949a37fbe2dbc99bb3c 3b947d476bfd47a2b1fb3f55a678524f - - 447d7934db75447dabccbb4240b782c2 447d7934db75447dabccbb4240b782c2] 10.0.0.185 "DELETE /resource_providers/adc30e39-434d-41a4-8700-485f9c5f7874" status: 404 len: 246 microversion: 1.1 [pid: 8|app: 0|req: 486/970] 10.0.0.185 () {34 vars in 816 bytes} [Fri Feb 27 02:38:00 2026] DELETE /resource_providers/adc30e39-434d-41a4-8700-485f9c5f7874 => generated 246 bytes in 10 msecs (HTTP/1.1 404) 6 headers in 231 bytes (1 switches on core 0) [pid: 7|app: 0|req: 484/970] 10.0.0.185 () {34 vars in 816 bytes} [Fri Feb 27 02:38:00 2026] DELETE /resource_providers/adc30e39-434d-41a4-8700-485f9c5f7874 => generated 246 bytes in 10 msecs (HTTP/1.1 404) 6 headers in 231 bytes (1 switches on core 0)
2026-02-27 02:38:00.474 7 INFO placement.requestlog [None req-2035f8eb-457f-432a-ab8b-fd18dcd13860 04d967bcea2d4949a37fbe2dbc99bb3c 3b947d476bfd47a2b1fb3f55a678524f - - 447d7934db75447dabccbb4240b782c2 447d7934db75447dabccbb4240b782c2] 10.0.0.185 "GET /resource_providers/fd32349e-8b35-4d1a-8141-95dede197415/aggregates" status: 404 len: 235 microversion: 1.1 [pid: 7|app: 0|req: 485/971] 10.0.0.185 () {32 vars in 816 bytes} [Fri Feb 27 02:38:00 2026] GET /resource_providers/fd32349e-8b35-4d1a-8141-95dede197415/aggregates => generated 235 bytes in 9 msecs (HTTP/1.1 404) 5 headers in 202 bytes (1 switches on core 0)
2026-02-27 02:38:00.474 8 INFO placement.requestlog [None req-eeb2b88e-7172-4b54-b9c1-84c6fd5f1cd6 04d967bcea2d4949a37fbe2dbc99bb3c 3b947d476bfd47a2b1fb3f55a678524f - - 447d7934db75447dabccbb4240b782c2 447d7934db75447dabccbb4240b782c2] 10.0.0.185 "GET /resource_providers/fd32349e-8b35-4d1a-8141-95dede197415/aggregates" status: 404 len: 235 microversion: 1.1 [pid: 8|app: 0|req: 487/972] 10.0.0.185 () {32 vars in 816 bytes} [Fri Feb 27 02:38:00 2026] GET /resource_providers/fd32349e-8b35-4d1a-8141-95dede197415/aggregates => generated 235 bytes in 15 msecs (HTTP/1.1 404) 5 headers in 202 bytes (1 switches on core 0)
2026-02-27 02:38:00.497 8 INFO placement.requestlog [None req-171ff714-e4c7-4a4b-a17b-7eb836738b8f 04d967bcea2d4949a37fbe2dbc99bb3c 3b947d476bfd47a2b1fb3f55a678524f - - 447d7934db75447dabccbb4240b782c2 447d7934db75447dabccbb4240b782c2] 10.0.0.185 "DELETE /resource_providers/fd32349e-8b35-4d1a-8141-95dede197415" status: 404 len: 246 microversion: 1.1 [pid: 8|app: 0|req: 488/973] 10.0.0.185 () {34 vars in 816 bytes} [Fri Feb 27 02:38:00 2026] DELETE /resource_providers/fd32349e-8b35-4d1a-8141-95dede197415 => generated 246 bytes in 12 msecs (HTTP/1.1 404) 6 headers in 231 bytes (1 switches on core 0)
2026-02-27 02:38:00.498 7 INFO placement.requestlog [None req-8328b2a6-0f23-4fa3-9ca6-dcaba285116b 04d967bcea2d4949a37fbe2dbc99bb3c 3b947d476bfd47a2b1fb3f55a678524f - - 447d7934db75447dabccbb4240b782c2 447d7934db75447dabccbb4240b782c2] 10.0.0.185 "DELETE /resource_providers/fd32349e-8b35-4d1a-8141-95dede197415" status: 404 len: 246 microversion: 1.1 [pid: 7|app: 0|req: 486/974] 10.0.0.185 () {34 vars in 816 bytes} [Fri Feb 27 02:38:00 2026] DELETE /resource_providers/fd32349e-8b35-4d1a-8141-95dede197415 => generated 246 bytes in 13 msecs (HTTP/1.1 404) 6 headers in 231 bytes (1 switches on core 0)
2026-02-27 02:38:00.513 8 INFO placement.requestlog [None req-bdc47c48-645b-4dc1-8d0c-2fe4f19f15ff 04d967bcea2d4949a37fbe2dbc99bb3c 3b947d476bfd47a2b1fb3f55a678524f - - 447d7934db75447dabccbb4240b782c2 447d7934db75447dabccbb4240b782c2] 10.0.0.185 "GET /resource_providers/620e02ca-1b21-4cdb-a788-a1e01b9f4297/aggregates" status: 404 len: 235 microversion: 1.1 [pid: 8|app: 0|req: 489/975] 10.0.0.185 () {32 vars in 816 bytes} [Fri Feb 27 02:38:00 2026] GET /resource_providers/620e02ca-1b21-4cdb-a788-a1e01b9f4297/aggregates => generated 235 bytes in 7 msecs (HTTP/1.1 404) 5 headers in 202 bytes (1 switches on core 0)
2026-02-27 02:38:00.518 7 INFO placement.requestlog [None req-1f21b621-b4e0-44de-a0c0-d2841d1427c8 04d967bcea2d4949a37fbe2dbc99bb3c 3b947d476bfd47a2b1fb3f55a678524f - - 447d7934db75447dabccbb4240b782c2 447d7934db75447dabccbb4240b782c2] 10.0.0.185 "GET /resource_providers/620e02ca-1b21-4cdb-a788-a1e01b9f4297/aggregates" status: 404 len: 235 microversion: 1.1 [pid: 7|app: 0|req: 487/976] 10.0.0.185 () {32 vars in 816 bytes} [Fri Feb 27 02:38:00 2026] GET /resource_providers/620e02ca-1b21-4cdb-a788-a1e01b9f4297/aggregates => generated 235 bytes in 10 msecs (HTTP/1.1 404) 5 headers in 202 bytes (1 switches on core 0)
2026-02-27 02:38:00.525 8 INFO placement.requestlog [None req-0bb6055d-3062-4aac-917e-96d0861c829b 04d967bcea2d4949a37fbe2dbc99bb3c 3b947d476bfd47a2b1fb3f55a678524f - - 447d7934db75447dabccbb4240b782c2 447d7934db75447dabccbb4240b782c2] 10.0.0.185 "DELETE /resource_providers/620e02ca-1b21-4cdb-a788-a1e01b9f4297" status: 404 len: 246 microversion: 1.1 [pid: 8|app: 0|req: 490/977] 10.0.0.185 () {34 vars in 816 bytes} [Fri Feb 27 02:38:00 2026] DELETE /resource_providers/620e02ca-1b21-4cdb-a788-a1e01b9f4297 => generated 246 bytes in 6 msecs (HTTP/1.1 404) 6 headers in 231 bytes (1 switches on core 0)
2026-02-27 02:38:00.535 7 INFO placement.requestlog [None req-f67b67cb-d2e7-42f0-adce-6c33d694cb35 04d967bcea2d4949a37fbe2dbc99bb3c 3b947d476bfd47a2b1fb3f55a678524f - - 447d7934db75447dabccbb4240b782c2 447d7934db75447dabccbb4240b782c2] 10.0.0.185 "DELETE /resource_providers/620e02ca-1b21-4cdb-a788-a1e01b9f4297" status: 404 len: 246 microversion: 1.1 [pid: 7|app: 0|req: 488/978] 10.0.0.185 () {34 vars in 816 bytes} [Fri Feb 27 02:38:00 2026] DELETE /resource_providers/620e02ca-1b21-4cdb-a788-a1e01b9f4297 => generated 246 bytes in 12 msecs (HTTP/1.1 404) 6 headers in 231 bytes (1 switches on core 0)
2026-02-27 02:38:00.537 8 INFO placement.requestlog [None req-4cec1dbf-239b-4006-accf-cb3abc10b0f2 04d967bcea2d4949a37fbe2dbc99bb3c 3b947d476bfd47a2b1fb3f55a678524f - - 447d7934db75447dabccbb4240b782c2 447d7934db75447dabccbb4240b782c2] 10.0.0.185 "GET /resource_providers/94590228-e307-484f-a70c-a727729d079a/aggregates" status: 404 len: 235 microversion: 1.1 [pid: 8|app: 0|req: 491/979] 10.0.0.185 () {32 vars in 816 bytes} [Fri Feb 27 02:38:00 2026] GET /resource_providers/94590228-e307-484f-a70c-a727729d079a/aggregates => generated 235 bytes in 8 msecs (HTTP/1.1 404) 5 headers in 202 bytes (1 switches on core 0)
2026-02-27 02:38:00.554 7 INFO placement.requestlog [None req-289c2860-5a0e-46ea-b0ad-4dde512c520b 04d967bcea2d4949a37fbe2dbc99bb3c 3b947d476bfd47a2b1fb3f55a678524f - - 447d7934db75447dabccbb4240b782c2 447d7934db75447dabccbb4240b782c2] 10.0.0.185 "GET /resource_providers/94590228-e307-484f-a70c-a727729d079a/aggregates" status: 404 len: 235 microversion: 1.1 [pid: 7|app: 0|req: 489/980] 10.0.0.185 () {32 vars in 816 bytes} [Fri Feb 27 02:38:00 2026] GET /resource_providers/94590228-e307-484f-a70c-a727729d079a/aggregates => generated 235 bytes in 9 msecs (HTTP/1.1 404) 5 headers in 202 bytes (1 switches on core 0)
2026-02-27 02:38:00.556 8 INFO placement.requestlog [None req-3dcbcbe8-2722-4b07-b2d1-93d0d658e945 04d967bcea2d4949a37fbe2dbc99bb3c 3b947d476bfd47a2b1fb3f55a678524f - - 447d7934db75447dabccbb4240b782c2 447d7934db75447dabccbb4240b782c2] 10.0.0.185 "DELETE /resource_providers/94590228-e307-484f-a70c-a727729d079a" status: 404 len: 246 microversion: 1.1 [pid: 8|app: 0|req: 492/981] 10.0.0.185 () {34 vars in 816 bytes} [Fri Feb 27 02:38:00 2026] DELETE /resource_providers/94590228-e307-484f-a70c-a727729d079a => generated 246 bytes in 10 msecs (HTTP/1.1 404) 6 headers in 231 bytes (1 switches on core 0)
2026-02-27 02:38:00.576 8 INFO placement.requestlog [None req-f727c99b-b26c-4150-bc77-052f7debb2e7 04d967bcea2d4949a37fbe2dbc99bb3c 3b947d476bfd47a2b1fb3f55a678524f - - 447d7934db75447dabccbb4240b782c2 447d7934db75447dabccbb4240b782c2] 10.0.0.185 "DELETE /resource_providers/94590228-e307-484f-a70c-a727729d079a" status: 404 len: 246 microversion: 1.1 [pid: 8|app: 0|req: 493/982] 10.0.0.185 () {34 vars in 816 bytes} [Fri Feb 27 02:38:00 2026] DELETE /resource_providers/94590228-e307-484f-a70c-a727729d079a => generated 246 bytes in 10 msecs (HTTP/1.1 404) 6 headers in 231 bytes (1 switches on core 0)
2026-02-27 02:38:00.577 7 INFO placement.requestlog [None req-bedfc5fb-fa00-457a-a031-9b408a9224c1 04d967bcea2d4949a37fbe2dbc99bb3c 3b947d476bfd47a2b1fb3f55a678524f - - 447d7934db75447dabccbb4240b782c2 447d7934db75447dabccbb4240b782c2] 10.0.0.185 "GET /resource_providers/6b5e8e07-549f-4a85-a7b9-52ba7594c51b/aggregates" status: 404 len: 235 microversion: 1.1 [pid: 7|app: 0|req: 490/983] 10.0.0.185 () {32 vars in 816 bytes} [Fri Feb 27 02:38:00 2026] GET /resource_providers/6b5e8e07-549f-4a85-a7b9-52ba7594c51b/aggregates => generated 235 bytes in 11 msecs (HTTP/1.1 404) 5 headers in 202 bytes (1 switches on core 0)
2026-02-27 02:38:00.599 7 INFO placement.requestlog [None req-c05c5e9f-4adb-4e53-86ae-7aa932b11027 04d967bcea2d4949a37fbe2dbc99bb3c 3b947d476bfd47a2b1fb3f55a678524f - - 447d7934db75447dabccbb4240b782c2 447d7934db75447dabccbb4240b782c2] 10.0.0.185 "DELETE /resource_providers/6b5e8e07-549f-4a85-a7b9-52ba7594c51b" status: 404 len: 246 microversion: 1.1 [pid: 7|app: 0|req: 491/984] 10.0.0.185 () {34 vars in 816 bytes} [Fri Feb 27 02:38:00 2026] DELETE /resource_providers/6b5e8e07-549f-4a85-a7b9-52ba7594c51b => generated 246 bytes in 11 msecs (HTTP/1.1 404) 6 headers in 231 bytes (1 switches on core 0)
2026-02-27 02:38:00.600 8 INFO placement.requestlog [None req-63bbc2f4-1f37-4f46-8fb6-0de4dae7be65 04d967bcea2d4949a37fbe2dbc99bb3c 3b947d476bfd47a2b1fb3f55a678524f - - 447d7934db75447dabccbb4240b782c2 447d7934db75447dabccbb4240b782c2] 10.0.0.185 "GET /resource_providers/6b5e8e07-549f-4a85-a7b9-52ba7594c51b/aggregates" status: 404 len: 235 microversion: 1.1 [pid: 8|app: 0|req: 494/985] 10.0.0.185 () {32 vars in 816 bytes} [Fri Feb 27 02:38:00 2026] GET /resource_providers/6b5e8e07-549f-4a85-a7b9-52ba7594c51b/aggregates => generated 235 bytes in 12 msecs (HTTP/1.1 404) 5 headers in 202 bytes (1 switches on core 0)
2026-02-27 02:38:00.617 7 INFO placement.requestlog [None req-18d45aa8-c51e-4432-bafb-f79f3fdc36d4 04d967bcea2d4949a37fbe2dbc99bb3c 3b947d476bfd47a2b1fb3f55a678524f - - 447d7934db75447dabccbb4240b782c2 447d7934db75447dabccbb4240b782c2] 10.0.0.185 "DELETE /resource_providers/6b5e8e07-549f-4a85-a7b9-52ba7594c51b" status: 404 len: 246 microversion: 1.1 [pid: 7|app: 0|req: 492/986] 10.0.0.185 () {34 vars in 816 bytes} [Fri Feb 27 02:38:00 2026] DELETE /resource_providers/6b5e8e07-549f-4a85-a7b9-52ba7594c51b => generated 246 bytes in 9 msecs (HTTP/1.1 404) 6 headers in 231 bytes (1 switches on core 0)
2026-02-27 02:38:05.400 8 INFO placement.requestlog [None req-c87b43e9-3844-4b87-a940-24c287105be1 04d967bcea2d4949a37fbe2dbc99bb3c 3b947d476bfd47a2b1fb3f55a678524f - - 447d7934db75447dabccbb4240b782c2 447d7934db75447dabccbb4240b782c2] 10.0.0.185 "GET /resource_providers/2d24fb81-c819-4b9e-b593-1340b7968881/aggregates" status: 404 len: 235 microversion: 1.1 [pid: 8|app: 0|req: 495/987] 10.0.0.185 () {32 vars in 816 bytes} [Fri Feb 27 02:38:05 2026] GET /resource_providers/2d24fb81-c819-4b9e-b593-1340b7968881/aggregates => generated 235 bytes in 13 msecs (HTTP/1.1 404) 5 headers in 202 bytes (1 switches on core 0)
2026-02-27 02:38:05.412 7 INFO placement.requestlog [None req-6f5bfe15-3414-4fd3-9b1b-e2cb41f51989 04d967bcea2d4949a37fbe2dbc99bb3c 3b947d476bfd47a2b1fb3f55a678524f - - 447d7934db75447dabccbb4240b782c2 447d7934db75447dabccbb4240b782c2] 10.0.0.185 "GET /resource_providers/2d24fb81-c819-4b9e-b593-1340b7968881/aggregates" status: 404 len: 235 microversion: 1.1 [pid: 7|app: 0|req: 493/988] 10.0.0.185 () {32 vars in 816 bytes} [Fri Feb 27 02:38:05 2026] GET /resource_providers/2d24fb81-c819-4b9e-b593-1340b7968881/aggregates => generated 235 bytes in 25 msecs (HTTP/1.1 404) 5 headers in 202 bytes (1 switches on core 0)
2026-02-27 02:38:05.430 8 INFO placement.requestlog [None req-97263324-be3b-4719-8e07-e62d81305537 04d967bcea2d4949a37fbe2dbc99bb3c 3b947d476bfd47a2b1fb3f55a678524f - - 447d7934db75447dabccbb4240b782c2 447d7934db75447dabccbb4240b782c2] 10.0.0.185 "DELETE /resource_providers/2d24fb81-c819-4b9e-b593-1340b7968881" status: 404 len: 246 microversion: 1.1 [pid: 8|app: 0|req: 496/989] 10.0.0.185 () {34 vars in 816 bytes} [Fri Feb 27 02:38:05 2026] DELETE /resource_providers/2d24fb81-c819-4b9e-b593-1340b7968881 => generated 246 bytes in 18 msecs (HTTP/1.1 404) 6 headers in 231 bytes (1 switches on core 0)
2026-02-27 02:38:05.434 7 INFO placement.requestlog [None req-7d633c91-4f2f-48a1-beae-4079d428e572 04d967bcea2d4949a37fbe2dbc99bb3c 3b947d476bfd47a2b1fb3f55a678524f - - 447d7934db75447dabccbb4240b782c2 447d7934db75447dabccbb4240b782c2] 10.0.0.185 "DELETE /resource_providers/2d24fb81-c819-4b9e-b593-1340b7968881" status: 404 len: 246 microversion: 1.1 [pid: 7|app: 0|req: 494/990] 10.0.0.185 () {34 vars in 816 bytes} [Fri Feb 27 02:38:05 2026] DELETE /resource_providers/2d24fb81-c819-4b9e-b593-1340b7968881 => generated 246 bytes in 19 msecs (HTTP/1.1 404) 6 headers in 231 bytes (1 switches on core 0)
2026-02-27 02:38:06.638 8 INFO placement.requestlog [req-1107b037-feae-4964-9b8a-90c1e612f904 req-ab9eba55-37aa-4007-9780-9b81752dc72d e9232a9949784b4a902375f9c89668c1 3b947d476bfd47a2b1fb3f55a678524f - - 447d7934db75447dabccbb4240b782c2 447d7934db75447dabccbb4240b782c2] 199.204.45.113 "GET /resource_providers/d49f0c55-443e-454a-8cdf-eea744ace456/allocations" status: 200 len: 54 microversion: 1.0 [pid: 8|app: 0|req: 497/991] 199.204.45.113 () {32 vars in 857 bytes} [Fri Feb 27 02:38:06 2026] GET /resource_providers/d49f0c55-443e-454a-8cdf-eea744ace456/allocations => generated 54 bytes in 35 msecs (HTTP/1.1 200) 6 headers in 223 bytes (1 switches on core 0)
2026-02-27 02:38:06.666 7 INFO placement.requestlog [req-1107b037-feae-4964-9b8a-90c1e612f904 req-f0868224-0d09-4522-bd1e-b2d221292da9 e9232a9949784b4a902375f9c89668c1 3b947d476bfd47a2b1fb3f55a678524f - - 447d7934db75447dabccbb4240b782c2 447d7934db75447dabccbb4240b782c2] 199.204.45.113 "GET /resource_providers/d49f0c55-443e-454a-8cdf-eea744ace456/allocations" status: 200 len: 54 microversion: 1.0 [pid: 7|app: 0|req: 495/992] 199.204.45.113 () {32 vars in 857 bytes} [Fri Feb 27 02:38:06 2026] GET /resource_providers/d49f0c55-443e-454a-8cdf-eea744ace456/allocations => generated 54 bytes in 19 msecs (HTTP/1.1 200) 6 headers in 223 bytes (1 switches on core 0)
2026-02-27 02:38:07.414 8 INFO placement.requestlog [None req-dd18b19a-88bb-47f8-93d0-12c2ae83b8cb ae4c906cf5f8453a96b0681618ed3e61 e93b7c252b0645d4ac1b59b50174f115 - - default default] 10.0.0.18 "GET /resource_providers" status: 200 len: 405 microversion: 1.0 [pid: 8|app: 0|req: 498/993] 10.0.0.18 () {28 vars in 592 bytes} [Fri Feb 27 02:38:07 2026] GET /resource_providers => generated 405 bytes in 332 msecs (HTTP/1.1 200) 6 headers in 224 bytes (1 switches on core 0)
2026-02-27 02:38:07.450 7 INFO placement.requestlog [None req-77371b95-59a3-4d18-bd2e-bd4d1f02527c ae4c906cf5f8453a96b0681618ed3e61 e93b7c252b0645d4ac1b59b50174f115 - - default default] 10.0.0.18 "GET /resource_providers/d49f0c55-443e-454a-8cdf-eea744ace456/inventories" status: 200 len: 400 microversion: 1.0 [pid: 7|app: 0|req: 496/994] 10.0.0.18 () {28 vars in 690 bytes} [Fri Feb 27 02:38:07 2026] GET /resource_providers/d49f0c55-443e-454a-8cdf-eea744ace456/inventories => generated 400 bytes in 34 msecs (HTTP/1.1 200) 6 headers in 224 bytes (1 switches on core 0)
2026-02-27 02:38:07.483 8 INFO placement.requestlog [None req-c4ebcecb-1a56-4ffe-a9a0-ee79ebdb11a9 ae4c906cf5f8453a96b0681618ed3e61 e93b7c252b0645d4ac1b59b50174f115 - - default default] 10.0.0.18 "GET /resource_providers/d49f0c55-443e-454a-8cdf-eea744ace456/usages" status: 200 len: 88 microversion: 1.0 [pid: 8|app: 0|req: 499/995] 10.0.0.18 () {28 vars in 680 bytes} [Fri Feb 27 02:38:07 2026] GET /resource_providers/d49f0c55-443e-454a-8cdf-eea744ace456/usages => generated 88 bytes in 25 msecs (HTTP/1.1 200) 6 headers in 223 bytes (1 switches on core 0)
2026-02-27 02:38:07.923 7 INFO placement.requestlog [None req-0db3336d-1723-42d8-aefe-7b8de6188209 04d967bcea2d4949a37fbe2dbc99bb3c 3b947d476bfd47a2b1fb3f55a678524f - - 447d7934db75447dabccbb4240b782c2 447d7934db75447dabccbb4240b782c2] 10.0.0.185 "GET /resource_providers/4eb1f3f3-bc95-4161-a2bd-ce38226b8190/aggregates" status: 404 len: 235 microversion: 1.1 [pid: 7|app: 0|req: 497/996] 10.0.0.185 () {32 vars in 816 bytes} [Fri Feb 27 02:38:07 2026] GET /resource_providers/4eb1f3f3-bc95-4161-a2bd-ce38226b8190/aggregates => generated 235 bytes in 19 msecs (HTTP/1.1 404) 5 headers in 202 bytes (1 switches on core 0)
2026-02-27 02:38:07.929 8 INFO placement.requestlog [None req-90110e9d-5f89-4f23-91f7-5903b54ca991 04d967bcea2d4949a37fbe2dbc99bb3c 3b947d476bfd47a2b1fb3f55a678524f - - 447d7934db75447dabccbb4240b782c2 447d7934db75447dabccbb4240b782c2] 10.0.0.185 "GET /resource_providers/4eb1f3f3-bc95-4161-a2bd-ce38226b8190/aggregates" status: 404 len: 235 microversion: 1.1 [pid: 8|app: 0|req: 500/997] 10.0.0.185 () {32 vars in 816 bytes} [Fri Feb 27 02:38:07 2026] GET /resource_providers/4eb1f3f3-bc95-4161-a2bd-ce38226b8190/aggregates => generated 235 bytes in 25 msecs (HTTP/1.1 404) 5 headers in 202 bytes (1 switches on core 0)
2026-02-27 02:38:07.950 8 INFO placement.requestlog [None req-4a18221d-b49c-4992-bbf0-03a5ca2bfcb8 04d967bcea2d4949a37fbe2dbc99bb3c 3b947d476bfd47a2b1fb3f55a678524f - - 447d7934db75447dabccbb4240b782c2 447d7934db75447dabccbb4240b782c2] 10.0.0.185 "DELETE /resource_providers/4eb1f3f3-bc95-4161-a2bd-ce38226b8190" status: 404 len: 246 microversion: 1.1 [pid: 8|app: 0|req: 501/998] 10.0.0.185 () {34 vars in 816 bytes} [Fri Feb 27 02:38:07 2026] DELETE /resource_providers/4eb1f3f3-bc95-4161-a2bd-ce38226b8190 => generated 246 bytes in 8 msecs (HTTP/1.1 404) 6 headers in 231 bytes (1 switches on core 0)
2026-02-27 02:38:07.956 7 INFO placement.requestlog [None req-077263bc-6b4b-49ed-ac79-7276df2a79d8 04d967bcea2d4949a37fbe2dbc99bb3c 3b947d476bfd47a2b1fb3f55a678524f - - 447d7934db75447dabccbb4240b782c2 447d7934db75447dabccbb4240b782c2] 10.0.0.185 "DELETE /resource_providers/4eb1f3f3-bc95-4161-a2bd-ce38226b8190" status: 404 len: 246 microversion: 1.1 [pid: 7|app: 0|req: 498/999] 10.0.0.185 () {34 vars in 816 bytes} [Fri Feb 27 02:38:07 2026] DELETE /resource_providers/4eb1f3f3-bc95-4161-a2bd-ce38226b8190 => generated 246 bytes in 15 msecs (HTTP/1.1 404) 6 headers in 231 bytes (1 switches on core 0)
2026-02-27 02:38:09.788 8 INFO placement.requestlog [None req-e6fe6476-cb42-42c1-9adf-8ffc180717d1 - - - - - -] 10.0.0.242 "GET /" status: 200 len: 136 microversion: 1.0
2026-02-27 02:38:09.788 7 INFO placement.requestlog [None req-b788a9ef-86c0-49c8-9854-adb402d8a91c - - - - - -] 10.0.0.242 "GET /" status: 200 len: 136 microversion: 1.0
2026-02-27 02:38:09.970 8 INFO placement.requestlog [None req-49fb02d6-b406-4e4a-bb1e-3f14346d2dc0 04d967bcea2d4949a37fbe2dbc99bb3c 3b947d476bfd47a2b1fb3f55a678524f - - 447d7934db75447dabccbb4240b782c2 447d7934db75447dabccbb4240b782c2] 10.0.0.185 "GET /resource_providers/49c3832c-97f6-40db-b076-adab0a017bac/aggregates" status: 404 len: 235 microversion: 1.1 [pid: 8|app: 0|req: 503/1002] 10.0.0.185 () {32 vars in 816 bytes} [Fri Feb 27 02:38:09 2026] GET /resource_providers/49c3832c-97f6-40db-b076-adab0a017bac/aggregates => generated 235 bytes in 11 msecs (HTTP/1.1 404) 5 headers in 202 bytes (1 switches on core 0)
2026-02-27 02:38:09.985 7 INFO placement.requestlog [None req-fd2180bb-7b97-44fb-a0d5-a154629a8684 04d967bcea2d4949a37fbe2dbc99bb3c 3b947d476bfd47a2b1fb3f55a678524f - - 447d7934db75447dabccbb4240b782c2 447d7934db75447dabccbb4240b782c2] 10.0.0.185 "GET /resource_providers/49c3832c-97f6-40db-b076-adab0a017bac/aggregates" status: 404 len: 235 microversion: 1.1 [pid: 7|app: 0|req: 500/1003] 10.0.0.185 () {32 vars in 816 bytes} [Fri Feb 27 02:38:09 2026] GET /resource_providers/49c3832c-97f6-40db-b076-adab0a017bac/aggregates => generated 235 bytes in 12 msecs (HTTP/1.1 404) 5 headers in 202 bytes (1 switches on core 0)
2026-02-27 02:38:09.987 8 INFO placement.requestlog [None req-b9a3e8fd-7210-40ca-8426-dd59fbb14dec 04d967bcea2d4949a37fbe2dbc99bb3c 3b947d476bfd47a2b1fb3f55a678524f - - 447d7934db75447dabccbb4240b782c2 447d7934db75447dabccbb4240b782c2] 10.0.0.185 "DELETE /resource_providers/49c3832c-97f6-40db-b076-adab0a017bac" status: 404 len: 246 microversion: 1.1 [pid: 8|app: 0|req: 504/1004] 10.0.0.185 () {34 vars in 816 bytes} [Fri Feb 27 02:38:09 2026] DELETE /resource_providers/49c3832c-97f6-40db-b076-adab0a017bac => generated 246 bytes in 8 msecs (HTTP/1.1 404) 6 headers in 231 bytes (1 switches on core 0)
2026-02-27 02:38:10.007 7 INFO placement.requestlog [None req-c6e68258-cfbc-4de3-a9d2-a38864f31c53 04d967bcea2d4949a37fbe2dbc99bb3c 3b947d476bfd47a2b1fb3f55a678524f - - 447d7934db75447dabccbb4240b782c2 447d7934db75447dabccbb4240b782c2] 10.0.0.185 "DELETE /resource_providers/49c3832c-97f6-40db-b076-adab0a017bac" status: 404 len: 246 microversion: 1.1 [pid: 7|app: 0|req: 501/1005] 10.0.0.185 () {34 vars in 816 bytes} [Fri Feb 27 02:38:09 2026] DELETE /resource_providers/49c3832c-97f6-40db-b076-adab0a017bac => generated 246 bytes in 15 msecs (HTTP/1.1 404) 6 headers in 231 bytes (1 switches on core 0)
2026-02-27 02:38:19.789 8 INFO placement.requestlog [None req-0f825655-1a1f-4955-896c-590313ee0efe - - - - - -] 10.0.0.242 "GET /" status: 200 len: 136 microversion: 1.0
2026-02-27 02:38:19.791 7 INFO placement.requestlog [None req-cfbea72d-aacf-42e7-8806-e90b8ed696fa - - - - - -] 10.0.0.242 "GET /" status: 200 len: 136 microversion: 1.0
2026-02-27 02:38:20.633 7 INFO placement.requestlog [None req-bfbaa88d-985a-42f4-9368-eecabb5ad7e3 04d967bcea2d4949a37fbe2dbc99bb3c 3b947d476bfd47a2b1fb3f55a678524f - - 447d7934db75447dabccbb4240b782c2 447d7934db75447dabccbb4240b782c2] 10.0.0.185 "GET /resource_providers/6c719ac5-f9e1-43d2-ac6c-b326287a6d88/aggregates" status: 404 len: 235 microversion: 1.1 [pid: 7|app: 0|req: 503/1008] 10.0.0.185 () {32 vars in 816 bytes} [Fri Feb 27 02:38:20 2026] GET /resource_providers/6c719ac5-f9e1-43d2-ac6c-b326287a6d88/aggregates => generated 235 bytes in 15 msecs (HTTP/1.1 404) 5 headers in 202 bytes (1 switches on core 0)
2026-02-27 02:38:20.638 8 INFO placement.requestlog [None req-d1bbd590-5229-4f5d-9a98-f2a9bad47234 04d967bcea2d4949a37fbe2dbc99bb3c 3b947d476bfd47a2b1fb3f55a678524f - - 447d7934db75447dabccbb4240b782c2 447d7934db75447dabccbb4240b782c2] 10.0.0.185 "GET /resource_providers/6c719ac5-f9e1-43d2-ac6c-b326287a6d88/aggregates" status: 404 len: 235 microversion: 1.1 [pid: 8|app: 0|req: 506/1009] 10.0.0.185 () {32 vars in 816 bytes} [Fri Feb 27 02:38:20 2026] GET /resource_providers/6c719ac5-f9e1-43d2-ac6c-b326287a6d88/aggregates => generated 235 bytes in 21 msecs (HTTP/1.1 404) 5 headers in 202 bytes (1 switches on core 0)
2026-02-27 02:38:20.654 8 INFO placement.requestlog [None req-3760d724-89c8-42b2-a58c-f6c1c6bdefc2 04d967bcea2d4949a37fbe2dbc99bb3c 3b947d476bfd47a2b1fb3f55a678524f - - 447d7934db75447dabccbb4240b782c2 447d7934db75447dabccbb4240b782c2] 10.0.0.185 "DELETE /resource_providers/6c719ac5-f9e1-43d2-ac6c-b326287a6d88" status: 404 len: 246 microversion: 1.1 [pid: 8|app: 0|req: 507/1010] 10.0.0.185 () {34 vars in 816 bytes} [Fri Feb 27 02:38:20 2026] DELETE /resource_providers/6c719ac5-f9e1-43d2-ac6c-b326287a6d88 => generated 246 bytes in 7 msecs (HTTP/1.1 404) 6 headers in 231 bytes (1 switches on core 0)
2026-02-27 02:38:20.659 7 INFO placement.requestlog [None req-26e44f22-5e40-4b71-aa64-37a13eb1892c 04d967bcea2d4949a37fbe2dbc99bb3c 3b947d476bfd47a2b1fb3f55a678524f - - 447d7934db75447dabccbb4240b782c2 447d7934db75447dabccbb4240b782c2] 10.0.0.185 "DELETE /resource_providers/6c719ac5-f9e1-43d2-ac6c-b326287a6d88" status: 404 len: 246 microversion: 1.1 [pid: 7|app: 0|req: 504/1011] 10.0.0.185 () {34 vars in 816 bytes} [Fri Feb 27 02:38:20 2026] DELETE /resource_providers/6c719ac5-f9e1-43d2-ac6c-b326287a6d88 => generated 246 bytes in 19 msecs (HTTP/1.1 404) 6 headers in 231 bytes (1 switches on core 0)
2026-02-27 02:38:25.477 8 INFO placement.requestlog [None req-2c52502d-0c79-4a36-909e-c52aca6ab019 04d967bcea2d4949a37fbe2dbc99bb3c 3b947d476bfd47a2b1fb3f55a678524f - - 447d7934db75447dabccbb4240b782c2 447d7934db75447dabccbb4240b782c2] 10.0.0.185 "GET /resource_providers/b5bc68a2-1727-4e60-9d94-b9746735f157/aggregates" status: 404 len: 235 microversion: 1.1 [pid: 8|app: 0|req: 508/1012] 10.0.0.185 () {32 vars in 816 bytes} [Fri Feb 27 02:38:25 2026] GET /resource_providers/b5bc68a2-1727-4e60-9d94-b9746735f157/aggregates => generated 235 bytes in 15 msecs (HTTP/1.1 404) 5 headers in 202 bytes (1 switches on core 0)
2026-02-27 02:38:25.479 7 INFO placement.requestlog [None req-ac9a52d1-ddcd-4e06-a55a-66c339e7bfc1 04d967bcea2d4949a37fbe2dbc99bb3c 3b947d476bfd47a2b1fb3f55a678524f - - 447d7934db75447dabccbb4240b782c2 447d7934db75447dabccbb4240b782c2] 10.0.0.185 "GET /resource_providers/b5bc68a2-1727-4e60-9d94-b9746735f157/aggregates" status: 404 len: 235 microversion: 1.1 [pid: 7|app: 0|req: 505/1013] 10.0.0.185 () {32 vars in 816 bytes} [Fri Feb 27 02:38:25 2026] GET /resource_providers/b5bc68a2-1727-4e60-9d94-b9746735f157/aggregates => generated 235 bytes in 16 msecs (HTTP/1.1 404) 5 headers in 202 bytes (1 switches on core 0)
2026-02-27 02:38:25.495 8 INFO placement.requestlog [None req-7037d258-88b8-4b56-bfd5-2af3f5665d5d 04d967bcea2d4949a37fbe2dbc99bb3c 3b947d476bfd47a2b1fb3f55a678524f - - 447d7934db75447dabccbb4240b782c2 447d7934db75447dabccbb4240b782c2] 10.0.0.185 "DELETE /resource_providers/b5bc68a2-1727-4e60-9d94-b9746735f157" status: 404 len: 246 microversion: 1.1 [pid: 8|app: 0|req: 509/1014] 10.0.0.185 () {34 vars in 816 bytes} [Fri Feb 27 02:38:25 2026] DELETE /resource_providers/b5bc68a2-1727-4e60-9d94-b9746735f157 => generated 246 bytes in 10 msecs (HTTP/1.1 404) 6 headers in 231 bytes (1 switches on core 0)
2026-02-27 02:38:25.537 7 INFO placement.requestlog [None req-afbc3566-37a7-44d9-a06e-cb0d9fe27ee7 04d967bcea2d4949a37fbe2dbc99bb3c 3b947d476bfd47a2b1fb3f55a678524f - - 447d7934db75447dabccbb4240b782c2 447d7934db75447dabccbb4240b782c2] 10.0.0.185 "DELETE /resource_providers/b5bc68a2-1727-4e60-9d94-b9746735f157" status: 404 len: 246 microversion: 1.1 [pid: 7|app: 0|req: 506/1015] 10.0.0.185 () {34 vars in 816 bytes} [Fri Feb 27 02:38:25 2026] DELETE /resource_providers/b5bc68a2-1727-4e60-9d94-b9746735f157 => generated 246 bytes in 27 msecs (HTTP/1.1 404) 6 headers in 231 bytes (1 switches on core 0)
2026-02-27 02:38:28.978 7 INFO placement.requestlog [None req-9e3fc04c-3721-4c24-8991-c90274ea62f4 04d967bcea2d4949a37fbe2dbc99bb3c 3b947d476bfd47a2b1fb3f55a678524f - - 447d7934db75447dabccbb4240b782c2 447d7934db75447dabccbb4240b782c2] 10.0.0.185 "GET /resource_providers/7f9b244e-7052-4287-bf5b-6ca4beb84c70/aggregates" status: 404 len: 235 microversion: 1.1 [pid: 7|app: 0|req: 507/1016] 10.0.0.185 () {32 vars in 816 bytes} [Fri Feb 27 02:38:28 2026] GET /resource_providers/7f9b244e-7052-4287-bf5b-6ca4beb84c70/aggregates => generated 235 bytes in 16 msecs (HTTP/1.1 404) 5 headers in 202 bytes (1 switches on core 0)
2026-02-27 02:38:28.980 8 INFO placement.requestlog [None req-825b0503-044d-4f96-958e-73defe771e56 04d967bcea2d4949a37fbe2dbc99bb3c 3b947d476bfd47a2b1fb3f55a678524f - - 447d7934db75447dabccbb4240b782c2 447d7934db75447dabccbb4240b782c2] 10.0.0.185 "GET /resource_providers/7f9b244e-7052-4287-bf5b-6ca4beb84c70/aggregates" status: 404 len: 235 microversion: 1.1 [pid: 8|app: 0|req: 510/1017] 10.0.0.185 () {32 vars in 816 bytes} [Fri Feb 27 02:38:28 2026] GET /resource_providers/7f9b244e-7052-4287-bf5b-6ca4beb84c70/aggregates => generated 235 bytes in 20 msecs (HTTP/1.1 404) 5 headers in 202 bytes (1 switches on core 0)
2026-02-27 02:38:29.045 8 INFO placement.requestlog [None req-47efb234-2458-4759-8b82-01ead02b385b 04d967bcea2d4949a37fbe2dbc99bb3c 3b947d476bfd47a2b1fb3f55a678524f - - 447d7934db75447dabccbb4240b782c2 447d7934db75447dabccbb4240b782c2] 10.0.0.185 "DELETE /resource_providers/7f9b244e-7052-4287-bf5b-6ca4beb84c70" status: 404 len: 246 microversion: 1.1 [pid: 8|app: 0|req: 511/1018] 10.0.0.185 () {34 vars in 816 bytes} [Fri Feb 27 02:38:28 2026] DELETE /resource_providers/7f9b244e-7052-4287-bf5b-6ca4beb84c70 => generated 246 bytes in 53 msecs (HTTP/1.1 404) 6 headers in 231 bytes (1 switches on core 0)
2026-02-27 02:38:29.057 7 INFO placement.requestlog [None req-4e146987-0270-4d3d-9512-fc9eff391a04 04d967bcea2d4949a37fbe2dbc99bb3c 3b947d476bfd47a2b1fb3f55a678524f - - 447d7934db75447dabccbb4240b782c2 447d7934db75447dabccbb4240b782c2] 10.0.0.185 "DELETE /resource_providers/7f9b244e-7052-4287-bf5b-6ca4beb84c70" status: 404 len: 246 microversion: 1.1 [pid: 7|app: 0|req: 508/1019] 10.0.0.185 () {34 vars in 816 bytes} [Fri Feb 27 02:38:28 2026] DELETE /resource_providers/7f9b244e-7052-4287-bf5b-6ca4beb84c70 => generated 246 bytes in 67 msecs (HTTP/1.1 404) 6 headers in 231 bytes (1 switches on core 0)
2026-02-27 02:38:29.353 8 INFO placement.requestlog [req-9408a232-aeea-47f5-9853-912cd09acd4e req-c38c4a4b-b4d2-41d6-af14-15423d331e1c e9232a9949784b4a902375f9c89668c1 3b947d476bfd47a2b1fb3f55a678524f - - 447d7934db75447dabccbb4240b782c2 447d7934db75447dabccbb4240b782c2] 10.0.0.52 "GET /allocation_candidates?limit=1000&resources=DISK_GB%3A1%2CMEMORY_MB%3A512%2CVCPU%3A1&root_required=%21COMPUTE_STATUS_DISABLED" status: 200 len: 2147 microversion: 1.36 [pid: 8|app: 0|req: 512/1020] 10.0.0.52 () {34 vars in 1011 bytes} [Fri Feb 27 02:38:29 2026] GET /allocation_candidates?limit=1000&resources=DISK_GB%3A1%2CMEMORY_MB%3A512%2CVCPU%3A1&root_required=%21COMPUTE_STATUS_DISABLED => generated 2147 bytes in 43 msecs (HTTP/1.1 200) 8 headers in 297 bytes (1 switches on core 0)
2026-02-27 02:38:29.389 7 INFO placement.requestlog [req-9408a232-aeea-47f5-9853-912cd09acd4e req-0235d063-725a-42a4-b144-2d6e06c61f0a e9232a9949784b4a902375f9c89668c1 3b947d476bfd47a2b1fb3f55a678524f - - 447d7934db75447dabccbb4240b782c2 447d7934db75447dabccbb4240b782c2] 10.0.0.52 "GET /allocations/29ce66e8-f3fb-4f4c-b26d-aac2183fc254" status: 200 len: 19 microversion: 1.28 [pid: 7|app: 0|req: 509/1021] 10.0.0.52 () {34 vars in 860 bytes} [Fri Feb 27 02:38:29 2026] GET /allocations/29ce66e8-f3fb-4f4c-b26d-aac2183fc254 => generated 19 bytes in 11 msecs (HTTP/1.1 200) 8 headers in 295 bytes (1 switches on core 0)
2026-02-27 02:38:29.470 8 INFO placement.requestlog [req-9408a232-aeea-47f5-9853-912cd09acd4e req-ffc56290-a925-4bf9-8551-b998726757a7 e9232a9949784b4a902375f9c89668c1 3b947d476bfd47a2b1fb3f55a678524f - - 447d7934db75447dabccbb4240b782c2 447d7934db75447dabccbb4240b782c2] 10.0.0.52 "PUT /allocations/29ce66e8-f3fb-4f4c-b26d-aac2183fc254" status: 204 len: 0 microversion: 1.36 [pid: 8|app: 0|req: 513/1022] 10.0.0.52 () {38 vars in 913 bytes} [Fri Feb 27 02:38:29 2026] PUT /allocations/29ce66e8-f3fb-4f4c-b26d-aac2183fc254 => generated 0 bytes in 74 msecs (HTTP/1.1 204) 5 headers in 199 bytes (1 switches on core 0)
2026-02-27 02:38:29.738 7 INFO placement.requestlog [req-9408a232-aeea-47f5-9853-912cd09acd4e req-828a0f41-db7f-4eb0-8f60-c16ec26d1004 e9232a9949784b4a902375f9c89668c1 3b947d476bfd47a2b1fb3f55a678524f - - 447d7934db75447dabccbb4240b782c2 447d7934db75447dabccbb4240b782c2] 199.204.45.113 "GET /allocations/29ce66e8-f3fb-4f4c-b26d-aac2183fc254" status: 200 len: 257 microversion: 1.28 [pid: 7|app: 0|req: 510/1023] 199.204.45.113 () {34 vars in 863 bytes} [Fri Feb 27 02:38:29 2026] GET /allocations/29ce66e8-f3fb-4f4c-b26d-aac2183fc254 => generated 257 bytes in 18 msecs (HTTP/1.1 200) 8 headers in 296 bytes (1 switches on core 0)
2026-02-27 02:38:29.794 8 INFO placement.requestlog [None req-4f9cddbf-22f2-4d18-90d9-17bc3bbd6363 - - - - - -] 10.0.0.242 "GET /" status: 200 len: 136 microversion: 1.0
2026-02-27 02:38:29.794 7 INFO placement.requestlog [None req-89075f90-46a9-456c-a5a1-d95feac7cf89 - - - - - -] 10.0.0.242 "GET /" status: 200 len: 136 microversion: 1.0
2026-02-27 02:38:29.867 7 INFO placement.requestlog [req-9408a232-aeea-47f5-9853-912cd09acd4e req-116a9e9d-a6c4-4d57-82b4-40608be373ef e9232a9949784b4a902375f9c89668c1 3b947d476bfd47a2b1fb3f55a678524f - - 447d7934db75447dabccbb4240b782c2 447d7934db75447dabccbb4240b782c2] 199.204.45.113 "GET /resource_providers/d49f0c55-443e-454a-8cdf-eea744ace456/allocations" status: 200 len: 152 microversion: 1.0 [pid: 7|app: 0|req: 512/1026] 199.204.45.113 () {32 vars in 857 bytes} [Fri Feb 27 02:38:29 2026] GET /resource_providers/d49f0c55-443e-454a-8cdf-eea744ace456/allocations => generated 152 bytes in 35 msecs (HTTP/1.1 200) 6 headers in 224 bytes (1 switches on core 0)
2026-02-27 02:38:29.893 8 INFO placement.requestlog [req-9408a232-aeea-47f5-9853-912cd09acd4e req-194e7530-45b6-41a7-8415-889c3e194645 e9232a9949784b4a902375f9c89668c1 3b947d476bfd47a2b1fb3f55a678524f - - 447d7934db75447dabccbb4240b782c2 447d7934db75447dabccbb4240b782c2] 199.204.45.113 "GET /allocations/29ce66e8-f3fb-4f4c-b26d-aac2183fc254" status: 200 len: 257 microversion: 1.28 [pid: 8|app: 0|req: 515/1027] 199.204.45.113 () {34 vars in 863 bytes} [Fri Feb 27 02:38:29 2026] GET /allocations/29ce66e8-f3fb-4f4c-b26d-aac2183fc254 => generated 257 bytes in 19 msecs (HTTP/1.1 200) 8 headers in 296 bytes (1 switches on core 0)
2026-02-27 02:38:30.349 8 INFO placement.requestlog [None req-b601931f-6920-4dd4-a863-a92fbd1dc42d 04d967bcea2d4949a37fbe2dbc99bb3c 3b947d476bfd47a2b1fb3f55a678524f - - 447d7934db75447dabccbb4240b782c2 447d7934db75447dabccbb4240b782c2] 10.0.0.185 "GET /resource_providers/5759dfde-f0fc-4905-9379-3dcdd0cbdc1b/aggregates" status: 404 len: 235 microversion: 1.1 [pid: 8|app: 0|req: 516/1028] 10.0.0.185 () {32 vars in 816 bytes} [Fri Feb 27 02:38:30 2026] GET /resource_providers/5759dfde-f0fc-4905-9379-3dcdd0cbdc1b/aggregates => generated 235 bytes in 18 msecs (HTTP/1.1 404) 5 headers in 202 bytes (1 switches on core 0)
2026-02-27 02:38:30.356 7 INFO placement.requestlog [None req-425d3a40-32e4-4e20-bb26-7b57b8a7f046 04d967bcea2d4949a37fbe2dbc99bb3c 3b947d476bfd47a2b1fb3f55a678524f - - 447d7934db75447dabccbb4240b782c2 447d7934db75447dabccbb4240b782c2] 10.0.0.185 "GET /resource_providers/5759dfde-f0fc-4905-9379-3dcdd0cbdc1b/aggregates" status: 404 len: 235 microversion: 1.1 [pid: 7|app: 0|req: 513/1029] 10.0.0.185 () {32 vars in 816 bytes} [Fri Feb 27 02:38:30 2026] GET /resource_providers/5759dfde-f0fc-4905-9379-3dcdd0cbdc1b/aggregates => generated 235 bytes in 25 msecs (HTTP/1.1 404) 5 headers in 202 bytes (1 switches on core 0)
2026-02-27 02:38:30.370 8 INFO placement.requestlog [None req-fa149df5-a5b9-4f42-96bb-973404f66dcf 04d967bcea2d4949a37fbe2dbc99bb3c 3b947d476bfd47a2b1fb3f55a678524f - - 447d7934db75447dabccbb4240b782c2 447d7934db75447dabccbb4240b782c2] 10.0.0.185 "DELETE /resource_providers/5759dfde-f0fc-4905-9379-3dcdd0cbdc1b" status: 404 len: 246 microversion: 1.1 [pid: 8|app: 0|req: 517/1030] 10.0.0.185 () {34 vars in 816 bytes} [Fri Feb 27 02:38:30 2026] DELETE /resource_providers/5759dfde-f0fc-4905-9379-3dcdd0cbdc1b => generated 246 bytes in 13 msecs (HTTP/1.1 404) 6 headers in 231 bytes (1 switches on core 0)
2026-02-27 02:38:30.373 7 INFO placement.requestlog [None req-bf21dfe6-f001-4f1d-9de8-bacfa767cd54 04d967bcea2d4949a37fbe2dbc99bb3c 3b947d476bfd47a2b1fb3f55a678524f - - 447d7934db75447dabccbb4240b782c2 447d7934db75447dabccbb4240b782c2] 10.0.0.185 "DELETE /resource_providers/5759dfde-f0fc-4905-9379-3dcdd0cbdc1b" status: 404 len: 246 microversion: 1.1 [pid: 7|app: 0|req: 514/1031] 10.0.0.185 () {34 vars in 816 bytes} [Fri Feb 27 02:38:30 2026] DELETE /resource_providers/5759dfde-f0fc-4905-9379-3dcdd0cbdc1b => generated 246 bytes in 10 msecs (HTTP/1.1 404) 6 headers in 231 bytes (1 switches on core 0)
2026-02-27 02:38:31.077 8 INFO placement.requestlog [None req-b3ac7296-749c-4274-b973-4137c1bedb50 04d967bcea2d4949a37fbe2dbc99bb3c 3b947d476bfd47a2b1fb3f55a678524f - - 447d7934db75447dabccbb4240b782c2 447d7934db75447dabccbb4240b782c2] 10.0.0.185 "GET /resource_providers/832e0a78-ea7d-4602-959d-ff2ef7dbb327/aggregates" status: 404 len: 235 microversion: 1.1 [pid: 8|app: 0|req: 518/1032] 10.0.0.185 () {32 vars in 816 bytes} [Fri Feb 27 02:38:31 2026] GET /resource_providers/832e0a78-ea7d-4602-959d-ff2ef7dbb327/aggregates => generated 235 bytes in 10 msecs (HTTP/1.1 404) 5 headers in 202 bytes (1 switches on core 0)
2026-02-27 02:38:31.115 8 INFO placement.requestlog [None req-f2871a1f-2927-4a3d-9d25-4d4720f1cb73 04d967bcea2d4949a37fbe2dbc99bb3c 3b947d476bfd47a2b1fb3f55a678524f - - 447d7934db75447dabccbb4240b782c2 447d7934db75447dabccbb4240b782c2] 10.0.0.185 "DELETE /resource_providers/832e0a78-ea7d-4602-959d-ff2ef7dbb327" status: 404 len: 246 microversion: 1.1 [pid: 8|app: 0|req: 519/1033] 10.0.0.185 () {34 vars in 816 bytes} [Fri Feb 27 02:38:31 2026] DELETE /resource_providers/832e0a78-ea7d-4602-959d-ff2ef7dbb327 => generated 246 bytes in 21 msecs (HTTP/1.1 404) 6 headers in 231 bytes (1 switches on core 0)
2026-02-27 02:38:31.124 7 INFO placement.requestlog [None req-c11a3e74-26ca-4ed2-adcb-24b66e36e8e8 04d967bcea2d4949a37fbe2dbc99bb3c 3b947d476bfd47a2b1fb3f55a678524f - - 447d7934db75447dabccbb4240b782c2 447d7934db75447dabccbb4240b782c2] 10.0.0.185 "GET /resource_providers/832e0a78-ea7d-4602-959d-ff2ef7dbb327/aggregates" status: 404 len: 235 microversion: 1.1 [pid: 7|app: 0|req: 515/1034] 10.0.0.185 () {32 vars in 816 bytes} [Fri Feb 27 02:38:31 2026] GET /resource_providers/832e0a78-ea7d-4602-959d-ff2ef7dbb327/aggregates => generated 235 bytes in 30 msecs (HTTP/1.1 404) 5 headers in 202 bytes (1 switches on core 0)
2026-02-27 02:38:31.134 8 INFO placement.requestlog [None req-88debc58-942d-480d-b6d9-c2d9681d087b 04d967bcea2d4949a37fbe2dbc99bb3c 3b947d476bfd47a2b1fb3f55a678524f - - 447d7934db75447dabccbb4240b782c2 447d7934db75447dabccbb4240b782c2] 10.0.0.185 "GET /resource_providers/1576c3e3-0f95-4e30-bfc8-5150883edd67/aggregates" status: 404 len: 235 microversion: 1.1 [pid: 8|app: 0|req: 520/1035] 10.0.0.185 () {32 vars in 816 bytes} [Fri Feb 27 02:38:31 2026] GET /resource_providers/1576c3e3-0f95-4e30-bfc8-5150883edd67/aggregates => generated 235 bytes in 15 msecs (HTTP/1.1 404) 5 headers in 202 bytes (1 switches on core 0)
2026-02-27 02:38:31.147 7 INFO placement.requestlog [None req-4d6e90d6-02ce-435a-b113-d2c8e640cd6d 04d967bcea2d4949a37fbe2dbc99bb3c 3b947d476bfd47a2b1fb3f55a678524f - - 447d7934db75447dabccbb4240b782c2 447d7934db75447dabccbb4240b782c2] 10.0.0.185 "DELETE /resource_providers/832e0a78-ea7d-4602-959d-ff2ef7dbb327" status: 404 len: 246 microversion: 1.1 [pid: 7|app: 0|req: 516/1036] 10.0.0.185 () {34 vars in 816 bytes} [Fri Feb 27 02:38:31 2026] DELETE /resource_providers/832e0a78-ea7d-4602-959d-ff2ef7dbb327 => generated 246 bytes in 16 msecs (HTTP/1.1 404) 6 headers in 231 bytes (1 switches on core 0)
