2026-02-27 02:36:47.685 7 INFO placement.requestlog [req-6a8cf78e-d308-46ff-b5a2-a5f482fd5e3e req-70a8466a-1ab2-4b19-aaeb-94fcca4f4946 e9232a9949784b4a902375f9c89668c1 3b947d476bfd47a2b1fb3f55a678524f - - 447d7934db75447dabccbb4240b782c2 447d7934db75447dabccbb4240b782c2] 199.204.45.113 "GET /resource_providers/d49f0c55-443e-454a-8cdf-eea744ace456/allocations" status: 200 len: 252 microversion: 1.0 [pid: 7|app: 0|req: 392/780] 199.204.45.113 () {32 vars in 857 bytes} [Fri Feb 27 02:36:47 2026] GET /resource_providers/d49f0c55-443e-454a-8cdf-eea744ace456/allocations => generated 252 bytes in 16 msecs (HTTP/1.1 200) 6 headers in 224 bytes (1 switches on core 0)
2026-02-27 02:36:47.707 8 INFO placement.requestlog [req-6a8cf78e-d308-46ff-b5a2-a5f482fd5e3e req-df00c13f-c436-43b2-90d9-75d02ad7222c e9232a9949784b4a902375f9c89668c1 3b947d476bfd47a2b1fb3f55a678524f - - 447d7934db75447dabccbb4240b782c2 447d7934db75447dabccbb4240b782c2] 199.204.45.113 "GET /allocations/7cc22a19-44eb-4d52-bc91-641067b33456" status: 200 len: 257 microversion: 1.28 [pid: 8|app: 0|req: 389/781] 199.204.45.113 () {34 vars in 863 bytes} [Fri Feb 27 02:36:47 2026] GET /allocations/7cc22a19-44eb-4d52-bc91-641067b33456 => generated 257 bytes in 14 msecs (HTTP/1.1 200) 8 headers in 296 bytes (1 switches on core 0)
2026-02-27 02:36:47.732 7 INFO placement.requestlog [req-6a8cf78e-d308-46ff-b5a2-a5f482fd5e3e req-fed1f2d8-5fba-4c6e-acdf-5fef4af30b7c e9232a9949784b4a902375f9c89668c1 3b947d476bfd47a2b1fb3f55a678524f - - 447d7934db75447dabccbb4240b782c2 447d7934db75447dabccbb4240b782c2] 199.204.45.113 "GET /allocations/f7e42d4b-f24d-48c3-a3f0-48008576c91c" status: 200 len: 257 microversion: 1.28 [pid: 7|app: 0|req: 393/782] 199.204.45.113 () {34 vars in 863 bytes} [Fri Feb 27 02:36:47 2026] GET /allocations/f7e42d4b-f24d-48c3-a3f0-48008576c91c => generated 257 bytes in 14 msecs (HTTP/1.1 200) 8 headers in 296 bytes (1 switches on core 0)
2026-02-27 02:36:47.896 8 INFO placement.requestlog [req-6a8cf78e-d308-46ff-b5a2-a5f482fd5e3e req-a03dfd3d-ca70-45d8-bcb7-1fa7c0cb9bb9 e9232a9949784b4a902375f9c89668c1 3b947d476bfd47a2b1fb3f55a678524f - - 447d7934db75447dabccbb4240b782c2 447d7934db75447dabccbb4240b782c2] 199.204.45.113 "DELETE /allocations/f7e42d4b-f24d-48c3-a3f0-48008576c91c" status: 204 len: 0 microversion: 1.0 [pid: 8|app: 0|req: 390/783] 199.204.45.113 () {34 vars in 841 bytes} [Fri Feb 27 02:36:47 2026] DELETE /allocations/f7e42d4b-f24d-48c3-a3f0-48008576c91c => generated 0 bytes in 98 msecs (HTTP/1.1 204) 5 headers in 198 bytes (1 switches on core 0)
2026-02-27 02:36:49.790 8 INFO placement.requestlog [None req-82217f92-e007-4e7c-b216-807190ea0cb1 - - - - - -] 10.0.0.242 "GET /" status: 200 len: 136 microversion: 1.0
2026-02-27 02:36:49.790 7 INFO placement.requestlog [None req-6dda3987-d55d-4564-b198-43a53e2ad561 - - - - - -] 10.0.0.242 "GET /" status: 200 len: 136 microversion: 1.0
2026-02-27 02:36:52.421 8 INFO placement.requestlog [req-7989645e-58e3-4f4d-86f3-c7fc090ceb0d req-f7f40266-1d13-4799-8383-048d275f3d15 e9232a9949784b4a902375f9c89668c1 3b947d476bfd47a2b1fb3f55a678524f - - 447d7934db75447dabccbb4240b782c2 447d7934db75447dabccbb4240b782c2] 199.204.45.113 "GET /resource_providers/d49f0c55-443e-454a-8cdf-eea744ace456/allocations" status: 200 len: 152 microversion: 1.0 [pid: 8|app: 0|req: 392/786] 199.204.45.113 () {32 vars in 857 bytes} [Fri Feb 27 02:36:52 2026] GET /resource_providers/d49f0c55-443e-454a-8cdf-eea744ace456/allocations => generated 152 bytes in 30 msecs (HTTP/1.1 200) 6 headers in 224 bytes (1 switches on core 0)
2026-02-27 02:36:52.448 7 INFO placement.requestlog [req-7989645e-58e3-4f4d-86f3-c7fc090ceb0d req-b66a2094-c494-431d-af01-cf84e994871a e9232a9949784b4a902375f9c89668c1 3b947d476bfd47a2b1fb3f55a678524f - - 447d7934db75447dabccbb4240b782c2 447d7934db75447dabccbb4240b782c2] 199.204.45.113 "GET /allocations/7cc22a19-44eb-4d52-bc91-641067b33456" status: 200 len: 257 microversion: 1.28 [pid: 7|app: 0|req: 395/787] 199.204.45.113 () {34 vars in 863 bytes} [Fri Feb 27 02:36:52 2026] GET /allocations/7cc22a19-44eb-4d52-bc91-641067b33456 => generated 257 bytes in 18 msecs (HTTP/1.1 200) 8 headers in 296 bytes (1 switches on core 0)
2026-02-27 02:36:52.559 8 INFO placement.requestlog [req-7989645e-58e3-4f4d-86f3-c7fc090ceb0d req-e5e11712-7fbb-4b86-b10c-7dbfe222a4b4 e9232a9949784b4a902375f9c89668c1 3b947d476bfd47a2b1fb3f55a678524f - - 447d7934db75447dabccbb4240b782c2 447d7934db75447dabccbb4240b782c2] 199.204.45.113 "DELETE /allocations/7cc22a19-44eb-4d52-bc91-641067b33456" status: 204 len: 0 microversion: 1.0 [pid: 8|app: 0|req: 393/788] 199.204.45.113 () {34 vars in 841 bytes} [Fri Feb 27 02:36:52 2026] DELETE /allocations/7cc22a19-44eb-4d52-bc91-641067b33456 => generated 0 bytes in 43 msecs (HTTP/1.1 204) 5 headers in 198 bytes (1 switches on core 0)
2026-02-27 02:36:53.862 8 INFO placement.requestlog [None req-c437bdd7-bcfd-4738-b340-c940187121e2 04d967bcea2d4949a37fbe2dbc99bb3c 3b947d476bfd47a2b1fb3f55a678524f - - 447d7934db75447dabccbb4240b782c2 447d7934db75447dabccbb4240b782c2] 10.0.0.185 "GET /resource_providers/e0e62264-848a-49b4-a6fb-38ea5771e740/aggregates" status: 404 len: 235 microversion: 1.1 [pid: 8|app: 0|req: 394/789] 10.0.0.185 () {32 vars in 816 bytes} [Fri Feb 27 02:36:53 2026] GET /resource_providers/e0e62264-848a-49b4-a6fb-38ea5771e740/aggregates => generated 235 bytes in 8 msecs (HTTP/1.1 404) 5 headers in 202 bytes (1 switches on core 0)
2026-02-27 02:36:53.869 7 INFO placement.requestlog [None req-1c01d55a-ea3c-45ad-995a-0575fa005176 04d967bcea2d4949a37fbe2dbc99bb3c 3b947d476bfd47a2b1fb3f55a678524f - - 447d7934db75447dabccbb4240b782c2 447d7934db75447dabccbb4240b782c2] 10.0.0.185 "GET /resource_providers/e0e62264-848a-49b4-a6fb-38ea5771e740/aggregates" status: 404 len: 235 microversion: 1.1 [pid: 7|app: 0|req: 396/790] 10.0.0.185 () {32 vars in 816 bytes} [Fri Feb 27 02:36:53 2026] GET /resource_providers/e0e62264-848a-49b4-a6fb-38ea5771e740/aggregates => generated 235 bytes in 15 msecs (HTTP/1.1 404) 5 headers in 202 bytes (1 switches on core 0)
2026-02-27 02:36:53.890 8 INFO placement.requestlog [None req-f19de7d2-d0ca-4bb5-955b-997bd11c3366 04d967bcea2d4949a37fbe2dbc99bb3c 3b947d476bfd47a2b1fb3f55a678524f - - 447d7934db75447dabccbb4240b782c2 447d7934db75447dabccbb4240b782c2] 10.0.0.185 "DELETE /resource_providers/e0e62264-848a-49b4-a6fb-38ea5771e740" status: 404 len: 246 microversion: 1.1 [pid: 8|app: 0|req: 395/791] 10.0.0.185 () {34 vars in 816 bytes} [Fri Feb 27 02:36:53 2026] DELETE /resource_providers/e0e62264-848a-49b4-a6fb-38ea5771e740 => generated 246 bytes in 9 msecs (HTTP/1.1 404) 6 headers in 231 bytes (1 switches on core 0)
2026-02-27 02:36:53.893 7 INFO placement.requestlog [None req-d7e2cb61-5101-40a4-867b-206635160dd2 04d967bcea2d4949a37fbe2dbc99bb3c 3b947d476bfd47a2b1fb3f55a678524f - - 447d7934db75447dabccbb4240b782c2 447d7934db75447dabccbb4240b782c2] 10.0.0.185 "DELETE /resource_providers/e0e62264-848a-49b4-a6fb-38ea5771e740" status: 404 len: 246 microversion: 1.1 [pid: 7|app: 0|req: 397/792] 10.0.0.185 () {34 vars in 816 bytes} [Fri Feb 27 02:36:53 2026] DELETE /resource_providers/e0e62264-848a-49b4-a6fb-38ea5771e740 => generated 246 bytes in 12 msecs (HTTP/1.1 404) 6 headers in 231 bytes (1 switches on core 0)
2026-02-27 02:36:54.382 7 INFO placement.requestlog [None req-da239b29-e0ab-42b3-8273-6278647b9a7e 04d967bcea2d4949a37fbe2dbc99bb3c 3b947d476bfd47a2b1fb3f55a678524f - - 447d7934db75447dabccbb4240b782c2 447d7934db75447dabccbb4240b782c2] 10.0.0.185 "GET /resource_providers/f727ca31-7931-4ebd-87ce-6fdf294ca6f4/aggregates" status: 404 len: 235 microversion: 1.1 [pid: 7|app: 0|req: 398/793] 10.0.0.185 () {32 vars in 816 bytes} [Fri Feb 27 02:36:54 2026] GET /resource_providers/f727ca31-7931-4ebd-87ce-6fdf294ca6f4/aggregates => generated 235 bytes in 15 msecs (HTTP/1.1 404) 5 headers in 202 bytes (1 switches on core 0)
2026-02-27 02:36:54.384 8 INFO placement.requestlog [None req-1351d6cd-353c-4cfd-a6ef-a9eaea5b1549 04d967bcea2d4949a37fbe2dbc99bb3c 3b947d476bfd47a2b1fb3f55a678524f - - 447d7934db75447dabccbb4240b782c2 447d7934db75447dabccbb4240b782c2] 10.0.0.185 "GET /resource_providers/f727ca31-7931-4ebd-87ce-6fdf294ca6f4/aggregates" status: 404 len: 235 microversion: 1.1 [pid: 8|app: 0|req: 396/794] 10.0.0.185 () {32 vars in 816 bytes} [Fri Feb 27 02:36:54 2026] GET /resource_providers/f727ca31-7931-4ebd-87ce-6fdf294ca6f4/aggregates => generated 235 bytes in 18 msecs (HTTP/1.1 404) 5 headers in 202 bytes (1 switches on core 0)
2026-02-27 02:36:54.412 7 INFO placement.requestlog [None req-6729f362-c240-43e9-ab6a-2c68df2d9a99 04d967bcea2d4949a37fbe2dbc99bb3c 3b947d476bfd47a2b1fb3f55a678524f - - 447d7934db75447dabccbb4240b782c2 447d7934db75447dabccbb4240b782c2] 10.0.0.185 "DELETE /resource_providers/f727ca31-7931-4ebd-87ce-6fdf294ca6f4" status: 404 len: 246 microversion: 1.1 [pid: 7|app: 0|req: 399/795] 10.0.0.185 () {34 vars in 816 bytes} [Fri Feb 27 02:36:54 2026] DELETE /resource_providers/f727ca31-7931-4ebd-87ce-6fdf294ca6f4 => generated 246 bytes in 13 msecs (HTTP/1.1 404) 6 headers in 231 bytes (1 switches on core 0)
2026-02-27 02:36:54.415 8 INFO placement.requestlog [None req-9df421db-a17d-4eb7-9300-f96f93ba483e 04d967bcea2d4949a37fbe2dbc99bb3c 3b947d476bfd47a2b1fb3f55a678524f - - 447d7934db75447dabccbb4240b782c2 447d7934db75447dabccbb4240b782c2] 10.0.0.185 "DELETE /resource_providers/f727ca31-7931-4ebd-87ce-6fdf294ca6f4" status: 404 len: 246 microversion: 1.1 [pid: 8|app: 0|req: 397/796] 10.0.0.185 () {34 vars in 816 bytes} [Fri Feb 27 02:36:54 2026] DELETE /resource_providers/f727ca31-7931-4ebd-87ce-6fdf294ca6f4 => generated 246 bytes in 17 msecs (HTTP/1.1 404) 6 headers in 231 bytes (1 switches on core 0)
2026-02-27 02:36:55.924 8 INFO placement.requestlog [None req-b65ff7b2-ec38-4106-b523-8dff5e4cd4af 04d967bcea2d4949a37fbe2dbc99bb3c 3b947d476bfd47a2b1fb3f55a678524f - - 447d7934db75447dabccbb4240b782c2 447d7934db75447dabccbb4240b782c2] 10.0.0.185 "GET /resource_providers/8d9eea81-9ad2-4f69-803d-8e98403bf1e6/aggregates" status: 404 len: 235 microversion: 1.1 [pid: 8|app: 0|req: 398/797] 10.0.0.185 () {32 vars in 816 bytes} [Fri Feb 27 02:36:55 2026] GET /resource_providers/8d9eea81-9ad2-4f69-803d-8e98403bf1e6/aggregates => generated 235 bytes in 10 msecs (HTTP/1.1 404) 5 headers in 202 bytes (1 switches on core 0)
2026-02-27 02:36:55.925 7 INFO placement.requestlog [None req-4e506e31-ed98-40bf-adba-4edc0f4db475 04d967bcea2d4949a37fbe2dbc99bb3c 3b947d476bfd47a2b1fb3f55a678524f - - 447d7934db75447dabccbb4240b782c2 447d7934db75447dabccbb4240b782c2] 10.0.0.185 "GET /resource_providers/8d9eea81-9ad2-4f69-803d-8e98403bf1e6/aggregates" status: 404 len: 235 microversion: 1.1 [pid: 7|app: 0|req: 400/798] 10.0.0.185 () {32 vars in 816 bytes} [Fri Feb 27 02:36:55 2026] GET /resource_providers/8d9eea81-9ad2-4f69-803d-8e98403bf1e6/aggregates => generated 235 bytes in 10 msecs (HTTP/1.1 404) 5 headers in 202 bytes (1 switches on core 0)
2026-02-27 02:36:55.954 7 INFO placement.requestlog [None req-9304f4f9-7b0e-4eee-8f4e-3bca5292ca1d 04d967bcea2d4949a37fbe2dbc99bb3c 3b947d476bfd47a2b1fb3f55a678524f - - 447d7934db75447dabccbb4240b782c2 447d7934db75447dabccbb4240b782c2] 10.0.0.185 "DELETE /resource_providers/8d9eea81-9ad2-4f69-803d-8e98403bf1e6" status: 404 len: 246 microversion: 1.1 [pid: 7|app: 0|req: 401/799] 10.0.0.185 () {34 vars in 816 bytes} [Fri Feb 27 02:36:55 2026] DELETE /resource_providers/8d9eea81-9ad2-4f69-803d-8e98403bf1e6 => generated 246 bytes in 9 msecs (HTTP/1.1 404) 6 headers in 231 bytes (1 switches on core 0)
2026-02-27 02:36:55.955 8 INFO placement.requestlog [None req-c3d45f31-6536-4c76-874b-ae8646533e5d 04d967bcea2d4949a37fbe2dbc99bb3c 3b947d476bfd47a2b1fb3f55a678524f - - 447d7934db75447dabccbb4240b782c2 447d7934db75447dabccbb4240b782c2] 10.0.0.185 "DELETE /resource_providers/8d9eea81-9ad2-4f69-803d-8e98403bf1e6" status: 404 len: 246 microversion: 1.1 [pid: 8|app: 0|req: 399/800] 10.0.0.185 () {34 vars in 816 bytes} [Fri Feb 27 02:36:55 2026] DELETE /resource_providers/8d9eea81-9ad2-4f69-803d-8e98403bf1e6 => generated 246 bytes in 10 msecs (HTTP/1.1 404) 6 headers in 231 bytes (1 switches on core 0)
2026-02-27 02:36:56.439 7 INFO placement.requestlog [None req-09951b06-198e-47b5-9b14-f5d5ec27f575 04d967bcea2d4949a37fbe2dbc99bb3c 3b947d476bfd47a2b1fb3f55a678524f - - 447d7934db75447dabccbb4240b782c2 447d7934db75447dabccbb4240b782c2] 10.0.0.185 "GET /resource_providers/2abbe722-f6bf-4916-bd85-eb2abf4cba44/aggregates" status: 404 len: 235 microversion: 1.1 [pid: 7|app: 0|req: 402/801] 10.0.0.185 () {32 vars in 816 bytes} [Fri Feb 27 02:36:56 2026] GET /resource_providers/2abbe722-f6bf-4916-bd85-eb2abf4cba44/aggregates => generated 235 bytes in 12 msecs (HTTP/1.1 404) 5 headers in 202 bytes (1 switches on core 0)
2026-02-27 02:36:56.444 8 INFO placement.requestlog [None req-09e9415e-8a0a-4121-8e9a-d974dcdbfdeb 04d967bcea2d4949a37fbe2dbc99bb3c 3b947d476bfd47a2b1fb3f55a678524f - - 447d7934db75447dabccbb4240b782c2 447d7934db75447dabccbb4240b782c2] 10.0.0.185 "GET /resource_providers/2abbe722-f6bf-4916-bd85-eb2abf4cba44/aggregates" status: 404 len: 235 microversion: 1.1 [pid: 8|app: 0|req: 400/802] 10.0.0.185 () {32 vars in 816 bytes} [Fri Feb 27 02:36:56 2026] GET /resource_providers/2abbe722-f6bf-4916-bd85-eb2abf4cba44/aggregates => generated 235 bytes in 17 msecs (HTTP/1.1 404) 5 headers in 202 bytes (1 switches on core 0)
2026-02-27 02:36:56.456 7 INFO placement.requestlog [None req-d7ffee7b-9b5a-4b2c-b92a-42a4fa520ad4 04d967bcea2d4949a37fbe2dbc99bb3c 3b947d476bfd47a2b1fb3f55a678524f - - 447d7934db75447dabccbb4240b782c2 447d7934db75447dabccbb4240b782c2] 10.0.0.185 "DELETE /resource_providers/2abbe722-f6bf-4916-bd85-eb2abf4cba44" status: 404 len: 246 microversion: 1.1 [pid: 7|app: 0|req: 403/803] 10.0.0.185 () {34 vars in 816 bytes} [Fri Feb 27 02:36:56 2026] DELETE /resource_providers/2abbe722-f6bf-4916-bd85-eb2abf4cba44 => generated 246 bytes in 11 msecs (HTTP/1.1 404) 6 headers in 231 bytes (1 switches on core 0)
2026-02-27 02:36:56.459 8 INFO placement.requestlog [None req-f349c346-11cf-43a7-b478-4e3bd6b9a318 04d967bcea2d4949a37fbe2dbc99bb3c 3b947d476bfd47a2b1fb3f55a678524f - - 447d7934db75447dabccbb4240b782c2 447d7934db75447dabccbb4240b782c2] 10.0.0.185 "DELETE /resource_providers/2abbe722-f6bf-4916-bd85-eb2abf4cba44" status: 404 len: 246 microversion: 1.1 [pid: 8|app: 0|req: 401/804] 10.0.0.185 () {34 vars in 816 bytes} [Fri Feb 27 02:36:56 2026] DELETE /resource_providers/2abbe722-f6bf-4916-bd85-eb2abf4cba44 => generated 246 bytes in 8 msecs (HTTP/1.1 404) 6 headers in 231 bytes (1 switches on core 0)
2026-02-27 02:36:56.478 7 INFO placement.requestlog [None req-405024fa-cc43-4f25-a5dd-97ed2d0200a8 04d967bcea2d4949a37fbe2dbc99bb3c 3b947d476bfd47a2b1fb3f55a678524f - - 447d7934db75447dabccbb4240b782c2 447d7934db75447dabccbb4240b782c2] 10.0.0.185 "GET /resource_providers/0b49cae8-fe57-4943-a9a1-e371b8f2cb5b/aggregates" status: 404 len: 235 microversion: 1.1 [pid: 7|app: 0|req: 404/805] 10.0.0.185 () {32 vars in 816 bytes} [Fri Feb 27 02:36:56 2026] GET /resource_providers/0b49cae8-fe57-4943-a9a1-e371b8f2cb5b/aggregates => generated 235 bytes in 9 msecs (HTTP/1.1 404) 5 headers in 202 bytes (1 switches on core 0)
2026-02-27 02:36:56.481 8 INFO placement.requestlog [None req-2b82cd72-bccd-4a56-8dd2-51337f7dbabb 04d967bcea2d4949a37fbe2dbc99bb3c 3b947d476bfd47a2b1fb3f55a678524f - - 447d7934db75447dabccbb4240b782c2 447d7934db75447dabccbb4240b782c2] 10.0.0.185 "GET /resource_providers/0b49cae8-fe57-4943-a9a1-e371b8f2cb5b/aggregates" status: 404 len: 235 microversion: 1.1 [pid: 8|app: 0|req: 402/806] 10.0.0.185 () {32 vars in 816 bytes} [Fri Feb 27 02:36:56 2026] GET /resource_providers/0b49cae8-fe57-4943-a9a1-e371b8f2cb5b/aggregates => generated 235 bytes in 10 msecs (HTTP/1.1 404) 5 headers in 202 bytes (1 switches on core 0)
2026-02-27 02:36:56.498 8 INFO placement.requestlog [None req-08be1c31-4db5-4fe1-9cea-a9a473e541a4 04d967bcea2d4949a37fbe2dbc99bb3c 3b947d476bfd47a2b1fb3f55a678524f - - 447d7934db75447dabccbb4240b782c2 447d7934db75447dabccbb4240b782c2] 10.0.0.185 "DELETE /resource_providers/0b49cae8-fe57-4943-a9a1-e371b8f2cb5b" status: 404 len: 246 microversion: 1.1 [pid: 8|app: 0|req: 403/807] 10.0.0.185 () {34 vars in 816 bytes} [Fri Feb 27 02:36:56 2026] DELETE /resource_providers/0b49cae8-fe57-4943-a9a1-e371b8f2cb5b => generated 246 bytes in 8 msecs (HTTP/1.1 404) 6 headers in 231 bytes (1 switches on core 0)
2026-02-27 02:36:56.499 7 INFO placement.requestlog [None req-d60ed4f1-6ffe-409c-a638-642a3037d531 04d967bcea2d4949a37fbe2dbc99bb3c 3b947d476bfd47a2b1fb3f55a678524f - - 447d7934db75447dabccbb4240b782c2 447d7934db75447dabccbb4240b782c2] 10.0.0.185 "DELETE /resource_providers/0b49cae8-fe57-4943-a9a1-e371b8f2cb5b" status: 404 len: 246 microversion: 1.1 [pid: 7|app: 0|req: 405/808] 10.0.0.185 () {34 vars in 816 bytes} [Fri Feb 27 02:36:56 2026] DELETE /resource_providers/0b49cae8-fe57-4943-a9a1-e371b8f2cb5b => generated 246 bytes in 10 msecs (HTTP/1.1 404) 6 headers in 231 bytes (1 switches on core 0)
2026-02-27 02:36:58.253 8 INFO placement.requestlog [None req-c9567f03-4262-46ae-a188-e885a9be3ed2 04d967bcea2d4949a37fbe2dbc99bb3c 3b947d476bfd47a2b1fb3f55a678524f - - 447d7934db75447dabccbb4240b782c2 447d7934db75447dabccbb4240b782c2] 10.0.0.185 "GET /resource_providers/0786aa1b-c446-400b-bddd-bb7e63cd4640/aggregates" status: 404 len: 235 microversion: 1.1 [pid: 8|app: 0|req: 404/809] 10.0.0.185 () {32 vars in 816 bytes} [Fri Feb 27 02:36:58 2026] GET /resource_providers/0786aa1b-c446-400b-bddd-bb7e63cd4640/aggregates => generated 235 bytes in 10 msecs (HTTP/1.1 404) 5 headers in 202 bytes (1 switches on core 0)
2026-02-27 02:36:58.255 7 INFO placement.requestlog [None req-25a43c9c-16af-4717-9ae9-886262cbd668 04d967bcea2d4949a37fbe2dbc99bb3c 3b947d476bfd47a2b1fb3f55a678524f - - 447d7934db75447dabccbb4240b782c2 447d7934db75447dabccbb4240b782c2] 10.0.0.185 "GET /resource_providers/0786aa1b-c446-400b-bddd-bb7e63cd4640/aggregates" status: 404 len: 235 microversion: 1.1 [pid: 7|app: 0|req: 406/810] 10.0.0.185 () {32 vars in 816 bytes} [Fri Feb 27 02:36:58 2026] GET /resource_providers/0786aa1b-c446-400b-bddd-bb7e63cd4640/aggregates => generated 235 bytes in 12 msecs (HTTP/1.1 404) 5 headers in 202 bytes (1 switches on core 0)
2026-02-27 02:36:58.275 8 INFO placement.requestlog [None req-bff0d641-dc98-4ba5-b8d9-f88209ac3d34 04d967bcea2d4949a37fbe2dbc99bb3c 3b947d476bfd47a2b1fb3f55a678524f - - 447d7934db75447dabccbb4240b782c2 447d7934db75447dabccbb4240b782c2] 10.0.0.185 "DELETE /resource_providers/0786aa1b-c446-400b-bddd-bb7e63cd4640" status: 404 len: 246 microversion: 1.1 [pid: 8|app: 0|req: 405/811] 10.0.0.185 () {34 vars in 816 bytes} [Fri Feb 27 02:36:58 2026] DELETE /resource_providers/0786aa1b-c446-400b-bddd-bb7e63cd4640 => generated 246 bytes in 15 msecs (HTTP/1.1 404) 6 headers in 231 bytes (1 switches on core 0)
2026-02-27 02:36:58.280 7 INFO placement.requestlog [None req-97a8decb-e587-44ca-ab41-39ff97c84803 04d967bcea2d4949a37fbe2dbc99bb3c 3b947d476bfd47a2b1fb3f55a678524f - - 447d7934db75447dabccbb4240b782c2 447d7934db75447dabccbb4240b782c2] 10.0.0.185 "DELETE /resource_providers/0786aa1b-c446-400b-bddd-bb7e63cd4640" status: 404 len: 246 microversion: 1.1 [pid: 7|app: 0|req: 407/812] 10.0.0.185 () {34 vars in 816 bytes} [Fri Feb 27 02:36:58 2026] DELETE /resource_providers/0786aa1b-c446-400b-bddd-bb7e63cd4640 => generated 246 bytes in 9 msecs (HTTP/1.1 404) 6 headers in 231 bytes (1 switches on core 0)
2026-02-27 02:36:58.851 8 INFO placement.requestlog [req-c749702a-e997-4247-b17b-669c303b7cd9 req-8454eb37-b9b7-4249-99d8-ec24fd757b24 e9232a9949784b4a902375f9c89668c1 3b947d476bfd47a2b1fb3f55a678524f - - 447d7934db75447dabccbb4240b782c2 447d7934db75447dabccbb4240b782c2] 10.0.0.52 "GET /allocation_candidates?limit=1000&resources=DISK_GB%3A1%2CMEMORY_MB%3A512%2CVCPU%3A1&root_required=%21COMPUTE_STATUS_DISABLED" status: 200 len: 2147 microversion: 1.36 [pid: 8|app: 0|req: 406/813] 10.0.0.52 () {34 vars in 1011 bytes} [Fri Feb 27 02:36:58 2026] GET /allocation_candidates?limit=1000&resources=DISK_GB%3A1%2CMEMORY_MB%3A512%2CVCPU%3A1&root_required=%21COMPUTE_STATUS_DISABLED => generated 2147 bytes in 70 msecs (HTTP/1.1 200) 8 headers in 297 bytes (1 switches on core 0)
2026-02-27 02:36:58.889 7 INFO placement.requestlog [req-c749702a-e997-4247-b17b-669c303b7cd9 req-87de997b-a999-4f47-b118-e90a161966df e9232a9949784b4a902375f9c89668c1 3b947d476bfd47a2b1fb3f55a678524f - - 447d7934db75447dabccbb4240b782c2 447d7934db75447dabccbb4240b782c2] 10.0.0.52 "GET /allocations/5999bc6d-4387-4a58-a80b-a87b83303772" status: 200 len: 19 microversion: 1.28 [pid: 7|app: 0|req: 408/814] 10.0.0.52 () {34 vars in 860 bytes} [Fri Feb 27 02:36:58 2026] GET /allocations/5999bc6d-4387-4a58-a80b-a87b83303772 => generated 19 bytes in 12 msecs (HTTP/1.1 200) 8 headers in 295 bytes (1 switches on core 0)
2026-02-27 02:36:59.006 8 INFO placement.requestlog [req-c749702a-e997-4247-b17b-669c303b7cd9 req-5452af97-9c3a-462e-aa68-6dcbae2103d8 e9232a9949784b4a902375f9c89668c1 3b947d476bfd47a2b1fb3f55a678524f - - 447d7934db75447dabccbb4240b782c2 447d7934db75447dabccbb4240b782c2] 10.0.0.52 "PUT /allocations/5999bc6d-4387-4a58-a80b-a87b83303772" status: 204 len: 0 microversion: 1.36 [pid: 8|app: 0|req: 407/815] 10.0.0.52 () {38 vars in 913 bytes} [Fri Feb 27 02:36:58 2026] PUT /allocations/5999bc6d-4387-4a58-a80b-a87b83303772 => generated 0 bytes in 107 msecs (HTTP/1.1 204) 5 headers in 199 bytes (1 switches on core 0)
2026-02-27 02:36:59.438 7 INFO placement.requestlog [req-c749702a-e997-4247-b17b-669c303b7cd9 req-cc8eab7e-1667-440b-9119-29b8ecc85845 e9232a9949784b4a902375f9c89668c1 3b947d476bfd47a2b1fb3f55a678524f - - 447d7934db75447dabccbb4240b782c2 447d7934db75447dabccbb4240b782c2] 199.204.45.113 "GET /allocations/5999bc6d-4387-4a58-a80b-a87b83303772" status: 200 len: 257 microversion: 1.28 [pid: 7|app: 0|req: 409/816] 199.204.45.113 () {34 vars in 863 bytes} [Fri Feb 27 02:36:59 2026] GET /allocations/5999bc6d-4387-4a58-a80b-a87b83303772 => generated 257 bytes in 171 msecs (HTTP/1.1 200) 8 headers in 296 bytes (1 switches on core 0)
2026-02-27 02:36:59.533 8 INFO placement.requestlog [req-c749702a-e997-4247-b17b-669c303b7cd9 req-b1ad207f-594c-4de3-83dd-adaaac20cfc9 e9232a9949784b4a902375f9c89668c1 3b947d476bfd47a2b1fb3f55a678524f - - 447d7934db75447dabccbb4240b782c2 447d7934db75447dabccbb4240b782c2] 199.204.45.113 "GET /resource_providers?in_tree=d49f0c55-443e-454a-8cdf-eea744ace456" status: 200 len: 797 microversion: 1.14 [pid: 8|app: 0|req: 408/817] 199.204.45.113 () {34 vars in 892 bytes} [Fri Feb 27 02:36:59 2026] GET /resource_providers?in_tree=d49f0c55-443e-454a-8cdf-eea744ace456 => generated 797 bytes in 18 msecs (HTTP/1.1 200) 6 headers in 225 bytes (1 switches on core 0)
2026-02-27 02:36:59.565 7 INFO placement.requestlog [req-c749702a-e997-4247-b17b-669c303b7cd9 req-f3720c2c-9c62-49f0-9cb0-c0c13a4aba51 e9232a9949784b4a902375f9c89668c1 3b947d476bfd47a2b1fb3f55a678524f - - 447d7934db75447dabccbb4240b782c2 447d7934db75447dabccbb4240b782c2] 199.204.45.113 "GET /resource_providers/d49f0c55-443e-454a-8cdf-eea744ace456/inventories" status: 200 len: 400 microversion: 1.0 [pid: 7|app: 0|req: 410/818] 199.204.45.113 () {32 vars in 857 bytes} [Fri Feb 27 02:36:59 2026] GET /resource_providers/d49f0c55-443e-454a-8cdf-eea744ace456/inventories => generated 400 bytes in 17 msecs (HTTP/1.1 200) 6 headers in 224 bytes (1 switches on core 0)
2026-02-27 02:36:59.587 8 INFO placement.requestlog [req-c749702a-e997-4247-b17b-669c303b7cd9 req-023e3585-7f1f-40d5-8aac-f4110797aa36 e9232a9949784b4a902375f9c89668c1 3b947d476bfd47a2b1fb3f55a678524f - - 447d7934db75447dabccbb4240b782c2 447d7934db75447dabccbb4240b782c2] 199.204.45.113 "GET /resource_providers/d49f0c55-443e-454a-8cdf-eea744ace456/aggregates" status: 200 len: 53 microversion: 1.19 [pid: 8|app: 0|req: 409/819] 199.204.45.113 () {34 vars in 899 bytes} [Fri Feb 27 02:36:59 2026] GET /resource_providers/d49f0c55-443e-454a-8cdf-eea744ace456/aggregates => generated 53 bytes in 15 msecs (HTTP/1.1 200) 8 headers in 295 bytes (1 switches on core 0)
2026-02-27 02:36:59.620 7 INFO placement.requestlog [req-c749702a-e997-4247-b17b-669c303b7cd9 req-5611dd82-7573-4b7b-9114-380148e9c2e6 e9232a9949784b4a902375f9c89668c1 3b947d476bfd47a2b1fb3f55a678524f - - 447d7934db75447dabccbb4240b782c2 447d7934db75447dabccbb4240b782c2] 199.204.45.113 "GET /resource_providers/d49f0c55-443e-454a-8cdf-eea744ace456/traits" status: 200 len: 1682 microversion: 1.6 [pid: 7|app: 0|req: 411/820] 199.204.45.113 () {34 vars in 890 bytes} [Fri Feb 27 02:36:59 2026] GET /resource_providers/d49f0c55-443e-454a-8cdf-eea744ace456/traits => generated 1682 bytes in 26 msecs (HTTP/1.1 200) 6 headers in 225 bytes (1 switches on core 0)
2026-02-27 02:36:59.642 8 INFO placement.requestlog [req-c749702a-e997-4247-b17b-669c303b7cd9 req-74700c60-e85a-4318-9700-23e7a635ee04 e9232a9949784b4a902375f9c89668c1 3b947d476bfd47a2b1fb3f55a678524f - - 447d7934db75447dabccbb4240b782c2 447d7934db75447dabccbb4240b782c2] 199.204.45.113 "GET /resource_providers/d49f0c55-443e-454a-8cdf-eea744ace456/allocations" status: 200 len: 152 microversion: 1.0 [pid: 8|app: 0|req: 410/821] 199.204.45.113 () {32 vars in 857 bytes} [Fri Feb 27 02:36:59 2026] GET /resource_providers/d49f0c55-443e-454a-8cdf-eea744ace456/allocations => generated 152 bytes in 15 msecs (HTTP/1.1 200) 6 headers in 224 bytes (1 switches on core 0)
2026-02-27 02:36:59.656 7 INFO placement.requestlog [req-c749702a-e997-4247-b17b-669c303b7cd9 req-3ed33ce2-0d1d-4d3f-b588-4f4229a803d8 e9232a9949784b4a902375f9c89668c1 3b947d476bfd47a2b1fb3f55a678524f - - 447d7934db75447dabccbb4240b782c2 447d7934db75447dabccbb4240b782c2] 199.204.45.113 "GET /allocations/5999bc6d-4387-4a58-a80b-a87b83303772" status: 200 len: 257 microversion: 1.28 [pid: 7|app: 0|req: 412/822] 199.204.45.113 () {34 vars in 863 bytes} [Fri Feb 27 02:36:59 2026] GET /allocations/5999bc6d-4387-4a58-a80b-a87b83303772 => generated 257 bytes in 10 msecs (HTTP/1.1 200) 8 headers in 296 bytes (1 switches on core 0)
2026-02-27 02:36:59.789 7 INFO placement.requestlog [None req-9556c359-5737-4614-9ebb-4efdc712c210 - - - - - -] 10.0.0.242 "GET /" status: 200 len: 136 microversion: 1.0
2026-02-27 02:36:59.789 8 INFO placement.requestlog [None req-ea7fdd34-f012-4c10-b38c-2be7593f65d5 - - - - - -] 10.0.0.242 "GET /" status: 200 len: 136 microversion: 1.0
2026-02-27 02:37:00.302 7 INFO placement.requestlog [None req-3d8dccff-71f2-46a0-b61f-396735e5eb9f 04d967bcea2d4949a37fbe2dbc99bb3c 3b947d476bfd47a2b1fb3f55a678524f - - 447d7934db75447dabccbb4240b782c2 447d7934db75447dabccbb4240b782c2] 10.0.0.185 "GET /resource_providers/ddcf1fd2-2aff-4277-abcb-2564f4f07786/aggregates" status: 404 len: 235 microversion: 1.1 [pid: 7|app: 0|req: 414/825] 10.0.0.185 () {32 vars in 816 bytes} [Fri Feb 27 02:37:00 2026] GET /resource_providers/ddcf1fd2-2aff-4277-abcb-2564f4f07786/aggregates => generated 235 bytes in 14 msecs (HTTP/1.1 404) 5 headers in 202 bytes (1 switches on core 0)
2026-02-27 02:37:00.305 8 INFO placement.requestlog [None req-41c43012-4804-45e1-ac8d-0d1d8e9f95f8 04d967bcea2d4949a37fbe2dbc99bb3c 3b947d476bfd47a2b1fb3f55a678524f - - 447d7934db75447dabccbb4240b782c2 447d7934db75447dabccbb4240b782c2] 10.0.0.185 "GET /resource_providers/ddcf1fd2-2aff-4277-abcb-2564f4f07786/aggregates" status: 404 len: 235 microversion: 1.1 [pid: 8|app: 0|req: 412/826] 10.0.0.185 () {32 vars in 816 bytes} [Fri Feb 27 02:37:00 2026] GET /resource_providers/ddcf1fd2-2aff-4277-abcb-2564f4f07786/aggregates => generated 235 bytes in 12 msecs (HTTP/1.1 404) 5 headers in 202 bytes (1 switches on core 0)
2026-02-27 02:37:00.322 8 INFO placement.requestlog [None req-45bd991f-edd6-4f25-8fa3-b1317fe6e6d1 04d967bcea2d4949a37fbe2dbc99bb3c 3b947d476bfd47a2b1fb3f55a678524f - - 447d7934db75447dabccbb4240b782c2 447d7934db75447dabccbb4240b782c2] 10.0.0.185 "DELETE /resource_providers/ddcf1fd2-2aff-4277-abcb-2564f4f07786" status: 404 len: 246 microversion: 1.1 [pid: 8|app: 0|req: 413/827] 10.0.0.185 () {34 vars in 816 bytes} [Fri Feb 27 02:37:00 2026] DELETE /resource_providers/ddcf1fd2-2aff-4277-abcb-2564f4f07786 => generated 246 bytes in 9 msecs (HTTP/1.1 404) 6 headers in 231 bytes (1 switches on core 0)
2026-02-27 02:37:00.325 7 INFO placement.requestlog [None req-de6af2d5-7403-4fd3-aad5-77dd14c012e0 04d967bcea2d4949a37fbe2dbc99bb3c 3b947d476bfd47a2b1fb3f55a678524f - - 447d7934db75447dabccbb4240b782c2 447d7934db75447dabccbb4240b782c2] 10.0.0.185 "DELETE /resource_providers/ddcf1fd2-2aff-4277-abcb-2564f4f07786" status: 404 len: 246 microversion: 1.1 [pid: 7|app: 0|req: 415/828] 10.0.0.185 () {34 vars in 816 bytes} [Fri Feb 27 02:37:00 2026] DELETE /resource_providers/ddcf1fd2-2aff-4277-abcb-2564f4f07786 => generated 246 bytes in 12 msecs (HTTP/1.1 404) 6 headers in 231 bytes (1 switches on core 0)
2026-02-27 02:37:02.370 8 INFO placement.requestlog [None req-f424c231-9bea-48b7-a0d0-5d7cf5d19386 04d967bcea2d4949a37fbe2dbc99bb3c 3b947d476bfd47a2b1fb3f55a678524f - - 447d7934db75447dabccbb4240b782c2 447d7934db75447dabccbb4240b782c2] 10.0.0.185 "GET /resource_providers/bb316b21-629b-4723-a2a7-20e994e89a7a/aggregates" status: 404 len: 235 microversion: 1.1 [pid: 8|app: 0|req: 414/829] 10.0.0.185 () {32 vars in 816 bytes} [Fri Feb 27 02:37:02 2026] GET /resource_providers/bb316b21-629b-4723-a2a7-20e994e89a7a/aggregates => generated 235 bytes in 11 msecs (HTTP/1.1 404) 5 headers in 202 bytes (1 switches on core 0)
2026-02-27 02:37:02.373 7 INFO placement.requestlog [None req-1ee9e8fa-0048-446c-8d1d-b04b1f350b2d 04d967bcea2d4949a37fbe2dbc99bb3c 3b947d476bfd47a2b1fb3f55a678524f - - 447d7934db75447dabccbb4240b782c2 447d7934db75447dabccbb4240b782c2] 10.0.0.185 "GET /resource_providers/bb316b21-629b-4723-a2a7-20e994e89a7a/aggregates" status: 404 len: 235 microversion: 1.1 [pid: 7|app: 0|req: 416/830] 10.0.0.185 () {32 vars in 816 bytes} [Fri Feb 27 02:37:02 2026] GET /resource_providers/bb316b21-629b-4723-a2a7-20e994e89a7a/aggregates => generated 235 bytes in 14 msecs (HTTP/1.1 404) 5 headers in 202 bytes (1 switches on core 0)
2026-02-27 02:37:02.384 8 INFO placement.requestlog [None req-45a562f0-e9f3-4a11-a273-79b30f59e610 04d967bcea2d4949a37fbe2dbc99bb3c 3b947d476bfd47a2b1fb3f55a678524f - - 447d7934db75447dabccbb4240b782c2 447d7934db75447dabccbb4240b782c2] 10.0.0.185 "DELETE /resource_providers/bb316b21-629b-4723-a2a7-20e994e89a7a" status: 404 len: 246 microversion: 1.1 [pid: 8|app: 0|req: 415/831] 10.0.0.185 () {34 vars in 816 bytes} [Fri Feb 27 02:37:02 2026] DELETE /resource_providers/bb316b21-629b-4723-a2a7-20e994e89a7a => generated 246 bytes in 7 msecs (HTTP/1.1 404) 6 headers in 231 bytes (1 switches on core 0)
2026-02-27 02:37:02.393 7 INFO placement.requestlog [None req-093df46c-9d7f-4d49-8e2a-197a7beb9430 04d967bcea2d4949a37fbe2dbc99bb3c 3b947d476bfd47a2b1fb3f55a678524f - - 447d7934db75447dabccbb4240b782c2 447d7934db75447dabccbb4240b782c2] 10.0.0.185 "DELETE /resource_providers/bb316b21-629b-4723-a2a7-20e994e89a7a" status: 404 len: 246 microversion: 1.1 [pid: 7|app: 0|req: 417/832] 10.0.0.185 () {34 vars in 816 bytes} [Fri Feb 27 02:37:02 2026] DELETE /resource_providers/bb316b21-629b-4723-a2a7-20e994e89a7a => generated 246 bytes in 10 msecs (HTTP/1.1 404) 6 headers in 231 bytes (1 switches on core 0)
2026-02-27 02:37:02.400 8 INFO placement.requestlog [None req-691efca8-542b-4b13-9016-9903a40f985b 04d967bcea2d4949a37fbe2dbc99bb3c 3b947d476bfd47a2b1fb3f55a678524f - - 447d7934db75447dabccbb4240b782c2 447d7934db75447dabccbb4240b782c2] 10.0.0.185 "GET /resource_providers/8ca07c73-6df1-4f20-bff1-701e9fc5ff59/aggregates" status: 404 len: 235 microversion: 1.1 [pid: 8|app: 0|req: 416/833] 10.0.0.185 () {32 vars in 816 bytes} [Fri Feb 27 02:37:02 2026] GET /resource_providers/8ca07c73-6df1-4f20-bff1-701e9fc5ff59/aggregates => generated 235 bytes in 8 msecs (HTTP/1.1 404) 5 headers in 202 bytes (1 switches on core 0)
2026-02-27 02:37:02.433 8 INFO placement.requestlog [None req-47ee9b76-ff23-42d5-892d-0d11fd029b76 04d967bcea2d4949a37fbe2dbc99bb3c 3b947d476bfd47a2b1fb3f55a678524f - - 447d7934db75447dabccbb4240b782c2 447d7934db75447dabccbb4240b782c2] 10.0.0.185 "DELETE /resource_providers/8ca07c73-6df1-4f20-bff1-701e9fc5ff59" status: 404 len: 246 microversion: 1.1 [pid: 8|app: 0|req: 417/834] 10.0.0.185 () {34 vars in 816 bytes} [Fri Feb 27 02:37:02 2026] DELETE /resource_providers/8ca07c73-6df1-4f20-bff1-701e9fc5ff59 => generated 246 bytes in 12 msecs (HTTP/1.1 404) 6 headers in 231 bytes (1 switches on core 0)
2026-02-27 02:37:02.434 7 INFO placement.requestlog [None req-fbdbd9cc-bf84-4b89-bd19-0af4af333931 04d967bcea2d4949a37fbe2dbc99bb3c 3b947d476bfd47a2b1fb3f55a678524f - - 447d7934db75447dabccbb4240b782c2 447d7934db75447dabccbb4240b782c2] 10.0.0.185 "GET /resource_providers/8ca07c73-6df1-4f20-bff1-701e9fc5ff59/aggregates" status: 404 len: 235 microversion: 1.1 [pid: 7|app: 0|req: 418/835] 10.0.0.185 () {32 vars in 816 bytes} [Fri Feb 27 02:37:02 2026] GET /resource_providers/8ca07c73-6df1-4f20-bff1-701e9fc5ff59/aggregates => generated 235 bytes in 17 msecs (HTTP/1.1 404) 5 headers in 202 bytes (1 switches on core 0)
2026-02-27 02:37:02.457 8 INFO placement.requestlog [None req-715736aa-a8cb-4bba-8ad5-9fb968219c72 04d967bcea2d4949a37fbe2dbc99bb3c 3b947d476bfd47a2b1fb3f55a678524f - - 447d7934db75447dabccbb4240b782c2 447d7934db75447dabccbb4240b782c2] 10.0.0.185 "DELETE /resource_providers/8ca07c73-6df1-4f20-bff1-701e9fc5ff59" status: 404 len: 246 microversion: 1.1 [pid: 8|app: 0|req: 418/836] 10.0.0.185 () {34 vars in 816 bytes} [Fri Feb 27 02:37:02 2026] DELETE /resource_providers/8ca07c73-6df1-4f20-bff1-701e9fc5ff59 => generated 246 bytes in 12 msecs (HTTP/1.1 404) 6 headers in 231 bytes (1 switches on core 0)
2026-02-27 02:37:04.778 7 INFO placement.requestlog [req-c002e604-e732-4e5b-9986-b86462da2856 req-411bb90e-695b-48db-adcf-328d4c1d99dc e9232a9949784b4a902375f9c89668c1 3b947d476bfd47a2b1fb3f55a678524f - - 447d7934db75447dabccbb4240b782c2 447d7934db75447dabccbb4240b782c2] 199.204.45.113 "GET /resource_providers/d49f0c55-443e-454a-8cdf-eea744ace456/allocations" status: 200 len: 152 microversion: 1.0 [pid: 7|app: 0|req: 419/837] 199.204.45.113 () {32 vars in 857 bytes} [Fri Feb 27 02:37:04 2026] GET /resource_providers/d49f0c55-443e-454a-8cdf-eea744ace456/allocations => generated 152 bytes in 57 msecs (HTTP/1.1 200) 6 headers in 224 bytes (1 switches on core 0)
2026-02-27 02:37:04.804 8 INFO placement.requestlog [req-c002e604-e732-4e5b-9986-b86462da2856 req-e25fd73d-d089-467e-9113-eeab43b54b4a e9232a9949784b4a902375f9c89668c1 3b947d476bfd47a2b1fb3f55a678524f - - 447d7934db75447dabccbb4240b782c2 447d7934db75447dabccbb4240b782c2] 199.204.45.113 "GET /resource_providers/d49f0c55-443e-454a-8cdf-eea744ace456/allocations" status: 200 len: 152 microversion: 1.0 [pid: 8|app: 0|req: 419/838] 199.204.45.113 () {32 vars in 857 bytes} [Fri Feb 27 02:37:04 2026] GET /resource_providers/d49f0c55-443e-454a-8cdf-eea744ace456/allocations => generated 152 bytes in 17 msecs (HTTP/1.1 200) 6 headers in 224 bytes (1 switches on core 0)
2026-02-27 02:37:04.826 7 INFO placement.requestlog [req-c002e604-e732-4e5b-9986-b86462da2856 req-5352148d-45b9-432e-85c5-b15460fc0beb e9232a9949784b4a902375f9c89668c1 3b947d476bfd47a2b1fb3f55a678524f - - 447d7934db75447dabccbb4240b782c2 447d7934db75447dabccbb4240b782c2] 199.204.45.113 "GET /allocations/5999bc6d-4387-4a58-a80b-a87b83303772" status: 200 len: 257 microversion: 1.28 [pid: 7|app: 0|req: 420/839] 199.204.45.113 () {34 vars in 863 bytes} [Fri Feb 27 02:37:04 2026] GET /allocations/5999bc6d-4387-4a58-a80b-a87b83303772 => generated 257 bytes in 17 msecs (HTTP/1.1 200) 8 headers in 296 bytes (1 switches on core 0)
2026-02-27 02:37:07.251 8 INFO placement.requestlog [None req-7b7515fb-6643-41b8-9892-34f7e33dd134 04d967bcea2d4949a37fbe2dbc99bb3c 3b947d476bfd47a2b1fb3f55a678524f - - 447d7934db75447dabccbb4240b782c2 447d7934db75447dabccbb4240b782c2] 10.0.0.185 "GET /resource_providers/9f6fe770-9d8d-4975-900a-dd3e829cdd2b/aggregates" status: 404 len: 235 microversion: 1.1 [pid: 8|app: 0|req: 420/840] 10.0.0.185 () {32 vars in 816 bytes} [Fri Feb 27 02:37:07 2026] GET /resource_providers/9f6fe770-9d8d-4975-900a-dd3e829cdd2b/aggregates => generated 235 bytes in 12 msecs (HTTP/1.1 404) 5 headers in 202 bytes (1 switches on core 0)
2026-02-27 02:37:07.267 7 INFO placement.requestlog [None req-7316fd9e-d91c-4a2b-98be-85dcdfed7a83 04d967bcea2d4949a37fbe2dbc99bb3c 3b947d476bfd47a2b1fb3f55a678524f - - 447d7934db75447dabccbb4240b782c2 447d7934db75447dabccbb4240b782c2] 10.0.0.185 "GET /resource_providers/9f6fe770-9d8d-4975-900a-dd3e829cdd2b/aggregates" status: 404 len: 235 microversion: 1.1 [pid: 7|app: 0|req: 421/841] 10.0.0.185 () {32 vars in 816 bytes} [Fri Feb 27 02:37:07 2026] GET /resource_providers/9f6fe770-9d8d-4975-900a-dd3e829cdd2b/aggregates => generated 235 bytes in 27 msecs (HTTP/1.1 404) 5 headers in 202 bytes (1 switches on core 0)
2026-02-27 02:37:07.275 8 INFO placement.requestlog [None req-5b129ef2-8906-471f-865f-a5fb0e20716b 04d967bcea2d4949a37fbe2dbc99bb3c 3b947d476bfd47a2b1fb3f55a678524f - - 447d7934db75447dabccbb4240b782c2 447d7934db75447dabccbb4240b782c2] 10.0.0.185 "DELETE /resource_providers/9f6fe770-9d8d-4975-900a-dd3e829cdd2b" status: 404 len: 246 microversion: 1.1 [pid: 8|app: 0|req: 421/842] 10.0.0.185 () {34 vars in 816 bytes} [Fri Feb 27 02:37:07 2026] DELETE /resource_providers/9f6fe770-9d8d-4975-900a-dd3e829cdd2b => generated 246 bytes in 12 msecs (HTTP/1.1 404) 6 headers in 231 bytes (1 switches on core 0)
2026-02-27 02:37:07.299 7 INFO placement.requestlog [None req-bc95f231-c30f-46a5-a5dd-6f5025975f5d 04d967bcea2d4949a37fbe2dbc99bb3c 3b947d476bfd47a2b1fb3f55a678524f - - 447d7934db75447dabccbb4240b782c2 447d7934db75447dabccbb4240b782c2] 10.0.0.185 "DELETE /resource_providers/9f6fe770-9d8d-4975-900a-dd3e829cdd2b" status: 404 len: 246 microversion: 1.1 [pid: 7|app: 0|req: 422/843] 10.0.0.185 () {34 vars in 816 bytes} [Fri Feb 27 02:37:07 2026] DELETE /resource_providers/9f6fe770-9d8d-4975-900a-dd3e829cdd2b => generated 246 bytes in 20 msecs (HTTP/1.1 404) 6 headers in 231 bytes (1 switches on core 0)
2026-02-27 02:37:07.742 8 INFO placement.requestlog [None req-4d8c308e-d4ba-4303-a767-6b77ab37be86 ae4c906cf5f8453a96b0681618ed3e61 e93b7c252b0645d4ac1b59b50174f115 - - default default] 10.0.0.18 "GET /resource_providers" status: 200 len: 405 microversion: 1.0 [pid: 8|app: 0|req: 422/844] 10.0.0.18 () {28 vars in 592 bytes} [Fri Feb 27 02:37:07 2026] GET /resource_providers => generated 405 bytes in 171 msecs (HTTP/1.1 200) 6 headers in 224 bytes (1 switches on core 0)
2026-02-27 02:37:07.763 7 INFO placement.requestlog [None req-0dbcae85-731f-4010-b645-c9598ab4b4cb ae4c906cf5f8453a96b0681618ed3e61 e93b7c252b0645d4ac1b59b50174f115 - - default default] 10.0.0.18 "GET /resource_providers/d49f0c55-443e-454a-8cdf-eea744ace456/inventories" status: 200 len: 400 microversion: 1.0 [pid: 7|app: 0|req: 423/845] 10.0.0.18 () {28 vars in 690 bytes} [Fri Feb 27 02:37:07 2026] GET /resource_providers/d49f0c55-443e-454a-8cdf-eea744ace456/inventories => generated 400 bytes in 18 msecs (HTTP/1.1 200) 6 headers in 224 bytes (1 switches on core 0)
2026-02-27 02:37:07.783 8 INFO placement.requestlog [None req-07cfc7af-2f21-4f7e-a2d3-94f4407fdb1a ae4c906cf5f8453a96b0681618ed3e61 e93b7c252b0645d4ac1b59b50174f115 - - default default] 10.0.0.18 "GET /resource_providers/d49f0c55-443e-454a-8cdf-eea744ace456/usages" status: 200 len: 90 microversion: 1.0 [pid: 8|app: 0|req: 423/846] 10.0.0.18 () {28 vars in 680 bytes} [Fri Feb 27 02:37:07 2026] GET /resource_providers/d49f0c55-443e-454a-8cdf-eea744ace456/usages => generated 90 bytes in 15 msecs (HTTP/1.1 200) 6 headers in 223 bytes (1 switches on core 0)
2026-02-27 02:37:09.299 7 INFO placement.requestlog [None req-c73032c1-19b5-4546-a223-115973779159 04d967bcea2d4949a37fbe2dbc99bb3c 3b947d476bfd47a2b1fb3f55a678524f - - 447d7934db75447dabccbb4240b782c2 447d7934db75447dabccbb4240b782c2] 10.0.0.185 "GET /resource_providers/9f7ad443-334c-4b37-b8c0-22653d47c2c7/aggregates" status: 404 len: 235 microversion: 1.1 [pid: 7|app: 0|req: 424/847] 10.0.0.185 () {32 vars in 816 bytes} [Fri Feb 27 02:37:09 2026] GET /resource_providers/9f7ad443-334c-4b37-b8c0-22653d47c2c7/aggregates => generated 235 bytes in 10 msecs (HTTP/1.1 404) 5 headers in 202 bytes (1 switches on core 0)
2026-02-27 02:37:09.329 8 INFO placement.requestlog [None req-d3d35170-c77e-4045-9aa0-5bb3eee51efc 04d967bcea2d4949a37fbe2dbc99bb3c 3b947d476bfd47a2b1fb3f55a678524f - - 447d7934db75447dabccbb4240b782c2 447d7934db75447dabccbb4240b782c2] 10.0.0.185 "DELETE /resource_providers/9f7ad443-334c-4b37-b8c0-22653d47c2c7" status: 404 len: 246 microversion: 1.1 [pid: 8|app: 0|req: 424/848] 10.0.0.185 () {34 vars in 816 bytes} [Fri Feb 27 02:37:09 2026] DELETE /resource_providers/9f7ad443-334c-4b37-b8c0-22653d47c2c7 => generated 246 bytes in 14 msecs (HTTP/1.1 404) 6 headers in 231 bytes (1 switches on core 0)
2026-02-27 02:37:09.332 7 INFO placement.requestlog [None req-42d1e24d-8f0d-4c38-b073-df81a383e3e9 04d967bcea2d4949a37fbe2dbc99bb3c 3b947d476bfd47a2b1fb3f55a678524f - - 447d7934db75447dabccbb4240b782c2 447d7934db75447dabccbb4240b782c2] 10.0.0.185 "GET /resource_providers/9f7ad443-334c-4b37-b8c0-22653d47c2c7/aggregates" status: 404 len: 235 microversion: 1.1 [pid: 7|app: 0|req: 425/849] 10.0.0.185 () {32 vars in 816 bytes} [Fri Feb 27 02:37:09 2026] GET /resource_providers/9f7ad443-334c-4b37-b8c0-22653d47c2c7/aggregates => generated 235 bytes in 17 msecs (HTTP/1.1 404) 5 headers in 202 bytes (1 switches on core 0)
2026-02-27 02:37:09.357 8 INFO placement.requestlog [None req-1da9935d-ee9e-4757-aa7b-d962cd01110a 04d967bcea2d4949a37fbe2dbc99bb3c 3b947d476bfd47a2b1fb3f55a678524f - - 447d7934db75447dabccbb4240b782c2 447d7934db75447dabccbb4240b782c2] 10.0.0.185 "DELETE /resource_providers/9f7ad443-334c-4b37-b8c0-22653d47c2c7" status: 404 len: 246 microversion: 1.1 [pid: 8|app: 0|req: 425/850] 10.0.0.185 () {34 vars in 816 bytes} [Fri Feb 27 02:37:09 2026] DELETE /resource_providers/9f7ad443-334c-4b37-b8c0-22653d47c2c7 => generated 246 bytes in 13 msecs (HTTP/1.1 404) 6 headers in 231 bytes (1 switches on core 0)
2026-02-27 02:37:09.793 7 INFO placement.requestlog [None req-d414e5e0-2bed-4a1b-8120-21eb1c406b46 - - - - - -] 10.0.0.242 "GET /" status: 200 len: 136 microversion: 1.0
2026-02-27 02:37:09.797 8 INFO placement.requestlog [None req-9f1b5084-ec88-4c96-a927-b1e45bfa0025 - - - - - -] 10.0.0.242 "GET /" status: 200 len: 136 microversion: 1.0
2026-02-27 02:37:09.931 7 INFO placement.requestlog [req-f2ded1fb-0dd0-4136-babd-2d011023eb5c req-902f8546-4b07-4813-bdcc-5a379d88b422 e9232a9949784b4a902375f9c89668c1 3b947d476bfd47a2b1fb3f55a678524f - - 447d7934db75447dabccbb4240b782c2 447d7934db75447dabccbb4240b782c2] 199.204.45.113 "GET /resource_providers/d49f0c55-443e-454a-8cdf-eea744ace456/allocations" status: 200 len: 152 microversion: 1.0 [pid: 7|app: 0|req: 427/853] 199.204.45.113 () {32 vars in 857 bytes} [Fri Feb 27 02:37:09 2026] GET /resource_providers/d49f0c55-443e-454a-8cdf-eea744ace456/allocations => generated 152 bytes in 24 msecs (HTTP/1.1 200) 6 headers in 224 bytes (1 switches on core 0)
2026-02-27 02:37:09.955 8 INFO placement.requestlog [req-f2ded1fb-0dd0-4136-babd-2d011023eb5c req-ecc89313-8952-4198-8881-2402e02f30fd e9232a9949784b4a902375f9c89668c1 3b947d476bfd47a2b1fb3f55a678524f - - 447d7934db75447dabccbb4240b782c2 447d7934db75447dabccbb4240b782c2] 199.204.45.113 "GET /allocations/5999bc6d-4387-4a58-a80b-a87b83303772" status: 200 len: 257 microversion: 1.28 [pid: 8|app: 0|req: 427/854] 199.204.45.113 () {34 vars in 863 bytes} [Fri Feb 27 02:37:09 2026] GET /allocations/5999bc6d-4387-4a58-a80b-a87b83303772 => generated 257 bytes in 13 msecs (HTTP/1.1 200) 8 headers in 296 bytes (1 switches on core 0)
2026-02-27 02:37:10.035 7 INFO placement.requestlog [req-f2ded1fb-0dd0-4136-babd-2d011023eb5c req-1b710232-3df8-43e4-8713-a27c7d5c9adc e9232a9949784b4a902375f9c89668c1 3b947d476bfd47a2b1fb3f55a678524f - - 447d7934db75447dabccbb4240b782c2 447d7934db75447dabccbb4240b782c2] 199.204.45.113 "DELETE /allocations/5999bc6d-4387-4a58-a80b-a87b83303772" status: 204 len: 0 microversion: 1.0 [pid: 7|app: 0|req: 428/855] 199.204.45.113 () {34 vars in 841 bytes} [Fri Feb 27 02:37:10 2026] DELETE /allocations/5999bc6d-4387-4a58-a80b-a87b83303772 => generated 0 bytes in 28 msecs (HTTP/1.1 204) 5 headers in 198 bytes (1 switches on core 0)
2026-02-27 02:37:14.632 7 INFO placement.requestlog [None req-7deb41e5-731f-4777-900c-6c396fc8dd27 04d967bcea2d4949a37fbe2dbc99bb3c 3b947d476bfd47a2b1fb3f55a678524f - - 447d7934db75447dabccbb4240b782c2 447d7934db75447dabccbb4240b782c2] 10.0.0.185 "GET /resource_providers/afb6375d-6f76-43b5-a535-f8e8f0ef5243/aggregates" status: 404 len: 235 microversion: 1.1 [pid: 7|app: 0|req: 429/856] 10.0.0.185 () {32 vars in 816 bytes} [Fri Feb 27 02:37:14 2026] GET /resource_providers/afb6375d-6f76-43b5-a535-f8e8f0ef5243/aggregates => generated 235 bytes in 17 msecs (HTTP/1.1 404) 5 headers in 202 bytes (1 switches on core 0)
2026-02-27 02:37:14.634 8 INFO placement.requestlog [None req-de08610e-f14d-4285-9c14-d310ec9aa4aa 04d967bcea2d4949a37fbe2dbc99bb3c 3b947d476bfd47a2b1fb3f55a678524f - - 447d7934db75447dabccbb4240b782c2 447d7934db75447dabccbb4240b782c2] 10.0.0.185 "GET /resource_providers/afb6375d-6f76-43b5-a535-f8e8f0ef5243/aggregates" status: 404 len: 235 microversion: 1.1 [pid: 8|app: 0|req: 428/857] 10.0.0.185 () {32 vars in 816 bytes} [Fri Feb 27 02:37:14 2026] GET /resource_providers/afb6375d-6f76-43b5-a535-f8e8f0ef5243/aggregates => generated 235 bytes in 19 msecs (HTTP/1.1 404) 5 headers in 202 bytes (1 switches on core 0)
2026-02-27 02:37:14.654 7 INFO placement.requestlog [None req-2b0eceed-b4d7-498a-981e-315db32671d3 04d967bcea2d4949a37fbe2dbc99bb3c 3b947d476bfd47a2b1fb3f55a678524f - - 447d7934db75447dabccbb4240b782c2 447d7934db75447dabccbb4240b782c2] 10.0.0.185 "DELETE /resource_providers/afb6375d-6f76-43b5-a535-f8e8f0ef5243" status: 404 len: 246 microversion: 1.1 [pid: 7|app: 0|req: 430/858] 10.0.0.185 () {34 vars in 816 bytes} [Fri Feb 27 02:37:14 2026] DELETE /resource_providers/afb6375d-6f76-43b5-a535-f8e8f0ef5243 => generated 246 bytes in 14 msecs (HTTP/1.1 404) 6 headers in 231 bytes (1 switches on core 0)
2026-02-27 02:37:14.660 8 INFO placement.requestlog [None req-dacad3ae-01e6-4363-9f74-ab8c0c89ba53 04d967bcea2d4949a37fbe2dbc99bb3c 3b947d476bfd47a2b1fb3f55a678524f - - 447d7934db75447dabccbb4240b782c2 447d7934db75447dabccbb4240b782c2] 10.0.0.185 "DELETE /resource_providers/afb6375d-6f76-43b5-a535-f8e8f0ef5243" status: 404 len: 246 microversion: 1.1 [pid: 8|app: 0|req: 429/859] 10.0.0.185 () {34 vars in 816 bytes} [Fri Feb 27 02:37:14 2026] DELETE /resource_providers/afb6375d-6f76-43b5-a535-f8e8f0ef5243 => generated 246 bytes in 19 msecs (HTTP/1.1 404) 6 headers in 231 bytes (1 switches on core 0)
2026-02-27 02:37:14.884 7 INFO placement.requestlog [None req-18ddebeb-f797-42f9-8524-243e21c5f68d 04d967bcea2d4949a37fbe2dbc99bb3c 3b947d476bfd47a2b1fb3f55a678524f - - 447d7934db75447dabccbb4240b782c2 447d7934db75447dabccbb4240b782c2] 10.0.0.185 "GET /resource_providers/8bd0ffe6-d870-4835-b400-ee4dc85735b7/aggregates" status: 404 len: 235 microversion: 1.1 [pid: 7|app: 0|req: 431/860] 10.0.0.185 () {32 vars in 816 bytes} [Fri Feb 27 02:37:14 2026] GET /resource_providers/8bd0ffe6-d870-4835-b400-ee4dc85735b7/aggregates => generated 235 bytes in 22 msecs (HTTP/1.1 404) 5 headers in 202 bytes (1 switches on core 0)
2026-02-27 02:37:14.911 8 INFO placement.requestlog [None req-b3207d7c-42ae-4706-ad08-c698670445fe 04d967bcea2d4949a37fbe2dbc99bb3c 3b947d476bfd47a2b1fb3f55a678524f - - 447d7934db75447dabccbb4240b782c2 447d7934db75447dabccbb4240b782c2] 10.0.0.185 "GET /resource_providers/8bd0ffe6-d870-4835-b400-ee4dc85735b7/aggregates" status: 404 len: 235 microversion: 1.1 [pid: 8|app: 0|req: 430/861] 10.0.0.185 () {32 vars in 816 bytes} [Fri Feb 27 02:37:14 2026] GET /resource_providers/8bd0ffe6-d870-4835-b400-ee4dc85735b7/aggregates => generated 235 bytes in 41 msecs (HTTP/1.1 404) 5 headers in 202 bytes (1 switches on core 0)
2026-02-27 02:37:14.922 7 INFO placement.requestlog [None req-3be63ac8-a184-4d89-8bf2-e4727f07bf53 04d967bcea2d4949a37fbe2dbc99bb3c 3b947d476bfd47a2b1fb3f55a678524f - - 447d7934db75447dabccbb4240b782c2 447d7934db75447dabccbb4240b782c2] 10.0.0.185 "DELETE /resource_providers/8bd0ffe6-d870-4835-b400-ee4dc85735b7" status: 404 len: 246 microversion: 1.1 [pid: 7|app: 0|req: 432/862] 10.0.0.185 () {34 vars in 816 bytes} [Fri Feb 27 02:37:14 2026] DELETE /resource_providers/8bd0ffe6-d870-4835-b400-ee4dc85735b7 => generated 246 bytes in 27 msecs (HTTP/1.1 404) 6 headers in 231 bytes (1 switches on core 0)
2026-02-27 02:37:14.936 8 INFO placement.requestlog [None req-c3f834a5-1f61-4a40-88f0-9fface1d1f7b 04d967bcea2d4949a37fbe2dbc99bb3c 3b947d476bfd47a2b1fb3f55a678524f - - 447d7934db75447dabccbb4240b782c2 447d7934db75447dabccbb4240b782c2] 10.0.0.185 "DELETE /resource_providers/8bd0ffe6-d870-4835-b400-ee4dc85735b7" status: 404 len: 246 microversion: 1.1 [pid: 8|app: 0|req: 431/863] 10.0.0.185 () {34 vars in 816 bytes} [Fri Feb 27 02:37:14 2026] DELETE /resource_providers/8bd0ffe6-d870-4835-b400-ee4dc85735b7 => generated 246 bytes in 15 msecs (HTTP/1.1 404) 6 headers in 231 bytes (1 switches on core 0)
