2026-06-10 02:36:43.102 8 INFO cinder.api.v3.volumes [None req-b75b1f1b-7bfc-4758-91bf-f842b86dde1a 40b514eade69410ea7db737cdfd3051e 2f4109b3d87b446e993ffaa7144603b9 - - default default] Delete volume with id: 2b8f4821-5c70-4215-af95-32a1a25ac938  /var/lib/openstack/lib/python3.10/site-packages/oslo_context/context.py:100: DeprecationWarning: Policy enforcement is depending on the value of is_admin. This key is deprecated. Please update your policy file to use the standard policy values. warnings.warn('Policy enforcement is depending on the value of '
2026-06-10 02:36:43.115 8 INFO cinder.volume.api [None req-b75b1f1b-7bfc-4758-91bf-f842b86dde1a 40b514eade69410ea7db737cdfd3051e 2f4109b3d87b446e993ffaa7144603b9 - - default default] Volume info retrieved successfully.
2026-06-10 02:36:43.142 8 INFO cinder.volume.api [None req-b75b1f1b-7bfc-4758-91bf-f842b86dde1a 40b514eade69410ea7db737cdfd3051e 2f4109b3d87b446e993ffaa7144603b9 - - default default] Delete volume request issued successfully.
2026-06-10 02:36:43.142 8 INFO cinder.api.openstack.wsgi [None req-b75b1f1b-7bfc-4758-91bf-f842b86dde1a 40b514eade69410ea7db737cdfd3051e 2f4109b3d87b446e993ffaa7144603b9 - - default default] http://cinder-api.openstack.svc.cluster.local:8776/v3/2f4109b3d87b446e993ffaa7144603b9/volumes/2b8f4821-5c70-4215-af95-32a1a25ac938 returned with HTTP 202 [pid: 8|app: 0|req: 466/935] 10.0.0.225 () {32 vars in 778 bytes} [Wed Jun 10 02:36:43 2026] DELETE /v3/2f4109b3d87b446e993ffaa7144603b9/volumes/2b8f4821-5c70-4215-af95-32a1a25ac938 => generated 0 bytes in 51 msecs (HTTP/1.1 202) 6 headers in 233 bytes (1 switches on core 0) /var/lib/openstack/lib/python3.10/site-packages/pycadf/identifier.py:71: UserWarning: Invalid uuid: cinderv3. To ensure interoperability, identifiers should be a valid uuid. warnings.warn(('Invalid uuid: %s. To ensure interoperability, '
2026-06-10 02:36:43.155 7 INFO cinder.api.openstack.wsgi [None req-46d1a704-48de-44dd-b614-5b89861b6944 40b514eade69410ea7db737cdfd3051e 2f4109b3d87b446e993ffaa7144603b9 - - default default] GET http://cinder-api.openstack.svc.cluster.local:8776/v3/2f4109b3d87b446e993ffaa7144603b9/volumes/2b8f4821-5c70-4215-af95-32a1a25ac938 /var/lib/openstack/lib/python3.10/site-packages/oslo_context/context.py:100: DeprecationWarning: Policy enforcement is depending on the value of is_admin. This key is deprecated. Please update your policy file to use the standard policy values. warnings.warn('Policy enforcement is depending on the value of '
2026-06-10 02:36:43.180 7 INFO cinder.volume.api [None req-46d1a704-48de-44dd-b614-5b89861b6944 40b514eade69410ea7db737cdfd3051e 2f4109b3d87b446e993ffaa7144603b9 - - default default] Volume info retrieved successfully.
2026-06-10 02:36:43.189 7 INFO cinder.api.openstack.wsgi [None req-46d1a704-48de-44dd-b614-5b89861b6944 40b514eade69410ea7db737cdfd3051e 2f4109b3d87b446e993ffaa7144603b9 - - default default] http://cinder-api.openstack.svc.cluster.local:8776/v3/2f4109b3d87b446e993ffaa7144603b9/volumes/2b8f4821-5c70-4215-af95-32a1a25ac938 returned with HTTP 200 [pid: 7|app: 0|req: 470/936] 10.0.0.225 () {32 vars in 775 bytes} [Wed Jun 10 02:36:43 2026] GET /v3/2f4109b3d87b446e993ffaa7144603b9/volumes/2b8f4821-5c70-4215-af95-32a1a25ac938 => generated 1527 bytes in 42 msecs (HTTP/1.1 200) 7 headers in 286 bytes (1 switches on core 0) /var/lib/openstack/lib/python3.10/site-packages/pycadf/identifier.py:71: UserWarning: Invalid uuid: cinderv3. To ensure interoperability, identifiers should be a valid uuid. warnings.warn(('Invalid uuid: %s. To ensure interoperability, '
2026-06-10 02:36:44.211 8 INFO cinder.api.openstack.wsgi [None req-4819f529-cd3e-41d6-9abd-6d3e190b1df1 40b514eade69410ea7db737cdfd3051e 2f4109b3d87b446e993ffaa7144603b9 - - default default] GET http://cinder-api.openstack.svc.cluster.local:8776/v3/2f4109b3d87b446e993ffaa7144603b9/volumes/2b8f4821-5c70-4215-af95-32a1a25ac938
2026-06-10 02:36:44.222 8 INFO cinder.api.openstack.wsgi [None req-4819f529-cd3e-41d6-9abd-6d3e190b1df1 40b514eade69410ea7db737cdfd3051e 2f4109b3d87b446e993ffaa7144603b9 - - default default] http://cinder-api.openstack.svc.cluster.local:8776/v3/2f4109b3d87b446e993ffaa7144603b9/volumes/2b8f4821-5c70-4215-af95-32a1a25ac938 returned with HTTP 404 [pid: 8|app: 0|req: 467/937] 10.0.0.225 () {32 vars in 775 bytes} [Wed Jun 10 02:36:44 2026] GET /v3/2f4109b3d87b446e993ffaa7144603b9/volumes/2b8f4821-5c70-4215-af95-32a1a25ac938 => generated 109 bytes in 20 msecs (HTTP/1.1 404) 7 headers in 292 bytes (1 switches on core 0)
2026-06-10 02:36:44.552 7 INFO cinder.api.openstack.wsgi [None req-46d1a704-48de-44dd-b614-5b89861b6944 40b514eade69410ea7db737cdfd3051e 2f4109b3d87b446e993ffaa7144603b9 - - default default] GET http://10.0.0.106:8776/
2026-06-10 02:36:44.552 8 INFO cinder.api.openstack.wsgi [None req-4819f529-cd3e-41d6-9abd-6d3e190b1df1 40b514eade69410ea7db737cdfd3051e 2f4109b3d87b446e993ffaa7144603b9 - - default default] GET http://10.0.0.106:8776/
2026-06-10 02:36:44.553 7 INFO cinder.api.openstack.wsgi [None req-46d1a704-48de-44dd-b614-5b89861b6944 40b514eade69410ea7db737cdfd3051e 2f4109b3d87b446e993ffaa7144603b9 - - default default] http://10.0.0.106:8776/ returned with HTTP 300
2026-06-10 02:36:44.553 8 INFO cinder.api.openstack.wsgi [None req-4819f529-cd3e-41d6-9abd-6d3e190b1df1 40b514eade69410ea7db737cdfd3051e 2f4109b3d87b446e993ffaa7144603b9 - - default default] http://10.0.0.106:8776/ returned with HTTP 300
2026-06-10 02:36:54.552 7 INFO cinder.api.openstack.wsgi [None req-46d1a704-48de-44dd-b614-5b89861b6944 40b514eade69410ea7db737cdfd3051e 2f4109b3d87b446e993ffaa7144603b9 - - default default] GET http://10.0.0.106:8776/
2026-06-10 02:36:54.552 8 INFO cinder.api.openstack.wsgi [None req-4819f529-cd3e-41d6-9abd-6d3e190b1df1 40b514eade69410ea7db737cdfd3051e 2f4109b3d87b446e993ffaa7144603b9 - - default default] GET http://10.0.0.106:8776/
2026-06-10 02:36:54.554 7 INFO cinder.api.openstack.wsgi [None req-46d1a704-48de-44dd-b614-5b89861b6944 40b514eade69410ea7db737cdfd3051e 2f4109b3d87b446e993ffaa7144603b9 - - default default] http://10.0.0.106:8776/ returned with HTTP 300
2026-06-10 02:36:54.554 8 INFO cinder.api.openstack.wsgi [None req-4819f529-cd3e-41d6-9abd-6d3e190b1df1 40b514eade69410ea7db737cdfd3051e 2f4109b3d87b446e993ffaa7144603b9 - - default default] http://10.0.0.106:8776/ returned with HTTP 300
2026-06-10 02:37:04.551 7 INFO cinder.api.openstack.wsgi [None req-46d1a704-48de-44dd-b614-5b89861b6944 40b514eade69410ea7db737cdfd3051e 2f4109b3d87b446e993ffaa7144603b9 - - default default] GET http://10.0.0.106:8776/
2026-06-10 02:37:04.552 7 INFO cinder.api.openstack.wsgi [None req-46d1a704-48de-44dd-b614-5b89861b6944 40b514eade69410ea7db737cdfd3051e 2f4109b3d87b446e993ffaa7144603b9 - - default default] http://10.0.0.106:8776/ returned with HTTP 300
2026-06-10 02:37:04.552 8 INFO cinder.api.openstack.wsgi [None req-4819f529-cd3e-41d6-9abd-6d3e190b1df1 40b514eade69410ea7db737cdfd3051e 2f4109b3d87b446e993ffaa7144603b9 - - default default] GET http://10.0.0.106:8776/
2026-06-10 02:37:04.553 8 INFO cinder.api.openstack.wsgi [None req-4819f529-cd3e-41d6-9abd-6d3e190b1df1 40b514eade69410ea7db737cdfd3051e 2f4109b3d87b446e993ffaa7144603b9 - - default default] http://10.0.0.106:8776/ returned with HTTP 300 /var/lib/openstack/lib/python3.10/site-packages/pycadf/identifier.py:71: UserWarning: Invalid uuid: cinderv3. To ensure interoperability, identifiers should be a valid uuid. warnings.warn(('Invalid uuid: %s. To ensure interoperability, '
2026-06-10 02:37:14.077 7 INFO cinder.api.openstack.wsgi [None req-7a341ef6-4dd2-4d03-afea-bb23eb17bad6 886f4972891641ffb38996ec7b0ba0c1 8e15068815f5478cab23f85ee2e472db - - default default] GET http://cinder-api.openstack.svc.cluster.local:8776/v3/8e15068815f5478cab23f85ee2e472db/scheduler-stats/get_pools?detail=true
2026-06-10 02:37:14.090 7 INFO cinder.api.openstack.wsgi [None req-7a341ef6-4dd2-4d03-afea-bb23eb17bad6 886f4972891641ffb38996ec7b0ba0c1 8e15068815f5478cab23f85ee2e472db - - default default] http://cinder-api.openstack.svc.cluster.local:8776/v3/8e15068815f5478cab23f85ee2e472db/scheduler-stats/get_pools?detail=true returned with HTTP 200 [pid: 7|app: 0|req: 474/944] 10.0.0.186 () {28 vars in 696 bytes} [Wed Jun 10 02:37:13 2026] GET /v3/8e15068815f5478cab23f85ee2e472db/scheduler-stats/get_pools?detail=true => generated 670 bytes in 153 msecs (HTTP/1.1 200) 7 headers in 285 bytes (1 switches on core 0)
2026-06-10 02:37:14.126 8 INFO cinder.api.openstack.wsgi [None req-12d3e5c9-d8b3-4c61-b0e0-56a96e633204 886f4972891641ffb38996ec7b0ba0c1 8e15068815f5478cab23f85ee2e472db - - default default] POST http://cinder-api.openstack.svc.cluster.local:8776/v3/8e15068815f5478cab23f85ee2e472db/volumes
2026-06-10 02:37:14.127 7 INFO cinder.api.openstack.wsgi [None req-a1da711d-d7a0-4b4c-af1b-402ef945e534 886f4972891641ffb38996ec7b0ba0c1 8e15068815f5478cab23f85ee2e472db - - default default] GET http://cinder-api.openstack.svc.cluster.local:8776/v3/8e15068815f5478cab23f85ee2e472db/os-quota-sets/0a6ee22fe8d544dc99a02bf2516c1a8f?usage=true
2026-06-10 02:37:14.173 7 INFO cinder.api.openstack.wsgi [None req-a1da711d-d7a0-4b4c-af1b-402ef945e534 886f4972891641ffb38996ec7b0ba0c1 8e15068815f5478cab23f85ee2e472db - - default default] http://cinder-api.openstack.svc.cluster.local:8776/v3/8e15068815f5478cab23f85ee2e472db/os-quota-sets/0a6ee22fe8d544dc99a02bf2516c1a8f?usage=true returned with HTTP 200 [pid: 7|app: 0|req: 475/945] 10.0.0.186 () {28 vars in 736 bytes} [Wed Jun 10 02:37:14 2026] GET /v3/8e15068815f5478cab23f85ee2e472db/os-quota-sets/0a6ee22fe8d544dc99a02bf2516c1a8f?usage=true => generated 847 bytes in 55 msecs (HTTP/1.1 200) 7 headers in 285 bytes (1 switches on core 0)
2026-06-10 02:37:14.187 7 INFO cinder.api.openstack.wsgi [None req-dfe9daac-5092-4f91-964f-8f9218b2721f 886f4972891641ffb38996ec7b0ba0c1 8e15068815f5478cab23f85ee2e472db - - default default] GET http://cinder-api.openstack.svc.cluster.local:8776/v3/8e15068815f5478cab23f85ee2e472db/os-quota-sets/22b46f679ca64aad80ab649ed085beb2?usage=true
2026-06-10 02:37:14.217 7 INFO cinder.api.openstack.wsgi [None req-dfe9daac-5092-4f91-964f-8f9218b2721f 886f4972891641ffb38996ec7b0ba0c1 8e15068815f5478cab23f85ee2e472db - - default default] http://cinder-api.openstack.svc.cluster.local:8776/v3/8e15068815f5478cab23f85ee2e472db/os-quota-sets/22b46f679ca64aad80ab649ed085beb2?usage=true returned with HTTP 200 [pid: 7|app: 0|req: 476/946] 10.0.0.186 () {28 vars in 736 bytes} [Wed Jun 10 02:37:14 2026] GET /v3/8e15068815f5478cab23f85ee2e472db/os-quota-sets/22b46f679ca64aad80ab649ed085beb2?usage=true => generated 847 bytes in 36 msecs (HTTP/1.1 200) 7 headers in 285 bytes (1 switches on core 0)
2026-06-10 02:37:14.226 8 INFO cinder.api.v3.volumes [None req-12d3e5c9-d8b3-4c61-b0e0-56a96e633204 886f4972891641ffb38996ec7b0ba0c1 8e15068815f5478cab23f85ee2e472db - - default default] Create volume of 16 GB
2026-06-10 02:37:14.227 7 INFO cinder.api.openstack.wsgi [None req-0cbd191a-7b72-4c6b-92a1-de5c061a0b97 886f4972891641ffb38996ec7b0ba0c1 8e15068815f5478cab23f85ee2e472db - - default default] GET http://cinder-api.openstack.svc.cluster.local:8776/v3/8e15068815f5478cab23f85ee2e472db/os-quota-sets/289f180220d340b18d54654e49ac93c9?usage=true
2026-06-10 02:37:14.235 8 INFO cinder.volume.api [None req-12d3e5c9-d8b3-4c61-b0e0-56a96e633204 886f4972891641ffb38996ec7b0ba0c1 8e15068815f5478cab23f85ee2e472db - - default default] Availability Zones retrieved successfully.
2026-06-10 02:37:14.254 7 INFO cinder.api.openstack.wsgi [None req-0cbd191a-7b72-4c6b-92a1-de5c061a0b97 886f4972891641ffb38996ec7b0ba0c1 8e15068815f5478cab23f85ee2e472db - - default default] http://cinder-api.openstack.svc.cluster.local:8776/v3/8e15068815f5478cab23f85ee2e472db/os-quota-sets/289f180220d340b18d54654e49ac93c9?usage=true returned with HTTP 200 [pid: 7|app: 0|req: 477/947] 10.0.0.186 () {28 vars in 736 bytes} [Wed Jun 10 02:37:14 2026] GET /v3/8e15068815f5478cab23f85ee2e472db/os-quota-sets/289f180220d340b18d54654e49ac93c9?usage=true => generated 847 bytes in 34 msecs (HTTP/1.1 200) 7 headers in 285 bytes (1 switches on core 0)
2026-06-10 02:37:14.264 7 INFO cinder.api.openstack.wsgi [None req-458d3fbb-797a-48e1-9d83-d163e2999ef9 886f4972891641ffb38996ec7b0ba0c1 8e15068815f5478cab23f85ee2e472db - - default default] GET http://cinder-api.openstack.svc.cluster.local:8776/v3/8e15068815f5478cab23f85ee2e472db/os-quota-sets/35164a64671447989e063fbdfade63a6?usage=true
2026-06-10 02:37:14.284 7 INFO cinder.api.openstack.wsgi [None req-458d3fbb-797a-48e1-9d83-d163e2999ef9 886f4972891641ffb38996ec7b0ba0c1 8e15068815f5478cab23f85ee2e472db - - default default] http://cinder-api.openstack.svc.cluster.local:8776/v3/8e15068815f5478cab23f85ee2e472db/os-quota-sets/35164a64671447989e063fbdfade63a6?usage=true returned with HTTP 200 [pid: 7|app: 0|req: 478/948] 10.0.0.186 () {28 vars in 736 bytes} [Wed Jun 10 02:37:14 2026] GET /v3/8e15068815f5478cab23f85ee2e472db/os-quota-sets/35164a64671447989e063fbdfade63a6?usage=true => generated 845 bytes in 26 msecs (HTTP/1.1 200) 7 headers in 285 bytes (1 switches on core 0)
2026-06-10 02:37:14.295 7 INFO cinder.api.openstack.wsgi [None req-b09922b1-40da-4566-8cb0-4c94c34c88aa 886f4972891641ffb38996ec7b0ba0c1 8e15068815f5478cab23f85ee2e472db - - default default] GET http://cinder-api.openstack.svc.cluster.local:8776/v3/8e15068815f5478cab23f85ee2e472db/os-quota-sets/58d884ff6d6d42709437a2ba9baead3f?usage=true
2026-06-10 02:37:14.316 7 INFO cinder.api.openstack.wsgi [None req-b09922b1-40da-4566-8cb0-4c94c34c88aa 886f4972891641ffb38996ec7b0ba0c1 8e15068815f5478cab23f85ee2e472db - - default default] http://cinder-api.openstack.svc.cluster.local:8776/v3/8e15068815f5478cab23f85ee2e472db/os-quota-sets/58d884ff6d6d42709437a2ba9baead3f?usage=true returned with HTTP 200 [pid: 7|app: 0|req: 479/949] 10.0.0.186 () {28 vars in 736 bytes} [Wed Jun 10 02:37:14 2026] GET /v3/8e15068815f5478cab23f85ee2e472db/os-quota-sets/58d884ff6d6d42709437a2ba9baead3f?usage=true => generated 847 bytes in 28 msecs (HTTP/1.1 200) 7 headers in 285 bytes (1 switches on core 0)
2026-06-10 02:37:14.325 7 INFO cinder.api.openstack.wsgi [None req-293d68d1-7002-4fed-bc6b-1cfccca6f808 886f4972891641ffb38996ec7b0ba0c1 8e15068815f5478cab23f85ee2e472db - - default default] GET http://cinder-api.openstack.svc.cluster.local:8776/v3/8e15068815f5478cab23f85ee2e472db/os-quota-sets/7091e672bb7f4e49b0c7f9a8e2620793?usage=true
2026-06-10 02:37:14.351 7 INFO cinder.api.openstack.wsgi [None req-293d68d1-7002-4fed-bc6b-1cfccca6f808 886f4972891641ffb38996ec7b0ba0c1 8e15068815f5478cab23f85ee2e472db - - default default] http://cinder-api.openstack.svc.cluster.local:8776/v3/8e15068815f5478cab23f85ee2e472db/os-quota-sets/7091e672bb7f4e49b0c7f9a8e2620793?usage=true returned with HTTP 200 [pid: 7|app: 0|req: 480/950] 10.0.0.186 () {28 vars in 736 bytes} [Wed Jun 10 02:37:14 2026] GET /v3/8e15068815f5478cab23f85ee2e472db/os-quota-sets/7091e672bb7f4e49b0c7f9a8e2620793?usage=true => generated 847 bytes in 32 msecs (HTTP/1.1 200) 7 headers in 285 bytes (1 switches on core 0)
2026-06-10 02:37:14.361 7 INFO cinder.api.openstack.wsgi [None req-69dbb698-bb71-4f9b-a19e-27d8478122a4 886f4972891641ffb38996ec7b0ba0c1 8e15068815f5478cab23f85ee2e472db - - default default] GET http://cinder-api.openstack.svc.cluster.local:8776/v3/8e15068815f5478cab23f85ee2e472db/os-quota-sets/725aa061172a40bc83fefe79d7a76401?usage=true
2026-06-10 02:37:14.385 7 INFO cinder.api.openstack.wsgi [None req-69dbb698-bb71-4f9b-a19e-27d8478122a4 886f4972891641ffb38996ec7b0ba0c1 8e15068815f5478cab23f85ee2e472db - - default default] http://cinder-api.openstack.svc.cluster.local:8776/v3/8e15068815f5478cab23f85ee2e472db/os-quota-sets/725aa061172a40bc83fefe79d7a76401?usage=true returned with HTTP 200 [pid: 7|app: 0|req: 481/951] 10.0.0.186 () {28 vars in 736 bytes} [Wed Jun 10 02:37:14 2026] GET /v3/8e15068815f5478cab23f85ee2e472db/os-quota-sets/725aa061172a40bc83fefe79d7a76401?usage=true => generated 847 bytes in 31 msecs (HTTP/1.1 200) 7 headers in 285 bytes (1 switches on core 0)
2026-06-10 02:37:14.398 7 INFO cinder.api.openstack.wsgi [None req-5d589055-3e67-4f2c-8e2b-13def4e79c06 886f4972891641ffb38996ec7b0ba0c1 8e15068815f5478cab23f85ee2e472db - - default default] GET http://cinder-api.openstack.svc.cluster.local:8776/v3/8e15068815f5478cab23f85ee2e472db/os-quota-sets/84ea4e65eb2f46a299e54d23d88445e7?usage=true
2026-06-10 02:37:14.429 7 INFO cinder.api.openstack.wsgi [None req-5d589055-3e67-4f2c-8e2b-13def4e79c06 886f4972891641ffb38996ec7b0ba0c1 8e15068815f5478cab23f85ee2e472db - - default default] http://cinder-api.openstack.svc.cluster.local:8776/v3/8e15068815f5478cab23f85ee2e472db/os-quota-sets/84ea4e65eb2f46a299e54d23d88445e7?usage=true returned with HTTP 200 [pid: 7|app: 0|req: 482/952] 10.0.0.186 () {28 vars in 736 bytes} [Wed Jun 10 02:37:14 2026] GET /v3/8e15068815f5478cab23f85ee2e472db/os-quota-sets/84ea4e65eb2f46a299e54d23d88445e7?usage=true => generated 847 bytes in 40 msecs (HTTP/1.1 200) 7 headers in 285 bytes (1 switches on core 0)
2026-06-10 02:37:14.437 8 INFO cinder.volume.api [None req-12d3e5c9-d8b3-4c61-b0e0-56a96e633204 886f4972891641ffb38996ec7b0ba0c1 8e15068815f5478cab23f85ee2e472db - - default default] Create volume request issued successfully.
2026-06-10 02:37:14.438 8 INFO cinder.api.openstack.wsgi [None req-12d3e5c9-d8b3-4c61-b0e0-56a96e633204 886f4972891641ffb38996ec7b0ba0c1 8e15068815f5478cab23f85ee2e472db - - default default] http://cinder-api.openstack.svc.cluster.local:8776/v3/8e15068815f5478cab23f85ee2e472db/volumes returned with HTTP 202 [pid: 8|app: 0|req: 471/953] 199.204.45.65 () {34 vars in 733 bytes} [Wed Jun 10 02:37:14 2026] POST /v3/8e15068815f5478cab23f85ee2e472db/volumes => generated 846 bytes in 364 msecs (HTTP/1.1 202) 7 headers in 291 bytes (1 switches on core 0)
2026-06-10 02:37:14.444 7 INFO cinder.api.openstack.wsgi [None req-0f1681ea-fffd-44bc-b262-a3953dba4d64 886f4972891641ffb38996ec7b0ba0c1 8e15068815f5478cab23f85ee2e472db - - default default] GET http://cinder-api.openstack.svc.cluster.local:8776/v3/8e15068815f5478cab23f85ee2e472db/os-quota-sets/8e15068815f5478cab23f85ee2e472db?usage=true /var/lib/openstack/lib/python3.10/site-packages/pycadf/identifier.py:71: UserWarning: Invalid uuid: cinderv3. To ensure interoperability, identifiers should be a valid uuid. warnings.warn(('Invalid uuid: %s. To ensure interoperability, '
2026-06-10 02:37:14.453 8 INFO cinder.api.openstack.wsgi [req-12d3e5c9-d8b3-4c61-b0e0-56a96e633204 req-671215d0-c077-4374-90f7-0f76e7306e76 886f4972891641ffb38996ec7b0ba0c1 8e15068815f5478cab23f85ee2e472db - - default default] GET http://cinder-api.openstack.svc.cluster.local:8776/v3/8e15068815f5478cab23f85ee2e472db/volumes/41e47c1f-df98-44ab-a765-685dbf5875db /var/lib/openstack/lib/python3.10/site-packages/oslo_context/context.py:100: DeprecationWarning: Policy enforcement is depending on the value of is_admin. This key is deprecated. Please update your policy file to use the standard policy values. warnings.warn('Policy enforcement is depending on the value of '
2026-06-10 02:37:14.468 8 INFO cinder.volume.api [req-12d3e5c9-d8b3-4c61-b0e0-56a96e633204 req-671215d0-c077-4374-90f7-0f76e7306e76 886f4972891641ffb38996ec7b0ba0c1 8e15068815f5478cab23f85ee2e472db - - default default] Volume info retrieved successfully.
2026-06-10 02:37:14.475 8 INFO cinder.api.openstack.wsgi [req-12d3e5c9-d8b3-4c61-b0e0-56a96e633204 req-671215d0-c077-4374-90f7-0f76e7306e76 886f4972891641ffb38996ec7b0ba0c1 8e15068815f5478cab23f85ee2e472db - - default default] http://cinder-api.openstack.svc.cluster.local:8776/v3/8e15068815f5478cab23f85ee2e472db/volumes/41e47c1f-df98-44ab-a765-685dbf5875db returned with HTTP 200
2026-06-10 02:37:14.476 7 INFO cinder.api.openstack.wsgi [None req-0f1681ea-fffd-44bc-b262-a3953dba4d64 886f4972891641ffb38996ec7b0ba0c1 8e15068815f5478cab23f85ee2e472db - - default default] http://cinder-api.openstack.svc.cluster.local:8776/v3/8e15068815f5478cab23f85ee2e472db/os-quota-sets/8e15068815f5478cab23f85ee2e472db?usage=true returned with HTTP 200 [pid: 8|app: 0|req: 472/954] 199.204.45.65 () {32 vars in 824 bytes} [Wed Jun 10 02:37:14 2026] GET /v3/8e15068815f5478cab23f85ee2e472db/volumes/41e47c1f-df98-44ab-a765-685dbf5875db => generated 1025 bytes in 28 msecs (HTTP/1.1 200) 7 headers in 286 bytes (1 switches on core 0) [pid: 7|app: 0|req: 483/955] 10.0.0.186 () {28 vars in 736 bytes} [Wed Jun 10 02:37:14 2026] GET /v3/8e15068815f5478cab23f85ee2e472db/os-quota-sets/8e15068815f5478cab23f85ee2e472db?usage=true => generated 847 bytes in 40 msecs (HTTP/1.1 200) 7 headers in 285 bytes (1 switches on core 0) /var/lib/openstack/lib/python3.10/site-packages/pycadf/identifier.py:71: UserWarning: Invalid uuid: cinderv3. To ensure interoperability, identifiers should be a valid uuid. warnings.warn(('Invalid uuid: %s. To ensure interoperability, '
2026-06-10 02:37:14.489 8 INFO cinder.api.openstack.wsgi [None req-c6ce5fd9-ecbc-46c6-961d-c0f765ab69d0 886f4972891641ffb38996ec7b0ba0c1 8e15068815f5478cab23f85ee2e472db - - default default] GET http://cinder-api.openstack.svc.cluster.local:8776/v3/8e15068815f5478cab23f85ee2e472db/os-quota-sets/9df370304c0a41729986c5c980c1997f?usage=true
2026-06-10 02:37:14.512 8 INFO cinder.api.openstack.wsgi [None req-c6ce5fd9-ecbc-46c6-961d-c0f765ab69d0 886f4972891641ffb38996ec7b0ba0c1 8e15068815f5478cab23f85ee2e472db - - default default] http://cinder-api.openstack.svc.cluster.local:8776/v3/8e15068815f5478cab23f85ee2e472db/os-quota-sets/9df370304c0a41729986c5c980c1997f?usage=true returned with HTTP 200 [pid: 8|app: 0|req: 473/956] 10.0.0.186 () {28 vars in 736 bytes} [Wed Jun 10 02:37:14 2026] GET /v3/8e15068815f5478cab23f85ee2e472db/os-quota-sets/9df370304c0a41729986c5c980c1997f?usage=true => generated 847 bytes in 29 msecs (HTTP/1.1 200) 7 headers in 285 bytes (1 switches on core 0)
2026-06-10 02:37:14.529 7 INFO cinder.api.openstack.wsgi [None req-70385b4e-4e65-48c2-89fd-a688eb69fd9a 886f4972891641ffb38996ec7b0ba0c1 8e15068815f5478cab23f85ee2e472db - - default default] GET http://cinder-api.openstack.svc.cluster.local:8776/v3/8e15068815f5478cab23f85ee2e472db/os-quota-sets/b8a931f97d9d4b98b1698037e2f90078?usage=true
2026-06-10 02:37:14.552 8 INFO cinder.api.openstack.wsgi [None req-c6ce5fd9-ecbc-46c6-961d-c0f765ab69d0 886f4972891641ffb38996ec7b0ba0c1 8e15068815f5478cab23f85ee2e472db - - default default] GET http://10.0.0.106:8776/
2026-06-10 02:37:14.553 8 INFO cinder.api.openstack.wsgi [None req-c6ce5fd9-ecbc-46c6-961d-c0f765ab69d0 886f4972891641ffb38996ec7b0ba0c1 8e15068815f5478cab23f85ee2e472db - - default default] http://10.0.0.106:8776/ returned with HTTP 300
2026-06-10 02:37:14.554 8 INFO cinder.api.openstack.wsgi [None req-c6ce5fd9-ecbc-46c6-961d-c0f765ab69d0 886f4972891641ffb38996ec7b0ba0c1 8e15068815f5478cab23f85ee2e472db - - default default] GET http://10.0.0.106:8776/
2026-06-10 02:37:14.555 8 INFO cinder.api.openstack.wsgi [None req-c6ce5fd9-ecbc-46c6-961d-c0f765ab69d0 886f4972891641ffb38996ec7b0ba0c1 8e15068815f5478cab23f85ee2e472db - - default default] http://10.0.0.106:8776/ returned with HTTP 300
2026-06-10 02:37:14.570 7 INFO cinder.api.openstack.wsgi [None req-70385b4e-4e65-48c2-89fd-a688eb69fd9a 886f4972891641ffb38996ec7b0ba0c1 8e15068815f5478cab23f85ee2e472db - - default default] http://cinder-api.openstack.svc.cluster.local:8776/v3/8e15068815f5478cab23f85ee2e472db/os-quota-sets/b8a931f97d9d4b98b1698037e2f90078?usage=true returned with HTTP 200 [pid: 7|app: 0|req: 484/959] 10.0.0.186 () {28 vars in 736 bytes} [Wed Jun 10 02:37:14 2026] GET /v3/8e15068815f5478cab23f85ee2e472db/os-quota-sets/b8a931f97d9d4b98b1698037e2f90078?usage=true => generated 847 bytes in 51 msecs (HTTP/1.1 200) 7 headers in 285 bytes (1 switches on core 0)
2026-06-10 02:37:14.581 8 INFO cinder.api.openstack.wsgi [None req-1a9b4bd8-7ac7-4a5f-a181-3627e37bfb87 886f4972891641ffb38996ec7b0ba0c1 8e15068815f5478cab23f85ee2e472db - - default default] GET http://cinder-api.openstack.svc.cluster.local:8776/v3/8e15068815f5478cab23f85ee2e472db/os-quota-sets/ebc8c51c093846aeafcb1dc298675763?usage=true
2026-06-10 02:37:14.604 8 INFO cinder.api.openstack.wsgi [None req-1a9b4bd8-7ac7-4a5f-a181-3627e37bfb87 886f4972891641ffb38996ec7b0ba0c1 8e15068815f5478cab23f85ee2e472db - - default default] http://cinder-api.openstack.svc.cluster.local:8776/v3/8e15068815f5478cab23f85ee2e472db/os-quota-sets/ebc8c51c093846aeafcb1dc298675763?usage=true returned with HTTP 200 [pid: 8|app: 0|req: 476/960] 10.0.0.186 () {28 vars in 736 bytes} [Wed Jun 10 02:37:14 2026] GET /v3/8e15068815f5478cab23f85ee2e472db/os-quota-sets/ebc8c51c093846aeafcb1dc298675763?usage=true => generated 847 bytes in 30 msecs (HTTP/1.1 200) 7 headers in 285 bytes (1 switches on core 0)
2026-06-10 02:37:14.615 7 INFO cinder.api.openstack.wsgi [None req-6febce4f-7173-422a-8eb1-387e49f9aa76 886f4972891641ffb38996ec7b0ba0c1 8e15068815f5478cab23f85ee2e472db - - default default] GET http://cinder-api.openstack.svc.cluster.local:8776/v3/8e15068815f5478cab23f85ee2e472db/volumes/detail?all_tenants=true
2026-06-10 02:37:14.626 7 INFO cinder.volume.api [None req-6febce4f-7173-422a-8eb1-387e49f9aa76 886f4972891641ffb38996ec7b0ba0c1 8e15068815f5478cab23f85ee2e472db - - default default] Get all volumes completed successfully. /var/lib/openstack/lib/python3.10/site-packages/oslo_context/context.py:100: DeprecationWarning: Policy enforcement is depending on the value of is_admin. This key is deprecated. Please update your policy file to use the standard policy values. warnings.warn('Policy enforcement is depending on the value of '
2026-06-10 02:37:14.632 7 INFO cinder.api.openstack.wsgi [None req-6febce4f-7173-422a-8eb1-387e49f9aa76 886f4972891641ffb38996ec7b0ba0c1 8e15068815f5478cab23f85ee2e472db - - default default] http://cinder-api.openstack.svc.cluster.local:8776/v3/8e15068815f5478cab23f85ee2e472db/volumes/detail?all_tenants=true returned with HTTP 200 [pid: 7|app: 0|req: 485/961] 10.0.0.186 () {28 vars in 684 bytes} [Wed Jun 10 02:37:14 2026] GET /v3/8e15068815f5478cab23f85ee2e472db/volumes/detail?all_tenants=true => generated 1080 bytes in 23 msecs (HTTP/1.1 200) 7 headers in 286 bytes (1 switches on core 0)
2026-06-10 02:37:14.644 8 INFO cinder.api.openstack.wsgi [None req-09def4aa-ae76-4339-a14b-728c01461c48 886f4972891641ffb38996ec7b0ba0c1 8e15068815f5478cab23f85ee2e472db - - default default] GET http://cinder-api.openstack.svc.cluster.local:8776/v3/8e15068815f5478cab23f85ee2e472db/volumes/detail?all_tenants=true
2026-06-10 02:37:14.658 8 INFO cinder.volume.api [None req-09def4aa-ae76-4339-a14b-728c01461c48 886f4972891641ffb38996ec7b0ba0c1 8e15068815f5478cab23f85ee2e472db - - default default] Get all volumes completed successfully. /var/lib/openstack/lib/python3.10/site-packages/oslo_context/context.py:100: DeprecationWarning: Policy enforcement is depending on the value of is_admin. This key is deprecated. Please update your policy file to use the standard policy values. warnings.warn('Policy enforcement is depending on the value of '
2026-06-10 02:37:14.666 8 INFO cinder.api.openstack.wsgi [None req-09def4aa-ae76-4339-a14b-728c01461c48 886f4972891641ffb38996ec7b0ba0c1 8e15068815f5478cab23f85ee2e472db - - default default] http://cinder-api.openstack.svc.cluster.local:8776/v3/8e15068815f5478cab23f85ee2e472db/volumes/detail?all_tenants=true returned with HTTP 200 [pid: 8|app: 0|req: 477/962] 10.0.0.186 () {28 vars in 684 bytes} [Wed Jun 10 02:37:14 2026] GET /v3/8e15068815f5478cab23f85ee2e472db/volumes/detail?all_tenants=true => generated 1080 bytes in 31 msecs (HTTP/1.1 200) 7 headers in 286 bytes (1 switches on core 0) /var/lib/openstack/lib/python3.10/site-packages/pycadf/identifier.py:71: UserWarning: Invalid uuid: cinderv3. To ensure interoperability, identifiers should be a valid uuid. warnings.warn(('Invalid uuid: %s. To ensure interoperability, '
2026-06-10 02:37:14.676 7 INFO cinder.api.openstack.wsgi [None req-8a0678ee-48ff-44ca-92d2-fdd33068c3a9 886f4972891641ffb38996ec7b0ba0c1 8e15068815f5478cab23f85ee2e472db - - default default] GET http://cinder-api.openstack.svc.cluster.local:8776/v3/8e15068815f5478cab23f85ee2e472db/snapshots?all_tenants=true
2026-06-10 02:37:14.684 7 INFO cinder.volume.api [None req-8a0678ee-48ff-44ca-92d2-fdd33068c3a9 886f4972891641ffb38996ec7b0ba0c1 8e15068815f5478cab23f85ee2e472db - - default default] Get all snapshots completed successfully.
2026-06-10 02:37:14.685 7 INFO cinder.api.openstack.wsgi [None req-8a0678ee-48ff-44ca-92d2-fdd33068c3a9 886f4972891641ffb38996ec7b0ba0c1 8e15068815f5478cab23f85ee2e472db - - default default] http://cinder-api.openstack.svc.cluster.local:8776/v3/8e15068815f5478cab23f85ee2e472db/snapshots?all_tenants=true returned with HTTP 200 [pid: 7|app: 0|req: 486/963] 10.0.0.186 () {28 vars in 674 bytes} [Wed Jun 10 02:37:14 2026] GET /v3/8e15068815f5478cab23f85ee2e472db/snapshots?all_tenants=true => generated 17 bytes in 15 msecs (HTTP/1.1 200) 7 headers in 284 bytes (1 switches on core 0) /var/lib/openstack/lib/python3.10/site-packages/pycadf/identifier.py:71: UserWarning: Invalid uuid: cinderv3. To ensure interoperability, identifiers should be a valid uuid. warnings.warn(('Invalid uuid: %s. To ensure interoperability, '
2026-06-10 02:37:14.699 8 INFO cinder.api.openstack.wsgi [None req-6bfa9a0f-3995-4592-b880-1f4bacfffd1e 886f4972891641ffb38996ec7b0ba0c1 8e15068815f5478cab23f85ee2e472db - - default default] GET http://cinder-api.openstack.svc.cluster.local:8776/v3/8e15068815f5478cab23f85ee2e472db/os-services
2026-06-10 02:37:14.704 8 INFO cinder.api.openstack.wsgi [None req-6bfa9a0f-3995-4592-b880-1f4bacfffd1e 886f4972891641ffb38996ec7b0ba0c1 8e15068815f5478cab23f85ee2e472db - - default default] http://cinder-api.openstack.svc.cluster.local:8776/v3/8e15068815f5478cab23f85ee2e472db/os-services returned with HTTP 200 [pid: 8|app: 0|req: 478/964] 10.0.0.186 () {28 vars in 645 bytes} [Wed Jun 10 02:37:14 2026] GET /v3/8e15068815f5478cab23f85ee2e472db/os-services => generated 646 bytes in 15 msecs (HTTP/1.1 200) 7 headers in 285 bytes (1 switches on core 0)
2026-06-10 02:37:19.492 7 INFO cinder.api.openstack.wsgi [req-12d3e5c9-d8b3-4c61-b0e0-56a96e633204 req-fdad4449-01b8-478c-84e6-2bf60d2b944d 886f4972891641ffb38996ec7b0ba0c1 8e15068815f5478cab23f85ee2e472db - - default default] GET http://cinder-api.openstack.svc.cluster.local:8776/v3/8e15068815f5478cab23f85ee2e472db/volumes/41e47c1f-df98-44ab-a765-685dbf5875db /var/lib/openstack/lib/python3.10/site-packages/oslo_context/context.py:100: DeprecationWarning: Policy enforcement is depending on the value of is_admin. This key is deprecated. Please update your policy file to use the standard policy values. warnings.warn('Policy enforcement is depending on the value of '
2026-06-10 02:37:19.524 7 INFO cinder.volume.api [req-12d3e5c9-d8b3-4c61-b0e0-56a96e633204 req-fdad4449-01b8-478c-84e6-2bf60d2b944d 886f4972891641ffb38996ec7b0ba0c1 8e15068815f5478cab23f85ee2e472db - - default default] Volume info retrieved successfully.
2026-06-10 02:37:19.529 7 INFO cinder.api.openstack.wsgi [req-12d3e5c9-d8b3-4c61-b0e0-56a96e633204 req-fdad4449-01b8-478c-84e6-2bf60d2b944d 886f4972891641ffb38996ec7b0ba0c1 8e15068815f5478cab23f85ee2e472db - - default default] http://cinder-api.openstack.svc.cluster.local:8776/v3/8e15068815f5478cab23f85ee2e472db/volumes/41e47c1f-df98-44ab-a765-685dbf5875db returned with HTTP 200 [pid: 7|app: 0|req: 487/965] 199.204.45.65 () {32 vars in 824 bytes} [Wed Jun 10 02:37:19 2026] GET /v3/8e15068815f5478cab23f85ee2e472db/volumes/41e47c1f-df98-44ab-a765-685dbf5875db => generated 1675 bytes in 41 msecs (HTTP/1.1 200) 7 headers in 286 bytes (1 switches on core 0)
2026-06-10 02:37:20.248 8 INFO cinder.api.openstack.wsgi [req-e02f1ec2-5970-449f-b95d-94c9dc465717 req-e27047fa-67ee-415d-9011-93d71a9f8de7 886f4972891641ffb38996ec7b0ba0c1 8e15068815f5478cab23f85ee2e472db - - default default] GET http://cinder-api.openstack.svc.cluster.local:8776/v3/8e15068815f5478cab23f85ee2e472db/volumes/41e47c1f-df98-44ab-a765-685dbf5875db /var/lib/openstack/lib/python3.10/site-packages/oslo_context/context.py:100: DeprecationWarning: Policy enforcement is depending on the value of is_admin. This key is deprecated. Please update your policy file to use the standard policy values. warnings.warn('Policy enforcement is depending on the value of '
2026-06-10 02:37:20.262 8 INFO cinder.volume.api [req-e02f1ec2-5970-449f-b95d-94c9dc465717 req-e27047fa-67ee-415d-9011-93d71a9f8de7 886f4972891641ffb38996ec7b0ba0c1 8e15068815f5478cab23f85ee2e472db - - default default] Volume info retrieved successfully.
2026-06-10 02:37:20.268 8 INFO cinder.api.openstack.wsgi [req-e02f1ec2-5970-449f-b95d-94c9dc465717 req-e27047fa-67ee-415d-9011-93d71a9f8de7 886f4972891641ffb38996ec7b0ba0c1 8e15068815f5478cab23f85ee2e472db - - default default] http://cinder-api.openstack.svc.cluster.local:8776/v3/8e15068815f5478cab23f85ee2e472db/volumes/41e47c1f-df98-44ab-a765-685dbf5875db returned with HTTP 200 [pid: 8|app: 0|req: 479/966] 10.0.0.187 () {34 vars in 1028 bytes} [Wed Jun 10 02:37:20 2026] GET /v3/8e15068815f5478cab23f85ee2e472db/volumes/41e47c1f-df98-44ab-a765-685dbf5875db => generated 1675 bytes in 27 msecs (HTTP/1.1 200) 7 headers in 286 bytes (1 switches on core 0) /var/lib/openstack/lib/python3.10/site-packages/pycadf/identifier.py:71: UserWarning: Invalid uuid: cinderv3. To ensure interoperability, identifiers should be a valid uuid. warnings.warn(('Invalid uuid: %s. To ensure interoperability, '
2026-06-10 02:37:20.791 7 INFO cinder.api.openstack.wsgi [req-e02f1ec2-5970-449f-b95d-94c9dc465717 req-60f4ea3e-6397-4bb9-80e6-779fb6d37606 886f4972891641ffb38996ec7b0ba0c1 8e15068815f5478cab23f85ee2e472db - - default default] GET http://cinder-api.openstack.svc.cluster.local:8776/v3/8e15068815f5478cab23f85ee2e472db/volumes/41e47c1f-df98-44ab-a765-685dbf5875db /var/lib/openstack/lib/python3.10/site-packages/oslo_context/context.py:100: DeprecationWarning: Policy enforcement is depending on the value of is_admin. This key is deprecated. Please update your policy file to use the standard policy values. warnings.warn('Policy enforcement is depending on the value of '
2026-06-10 02:37:20.811 7 INFO cinder.volume.api [req-e02f1ec2-5970-449f-b95d-94c9dc465717 req-60f4ea3e-6397-4bb9-80e6-779fb6d37606 886f4972891641ffb38996ec7b0ba0c1 8e15068815f5478cab23f85ee2e472db - - default default] Volume info retrieved successfully.
2026-06-10 02:37:20.818 7 INFO cinder.api.openstack.wsgi [req-e02f1ec2-5970-449f-b95d-94c9dc465717 req-60f4ea3e-6397-4bb9-80e6-779fb6d37606 886f4972891641ffb38996ec7b0ba0c1 8e15068815f5478cab23f85ee2e472db - - default default] http://cinder-api.openstack.svc.cluster.local:8776/v3/8e15068815f5478cab23f85ee2e472db/volumes/41e47c1f-df98-44ab-a765-685dbf5875db returned with HTTP 200 [pid: 7|app: 0|req: 488/967] 10.0.0.187 () {34 vars in 1028 bytes} [Wed Jun 10 02:37:20 2026] GET /v3/8e15068815f5478cab23f85ee2e472db/volumes/41e47c1f-df98-44ab-a765-685dbf5875db => generated 1675 bytes in 34 msecs (HTTP/1.1 200) 7 headers in 286 bytes (1 switches on core 0)
2026-06-10 02:37:20.829 8 INFO cinder.api.openstack.wsgi [req-e02f1ec2-5970-449f-b95d-94c9dc465717 req-e27047fa-67ee-415d-9011-93d71a9f8de7 886f4972891641ffb38996ec7b0ba0c1 8e15068815f5478cab23f85ee2e472db - - default default] GET http://cinder-api.openstack.svc.cluster.local:8776/
2026-06-10 02:37:20.830 8 INFO cinder.api.openstack.wsgi [req-e02f1ec2-5970-449f-b95d-94c9dc465717 req-e27047fa-67ee-415d-9011-93d71a9f8de7 886f4972891641ffb38996ec7b0ba0c1 8e15068815f5478cab23f85ee2e472db - - default default] http://cinder-api.openstack.svc.cluster.local:8776/ returned with HTTP 300 [pid: 8|app: 0|req: 480/968] 10.0.0.187 () {32 vars in 829 bytes} [Wed Jun 10 02:37:20 2026] GET / => generated 411 bytes in 1 msecs (HTTP/1.1 300) 5 headers in 169 bytes (1 switches on core 0) /var/lib/openstack/lib/python3.10/site-packages/pycadf/identifier.py:71: UserWarning: Invalid uuid: cinderv3. To ensure interoperability, identifiers should be a valid uuid. warnings.warn(('Invalid uuid: %s. To ensure interoperability, '
2026-06-10 02:37:20.842 7 INFO cinder.api.openstack.wsgi [req-e02f1ec2-5970-449f-b95d-94c9dc465717 req-2bbfeb7c-6613-4238-b0e0-cfb3c099d8e9 886f4972891641ffb38996ec7b0ba0c1 8e15068815f5478cab23f85ee2e472db - - default default] POST http://cinder-api.openstack.svc.cluster.local:8776/v3/8e15068815f5478cab23f85ee2e472db/attachments /var/lib/openstack/lib/python3.10/site-packages/oslo_context/context.py:100: DeprecationWarning: Policy enforcement is depending on the value of is_admin. This key is deprecated. Please update your policy file to use the standard policy values. warnings.warn('Policy enforcement is depending on the value of '
2026-06-10 02:37:20.894 7 INFO cinder.api.openstack.wsgi [req-e02f1ec2-5970-449f-b95d-94c9dc465717 req-2bbfeb7c-6613-4238-b0e0-cfb3c099d8e9 886f4972891641ffb38996ec7b0ba0c1 8e15068815f5478cab23f85ee2e472db - - default default] http://cinder-api.openstack.svc.cluster.local:8776/v3/8e15068815f5478cab23f85ee2e472db/attachments returned with HTTP 200 [pid: 7|app: 0|req: 489/969] 10.0.0.187 () {40 vars in 1057 bytes} [Wed Jun 10 02:37:20 2026] POST /v3/8e15068815f5478cab23f85ee2e472db/attachments => generated 273 bytes in 61 msecs (HTTP/1.1 200) 7 headers in 286 bytes (1 switches on core 0) /var/lib/openstack/lib/python3.10/site-packages/pycadf/identifier.py:71: UserWarning: Invalid uuid: cinderv3. To ensure interoperability, identifiers should be a valid uuid. warnings.warn(('Invalid uuid: %s. To ensure interoperability, '
2026-06-10 02:37:21.410 8 INFO cinder.api.openstack.wsgi [req-12d3e5c9-d8b3-4c61-b0e0-56a96e633204 req-38b10be9-893f-4927-a2a8-39b5085e7b7b 886f4972891641ffb38996ec7b0ba0c1 8e15068815f5478cab23f85ee2e472db - - default default] GET http://cinder-api.openstack.svc.cluster.local:8776/v3/8e15068815f5478cab23f85ee2e472db/volumes/41e47c1f-df98-44ab-a765-685dbf5875db /var/lib/openstack/lib/python3.10/site-packages/oslo_context/context.py:100: DeprecationWarning: Policy enforcement is depending on the value of is_admin. This key is deprecated. Please update your policy file to use the standard policy values. warnings.warn('Policy enforcement is depending on the value of '
2026-06-10 02:37:21.450 8 INFO cinder.volume.api [req-12d3e5c9-d8b3-4c61-b0e0-56a96e633204 req-38b10be9-893f-4927-a2a8-39b5085e7b7b 886f4972891641ffb38996ec7b0ba0c1 8e15068815f5478cab23f85ee2e472db - - default default] Volume info retrieved successfully.
2026-06-10 02:37:21.459 8 INFO cinder.api.openstack.wsgi [req-12d3e5c9-d8b3-4c61-b0e0-56a96e633204 req-38b10be9-893f-4927-a2a8-39b5085e7b7b 886f4972891641ffb38996ec7b0ba0c1 8e15068815f5478cab23f85ee2e472db - - default default] http://cinder-api.openstack.svc.cluster.local:8776/v3/8e15068815f5478cab23f85ee2e472db/volumes/41e47c1f-df98-44ab-a765-685dbf5875db returned with HTTP 200 [pid: 8|app: 0|req: 481/970] 199.204.45.65 () {32 vars in 824 bytes} [Wed Jun 10 02:37:21 2026] GET /v3/8e15068815f5478cab23f85ee2e472db/volumes/41e47c1f-df98-44ab-a765-685dbf5875db => generated 1674 bytes in 57 msecs (HTTP/1.1 200) 7 headers in 286 bytes (1 switches on core 0)
2026-06-10 02:37:21.924 7 INFO cinder.api.openstack.wsgi [req-e02f1ec2-5970-449f-b95d-94c9dc465717 req-2bbfeb7c-6613-4238-b0e0-cfb3c099d8e9 886f4972891641ffb38996ec7b0ba0c1 8e15068815f5478cab23f85ee2e472db - - default default] GET http://cinder-api.openstack.svc.cluster.local:8776/
2026-06-10 02:37:21.925 7 INFO cinder.api.openstack.wsgi [req-e02f1ec2-5970-449f-b95d-94c9dc465717 req-2bbfeb7c-6613-4238-b0e0-cfb3c099d8e9 886f4972891641ffb38996ec7b0ba0c1 8e15068815f5478cab23f85ee2e472db - - default default] http://cinder-api.openstack.svc.cluster.local:8776/ returned with HTTP 300 [pid: 7|app: 0|req: 490/971] 199.204.45.65 () {32 vars in 839 bytes} [Wed Jun 10 02:37:21 2026] GET / => generated 411 bytes in 2 msecs (HTTP/1.1 300) 5 headers in 169 bytes (1 switches on core 0) /var/lib/openstack/lib/python3.10/site-packages/pycadf/identifier.py:71: UserWarning: Invalid uuid: cinderv3. To ensure interoperability, identifiers should be a valid uuid. warnings.warn(('Invalid uuid: %s. To ensure interoperability, '
2026-06-10 02:37:21.936 8 INFO cinder.api.openstack.wsgi [req-e02f1ec2-5970-449f-b95d-94c9dc465717 req-52162ce0-5909-42bc-8b25-94cb4c2c0920 886f4972891641ffb38996ec7b0ba0c1 8e15068815f5478cab23f85ee2e472db - - default default] GET http://cinder-api.openstack.svc.cluster.local:8776/v3/8e15068815f5478cab23f85ee2e472db/volumes/41e47c1f-df98-44ab-a765-685dbf5875db /var/lib/openstack/lib/python3.10/site-packages/oslo_context/context.py:100: DeprecationWarning: Policy enforcement is depending on the value of is_admin. This key is deprecated. Please update your policy file to use the standard policy values. warnings.warn('Policy enforcement is depending on the value of '
2026-06-10 02:37:21.960 8 INFO cinder.volume.api [req-e02f1ec2-5970-449f-b95d-94c9dc465717 req-52162ce0-5909-42bc-8b25-94cb4c2c0920 886f4972891641ffb38996ec7b0ba0c1 8e15068815f5478cab23f85ee2e472db - - default default] Volume info retrieved successfully.
2026-06-10 02:37:21.967 8 INFO cinder.api.openstack.wsgi [req-e02f1ec2-5970-449f-b95d-94c9dc465717 req-52162ce0-5909-42bc-8b25-94cb4c2c0920 886f4972891641ffb38996ec7b0ba0c1 8e15068815f5478cab23f85ee2e472db - - default default] http://cinder-api.openstack.svc.cluster.local:8776/v3/8e15068815f5478cab23f85ee2e472db/volumes/41e47c1f-df98-44ab-a765-685dbf5875db returned with HTTP 200 [pid: 8|app: 0|req: 482/972] 199.204.45.65 () {36 vars in 1072 bytes} [Wed Jun 10 02:37:21 2026] GET /v3/8e15068815f5478cab23f85ee2e472db/volumes/41e47c1f-df98-44ab-a765-685dbf5875db => generated 1794 bytes in 38 msecs (HTTP/1.1 200) 7 headers in 287 bytes (1 switches on core 0) /var/lib/openstack/lib/python3.10/site-packages/pycadf/identifier.py:71: UserWarning: Invalid uuid: cinderv3. To ensure interoperability, identifiers should be a valid uuid. warnings.warn(('Invalid uuid: %s. To ensure interoperability, '
2026-06-10 02:37:22.039 7 INFO cinder.api.openstack.wsgi [req-e02f1ec2-5970-449f-b95d-94c9dc465717 req-d623743a-e848-404b-8a1a-bd7b197aa0e8 886f4972891641ffb38996ec7b0ba0c1 8e15068815f5478cab23f85ee2e472db - - default default] PUT http://cinder-api.openstack.svc.cluster.local:8776/v3/8e15068815f5478cab23f85ee2e472db/attachments/45c09f7b-bedc-40a1-973d-f20fc3c7444b /var/lib/openstack/lib/python3.10/site-packages/oslo_context/context.py:100: DeprecationWarning: Policy enforcement is depending on the value of is_admin. This key is deprecated. Please update your policy file to use the standard policy values. warnings.warn('Policy enforcement is depending on the value of '
2026-06-10 02:37:22.679 7 INFO cinder.api.openstack.wsgi [req-e02f1ec2-5970-449f-b95d-94c9dc465717 req-d623743a-e848-404b-8a1a-bd7b197aa0e8 886f4972891641ffb38996ec7b0ba0c1 8e15068815f5478cab23f85ee2e472db - - default default] http://cinder-api.openstack.svc.cluster.local:8776/v3/8e15068815f5478cab23f85ee2e472db/attachments/45c09f7b-bedc-40a1-973d-f20fc3c7444b returned with HTTP 200 [pid: 7|app: 0|req: 491/973] 199.204.45.65 () {40 vars in 1133 bytes} [Wed Jun 10 02:37:22 2026] PUT /v3/8e15068815f5478cab23f85ee2e472db/attachments/45c09f7b-bedc-40a1-973d-f20fc3c7444b => generated 775 bytes in 650 msecs (HTTP/1.1 200) 7 headers in 286 bytes (1 switches on core 0) /var/lib/openstack/lib/python3.10/site-packages/pycadf/identifier.py:71: UserWarning: Invalid uuid: cinderv3. To ensure interoperability, identifiers should be a valid uuid. warnings.warn(('Invalid uuid: %s. To ensure interoperability, '
2026-06-10 02:37:22.708 8 INFO cinder.api.openstack.wsgi [req-e02f1ec2-5970-449f-b95d-94c9dc465717 req-7774c2b4-360b-4bc1-b726-e954476632b5 886f4972891641ffb38996ec7b0ba0c1 8e15068815f5478cab23f85ee2e472db - - default default] POST http://cinder-api.openstack.svc.cluster.local:8776/v3/8e15068815f5478cab23f85ee2e472db/attachments/45c09f7b-bedc-40a1-973d-f20fc3c7444b/action /var/lib/openstack/lib/python3.10/site-packages/oslo_context/context.py:100: DeprecationWarning: Policy enforcement is depending on the value of is_admin. This key is deprecated. Please update your policy file to use the standard policy values. warnings.warn('Policy enforcement is depending on the value of '
2026-06-10 02:37:22.743 8 INFO cinder.api.openstack.wsgi [req-e02f1ec2-5970-449f-b95d-94c9dc465717 req-7774c2b4-360b-4bc1-b726-e954476632b5 886f4972891641ffb38996ec7b0ba0c1 8e15068815f5478cab23f85ee2e472db - - default default] http://cinder-api.openstack.svc.cluster.local:8776/v3/8e15068815f5478cab23f85ee2e472db/attachments/45c09f7b-bedc-40a1-973d-f20fc3c7444b/action returned with HTTP 204 [pid: 8|app: 0|req: 483/974] 199.204.45.65 () {40 vars in 1147 bytes} [Wed Jun 10 02:37:22 2026] POST /v3/8e15068815f5478cab23f85ee2e472db/attachments/45c09f7b-bedc-40a1-973d-f20fc3c7444b/action => generated 0 bytes in 42 msecs (HTTP/1.1 204) 7 headers in 292 bytes (1 switches on core 0) /var/lib/openstack/lib/python3.10/site-packages/pycadf/identifier.py:71: UserWarning: Invalid uuid: cinderv3. To ensure interoperability, identifiers should be a valid uuid. warnings.warn(('Invalid uuid: %s. To ensure interoperability, '
2026-06-10 02:37:24.500 7 INFO cinder.api.openstack.wsgi [req-12d3e5c9-d8b3-4c61-b0e0-56a96e633204 req-c300a6a3-bd83-4701-a7b1-df80b8ad7fbc 886f4972891641ffb38996ec7b0ba0c1 8e15068815f5478cab23f85ee2e472db - - default default] GET http://cinder-api.openstack.svc.cluster.local:8776/v3/8e15068815f5478cab23f85ee2e472db/volumes/41e47c1f-df98-44ab-a765-685dbf5875db /var/lib/openstack/lib/python3.10/site-packages/oslo_context/context.py:100: DeprecationWarning: Policy enforcement is depending on the value of is_admin. This key is deprecated. Please update your policy file to use the standard policy values. warnings.warn('Policy enforcement is depending on the value of '
2026-06-10 02:37:24.530 7 INFO cinder.volume.api [req-12d3e5c9-d8b3-4c61-b0e0-56a96e633204 req-c300a6a3-bd83-4701-a7b1-df80b8ad7fbc 886f4972891641ffb38996ec7b0ba0c1 8e15068815f5478cab23f85ee2e472db - - default default] Volume info retrieved successfully.
2026-06-10 02:37:24.544 7 INFO cinder.api.openstack.wsgi [req-12d3e5c9-d8b3-4c61-b0e0-56a96e633204 req-c300a6a3-bd83-4701-a7b1-df80b8ad7fbc 886f4972891641ffb38996ec7b0ba0c1 8e15068815f5478cab23f85ee2e472db - - default default] http://cinder-api.openstack.svc.cluster.local:8776/v3/8e15068815f5478cab23f85ee2e472db/volumes/41e47c1f-df98-44ab-a765-685dbf5875db returned with HTTP 200 [pid: 7|app: 0|req: 492/975] 199.204.45.65 () {32 vars in 824 bytes} [Wed Jun 10 02:37:24 2026] GET /v3/8e15068815f5478cab23f85ee2e472db/volumes/41e47c1f-df98-44ab-a765-685dbf5875db => generated 1973 bytes in 52 msecs (HTTP/1.1 200) 7 headers in 286 bytes (1 switches on core 0)
2026-06-10 02:37:24.552 7 INFO cinder.api.openstack.wsgi [req-12d3e5c9-d8b3-4c61-b0e0-56a96e633204 req-c300a6a3-bd83-4701-a7b1-df80b8ad7fbc 886f4972891641ffb38996ec7b0ba0c1 8e15068815f5478cab23f85ee2e472db - - default default] GET http://10.0.0.106:8776/
2026-06-10 02:37:24.552 8 INFO cinder.api.openstack.wsgi [req-e02f1ec2-5970-449f-b95d-94c9dc465717 req-7774c2b4-360b-4bc1-b726-e954476632b5 886f4972891641ffb38996ec7b0ba0c1 8e15068815f5478cab23f85ee2e472db - - default default] GET http://10.0.0.106:8776/
2026-06-10 02:37:24.553 8 INFO cinder.api.openstack.wsgi [req-e02f1ec2-5970-449f-b95d-94c9dc465717 req-7774c2b4-360b-4bc1-b726-e954476632b5 886f4972891641ffb38996ec7b0ba0c1 8e15068815f5478cab23f85ee2e472db - - default default] http://10.0.0.106:8776/ returned with HTTP 300
2026-06-10 02:37:24.553 7 INFO cinder.api.openstack.wsgi [req-12d3e5c9-d8b3-4c61-b0e0-56a96e633204 req-c300a6a3-bd83-4701-a7b1-df80b8ad7fbc 886f4972891641ffb38996ec7b0ba0c1 8e15068815f5478cab23f85ee2e472db - - default default] http://10.0.0.106:8776/ returned with HTTP 300 /var/lib/openstack/lib/python3.10/site-packages/pycadf/identifier.py:71: UserWarning: Invalid uuid: cinderv3. To ensure interoperability, identifiers should be a valid uuid. warnings.warn(('Invalid uuid: %s. To ensure interoperability, '
2026-06-10 02:37:27.610 8 INFO cinder.api.openstack.wsgi [req-12d3e5c9-d8b3-4c61-b0e0-56a96e633204 req-5daca873-bbfa-4da3-97e3-af1f6fa05155 886f4972891641ffb38996ec7b0ba0c1 8e15068815f5478cab23f85ee2e472db - - default default] GET http://cinder-api.openstack.svc.cluster.local:8776/v3/8e15068815f5478cab23f85ee2e472db/volumes/41e47c1f-df98-44ab-a765-685dbf5875db /var/lib/openstack/lib/python3.10/site-packages/oslo_context/context.py:100: DeprecationWarning: Policy enforcement is depending on the value of is_admin. This key is deprecated. Please update your policy file to use the standard policy values. warnings.warn('Policy enforcement is depending on the value of '
2026-06-10 02:37:27.634 8 INFO cinder.volume.api [req-12d3e5c9-d8b3-4c61-b0e0-56a96e633204 req-5daca873-bbfa-4da3-97e3-af1f6fa05155 886f4972891641ffb38996ec7b0ba0c1 8e15068815f5478cab23f85ee2e472db - - default default] Volume info retrieved successfully.
2026-06-10 02:37:27.646 8 INFO cinder.api.openstack.wsgi [req-12d3e5c9-d8b3-4c61-b0e0-56a96e633204 req-5daca873-bbfa-4da3-97e3-af1f6fa05155 886f4972891641ffb38996ec7b0ba0c1 8e15068815f5478cab23f85ee2e472db - - default default] http://cinder-api.openstack.svc.cluster.local:8776/v3/8e15068815f5478cab23f85ee2e472db/volumes/41e47c1f-df98-44ab-a765-685dbf5875db returned with HTTP 200 [pid: 8|app: 0|req: 485/978] 199.204.45.65 () {32 vars in 824 bytes} [Wed Jun 10 02:37:27 2026] GET /v3/8e15068815f5478cab23f85ee2e472db/volumes/41e47c1f-df98-44ab-a765-685dbf5875db => generated 1973 bytes in 47 msecs (HTTP/1.1 200) 7 headers in 286 bytes (1 switches on core 0)
2026-06-10 02:37:34.552 7 INFO cinder.api.openstack.wsgi [req-12d3e5c9-d8b3-4c61-b0e0-56a96e633204 req-c300a6a3-bd83-4701-a7b1-df80b8ad7fbc 886f4972891641ffb38996ec7b0ba0c1 8e15068815f5478cab23f85ee2e472db - - default default] GET http://10.0.0.106:8776/
