+ COMMAND=start + start + for KEYSTONE_WSGI_SCRIPT in keystone-wsgi-public ++ type -p keystone-wsgi-public + cp -a /var/lib/openstack/bin/keystone-wsgi-public /var/www/cgi-bin/keystone/ + '[' -f /etc/apache2/envvars ']' + source /etc/apache2/envvars ++ unset HOME ++ '[' '' '!=' '' ']' ++ SUFFIX= ++ export APACHE_RUN_USER=www-data ++ APACHE_RUN_USER=www-data ++ export APACHE_RUN_GROUP=www-data ++ APACHE_RUN_GROUP=www-data ++ export APACHE_PID_FILE=/var/run/apache2/apache2.pid ++ APACHE_PID_FILE=/var/run/apache2/apache2.pid ++ export APACHE_RUN_DIR=/var/run/apache2 ++ APACHE_RUN_DIR=/var/run/apache2 ++ export APACHE_LOCK_DIR=/var/lock/apache2 ++ APACHE_LOCK_DIR=/var/lock/apache2 ++ export APACHE_LOG_DIR=/var/log/apache2 ++ APACHE_LOG_DIR=/var/log/apache2 ++ export LANG=C ++ LANG=C ++ export LANG + '[' -f /var/run/apache2/apache2.pid ']' + exec apache2 -DFOREGROUND AH00558: apache2: Could not reliably determine the server's fully qualified domain name, using 10.0.0.89. Set the 'ServerName' directive globally to suppress this message AH00558: apache2: Could not reliably determine the server's fully qualified domain name, using 10.0.0.89. Set the 'ServerName' directive globally to suppress this message
[Mon Apr 13 17:25:42.073016 2026] [mpm_event:notice] [pid 1:tid 139821793859456] AH00489: Apache/2.4.58 (Ubuntu) mod_wsgi/5.0.0 Python/3.12 configured -- resuming normal operations
[Mon Apr 13 17:25:42.073157 2026] [core:notice] [pid 1:tid 139821793859456] AH00094: Command line: 'apache2 -D FOREGROUND'
[Mon Apr 13 17:26:23.565381 2026] [wsgi:error] [pid 11:tid 139821157086912] /var/lib/openstack/lib/python3.12/site-packages/oslo_utils/importutils.py:77: EventletDeprecationWarning:
[Mon Apr 13 17:26:23.565436 2026] [wsgi:error] [pid 11:tid 139821157086912] Eventlet is deprecated. It is currently being maintained in bugfix mode, and
[Mon Apr 13 17:26:23.565438 2026] [wsgi:error] [pid 11:tid 139821157086912] we strongly recommend against using it for new projects.
[Mon Apr 13 17:26:23.565439 2026] [wsgi:error] [pid 11:tid 139821157086912]
[Mon Apr 13 17:26:23.565440 2026] [wsgi:error] [pid 11:tid 139821157086912] If you are already using Eventlet, we recommend migrating to a different
[Mon Apr 13 17:26:23.565441 2026] [wsgi:error] [pid 11:tid 139821157086912] framework. For more detail see
[Mon Apr 13 17:26:23.565443 2026] [wsgi:error] [pid 11:tid 139821157086912] https://eventlet.readthedocs.io/en/latest/asyncio/migration.html
[Mon Apr 13 17:26:23.565444 2026] [wsgi:error] [pid 11:tid 139821157086912]
[Mon Apr 13 17:26:23.565445 2026] [wsgi:error] [pid 11:tid 139821157086912] __import__(import_str) 10.0.0.240 - - [13/Apr/2026:17:26:22 +0000] "GET /v3/ HTTP/1.1" 200 249
[Mon Apr 13 17:26:28.862854 2026] [wsgi:error] [pid 9:tid 139821157086912] /var/lib/openstack/lib/python3.12/site-packages/oslo_utils/importutils.py:77: EventletDeprecationWarning:
[Mon Apr 13 17:26:28.862893 2026] [wsgi:error] [pid 9:tid 139821157086912] Eventlet is deprecated. It is currently being maintained in bugfix mode, and
[Mon Apr 13 17:26:28.862895 2026] [wsgi:error] [pid 9:tid 139821157086912] we strongly recommend against using it for new projects.
[Mon Apr 13 17:26:28.862896 2026] [wsgi:error] [pid 9:tid 139821157086912]
[Mon Apr 13 17:26:28.862897 2026] [wsgi:error] [pid 9:tid 139821157086912] If you are already using Eventlet, we recommend migrating to a different
[Mon Apr 13 17:26:28.862899 2026] [wsgi:error] [pid 9:tid 139821157086912] framework. For more detail see
[Mon Apr 13 17:26:28.862900 2026] [wsgi:error] [pid 9:tid 139821157086912] https://eventlet.readthedocs.io/en/latest/asyncio/migration.html
[Mon Apr 13 17:26:28.862901 2026] [wsgi:error] [pid 9:tid 139821157086912]
[Mon Apr 13 17:26:28.862902 2026] [wsgi:error] [pid 9:tid 139821157086912] __import__(import_str) 10.0.0.240 - - [13/Apr/2026:17:26:28 +0000] "GET /v3/ HTTP/1.1" 200 249
[Mon Apr 13 17:26:36.691067 2026] [wsgi:error] [pid 10:tid 139821157086912] /var/lib/openstack/lib/python3.12/site-packages/oslo_utils/importutils.py:77: EventletDeprecationWarning:
[Mon Apr 13 17:26:36.691118 2026] [wsgi:error] [pid 10:tid 139821157086912] Eventlet is deprecated. It is currently being maintained in bugfix mode, and
[Mon Apr 13 17:26:36.691120 2026] [wsgi:error] [pid 10:tid 139821157086912] we strongly recommend against using it for new projects.
[Mon Apr 13 17:26:36.691121 2026] [wsgi:error] [pid 10:tid 139821157086912]
[Mon Apr 13 17:26:36.691122 2026] [wsgi:error] [pid 10:tid 139821157086912] If you are already using Eventlet, we recommend migrating to a different
[Mon Apr 13 17:26:36.691123 2026] [wsgi:error] [pid 10:tid 139821157086912] framework. For more detail see
[Mon Apr 13 17:26:36.691124 2026] [wsgi:error] [pid 10:tid 139821157086912] https://eventlet.readthedocs.io/en/latest/asyncio/migration.html
[Mon Apr 13 17:26:36.691125 2026] [wsgi:error] [pid 10:tid 139821157086912]
[Mon Apr 13 17:26:36.691126 2026] [wsgi:error] [pid 10:tid 139821157086912] __import__(import_str) 10.0.0.169 - - [13/Apr/2026:17:26:35 +0000] "GET / HTTP/1.1" 300 295
[Mon Apr 13 17:26:42.097950 2026] [wsgi:error] [pid 12:tid 139821157086912] /var/lib/openstack/lib/python3.12/site-packages/oslo_utils/importutils.py:77: EventletDeprecationWarning:
[Mon Apr 13 17:26:42.097987 2026] [wsgi:error] [pid 12:tid 139821157086912] Eventlet is deprecated. It is currently being maintained in bugfix mode, and
[Mon Apr 13 17:26:42.097989 2026] [wsgi:error] [pid 12:tid 139821157086912] we strongly recommend against using it for new projects.
[Mon Apr 13 17:26:42.097990 2026] [wsgi:error] [pid 12:tid 139821157086912]
[Mon Apr 13 17:26:42.097991 2026] [wsgi:error] [pid 12:tid 139821157086912] If you are already using Eventlet, we recommend migrating to a different
[Mon Apr 13 17:26:42.097992 2026] [wsgi:error] [pid 12:tid 139821157086912] framework. For more detail see
[Mon Apr 13 17:26:42.097993 2026] [wsgi:error] [pid 12:tid 139821157086912] https://eventlet.readthedocs.io/en/latest/asyncio/migration.html
[Mon Apr 13 17:26:42.097995 2026] [wsgi:error] [pid 12:tid 139821157086912]
[Mon Apr 13 17:26:42.097996 2026] [wsgi:error] [pid 12:tid 139821157086912] __import__(import_str)
[Mon Apr 13 17:26:46.848981 2026] [wsgi:error] [pid 12:tid 139821157086912] [remote 10.0.0.169:42324] 2026-04-13 17:26:46.845 12 WARNING keystone.identity.core [None req-fad76257-2a72-4067-b9ba-c4594133bd8a - - - - - -] Invalid domain name (atmosphere) found in config file name: keystone.exception.DomainNotFound: Could not find domain: atmosphere.
[Mon Apr 13 17:26:46.901595 2026] [wsgi:error] [pid 12:tid 139821157086912] [remote 10.0.0.169:42324] 2026-04-13 17:26:46.901 12 WARNING keystone.common.password_hashing [None req-fad76257-2a72-4067-b9ba-c4594133bd8a - - - - - -] Truncating password to algorithm specific maximum length 72 characters.
[Mon Apr 13 17:26:47.215199 2026] [wsgi:error] [pid 12:tid 139821157086912] [remote 10.0.0.169:42324] 2026-04-13 17:26:47.215 12 WARNING keystone.common.fernet_utils [None req-fad76257-2a72-4067-b9ba-c4594133bd8a - - - - - -] key_repository is world readable: /etc/keystone/fernet-keys/ 10.0.0.169 - - [13/Apr/2026:17:26:41 +0000] "POST /v3/auth/tokens HTTP/1.1" 201 1360
[Mon Apr 13 17:26:47.559801 2026] [wsgi:error] [pid 11:tid 139821157086912] [remote 10.0.0.169:42324] 2026-04-13 17:26:47.556 11 WARNING keystone.identity.core [None req-a619bd4b-6a66-436a-b523-883147be08c2 - - - - - -] Invalid domain name (atmosphere) found in config file name: keystone.exception.DomainNotFound: Could not find domain: atmosphere. 10.0.0.169 - - [13/Apr/2026:17:26:47 +0000] "POST /v3/domains HTTP/1.1" 201 261 10.0.0.43 - - [13/Apr/2026:17:26:58 +0000] "GET / HTTP/1.1" 300 295
[Mon Apr 13 17:26:58.361527 2026] [wsgi:error] [pid 9:tid 139821157086912] [remote 10.0.0.43:54422] 2026-04-13 17:26:58.361 9 WARNING keystone.common.password_hashing [None req-9b42f7ba-0aab-4362-bd75-e78a4b5a2048 - - - - - -] Truncating password to algorithm specific maximum length 72 characters.
[Mon Apr 13 17:26:58.630114 2026] [wsgi:error] [pid 9:tid 139821157086912] [remote 10.0.0.43:54422] 2026-04-13 17:26:58.629 9 WARNING keystone.common.fernet_utils [None req-9b42f7ba-0aab-4362-bd75-e78a4b5a2048 - - - - - -] key_repository is world readable: /etc/keystone/fernet-keys/ 10.0.0.43 - - [13/Apr/2026:17:26:58 +0000] "POST /v3/auth/tokens HTTP/1.1" 201 1360 10.0.0.43 - - [13/Apr/2026:17:26:58 +0000] "GET /v3/roles/admin HTTP/1.1" 404 83
[Mon Apr 13 17:26:59.354974 2026] [wsgi:error] [pid 12:tid 139821157086912] [remote 10.0.0.43:54422] 2026-04-13 17:26:59.354 12 WARNING keystone.common.rbac_enforcer.enforcer [None req-8f936ecc-81d1-4154-b33a-a426a738b34c f51f2bbaf3f34000bb8d50bd798e2ff7 6f8a5c559ca04f65834e11abdbaa99b9 - - default default] Deprecated policy rules found. Use oslopolicy-policy-generator and oslopolicy-policy-upgrade to detect and resolve deprecated policies in your configuration. 10.0.0.43 - - [13/Apr/2026:17:26:59 +0000] "GET /v3/roles?name=admin HTTP/1.1" 200 389
[Mon Apr 13 17:26:59.533706 2026] [wsgi:error] [pid 11:tid 139821157086912] [remote 10.0.0.43:54422] 2026-04-13 17:26:59.533 11 WARNING keystone.common.rbac_enforcer.enforcer [None req-13609414-4e34-4324-bf79-dd464c49c8e6 f51f2bbaf3f34000bb8d50bd798e2ff7 6f8a5c559ca04f65834e11abdbaa99b9 - - default default] Deprecated policy rules found. Use oslopolicy-policy-generator and oslopolicy-policy-upgrade to detect and resolve deprecated policies in your configuration. 10.0.0.43 - - [13/Apr/2026:17:26:59 +0000] "GET /v3/users/admin-RegionOne HTTP/1.1" 404 93
[Mon Apr 13 17:26:59.673495 2026] [wsgi:error] [pid 9:tid 139821157086912] [remote 10.0.0.43:54422] 2026-04-13 17:26:59.673 9 WARNING keystone.common.rbac_enforcer.enforcer [None req-83535df4-b60f-4e1b-b6b0-a75cd19627a8 f51f2bbaf3f34000bb8d50bd798e2ff7 6f8a5c559ca04f65834e11abdbaa99b9 - - default default] Deprecated policy rules found. Use oslopolicy-policy-generator and oslopolicy-policy-upgrade to detect and resolve deprecated policies in your configuration. 10.0.0.43 - - [13/Apr/2026:17:26:59 +0000] "GET /v3/users?name=admin-RegionOne HTTP/1.1" 200 422
[Mon Apr 13 17:26:59.743858 2026] [wsgi:error] [pid 10:tid 139821157086912] [remote 10.0.0.43:54422] 2026-04-13 17:26:59.743 10 WARNING keystone.common.rbac_enforcer.enforcer [None req-00da24f2-9cfb-405d-b98b-96e738734be3 f51f2bbaf3f34000bb8d50bd798e2ff7 6f8a5c559ca04f65834e11abdbaa99b9 - - default default] Deprecated policy rules found. Use oslopolicy-policy-generator and oslopolicy-policy-upgrade to detect and resolve deprecated policies in your configuration. 10.0.0.43 - - [13/Apr/2026:17:26:59 +0000] "GET /v3/domains/default HTTP/1.1" 200 224 10.0.0.43 - - [13/Apr/2026:17:26:59 +0000] "PUT /v3/domains/default/users/f51f2bbaf3f34000bb8d50bd798e2ff7/roles/8affa277bed8427a9aedfc8a306867dd HTTP/1.1" 204 - 10.0.0.240 - - [13/Apr/2026:17:27:09 +0000] "GET / HTTP/1.1" 300 281 10.0.0.240 - - [13/Apr/2026:17:27:11 +0000] "GET /v3 HTTP/1.1" 200 266
[Mon Apr 13 17:27:11.160248 2026] [wsgi:error] [pid 10:tid 139821157086912] [remote 10.0.0.240:45156] 2026-04-13 17:27:11.159 10 WARNING keystone.common.password_hashing [None req-9c333b36-5bcb-4163-b362-5d66fce7ea28 - - - - - -] Truncating password to algorithm specific maximum length 72 characters.
[Mon Apr 13 17:27:11.436467 2026] [wsgi:error] [pid 10:tid 139821157086912] [remote 10.0.0.240:45156] 2026-04-13 17:27:11.436 10 WARNING keystone.common.fernet_utils [None req-9c333b36-5bcb-4163-b362-5d66fce7ea28 - - - - - -] key_repository is world readable: /etc/keystone/fernet-keys/ 10.0.0.240 - - [13/Apr/2026:17:27:11 +0000] "POST /v3/auth/tokens HTTP/1.1" 201 1360 10.0.0.240 - - [13/Apr/2026:17:27:11 +0000] "GET / HTTP/1.1" 300 281 10.0.0.240 - - [13/Apr/2026:17:27:11 +0000] "GET /v3/domains/atmosphere HTTP/1.1" 404 90 10.0.0.240 - - [13/Apr/2026:17:27:11 +0000] "GET /v3/domains?name=atmosphere HTTP/1.1" 200 370 10.0.0.240 - - [13/Apr/2026:17:27:11 +0000] "GET /v3/domains/3957d213867d4d2589435cf2191323d2 HTTP/1.1" 200 247 10.0.0.240 - - [13/Apr/2026:17:27:12 +0000] "GET /v3 HTTP/1.1" 200 266
[Mon Apr 13 17:27:12.472442 2026] [wsgi:error] [pid 11:tid 139821157086912] [remote 10.0.0.240:45156] 2026-04-13 17:27:12.471 11 WARNING keystone.common.password_hashing [None req-384b853a-982e-4aa6-84a7-8963310b0657 - - - - - -] Truncating password to algorithm specific maximum length 72 characters.
[Mon Apr 13 17:27:12.754024 2026] [wsgi:error] [pid 11:tid 139821157086912] [remote 10.0.0.240:45156] 2026-04-13 17:27:12.753 11 WARNING keystone.common.fernet_utils [None req-384b853a-982e-4aa6-84a7-8963310b0657 - - - - - -] key_repository is world readable: /etc/keystone/fernet-keys/ 10.0.0.240 - - [13/Apr/2026:17:27:12 +0000] "POST /v3/auth/tokens HTTP/1.1" 201 1360 10.0.0.240 - - [13/Apr/2026:17:27:12 +0000] "GET / HTTP/1.1" 300 281 10.0.0.240 - - [13/Apr/2026:17:27:12 +0000] "GET /v3/OS-FEDERATION/identity_providers/atmosphere HTTP/1.1" 404 101 10.0.0.240 - - [13/Apr/2026:17:27:12 +0000] "GET /v3/OS-FEDERATION/identity_providers HTTP/1.1" 200 156 10.0.0.240 - - [13/Apr/2026:17:27:12 +0000] "PUT /v3/OS-FEDERATION/identity_providers/atmosphere HTTP/1.1" 201 342 10.0.0.240 - - [13/Apr/2026:17:27:13 +0000] "GET /v3 HTTP/1.1" 200 266
[Mon Apr 13 17:27:13.529614 2026] [wsgi:error] [pid 10:tid 139821157086912] [remote 10.0.0.240:45140] 2026-04-13 17:27:13.529 10 WARNING keystone.common.password_hashing [None req-dd388e9a-fb1f-498f-aefe-19cfd11df30f - - - - - -] Truncating password to algorithm specific maximum length 72 characters.
[Mon Apr 13 17:27:13.803421 2026] [wsgi:error] [pid 10:tid 139821157086912] [remote 10.0.0.240:45140] 2026-04-13 17:27:13.803 10 WARNING keystone.common.fernet_utils [None req-dd388e9a-fb1f-498f-aefe-19cfd11df30f - - - - - -] key_repository is world readable: /etc/keystone/fernet-keys/ 10.0.0.240 - - [13/Apr/2026:17:27:13 +0000] "POST /v3/auth/tokens HTTP/1.1" 201 1360 10.0.0.240 - - [13/Apr/2026:17:27:13 +0000] "GET / HTTP/1.1" 300 281 10.0.0.240 - - [13/Apr/2026:17:27:13 +0000] "GET /v3/OS-FEDERATION/mappings/atmosphere-openid HTTP/1.1" 404 98 10.0.0.240 - - [13/Apr/2026:17:27:13 +0000] "GET /v3/OS-FEDERATION/mappings HTTP/1.1" 200 136 10.0.0.240 - - [13/Apr/2026:17:27:13 +0000] "PUT /v3/OS-FEDERATION/mappings/atmosphere-openid HTTP/1.1" 201 357 10.0.0.240 - - [13/Apr/2026:17:27:14 +0000] "GET /v3 HTTP/1.1" 200 266
[Mon Apr 13 17:27:14.492763 2026] [wsgi:error] [pid 11:tid 139821157086912] [remote 10.0.0.240:45156] 2026-04-13 17:27:14.492 11 WARNING keystone.common.password_hashing [None req-86a7f6e1-3134-46d7-9a32-09087c1da9b4 - - - - - -] Truncating password to algorithm specific maximum length 72 characters.
[Mon Apr 13 17:27:14.763583 2026] [wsgi:error] [pid 11:tid 139821157086912] [remote 10.0.0.240:45156] 2026-04-13 17:27:14.763 11 WARNING keystone.common.fernet_utils [None req-86a7f6e1-3134-46d7-9a32-09087c1da9b4 - - - - - -] key_repository is world readable: /etc/keystone/fernet-keys/ 10.0.0.240 - - [13/Apr/2026:17:27:14 +0000] "POST /v3/auth/tokens HTTP/1.1" 201 1360 10.0.0.240 - - [13/Apr/2026:17:27:14 +0000] "GET / HTTP/1.1" 300 281 10.0.0.240 - - [13/Apr/2026:17:27:14 +0000] "GET /v3/OS-FEDERATION/identity_providers/atmosphere/protocols/openid?idp_id=atmosphere HTTP/1.1" 404 131 10.0.0.240 - - [13/Apr/2026:17:27:14 +0000] "GET /v3/OS-FEDERATION/identity_providers/atmosphere/protocols HTTP/1.1" 200 168 10.0.0.240 - - [13/Apr/2026:17:27:14 +0000] "PUT /v3/OS-FEDERATION/identity_providers/atmosphere/protocols/openid HTTP/1.1" 201 224 10.0.0.240 - - [13/Apr/2026:17:27:22 +0000] "GET /v3/ HTTP/1.1" 200 249 10.0.0.240 - - [13/Apr/2026:17:27:22 +0000] "GET /v3/ HTTP/1.1" 200 249 10.0.0.240 - - [13/Apr/2026:17:28:22 +0000] "GET /v3/ HTTP/1.1" 200 249 10.0.0.240 - - [13/Apr/2026:17:28:22 +0000] "GET /v3/ HTTP/1.1" 200 249 10.0.0.180 - - [13/Apr/2026:17:28:51 +0000] "GET / HTTP/1.1" 300 295
[Mon Apr 13 17:28:51.267408 2026] [wsgi:error] [pid 10:tid 139821157086912] [remote 10.0.0.180:34486] 2026-04-13 17:28:51.267 10 WARNING keystone.common.password_hashing [None req-3db40452-1aeb-4c8b-af1a-b763c299f30a - - - - - -] Truncating password to algorithm specific maximum length 72 characters.
[Mon Apr 13 17:28:51.545420 2026] [wsgi:error] [pid 10:tid 139821157086912] [remote 10.0.0.180:34486] 2026-04-13 17:28:51.545 10 WARNING keystone.common.fernet_utils [None req-3db40452-1aeb-4c8b-af1a-b763c299f30a - - - - - -] key_repository is world readable: /etc/keystone/fernet-keys/ 10.0.0.180 - - [13/Apr/2026:17:28:51 +0000] "POST /v3/auth/tokens HTTP/1.1" 201 1360 10.0.0.180 - - [13/Apr/2026:17:28:51 +0000] "GET /v3/services HTTP/1.1" 200 355 10.0.0.180 - - [13/Apr/2026:17:28:55 +0000] "GET / HTTP/1.1" 300 295
[Mon Apr 13 17:28:55.023415 2026] [wsgi:error] [pid 9:tid 139821157086912] [remote 10.0.0.180:34494] 2026-04-13 17:28:55.023 9 WARNING keystone.common.password_hashing [None req-b17accb7-cd96-47ad-a22e-5b77945971af - - - - - -] Truncating password to algorithm specific maximum length 72 characters.
[Mon Apr 13 17:28:55.313245 2026] [wsgi:error] [pid 9:tid 139821157086912] [remote 10.0.0.180:34494] 2026-04-13 17:28:55.313 9 WARNING keystone.common.fernet_utils [None req-b17accb7-cd96-47ad-a22e-5b77945971af - - - - - -] key_repository is world readable: /etc/keystone/fernet-keys/ 10.0.0.180 - - [13/Apr/2026:17:28:55 +0000] "POST /v3/auth/tokens HTTP/1.1" 201 1360 10.0.0.180 - - [13/Apr/2026:17:28:55 +0000] "GET /v3/services HTTP/1.1" 200 355 10.0.0.180 - - [13/Apr/2026:17:28:58 +0000] "GET / HTTP/1.1" 300 295
[Mon Apr 13 17:28:58.912039 2026] [wsgi:error] [pid 12:tid 139821157086912] [remote 10.0.0.180:49700] 2026-04-13 17:28:58.911 12 WARNING keystone.common.password_hashing [None req-c794a467-5ca2-435c-99d1-3064cc248219 - - - - - -] Truncating password to algorithm specific maximum length 72 characters.
[Mon Apr 13 17:28:59.191760 2026] [wsgi:error] [pid 12:tid 139821157086912] [remote 10.0.0.180:49700] 2026-04-13 17:28:59.191 12 WARNING keystone.common.fernet_utils [None req-c794a467-5ca2-435c-99d1-3064cc248219 - - - - - -] key_repository is world readable: /etc/keystone/fernet-keys/ 10.0.0.180 - - [13/Apr/2026:17:28:58 +0000] "POST /v3/auth/tokens HTTP/1.1" 201 1360 10.0.0.180 - - [13/Apr/2026:17:28:59 +0000] "GET /v3/services HTTP/1.1" 200 355 10.0.0.180 - - [13/Apr/2026:17:29:02 +0000] "GET / HTTP/1.1" 300 295
[Mon Apr 13 17:29:02.816031 2026] [wsgi:error] [pid 11:tid 139821157086912] [remote 10.0.0.180:49706] 2026-04-13 17:29:02.815 11 WARNING keystone.common.password_hashing [None req-71cf164e-06cb-4d5f-87d3-b14886d18f6d - - - - - -] Truncating password to algorithm specific maximum length 72 characters.
[Mon Apr 13 17:29:03.098837 2026] [wsgi:error] [pid 11:tid 139821157086912] [remote 10.0.0.180:49706] 2026-04-13 17:29:03.098 11 WARNING keystone.common.fernet_utils [None req-71cf164e-06cb-4d5f-87d3-b14886d18f6d - - - - - -] key_repository is world readable: /etc/keystone/fernet-keys/ 10.0.0.180 - - [13/Apr/2026:17:29:02 +0000] "POST /v3/auth/tokens HTTP/1.1" 201 1360 10.0.0.180 - - [13/Apr/2026:17:29:03 +0000] "POST /v3/services HTTP/1.1" 201 296 10.0.0.62 - - [13/Apr/2026:17:29:15 +0000] "GET / HTTP/1.1" 300 295
[Mon Apr 13 17:29:15.363437 2026] [wsgi:error] [pid 10:tid 139821157086912] [remote 10.0.0.62:46756] 2026-04-13 17:29:15.363 10 WARNING keystone.common.password_hashing [None req-f617f497-e99c-4c52-bf0f-e23b17d1e4d3 - - - - - -] Truncating password to algorithm specific maximum length 72 characters. 10.0.0.62 - - [13/Apr/2026:17:29:15 +0000] "GET / HTTP/1.1" 300 295
[Mon Apr 13 17:29:15.624699 2026] [wsgi:error] [pid 12:tid 139821157086912] [remote 10.0.0.62:60726] 2026-04-13 17:29:15.624 12 WARNING keystone.common.password_hashing [None req-971a9eb1-d809-4dab-b350-b9bed341e9c3 - - - - - -] Truncating password to algorithm specific maximum length 72 characters.
[Mon Apr 13 17:29:15.659653 2026] [wsgi:error] [pid 10:tid 139821157086912] [remote 10.0.0.62:46756] 2026-04-13 17:29:15.659 10 WARNING keystone.common.fernet_utils [None req-f617f497-e99c-4c52-bf0f-e23b17d1e4d3 - - - - - -] key_repository is world readable: /etc/keystone/fernet-keys/ 10.0.0.62 - - [13/Apr/2026:17:29:15 +0000] "POST /v3/auth/tokens HTTP/1.1" 201 1464 10.0.0.62 - - [13/Apr/2026:17:29:15 +0000] "GET /v3/services HTTP/1.1" 200 639 10.0.0.62 - - [13/Apr/2026:17:29:15 +0000] "GET / HTTP/1.1" 300 295
[Mon Apr 13 17:29:15.837769 2026] [wsgi:error] [pid 10:tid 139821157086912] [remote 10.0.0.62:60736] 2026-04-13 17:29:15.837 10 WARNING keystone.common.password_hashing [None req-afb9fd7d-7849-4fab-a662-4789213a1fcf - - - - - -] Truncating password to algorithm specific maximum length 72 characters.
[Mon Apr 13 17:29:15.896743 2026] [wsgi:error] [pid 12:tid 139821157086912] [remote 10.0.0.62:60726] 2026-04-13 17:29:15.896 12 WARNING keystone.common.fernet_utils [None req-971a9eb1-d809-4dab-b350-b9bed341e9c3 - - - - - -] key_repository is world readable: /etc/keystone/fernet-keys/ 10.0.0.62 - - [13/Apr/2026:17:29:15 +0000] "POST /v3/auth/tokens HTTP/1.1" 201 1464 10.0.0.62 - - [13/Apr/2026:17:29:16 +0000] "GET /v3/services HTTP/1.1" 200 639
[Mon Apr 13 17:29:16.111324 2026] [wsgi:error] [pid 10:tid 139821157086912] [remote 10.0.0.62:60736] 2026-04-13 17:29:16.111 10 WARNING keystone.common.fernet_utils [None req-afb9fd7d-7849-4fab-a662-4789213a1fcf - - - - - -] key_repository is world readable: /etc/keystone/fernet-keys/ 10.0.0.62 - - [13/Apr/2026:17:29:15 +0000] "POST /v3/auth/tokens HTTP/1.1" 201 1464 10.0.0.62 - - [13/Apr/2026:17:29:16 +0000] "GET /v3/services HTTP/1.1" 200 639 10.0.0.62 - - [13/Apr/2026:17:29:17 +0000] "GET / HTTP/1.1" 300 295
[Mon Apr 13 17:29:17.218781 2026] [wsgi:error] [pid 9:tid 139821157086912] [remote 10.0.0.62:60752] 2026-04-13 17:29:17.218 9 WARNING keystone.common.password_hashing [None req-61d34908-b21a-41a3-9441-9b015800444b - - - - - -] Truncating password to algorithm specific maximum length 72 characters. 10.0.0.62 - - [13/Apr/2026:17:29:17 +0000] "GET / HTTP/1.1" 300 295
[Mon Apr 13 17:29:17.424775 2026] [wsgi:error] [pid 11:tid 139821157086912] [remote 10.0.0.62:60762] 2026-04-13 17:29:17.424 11 WARNING keystone.common.password_hashing [None req-5c121928-1b7f-439e-9e5a-a0bcf6864d2a - - - - - -] Truncating password to algorithm specific maximum length 72 characters.
[Mon Apr 13 17:29:17.509452 2026] [wsgi:error] [pid 9:tid 139821157086912] [remote 10.0.0.62:60752] 2026-04-13 17:29:17.509 9 WARNING keystone.common.fernet_utils [None req-61d34908-b21a-41a3-9441-9b015800444b - - - - - -] key_repository is world readable: /etc/keystone/fernet-keys/ 10.0.0.62 - - [13/Apr/2026:17:29:17 +0000] "POST /v3/auth/tokens HTTP/1.1" 201 1464 10.0.0.62 - - [13/Apr/2026:17:29:17 +0000] "GET /v3/endpoints HTTP/1.1" 200 1227 10.0.0.62 - - [13/Apr/2026:17:29:17 +0000] "GET / HTTP/1.1" 300 295 10.0.0.62 - - [13/Apr/2026:17:29:17 +0000] "GET /v3/services/dc6e6487973e4ac2a65eab6ddd85c061 HTTP/1.1" 200 233 10.0.0.62 - - [13/Apr/2026:17:29:17 +0000] "GET /v3/services/dc6e6487973e4ac2a65eab6ddd85c061 HTTP/1.1" 200 233
[Mon Apr 13 17:29:17.710560 2026] [wsgi:error] [pid 11:tid 139821157086912] [remote 10.0.0.62:60762] 2026-04-13 17:29:17.710 11 WARNING keystone.common.fernet_utils [None req-5c121928-1b7f-439e-9e5a-a0bcf6864d2a - - - - - -] key_repository is world readable: /etc/keystone/fernet-keys/
[Mon Apr 13 17:29:17.711237 2026] [wsgi:error] [pid 12:tid 139821157086912] [remote 10.0.0.62:60772] 2026-04-13 17:29:17.710 12 WARNING keystone.common.password_hashing [None req-bd76d626-14e1-4bcc-a3e0-d0d73c1208f0 - - - - - -] Truncating password to algorithm specific maximum length 72 characters. 10.0.0.62 - - [13/Apr/2026:17:29:17 +0000] "POST /v3/auth/tokens HTTP/1.1" 201 1464 10.0.0.62 - - [13/Apr/2026:17:29:17 +0000] "GET /v3/services/dc6e6487973e4ac2a65eab6ddd85c061 HTTP/1.1" 200 233 10.0.0.62 - - [13/Apr/2026:17:29:17 +0000] "GET /v3/endpoints HTTP/1.1" 200 1227 10.0.0.62 - - [13/Apr/2026:17:29:17 +0000] "GET /v3/services/dc6e6487973e4ac2a65eab6ddd85c061 HTTP/1.1" 200 233 10.0.0.62 - - [13/Apr/2026:17:29:17 +0000] "GET /v3/services/dc6e6487973e4ac2a65eab6ddd85c061 HTTP/1.1" 200 233 10.0.0.62 - - [13/Apr/2026:17:29:17 +0000] "GET /v3/services/dc6e6487973e4ac2a65eab6ddd85c061 HTTP/1.1" 200 233
[Mon Apr 13 17:29:17.992680 2026] [wsgi:error] [pid 12:tid 139821157086912] [remote 10.0.0.62:60772] 2026-04-13 17:29:17.992 12 WARNING keystone.common.fernet_utils [None req-bd76d626-14e1-4bcc-a3e0-d0d73c1208f0 - - - - - -] key_repository is world readable: /etc/keystone/fernet-keys/ 10.0.0.62 - - [13/Apr/2026:17:29:17 +0000] "POST /v3/auth/tokens HTTP/1.1" 201 1464 10.0.0.62 - - [13/Apr/2026:17:29:18 +0000] "GET /v3/endpoints HTTP/1.1" 200 1227 10.0.0.62 - - [13/Apr/2026:17:29:18 +0000] "GET /v3/services/dc6e6487973e4ac2a65eab6ddd85c061 HTTP/1.1" 200 233 10.0.0.62 - - [13/Apr/2026:17:29:18 +0000] "GET /v3/services/dc6e6487973e4ac2a65eab6ddd85c061 HTTP/1.1" 200 233 10.0.0.62 - - [13/Apr/2026:17:29:18 +0000] "GET /v3/services/dc6e6487973e4ac2a65eab6ddd85c061 HTTP/1.1" 200 233 10.0.0.62 - - [13/Apr/2026:17:29:19 +0000] "GET / HTTP/1.1" 300 295
[Mon Apr 13 17:29:19.157341 2026] [wsgi:error] [pid 10:tid 139821157086912] [remote 10.0.0.62:60776] 2026-04-13 17:29:19.157 10 WARNING keystone.common.password_hashing [None req-17d87efd-e965-45b4-ac52-40e28927a42e - - - - - -] Truncating password to algorithm specific maximum length 72 characters. 10.0.0.62 - - [13/Apr/2026:17:29:19 +0000] "GET / HTTP/1.1" 300 295
[Mon Apr 13 17:29:19.261522 2026] [wsgi:error] [pid 12:tid 139821157086912] [remote 10.0.0.62:60786] 2026-04-13 17:29:19.261 12 WARNING keystone.common.password_hashing [None req-2cc00a0b-4d96-4fb0-912d-dc0ad925fb07 - - - - - -] Truncating password to algorithm specific maximum length 72 characters.
[Mon Apr 13 17:29:19.436573 2026] [wsgi:error] [pid 10:tid 139821157086912] [remote 10.0.0.62:60776] 2026-04-13 17:29:19.436 10 WARNING keystone.common.fernet_utils [None req-17d87efd-e965-45b4-ac52-40e28927a42e - - - - - -] key_repository is world readable: /etc/keystone/fernet-keys/ 10.0.0.62 - - [13/Apr/2026:17:29:19 +0000] "POST /v3/auth/tokens HTTP/1.1" 201 1464
[Mon Apr 13 17:29:19.534878 2026] [wsgi:error] [pid 12:tid 139821157086912] [remote 10.0.0.62:60786] 2026-04-13 17:29:19.534 12 WARNING keystone.common.fernet_utils [None req-2cc00a0b-4d96-4fb0-912d-dc0ad925fb07 - - - - - -] key_repository is world readable: /etc/keystone/fernet-keys/ 10.0.0.62 - - [13/Apr/2026:17:29:19 +0000] "POST /v3/auth/tokens HTTP/1.1" 201 1464 10.0.0.62 - - [13/Apr/2026:17:29:19 +0000] "GET /v3/services/323bb0a117c0482d8658397b8702e46d HTTP/1.1" 200 296 10.0.0.62 - - [13/Apr/2026:17:29:19 +0000] "GET /v3/regions/RegionOne HTTP/1.1" 200 173 10.0.0.62 - - [13/Apr/2026:17:29:19 +0000] "GET / HTTP/1.1" 300 295
[Mon Apr 13 17:29:19.611364 2026] [wsgi:error] [pid 11:tid 139821157086912] [remote 10.0.0.62:60800] 2026-04-13 17:29:19.611 11 WARNING keystone.common.password_hashing [None req-ef5034d2-d414-4235-96c4-cb4b6939b06b - - - - - -] Truncating password to algorithm specific maximum length 72 characters. 10.0.0.62 - - [13/Apr/2026:17:29:19 +0000] "POST /v3/endpoints HTTP/1.1" 201 380 10.0.0.62 - - [13/Apr/2026:17:29:19 +0000] "GET /v3/services/323bb0a117c0482d8658397b8702e46d HTTP/1.1" 200 296 10.0.0.62 - - [13/Apr/2026:17:29:19 +0000] "GET /v3/regions/RegionOne HTTP/1.1" 200 173 10.0.0.62 - - [13/Apr/2026:17:29:19 +0000] "POST /v3/endpoints HTTP/1.1" 201 370
[Mon Apr 13 17:29:19.888601 2026] [wsgi:error] [pid 11:tid 139821157086912] [remote 10.0.0.62:60800] 2026-04-13 17:29:19.888 11 WARNING keystone.common.fernet_utils [None req-ef5034d2-d414-4235-96c4-cb4b6939b06b - - - - - -] key_repository is world readable: /etc/keystone/fernet-keys/ 10.0.0.62 - - [13/Apr/2026:17:29:19 +0000] "POST /v3/auth/tokens HTTP/1.1" 201 1810 10.0.0.62 - - [13/Apr/2026:17:29:20 +0000] "GET /v3/services/323bb0a117c0482d8658397b8702e46d HTTP/1.1" 200 296 10.0.0.62 - - [13/Apr/2026:17:29:20 +0000] "GET /v3/regions/RegionOne HTTP/1.1" 200 173 10.0.0.62 - - [13/Apr/2026:17:29:20 +0000] "POST /v3/endpoints HTTP/1.1" 201 383 10.0.0.62 - - [13/Apr/2026:17:29:20 +0000] "GET / HTTP/1.1" 300 295
[Mon Apr 13 17:29:20.985495 2026] [wsgi:error] [pid 9:tid 139821157086912] [remote 10.0.0.62:60816] 2026-04-13 17:29:20.985 9 WARNING keystone.common.password_hashing [None req-31e4972b-5a63-4d65-8bfe-52fe3f713454 - - - - - -] Truncating password to algorithm specific maximum length 72 characters. 10.0.0.62 - - [13/Apr/2026:17:29:21 +0000] "GET / HTTP/1.1" 300 295
[Mon Apr 13 17:29:21.027009 2026] [wsgi:error] [pid 12:tid 139821157086912] [remote 10.0.0.62:60824] 2026-04-13 17:29:21.026 12 WARNING keystone.common.password_hashing [None req-38b3e8ef-4910-4175-b7ed-0033e8372489 - - - - - -] Truncating password to algorithm specific maximum length 72 characters.
[Mon Apr 13 17:29:21.268561 2026] [wsgi:error] [pid 9:tid 139821157086912] [remote 10.0.0.62:60816] 2026-04-13 17:29:21.268 9 WARNING keystone.common.fernet_utils [None req-31e4972b-5a63-4d65-8bfe-52fe3f713454 - - - - - -] key_repository is world readable: /etc/keystone/fernet-keys/ 10.0.0.62 - - [13/Apr/2026:17:29:20 +0000] "POST /v3/auth/tokens HTTP/1.1" 201 1992
[Mon Apr 13 17:29:21.297249 2026] [wsgi:error] [pid 12:tid 139821157086912] [remote 10.0.0.62:60824] 2026-04-13 17:29:21.297 12 WARNING keystone.common.fernet_utils [None req-38b3e8ef-4910-4175-b7ed-0033e8372489 - - - - - -] key_repository is world readable: /etc/keystone/fernet-keys/ 10.0.0.62 - - [13/Apr/2026:17:29:21 +0000] "POST /v3/auth/tokens HTTP/1.1" 201 1992 10.0.0.62 - - [13/Apr/2026:17:29:21 +0000] "GET / HTTP/1.1" 300 295
[Mon Apr 13 17:29:21.403707 2026] [wsgi:error] [pid 9:tid 139821157086912] [remote 10.0.0.62:60838] 2026-04-13 17:29:21.403 9 WARNING keystone.common.password_hashing [None req-deddd99e-3831-4d3b-9232-75f69fb5a7b5 - - - - - -] Truncating password to algorithm specific maximum length 72 characters. 10.0.0.62 - - [13/Apr/2026:17:29:21 +0000] "GET /v3/endpoints/014228c5f30e43c887c8ee5cb8d2414f HTTP/1.1" 200 380 10.0.0.62 - - [13/Apr/2026:17:29:21 +0000] "GET /v3/endpoints/3b095dfbb4344b60b6868e7f8dbe8129 HTTP/1.1" 200 370 10.0.0.62 - - [13/Apr/2026:17:29:21 +0000] "GET /v3/services/323bb0a117c0482d8658397b8702e46d HTTP/1.1" 200 296 10.0.0.62 - - [13/Apr/2026:17:29:21 +0000] "GET /v3/services/323bb0a117c0482d8658397b8702e46d HTTP/1.1" 200 296
[Mon Apr 13 17:29:21.675991 2026] [wsgi:error] [pid 9:tid 139821157086912] [remote 10.0.0.62:60838] 2026-04-13 17:29:21.675 9 WARNING keystone.common.fernet_utils [None req-deddd99e-3831-4d3b-9232-75f69fb5a7b5 - - - - - -] key_repository is world readable: /etc/keystone/fernet-keys/ 10.0.0.62 - - [13/Apr/2026:17:29:21 +0000] "POST /v3/auth/tokens HTTP/1.1" 201 1992 10.0.0.62 - - [13/Apr/2026:17:29:21 +0000] "GET /v3/endpoints/5c3e7525ab2641deb6e01ac920e7ed90 HTTP/1.1" 200 383 10.0.0.62 - - [13/Apr/2026:17:29:21 +0000] "GET /v3/services/323bb0a117c0482d8658397b8702e46d HTTP/1.1" 200 296 10.0.0.240 - - [13/Apr/2026:17:29:22 +0000] "GET /v3/ HTTP/1.1" 200 249 10.0.0.240 - - [13/Apr/2026:17:29:22 +0000] "GET /v3/ HTTP/1.1" 200 249 10.0.0.228 - - [13/Apr/2026:17:29:34 +0000] "GET / HTTP/1.1" 300 295
[Mon Apr 13 17:29:34.484692 2026] [wsgi:error] [pid 10:tid 139821157086912] [remote 10.0.0.228:47542] 2026-04-13 17:29:34.484 10 WARNING keystone.common.password_hashing [None req-541b73b5-3a89-48fb-8cbc-3f85d638355a - - - - - -] Truncating password to algorithm specific maximum length 72 characters.
[Mon Apr 13 17:29:34.765808 2026] [wsgi:error] [pid 10:tid 139821157086912] [remote 10.0.0.228:47542] 2026-04-13 17:29:34.765 10 WARNING keystone.common.fernet_utils [None req-541b73b5-3a89-48fb-8cbc-3f85d638355a - - - - - -] key_repository is world readable: /etc/keystone/fernet-keys/ 10.0.0.228 - - [13/Apr/2026:17:29:34 +0000] "POST /v3/auth/tokens HTTP/1.1" 201 1992 10.0.0.228 - - [13/Apr/2026:17:29:34 +0000] "POST /v3/domains HTTP/1.1" 201 284 10.0.0.228 - - [13/Apr/2026:17:29:36 +0000] "GET / HTTP/1.1" 300 295
[Mon Apr 13 17:29:36.253488 2026] [wsgi:error] [pid 12:tid 139821157086912] [remote 10.0.0.228:60994] 2026-04-13 17:29:36.253 12 WARNING keystone.common.password_hashing [None req-1cdc2cd2-41e6-4674-a067-3c3514c502e5 - - - - - -] Truncating password to algorithm specific maximum length 72 characters.
[Mon Apr 13 17:29:36.539673 2026] [wsgi:error] [pid 12:tid 139821157086912] [remote 10.0.0.228:60994] 2026-04-13 17:29:36.539 12 WARNING keystone.common.fernet_utils [None req-1cdc2cd2-41e6-4674-a067-3c3514c502e5 - - - - - -] key_repository is world readable: /etc/keystone/fernet-keys/ 10.0.0.228 - - [13/Apr/2026:17:29:36 +0000] "POST /v3/auth/tokens HTTP/1.1" 201 1992
[Mon Apr 13 17:29:36.739838 2026] [wsgi:error] [pid 10:tid 139821157086912] [remote 10.0.0.228:60994] 2026-04-13 17:29:36.724 10 ERROR keystone.server.flask.application [None req-6b1accf7-f06d-4789-8757-4970dd49e540 f51f2bbaf3f34000bb8d50bd798e2ff7 6f8a5c559ca04f65834e11abdbaa99b9 - - default default] Conflict occurred attempting to store project - it is not permitted to have two projects acting as domains with the same name: service.: keystone.exception.Conflict: Conflict occurred attempting to store project - it is not permitted to have two projects acting as domains with the same name: service.
[Mon Apr 13 17:29:36.739868 2026] [wsgi:error] [pid 10:tid 139821157086912] [remote 10.0.0.228:60994] 2026-04-13 17:29:36.724 10 ERROR keystone.server.flask.application
Traceback (most recent call last):
[Mon Apr 13 17:29:36.739871 2026] [wsgi:error] [pid 10:tid 139821157086912] [remote 10.0.0.228:60994] 2026-04-13 17:29:36.724 10 ERROR keystone.server.flask.application
File "/var/lib/openstack/lib/python3.12/site-packages/sqlalchemy/engine/base.py", line 1967, in _exec_single_context
[Mon Apr 13 17:29:36.739873 2026] [wsgi:error] [pid 10:tid 139821157086912] [remote 10.0.0.228:60994] 2026-04-13 17:29:36.724 10 ERROR keystone.server.flask.application self.dialect.do_execute(
[Mon Apr 13 17:29:36.739875 2026] [wsgi:error] [pid 10:tid 139821157086912] [remote 10.0.0.228:60994] 2026-04-13 17:29:36.724 10 ERROR keystone.server.flask.application
File "/var/lib/openstack/lib/python3.12/site-packages/sqlalchemy/engine/default.py", line 952, in do_execute
[Mon Apr 13 17:29:36.739878 2026] [wsgi:error] [pid 10:tid 139821157086912] [remote 10.0.0.228:60994] 2026-04-13 17:29:36.724 10 ERROR keystone.server.flask.application cursor.execute(statement, parameters)
[Mon Apr 13 17:29:36.739880 2026] [wsgi:error] [pid 10:tid 139821157086912] [remote 10.0.0.228:60994] 2026-04-13 17:29:36.724 10 ERROR keystone.server.flask.application
File "/var/lib/openstack/lib/python3.12/site-packages/pymysql/cursors.py", line 153, in execute
[Mon Apr 13 17:29:36.739882 2026] [wsgi:error] [pid 10:tid 139821157086912] [remote 10.0.0.228:60994] 2026-04-13 17:29:36.724 10 ERROR keystone.server.flask.application result = self._query(query)
[Mon Apr 13 17:29:36.739884 2026] [wsgi:error] [pid 10:tid 139821157086912] [remote 10.0.0.228:60994] 2026-04-13 17:29:36.724 10 ERROR keystone.server.flask.application ^^^^^^^^^^^^^^^^^^
[Mon Apr 13 17:29:36.739886 2026] [wsgi:error] [pid 10:tid 139821157086912] [remote 10.0.0.228:60994] 2026-04-13 17:29:36.724 10 ERROR keystone.server.flask.application
File "/var/lib/openstack/lib/python3.12/site-packages/pymysql/cursors.py", line 322, in _query
[Mon Apr 13 17:29:36.739888 2026] [wsgi:error] [pid 10:tid 139821157086912] [remote 10.0.0.228:60994] 2026-04-13 17:29:36.724 10 ERROR keystone.server.flask.application conn.query(q)
[Mon Apr 13 17:29:36.739890 2026] [wsgi:error] [pid 10:tid 139821157086912] [remote 10.0.0.228:60994] 2026-04-13 17:29:36.724 10 ERROR keystone.server.flask.application
File "/var/lib/openstack/lib/python3.12/site-packages/pymysql/connections.py", line 575, in query
[Mon Apr 13 17:29:36.739892 2026] [wsgi:error] [pid 10:tid 139821157086912] [remote 10.0.0.228:60994] 2026-04-13 17:29:36.724 10 ERROR keystone.server.flask.application self._affected_rows = self._read_query_result(unbuffered=unbuffered)
[Mon Apr 13 17:29:36.739894 2026] [wsgi:error] [pid 10:tid 139821157086912] [remote 10.0.0.228:60994] 2026-04-13 17:29:36.724 10 ERROR keystone.server.flask.application ^^^^^^^^^^^^^^^^^^^^^^^^^^^^^^^^^^^^^^^^^^^^^^
[Mon Apr 13 17:29:36.739896 2026] [wsgi:error] [pid 10:tid 139821157086912] [remote 10.0.0.228:60994] 2026-04-13 17:29:36.724 10 ERROR keystone.server.flask.application
File "/var/lib/openstack/lib/python3.12/site-packages/pymysql/connections.py", line 826, in _read_query_result
[Mon Apr 13 17:29:36.739898 2026] [wsgi:error] [pid 10:tid 139821157086912] [remote 10.0.0.228:60994] 2026-04-13 17:29:36.724 10 ERROR keystone.server.flask.application result.read()
[Mon Apr 13 17:29:36.739902 2026] [wsgi:error] [pid 10:tid 139821157086912] [remote 10.0.0.228:60994] 2026-04-13 17:29:36.724 10 ERROR keystone.server.flask.application
File "/var/lib/openstack/lib/python3.12/site-packages/pymysql/connections.py", line 1203, in read
[Mon Apr 13 17:29:36.739904 2026] [wsgi:error] [pid 10:tid 139821157086912] [remote 10.0.0.228:60994] 2026-04-13 17:29:36.724 10 ERROR keystone.server.flask.application first_packet = self.connection._read_packet()
[Mon Apr 13 17:29:36.739906 2026] [wsgi:error] [pid 10:tid 139821157086912] [remote 10.0.0.228:60994] 2026-04-13 17:29:36.724 10 ERROR keystone.server.flask.application ^^^^^^^^^^^^^^^^^^^^^^^^^^^^^^
[Mon Apr 13 17:29:36.739908 2026] [wsgi:error] [pid 10:tid 139821157086912] [remote 10.0.0.228:60994] 2026-04-13 17:29:36.724 10 ERROR keystone.server.flask.application
File "/var/lib/openstack/lib/python3.12/site-packages/pymysql/connections.py", line 782, in _read_packet
[Mon Apr 13 17:29:36.739910 2026] [wsgi:error] [pid 10:tid 139821157086912] [remote 10.0.0.228:60994] 2026-04-13 17:29:36.724 10 ERROR keystone.server.flask.application packet.raise_for_error()
[Mon Apr 13 17:29:36.739912 2026] [wsgi:error] [pid 10:tid 139821157086912] [remote 10.0.0.228:60994] 2026-04-13 17:29:36.724 10 ERROR keystone.server.flask.application
File "/var/lib/openstack/lib/python3.12/site-packages/pymysql/protocol.py", line 219, in raise_for_error
[Mon Apr 13 17:29:36.739914 2026] [wsgi:error] [pid 10:tid 139821157086912] [remote 10.0.0.228:60994] 2026-04-13 17:29:36.724 10 ERROR keystone.server.flask.application err.raise_mysql_exception(self._data)
[Mon Apr 13 17:29:36.739923 2026] [wsgi:error] [pid 10:tid 139821157086912] [remote 10.0.0.228:60994] 2026-04-13 17:29:36.724 10 ERROR keystone.server.flask.application
File "/var/lib/openstack/lib/python3.12/site-packages/pymysql/err.py", line 150, in raise_mysql_exception
[Mon Apr 13 17:29:36.739925 2026] [wsgi:error] [pid 10:tid 139821157086912] [remote 10.0.0.228:60994] 2026-04-13 17:29:36.724 10 ERROR keystone.server.flask.application raise errorclass(errno, errval)
[Mon Apr 13 17:29:36.739927 2026] [wsgi:error] [pid 10:tid 139821157086912] [remote 10.0.0.228:60994] 2026-04-13 17:29:36.724 10 ERROR keystone.server.flask.application pymysql.err.IntegrityError: (1062, "Duplicate entry '<>-service' for key 'project.ixu_project_name_domain_id'")
[Mon Apr 13 17:29:36.739930 2026] [wsgi:error] [pid 10:tid 139821157086912] [remote 10.0.0.228:60994] 2026-04-13 17:29:36.724 10 ERROR keystone.server.flask.application
[Mon Apr 13 17:29:36.739932 2026] [wsgi:error] [pid 10:tid 139821157086912] [remote 10.0.0.228:60994] 2026-04-13 17:29:36.724 10 ERROR keystone.server.flask.application The above exception was the direct cause of the following exception:
[Mon Apr 13 17:29:36.739934 2026] [wsgi:error] [pid 10:tid 139821157086912] [remote 10.0.0.228:60994] 2026-04-13 17:29:36.724 10 ERROR keystone.server.flask.application
[Mon Apr 13 17:29:36.739936 2026] [wsgi:error] [pid 10:tid 139821157086912] [remote 10.0.0.228:60994] 2026-04-13 17:29:36.724 10 ERROR keystone.server.flask.application
Traceback (most recent call last):
[Mon Apr 13 17:29:36.739938 2026] [wsgi:error] [pid 10:tid 139821157086912] [remote 10.0.0.228:60994] 2026-04-13 17:29:36.724 10 ERROR keystone.server.flask.application
File "/var/lib/openstack/lib/python3.12/site-packages/keystone/common/sql/core.py", line 575, in wrapper
[Mon Apr 13 17:29:36.739940 2026] [wsgi:error] [pid 10:tid 139821157086912] [remote 10.0.0.228:60994] 2026-04-13 17:29:36.724 10 ERROR keystone.server.flask.application return method(*args, **kwargs)
[Mon Apr 13 17:29:36.739943 2026] [wsgi:error] [pid 10:tid 139821157086912] [remote 10.0.0.228:60994] 2026-04-13 17:29:36.724 10 ERROR keystone.server.flask.application ^^^^^^^^^^^^^^^^^^^^^^^
[Mon Apr 13 17:29:36.739945 2026] [wsgi:error] [pid 10:tid 139821157086912] [remote 10.0.0.228:60994] 2026-04-13 17:29:36.724 10 ERROR keystone.server.flask.application
File "/var/lib/openstack/lib/python3.12/site-packages/keystone/resource/backends/sql.py", line 278, in create_project
[Mon Apr 13 17:29:36.739948 2026] [wsgi:error] [pid 10:tid 139821157086912] [remote 10.0.0.228:60994] 2026-04-13 17:29:36.724 10 ERROR keystone.server.flask.application with sql.session_for_write() as session:
[Mon Apr 13 17:29:36.739951 2026] [wsgi:error] [pid 10:tid 139821157086912] [remote 10.0.0.228:60994] 2026-04-13 17:29:36.724 10 ERROR keystone.server.flask.application
File "/usr/lib/python3.12/contextlib.py", line 144, in __exit__
[Mon Apr 13 17:29:36.739953 2026] [wsgi:error] [pid 10:tid 139821157086912] [remote 10.0.0.228:60994] 2026-04-13 17:29:36.724 10 ERROR keystone.server.flask.application next(self.gen)
[Mon Apr 13 17:29:36.739955 2026] [wsgi:error] [pid 10:tid 139821157086912] [remote 10.0.0.228:60994] 2026-04-13 17:29:36.724 10 ERROR keystone.server.flask.application
File "/var/lib/openstack/lib/python3.12/site-packages/oslo_db/sqlalchemy/enginefacade.py", line 1175, in _transaction_scope
[Mon Apr 13 17:29:36.739958 2026] [wsgi:error] [pid 10:tid 139821157086912] [remote 10.0.0.228:60994] 2026-04-13 17:29:36.724 10 ERROR keystone.server.flask.application with current._produce_block(
[Mon Apr 13 17:29:36.739961 2026] [wsgi:error] [pid 10:tid 139821157086912] [remote 10.0.0.228:60994] 2026-04-13 17:29:36.724 10 ERROR keystone.server.flask.application
File "/usr/lib/python3.12/contextlib.py", line 144, in __exit__
[Mon Apr 13 17:29:36.739965 2026] [wsgi:error] [pid 10:tid 139821157086912] [remote 10.0.0.228:60994] 2026-04-13 17:29:36.724 10 ERROR keystone.server.flask.application next(self.gen)
[Mon Apr 13 17:29:36.739968 2026] [wsgi:error] [pid 10:tid 139821157086912] [remote 10.0.0.228:60994] 2026-04-13 17:29:36.724 10 ERROR keystone.server.flask.application
File "/var/lib/openstack/lib/python3.12/site-packages/oslo_db/sqlalchemy/enginefacade.py", line 837, in _session
[Mon Apr 13 17:29:36.739972 2026] [wsgi:error] [pid 10:tid 139821157086912] [remote 10.0.0.228:60994] 2026-04-13 17:29:36.724 10 ERROR keystone.server.flask.application with excutils.save_and_reraise_exception():
[Mon Apr 13 17:29:36.739975 2026] [wsgi:error] [pid 10:tid 139821157086912] [remote 10.0.0.228:60994] 2026-04-13 17:29:36.724 10 ERROR keystone.server.flask.application
File "/var/lib/openstack/lib/python3.12/site-packages/oslo_utils/excutils.py", line 271, in __exit__
[Mon Apr 13 17:29:36.739978 2026] [wsgi:error] [pid 10:tid 139821157086912] [remote 10.0.0.228:60994] 2026-04-13 17:29:36.724 10 ERROR keystone.server.flask.application self.force_reraise()
[Mon Apr 13 17:29:36.739982 2026] [wsgi:error] [pid 10:tid 139821157086912] [remote 10.0.0.228:60994] 2026-04-13 17:29:36.724 10 ERROR keystone.server.flask.application
File "/var/lib/openstack/lib/python3.12/site-packages/oslo_utils/excutils.py", line 233, in force_reraise
[Mon Apr 13 17:29:36.739985 2026] [wsgi:error] [pid 10:tid 139821157086912] [remote 10.0.0.228:60994] 2026-04-13 17:29:36.724 10 ERROR keystone.server.flask.application raise self.value
[Mon Apr 13 17:29:36.739988 2026] [wsgi:error] [pid 10:tid 139821157086912] [remote 10.0.0.228:60994] 2026-04-13 17:29:36.724 10 ERROR keystone.server.flask.application
File "/var/lib/openstack/lib/python3.12/site-packages/oslo_db/sqlalchemy/enginefacade.py", line 835, in _session
[Mon Apr 13 17:29:36.739991 2026] [wsgi:error] [pid 10:tid 139821157086912] [remote 10.0.0.228:60994] 2026-04-13 17:29:36.724 10 ERROR keystone.server.flask.application self._end_session_transaction(self.session)
[Mon Apr 13 17:29:36.739994 2026] [wsgi:error] [pid 10:tid 139821157086912] [remote 10.0.0.228:60994] 2026-04-13 17:29:36.724 10 ERROR keystone.server.flask.application
File "/var/lib/openstack/lib/python3.12/site-packages/oslo_db/sqlalchemy/enginefacade.py", line 748, in _end_session_transaction
[Mon Apr 13 17:29:36.739997 2026] [wsgi:error] [pid 10:tid 139821157086912] [remote 10.0.0.228:60994] 2026-04-13 17:29:36.724 10 ERROR keystone.server.flask.application session.commit()
[Mon Apr 13 17:29:36.740000 2026] [wsgi:error] [pid 10:tid 139821157086912] [remote 10.0.0.228:60994] 2026-04-13 17:29:36.724 10 ERROR keystone.server.flask.application
File "/var/lib/openstack/lib/python3.12/site-packages/sqlalchemy/orm/session.py", line 2030, in commit
[Mon Apr 13 17:29:36.740002 2026] [wsgi:error] [pid 10:tid 139821157086912] [remote 10.0.0.228:60994] 2026-04-13 17:29:36.724 10 ERROR keystone.server.flask.application trans.commit(_to_root=True)
[Mon Apr 13 17:29:36.740006 2026] [wsgi:error] [pid 10:tid 139821157086912] [remote 10.0.0.228:60994] 2026-04-13 17:29:36.724 10 ERROR keystone.server.flask.application File "", line 2, in commit
[Mon Apr 13 17:29:36.740009 2026] [wsgi:error] [pid 10:tid 139821157086912] [remote 10.0.0.228:60994] 2026-04-13 17:29:36.724 10 ERROR keystone.server.flask.application
File "/var/lib/openstack/lib/python3.12/site-packages/sqlalchemy/orm/state_changes.py", line 137, in _go
[Mon Apr 13 17:29:36.740011 2026] [wsgi:error] [pid 10:tid 139821157086912] [remote 10.0.0.228:60994] 2026-04-13 17:29:36.724 10 ERROR keystone.server.flask.application ret_value = fn(self, *arg, **kw)
[Mon Apr 13 17:29:36.740013 2026] [wsgi:error] [pid 10:tid 139821157086912] [remote 10.0.0.228:60994] 2026-04-13 17:29:36.724 10 ERROR keystone.server.flask.application ^^^^^^^^^^^^^^^^^^^^
[Mon Apr 13 17:29:36.740016 2026] [wsgi:error] [pid 10:tid 139821157086912] [remote 10.0.0.228:60994] 2026-04-13 17:29:36.724 10 ERROR keystone.server.flask.application
File "/var/lib/openstack/lib/python3.12/site-packages/sqlalchemy/orm/session.py", line 1311, in commit
[Mon Apr 13 17:29:36.740020 2026] [wsgi:error] [pid 10:tid 139821157086912] [remote 10.0.0.228:60994] 2026-04-13 17:29:36.724 10 ERROR keystone.server.flask.application self._prepare_impl()
[Mon Apr 13 17:29:36.740024 2026] [wsgi:error] [pid 10:tid 139821157086912] [remote 10.0.0.228:60994] 2026-04-13 17:29:36.724 10 ERROR keystone.server.flask.application File "", line 2, in _prepare_impl
[Mon Apr 13 17:29:36.740027 2026] [wsgi:error] [pid 10:tid 139821157086912] [remote 10.0.0.228:60994] 2026-04-13 17:29:36.724 10 ERROR keystone.server.flask.application
File "/var/lib/openstack/lib/python3.12/site-packages/sqlalchemy/orm/state_changes.py", line 137, in _go
[Mon Apr 13 17:29:36.740031 2026] [wsgi:error] [pid 10:tid 139821157086912] [remote 10.0.0.228:60994] 2026-04-13 17:29:36.724 10 ERROR keystone.server.flask.application ret_value = fn(self, *arg, **kw)
[Mon Apr 13 17:29:36.740034 2026] [wsgi:error] [pid 10:tid 139821157086912] [remote 10.0.0.228:60994] 2026-04-13 17:29:36.724 10 ERROR keystone.server.flask.application ^^^^^^^^^^^^^^^^^^^^
[Mon Apr 13 17:29:36.740037 2026] [wsgi:error] [pid 10:tid 139821157086912] [remote 10.0.0.228:60994] 2026-04-13 17:29:36.724 10 ERROR keystone.server.flask.application
File "/var/lib/openstack/lib/python3.12/site-packages/sqlalchemy/orm/session.py", line 1286, in _prepare_impl
[Mon Apr 13 17:29:36.740040 2026] [wsgi:error] [pid 10:tid 139821157086912] [remote 10.0.0.228:60994] 2026-04-13 17:29:36.724 10 ERROR keystone.server.flask.application self.session.flush()
[Mon Apr 13 17:29:36.740042 2026] [wsgi:error] [pid 10:tid 139821157086912] [remote 10.0.0.228:60994] 2026-04-13 17:29:36.724 10 ERROR keystone.server.flask.application
File "/var/lib/openstack/lib/python3.12/site-packages/sqlalchemy/orm/session.py", line 4331, in flush
[Mon Apr 13 17:29:36.740044 2026] [wsgi:error] [pid 10:tid 139821157086912] [remote 10.0.0.228:60994] 2026-04-13 17:29:36.724 10 ERROR keystone.server.flask.application self._flush(objects)
[Mon Apr 13 17:29:36.740048 2026] [wsgi:error] [pid 10:tid 139821157086912] [remote 10.0.0.228:60994] 2026-04-13 17:29:36.724 10 ERROR keystone.server.flask.application
File "/var/lib/openstack/lib/python3.12/site-packages/sqlalchemy/orm/session.py", line 4466, in _flush
[Mon Apr 13 17:29:36.740051 2026] [wsgi:error] [pid 10:tid 139821157086912] [remote 10.0.0.228:60994] 2026-04-13 17:29:36.724 10 ERROR keystone.server.flask.application with util.safe_reraise():
[Mon Apr 13 17:29:36.740055 2026] [wsgi:error] [pid 10:tid 139821157086912] [remote 10.0.0.228:60994] 2026-04-13 17:29:36.724 10 ERROR keystone.server.flask.application
File "/var/lib/openstack/lib/python3.12/site-packages/sqlalchemy/util/langhelpers.py", line 121, in __exit__
[Mon Apr 13 17:29:36.740058 2026] [wsgi:error] [pid 10:tid 139821157086912] [remote 10.0.0.228:60994] 2026-04-13 17:29:36.724 10 ERROR keystone.server.flask.application raise exc_value.with_traceback(exc_tb)
[Mon Apr 13 17:29:36.740082 2026] [wsgi:error] [pid 10:tid 139821157086912] [remote 10.0.0.228:60994] 2026-04-13 17:29:36.724 10 ERROR keystone.server.flask.application
File "/var/lib/openstack/lib/python3.12/site-packages/sqlalchemy/orm/session.py", line 4427, in _flush
[Mon Apr 13 17:29:36.740085 2026] [wsgi:error] [pid 10:tid 139821157086912] [remote 10.0.0.228:60994] 2026-04-13 17:29:36.724 10 ERROR keystone.server.flask.application flush_context.execute()
[Mon Apr 13 17:29:36.740088 2026] [wsgi:error] [pid 10:tid 139821157086912] [remote 10.0.0.228:60994] 2026-04-13 17:29:36.724 10 ERROR keystone.server.flask.application
