Jun 04 09:38:37.179056 np0000178526 systemd[1]: Starting devstack@n-api-meta.service - Devstack devstack@n-api-meta.service...
Jun 04 09:38:37.185778 np0000178526 devstack@n-api-meta.service[108313]: [uWSGI] getting INI configuration from /etc/nova/nova-metadata-uwsgi.ini
Jun 04 09:38:37.188994 np0000178526 devstack@n-api-meta.service[108313]: *** Starting uWSGI 2.0.24-debian (64bit) on [Thu Jun 4 09:38:37 2026] ***
Jun 04 09:38:37.188994 np0000178526 devstack@n-api-meta.service[108313]: compiled with version: 13.2.0 on 17 April 2024 16:23:48
Jun 04 09:38:37.188994 np0000178526 devstack@n-api-meta.service[108313]: os: Linux-6.8.0-124-generic #124-Ubuntu SMP PREEMPT_DYNAMIC Tue May 26 13:00:45 UTC 2026
Jun 04 09:38:37.188994 np0000178526 devstack@n-api-meta.service[108313]: nodename: np0000178526
Jun 04 09:38:37.188994 np0000178526 devstack@n-api-meta.service[108313]: machine: x86_64
Jun 04 09:38:37.188994 np0000178526 devstack@n-api-meta.service[108313]: clock source: unix
Jun 04 09:38:37.188994 np0000178526 devstack@n-api-meta.service[108313]: pcre jit disabled
Jun 04 09:38:37.188994 np0000178526 devstack@n-api-meta.service[108313]: detected number of CPU cores: 16
Jun 04 09:38:37.188994 np0000178526 devstack@n-api-meta.service[108313]: current working directory: /
Jun 04 09:38:37.188994 np0000178526 devstack@n-api-meta.service[108313]: detected binary path: /usr/bin/uwsgi-core
Jun 04 09:38:37.188994 np0000178526 devstack@n-api-meta.service[108313]: your processes number limit is 256917
Jun 04 09:38:37.188994 np0000178526 devstack@n-api-meta.service[108313]: your memory page size is 4096 bytes
Jun 04 09:38:37.188994 np0000178526 devstack@n-api-meta.service[108313]: detected max file descriptor number: 2048
Jun 04 09:38:37.188994 np0000178526 devstack@n-api-meta.service[108313]: lock engine: pthread robust mutexes
Jun 04 09:38:37.189789 np0000178526 devstack@n-api-meta.service[108313]: thunder lock: enabled
Jun 04 09:38:37.189789 np0000178526 devstack@n-api-meta.service[108313]: uWSGI http bound on 0.0.0.0:8775 fd 5
Jun 04 09:38:37.189789 np0000178526 devstack@n-api-meta.service[108313]: uwsgi socket 0 bound to TCP address 127.0.0.1:39293 (port auto-assigned) fd 4
Jun 04 09:38:37.189789 np0000178526 devstack@n-api-meta.service[108313]: Python version: 3.12.3 (main, Mar 23 2026, 19:04:32) [GCC 13.3.0]
Jun 04 09:38:37.189789 np0000178526 devstack@n-api-meta.service[108313]: PEP 405 virtualenv detected: /opt/stack/data/venv
Jun 04 09:38:37.189789 np0000178526 devstack@n-api-meta.service[108313]: Set PythonHome to /opt/stack/data/venv
Jun 04 09:38:37.223004 np0000178526 devstack@n-api-meta.service[108313]: Python main interpreter initialized at 0x7e693c8a3668
Jun 04 09:38:37.223004 np0000178526 devstack@n-api-meta.service[108313]: python threads support enabled
Jun 04 09:38:37.223004 np0000178526 devstack@n-api-meta.service[108313]: your server socket listen backlog is limited to 100 connections
Jun 04 09:38:37.223004 np0000178526 devstack@n-api-meta.service[108313]: your mercy for graceful operations on workers is 80 seconds
Jun 04 09:38:37.223491 np0000178526 devstack@n-api-meta.service[108313]: mapped 671795 bytes (656 KB) for 4 cores
Jun 04 09:38:37.223623 np0000178526 devstack@n-api-meta.service[108313]: *** Operational MODE: preforking ***
Jun 04 09:38:37.223774 np0000178526 devstack@n-api-meta.service[108313]: *** uWSGI is running in multiple interpreter mode ***
Jun 04 09:38:37.223774 np0000178526 devstack@n-api-meta.service[108313]: spawned uWSGI master process (pid: 108313)
Jun 04 09:38:37.223979 np0000178526 systemd[1]: Started devstack@n-api-meta.service - Devstack devstack@n-api-meta.service.
Jun 04 09:38:37.224383 np0000178526 devstack@n-api-meta.service[108313]: spawned uWSGI worker 1 (pid: 108314, cores: 1)
Jun 04 09:38:37.224918 np0000178526 devstack@n-api-meta.service[108313]: spawned uWSGI worker 2 (pid: 108315, cores: 1)
Jun 04 09:38:37.225361 np0000178526 devstack@n-api-meta.service[108313]: spawned uWSGI worker 3 (pid: 108316, cores: 1)
Jun 04 09:38:37.225833 np0000178526 devstack@n-api-meta.service[108313]: spawned uWSGI worker 4 (pid: 108317, cores: 1)
Jun 04 09:38:37.226299 np0000178526 devstack@n-api-meta.service[108313]: spawned uWSGI http 1 (pid: 108318)
Jun 04 09:38:37.226299 np0000178526 devstack@n-api-meta.service[108313]: running "unix_signal:15 gracefully_kill_them_all" (master-start)...
Jun 04 09:38:38.821747 np0000178526 devstack@n-api-meta.service[108316]: INFO dbcounter [None req-e81d02c0-afb0-4d98-ac01-5e357048f2c5 None None] Registered counter for database nova_api
Jun 04 09:38:38.858025 np0000178526 devstack@n-api-meta.service[108314]: INFO dbcounter [None req-fef3857c-765f-4ad5-b105-2a812819c8c6 None None] Registered counter for database nova_api
Jun 04 09:38:38.868070 np0000178526 devstack@n-api-meta.service[108316]: DEBUG oslo_db.sqlalchemy.engines [None req-e81d02c0-afb0-4d98-ac01-5e357048f2c5 None None] MySQL server mode set to STRICT_TRANS_TABLES,STRICT_ALL_TABLES,NO_ZERO_IN_DATE,NO_ZERO_DATE,ERROR_FOR_DIVISION_BY_ZERO,TRADITIONAL,NO_ENGINE_SUBSTITUTION {{(pid=108316) _check_effective_sql_mode /opt/stack/data/venv/lib/python3.12/site-packages/oslo_db/sqlalchemy/engines.py:325}}
Jun 04 09:38:38.872919 np0000178526 devstack@n-api-meta.service[108315]: INFO dbcounter [None req-6a06d846-7058-4460-aaa2-2b5080b00274 None None] Registered counter for database nova_api
Jun 04 09:38:38.899934 np0000178526 devstack@n-api-meta.service[108316]: DEBUG dbcounter [-] [108316] Writer thread running {{(pid=108316) stat_writer /opt/stack/data/venv/lib/python3.12/site-packages/dbcounter.py:102}}
Jun 04 09:38:38.903237 np0000178526 devstack@n-api-meta.service[108316]: DEBUG nova.context [None req-e81d02c0-afb0-4d98-ac01-5e357048f2c5 None None] Found 2 cells: 00000000-0000-0000-0000-000000000000(cell0),23bc8d38-bd58-4dfc-8a2e-1a42e832cdab(cell1) {{(pid=108316) load_cells /opt/stack/nova/nova/context.py:509}}
Jun 04 09:38:38.903237 np0000178526 devstack@n-api-meta.service[108316]: INFO nova.utils [None req-e81d02c0-afb0-4d98-ac01-5e357048f2c5 None None] The cell worker thread pool MainProcess.cell_worker is initialized
Jun 04 09:38:38.904256 np0000178526 devstack@n-api-meta.service[108316]: DEBUG oslo_concurrency.lockutils [None req-e81d02c0-afb0-4d98-ac01-5e357048f2c5 None None] Acquiring lock "00000000-0000-0000-0000-000000000000" by "nova.context.set_target_cell..get_or_set_cached_cell_and_set_connections" {{(pid=108316) inner /opt/stack/data/venv/lib/python3.12/site-packages/oslo_concurrency/lockutils.py:511}}
Jun 04 09:38:38.904413 np0000178526 devstack@n-api-meta.service[108316]: DEBUG oslo_concurrency.lockutils [None req-e81d02c0-afb0-4d98-ac01-5e357048f2c5 None None] Lock "00000000-0000-0000-0000-000000000000" acquired by "nova.context.set_target_cell..get_or_set_cached_cell_and_set_connections" :: waited 0.000s {{(pid=108316) inner /opt/stack/data/venv/lib/python3.12/site-packages/oslo_concurrency/lockutils.py:524}}
Jun 04 09:38:38.904764 np0000178526 devstack@n-api-meta.service[108316]: DEBUG oslo_concurrency.lockutils [None req-e81d02c0-afb0-4d98-ac01-5e357048f2c5 None None] Lock "00000000-0000-0000-0000-000000000000" "released" by "nova.context.set_target_cell..get_or_set_cached_cell_and_set_connections" :: held 0.000s {{(pid=108316) inner /opt/stack/data/venv/lib/python3.12/site-packages/oslo_concurrency/lockutils.py:543}}
Jun 04 09:38:38.905407 np0000178526 devstack@n-api-meta.service[108316]: DEBUG oslo_concurrency.lockutils [None req-e81d02c0-afb0-4d98-ac01-5e357048f2c5 None None] Acquiring lock "23bc8d38-bd58-4dfc-8a2e-1a42e832cdab" by "nova.context.set_target_cell..get_or_set_cached_cell_and_set_connections" {{(pid=108316) inner /opt/stack/data/venv/lib/python3.12/site-packages/oslo_concurrency/lockutils.py:511}}
Jun 04 09:38:38.905546 np0000178526 devstack@n-api-meta.service[108316]: DEBUG oslo_concurrency.lockutils [None req-e81d02c0-afb0-4d98-ac01-5e357048f2c5 None None] Lock "23bc8d38-bd58-4dfc-8a2e-1a42e832cdab" acquired by "nova.context.set_target_cell..get_or_set_cached_cell_and_set_connections" :: waited 0.000s {{(pid=108316) inner /opt/stack/data/venv/lib/python3.12/site-packages/oslo_concurrency/lockutils.py:524}}
Jun 04 09:38:38.908475 np0000178526 devstack@n-api-meta.service[108316]: INFO dbcounter [None req-e81d02c0-afb0-4d98-ac01-5e357048f2c5 None None] Registered counter for database nova_cell0
Jun 04 09:38:38.909946 np0000178526 devstack@n-api-meta.service[108316]: DEBUG oslo_concurrency.lockutils [None req-e81d02c0-afb0-4d98-ac01-5e357048f2c5 None None] Lock "23bc8d38-bd58-4dfc-8a2e-1a42e832cdab" "released" by "nova.context.set_target_cell..get_or_set_cached_cell_and_set_connections" :: held 0.003s {{(pid=108316) inner /opt/stack/data/venv/lib/python3.12/site-packages/oslo_concurrency/lockutils.py:543}}
Jun 04 09:38:38.912311 np0000178526 devstack@n-api-meta.service[108314]: DEBUG oslo_db.sqlalchemy.engines [None req-fef3857c-765f-4ad5-b105-2a812819c8c6 None None] MySQL server mode set to STRICT_TRANS_TABLES,STRICT_ALL_TABLES,NO_ZERO_IN_DATE,NO_ZERO_DATE,ERROR_FOR_DIVISION_BY_ZERO,TRADITIONAL,NO_ENGINE_SUBSTITUTION {{(pid=108314) _check_effective_sql_mode /opt/stack/data/venv/lib/python3.12/site-packages/oslo_db/sqlalchemy/engines.py:325}}
Jun 04 09:38:38.913756 np0000178526 devstack@n-api-meta.service[108316]: INFO dbcounter [None req-e81d02c0-afb0-4d98-ac01-5e357048f2c5 None None] Registered counter for database nova_cell1
Jun 04 09:38:38.922141 np0000178526 devstack@n-api-meta.service[108315]: DEBUG oslo_db.sqlalchemy.engines [None req-6a06d846-7058-4460-aaa2-2b5080b00274 None None] MySQL server mode set to STRICT_TRANS_TABLES,STRICT_ALL_TABLES,NO_ZERO_IN_DATE,NO_ZERO_DATE,ERROR_FOR_DIVISION_BY_ZERO,TRADITIONAL,NO_ENGINE_SUBSTITUTION {{(pid=108315) _check_effective_sql_mode /opt/stack/data/venv/lib/python3.12/site-packages/oslo_db/sqlalchemy/engines.py:325}}
Jun 04 09:38:38.936769 np0000178526 devstack@n-api-meta.service[108317]: INFO dbcounter [None req-35f5a6de-250b-4785-9d69-b3e973e71ed0 None None] Registered counter for database nova_api
Jun 04 09:38:38.949186 np0000178526 devstack@n-api-meta.service[108314]: DEBUG dbcounter [-] [108314] Writer thread running {{(pid=108314) stat_writer /opt/stack/data/venv/lib/python3.12/site-packages/dbcounter.py:102}}
Jun 04 09:38:38.951301 np0000178526 devstack@n-api-meta.service[108314]: DEBUG nova.context [None req-fef3857c-765f-4ad5-b105-2a812819c8c6 None None] Found 2 cells: 00000000-0000-0000-0000-000000000000(cell0),23bc8d38-bd58-4dfc-8a2e-1a42e832cdab(cell1) {{(pid=108314) load_cells /opt/stack/nova/nova/context.py:509}}
Jun 04 09:38:38.951575 np0000178526 devstack@n-api-meta.service[108314]: INFO nova.utils [None req-fef3857c-765f-4ad5-b105-2a812819c8c6 None None] The cell worker thread pool MainProcess.cell_worker is initialized
Jun 04 09:38:38.953458 np0000178526 devstack@n-api-meta.service[108314]: DEBUG oslo_concurrency.lockutils [None req-fef3857c-765f-4ad5-b105-2a812819c8c6 None None] Acquiring lock "00000000-0000-0000-0000-000000000000" by "nova.context.set_target_cell..get_or_set_cached_cell_and_set_connections" {{(pid=108314) inner /opt/stack/data/venv/lib/python3.12/site-packages/oslo_concurrency/lockutils.py:511}}
Jun 04 09:38:38.953618 np0000178526 devstack@n-api-meta.service[108314]: DEBUG oslo_concurrency.lockutils [None req-fef3857c-765f-4ad5-b105-2a812819c8c6 None None] Lock "00000000-0000-0000-0000-000000000000" acquired by "nova.context.set_target_cell..get_or_set_cached_cell_and_set_connections" :: waited 0.000s {{(pid=108314) inner /opt/stack/data/venv/lib/python3.12/site-packages/oslo_concurrency/lockutils.py:524}}
Jun 04 09:38:38.954009 np0000178526 devstack@n-api-meta.service[108314]: DEBUG oslo_concurrency.lockutils [None req-fef3857c-765f-4ad5-b105-2a812819c8c6 None None] Lock "00000000-0000-0000-0000-000000000000" "released" by "nova.context.set_target_cell..get_or_set_cached_cell_and_set_connections" :: held 0.000s {{(pid=108314) inner /opt/stack/data/venv/lib/python3.12/site-packages/oslo_concurrency/lockutils.py:543}}
Jun 04 09:38:38.954805 np0000178526 devstack@n-api-meta.service[108314]: DEBUG oslo_concurrency.lockutils [None req-fef3857c-765f-4ad5-b105-2a812819c8c6 None None] Acquiring lock "23bc8d38-bd58-4dfc-8a2e-1a42e832cdab" by "nova.context.set_target_cell..get_or_set_cached_cell_and_set_connections" {{(pid=108314) inner /opt/stack/data/venv/lib/python3.12/site-packages/oslo_concurrency/lockutils.py:511}}
Jun 04 09:38:38.954951 np0000178526 devstack@n-api-meta.service[108314]: DEBUG oslo_concurrency.lockutils [None req-fef3857c-765f-4ad5-b105-2a812819c8c6 None None] Lock "23bc8d38-bd58-4dfc-8a2e-1a42e832cdab" acquired by "nova.context.set_target_cell..get_or_set_cached_cell_and_set_connections" :: waited 0.000s {{(pid=108314) inner /opt/stack/data/venv/lib/python3.12/site-packages/oslo_concurrency/lockutils.py:524}}
Jun 04 09:38:38.955942 np0000178526 devstack@n-api-meta.service[108314]: DEBUG oslo_concurrency.lockutils [None req-fef3857c-765f-4ad5-b105-2a812819c8c6 None None] Lock "23bc8d38-bd58-4dfc-8a2e-1a42e832cdab" "released" by "nova.context.set_target_cell..get_or_set_cached_cell_and_set_connections" :: held 0.001s {{(pid=108314) inner /opt/stack/data/venv/lib/python3.12/site-packages/oslo_concurrency/lockutils.py:543}}
Jun 04 09:38:38.957428 np0000178526 devstack@n-api-meta.service[108315]: DEBUG dbcounter [-] [108315] Writer thread running {{(pid=108315) stat_writer /opt/stack/data/venv/lib/python3.12/site-packages/dbcounter.py:102}}
Jun 04 09:38:38.959145 np0000178526 devstack@n-api-meta.service[108314]: INFO dbcounter [None req-fef3857c-765f-4ad5-b105-2a812819c8c6 None None] Registered counter for database nova_cell0
Jun 04 09:38:38.960175 np0000178526 devstack@n-api-meta.service[108315]: DEBUG nova.context [None req-6a06d846-7058-4460-aaa2-2b5080b00274 None None] Found 2 cells: 00000000-0000-0000-0000-000000000000(cell0),23bc8d38-bd58-4dfc-8a2e-1a42e832cdab(cell1) {{(pid=108315) load_cells /opt/stack/nova/nova/context.py:509}}
Jun 04 09:38:38.960423 np0000178526 devstack@n-api-meta.service[108315]: INFO nova.utils [None req-6a06d846-7058-4460-aaa2-2b5080b00274 None None] The cell worker thread pool MainProcess.cell_worker is initialized
Jun 04 09:38:38.962315 np0000178526 devstack@n-api-meta.service[108315]: DEBUG oslo_concurrency.lockutils [None req-6a06d846-7058-4460-aaa2-2b5080b00274 None None] Acquiring lock "00000000-0000-0000-0000-000000000000" by "nova.context.set_target_cell..get_or_set_cached_cell_and_set_connections" {{(pid=108315) inner /opt/stack/data/venv/lib/python3.12/site-packages/oslo_concurrency/lockutils.py:511}}
Jun 04 09:38:38.962609 np0000178526 devstack@n-api-meta.service[108315]: DEBUG oslo_concurrency.lockutils [None req-6a06d846-7058-4460-aaa2-2b5080b00274 None None] Lock "00000000-0000-0000-0000-000000000000" acquired by "nova.context.set_target_cell..get_or_set_cached_cell_and_set_connections" :: waited 0.000s {{(pid=108315) inner /opt/stack/data/venv/lib/python3.12/site-packages/oslo_concurrency/lockutils.py:524}}
Jun 04 09:38:38.963182 np0000178526 devstack@n-api-meta.service[108315]: DEBUG oslo_concurrency.lockutils [None req-6a06d846-7058-4460-aaa2-2b5080b00274 None None] Lock "00000000-0000-0000-0000-000000000000" "released" by "nova.context.set_target_cell..get_or_set_cached_cell_and_set_connections" :: held 0.001s {{(pid=108315) inner /opt/stack/data/venv/lib/python3.12/site-packages/oslo_concurrency/lockutils.py:543}}
Jun 04 09:38:38.963749 np0000178526 devstack@n-api-meta.service[108314]: INFO dbcounter [None req-fef3857c-765f-4ad5-b105-2a812819c8c6 None None] Registered counter for database nova_cell1
Jun 04 09:38:38.964187 np0000178526 devstack@n-api-meta.service[108315]: DEBUG oslo_concurrency.lockutils [None req-6a06d846-7058-4460-aaa2-2b5080b00274 None None] Acquiring lock "23bc8d38-bd58-4dfc-8a2e-1a42e832cdab" by "nova.context.set_target_cell..get_or_set_cached_cell_and_set_connections" {{(pid=108315) inner /opt/stack/data/venv/lib/python3.12/site-packages/oslo_concurrency/lockutils.py:511}}
Jun 04 09:38:38.964419 np0000178526 devstack@n-api-meta.service[108315]: DEBUG oslo_concurrency.lockutils [None req-6a06d846-7058-4460-aaa2-2b5080b00274 None None] Lock "23bc8d38-bd58-4dfc-8a2e-1a42e832cdab" acquired by "nova.context.set_target_cell..get_or_set_cached_cell_and_set_connections" :: waited 0.000s {{(pid=108315) inner /opt/stack/data/venv/lib/python3.12/site-packages/oslo_concurrency/lockutils.py:524}}
Jun 04 09:38:38.967989 np0000178526 devstack@n-api-meta.service[108315]: INFO dbcounter [None req-6a06d846-7058-4460-aaa2-2b5080b00274 None None] Registered counter for database nova_cell0
Jun 04 09:38:38.969771 np0000178526 devstack@n-api-meta.service[108315]: DEBUG oslo_concurrency.lockutils [None req-6a06d846-7058-4460-aaa2-2b5080b00274 None None] Lock "23bc8d38-bd58-4dfc-8a2e-1a42e832cdab" "released" by "nova.context.set_target_cell..get_or_set_cached_cell_and_set_connections" :: held 0.003s {{(pid=108315) inner /opt/stack/data/venv/lib/python3.12/site-packages/oslo_concurrency/lockutils.py:543}}
Jun 04 09:38:38.972502 np0000178526 devstack@n-api-meta.service[108315]: INFO dbcounter [None req-6a06d846-7058-4460-aaa2-2b5080b00274 None None] Registered counter for database nova_cell1
Jun 04 09:38:38.985545 np0000178526 devstack@n-api-meta.service[108317]: DEBUG oslo_db.sqlalchemy.engines [None req-35f5a6de-250b-4785-9d69-b3e973e71ed0 None None] MySQL server mode set to STRICT_TRANS_TABLES,STRICT_ALL_TABLES,NO_ZERO_IN_DATE,NO_ZERO_DATE,ERROR_FOR_DIVISION_BY_ZERO,TRADITIONAL,NO_ENGINE_SUBSTITUTION {{(pid=108317) _check_effective_sql_mode /opt/stack/data/venv/lib/python3.12/site-packages/oslo_db/sqlalchemy/engines.py:325}}
Jun 04 09:38:38.990046 np0000178526 devstack@n-api-meta.service[108316]: DEBUG oslo_db.sqlalchemy.engines [None req-e81d02c0-afb0-4d98-ac01-5e357048f2c5 None None] MySQL server mode set to STRICT_TRANS_TABLES,STRICT_ALL_TABLES,NO_ZERO_IN_DATE,NO_ZERO_DATE,ERROR_FOR_DIVISION_BY_ZERO,TRADITIONAL,NO_ENGINE_SUBSTITUTION {{(pid=108316) _check_effective_sql_mode /opt/stack/data/venv/lib/python3.12/site-packages/oslo_db/sqlalchemy/engines.py:325}}
Jun 04 09:38:38.995901 np0000178526 devstack@n-api-meta.service[108316]: DEBUG oslo_db.sqlalchemy.engines [None req-e81d02c0-afb0-4d98-ac01-5e357048f2c5 None None] MySQL server mode set to STRICT_TRANS_TABLES,STRICT_ALL_TABLES,NO_ZERO_IN_DATE,NO_ZERO_DATE,ERROR_FOR_DIVISION_BY_ZERO,TRADITIONAL,NO_ENGINE_SUBSTITUTION {{(pid=108316) _check_effective_sql_mode /opt/stack/data/venv/lib/python3.12/site-packages/oslo_db/sqlalchemy/engines.py:325}}
Jun 04 09:38:39.019807 np0000178526 devstack@n-api-meta.service[108317]: DEBUG dbcounter [-] [108317] Writer thread running {{(pid=108317) stat_writer /opt/stack/data/venv/lib/python3.12/site-packages/dbcounter.py:102}}
Jun 04 09:38:39.022210 np0000178526 devstack@n-api-meta.service[108317]: DEBUG nova.context [None req-35f5a6de-250b-4785-9d69-b3e973e71ed0 None None] Found 2 cells: 00000000-0000-0000-0000-000000000000(cell0),23bc8d38-bd58-4dfc-8a2e-1a42e832cdab(cell1) {{(pid=108317) load_cells /opt/stack/nova/nova/context.py:509}}
Jun 04 09:38:39.022465 np0000178526 devstack@n-api-meta.service[108317]: INFO nova.utils [None req-35f5a6de-250b-4785-9d69-b3e973e71ed0 None None] The cell worker thread pool MainProcess.cell_worker is initialized
Jun 04 09:38:39.024298 np0000178526 devstack@n-api-meta.service[108317]: DEBUG oslo_concurrency.lockutils [None req-35f5a6de-250b-4785-9d69-b3e973e71ed0 None None] Acquiring lock "00000000-0000-0000-0000-000000000000" by "nova.context.set_target_cell..get_or_set_cached_cell_and_set_connections" {{(pid=108317) inner /opt/stack/data/venv/lib/python3.12/site-packages/oslo_concurrency/lockutils.py:511}}
Jun 04 09:38:39.024468 np0000178526 devstack@n-api-meta.service[108317]: DEBUG oslo_concurrency.lockutils [None req-35f5a6de-250b-4785-9d69-b3e973e71ed0 None None] Lock "00000000-0000-0000-0000-000000000000" acquired by "nova.context.set_target_cell..get_or_set_cached_cell_and_set_connections" :: waited 0.000s {{(pid=108317) inner /opt/stack/data/venv/lib/python3.12/site-packages/oslo_concurrency/lockutils.py:524}}
Jun 04 09:38:39.024852 np0000178526 devstack@n-api-meta.service[108317]: DEBUG oslo_concurrency.lockutils [None req-35f5a6de-250b-4785-9d69-b3e973e71ed0 None None] Lock "00000000-0000-0000-0000-000000000000" "released" by "nova.context.set_target_cell..get_or_set_cached_cell_and_set_connections" :: held 0.000s {{(pid=108317) inner /opt/stack/data/venv/lib/python3.12/site-packages/oslo_concurrency/lockutils.py:543}}
Jun 04 09:38:39.025557 np0000178526 devstack@n-api-meta.service[108317]: DEBUG oslo_concurrency.lockutils [None req-35f5a6de-250b-4785-9d69-b3e973e71ed0 None None] Acquiring lock "23bc8d38-bd58-4dfc-8a2e-1a42e832cdab" by "nova.context.set_target_cell..get_or_set_cached_cell_and_set_connections" {{(pid=108317) inner /opt/stack/data/venv/lib/python3.12/site-packages/oslo_concurrency/lockutils.py:511}}
Jun 04 09:38:39.025694 np0000178526 devstack@n-api-meta.service[108317]: DEBUG oslo_concurrency.lockutils [None req-35f5a6de-250b-4785-9d69-b3e973e71ed0 None None] Lock "23bc8d38-bd58-4dfc-8a2e-1a42e832cdab" acquired by "nova.context.set_target_cell..get_or_set_cached_cell_and_set_connections" :: waited 0.000s {{(pid=108317) inner /opt/stack/data/venv/lib/python3.12/site-packages/oslo_concurrency/lockutils.py:524}}
Jun 04 09:38:39.026604 np0000178526 devstack@n-api-meta.service[108317]: DEBUG oslo_concurrency.lockutils [None req-35f5a6de-250b-4785-9d69-b3e973e71ed0 None None] Lock "23bc8d38-bd58-4dfc-8a2e-1a42e832cdab" "released" by "nova.context.set_target_cell..get_or_set_cached_cell_and_set_connections" :: held 0.001s {{(pid=108317) inner /opt/stack/data/venv/lib/python3.12/site-packages/oslo_concurrency/lockutils.py:543}}
Jun 04 09:38:39.029589 np0000178526 devstack@n-api-meta.service[108317]: INFO dbcounter [None req-35f5a6de-250b-4785-9d69-b3e973e71ed0 None None] Registered counter for database nova_cell0
Jun 04 09:38:39.034843 np0000178526 devstack@n-api-meta.service[108317]: INFO dbcounter [None req-35f5a6de-250b-4785-9d69-b3e973e71ed0 None None] Registered counter for database nova_cell1
Jun 04 09:38:39.036074 np0000178526 devstack@n-api-meta.service[108314]: DEBUG oslo_db.sqlalchemy.engines [None req-fef3857c-765f-4ad5-b105-2a812819c8c6 None None] MySQL server mode set to STRICT_TRANS_TABLES,STRICT_ALL_TABLES,NO_ZERO_IN_DATE,NO_ZERO_DATE,ERROR_FOR_DIVISION_BY_ZERO,TRADITIONAL,NO_ENGINE_SUBSTITUTION {{(pid=108314) _check_effective_sql_mode /opt/stack/data/venv/lib/python3.12/site-packages/oslo_db/sqlalchemy/engines.py:325}}
Jun 04 09:38:39.036633 np0000178526 devstack@n-api-meta.service[108314]: DEBUG oslo_db.sqlalchemy.engines [None req-fef3857c-765f-4ad5-b105-2a812819c8c6 None None] MySQL server mode set to STRICT_TRANS_TABLES,STRICT_ALL_TABLES,NO_ZERO_IN_DATE,NO_ZERO_DATE,ERROR_FOR_DIVISION_BY_ZERO,TRADITIONAL,NO_ENGINE_SUBSTITUTION {{(pid=108314) _check_effective_sql_mode /opt/stack/data/venv/lib/python3.12/site-packages/oslo_db/sqlalchemy/engines.py:325}}
Jun 04 09:38:39.039277 np0000178526 devstack@n-api-meta.service[108315]: DEBUG oslo_db.sqlalchemy.engines [None req-6a06d846-7058-4460-aaa2-2b5080b00274 None None] MySQL server mode set to STRICT_TRANS_TABLES,STRICT_ALL_TABLES,NO_ZERO_IN_DATE,NO_ZERO_DATE,ERROR_FOR_DIVISION_BY_ZERO,TRADITIONAL,NO_ENGINE_SUBSTITUTION {{(pid=108315) _check_effective_sql_mode /opt/stack/data/venv/lib/python3.12/site-packages/oslo_db/sqlalchemy/engines.py:325}}
Jun 04 09:38:39.084394 np0000178526 devstack@n-api-meta.service[108316]: DEBUG dbcounter [-] [108316] Writer thread running {{(pid=108316) stat_writer /opt/stack/data/venv/lib/python3.12/site-packages/dbcounter.py:102}}
Jun 04 09:38:39.090081 np0000178526 devstack@n-api-meta.service[108316]: DEBUG dbcounter [-] [108316] Writer thread running {{(pid=108316) stat_writer /opt/stack/data/venv/lib/python3.12/site-packages/dbcounter.py:102}}
Jun 04 09:38:39.101249 np0000178526 devstack@n-api-meta.service[108316]: INFO dbcounter [None req-e81d02c0-afb0-4d98-ac01-5e357048f2c5 None None] Registered counter for database nova_cell0
Jun 04 09:38:39.110760 np0000178526 devstack@n-api-meta.service[108315]: DEBUG oslo_db.sqlalchemy.engines [None req-6a06d846-7058-4460-aaa2-2b5080b00274 None None] MySQL server mode set to STRICT_TRANS_TABLES,STRICT_ALL_TABLES,NO_ZERO_IN_DATE,NO_ZERO_DATE,ERROR_FOR_DIVISION_BY_ZERO,TRADITIONAL,NO_ENGINE_SUBSTITUTION {{(pid=108315) _check_effective_sql_mode /opt/stack/data/venv/lib/python3.12/site-packages/oslo_db/sqlalchemy/engines.py:325}}
Jun 04 09:38:39.113532 np0000178526 devstack@n-api-meta.service[108317]: DEBUG oslo_db.sqlalchemy.engines [None req-35f5a6de-250b-4785-9d69-b3e973e71ed0 None None] MySQL server mode set to STRICT_TRANS_TABLES,STRICT_ALL_TABLES,NO_ZERO_IN_DATE,NO_ZERO_DATE,ERROR_FOR_DIVISION_BY_ZERO,TRADITIONAL,NO_ENGINE_SUBSTITUTION {{(pid=108317) _check_effective_sql_mode /opt/stack/data/venv/lib/python3.12/site-packages/oslo_db/sqlalchemy/engines.py:325}}
Jun 04 09:38:39.119849 np0000178526 devstack@n-api-meta.service[108317]: DEBUG oslo_db.sqlalchemy.engines [None req-35f5a6de-250b-4785-9d69-b3e973e71ed0 None None] MySQL server mode set to STRICT_TRANS_TABLES,STRICT_ALL_TABLES,NO_ZERO_IN_DATE,NO_ZERO_DATE,ERROR_FOR_DIVISION_BY_ZERO,TRADITIONAL,NO_ENGINE_SUBSTITUTION {{(pid=108317) _check_effective_sql_mode /opt/stack/data/venv/lib/python3.12/site-packages/oslo_db/sqlalchemy/engines.py:325}}
Jun 04 09:38:39.124299 np0000178526 devstack@n-api-meta.service[108315]: DEBUG dbcounter [-] [108315] Writer thread running {{(pid=108315) stat_writer /opt/stack/data/venv/lib/python3.12/site-packages/dbcounter.py:102}}
Jun 04 09:38:39.133690 np0000178526 devstack@n-api-meta.service[108315]: DEBUG dbcounter [-] [108315] Writer thread running {{(pid=108315) stat_writer /opt/stack/data/venv/lib/python3.12/site-packages/dbcounter.py:102}}
Jun 04 09:38:39.137887 np0000178526 devstack@n-api-meta.service[108315]: INFO dbcounter [None req-6a06d846-7058-4460-aaa2-2b5080b00274 None None] Registered counter for database nova_cell0
Jun 04 09:38:39.143380 np0000178526 devstack@n-api-meta.service[108314]: DEBUG dbcounter [-] [108314] Writer thread running {{(pid=108314) stat_writer /opt/stack/data/venv/lib/python3.12/site-packages/dbcounter.py:102}}
Jun 04 09:38:39.144077 np0000178526 devstack@n-api-meta.service[108314]: DEBUG dbcounter [-] [108314] Writer thread running {{(pid=108314) stat_writer /opt/stack/data/venv/lib/python3.12/site-packages/dbcounter.py:102}}
Jun 04 09:38:39.144277 np0000178526 devstack@n-api-meta.service[108316]: DEBUG oslo_db.sqlalchemy.engines [None req-e81d02c0-afb0-4d98-ac01-5e357048f2c5 None None] MySQL server mode set to STRICT_TRANS_TABLES,STRICT_ALL_TABLES,NO_ZERO_IN_DATE,NO_ZERO_DATE,ERROR_FOR_DIVISION_BY_ZERO,TRADITIONAL,NO_ENGINE_SUBSTITUTION {{(pid=108316) _check_effective_sql_mode /opt/stack/data/venv/lib/python3.12/site-packages/oslo_db/sqlalchemy/engines.py:325}}
Jun 04 09:38:39.149388 np0000178526 devstack@n-api-meta.service[108314]: INFO dbcounter [None req-fef3857c-765f-4ad5-b105-2a812819c8c6 None None] Registered counter for database nova_cell0
Jun 04 09:38:39.153130 np0000178526 devstack@n-api-meta.service[108316]: DEBUG dbcounter [-] [108316] Writer thread running {{(pid=108316) stat_writer /opt/stack/data/venv/lib/python3.12/site-packages/dbcounter.py:102}}
Jun 04 09:38:39.186634 np0000178526 devstack@n-api-meta.service[108315]: DEBUG oslo_db.sqlalchemy.engines [None req-6a06d846-7058-4460-aaa2-2b5080b00274 None None] MySQL server mode set to STRICT_TRANS_TABLES,STRICT_ALL_TABLES,NO_ZERO_IN_DATE,NO_ZERO_DATE,ERROR_FOR_DIVISION_BY_ZERO,TRADITIONAL,NO_ENGINE_SUBSTITUTION {{(pid=108315) _check_effective_sql_mode /opt/stack/data/venv/lib/python3.12/site-packages/oslo_db/sqlalchemy/engines.py:325}}
Jun 04 09:38:39.193921 np0000178526 devstack@n-api-meta.service[108316]: WARNING nova.api.metadata.handler [None req-e81d02c0-afb0-4d98-ac01-5e357048f2c5 None None] metadata_proxy_shared_secret is not configured, the metadata information returned by the proxy cannot be trusted
Jun 04 09:38:39.196095 np0000178526 devstack@n-api-meta.service[108316]: DEBUG nova.api.openstack.wsgi_app [None req-e81d02c0-afb0-4d98-ac01-5e357048f2c5 None None] ******************************************************************************** {{(pid=108316) log_opt_values /opt/stack/data/venv/lib/python3.12/site-packages/oslo_config/cfg.py:3229}}
Jun 04 09:38:39.196264 np0000178526 devstack@n-api-meta.service[108316]: DEBUG nova.api.openstack.wsgi_app [None req-e81d02c0-afb0-4d98-ac01-5e357048f2c5 None None] Configuration options gathered from: {{(pid=108316) log_opt_values /opt/stack/data/venv/lib/python3.12/site-packages/oslo_config/cfg.py:3230}}
Jun 04 09:38:39.196264 np0000178526 devstack@n-api-meta.service[108316]: DEBUG nova.api.openstack.wsgi_app [None req-e81d02c0-afb0-4d98-ac01-5e357048f2c5 None None] command line args: [] {{(pid=108316) log_opt_values /opt/stack/data/venv/lib/python3.12/site-packages/oslo_config/cfg.py:3231}}
Jun 04 09:38:39.196381 np0000178526 devstack@n-api-meta.service[108315]: DEBUG dbcounter [-] [108315] Writer thread running {{(pid=108315) stat_writer /opt/stack/data/venv/lib/python3.12/site-packages/dbcounter.py:102}}
Jun 04 09:38:39.196441 np0000178526 devstack@n-api-meta.service[108316]: DEBUG nova.api.openstack.wsgi_app [None req-e81d02c0-afb0-4d98-ac01-5e357048f2c5 None None] config files: ['/etc/nova/api-paste.ini', '/etc/nova/nova.conf'] {{(pid=108316) log_opt_values /opt/stack/data/venv/lib/python3.12/site-packages/oslo_config/cfg.py:3232}}
Jun 04 09:38:39.196527 np0000178526 devstack@n-api-meta.service[108316]: DEBUG nova.api.openstack.wsgi_app [None req-e81d02c0-afb0-4d98-ac01-5e357048f2c5 None None] ================================================================================ {{(pid=108316) log_opt_values /opt/stack/data/venv/lib/python3.12/site-packages/oslo_config/cfg.py:3237}}
Jun 04 09:38:39.196700 np0000178526 devstack@n-api-meta.service[108316]: DEBUG nova.api.openstack.wsgi_app [None req-e81d02c0-afb0-4d98-ac01-5e357048f2c5 None None] allow_resize_to_same_host = True {{(pid=108316) log_opt_values /opt/stack/data/venv/lib/python3.12/site-packages/oslo_config/cfg.py:3245}}
Jun 04 09:38:39.196852 np0000178526 devstack@n-api-meta.service[108316]: DEBUG nova.api.openstack.wsgi_app [None req-e81d02c0-afb0-4d98-ac01-5e357048f2c5 None None] arq_binding_timeout = 300 {{(pid=108316) log_opt_values /opt/stack/data/venv/lib/python3.12/site-packages/oslo_config/cfg.py:3245}}
Jun 04 09:38:39.196994 np0000178526 devstack@n-api-meta.service[108316]: DEBUG nova.api.openstack.wsgi_app [None req-e81d02c0-afb0-4d98-ac01-5e357048f2c5 None None] block_device_allocate_retries = 60 {{(pid=108316) log_opt_values /opt/stack/data/venv/lib/python3.12/site-packages/oslo_config/cfg.py:3245}}
Jun 04 09:38:39.197117 np0000178526 devstack@n-api-meta.service[108316]: DEBUG nova.api.openstack.wsgi_app [None req-e81d02c0-afb0-4d98-ac01-5e357048f2c5 None None] block_device_allocate_retries_interval = 3 {{(pid=108316) log_opt_values /opt/stack/data/venv/lib/python3.12/site-packages/oslo_config/cfg.py:3245}}
Jun 04 09:38:39.197242 np0000178526 devstack@n-api-meta.service[108316]: DEBUG nova.api.openstack.wsgi_app [None req-e81d02c0-afb0-4d98-ac01-5e357048f2c5 None None] cell_worker_thread_pool_size = 5 {{(pid=108316) log_opt_values /opt/stack/data/venv/lib/python3.12/site-packages/oslo_config/cfg.py:3245}}
Jun 04 09:38:39.197399 np0000178526 devstack@n-api-meta.service[108316]: DEBUG nova.api.openstack.wsgi_app [None req-e81d02c0-afb0-4d98-ac01-5e357048f2c5 None None] cert = self.pem {{(pid=108316) log_opt_values /opt/stack/data/venv/lib/python3.12/site-packages/oslo_config/cfg.py:3245}}
Jun 04 09:38:39.197506 np0000178526 devstack@n-api-meta.service[108316]: DEBUG nova.api.openstack.wsgi_app [None req-e81d02c0-afb0-4d98-ac01-5e357048f2c5 None None] compute_driver = libvirt.LibvirtDriver {{(pid=108316) log_opt_values /opt/stack/data/venv/lib/python3.12/site-packages/oslo_config/cfg.py:3245}}
Jun 04 09:38:39.197634 np0000178526 devstack@n-api-meta.service[108316]: DEBUG nova.api.openstack.wsgi_app [None req-e81d02c0-afb0-4d98-ac01-5e357048f2c5 None None] compute_monitors = [] {{(pid=108316) log_opt_values /opt/stack/data/venv/lib/python3.12/site-packages/oslo_config/cfg.py:3245}}
Jun 04 09:38:39.197817 np0000178526 devstack@n-api-meta.service[108316]: DEBUG nova.api.openstack.wsgi_app [None req-e81d02c0-afb0-4d98-ac01-5e357048f2c5 None None] config_dir = [] {{(pid=108316) log_opt_values /opt/stack/data/venv/lib/python3.12/site-packages/oslo_config/cfg.py:3245}}
Jun 04 09:38:39.197934 np0000178526 devstack@n-api-meta.service[108316]: DEBUG nova.api.openstack.wsgi_app [None req-e81d02c0-afb0-4d98-ac01-5e357048f2c5 None None] config_drive_format = iso9660 {{(pid=108316) log_opt_values /opt/stack/data/venv/lib/python3.12/site-packages/oslo_config/cfg.py:3245}}
Jun 04 09:38:39.198168 np0000178526 devstack@n-api-meta.service[108314]: DEBUG oslo_db.sqlalchemy.engines [None req-fef3857c-765f-4ad5-b105-2a812819c8c6 None None] MySQL server mode set to STRICT_TRANS_TABLES,STRICT_ALL_TABLES,NO_ZERO_IN_DATE,NO_ZERO_DATE,ERROR_FOR_DIVISION_BY_ZERO,TRADITIONAL,NO_ENGINE_SUBSTITUTION {{(pid=108314) _check_effective_sql_mode /opt/stack/data/venv/lib/python3.12/site-packages/oslo_db/sqlalchemy/engines.py:325}}
Jun 04 09:38:39.198260 np0000178526 devstack@n-api-meta.service[108316]: DEBUG nova.api.openstack.wsgi_app [None req-e81d02c0-afb0-4d98-ac01-5e357048f2c5 None None] config_file = ['/etc/nova/api-paste.ini', '/etc/nova/nova.conf'] {{(pid=108316) log_opt_values /opt/stack/data/venv/lib/python3.12/site-packages/oslo_config/cfg.py:3245}}
Jun 04 09:38:39.198260 np0000178526 devstack@n-api-meta.service[108316]: DEBUG nova.api.openstack.wsgi_app [None req-e81d02c0-afb0-4d98-ac01-5e357048f2c5 None None] config_source = [] {{(pid=108316) log_opt_values /opt/stack/data/venv/lib/python3.12/site-packages/oslo_config/cfg.py:3245}}
Jun 04 09:38:39.198260 np0000178526 devstack@n-api-meta.service[108316]: DEBUG nova.api.openstack.wsgi_app [None req-e81d02c0-afb0-4d98-ac01-5e357048f2c5 None None] console_host = np0000178526 {{(pid=108316) log_opt_values /opt/stack/data/venv/lib/python3.12/site-packages/oslo_config/cfg.py:3245}}
Jun 04 09:38:39.198434 np0000178526 devstack@n-api-meta.service[108316]: DEBUG nova.api.openstack.wsgi_app [None req-e81d02c0-afb0-4d98-ac01-5e357048f2c5 None None] control_exchange = nova {{(pid=108316) log_opt_values /opt/stack/data/venv/lib/python3.12/site-packages/oslo_config/cfg.py:3245}}
Jun 04 09:38:39.198532 np0000178526 devstack@n-api-meta.service[108316]: DEBUG nova.api.openstack.wsgi_app [None req-e81d02c0-afb0-4d98-ac01-5e357048f2c5 None None] cpu_allocation_ratio = None {{(pid=108316) log_opt_values /opt/stack/data/venv/lib/python3.12/site-packages/oslo_config/cfg.py:3245}}
Jun 04 09:38:39.198652 np0000178526 devstack@n-api-meta.service[108316]: DEBUG nova.api.openstack.wsgi_app [None req-e81d02c0-afb0-4d98-ac01-5e357048f2c5 None None] daemon = False {{(pid=108316) log_opt_values /opt/stack/data/venv/lib/python3.12/site-packages/oslo_config/cfg.py:3245}}
Jun 04 09:38:39.198788 np0000178526 devstack@n-api-meta.service[108316]: DEBUG nova.api.openstack.wsgi_app [None req-e81d02c0-afb0-4d98-ac01-5e357048f2c5 None None] debug = True {{(pid=108316) log_opt_values /opt/stack/data/venv/lib/python3.12/site-packages/oslo_config/cfg.py:3245}}
Jun 04 09:38:39.198976 np0000178526 devstack@n-api-meta.service[108316]: DEBUG nova.api.openstack.wsgi_app [None req-e81d02c0-afb0-4d98-ac01-5e357048f2c5 None None] default_access_ip_network_name = None {{(pid=108316) log_opt_values /opt/stack/data/venv/lib/python3.12/site-packages/oslo_config/cfg.py:3245}}
Jun 04 09:38:39.199053 np0000178526 devstack@n-api-meta.service[108316]: DEBUG nova.api.openstack.wsgi_app [None req-e81d02c0-afb0-4d98-ac01-5e357048f2c5 None None] default_availability_zone = nova {{(pid=108316) log_opt_values /opt/stack/data/venv/lib/python3.12/site-packages/oslo_config/cfg.py:3245}}
Jun 04 09:38:39.199173 np0000178526 devstack@n-api-meta.service[108316]: DEBUG nova.api.openstack.wsgi_app [None req-e81d02c0-afb0-4d98-ac01-5e357048f2c5 None None] default_ephemeral_format = ext4 {{(pid=108316) log_opt_values /opt/stack/data/venv/lib/python3.12/site-packages/oslo_config/cfg.py:3245}}
Jun 04 09:38:39.199296 np0000178526 devstack@n-api-meta.service[108316]: DEBUG nova.api.openstack.wsgi_app [None req-e81d02c0-afb0-4d98-ac01-5e357048f2c5 None None] default_green_pool_size = 1000 {{(pid=108316) log_opt_values /opt/stack/data/venv/lib/python3.12/site-packages/oslo_config/cfg.py:3245}}
Jun 04 09:38:39.199515 np0000178526 devstack@n-api-meta.service[108316]: DEBUG nova.api.openstack.wsgi_app [None req-e81d02c0-afb0-4d98-ac01-5e357048f2c5 None None] default_log_levels = ['amqp=WARN', 'boto=WARN', 'sqlalchemy=WARN', 'suds=INFO', 'oslo.messaging=INFO', 'oslo_messaging=INFO', 'iso8601=WARN', 'requests.packages.urllib3.connectionpool=WARN', 'urllib3.connectionpool=WARN', 'websocket=WARN', 'requests.packages.urllib3.util.retry=WARN', 'urllib3.util.retry=WARN', 'keystonemiddleware=WARN', 'routes.middleware=WARN', 'stevedore=WARN', 'taskflow=WARN', 'keystoneauth=WARN', 'oslo.cache=INFO', 'oslo_policy=INFO', 'dogpile.core.dogpile=INFO', 'glanceclient=WARN', 'oslo.privsep.daemon=INFO'] {{(pid=108316) log_opt_values /opt/stack/data/venv/lib/python3.12/site-packages/oslo_config/cfg.py:3245}}
Jun 04 09:38:39.199652 np0000178526 devstack@n-api-meta.service[108316]: DEBUG nova.api.openstack.wsgi_app [None req-e81d02c0-afb0-4d98-ac01-5e357048f2c5 None None] default_schedule_zone = None {{(pid=108316) log_opt_values /opt/stack/data/venv/lib/python3.12/site-packages/oslo_config/cfg.py:3245}}
Jun 04 09:38:39.199800 np0000178526 devstack@n-api-meta.service[108316]: DEBUG nova.api.openstack.wsgi_app [None req-e81d02c0-afb0-4d98-ac01-5e357048f2c5 None None] default_thread_pool_size = 10 {{(pid=108316) log_opt_values /opt/stack/data/venv/lib/python3.12/site-packages/oslo_config/cfg.py:3245}}
Jun 04 09:38:39.199896 np0000178526 devstack@n-api-meta.service[108316]: DEBUG nova.api.openstack.wsgi_app [None req-e81d02c0-afb0-4d98-ac01-5e357048f2c5 None None] disk_allocation_ratio = None {{(pid=108316) log_opt_values /opt/stack/data/venv/lib/python3.12/site-packages/oslo_config/cfg.py:3245}}
Jun 04 09:38:39.200016 np0000178526 devstack@n-api-meta.service[108316]: DEBUG nova.api.openstack.wsgi_app [None req-e81d02c0-afb0-4d98-ac01-5e357048f2c5 None None] enable_new_services = True {{(pid=108316) log_opt_values /opt/stack/data/venv/lib/python3.12/site-packages/oslo_config/cfg.py:3245}}
Jun 04 09:38:39.200131 np0000178526 devstack@n-api-meta.service[108316]: DEBUG nova.api.openstack.wsgi_app [None req-e81d02c0-afb0-4d98-ac01-5e357048f2c5 None None] flat_injected = False {{(pid=108316) log_opt_values /opt/stack/data/venv/lib/python3.12/site-packages/oslo_config/cfg.py:3245}}
Jun 04 09:38:39.200254 np0000178526 devstack@n-api-meta.service[108316]: DEBUG nova.api.openstack.wsgi_app [None req-e81d02c0-afb0-4d98-ac01-5e357048f2c5 None None] force_config_drive = False {{(pid=108316) log_opt_values /opt/stack/data/venv/lib/python3.12/site-packages/oslo_config/cfg.py:3245}}
Jun 04 09:38:39.200391 np0000178526 devstack@n-api-meta.service[108316]: DEBUG nova.api.openstack.wsgi_app [None req-e81d02c0-afb0-4d98-ac01-5e357048f2c5 None None] force_raw_images = True {{(pid=108316) log_opt_values /opt/stack/data/venv/lib/python3.12/site-packages/oslo_config/cfg.py:3245}}
Jun 04 09:38:39.200497 np0000178526 devstack@n-api-meta.service[108316]: DEBUG nova.api.openstack.wsgi_app [None req-e81d02c0-afb0-4d98-ac01-5e357048f2c5 None None] graceful_shutdown_timeout = 5 {{(pid=108316) log_opt_values /opt/stack/data/venv/lib/python3.12/site-packages/oslo_config/cfg.py:3245}}
Jun 04 09:38:39.200634 np0000178526 devstack@n-api-meta.service[108316]: DEBUG nova.api.openstack.wsgi_app [None req-e81d02c0-afb0-4d98-ac01-5e357048f2c5 None None] heal_instance_info_cache_interval = -1 {{(pid=108316) log_opt_values /opt/stack/data/venv/lib/python3.12/site-packages/oslo_config/cfg.py:3245}}
Jun 04 09:38:39.200816 np0000178526 devstack@n-api-meta.service[108316]: DEBUG nova.api.openstack.wsgi_app [None req-e81d02c0-afb0-4d98-ac01-5e357048f2c5 None None] host = np0000178526 {{(pid=108316) log_opt_values /opt/stack/data/venv/lib/python3.12/site-packages/oslo_config/cfg.py:3245}}
Jun 04 09:38:39.200954 np0000178526 devstack@n-api-meta.service[108316]: DEBUG nova.api.openstack.wsgi_app [None req-e81d02c0-afb0-4d98-ac01-5e357048f2c5 None None] initial_cpu_allocation_ratio = 4.0 {{(pid=108316) log_opt_values /opt/stack/data/venv/lib/python3.12/site-packages/oslo_config/cfg.py:3245}}
Jun 04 09:38:39.201076 np0000178526 devstack@n-api-meta.service[108316]: DEBUG nova.api.openstack.wsgi_app [None req-e81d02c0-afb0-4d98-ac01-5e357048f2c5 None None] initial_disk_allocation_ratio = 1.0 {{(pid=108316) log_opt_values /opt/stack/data/venv/lib/python3.12/site-packages/oslo_config/cfg.py:3245}}
Jun 04 09:38:39.201199 np0000178526 devstack@n-api-meta.service[108316]: DEBUG nova.api.openstack.wsgi_app [None req-e81d02c0-afb0-4d98-ac01-5e357048f2c5 None None] initial_ram_allocation_ratio = 1.0 {{(pid=108316) log_opt_values /opt/stack/data/venv/lib/python3.12/site-packages/oslo_config/cfg.py:3245}}
Jun 04 09:38:39.201364 np0000178526 devstack@n-api-meta.service[108316]: DEBUG nova.api.openstack.wsgi_app [None req-e81d02c0-afb0-4d98-ac01-5e357048f2c5 None None] injected_network_template = /opt/stack/nova/nova/virt/interfaces.template {{(pid=108316) log_opt_values /opt/stack/data/venv/lib/python3.12/site-packages/oslo_config/cfg.py:3245}}
Jun 04 09:38:39.201488 np0000178526 devstack@n-api-meta.service[108316]: DEBUG nova.api.openstack.wsgi_app [None req-e81d02c0-afb0-4d98-ac01-5e357048f2c5 None None] instance_build_timeout = 0 {{(pid=108316) log_opt_values /opt/stack/data/venv/lib/python3.12/site-packages/oslo_config/cfg.py:3245}}
Jun 04 09:38:39.201613 np0000178526 devstack@n-api-meta.service[108316]: DEBUG nova.api.openstack.wsgi_app [None req-e81d02c0-afb0-4d98-ac01-5e357048f2c5 None None] instance_delete_interval = 300 {{(pid=108316) log_opt_values /opt/stack/data/venv/lib/python3.12/site-packages/oslo_config/cfg.py:3245}}
Jun 04 09:38:39.201783 np0000178526 devstack@n-api-meta.service[108316]: DEBUG nova.api.openstack.wsgi_app [None req-e81d02c0-afb0-4d98-ac01-5e357048f2c5 None None] instance_format = [instance: %(uuid)s] {{(pid=108316) log_opt_values /opt/stack/data/venv/lib/python3.12/site-packages/oslo_config/cfg.py:3245}}
Jun 04 09:38:39.201922 np0000178526 devstack@n-api-meta.service[108316]: DEBUG nova.api.openstack.wsgi_app [None req-e81d02c0-afb0-4d98-ac01-5e357048f2c5 None None] instance_name_template = instance-%08x {{(pid=108316) log_opt_values /opt/stack/data/venv/lib/python3.12/site-packages/oslo_config/cfg.py:3245}}
Jun 04 09:38:39.202047 np0000178526 devstack@n-api-meta.service[108316]: DEBUG nova.api.openstack.wsgi_app [None req-e81d02c0-afb0-4d98-ac01-5e357048f2c5 None None] instance_usage_audit = False {{(pid=108316) log_opt_values /opt/stack/data/venv/lib/python3.12/site-packages/oslo_config/cfg.py:3245}}
Jun 04 09:38:39.202177 np0000178526 devstack@n-api-meta.service[108316]: DEBUG nova.api.openstack.wsgi_app [None req-e81d02c0-afb0-4d98-ac01-5e357048f2c5 None None] instance_usage_audit_period = month {{(pid=108316) log_opt_values /opt/stack/data/venv/lib/python3.12/site-packages/oslo_config/cfg.py:3245}}
Jun 04 09:38:39.202308 np0000178526 devstack@n-api-meta.service[108316]: DEBUG nova.api.openstack.wsgi_app [None req-e81d02c0-afb0-4d98-ac01-5e357048f2c5 None None] instance_uuid_format = [instance: %(uuid)s] {{(pid=108316) log_opt_values /opt/stack/data/venv/lib/python3.12/site-packages/oslo_config/cfg.py:3245}}
Jun 04 09:38:39.202437 np0000178526 devstack@n-api-meta.service[108316]: DEBUG nova.api.openstack.wsgi_app [None req-e81d02c0-afb0-4d98-ac01-5e357048f2c5 None None] instances_path = /opt/stack/data/nova/instances {{(pid=108316) log_opt_values /opt/stack/data/venv/lib/python3.12/site-packages/oslo_config/cfg.py:3245}}
Jun 04 09:38:39.202567 np0000178526 devstack@n-api-meta.service[108316]: DEBUG nova.api.openstack.wsgi_app [None req-e81d02c0-afb0-4d98-ac01-5e357048f2c5 None None] internal_service_availability_zone = internal {{(pid=108316) log_opt_values /opt/stack/data/venv/lib/python3.12/site-packages/oslo_config/cfg.py:3245}}
Jun 04 09:38:39.202691 np0000178526 devstack@n-api-meta.service[108316]: DEBUG nova.api.openstack.wsgi_app [None req-e81d02c0-afb0-4d98-ac01-5e357048f2c5 None None] key = None {{(pid=108316) log_opt_values /opt/stack/data/venv/lib/python3.12/site-packages/oslo_config/cfg.py:3245}}
Jun 04 09:38:39.202828 np0000178526 devstack@n-api-meta.service[108316]: DEBUG nova.api.openstack.wsgi_app [None req-e81d02c0-afb0-4d98-ac01-5e357048f2c5 None None] live_migration_retry_count = 30 {{(pid=108316) log_opt_values /opt/stack/data/venv/lib/python3.12/site-packages/oslo_config/cfg.py:3245}}
Jun 04 09:38:39.202969 np0000178526 devstack@n-api-meta.service[108316]: DEBUG nova.api.openstack.wsgi_app [None req-e81d02c0-afb0-4d98-ac01-5e357048f2c5 None None] log_color = False {{(pid=108316) log_opt_values /opt/stack/data/venv/lib/python3.12/site-packages/oslo_config/cfg.py:3245}}
Jun 04 09:38:39.203097 np0000178526 devstack@n-api-meta.service[108316]: DEBUG nova.api.openstack.wsgi_app [None req-e81d02c0-afb0-4d98-ac01-5e357048f2c5 None None] log_config_append = None {{(pid=108316) log_opt_values /opt/stack/data/venv/lib/python3.12/site-packages/oslo_config/cfg.py:3245}}
Jun 04 09:38:39.203229 np0000178526 devstack@n-api-meta.service[108316]: DEBUG nova.api.openstack.wsgi_app [None req-e81d02c0-afb0-4d98-ac01-5e357048f2c5 None None] log_date_format = %Y-%m-%d %H:%M:%S {{(pid=108316) log_opt_values /opt/stack/data/venv/lib/python3.12/site-packages/oslo_config/cfg.py:3245}}
Jun 04 09:38:39.203356 np0000178526 devstack@n-api-meta.service[108316]: DEBUG nova.api.openstack.wsgi_app [None req-e81d02c0-afb0-4d98-ac01-5e357048f2c5 None None] log_dir = None {{(pid=108316) log_opt_values /opt/stack/data/venv/lib/python3.12/site-packages/oslo_config/cfg.py:3245}}
Jun 04 09:38:39.203482 np0000178526 devstack@n-api-meta.service[108316]: DEBUG nova.api.openstack.wsgi_app [None req-e81d02c0-afb0-4d98-ac01-5e357048f2c5 None None] log_file = None {{(pid=108316) log_opt_values /opt/stack/data/venv/lib/python3.12/site-packages/oslo_config/cfg.py:3245}}
Jun 04 09:38:39.203581 np0000178526 devstack@n-api-meta.service[108316]: DEBUG nova.api.openstack.wsgi_app [None req-e81d02c0-afb0-4d98-ac01-5e357048f2c5 None None] log_options = True {{(pid=108316) log_opt_values /opt/stack/data/venv/lib/python3.12/site-packages/oslo_config/cfg.py:3245}}
Jun 04 09:38:39.203736 np0000178526 devstack@n-api-meta.service[108316]: DEBUG nova.api.openstack.wsgi_app [None req-e81d02c0-afb0-4d98-ac01-5e357048f2c5 None None] log_rotate_interval = 1 {{(pid=108316) log_opt_values /opt/stack/data/venv/lib/python3.12/site-packages/oslo_config/cfg.py:3245}}
Jun 04 09:38:39.203911 np0000178526 devstack@n-api-meta.service[108316]: DEBUG nova.api.openstack.wsgi_app [None req-e81d02c0-afb0-4d98-ac01-5e357048f2c5 None None] log_rotate_interval_type = days {{(pid=108316) log_opt_values /opt/stack/data/venv/lib/python3.12/site-packages/oslo_config/cfg.py:3245}}
Jun 04 09:38:39.204043 np0000178526 devstack@n-api-meta.service[108316]: DEBUG nova.api.openstack.wsgi_app [None req-e81d02c0-afb0-4d98-ac01-5e357048f2c5 None None] log_rotation_type = none {{(pid=108316) log_opt_values /opt/stack/data/venv/lib/python3.12/site-packages/oslo_config/cfg.py:3245}}
Jun 04 09:38:39.204141 np0000178526 devstack@n-api-meta.service[108316]: DEBUG nova.api.openstack.wsgi_app [None req-e81d02c0-afb0-4d98-ac01-5e357048f2c5 None None] logging_context_format_string = %(color)s%(levelname)s %(name)s [%(global_request_id)s %(request_id)s %(project_name)s %(user_name)s%(color)s] %(instance)s%(color)s%(message)s {{(pid=108316) log_opt_values /opt/stack/data/venv/lib/python3.12/site-packages/oslo_config/cfg.py:3245}}
Jun 04 09:38:39.204240 np0000178526 devstack@n-api-meta.service[108316]: DEBUG nova.api.openstack.wsgi_app [None req-e81d02c0-afb0-4d98-ac01-5e357048f2c5 None None] logging_debug_format_suffix = {{(pid=%(process)d) %(funcName)s %(pathname)s:%(lineno)d}} {{(pid=108316) log_opt_values /opt/stack/data/venv/lib/python3.12/site-packages/oslo_config/cfg.py:3245}}
Jun 04 09:38:39.204369 np0000178526 devstack@n-api-meta.service[108316]: DEBUG nova.api.openstack.wsgi_app [None req-e81d02c0-afb0-4d98-ac01-5e357048f2c5 None None] logging_default_format_string = %(color)s%(levelname)s %(name)s [-%(color)s] %(instance)s%(color)s%(message)s {{(pid=108316) log_opt_values /opt/stack/data/venv/lib/python3.12/site-packages/oslo_config/cfg.py:3245}}
Jun 04 09:38:39.204498 np0000178526 devstack@n-api-meta.service[108316]: DEBUG nova.api.openstack.wsgi_app [None req-e81d02c0-afb0-4d98-ac01-5e357048f2c5 None None] logging_exception_prefix = ERROR %(name)s %(instance)s {{(pid=108316) log_opt_values /opt/stack/data/venv/lib/python3.12/site-packages/oslo_config/cfg.py:3245}}
Jun 04 09:38:39.204599 np0000178526 devstack@n-api-meta.service[108316]: DEBUG nova.api.openstack.wsgi_app [None req-e81d02c0-afb0-4d98-ac01-5e357048f2c5 None None] logging_user_identity_format = %(user)s %(project)s %(domain)s %(system_scope)s %(user_domain)s %(project_domain)s {{(pid=108316) log_opt_values /opt/stack/data/venv/lib/python3.12/site-packages/oslo_config/cfg.py:3245}}
