2026-05-29 05:56:32.553 8 INFO neutron.api.v2.resource [None req-0ac42662-d25a-4e1c-a3d5-5c1766e18480 5afeeef4a57d49ad958c5394d3769614 94d67ae932214e018ca2d8cee5c0c9ad - - default default] delete failed (client error): The resource could not be found. [pid: 8|app: 0|req: 1758/3433] 10.0.0.148 () {32 vars in 743 bytes} [Fri May 29 05:56:32 2026] DELETE /v2.0/vpn/ipsecpolicies/e5830637-d375-4329-b2cb-133076f170e8 => generated 145 bytes in 11 msecs (HTTP/1.1 404) 4 headers in 164 bytes (1 switches on core 0)
2026-05-29 05:56:32.649 7 INFO neutron.db.segments_db [None req-357c7490-b894-45b3-a3aa-c22e4960a054 5afeeef4a57d49ad958c5394d3769614 94d67ae932214e018ca2d8cee5c0c9ad - - default default] Added segment ae0baac4-d2e6-44a8-8c01-5c1c671a8c9e of type geneve for network e7c9dcea-36a3-41f2-9cec-732321afcce3
2026-05-29 05:56:32.761 7 INFO neutron.db.ovn_revision_numbers_db [None req-357c7490-b894-45b3-a3aa-c22e4960a054 5afeeef4a57d49ad958c5394d3769614 94d67ae932214e018ca2d8cee5c0c9ad - - default default] Successfully bumped revision number for resource e7c9dcea-36a3-41f2-9cec-732321afcce3 (type: networks) to 1
2026-05-29 05:56:32.917 7 WARNING neutron.scheduler.dhcp_agent_scheduler [None req-357c7490-b894-45b3-a3aa-c22e4960a054 5afeeef4a57d49ad958c5394d3769614 94d67ae932214e018ca2d8cee5c0c9ad - - default default] No more DHCP agents
2026-05-29 05:56:32.918 7 WARNING neutron.api.rpc.agentnotifiers.dhcp_rpc_agent_api [None req-357c7490-b894-45b3-a3aa-c22e4960a054 5afeeef4a57d49ad958c5394d3769614 94d67ae932214e018ca2d8cee5c0c9ad - - default default] Unable to schedule network e7c9dcea-36a3-41f2-9cec-732321afcce3: no agents available; will retry on subsequent port and subnet creation events.
2026-05-29 05:56:32.981 7 INFO neutron.plugins.ml2.drivers.ovn.mech_driver.mech_driver [None req-10200921-850f-46e6-af66-de9439b18efe - - - - - -] OVN reports status down for port: 42709c27-1194-45c2-8dfa-3fc625388109
2026-05-29 05:56:33.042 7 INFO neutron.db.ovn_revision_numbers_db [None req-357c7490-b894-45b3-a3aa-c22e4960a054 5afeeef4a57d49ad958c5394d3769614 94d67ae932214e018ca2d8cee5c0c9ad - - default default] Successfully bumped revision number for resource 42709c27-1194-45c2-8dfa-3fc625388109 (type: ports) to 1 [pid: 7|app: 0|req: 1676/3434] 10.0.0.148 () {34 vars in 669 bytes} [Fri May 29 05:56:32 2026] POST /v2.0/networks => generated 651 bytes in 531 msecs (HTTP/1.1 201) 4 headers in 162 bytes (1 switches on core 0)
2026-05-29 05:56:33.350 8 WARNING neutron.scheduler.dhcp_agent_scheduler [None req-09ebedd0-5e5f-4043-a405-60c3e4191ced 5afeeef4a57d49ad958c5394d3769614 94d67ae932214e018ca2d8cee5c0c9ad - - default default] No more DHCP agents
2026-05-29 05:56:33.351 8 WARNING neutron.api.rpc.agentnotifiers.dhcp_rpc_agent_api [None req-09ebedd0-5e5f-4043-a405-60c3e4191ced 5afeeef4a57d49ad958c5394d3769614 94d67ae932214e018ca2d8cee5c0c9ad - - default default] Unable to schedule network e7c9dcea-36a3-41f2-9cec-732321afcce3: no agents available; will retry on subsequent port and subnet creation events.
2026-05-29 05:56:34.242 8 INFO neutron.db.ovn_revision_numbers_db [None req-5ec3b305-c572-4841-a84a-07de0cb7055e - - - - - -] Successfully bumped revision number for resource 42709c27-1194-45c2-8dfa-3fc625388109 (type: ports) to 2
2026-05-29 05:56:34.279 8 INFO neutron.db.ovn_revision_numbers_db [None req-5ec3b305-c572-4841-a84a-07de0cb7055e - - - - - -] Successfully bumped revision number for resource 0ef686a1-f6d2-43b8-914e-8e275e90cdfd (type: subnets) to 0 [pid: 8|app: 0|req: 1759/3435] 10.0.0.148 () {34 vars in 668 bytes} [Fri May 29 05:56:33 2026] POST /v2.0/subnets => generated 629 bytes in 1195 msecs (HTTP/1.1 201) 4 headers in 162 bytes (1 switches on core 0)
2026-05-29 05:56:34.734 7 WARNING neutron.scheduler.dhcp_agent_scheduler [None req-7446b8fa-266c-4d5c-82c9-e1ddd8df5ce3 5afeeef4a57d49ad958c5394d3769614 94d67ae932214e018ca2d8cee5c0c9ad - - default default] No more DHCP agents
2026-05-29 05:56:34.735 7 WARNING neutron.api.rpc.agentnotifiers.dhcp_rpc_agent_api [None req-7446b8fa-266c-4d5c-82c9-e1ddd8df5ce3 5afeeef4a57d49ad958c5394d3769614 94d67ae932214e018ca2d8cee5c0c9ad - - default default] Unable to schedule network 84582f33-0b4c-49c2-8129-778359c572c8: no agents available; will retry on subsequent port and subnet creation events.
2026-05-29 05:56:34.856 8 INFO neutron.plugins.ml2.drivers.ovn.mech_driver.mech_driver [None req-2fcf676d-91fb-4537-a2dd-a965724f2486 - - - - - -] OVN reports status down for port: e14e584a-b7ee-4da9-9e96-472e799f35a1
2026-05-29 05:56:34.879 7 INFO neutron.db.ovn_revision_numbers_db [None req-7446b8fa-266c-4d5c-82c9-e1ddd8df5ce3 5afeeef4a57d49ad958c5394d3769614 94d67ae932214e018ca2d8cee5c0c9ad - - default default] Successfully bumped revision number for resource e14e584a-b7ee-4da9-9e96-472e799f35a1 (type: ports) to 1
2026-05-29 05:56:35.515 7 INFO neutron.plugins.ml2.drivers.ovn.mech_driver.ovsdb.commands [None req-c5c08635-7bb8-472f-b540-b8360b1193ee - - - - - -] Schedule LRP lrp-e14e584a-b7ee-4da9-9e96-472e799f35a1 on gateway 3393128f-fd49-4476-8cab-6edb31cc075f with priority 1
2026-05-29 05:56:35.554 8 INFO neutron.plugins.ml2.drivers.ovn.mech_driver.mech_driver [None req-2fcf676d-91fb-4537-a2dd-a965724f2486 - - - - - -] OVN reports status up for port: e14e584a-b7ee-4da9-9e96-472e799f35a1
2026-05-29 05:56:35.567 8 INFO neutron.plugins.ml2.plugin [None req-2fcf676d-91fb-4537-a2dd-a965724f2486 - - - - - -] Attempt 1 to provision port e14e584a-b7ee-4da9-9e96-472e799f35a1
2026-05-29 05:56:35.581 7 INFO neutron.db.ovn_revision_numbers_db [None req-7446b8fa-266c-4d5c-82c9-e1ddd8df5ce3 5afeeef4a57d49ad958c5394d3769614 94d67ae932214e018ca2d8cee5c0c9ad - - default default] Successfully bumped revision number for resource e14e584a-b7ee-4da9-9e96-472e799f35a1 (type: router_ports) to 1
2026-05-29 05:56:35.650 7 INFO neutron.db.ovn_revision_numbers_db [None req-7446b8fa-266c-4d5c-82c9-e1ddd8df5ce3 5afeeef4a57d49ad958c5394d3769614 94d67ae932214e018ca2d8cee5c0c9ad - - default default] Successfully bumped revision number for resource 421e16ca-45b2-4847-a3cb-10414a3e174e (type: routers) to 2 [pid: 7|app: 0|req: 1677/3436] 10.0.0.148 () {34 vars in 668 bytes} [Fri May 29 05:56:34 2026] POST /v2.0/routers => generated 937 bytes in 1367 msecs (HTTP/1.1 201) 4 headers in 162 bytes (1 switches on core 0)
2026-05-29 05:56:36.142 8 WARNING neutron.scheduler.dhcp_agent_scheduler [None req-2469a6d9-2a13-4b9b-9cf8-ac33f60d218f 5afeeef4a57d49ad958c5394d3769614 94d67ae932214e018ca2d8cee5c0c9ad - - default default] No more DHCP agents
2026-05-29 05:56:36.144 8 WARNING neutron.api.rpc.agentnotifiers.dhcp_rpc_agent_api [None req-2469a6d9-2a13-4b9b-9cf8-ac33f60d218f 5afeeef4a57d49ad958c5394d3769614 94d67ae932214e018ca2d8cee5c0c9ad - - default default] Unable to schedule network e7c9dcea-36a3-41f2-9cec-732321afcce3: no agents available; will retry on subsequent port and subnet creation events.
2026-05-29 05:56:36.302 8 INFO neutron.db.ovn_revision_numbers_db [None req-2469a6d9-2a13-4b9b-9cf8-ac33f60d218f 5afeeef4a57d49ad958c5394d3769614 94d67ae932214e018ca2d8cee5c0c9ad - - default default] Successfully bumped revision number for resource e0a784e5-e588-4c73-b169-fe6c399f3dc2 (type: ports) to 1
2026-05-29 05:56:37.026 8 WARNING neutron.scheduler.dhcp_agent_scheduler [None req-2469a6d9-2a13-4b9b-9cf8-ac33f60d218f 5afeeef4a57d49ad958c5394d3769614 94d67ae932214e018ca2d8cee5c0c9ad - - default default] No more DHCP agents
2026-05-29 05:56:37.028 8 WARNING neutron.api.rpc.agentnotifiers.dhcp_rpc_agent_api [None req-2469a6d9-2a13-4b9b-9cf8-ac33f60d218f 5afeeef4a57d49ad958c5394d3769614 94d67ae932214e018ca2d8cee5c0c9ad - - default default] Unable to schedule network e7c9dcea-36a3-41f2-9cec-732321afcce3: no agents available; will retry on subsequent port and subnet creation events.
2026-05-29 05:56:37.429 8 INFO neutron.db.ovn_revision_numbers_db [None req-2469a6d9-2a13-4b9b-9cf8-ac33f60d218f 5afeeef4a57d49ad958c5394d3769614 94d67ae932214e018ca2d8cee5c0c9ad - - default default] Successfully bumped revision number for resource e0a784e5-e588-4c73-b169-fe6c399f3dc2 (type: router_ports) to 1 [pid: 8|app: 0|req: 1760/3437] 10.0.0.148 () {34 vars in 782 bytes} [Fri May 29 05:56:35 2026] PUT /v2.0/routers/421e16ca-45b2-4847-a3cb-10414a3e174e/add_router_interface => generated 309 bytes in 1761 msecs (HTTP/1.1 200) 4 headers in 157 bytes (1 switches on core 0)
2026-05-29 05:56:37.942 7 WARNING neutron.scheduler.dhcp_agent_scheduler [None req-276ad23e-4c47-4580-b6c0-2d58e0da1c65 - - - - - -] No more DHCP agents
2026-05-29 05:56:37.943 7 WARNING neutron.api.rpc.agentnotifiers.dhcp_rpc_agent_api [None req-276ad23e-4c47-4580-b6c0-2d58e0da1c65 - - - - - -] Unable to schedule network 84582f33-0b4c-49c2-8129-778359c572c8: no agents available; will retry on subsequent port and subnet creation events.
2026-05-29 05:56:38.093 7 INFO neutron.db.ovn_revision_numbers_db [None req-276ad23e-4c47-4580-b6c0-2d58e0da1c65 - - - - - -] Successfully bumped revision number for resource 30d34cb2-030a-4dd5-9e6b-8d520ff1ffac (type: ports) to 1
2026-05-29 05:56:38.333 7 INFO neutron.db.ovn_revision_numbers_db [None req-276ad23e-4c47-4580-b6c0-2d58e0da1c65 - - - - - -] Successfully bumped revision number for resource 30d34cb2-030a-4dd5-9e6b-8d520ff1ffac (type: ports) to 3
2026-05-29 05:56:38.398 7 INFO neutron.db.segments_db [None req-276ad23e-4c47-4580-b6c0-2d58e0da1c65 - - - - - -] Added segment 31bf4090-3b93-428a-9ef6-b2b002ac4df2 of type geneve for network 3315f529-1350-4add-bb57-04893e5019cb
2026-05-29 05:56:38.521 7 INFO neutron.db.ovn_revision_numbers_db [None req-c0ecbc72-4b73-4cfc-8dfe-6859680ed8c8 - - - - - -] Successfully bumped revision number for resource 3315f529-1350-4add-bb57-04893e5019cb (type: networks) to 1
2026-05-29 05:56:38.693 7 WARNING neutron.scheduler.dhcp_agent_scheduler [None req-c0ecbc72-4b73-4cfc-8dfe-6859680ed8c8 - - - - - -] No more DHCP agents
2026-05-29 05:56:38.695 7 WARNING neutron.api.rpc.agentnotifiers.dhcp_rpc_agent_api [None req-c0ecbc72-4b73-4cfc-8dfe-6859680ed8c8 - - - - - -] Unable to schedule network 3315f529-1350-4add-bb57-04893e5019cb: no agents available; will retry on subsequent port and subnet creation events.
2026-05-29 05:56:38.752 7 INFO neutron.plugins.ml2.drivers.ovn.mech_driver.mech_driver [None req-10200921-850f-46e6-af66-de9439b18efe - - - - - -] OVN reports status down for port: 4ea3fa4d-49d6-4090-a176-79310b8dc3e5
2026-05-29 05:56:38.806 7 INFO neutron.db.ovn_revision_numbers_db [None req-c0ecbc72-4b73-4cfc-8dfe-6859680ed8c8 - - - - - -] Successfully bumped revision number for resource 4ea3fa4d-49d6-4090-a176-79310b8dc3e5 (type: ports) to 1
2026-05-29 05:56:38.951 7 WARNING neutron.scheduler.dhcp_agent_scheduler [None req-c0ecbc72-4b73-4cfc-8dfe-6859680ed8c8 - - - - - -] No more DHCP agents
2026-05-29 05:56:38.952 7 WARNING neutron.api.rpc.agentnotifiers.dhcp_rpc_agent_api [None req-c0ecbc72-4b73-4cfc-8dfe-6859680ed8c8 - - - - - -] Unable to schedule network 3315f529-1350-4add-bb57-04893e5019cb: no agents available; will retry on subsequent port and subnet creation events.
2026-05-29 05:56:38.976 7 INFO neutron.db.ovn_revision_numbers_db [None req-c0ecbc72-4b73-4cfc-8dfe-6859680ed8c8 - - - - - -] Successfully bumped revision number for resource 34ef5ad1-a883-42ab-9e19-6dda0a0c3992 (type: subnets) to 0
2026-05-29 05:56:39.360 7 WARNING neutron.scheduler.dhcp_agent_scheduler [None req-c0ecbc72-4b73-4cfc-8dfe-6859680ed8c8 - - - - - -] No more DHCP agents
2026-05-29 05:56:39.362 7 WARNING neutron.api.rpc.agentnotifiers.dhcp_rpc_agent_api [None req-c0ecbc72-4b73-4cfc-8dfe-6859680ed8c8 - - - - - -] Unable to schedule network 3315f529-1350-4add-bb57-04893e5019cb: no agents available; will retry on subsequent port and subnet creation events.
2026-05-29 05:56:39.494 7 INFO neutron.db.ovn_revision_numbers_db [None req-c0ecbc72-4b73-4cfc-8dfe-6859680ed8c8 - - - - - -] Successfully bumped revision number for resource 7a2daa46-9296-4b8e-8ac9-809050009145 (type: ports) to 1
2026-05-29 05:56:40.068 7 WARNING neutron.scheduler.dhcp_agent_scheduler [None req-c0ecbc72-4b73-4cfc-8dfe-6859680ed8c8 - - - - - -] No more DHCP agents
2026-05-29 05:56:40.069 7 WARNING neutron.api.rpc.agentnotifiers.dhcp_rpc_agent_api [None req-c0ecbc72-4b73-4cfc-8dfe-6859680ed8c8 - - - - - -] Unable to schedule network 3315f529-1350-4add-bb57-04893e5019cb: no agents available; will retry on subsequent port and subnet creation events.
2026-05-29 05:56:40.521 7 INFO neutron.db.ovn_revision_numbers_db [None req-c0ecbc72-4b73-4cfc-8dfe-6859680ed8c8 - - - - - -] Successfully bumped revision number for resource 7a2daa46-9296-4b8e-8ac9-809050009145 (type: router_ports) to 1
2026-05-29 05:56:40.557 8 WARNING neutron.plugins.ml2.drivers.ovn.mech_driver.ovsdb.ovn_client [None req-2fcf676d-91fb-4537-a2dd-a965724f2486 - - - - - -] No hosting information found for port e14e584a-b7ee-4da9-9e96-472e799f35a1: RuntimeError: No hosting information found for port e14e584a-b7ee-4da9-9e96-472e799f35a1
2026-05-29 05:56:40.557 8 INFO neutron.plugins.ml2.drivers.ovn.mech_driver.mech_driver [None req-2fcf676d-91fb-4537-a2dd-a965724f2486 - - - - - -] OVN reports status down for port: e0a784e5-e588-4c73-b169-fe6c399f3dc2
2026-05-29 05:56:40.611 8 WARNING neutron.plugins.ml2.drivers.ovn.mech_driver.ovsdb.ovn_client [None req-2fcf676d-91fb-4537-a2dd-a965724f2486 - - - - - -] Logical_Switch_Port %s host information not removed, the port state is up
2026-05-29 05:56:40.612 8 INFO neutron.plugins.ml2.drivers.ovn.mech_driver.mech_driver [None req-2fcf676d-91fb-4537-a2dd-a965724f2486 - - - - - -] OVN reports status up for port: e0a784e5-e588-4c73-b169-fe6c399f3dc2
2026-05-29 05:56:40.623 8 INFO neutron.plugins.ml2.plugin [None req-2fcf676d-91fb-4537-a2dd-a965724f2486 - - - - - -] Attempt 1 to provision port e0a784e5-e588-4c73-b169-fe6c399f3dc2
2026-05-29 05:56:40.735 7 WARNING neutron.scheduler.dhcp_agent_scheduler [None req-c0ecbc72-4b73-4cfc-8dfe-6859680ed8c8 - - - - - -] No more DHCP agents
2026-05-29 05:56:40.736 7 WARNING neutron.api.rpc.agentnotifiers.dhcp_rpc_agent_api [None req-c0ecbc72-4b73-4cfc-8dfe-6859680ed8c8 - - - - - -] Unable to schedule network 3315f529-1350-4add-bb57-04893e5019cb: no agents available; will retry on subsequent port and subnet creation events.
2026-05-29 05:56:40.880 7 INFO neutron.db.ovn_revision_numbers_db [None req-c0ecbc72-4b73-4cfc-8dfe-6859680ed8c8 - - - - - -] Successfully bumped revision number for resource 6136e3f1-1b9c-4429-b534-1b5a32da7074 (type: ports) to 1
2026-05-29 05:56:41.034 8 INFO neutron.db.ovn_revision_numbers_db [None req-2fcf676d-91fb-4537-a2dd-a965724f2486 - - - - - -] Successfully bumped revision number for resource e0a784e5-e588-4c73-b169-fe6c399f3dc2 (type: ports) to 2
2026-05-29 05:56:41.113 7 INFO neutron.db.ovn_revision_numbers_db [None req-c0ecbc72-4b73-4cfc-8dfe-6859680ed8c8 - - - - - -] Successfully bumped revision number for resource 6136e3f1-1b9c-4429-b534-1b5a32da7074 (type: ports) to 3 [pid: 7|app: 0|req: 1678/3438] 10.0.0.148 () {34 vars in 684 bytes} [Fri May 29 05:56:37 2026] POST /v2.0/vpn/vpnservices => generated 459 bytes in 3866 msecs (HTTP/1.1 201) 4 headers in 162 bytes (1 switches on core 0) [pid: 8|app: 0|req: 1761/3439] 10.0.0.148 () {32 vars in 662 bytes} [Fri May 29 05:56:41 2026] GET /v2.0/vpn/vpnservices => generated 1306 bytes in 13 msecs (HTTP/1.1 200) 4 headers in 158 bytes (1 switches on core 0)
2026-05-29 05:56:41.568 7 INFO neutron_taas.services.taas.taas_plugin [None req-16a28cc9-ec93-448e-81b0-e60300dc3d07 5afeeef4a57d49ad958c5394d3769614 94d67ae932214e018ca2d8cee5c0c9ad - - default default] TaaS: Handle Delete Port: 30d34cb2-030a-4dd5-9e6b-8d520ff1ffac
2026-05-29 05:56:41.571 7 INFO neutron_taas.services.taas.tap_mirror_plugin [None req-16a28cc9-ec93-448e-81b0-e60300dc3d07 5afeeef4a57d49ad958c5394d3769614 94d67ae932214e018ca2d8cee5c0c9ad - - default default] Tap Mirror: Handle Delete Port: 30d34cb2-030a-4dd5-9e6b-8d520ff1ffac
2026-05-29 05:56:41.817 7 INFO neutron_taas.services.taas.taas_plugin [None req-ae8ee0ec-6101-4322-8dbd-2cf329f46931 - - - - - -] TaaS: Handle Delete Port: 6136e3f1-1b9c-4429-b534-1b5a32da7074
2026-05-29 05:56:41.820 7 INFO neutron_taas.services.taas.tap_mirror_plugin [None req-ae8ee0ec-6101-4322-8dbd-2cf329f46931 - - - - - -] Tap Mirror: Handle Delete Port: 6136e3f1-1b9c-4429-b534-1b5a32da7074
2026-05-29 05:56:42.209 7 INFO neutron_taas.services.taas.taas_plugin [None req-0a2ebb5f-8965-47d3-a808-a79058083cba - - - - - -] TaaS: Handle Delete Port: 7a2daa46-9296-4b8e-8ac9-809050009145
2026-05-29 05:56:42.212 7 INFO neutron_taas.services.taas.tap_mirror_plugin [None req-0a2ebb5f-8965-47d3-a808-a79058083cba - - - - - -] Tap Mirror: Handle Delete Port: 7a2daa46-9296-4b8e-8ac9-809050009145
2026-05-29 05:56:43.062 7 INFO neutron_taas.services.taas.taas_plugin [None req-0a2ebb5f-8965-47d3-a808-a79058083cba - - - - - -] TaaS: Handle Delete Port: 4ea3fa4d-49d6-4090-a176-79310b8dc3e5
2026-05-29 05:56:43.065 7 INFO neutron_taas.services.taas.tap_mirror_plugin [None req-0a2ebb5f-8965-47d3-a808-a79058083cba - - - - - -] Tap Mirror: Handle Delete Port: 4ea3fa4d-49d6-4090-a176-79310b8dc3e5
2026-05-29 05:56:43.250 7 INFO neutron.services.segments.plugin [-] Segment 31bf4090-3b93-428a-9ef6-b2b002ac4df2 resource provider aggregate not found
2026-05-29 05:56:43.263 7 INFO neutron.services.segments.plugin [-] Segment 31bf4090-3b93-428a-9ef6-b2b002ac4df2 resource provider aggregate not found
2026-05-29 05:56:43.282 7 INFO neutron.services.segments.plugin [-] Segment 31bf4090-3b93-428a-9ef6-b2b002ac4df2 resource provider not found; error: Placement Client Error (4xx): {"errors": [{"status": 404, "title": "Not Found", "detail": "The resource could not be found.\n\n No resource provider with uuid 31bf4090-3b93-428a-9ef6-b2b002ac4df2 found for delete ", "request_id": "req-ffafa97f-5043-4991-b0d6-6850e4ff6706"}]}
2026-05-29 05:56:43.283 7 INFO neutron.services.segments.plugin [-] Segment 31bf4090-3b93-428a-9ef6-b2b002ac4df2 resource provider not found; error: Placement Client Error (4xx): {"errors": [{"status": 404, "title": "Not Found", "detail": "The resource could not be found.\n\n No resource provider with uuid 31bf4090-3b93-428a-9ef6-b2b002ac4df2 found for delete ", "request_id": "req-e7ab1c44-56e4-4c7b-ad33-bc75cf7da026"}]} [pid: 7|app: 0|req: 1679/3442] 10.0.0.148 () {32 vars in 739 bytes} [Fri May 29 05:56:41 2026] DELETE /v2.0/vpn/vpnservices/34c24bec-843c-4339-8623-2739f83b043a => generated 0 bytes in 1997 msecs (HTTP/1.1 204) 2 headers in 112 bytes (1 switches on core 0) [pid: 8|app: 0|req: 1764/3443] 10.0.0.148 () {32 vars in 662 bytes} [Fri May 29 05:56:43 2026] GET /v2.0/vpn/vpnservices => generated 861 bytes in 14 msecs (HTTP/1.1 200) 4 headers in 157 bytes (1 switches on core 0) /var/lib/openstack/lib/python3.12/site-packages/pycadf/identifier.py:70: UserWarning: Invalid uuid: neutron. To ensure interoperability, identifiers should be a valid uuid. warnings.warn(('Invalid uuid: %s. To ensure interoperability, '
2026-05-29 05:56:43.445 7 INFO neutron.api.v2.resource [None req-5f31bac3-4622-423b-bce3-f411790669a5 5afeeef4a57d49ad958c5394d3769614 94d67ae932214e018ca2d8cee5c0c9ad - - default default] create failed (client error): The server could not comply with the request since it is either malformed or otherwise incorrect. [pid: 7|app: 0|req: 1680/3444] 10.0.0.148 () {34 vars in 706 bytes} [Fri May 29 05:56:43 2026] POST /v2.0/vpn/ipsec-site-connections => generated 127 bytes in 92 msecs (HTTP/1.1 400) 4 headers in 166 bytes (1 switches on core 0)
2026-05-29 05:56:43.505 8 INFO neutron.api.v2.resource [None req-af315d95-1731-46a6-8e7f-df83de91ae4d 5afeeef4a57d49ad958c5394d3769614 94d67ae932214e018ca2d8cee5c0c9ad - - default default] create failed (client error): The server could not comply with the request since it is either malformed or otherwise incorrect. [pid: 8|app: 0|req: 1765/3445] 10.0.0.148 () {34 vars in 706 bytes} [Fri May 29 05:56:43 2026] POST /v2.0/vpn/ipsec-site-connections => generated 136 bytes in 52 msecs (HTTP/1.1 400) 4 headers in 166 bytes (1 switches on core 0)
2026-05-29 05:56:43.518 7 WARNING neutron.api.v2.base [None req-b1a3471c-b834-4838-b597-243a999e8229 5afeeef4a57d49ad958c5394d3769614 94d67ae932214e018ca2d8cee5c0c9ad - - default default] An exception happened while processing the request body. The exception message is [Invalid input for dpd. Reason: '59' is not a dictionary.].: webob.exc.HTTPBadRequest: Invalid input for dpd. Reason: '59' is not a dictionary.
2026-05-29 05:56:43.519 7 INFO neutron.api.v2.resource [None req-b1a3471c-b834-4838-b597-243a999e8229 5afeeef4a57d49ad958c5394d3769614 94d67ae932214e018ca2d8cee5c0c9ad - - default default] create failed (client error): Invalid input for dpd. Reason: '59' is not a dictionary. [pid: 7|app: 0|req: 1681/3446] 10.0.0.148 () {34 vars in 706 bytes} [Fri May 29 05:56:43 2026] POST /v2.0/vpn/ipsec-site-connections => generated 129 bytes in 8 msecs (HTTP/1.1 400) 4 headers in 166 bytes (1 switches on core 0) [pid: 8|app: 0|req: 1766/3447] 10.0.0.148 () {34 vars in 692 bytes} [Fri May 29 05:56:43 2026] POST /v2.0/vpn/endpoint-groups => generated 293 bytes in 55 msecs (HTTP/1.1 201) 4 headers in 162 bytes (1 switches on core 0)
2026-05-29 05:56:43.656 7 INFO neutron.api.v2.resource [None req-3a351cfe-503d-4024-a5c1-8f9a4e1c263e 5afeeef4a57d49ad958c5394d3769614 94d67ae932214e018ca2d8cee5c0c9ad - - default default] create failed (client error): The server could not comply with the request since it is either malformed or otherwise incorrect. [pid: 7|app: 0|req: 1682/3448] 10.0.0.148 () {34 vars in 706 bytes} [Fri May 29 05:56:43 2026] POST /v2.0/vpn/ipsec-site-connections => generated 149 bytes in 72 msecs (HTTP/1.1 400) 4 headers in 166 bytes (1 switches on core 0) [pid: 8|app: 0|req: 1767/3449] 10.0.0.148 () {32 vars in 670 bytes} [Fri May 29 05:56:43 2026] GET /v2.0/vpn/endpoint-groups => generated 908 bytes in 18 msecs (HTTP/1.1 200) 4 headers in 157 bytes (1 switches on core 0) [pid: 7|app: 0|req: 1683/3450] 10.0.0.148 () {32 vars in 747 bytes} [Fri May 29 05:56:43 2026] DELETE /v2.0/vpn/endpoint-groups/f7040664-266f-4e22-ae82-16a68f4fdd52 => generated 0 bytes in 28 msecs (HTTP/1.1 204) 2 headers in 112 bytes (1 switches on core 0) [pid: 8|app: 0|req: 1768/3451] 10.0.0.148 () {32 vars in 670 bytes} [Fri May 29 05:56:43 2026] GET /v2.0/vpn/endpoint-groups => generated 633 bytes in 12 msecs (HTTP/1.1 200) 4 headers in 157 bytes (1 switches on core 0) [pid: 7|app: 0|req: 1684/3452] 10.0.0.148 () {34 vars in 692 bytes} [Fri May 29 05:56:43 2026] POST /v2.0/vpn/endpoint-groups => generated 302 bytes in 59 msecs (HTTP/1.1 201) 4 headers in 162 bytes (1 switches on core 0)
2026-05-29 05:56:43.844 8 INFO neutron.api.v2.resource [None req-dbcde9c9-cdb5-4aa3-85ec-846fe38a17d4 5afeeef4a57d49ad958c5394d3769614 94d67ae932214e018ca2d8cee5c0c9ad - - default default] create failed (client error): The server could not comply with the request since it is either malformed or otherwise incorrect. [pid: 8|app: 0|req: 1769/3453] 10.0.0.148 () {34 vars in 706 bytes} [Fri May 29 05:56:43 2026] POST /v2.0/vpn/ipsec-site-connections => generated 148 bytes in 46 msecs (HTTP/1.1 400) 4 headers in 166 bytes (1 switches on core 0) [pid: 7|app: 0|req: 1685/3454] 10.0.0.148 () {32 vars in 670 bytes} [Fri May 29 05:56:43 2026] GET /v2.0/vpn/endpoint-groups => generated 917 bytes in 13 msecs (HTTP/1.1 200) 4 headers in 157 bytes (1 switches on core 0) [pid: 8|app: 0|req: 1770/3455] 10.0.0.148 () {32 vars in 747 bytes} [Fri May 29 05:56:43 2026] DELETE /v2.0/vpn/endpoint-groups/bb21acd3-93bd-4e4e-bfc8-28c9d528ee9b => generated 0 bytes in 40 msecs (HTTP/1.1 204) 2 headers in 112 bytes (1 switches on core 0) [pid: 7|app: 0|req: 1686/3456] 10.0.0.148 () {32 vars in 670 bytes} [Fri May 29 05:56:43 2026] GET /v2.0/vpn/endpoint-groups => generated 633 bytes in 10 msecs (HTTP/1.1 200) 4 headers in 157 bytes (1 switches on core 0)
2026-05-29 05:56:43.934 8 WARNING neutron.api.v2.base [None req-94ec6fe0-a1e9-4e3b-a929-3e5cc62e0c4f 5afeeef4a57d49ad958c5394d3769614 94d67ae932214e018ca2d8cee5c0c9ad - - default default] An exception happened while processing the request body. The exception message is [Invalid input for peer_cidrs. Reason: '1.0.0.0/33' is not a valid IP subnet.].: webob.exc.HTTPBadRequest: Invalid input for peer_cidrs. Reason: '1.0.0.0/33' is not a valid IP subnet.
2026-05-29 05:56:43.934 8 INFO neutron.api.v2.resource [None req-94ec6fe0-a1e9-4e3b-a929-3e5cc62e0c4f 5afeeef4a57d49ad958c5394d3769614 94d67ae932214e018ca2d8cee5c0c9ad - - default default] create failed (client error): Invalid input for peer_cidrs. Reason: '1.0.0.0/33' is not a valid IP subnet. [pid: 8|app: 0|req: 1771/3457] 10.0.0.148 () {34 vars in 706 bytes} [Fri May 29 05:56:43 2026] POST /v2.0/vpn/ipsec-site-connections => generated 149 bytes in 8 msecs (HTTP/1.1 400) 4 headers in 166 bytes (1 switches on core 0)
2026-05-29 05:56:44.031 7 INFO neutron.db.segments_db [None req-1cad27f6-677a-41c3-b290-4cbb90674561 5afeeef4a57d49ad958c5394d3769614 94d67ae932214e018ca2d8cee5c0c9ad - - default default] Added segment ca1faf39-a933-47ab-a328-204c99c682cb of type geneve for network 3d3a78fb-c884-4d01-b273-777c383149fe
2026-05-29 05:56:44.156 7 INFO neutron.db.ovn_revision_numbers_db [None req-1cad27f6-677a-41c3-b290-4cbb90674561 5afeeef4a57d49ad958c5394d3769614 94d67ae932214e018ca2d8cee5c0c9ad - - default default] Successfully bumped revision number for resource 3d3a78fb-c884-4d01-b273-777c383149fe (type: networks) to 1
2026-05-29 05:56:44.330 7 WARNING neutron.scheduler.dhcp_agent_scheduler [None req-1cad27f6-677a-41c3-b290-4cbb90674561 5afeeef4a57d49ad958c5394d3769614 94d67ae932214e018ca2d8cee5c0c9ad - - default default] No more DHCP agents
2026-05-29 05:56:44.332 7 WARNING neutron.api.rpc.agentnotifiers.dhcp_rpc_agent_api [None req-1cad27f6-677a-41c3-b290-4cbb90674561 5afeeef4a57d49ad958c5394d3769614 94d67ae932214e018ca2d8cee5c0c9ad - - default default] Unable to schedule network 3d3a78fb-c884-4d01-b273-777c383149fe: no agents available; will retry on subsequent port and subnet creation events.
2026-05-29 05:56:44.389 7 INFO neutron.plugins.ml2.drivers.ovn.mech_driver.mech_driver [None req-10200921-850f-46e6-af66-de9439b18efe - - - - - -] OVN reports status down for port: c79de4bf-5cf6-4eb7-8c1c-8a40eb996823
2026-05-29 05:56:44.446 7 INFO neutron.db.ovn_revision_numbers_db [None req-1cad27f6-677a-41c3-b290-4cbb90674561 5afeeef4a57d49ad958c5394d3769614 94d67ae932214e018ca2d8cee5c0c9ad - - default default] Successfully bumped revision number for resource c79de4bf-5cf6-4eb7-8c1c-8a40eb996823 (type: ports) to 1 [pid: 7|app: 0|req: 1687/3458] 10.0.0.148 () {34 vars in 669 bytes} [Fri May 29 05:56:43 2026] POST /v2.0/networks => generated 650 bytes in 552 msecs (HTTP/1.1 201) 4 headers in 162 bytes (1 switches on core 0)
2026-05-29 05:56:44.709 8 WARNING neutron.scheduler.dhcp_agent_scheduler [None req-268592a4-2dc8-41f5-8469-9d9d626616d2 5afeeef4a57d49ad958c5394d3769614 94d67ae932214e018ca2d8cee5c0c9ad - - default default] No more DHCP agents
2026-05-29 05:56:44.710 8 WARNING neutron.api.rpc.agentnotifiers.dhcp_rpc_agent_api [None req-268592a4-2dc8-41f5-8469-9d9d626616d2 5afeeef4a57d49ad958c5394d3769614 94d67ae932214e018ca2d8cee5c0c9ad - - default default] Unable to schedule network 3d3a78fb-c884-4d01-b273-777c383149fe: no agents available; will retry on subsequent port and subnet creation events.
2026-05-29 05:56:45.142 8 INFO neutron.db.ovn_revision_numbers_db [None req-038dedd7-1ac1-419b-b06e-76f4d88340f9 - - - - - -] Successfully bumped revision number for resource c79de4bf-5cf6-4eb7-8c1c-8a40eb996823 (type: ports) to 2
2026-05-29 05:56:45.175 8 INFO neutron.db.ovn_revision_numbers_db [None req-038dedd7-1ac1-419b-b06e-76f4d88340f9 - - - - - -] Successfully bumped revision number for resource d1d9a720-8977-4c4e-8f4e-a91e2c3db766 (type: subnets) to 0 [pid: 8|app: 0|req: 1772/3459] 10.0.0.148 () {34 vars in 668 bytes} [Fri May 29 05:56:44 2026] POST /v2.0/subnets => generated 629 bytes in 692 msecs (HTTP/1.1 201) 4 headers in 162 bytes (1 switches on core 0)
2026-05-29 05:56:45.581 7 WARNING neutron.scheduler.dhcp_agent_scheduler [None req-7e1c22f4-312c-4317-bf34-4a7ed408618d 5afeeef4a57d49ad958c5394d3769614 94d67ae932214e018ca2d8cee5c0c9ad - - default default] No more DHCP agents
2026-05-29 05:56:45.582 7 WARNING neutron.api.rpc.agentnotifiers.dhcp_rpc_agent_api [None req-7e1c22f4-312c-4317-bf34-4a7ed408618d 5afeeef4a57d49ad958c5394d3769614 94d67ae932214e018ca2d8cee5c0c9ad - - default default] Unable to schedule network 84582f33-0b4c-49c2-8129-778359c572c8: no agents available; will retry on subsequent port and subnet creation events.
2026-05-29 05:56:45.705 7 INFO neutron.db.ovn_revision_numbers_db [None req-7e1c22f4-312c-4317-bf34-4a7ed408618d 5afeeef4a57d49ad958c5394d3769614 94d67ae932214e018ca2d8cee5c0c9ad - - default default] Successfully bumped revision number for resource 3dcd4f81-cd02-4d80-8a46-0bdfda010d0f (type: ports) to 1
2026-05-29 05:56:46.267 7 INFO neutron.plugins.ml2.drivers.ovn.mech_driver.ovsdb.commands [None req-c5c08635-7bb8-472f-b540-b8360b1193ee - - - - - -] Schedule LRP lrp-3dcd4f81-cd02-4d80-8a46-0bdfda010d0f on gateway 3393128f-fd49-4476-8cab-6edb31cc075f with priority 1
2026-05-29 05:56:46.321 7 INFO neutron.db.ovn_revision_numbers_db [None req-7e1c22f4-312c-4317-bf34-4a7ed408618d 5afeeef4a57d49ad958c5394d3769614 94d67ae932214e018ca2d8cee5c0c9ad - - default default] Successfully bumped revision number for resource 3dcd4f81-cd02-4d80-8a46-0bdfda010d0f (type: router_ports) to 1
2026-05-29 05:56:46.379 7 INFO neutron.db.ovn_revision_numbers_db [None req-7e1c22f4-312c-4317-bf34-4a7ed408618d 5afeeef4a57d49ad958c5394d3769614 94d67ae932214e018ca2d8cee5c0c9ad - - default default] Successfully bumped revision number for resource e51cc288-adc3-4d88-b1b3-18fbb651cca7 (type: routers) to 2 [pid: 7|app: 0|req: 1688/3460] 10.0.0.148 () {34 vars in 668 bytes} [Fri May 29 05:56:45 2026] POST /v2.0/routers => generated 936 bytes in 1200 msecs (HTTP/1.1 201) 4 headers in 162 bytes (1 switches on core 0)
2026-05-29 05:56:46.514 8 INFO neutron.api.v2.resource [None req-6bd95a1d-8b6b-40c4-921e-debb8b99ea11 f143e893338e4e7b947af87868237ffd 2c8ce333f2494ffc89271432289524ac - - default default] create failed (client error): The server could not comply with the request since it is either malformed or otherwise incorrect. [pid: 8|app: 0|req: 1773/3461] 10.0.0.148 () {34 vars in 684 bytes} [Fri May 29 05:56:46 2026] POST /v2.0/vpn/vpnservices => generated 194 bytes in 112 msecs (HTTP/1.1 400) 4 headers in 166 bytes (1 switches on core 0)
2026-05-29 05:56:46.702 8 WARNING neutron.plugins.ml2.drivers.ovn.mech_driver.ovsdb.ovn_client [None req-1937b20c-ad0b-47d6-8c51-a92ecbec346f - - - - - -] No hosting information found for port e0a784e5-e588-4c73-b169-fe6c399f3dc2: RuntimeError: No hosting information found for port e0a784e5-e588-4c73-b169-fe6c399f3dc2
2026-05-29 05:56:46.770 8 INFO neutron.db.ovn_revision_numbers_db [None req-1937b20c-ad0b-47d6-8c51-a92ecbec346f - - - - - -] Successfully bumped revision number for resource e0a784e5-e588-4c73-b169-fe6c399f3dc2 (type: router_ports) to 2
2026-05-29 05:56:46.771 8 INFO neutron.plugins.ml2.drivers.ovn.mech_driver.mech_driver [None req-1937b20c-ad0b-47d6-8c51-a92ecbec346f - - - - - -] OVN reports status down for port: 30d34cb2-030a-4dd5-9e6b-8d520ff1ffac
2026-05-29 05:56:46.783 8 INFO neutron.plugins.ml2.drivers.ovn.mech_driver.mech_driver [None req-1937b20c-ad0b-47d6-8c51-a92ecbec346f - - - - - -] OVN reports status down for port: 7a2daa46-9296-4b8e-8ac9-809050009145
2026-05-29 05:56:46.797 8 INFO neutron.plugins.ml2.drivers.ovn.mech_driver.mech_driver [None req-1937b20c-ad0b-47d6-8c51-a92ecbec346f - - - - - -] OVN reports status up for port: 7a2daa46-9296-4b8e-8ac9-809050009145
2026-05-29 05:56:46.818 8 INFO neutron.plugins.ml2.drivers.ovn.mech_driver.mech_driver [None req-1937b20c-ad0b-47d6-8c51-a92ecbec346f - - - - - -] OVN reports status down for port: 6136e3f1-1b9c-4429-b534-1b5a32da7074
2026-05-29 05:56:46.869 8 INFO neutron.plugins.ml2.drivers.ovn.mech_driver.mech_driver [None req-1937b20c-ad0b-47d6-8c51-a92ecbec346f - - - - - -] OVN reports status down for port: 3dcd4f81-cd02-4d80-8a46-0bdfda010d0f
2026-05-29 05:56:46.924 8 WARNING neutron.plugins.ml2.drivers.ovn.mech_driver.ovsdb.ovn_client [None req-1937b20c-ad0b-47d6-8c51-a92ecbec346f - - - - - -] Logical_Switch_Port %s host information not removed, the port state is up
2026-05-29 05:56:46.925 8 INFO neutron.plugins.ml2.drivers.ovn.mech_driver.mech_driver [None req-1937b20c-ad0b-47d6-8c51-a92ecbec346f - - - - - -] OVN reports status up for port: 3dcd4f81-cd02-4d80-8a46-0bdfda010d0f
2026-05-29 05:56:46.936 8 INFO neutron.plugins.ml2.plugin [None req-1937b20c-ad0b-47d6-8c51-a92ecbec346f - - - - - -] Attempt 1 to provision port 3dcd4f81-cd02-4d80-8a46-0bdfda010d0f
2026-05-29 05:56:47.157 7 INFO neutron_taas.services.taas.taas_plugin [None req-fa5b9524-e49b-4317-9dd2-ca9b75d59e5e f143e893338e4e7b947af87868237ffd 2c8ce333f2494ffc89271432289524ac - - default default] TaaS: Handle Delete Port: c79de4bf-5cf6-4eb7-8c1c-8a40eb996823
2026-05-29 05:56:47.161 7 INFO neutron_taas.services.taas.tap_mirror_plugin [None req-fa5b9524-e49b-4317-9dd2-ca9b75d59e5e f143e893338e4e7b947af87868237ffd 2c8ce333f2494ffc89271432289524ac - - default default] Tap Mirror: Handle Delete Port: c79de4bf-5cf6-4eb7-8c1c-8a40eb996823
2026-05-29 05:56:47.465 7 INFO neutron.services.segments.plugin [-] Segment ca1faf39-a933-47ab-a328-204c99c682cb resource provider aggregate not found
2026-05-29 05:56:47.471 7 INFO neutron.services.segments.plugin [-] Segment ca1faf39-a933-47ab-a328-204c99c682cb resource provider aggregate not found
2026-05-29 05:56:47.490 7 INFO neutron.services.segments.plugin [-] Segment ca1faf39-a933-47ab-a328-204c99c682cb resource provider not found; error: Placement Client Error (4xx): {"errors": [{"status": 404, "title": "Not Found", "detail": "The resource could not be found.\n\n No resource provider with uuid ca1faf39-a933-47ab-a328-204c99c682cb found for delete ", "request_id": "req-cdaad81c-ad85-42ef-b3b3-7846129532a2"}]}
2026-05-29 05:56:47.490 7 INFO neutron.services.segments.plugin [-] Segment ca1faf39-a933-47ab-a328-204c99c682cb resource provider not found; error: Placement Client Error (4xx): {"errors": [{"status": 404, "title": "Not Found", "detail": "The resource could not be found.\n\n No resource provider with uuid ca1faf39-a933-47ab-a328-204c99c682cb found for delete ", "request_id": "req-ce6805c0-e471-4604-b088-2a62c79d65fc"}]} [pid: 7|app: 0|req: 1689/3462] 10.0.0.148 () {32 vars in 725 bytes} [Fri May 29 05:56:46 2026] DELETE /v2.0/networks/3d3a78fb-c884-4d01-b273-777c383149fe => generated 0 bytes in 996 msecs (HTTP/1.1 204) 3 headers in 131 bytes (1 switches on core 0)
2026-05-29 05:56:47.814 8 INFO neutron_taas.services.taas.taas_plugin [None req-1339cf50-9b6e-4e43-a5aa-76b9b5b0da05 f143e893338e4e7b947af87868237ffd 2c8ce333f2494ffc89271432289524ac - - default default] TaaS: Handle Delete Port: 3dcd4f81-cd02-4d80-8a46-0bdfda010d0f
2026-05-29 05:56:47.817 8 INFO neutron_taas.services.taas.tap_mirror_plugin [None req-1339cf50-9b6e-4e43-a5aa-76b9b5b0da05 f143e893338e4e7b947af87868237ffd 2c8ce333f2494ffc89271432289524ac - - default default] Tap Mirror: Handle Delete Port: 3dcd4f81-cd02-4d80-8a46-0bdfda010d0f [pid: 8|app: 0|req: 1774/3463] 10.0.0.148 () {32 vars in 723 bytes} [Fri May 29 05:56:47 2026] DELETE /v2.0/routers/e51cc288-adc3-4d88-b1b3-18fbb651cca7 => generated 0 bytes in 637 msecs (HTTP/1.1 204) 2 headers in 112 bytes (1 switches on core 0)
2026-05-29 05:56:48.171 7 WARNING neutron.api.v2.base [None req-872d39a2-10e8-444f-ba8f-5123a141cff0 5afeeef4a57d49ad958c5394d3769614 94d67ae932214e018ca2d8cee5c0c9ad - - default default] An exception happened while processing the request body. The exception message is [Invalid input for description. Reason: 'yyyyyyyyyyyyyyyyyyyyyyyyyyyyyyyyyyyyyyyyyyyyyyyyyyyyyyyyyyyyyyyyyyyyyyyyyyyyyyyyyyyyyyyyyyyyyyyyyyyyyyyyyyyyyyyyyyyyyyyyyyyyyyyyyyyyyyyyyyyyyyyyyyyyyyyyyyyyyyyyyyyyyyyyyyyyyyyyyyyyyyyyyyyyyyyyyyyyyyyyyyyyyyyyyyyyyyyyyyyyyyyyyyyyyyyyyyyyyyyyyyyyyyyyyyyyyyyy' exceeds maximum length of 255.].: webob.exc.HTTPBadRequest: Invalid input for description. Reason: 'yyyyyyyyyyyyyyyyyyyyyyyyyyyyyyyyyyyyyyyyyyyyyyyyyyyyyyyyyyyyyyyyyyyyyyyyyyyyyyyyyyyyyyyyyyyyyyyyyyyyyyyyyyyyyyyyyyyyyyyyyyyyyyyyyyyyyyyyyyyyyyyyyyyyyyyyyyyyyyyyyyyyyyyyyyyyyyyyyyyyyyyyyyyyyyyyyyyyyyyyyyyyyyyyyyyyyyyyyyyyyyyyyyyyyyyyyyyyyyyyyyyyyyyyyyyyyyyy' exceeds maximum length of 255.
2026-05-29 05:56:48.171 7 INFO neutron.api.v2.resource [None req-872d39a2-10e8-444f-ba8f-5123a141cff0 5afeeef4a57d49ad958c5394d3769614 94d67ae932214e018ca2d8cee5c0c9ad - - default default] create failed (client error): Invalid input for description. Reason: 'yyyyyyyyyyyyyyyyyyyyyyyyyyyyyyyyyyyyyyyyyyyyyyyyyyyyyyyyyyyyyyyyyyyyyyyyyyyyyyyyyyyyyyyyyyyyyyyyyyyyyyyyyyyyyyyyyyyyyyyyyyyyyyyyyyyyyyyyyyyyyyyyyyyyyyyyyyyyyyyyyyyyyyyyyyyyyyyyyyyyyyyyyyyyyyyyyyyyyyyyyyyyyyyyyyyyyyyyyyyyyyyyyyyyyyyyyyyyyyyyyyyyyyyyyyyyyyyy' exceeds maximum length of 255. [pid: 7|app: 0|req: 1690/3464] 10.0.0.148 () {34 vars in 684 bytes} [Fri May 29 05:56:48 2026] POST /v2.0/vpn/vpnservices => generated 401 bytes in 9 msecs (HTTP/1.1 400) 4 headers in 166 bytes (1 switches on core 0)
2026-05-29 05:56:48.187 8 WARNING neutron.api.v2.base [None req-2086ce6a-cf73-47d4-b4f8-c1dd3013b6b3 5afeeef4a57d49ad958c5394d3769614 94d67ae932214e018ca2d8cee5c0c9ad - - default default] An exception happened while processing the request body. The exception message is [Invalid input for name. Reason: 'xxxxxxxxxxxxxxxxxxxxxxxxxxxxxxxxxxxxxxxxxxxxxxxxxxxxxxxxxxxxxxxxxxxxxxxxxxxxxxxxxxxxxxxxxxxxxxxxxxxxxxxxxxxxxxxxxxxxxxxxxxxxxxxxxxxxxxxxxxxxxxxxxxxxxxxxxxxxxxxxxxxxxxxxxxxxxxxxxxxxxxxxxxxxxxxxxxxxxxxxxxxxxxxxxxxxxxxxxxxxxxxxxxxxxxxxxxxxxxxxxxxxxxxxxxxxxxxx' exceeds maximum length of 255.].: webob.exc.HTTPBadRequest: Invalid input for name. Reason: 'xxxxxxxxxxxxxxxxxxxxxxxxxxxxxxxxxxxxxxxxxxxxxxxxxxxxxxxxxxxxxxxxxxxxxxxxxxxxxxxxxxxxxxxxxxxxxxxxxxxxxxxxxxxxxxxxxxxxxxxxxxxxxxxxxxxxxxxxxxxxxxxxxxxxxxxxxxxxxxxxxxxxxxxxxxxxxxxxxxxxxxxxxxxxxxxxxxxxxxxxxxxxxxxxxxxxxxxxxxxxxxxxxxxxxxxxxxxxxxxxxxxxxxxxxxxxxxxx' exceeds maximum length of 255.
2026-05-29 05:56:48.187 8 INFO neutron.api.v2.resource [None req-2086ce6a-cf73-47d4-b4f8-c1dd3013b6b3 5afeeef4a57d49ad958c5394d3769614 94d67ae932214e018ca2d8cee5c0c9ad - - default default] create failed (client error): Invalid input for name. Reason: 'xxxxxxxxxxxxxxxxxxxxxxxxxxxxxxxxxxxxxxxxxxxxxxxxxxxxxxxxxxxxxxxxxxxxxxxxxxxxxxxxxxxxxxxxxxxxxxxxxxxxxxxxxxxxxxxxxxxxxxxxxxxxxxxxxxxxxxxxxxxxxxxxxxxxxxxxxxxxxxxxxxxxxxxxxxxxxxxxxxxxxxxxxxxxxxxxxxxxxxxxxxxxxxxxxxxxxxxxxxxxxxxxxxxxxxxxxxxxxxxxxxxxxxxxxxxxxxxx' exceeds maximum length of 255. [pid: 8|app: 0|req: 1775/3465] 10.0.0.148 () {34 vars in 684 bytes} [Fri May 29 05:56:48 2026] POST /v2.0/vpn/vpnservices => generated 394 bytes in 10 msecs (HTTP/1.1 400) 4 headers in 166 bytes (1 switches on core 0)
2026-05-29 05:56:48.228 7 INFO neutron.api.v2.resource [None req-bede10a3-14a4-4521-b329-e9cbc8ce605d 5afeeef4a57d49ad958c5394d3769614 94d67ae932214e018ca2d8cee5c0c9ad - - default default] create failed (client error): The server could not comply with the request since it is either malformed or otherwise incorrect. [pid: 7|app: 0|req: 1691/3466] 10.0.0.148 () {34 vars in 692 bytes} [Fri May 29 05:56:48 2026] POST /v2.0/vpn/endpoint-groups => generated 183 bytes in 38 msecs (HTTP/1.1 400) 4 headers in 166 bytes (1 switches on core 0)
2026-05-29 05:56:48.266 8 INFO neutron.api.v2.resource [None req-d6a037ce-0ba2-4b2b-b4e9-9c362a91a1d4 5afeeef4a57d49ad958c5394d3769614 94d67ae932214e018ca2d8cee5c0c9ad - - default default] create failed (client error): The server could not comply with the request since it is either malformed or otherwise incorrect. [pid: 8|app: 0|req: 1776/3467] 10.0.0.148 () {34 vars in 692 bytes} [Fri May 29 05:56:48 2026] POST /v2.0/vpn/endpoint-groups => generated 160 bytes in 30 msecs (HTTP/1.1 400) 4 headers in 166 bytes (1 switches on core 0)
2026-05-29 05:56:48.309 7 INFO neutron.api.v2.resource [None req-6bcca698-1ffd-46a1-9045-d4973dac80b7 5afeeef4a57d49ad958c5394d3769614 94d67ae932214e018ca2d8cee5c0c9ad - - default default] create failed (client error): The server could not comply with the request since it is either malformed or otherwise incorrect. [pid: 7|app: 0|req: 1692/3468] 10.0.0.148 () {34 vars in 692 bytes} [Fri May 29 05:56:48 2026] POST /v2.0/vpn/endpoint-groups => generated 154 bytes in 36 msecs (HTTP/1.1 400) 4 headers in 166 bytes (1 switches on core 0) [pid: 8|app: 0|req: 1777/3469] 10.0.0.148 () {32 vars in 662 bytes} [Fri May 29 05:56:48 2026] GET /v2.0/vpn/ikepolicies => generated 408 bytes in 13 msecs (HTTP/1.1 200) 4 headers in 157 bytes (1 switches on core 0) [pid: 7|app: 0|req: 1693/3470] 10.0.0.148 () {32 vars in 666 bytes} [Fri May 29 05:56:48 2026] GET /v2.0/vpn/ipsecpolicies => generated 417 bytes in 14 msecs (HTTP/1.1 200) 4 headers in 157 bytes (1 switches on core 0) [pid: 8|app: 0|req: 1778/3471] 10.0.0.148 () {32 vars in 684 bytes} [Fri May 29 05:56:48 2026] GET /v2.0/vpn/ipsec-site-connections => generated 795 bytes in 12 msecs (HTTP/1.1 200) 4 headers in 157 bytes (1 switches on core 0) [pid: 7|app: 0|req: 1694/3472] 10.0.0.148 () {32 vars in 662 bytes} [Fri May 29 05:56:48 2026] GET /v2.0/vpn/vpnservices => generated 861 bytes in 12 msecs (HTTP/1.1 200) 4 headers in 157 bytes (1 switches on core 0) [pid: 8|app: 0|req: 1779/3473] 10.0.0.148 () {32 vars in 744 bytes} [Fri May 29 05:56:48 2026] GET /v2.0/vpn/endpoint-groups/8b8cd86f-a941-4445-91d8-8e09a7068c80 => generated 328 bytes in 10 msecs (HTTP/1.1 200) 4 headers in 157 bytes (1 switches on core 0) [pid: 7|app: 0|req: 1695/3474] 10.0.0.148 () {32 vars in 744 bytes} [Fri May 29 05:56:48 2026] GET /v2.0/vpn/endpoint-groups/a173a090-99ac-40ce-9c81-59b2e90dcddc => generated 320 bytes in 11 msecs (HTTP/1.1 200) 4 headers in 157 bytes (1 switches on core 0) [pid: 8|app: 0|req: 1780/3475] 10.0.0.148 () {32 vars in 736 bytes} [Fri May 29 05:56:48 2026] GET /v2.0/vpn/ikepolicies/d99a90ed-1697-4f65-ac8e-f22600f7a84f => generated 404 bytes in 13 msecs (HTTP/1.1 200) 4 headers in 157 bytes (1 switches on core 0) [pid: 7|app: 0|req: 1696/3476] 10.0.0.148 () {32 vars in 740 bytes} [Fri May 29 05:56:48 2026] GET /v2.0/vpn/ipsecpolicies/c1b00d84-2378-42c0-ba85-ce1acf71491f => generated 413 bytes in 14 msecs (HTTP/1.1 200) 4 headers in 157 bytes (1 switches on core 0) [pid: 8|app: 0|req: 1781/3477] 10.0.0.148 () {32 vars in 736 bytes} [Fri May 29 05:56:48 2026] GET /v2.0/vpn/vpnservices/8a6ac1f2-755e-48a5-b72b-66d78db1fe8d => generated 449 bytes in 13 msecs (HTTP/1.1 200) 4 headers in 157 bytes (1 switches on core 0)
2026-05-29 05:56:49.029 7 INFO neutron.db.ovn_revision_numbers_db [None req-15035b7d-c058-4bd9-8e95-79795bd55b9a 5afeeef4a57d49ad958c5394d3769614 94d67ae932214e018ca2d8cee5c0c9ad - - default default] Successfully bumped revision number for resource 3328b223-5111-46bc-84e3-a22098efc7cb (type: routers) to 10 [pid: 7|app: 0|req: 1697/3478] 10.0.0.148 () {32 vars in 761 bytes} [Fri May 29 05:56:48 2026] DELETE /v2.0/vpn/ipsec-site-connections/75c2dc93-ae02-43d4-a121-9713f8d9793f => generated 0 bytes in 580 msecs (HTTP/1.1 204) 2 headers in 112 bytes (1 switches on core 0) [pid: 8|app: 0|req: 1782/3479] 10.0.0.148 () {32 vars in 747 bytes} [Fri May 29 05:56:49 2026] DELETE /v2.0/vpn/endpoint-groups/8b8cd86f-a941-4445-91d8-8e09a7068c80 => generated 0 bytes in 28 msecs (HTTP/1.1 204) 2 headers in 112 bytes (1 switches on core 0) [pid: 7|app: 0|req: 1698/3480] 10.0.0.148 () {32 vars in 747 bytes} [Fri May 29 05:56:49 2026] DELETE /v2.0/vpn/endpoint-groups/a173a090-99ac-40ce-9c81-59b2e90dcddc => generated 0 bytes in 28 msecs (HTTP/1.1 204) 2 headers in 112 bytes (1 switches on core 0) [pid: 8|app: 0|req: 1783/3481] 10.0.0.148 () {32 vars in 743 bytes} [Fri May 29 05:56:49 2026] DELETE /v2.0/vpn/ipsecpolicies/c1b00d84-2378-42c0-ba85-ce1acf71491f => generated 0 bytes in 23 msecs (HTTP/1.1 204) 2 headers in 112 bytes (1 switches on core 0) [pid: 7|app: 0|req: 1699/3482] 10.0.0.148 () {32 vars in 739 bytes} [Fri May 29 05:56:49 2026] DELETE /v2.0/vpn/ikepolicies/d99a90ed-1697-4f65-ac8e-f22600f7a84f => generated 0 bytes in 27 msecs (HTTP/1.1 204) 2 headers in 112 bytes (1 switches on core 0) [pid: 8|app: 0|req: 1784/3483] 10.0.0.148 () {32 vars in 739 bytes} [Fri May 29 05:56:49 2026] DELETE /v2.0/vpn/vpnservices/8a6ac1f2-755e-48a5-b72b-66d78db1fe8d => generated 0 bytes in 46 msecs (HTTP/1.1 204) 2 headers in 112 bytes (1 switches on core 0)
2026-05-29 05:56:49.499 7 INFO neutron_taas.services.taas.taas_plugin [None req-740750a5-5be5-417d-8e2f-ffec20cf6af6 5afeeef4a57d49ad958c5394d3769614 94d67ae932214e018ca2d8cee5c0c9ad - - default default] TaaS: Handle Delete Port: 00a0a601-dcb0-4da2-bba1-22874bab6569
2026-05-29 05:56:49.501 7 INFO neutron_taas.services.taas.tap_mirror_plugin [None req-740750a5-5be5-417d-8e2f-ffec20cf6af6 5afeeef4a57d49ad958c5394d3769614 94d67ae932214e018ca2d8cee5c0c9ad - - default default] Tap Mirror: Handle Delete Port: 00a0a601-dcb0-4da2-bba1-22874bab6569
2026-05-29 05:56:49.800 7 INFO neutron_taas.services.taas.taas_plugin [None req-4b80217b-43a1-4763-967e-dbc78ed4db31 - - - - - -] TaaS: Handle Delete Port: 08a33b3e-f8a4-4541-8050-482c1000c649
2026-05-29 05:56:49.804 7 INFO neutron_taas.services.taas.tap_mirror_plugin [None req-4b80217b-43a1-4763-967e-dbc78ed4db31 - - - - - -] Tap Mirror: Handle Delete Port: 08a33b3e-f8a4-4541-8050-482c1000c649
2026-05-29 05:56:50.183 7 INFO neutron_taas.services.taas.taas_plugin [None req-3edd2dea-9aa9-43e6-979d-dba87a1be16b - - - - - -] TaaS: Handle Delete Port: 0e1f5962-9848-48cd-8ea5-cb4f3c86c0fb
2026-05-29 05:56:50.186 7 INFO neutron_taas.services.taas.tap_mirror_plugin [None req-3edd2dea-9aa9-43e6-979d-dba87a1be16b - - - - - -] Tap Mirror: Handle Delete Port: 0e1f5962-9848-48cd-8ea5-cb4f3c86c0fb
2026-05-29 05:56:51.153 7 INFO neutron_taas.services.taas.taas_plugin [None req-3edd2dea-9aa9-43e6-979d-dba87a1be16b - - - - - -] TaaS: Handle Delete Port: 648d94c1-046a-4a92-8e82-399490405315
2026-05-29 05:56:51.157 7 INFO neutron_taas.services.taas.tap_mirror_plugin [None req-3edd2dea-9aa9-43e6-979d-dba87a1be16b - - - - - -] Tap Mirror: Handle Delete Port: 648d94c1-046a-4a92-8e82-399490405315
2026-05-29 05:56:51.352 7 INFO neutron.services.segments.plugin [-] Segment 203dd85c-2b59-49b8-9105-348b36db0c8a resource provider aggregate not found
2026-05-29 05:56:51.360 7 INFO neutron.services.segments.plugin [-] Segment 203dd85c-2b59-49b8-9105-348b36db0c8a resource provider aggregate not found
2026-05-29 05:56:51.378 7 INFO neutron.services.segments.plugin [-] Segment 203dd85c-2b59-49b8-9105-348b36db0c8a resource provider not found; error: Placement Client Error (4xx): {"errors": [{"status": 404, "title": "Not Found", "detail": "The resource could not be found.\n\n No resource provider with uuid 203dd85c-2b59-49b8-9105-348b36db0c8a found for delete ", "request_id": "req-8e197768-3033-428f-bac3-8663540cb8e2"}]}
2026-05-29 05:56:51.389 7 INFO neutron.services.segments.plugin [-] Segment 203dd85c-2b59-49b8-9105-348b36db0c8a resource provider not found; error: Placement Client Error (4xx): {"errors": [{"status": 404, "title": "Not Found", "detail": "The resource could not be found.\n\n No resource provider with uuid 203dd85c-2b59-49b8-9105-348b36db0c8a found for delete ", "request_id": "req-ad12af20-35d1-4376-aee9-2747cfdc3ba7"}]} [pid: 7|app: 0|req: 1700/3484] 10.0.0.148 () {32 vars in 739 bytes} [Fri May 29 05:56:49 2026] DELETE /v2.0/vpn/vpnservices/8a5be85d-cce3-401a-821f-e2ac9347ac0c => generated 0 bytes in 2184 msecs (HTTP/1.1 204) 2 headers in 112 bytes (1 switches on core 0) [pid: 8|app: 0|req: 1785/3485] 10.0.0.148 () {32 vars in 720 bytes} [Fri May 29 05:56:51 2026] GET /v2.0/routers/3328b223-5111-46bc-84e3-a22098efc7cb => generated 943 bytes in 65 msecs (HTTP/1.1 200) 4 headers in 157 bytes (1 switches on core 0) /var/lib/openstack/lib/python3.12/site-packages/pycadf/identifier.py:70: UserWarning: Invalid uuid: neutron. To ensure interoperability, identifiers should be a valid uuid. warnings.warn(('Invalid uuid: %s. To ensure interoperability, '
2026-05-29 05:56:52.101 8 WARNING neutron.plugins.ml2.drivers.ovn.mech_driver.ovsdb.ovn_client [None req-1937b20c-ad0b-47d6-8c51-a92ecbec346f - - - - - -] No port found with ID 3dcd4f81-cd02-4d80-8a46-0bdfda010d0f: RuntimeError: No port found with ID 3dcd4f81-cd02-4d80-8a46-0bdfda010d0f
2026-05-29 05:56:52.166 7 INFO neutron.db.ovn_revision_numbers_db [None req-363226a5-7da2-40a1-9aa3-cabf536b25ed 5afeeef4a57d49ad958c5394d3769614 94d67ae932214e018ca2d8cee5c0c9ad - - default default] Successfully bumped revision number for resource 3328b223-5111-46bc-84e3-a22098efc7cb (type: routers) to 11 [pid: 7|app: 0|req: 1701/3486] 10.0.0.148 () {34 vars in 741 bytes} [Fri May 29 05:56:51 2026] PUT /v2.0/routers/3328b223-5111-46bc-84e3-a22098efc7cb => generated 943 bytes in 679 msecs (HTTP/1.1 200) 4 headers in 157 bytes (1 switches on core 0) [pid: 8|app: 0|req: 1786/3487] 10.0.0.148 () {32 vars in 735 bytes} [Fri May 29 05:56:52 2026] GET /v2.0/ports?device_id=3328b223-5111-46bc-84e3-a22098efc7cb => generated 946 bytes in 78 msecs (HTTP/1.1 200) 4 headers in 157 bytes (1 switches on core 0)
2026-05-29 05:56:52.554 7 INFO neutron_taas.services.taas.taas_plugin [None req-25976610-a279-492d-8900-0b463b361a4a 5afeeef4a57d49ad958c5394d3769614 94d67ae932214e018ca2d8cee5c0c9ad - - default default] TaaS: Handle Delete Port: 6a42dd0c-b18a-4ea5-b340-71c6abafad9f
