2026-05-29 05:49:04.382 7 INFO neutron.pecan_wsgi.hooks.translation [None req-05c3de96-3585-42c5-b19e-d811f3c26c55 e2f8b10f59ca4090b5b652c6964477cc 51d59abb32234d149bfff82920a44fde - - default default] DELETE failed (client error): The resource could not be found. [pid: 7|app: 0|req: 583/1225] 10.0.0.148 () {32 vars in 723 bytes} [Fri May 29 05:49:04 2026] DELETE /v2.0/subnets/80530b68-c824-49d3-b9cd-215b79b01b2a => generated 136 bytes in 19 msecs (HTTP/1.1 404) 4 headers in 164 bytes (1 switches on core 0)
2026-05-29 05:49:04.408 8 INFO neutron.pecan_wsgi.hooks.translation [None req-05183813-b86d-4569-a8c5-d27df4ae2561 e2f8b10f59ca4090b5b652c6964477cc 51d59abb32234d149bfff82920a44fde - - default default] DELETE failed (client error): The resource could not be found. [pid: 8|app: 0|req: 643/1226] 10.0.0.148 () {32 vars in 723 bytes} [Fri May 29 05:49:04 2026] DELETE /v2.0/subnets/2d9cc33b-1f95-4f7f-99fa-0a39ad2dcba4 => generated 136 bytes in 24 msecs (HTTP/1.1 404) 4 headers in 164 bytes (1 switches on core 0) [pid: 8|app: 0|req: 644/1227] 10.0.0.174 () {34 vars in 989 bytes} [Fri May 29 05:49:04 2026] GET /v2.0/ports?device_id=c442db38-9539-4f79-9c37-9a84841ab620 => generated 971 bytes in 33 msecs (HTTP/1.1 200) 4 headers in 157 bytes (1 switches on core 0) [pid: 8|app: 0|req: 645/1228] 10.0.0.174 () {34 vars in 1039 bytes} [Fri May 29 05:49:04 2026] GET /v2.0/security-groups?id=0445d868-3fdc-4e64-8645-49303f282b11&fields=id&fields=name => generated 113 bytes in 29 msecs (HTTP/1.1 200) 4 headers in 157 bytes (1 switches on core 0)
2026-05-29 05:49:05.040 7 INFO neutron_taas.services.taas.taas_plugin [None req-5780cff0-be89-45b8-8240-95489f437ac2 e2f8b10f59ca4090b5b652c6964477cc 51d59abb32234d149bfff82920a44fde - - default default] TaaS: Handle Delete Port: f2e603e2-8e34-446e-a4c1-3bff3148caf7
2026-05-29 05:49:05.043 7 INFO neutron_taas.services.taas.tap_mirror_plugin [None req-5780cff0-be89-45b8-8240-95489f437ac2 e2f8b10f59ca4090b5b652c6964477cc 51d59abb32234d149bfff82920a44fde - - default default] Tap Mirror: Handle Delete Port: f2e603e2-8e34-446e-a4c1-3bff3148caf7 [pid: 7|app: 0|req: 584/1229] 10.0.0.148 () {32 vars in 719 bytes} [Fri May 29 05:49:04 2026] DELETE /v2.0/ports/f2e603e2-8e34-446e-a4c1-3bff3148caf7 => generated 0 bytes in 749 msecs (HTTP/1.1 204) 3 headers in 131 bytes (1 switches on core 0)
2026-05-29 05:49:05.166 8 INFO neutron.db.ovn_revision_numbers_db [None req-48c4ad68-f030-421c-bc23-562c3bd9f428 32236799845f432fb1d237992b56a922 08d80e320bbd4c91b75af08d2cfd3293 - - default default] Successfully bumped revision number for resource 2d25f619-8b9e-46eb-a22a-f1103c8a285c (type: security_groups) to 1
2026-05-29 05:49:05.180 8 INFO neutron.db.ovn_revision_numbers_db [None req-48c4ad68-f030-421c-bc23-562c3bd9f428 32236799845f432fb1d237992b56a922 08d80e320bbd4c91b75af08d2cfd3293 - - default default] Successfully bumped revision number for resource 2b13fb90-23b9-4406-bb1a-ecc32589c0e9 (type: security_group_rules) to 0 [pid: 7|app: 0|req: 585/1230] 10.0.0.174 () {34 vars in 989 bytes} [Fri May 29 05:49:05 2026] GET /v2.0/ports?device_id=89dfd4c5-111a-4c7a-a5a5-fe1b2fe6131d => generated 12 bytes in 17 msecs (HTTP/1.1 200) 4 headers in 156 bytes (1 switches on core 0)
2026-05-29 05:49:05.195 8 INFO neutron.db.ovn_revision_numbers_db [None req-48c4ad68-f030-421c-bc23-562c3bd9f428 32236799845f432fb1d237992b56a922 08d80e320bbd4c91b75af08d2cfd3293 - - default default] Successfully bumped revision number for resource 77379296-2386-464d-acba-20b1d4155444 (type: security_group_rules) to 0
2026-05-29 05:49:05.208 8 INFO neutron.db.ovn_revision_numbers_db [None req-48c4ad68-f030-421c-bc23-562c3bd9f428 32236799845f432fb1d237992b56a922 08d80e320bbd4c91b75af08d2cfd3293 - - default default] Successfully bumped revision number for resource c4fefbdd-277d-465e-8b1a-9fdcb0c9181b (type: security_group_rules) to 0
2026-05-29 05:49:05.224 8 INFO neutron.db.ovn_revision_numbers_db [None req-48c4ad68-f030-421c-bc23-562c3bd9f428 32236799845f432fb1d237992b56a922 08d80e320bbd4c91b75af08d2cfd3293 - - default default] Successfully bumped revision number for resource fb9e20da-23e7-4fae-b4f3-86802c9ab842 (type: security_group_rules) to 0 [pid: 8|app: 0|req: 646/1231] 10.0.0.148 () {32 vars in 773 bytes} [Fri May 29 05:49:04 2026] GET /v2.0/security-groups?tenant_id=60e1f66bf9db49f097927c11e145ccf4&name=default => generated 2925 bytes in 403 msecs (HTTP/1.1 200) 4 headers in 158 bytes (1 switches on core 0)
2026-05-29 05:49:05.303 7 INFO neutron_taas.services.taas.taas_plugin [None req-75f79f2a-1a47-4258-a6d6-f578cdcc2962 e2f8b10f59ca4090b5b652c6964477cc 51d59abb32234d149bfff82920a44fde - - default default] TaaS: Handle Delete Port: a21ab628-771c-4f33-9549-f429d2bb5eb7
2026-05-29 05:49:05.305 7 INFO neutron_taas.services.taas.tap_mirror_plugin [None req-75f79f2a-1a47-4258-a6d6-f578cdcc2962 e2f8b10f59ca4090b5b652c6964477cc 51d59abb32234d149bfff82920a44fde - - default default] Tap Mirror: Handle Delete Port: a21ab628-771c-4f33-9549-f429d2bb5eb7
2026-05-29 05:49:05.500 7 INFO neutron.services.segments.plugin [-] Segment fc4dd9b4-20ab-4e32-9a19-39a0dcc180bc resource provider aggregate not found
2026-05-29 05:49:05.510 7 INFO neutron.services.segments.plugin [-] Segment fc4dd9b4-20ab-4e32-9a19-39a0dcc180bc resource provider aggregate not found [pid: 8|app: 0|req: 647/1232] 10.0.0.148 () {32 vars in 739 bytes} [Fri May 29 05:49:05 2026] DELETE /v2.0/security-groups/2d25f619-8b9e-46eb-a22a-f1103c8a285c => generated 0 bytes in 256 msecs (HTTP/1.1 204) 2 headers in 112 bytes (1 switches on core 0)
2026-05-29 05:49:05.526 7 INFO neutron.services.segments.plugin [-] Segment fc4dd9b4-20ab-4e32-9a19-39a0dcc180bc resource provider not found; error: Placement Client Error (4xx): {"errors": [{"status": 404, "title": "Not Found", "detail": "The resource could not be found.\n\n No resource provider with uuid fc4dd9b4-20ab-4e32-9a19-39a0dcc180bc found for delete ", "request_id": "req-5d16e20f-42e8-41cd-98aa-0b48f3f38822"}]}
2026-05-29 05:49:05.537 7 INFO neutron.services.segments.plugin [-] Segment fc4dd9b4-20ab-4e32-9a19-39a0dcc180bc resource provider not found; error: Placement Client Error (4xx): {"errors": [{"status": 404, "title": "Not Found", "detail": "The resource could not be found.\n\n No resource provider with uuid fc4dd9b4-20ab-4e32-9a19-39a0dcc180bc found for delete ", "request_id": "req-05f57170-35ea-4f66-a3ee-5f1df08e5f7b"}]} [pid: 7|app: 0|req: 586/1233] 10.0.0.148 () {32 vars in 725 bytes} [Fri May 29 05:49:05 2026] DELETE /v2.0/networks/5448b8d3-36af-4883-96e6-0a302e9027e5 => generated 0 bytes in 377 msecs (HTTP/1.1 204) 3 headers in 131 bytes (1 switches on core 0)
2026-05-29 05:49:05.713 8 INFO neutron.db.ovn_revision_numbers_db [None req-f59ddfca-a236-49bc-811c-15c1ddc675bc 32236799845f432fb1d237992b56a922 08d80e320bbd4c91b75af08d2cfd3293 - - default default] Successfully bumped revision number for resource c7fa495b-0f34-4784-96f5-5b31103fab8a (type: security_groups) to 1 [pid: 7|app: 0|req: 587/1234] 10.0.0.174 () {34 vars in 989 bytes} [Fri May 29 05:49:05 2026] GET /v2.0/ports?device_id=c442db38-9539-4f79-9c37-9a84841ab620 => generated 971 bytes in 97 msecs (HTTP/1.1 200) 4 headers in 157 bytes (1 switches on core 0)
2026-05-29 05:49:05.727 8 INFO neutron.db.ovn_revision_numbers_db [None req-f59ddfca-a236-49bc-811c-15c1ddc675bc 32236799845f432fb1d237992b56a922 08d80e320bbd4c91b75af08d2cfd3293 - - default default] Successfully bumped revision number for resource 0bbdc4c0-7de1-41af-9439-5ffb2dd42d32 (type: security_group_rules) to 0
2026-05-29 05:49:05.740 8 INFO neutron.db.ovn_revision_numbers_db [None req-f59ddfca-a236-49bc-811c-15c1ddc675bc 32236799845f432fb1d237992b56a922 08d80e320bbd4c91b75af08d2cfd3293 - - default default] Successfully bumped revision number for resource 148696a2-0dff-46c1-ac13-d3aa227d51a0 (type: security_group_rules) to 0
2026-05-29 05:49:05.751 8 INFO neutron.db.ovn_revision_numbers_db [None req-f59ddfca-a236-49bc-811c-15c1ddc675bc 32236799845f432fb1d237992b56a922 08d80e320bbd4c91b75af08d2cfd3293 - - default default] Successfully bumped revision number for resource 5e77058c-ab2f-48f1-a560-7ae8c5bae676 (type: security_group_rules) to 0 [pid: 7|app: 0|req: 588/1235] 10.0.0.174 () {34 vars in 1039 bytes} [Fri May 29 05:49:05 2026] GET /v2.0/security-groups?id=0445d868-3fdc-4e64-8645-49303f282b11&fields=id&fields=name => generated 113 bytes in 30 msecs (HTTP/1.1 200) 4 headers in 157 bytes (1 switches on core 0)
2026-05-29 05:49:05.764 8 INFO neutron.db.ovn_revision_numbers_db [None req-f59ddfca-a236-49bc-811c-15c1ddc675bc 32236799845f432fb1d237992b56a922 08d80e320bbd4c91b75af08d2cfd3293 - - default default] Successfully bumped revision number for resource e64da3e4-4dfb-4173-b279-5619fac710d6 (type: security_group_rules) to 0 [pid: 8|app: 0|req: 648/1236] 10.0.0.148 () {32 vars in 773 bytes} [Fri May 29 05:49:05 2026] GET /v2.0/security-groups?tenant_id=a5810a62cb8543a6a322b423874aa282&name=default => generated 2925 bytes in 190 msecs (HTTP/1.1 200) 4 headers in 158 bytes (1 switches on core 0) [pid: 7|app: 0|req: 589/1237] 10.0.0.148 () {32 vars in 739 bytes} [Fri May 29 05:49:05 2026] DELETE /v2.0/security-groups/c7fa495b-0f34-4784-96f5-5b31103fab8a => generated 0 bytes in 215 msecs (HTTP/1.1 204) 2 headers in 112 bytes (1 switches on core 0)
2026-05-29 05:49:06.240 7 WARNING neutron.plugins.ml2.drivers.ovn.mech_driver.ovsdb.ovn_client [None req-c67ae954-1e1b-4cf2-b34b-9f56ef9c4fc0 - - - - - -] No hosting information found for port f6190f47-d81d-4626-a0b3-13f7a14e0b5a: RuntimeError: No hosting information found for port f6190f47-d81d-4626-a0b3-13f7a14e0b5a [pid: 7|app: 0|req: 590/1238] 10.0.0.174 () {34 vars in 989 bytes} [Fri May 29 05:49:06 2026] GET /v2.0/ports?device_id=89dfd4c5-111a-4c7a-a5a5-fe1b2fe6131d => generated 12 bytes in 33 msecs (HTTP/1.1 200) 4 headers in 156 bytes (1 switches on core 0) [pid: 8|app: 0|req: 649/1239] 10.0.0.148 () {32 vars in 773 bytes} [Fri May 29 05:49:06 2026] GET /v2.0/security-groups?tenant_id=51d59abb32234d149bfff82920a44fde&name=default => generated 2925 bytes in 241 msecs (HTTP/1.1 200) 4 headers in 158 bytes (1 switches on core 0)
2026-05-29 05:49:06.338 7 INFO neutron.db.ovn_revision_numbers_db [None req-c67ae954-1e1b-4cf2-b34b-9f56ef9c4fc0 - - - - - -] Successfully bumped revision number for resource f6190f47-d81d-4626-a0b3-13f7a14e0b5a (type: router_ports) to 2
2026-05-29 05:49:06.338 7 INFO neutron.plugins.ml2.drivers.ovn.mech_driver.mech_driver [None req-c67ae954-1e1b-4cf2-b34b-9f56ef9c4fc0 - - - - - -] OVN reports status down for port: 3be6fe4b-4b93-480c-8aa9-6006d2501575
2026-05-29 05:49:06.420 7 INFO neutron.plugins.ml2.drivers.ovn.mech_driver.mech_driver [None req-c67ae954-1e1b-4cf2-b34b-9f56ef9c4fc0 - - - - - -] OVN reports status down for port: d1718c78-e121-4bb0-8b37-2203835c9cb3
2026-05-29 05:49:06.435 7 INFO neutron.plugins.ml2.drivers.ovn.mech_driver.mech_driver [None req-c67ae954-1e1b-4cf2-b34b-9f56ef9c4fc0 - - - - - -] OVN reports status down for port: bfae02c0-37be-46e0-879f-37083639aaf8
2026-05-29 05:49:06.653 7 INFO neutron.notifiers.nova [-] Nova event matching ['req-021581c2-9ee0-42d7-9e52-f3b5ece8336b'] response: {'server_uuid': 'c442db38-9539-4f79-9c37-9a84841ab620', 'name': 'network-vif-unplugged', 'status': 'completed', 'tag': 'bfae02c0-37be-46e0-879f-37083639aaf8', 'code': 200} [pid: 7|app: 0|req: 591/1240] 10.0.0.148 () {32 vars in 739 bytes} [Fri May 29 05:49:06 2026] DELETE /v2.0/security-groups/cab49f23-e621-4bad-8edd-7eb7f00dbfe5 => generated 0 bytes in 488 msecs (HTTP/1.1 204) 2 headers in 112 bytes (1 switches on core 0)
2026-05-29 05:49:06.877 7 INFO neutron.db.ovn_revision_numbers_db [None req-c67ae954-1e1b-4cf2-b34b-9f56ef9c4fc0 - - - - - -] Successfully bumped revision number for resource bfae02c0-37be-46e0-879f-37083639aaf8 (type: ports) to 6 [pid: 8|app: 0|req: 650/1241] 10.0.0.174 () {34 vars in 989 bytes} [Fri May 29 05:49:06 2026] GET /v2.0/ports?device_id=c442db38-9539-4f79-9c37-9a84841ab620 => generated 969 bytes in 92 msecs (HTTP/1.1 200) 4 headers in 157 bytes (1 switches on core 0)
2026-05-29 05:49:06.941 7 WARNING neutron.plugins.ml2.drivers.ovn.mech_driver.ovsdb.ovn_client [None req-563d8798-32bb-4849-8657-a49da161a096 - - - - - -] Logical_Switch_Port %s host information not removed, the port state is up
2026-05-29 05:49:06.942 7 INFO neutron.plugins.ml2.drivers.ovn.mech_driver.mech_driver [None req-563d8798-32bb-4849-8657-a49da161a096 - - - - - -] OVN reports status down for port: d1718c78-e121-4bb0-8b37-2203835c9cb3 /var/lib/openstack/lib/python3.12/site-packages/pycadf/identifier.py:70: UserWarning: Invalid uuid: neutron. To ensure interoperability, identifiers should be a valid uuid. warnings.warn(('Invalid uuid: %s. To ensure interoperability, '
2026-05-29 05:49:06.966 7 INFO neutron.plugins.ml2.drivers.ovn.mech_driver.mech_driver [None req-563d8798-32bb-4849-8657-a49da161a096 - - - - - -] OVN reports status up for port: bfae02c0-37be-46e0-879f-37083639aaf8 [pid: 7|app: 0|req: 592/1242] 10.0.0.174 () {34 vars in 1039 bytes} [Fri May 29 05:49:06 2026] GET /v2.0/security-groups?id=0445d868-3fdc-4e64-8645-49303f282b11&fields=id&fields=name => generated 113 bytes in 49 msecs (HTTP/1.1 200) 4 headers in 157 bytes (1 switches on core 0)
2026-05-29 05:49:06.988 7 INFO neutron.plugins.ml2.plugin [None req-563d8798-32bb-4849-8657-a49da161a096 - - - - - -] Attempt 1 to provision port bfae02c0-37be-46e0-879f-37083639aaf8 [pid: 8|app: 0|req: 651/1243] 199.204.45.138 () {34 vars in 985 bytes} [Fri May 29 05:49:07 2026] GET /v2.0/networks?id=b0788c31-0bb0-404c-b185-45c22ad88e1e => generated 711 bytes in 51 msecs (HTTP/1.1 200) 4 headers in 157 bytes (1 switches on core 0)
2026-05-29 05:49:07.246 7 INFO neutron.db.ovn_revision_numbers_db [None req-563d8798-32bb-4849-8657-a49da161a096 - - - - - -] Successfully bumped revision number for resource bfae02c0-37be-46e0-879f-37083639aaf8 (type: ports) to 7 [pid: 8|app: 0|req: 652/1244] 10.0.0.174 () {34 vars in 989 bytes} [Fri May 29 05:49:07 2026] GET /v2.0/ports?device_id=89dfd4c5-111a-4c7a-a5a5-fe1b2fe6131d => generated 12 bytes in 17 msecs (HTTP/1.1 200) 4 headers in 156 bytes (1 switches on core 0)
2026-05-29 05:49:07.574 7 WARNING neutron.scheduler.dhcp_agent_scheduler [req-f4d41a02-8d1e-4db2-9978-7367965eec17 req-37cedd1e-5e07-4b93-9d6a-9d5f696bda15 480c7607c28845c3be4cb04ce8dc97b6 276e4192c8d24d86ad31ca820ab9b2a2 - - default default] No more DHCP agents
2026-05-29 05:49:07.576 7 WARNING neutron.api.rpc.agentnotifiers.dhcp_rpc_agent_api [req-f4d41a02-8d1e-4db2-9978-7367965eec17 req-37cedd1e-5e07-4b93-9d6a-9d5f696bda15 480c7607c28845c3be4cb04ce8dc97b6 276e4192c8d24d86ad31ca820ab9b2a2 - - default default] Unable to schedule network b0788c31-0bb0-404c-b185-45c22ad88e1e: no agents available; will retry on subsequent port and subnet creation events.
2026-05-29 05:49:07.736 7 INFO neutron.plugins.ml2.drivers.ovn.mech_driver.mech_driver [None req-a166204d-6cbb-4ee7-befd-6939933fe425 - - - - - -] OVN reports status down for port: 1fc20174-5a70-4894-893a-d0a8a07e5418
2026-05-29 05:49:07.789 7 INFO neutron.db.ovn_revision_numbers_db [req-f4d41a02-8d1e-4db2-9978-7367965eec17 req-37cedd1e-5e07-4b93-9d6a-9d5f696bda15 480c7607c28845c3be4cb04ce8dc97b6 276e4192c8d24d86ad31ca820ab9b2a2 - - default default] Successfully bumped revision number for resource 1fc20174-5a70-4894-893a-d0a8a07e5418 (type: ports) to 1 [pid: 7|app: 0|req: 593/1245] 199.204.45.138 () {38 vars in 954 bytes} [Fri May 29 05:49:07 2026] POST /v2.0/ports => generated 954 bytes in 702 msecs (HTTP/1.1 201) 4 headers in 162 bytes (1 switches on core 0) /var/lib/openstack/lib/python3.12/site-packages/pycadf/identifier.py:70: UserWarning: Invalid uuid: neutron. To ensure interoperability, identifiers should be a valid uuid. warnings.warn(('Invalid uuid: %s. To ensure interoperability, '
2026-05-29 05:49:08.227 8 INFO neutron.db.ovn_revision_numbers_db [None req-20af1766-7b8d-44c9-90a8-bd3817e491df 920bc99ebb02402c86a896cc1ec50883 61067c4f263f472fb8c164fc5cfde4a7 - - default default] Successfully bumped revision number for resource eb466d2a-1c40-4e28-94b5-abf63c73a9c1 (type: security_groups) to 1
2026-05-29 05:49:08.257 8 INFO neutron.db.ovn_revision_numbers_db [None req-20af1766-7b8d-44c9-90a8-bd3817e491df 920bc99ebb02402c86a896cc1ec50883 61067c4f263f472fb8c164fc5cfde4a7 - - default default] Successfully bumped revision number for resource 940bcf87-144f-46f6-ae9c-4f6b075d4888 (type: security_group_rules) to 0
2026-05-29 05:49:08.273 8 INFO neutron.db.ovn_revision_numbers_db [None req-20af1766-7b8d-44c9-90a8-bd3817e491df 920bc99ebb02402c86a896cc1ec50883 61067c4f263f472fb8c164fc5cfde4a7 - - default default] Successfully bumped revision number for resource b64306fc-b270-45fb-91d5-65817668ea88 (type: security_group_rules) to 0
2026-05-29 05:49:08.287 8 INFO neutron.db.ovn_revision_numbers_db [None req-20af1766-7b8d-44c9-90a8-bd3817e491df 920bc99ebb02402c86a896cc1ec50883 61067c4f263f472fb8c164fc5cfde4a7 - - default default] Successfully bumped revision number for resource c61302b4-877f-47a8-b658-e55e1cba995a (type: security_group_rules) to 0
2026-05-29 05:49:08.317 8 INFO neutron.db.ovn_revision_numbers_db [None req-20af1766-7b8d-44c9-90a8-bd3817e491df 920bc99ebb02402c86a896cc1ec50883 61067c4f263f472fb8c164fc5cfde4a7 - - default default] Successfully bumped revision number for resource f97acc3a-d97c-41ee-85b0-410c3e821d80 (type: security_group_rules) to 0
2026-05-29 05:49:08.338 7 INFO neutron.db.ovn_revision_numbers_db [req-f4d41a02-8d1e-4db2-9978-7367965eec17 req-6cec7741-0921-4370-9703-e28bd1f11ecb 850ee7530e2a496e8559360ad76ec3a0 33d647a757364be8978e1ce9489e0be3 - - 65108a448652424cbc37cd0284957b70 65108a448652424cbc37cd0284957b70] Successfully bumped revision number for resource 1fc20174-5a70-4894-893a-d0a8a07e5418 (type: ports) to 2
2026-05-29 05:49:08.404 8 INFO neutron.db.segments_db [None req-20af1766-7b8d-44c9-90a8-bd3817e491df 920bc99ebb02402c86a896cc1ec50883 61067c4f263f472fb8c164fc5cfde4a7 - - default default] Added segment 704bd577-c984-4175-9485-6cb9b8548c4b of type geneve for network e1ff9eaf-dbf6-4688-93c5-7db5e0b180c3
2026-05-29 05:49:08.661 8 INFO neutron.db.ovn_revision_numbers_db [None req-20af1766-7b8d-44c9-90a8-bd3817e491df 920bc99ebb02402c86a896cc1ec50883 61067c4f263f472fb8c164fc5cfde4a7 - - default default] Successfully bumped revision number for resource e1ff9eaf-dbf6-4688-93c5-7db5e0b180c3 (type: networks) to 1
2026-05-29 05:49:08.703 7 INFO neutron.db.ovn_revision_numbers_db [req-f4d41a02-8d1e-4db2-9978-7367965eec17 req-6cec7741-0921-4370-9703-e28bd1f11ecb 850ee7530e2a496e8559360ad76ec3a0 33d647a757364be8978e1ce9489e0be3 - - 65108a448652424cbc37cd0284957b70 65108a448652424cbc37cd0284957b70] Successfully bumped revision number for resource 1fc20174-5a70-4894-893a-d0a8a07e5418 (type: ports) to 4 [pid: 7|app: 0|req: 594/1246] 199.204.45.138 () {38 vars in 1027 bytes} [Fri May 29 05:49:07 2026] PUT /v2.0/ports/1fc20174-5a70-4894-893a-d0a8a07e5418 => generated 1204 bytes in 817 msecs (HTTP/1.1 200) 4 headers in 158 bytes (1 switches on core 0) /var/lib/openstack/lib/python3.12/site-packages/pycadf/identifier.py:70: UserWarning: Invalid uuid: neutron. To ensure interoperability, identifiers should be a valid uuid. warnings.warn(('Invalid uuid: %s. To ensure interoperability, ' [pid: 7|app: 0|req: 595/1247] 10.0.0.174 () {34 vars in 989 bytes} [Fri May 29 05:49:08 2026] GET /v2.0/ports?device_id=c442db38-9539-4f79-9c37-9a84841ab620 => generated 971 bytes in 39 msecs (HTTP/1.1 200) 4 headers in 157 bytes (1 switches on core 0) [pid: 7|app: 0|req: 596/1248] 10.0.0.174 () {34 vars in 989 bytes} [Fri May 29 05:49:08 2026] GET /v2.0/ports?device_id=89dfd4c5-111a-4c7a-a5a5-fe1b2fe6131d => generated 969 bytes in 35 msecs (HTTP/1.1 200) 4 headers in 157 bytes (1 switches on core 0)
2026-05-29 05:49:08.833 8 WARNING neutron.scheduler.dhcp_agent_scheduler [None req-20af1766-7b8d-44c9-90a8-bd3817e491df 920bc99ebb02402c86a896cc1ec50883 61067c4f263f472fb8c164fc5cfde4a7 - - default default] No more DHCP agents
2026-05-29 05:49:08.834 8 WARNING neutron.api.rpc.agentnotifiers.dhcp_rpc_agent_api [None req-20af1766-7b8d-44c9-90a8-bd3817e491df 920bc99ebb02402c86a896cc1ec50883 61067c4f263f472fb8c164fc5cfde4a7 - - default default] Unable to schedule network e1ff9eaf-dbf6-4688-93c5-7db5e0b180c3: no agents available; will retry on subsequent port and subnet creation events.
2026-05-29 05:49:08.876 7 INFO neutron.plugins.ml2.drivers.ovn.mech_driver.mech_driver [None req-a166204d-6cbb-4ee7-befd-6939933fe425 - - - - - -] OVN reports status down for port: ce624de9-e7a2-428a-b557-61e0c57c4417
2026-05-29 05:49:08.909 8 INFO neutron.db.ovn_revision_numbers_db [None req-20af1766-7b8d-44c9-90a8-bd3817e491df 920bc99ebb02402c86a896cc1ec50883 61067c4f263f472fb8c164fc5cfde4a7 - - default default] Successfully bumped revision number for resource ce624de9-e7a2-428a-b557-61e0c57c4417 (type: ports) to 1 [pid: 8|app: 0|req: 653/1249] 10.0.0.148 () {34 vars in 669 bytes} [Fri May 29 05:49:07 2026] POST /v2.0/networks => generated 668 bytes in 1130 msecs (HTTP/1.1 201) 4 headers in 162 bytes (1 switches on core 0) [pid: 8|app: 0|req: 654/1250] 10.0.0.174 () {34 vars in 1039 bytes} [Fri May 29 05:49:08 2026] GET /v2.0/security-groups?id=0445d868-3fdc-4e64-8645-49303f282b11&fields=id&fields=name => generated 113 bytes in 32 msecs (HTTP/1.1 200) 4 headers in 157 bytes (1 switches on core 0) [pid: 8|app: 0|req: 655/1251] 10.0.0.174 () {34 vars in 1039 bytes} [Fri May 29 05:49:08 2026] GET /v2.0/security-groups?id=c1cec952-2016-4602-85a2-da4e4d17bb66&fields=id&fields=name => generated 88 bytes in 35 msecs (HTTP/1.1 200) 4 headers in 156 bytes (1 switches on core 0)
2026-05-29 05:49:09.011 7 INFO neutron.notifiers.nova [-] Nova event matching ['req-99d4a8ca-ca94-45d0-87ec-80521d245668'] response: {'server_uuid': 'c442db38-9539-4f79-9c37-9a84841ab620', 'name': 'network-vif-unplugged', 'status': 'completed', 'tag': 'bfae02c0-37be-46e0-879f-37083639aaf8', 'code': 200}
2026-05-29 05:49:09.011 7 INFO neutron.notifiers.nova [-] Nova event matching ['req-99d4a8ca-ca94-45d0-87ec-80521d245668'] response: {'server_uuid': 'c442db38-9539-4f79-9c37-9a84841ab620', 'name': 'network-vif-plugged', 'status': 'completed', 'tag': 'bfae02c0-37be-46e0-879f-37083639aaf8', 'code': 200}
2026-05-29 05:49:09.011 7 INFO neutron.notifiers.nova [-] Nova event matching ['req-99d4a8ca-ca94-45d0-87ec-80521d245668'] response: {'server_uuid': 'c442db38-9539-4f79-9c37-9a84841ab620', 'name': 'network-vif-plugged', 'status': 'completed', 'tag': 'bfae02c0-37be-46e0-879f-37083639aaf8', 'code': 200}
2026-05-29 05:49:09.102 7 INFO neutron.db.ovn_revision_numbers_db [None req-dcd49857-305f-471c-b921-18676a9b8903 99877d45c7614b6b8d4b2095646d36d5 418a6686b67348fa94b65cb8394f61d3 - - default default] Successfully bumped revision number for resource 8e2ea469-27b9-4662-ae18-18c7b8110891 (type: security_groups) to 1
2026-05-29 05:49:09.115 7 INFO neutron.db.ovn_revision_numbers_db [None req-dcd49857-305f-471c-b921-18676a9b8903 99877d45c7614b6b8d4b2095646d36d5 418a6686b67348fa94b65cb8394f61d3 - - default default] Successfully bumped revision number for resource 4a8af13a-735d-49b3-bfd2-96323f197477 (type: security_group_rules) to 0
2026-05-29 05:49:09.130 7 INFO neutron.db.ovn_revision_numbers_db [None req-dcd49857-305f-471c-b921-18676a9b8903 99877d45c7614b6b8d4b2095646d36d5 418a6686b67348fa94b65cb8394f61d3 - - default default] Successfully bumped revision number for resource cad414d8-493c-474f-b96a-9f4e859eb015 (type: security_group_rules) to 0
2026-05-29 05:49:09.142 7 INFO neutron.db.ovn_revision_numbers_db [None req-dcd49857-305f-471c-b921-18676a9b8903 99877d45c7614b6b8d4b2095646d36d5 418a6686b67348fa94b65cb8394f61d3 - - default default] Successfully bumped revision number for resource cbff1d4f-b5b0-453f-b045-bf7917153d71 (type: security_group_rules) to 0
2026-05-29 05:49:09.157 7 INFO neutron.db.ovn_revision_numbers_db [None req-dcd49857-305f-471c-b921-18676a9b8903 99877d45c7614b6b8d4b2095646d36d5 418a6686b67348fa94b65cb8394f61d3 - - default default] Successfully bumped revision number for resource f1e412b6-01c1-4efa-8708-d4b8bcab2947 (type: security_group_rules) to 0
2026-05-29 05:49:09.192 8 WARNING neutron.scheduler.dhcp_agent_scheduler [None req-9b7b70bc-0f57-4364-bc0b-e949748dd480 920bc99ebb02402c86a896cc1ec50883 61067c4f263f472fb8c164fc5cfde4a7 - - default default] No more DHCP agents
2026-05-29 05:49:09.193 8 WARNING neutron.api.rpc.agentnotifiers.dhcp_rpc_agent_api [None req-9b7b70bc-0f57-4364-bc0b-e949748dd480 920bc99ebb02402c86a896cc1ec50883 61067c4f263f472fb8c164fc5cfde4a7 - - default default] Unable to schedule network e1ff9eaf-dbf6-4688-93c5-7db5e0b180c3: no agents available; will retry on subsequent port and subnet creation events.
2026-05-29 05:49:09.218 8 INFO neutron.db.ovn_revision_numbers_db [None req-9b7b70bc-0f57-4364-bc0b-e949748dd480 920bc99ebb02402c86a896cc1ec50883 61067c4f263f472fb8c164fc5cfde4a7 - - default default] Successfully bumped revision number for resource ca10f186-cb32-4f67-a494-3a4679ceff05 (type: subnets) to 0 [pid: 8|app: 0|req: 656/1252] 10.0.0.148 () {34 vars in 668 bytes} [Fri May 29 05:49:09 2026] POST /v2.0/subnets => generated 627 bytes in 230 msecs (HTTP/1.1 201) 4 headers in 162 bytes (1 switches on core 0)
2026-05-29 05:49:09.243 7 INFO neutron.db.segments_db [None req-dcd49857-305f-471c-b921-18676a9b8903 99877d45c7614b6b8d4b2095646d36d5 418a6686b67348fa94b65cb8394f61d3 - - default default] Added segment 139afe35-637f-4130-ae2a-0dfa94be6acb of type geneve for network 6ebda7b9-7ccf-4b37-b72b-ab5a014938ce
2026-05-29 05:49:09.359 7 INFO neutron.db.ovn_revision_numbers_db [None req-dcd49857-305f-471c-b921-18676a9b8903 99877d45c7614b6b8d4b2095646d36d5 418a6686b67348fa94b65cb8394f61d3 - - default default] Successfully bumped revision number for resource 6ebda7b9-7ccf-4b37-b72b-ab5a014938ce (type: networks) to 1
2026-05-29 05:49:09.553 7 WARNING neutron.scheduler.dhcp_agent_scheduler [None req-dcd49857-305f-471c-b921-18676a9b8903 99877d45c7614b6b8d4b2095646d36d5 418a6686b67348fa94b65cb8394f61d3 - - default default] No more DHCP agents
2026-05-29 05:49:09.555 7 WARNING neutron.api.rpc.agentnotifiers.dhcp_rpc_agent_api [None req-dcd49857-305f-471c-b921-18676a9b8903 99877d45c7614b6b8d4b2095646d36d5 418a6686b67348fa94b65cb8394f61d3 - - default default] Unable to schedule network 6ebda7b9-7ccf-4b37-b72b-ab5a014938ce: no agents available; will retry on subsequent port and subnet creation events.
2026-05-29 05:49:09.599 7 INFO neutron.plugins.ml2.drivers.ovn.mech_driver.mech_driver [None req-a166204d-6cbb-4ee7-befd-6939933fe425 - - - - - -] OVN reports status down for port: 48ce11d3-1216-4c0f-a1af-f9048e83b1f6
2026-05-29 05:49:09.669 7 INFO neutron.db.ovn_revision_numbers_db [None req-dcd49857-305f-471c-b921-18676a9b8903 99877d45c7614b6b8d4b2095646d36d5 418a6686b67348fa94b65cb8394f61d3 - - default default] Successfully bumped revision number for resource 48ce11d3-1216-4c0f-a1af-f9048e83b1f6 (type: ports) to 1
2026-05-29 05:49:09.695 8 WARNING neutron.scheduler.dhcp_agent_scheduler [None req-f46a8643-171f-4f33-b486-4cf555f558ab 920bc99ebb02402c86a896cc1ec50883 61067c4f263f472fb8c164fc5cfde4a7 - - default default] No more DHCP agents
2026-05-29 05:49:09.697 8 WARNING neutron.api.rpc.agentnotifiers.dhcp_rpc_agent_api [None req-f46a8643-171f-4f33-b486-4cf555f558ab 920bc99ebb02402c86a896cc1ec50883 61067c4f263f472fb8c164fc5cfde4a7 - - default default] Unable to schedule network 84582f33-0b4c-49c2-8129-778359c572c8: no agents available; will retry on subsequent port and subnet creation events. [pid: 7|app: 0|req: 597/1253] 10.0.0.148 () {34 vars in 669 bytes} [Fri May 29 05:49:08 2026] POST /v2.0/networks => generated 651 bytes in 911 msecs (HTTP/1.1 201) 4 headers in 162 bytes (1 switches on core 0)
2026-05-29 05:49:09.807 7 INFO neutron.plugins.ml2.drivers.ovn.mech_driver.mech_driver [None req-a166204d-6cbb-4ee7-befd-6939933fe425 - - - - - -] OVN reports status down for port: 37fe2911-1f58-4a0c-9e4c-8dee184cc285
2026-05-29 05:49:09.830 7 INFO neutron.db.segments_db [None req-806fffc0-abfc-4ec1-ac05-442728ee808b 99877d45c7614b6b8d4b2095646d36d5 418a6686b67348fa94b65cb8394f61d3 - - default default] Added segment b73b17ca-62d7-4549-9c1d-fd5926670dec of type geneve for network 85360162-21e9-4000-9dfc-97ec408c055c
2026-05-29 05:49:09.842 8 INFO neutron.db.ovn_revision_numbers_db [None req-f46a8643-171f-4f33-b486-4cf555f558ab 920bc99ebb02402c86a896cc1ec50883 61067c4f263f472fb8c164fc5cfde4a7 - - default default] Successfully bumped revision number for resource 37fe2911-1f58-4a0c-9e4c-8dee184cc285 (type: ports) to 1
2026-05-29 05:49:09.964 7 INFO neutron.db.ovn_revision_numbers_db [None req-806fffc0-abfc-4ec1-ac05-442728ee808b 99877d45c7614b6b8d4b2095646d36d5 418a6686b67348fa94b65cb8394f61d3 - - default default] Successfully bumped revision number for resource 85360162-21e9-4000-9dfc-97ec408c055c (type: networks) to 1
2026-05-29 05:49:10.145 7 WARNING neutron.scheduler.dhcp_agent_scheduler [None req-806fffc0-abfc-4ec1-ac05-442728ee808b 99877d45c7614b6b8d4b2095646d36d5 418a6686b67348fa94b65cb8394f61d3 - - default default] No more DHCP agents
2026-05-29 05:49:10.146 7 WARNING neutron.api.rpc.agentnotifiers.dhcp_rpc_agent_api [None req-806fffc0-abfc-4ec1-ac05-442728ee808b 99877d45c7614b6b8d4b2095646d36d5 418a6686b67348fa94b65cb8394f61d3 - - default default] Unable to schedule network 85360162-21e9-4000-9dfc-97ec408c055c: no agents available; will retry on subsequent port and subnet creation events.
2026-05-29 05:49:10.196 7 INFO neutron.plugins.ml2.drivers.ovn.mech_driver.mech_driver [None req-a166204d-6cbb-4ee7-befd-6939933fe425 - - - - - -] OVN reports status down for port: 591b5828-90d2-4ad0-a50c-ea730af91c7c
2026-05-29 05:49:10.257 7 INFO neutron.db.ovn_revision_numbers_db [None req-806fffc0-abfc-4ec1-ac05-442728ee808b 99877d45c7614b6b8d4b2095646d36d5 418a6686b67348fa94b65cb8394f61d3 - - default default] Successfully bumped revision number for resource 591b5828-90d2-4ad0-a50c-ea730af91c7c (type: ports) to 1 [pid: 7|app: 0|req: 598/1254] 10.0.0.148 () {34 vars in 669 bytes} [Fri May 29 05:49:09 2026] POST /v2.0/networks => generated 652 bytes in 588 msecs (HTTP/1.1 201) 4 headers in 162 bytes (1 switches on core 0) [pid: 7|app: 0|req: 599/1255] 199.204.45.138 () {34 vars in 1079 bytes} [Fri May 29 05:49:10 2026] GET /v2.0/ports?tenant_id=276e4192c8d24d86ad31ca820ab9b2a2&device_id=89dfd4c5-111a-4c7a-a5a5-fe1b2fe6131d => generated 1207 bytes in 46 msecs (HTTP/1.1 200) 4 headers in 158 bytes (1 switches on core 0) [pid: 7|app: 0|req: 600/1256] 10.0.0.174 () {34 vars in 989 bytes} [Fri May 29 05:49:10 2026] GET /v2.0/ports?device_id=c442db38-9539-4f79-9c37-9a84841ab620 => generated 971 bytes in 36 msecs (HTTP/1.1 200) 4 headers in 157 bytes (1 switches on core 0)
2026-05-29 05:49:10.419 8 INFO neutron.plugins.ml2.drivers.ovn.mech_driver.ovsdb.commands [None req-39ab2aeb-8658-431d-ad80-4007d1af8c19 - - - - - -] Schedule LRP lrp-37fe2911-1f58-4a0c-9e4c-8dee184cc285 on gateway 3393128f-fd49-4476-8cab-6edb31cc075f with priority 1 [pid: 7|app: 0|req: 601/1257] 10.0.0.174 () {34 vars in 989 bytes} [Fri May 29 05:49:10 2026] GET /v2.0/ports?device_id=89dfd4c5-111a-4c7a-a5a5-fe1b2fe6131d => generated 969 bytes in 59 msecs (HTTP/1.1 200) 4 headers in 157 bytes (1 switches on core 0)
2026-05-29 05:49:10.463 7 INFO neutron.plugins.ml2.drivers.ovn.mech_driver.mech_driver [None req-a166204d-6cbb-4ee7-befd-6939933fe425 - - - - - -] OVN reports status up for port: 37fe2911-1f58-4a0c-9e4c-8dee184cc285
2026-05-29 05:49:10.471 8 INFO neutron.db.ovn_revision_numbers_db [None req-f46a8643-171f-4f33-b486-4cf555f558ab 920bc99ebb02402c86a896cc1ec50883 61067c4f263f472fb8c164fc5cfde4a7 - - default default] Successfully bumped revision number for resource 37fe2911-1f58-4a0c-9e4c-8dee184cc285 (type: router_ports) to 1
2026-05-29 05:49:10.486 7 INFO neutron.plugins.ml2.plugin [None req-a166204d-6cbb-4ee7-befd-6939933fe425 - - - - - -] Attempt 1 to provision port 37fe2911-1f58-4a0c-9e4c-8dee184cc285
2026-05-29 05:49:10.536 8 INFO neutron.db.ovn_revision_numbers_db [None req-f46a8643-171f-4f33-b486-4cf555f558ab 920bc99ebb02402c86a896cc1ec50883 61067c4f263f472fb8c164fc5cfde4a7 - - default default] Successfully bumped revision number for resource 132ca19f-1db2-454f-902f-3b30decadb78 (type: routers) to 2 [pid: 8|app: 0|req: 657/1258] 10.0.0.148 () {34 vars in 668 bytes} [Fri May 29 05:49:09 2026] POST /v2.0/routers => generated 954 bytes in 1314 msecs (HTTP/1.1 201) 4 headers in 162 bytes (1 switches on core 0) [pid: 8|app: 0|req: 658/1259] 199.204.45.138 () {34 vars in 1057 bytes} [Fri May 29 05:49:10 2026] GET /v2.0/floatingips?fixed_ip_address=10.100.0.3&port_id=1fc20174-5a70-4894-893a-d0a8a07e5418 => generated 19 bytes in 20 msecs (HTTP/1.1 200) 4 headers in 156 bytes (1 switches on core 0) [pid: 8|app: 0|req: 659/1260] 10.0.0.174 () {34 vars in 1039 bytes} [Fri May 29 05:49:10 2026] GET /v2.0/security-groups?id=0445d868-3fdc-4e64-8645-49303f282b11&fields=id&fields=name => generated 113 bytes in 25 msecs (HTTP/1.1 200) 4 headers in 157 bytes (1 switches on core 0) [pid: 8|app: 0|req: 660/1261] 10.0.0.174 () {34 vars in 1039 bytes} [Fri May 29 05:49:10 2026] GET /v2.0/security-groups?id=c1cec952-2016-4602-85a2-da4e4d17bb66&fields=id&fields=name => generated 88 bytes in 28 msecs (HTTP/1.1 200) 4 headers in 156 bytes (1 switches on core 0)
2026-05-29 05:49:10.717 7 WARNING neutron.scheduler.dhcp_agent_scheduler [None req-aa0ded75-26ea-4c3f-971c-07dd66e73714 99877d45c7614b6b8d4b2095646d36d5 418a6686b67348fa94b65cb8394f61d3 - - default default] No more DHCP agents
2026-05-29 05:49:10.719 7 WARNING neutron.api.rpc.agentnotifiers.dhcp_rpc_agent_api [None req-aa0ded75-26ea-4c3f-971c-07dd66e73714 99877d45c7614b6b8d4b2095646d36d5 418a6686b67348fa94b65cb8394f61d3 - - default default] Unable to schedule network 6ebda7b9-7ccf-4b37-b72b-ab5a014938ce: no agents available; will retry on subsequent port and subnet creation events.
2026-05-29 05:49:10.741 7 INFO neutron.db.ovn_revision_numbers_db [None req-aa0ded75-26ea-4c3f-971c-07dd66e73714 99877d45c7614b6b8d4b2095646d36d5 418a6686b67348fa94b65cb8394f61d3 - - default default] Successfully bumped revision number for resource b17c27de-fab2-466e-9662-a2fc7a807246 (type: subnets) to 0 [pid: 7|app: 0|req: 602/1262] 10.0.0.148 () {34 vars in 668 bytes} [Fri May 29 05:49:10 2026] POST /v2.0/subnets => generated 646 bytes in 306 msecs (HTTP/1.1 201) 4 headers in 162 bytes (1 switches on core 0) [pid: 7|app: 0|req: 603/1263] 199.204.45.138 () {34 vars in 983 bytes} [Fri May 29 05:49:10 2026] GET /v2.0/subnets?id=889639a0-cf79-4e36-bed3-e8df2417ccf2 => generated 691 bytes in 23 msecs (HTTP/1.1 200) 4 headers in 157 bytes (1 switches on core 0)
2026-05-29 05:49:10.958 7 WARNING neutron.scheduler.dhcp_agent_scheduler [None req-7d8b9ce2-e189-4f74-a1e7-02001ecbb006 99877d45c7614b6b8d4b2095646d36d5 418a6686b67348fa94b65cb8394f61d3 - - default default] No more DHCP agents
2026-05-29 05:49:10.959 7 WARNING neutron.api.rpc.agentnotifiers.dhcp_rpc_agent_api [None req-7d8b9ce2-e189-4f74-a1e7-02001ecbb006 99877d45c7614b6b8d4b2095646d36d5 418a6686b67348fa94b65cb8394f61d3 - - default default] Unable to schedule network 85360162-21e9-4000-9dfc-97ec408c055c: no agents available; will retry on subsequent port and subnet creation events.
2026-05-29 05:49:10.988 7 INFO neutron.db.ovn_revision_numbers_db [None req-7d8b9ce2-e189-4f74-a1e7-02001ecbb006 99877d45c7614b6b8d4b2095646d36d5 418a6686b67348fa94b65cb8394f61d3 - - default default] Successfully bumped revision number for resource 10686ca1-9713-4ffa-bb4b-8239117adf34 (type: subnets) to 0 [pid: 7|app: 0|req: 604/1264] 10.0.0.148 () {34 vars in 668 bytes} [Fri May 29 05:49:10 2026] POST /v2.0/subnets => generated 655 bytes in 225 msecs (HTTP/1.1 201) 4 headers in 162 bytes (1 switches on core 0) [pid: 7|app: 0|req: 605/1265] 199.204.45.138 () {34 vars in 1051 bytes} [Fri May 29 05:49:11 2026] GET /v2.0/ports?network_id=b0788c31-0bb0-404c-b185-45c22ad88e1e&device_owner=network%3Adhcp => generated 12 bytes in 29 msecs (HTTP/1.1 200) 4 headers in 156 bytes (1 switches on core 0)
2026-05-29 05:49:11.059 7 INFO neutron.notifiers.nova [-] Nova event matching ['req-f6edcbef-e9ad-4845-8a24-74dfc91e1fa2'] response: {'name': 'network-changed', 'server_uuid': '89dfd4c5-111a-4c7a-a5a5-fe1b2fe6131d', 'tag': '1fc20174-5a70-4894-893a-d0a8a07e5418', 'status': 'completed', 'code': 200}
2026-05-29 05:49:11.161 7 INFO neutron.db.ovn_revision_numbers_db [None req-b9bcc925-ac3d-435e-996b-42e12cd1f1a7 99877d45c7614b6b8d4b2095646d36d5 418a6686b67348fa94b65cb8394f61d3 - - default default] Successfully bumped revision number for resource b08dba2d-8eaf-4da1-9501-3f2f2c88ba25 (type: routers) to 1 [pid: 7|app: 0|req: 606/1266] 10.0.0.148 () {34 vars in 668 bytes} [Fri May 29 05:49:11 2026] POST /v2.0/routers => generated 606 bytes in 142 msecs (HTTP/1.1 201) 4 headers in 162 bytes (1 switches on core 0) [pid: 7|app: 0|req: 607/1267] 199.204.45.138 () {34 vars in 1011 bytes} [Fri May 29 05:49:11 2026] GET /v2.0/networks/b0788c31-0bb0-404c-b185-45c22ad88e1e?fields=segments => generated 14 bytes in 33 msecs (HTTP/1.1 200) 4 headers in 156 bytes (1 switches on core 0)
2026-05-29 05:49:11.236 8 WARNING neutron.scheduler.dhcp_agent_scheduler [None req-f296020d-d6e1-4ec7-b55e-06e6ca5eac3b 920bc99ebb02402c86a896cc1ec50883 61067c4f263f472fb8c164fc5cfde4a7 - - default default] No more DHCP agents
2026-05-29 05:49:11.237 8 WARNING neutron.api.rpc.agentnotifiers.dhcp_rpc_agent_api [None req-f296020d-d6e1-4ec7-b55e-06e6ca5eac3b 920bc99ebb02402c86a896cc1ec50883 61067c4f263f472fb8c164fc5cfde4a7 - - default default] Unable to schedule network e1ff9eaf-dbf6-4688-93c5-7db5e0b180c3: no agents available; will retry on subsequent port and subnet creation events.
2026-05-29 05:49:11.370 8 INFO neutron.db.ovn_revision_numbers_db [None req-f296020d-d6e1-4ec7-b55e-06e6ca5eac3b 920bc99ebb02402c86a896cc1ec50883 61067c4f263f472fb8c164fc5cfde4a7 - - default default] Successfully bumped revision number for resource 412fc09a-005e-4018-bfd8-0b8b418272e4 (type: ports) to 1
2026-05-29 05:49:11.601 7 WARNING neutron.scheduler.dhcp_agent_scheduler [None req-99365cc0-12be-4ab9-801a-ca4542633e50 99877d45c7614b6b8d4b2095646d36d5 418a6686b67348fa94b65cb8394f61d3 - - default default] No more DHCP agents
2026-05-29 05:49:11.602 7 WARNING neutron.api.rpc.agentnotifiers.dhcp_rpc_agent_api [None req-99365cc0-12be-4ab9-801a-ca4542633e50 99877d45c7614b6b8d4b2095646d36d5 418a6686b67348fa94b65cb8394f61d3 - - default default] Unable to schedule network 6ebda7b9-7ccf-4b37-b72b-ab5a014938ce: no agents available; will retry on subsequent port and subnet creation events.
2026-05-29 05:49:11.682 8 INFO neutron.plugins.ml2.drivers.ovn.mech_driver.mech_driver [None req-bae940a1-4585-45a4-a0f0-d4d14aa9f482 - - - - - -] OVN reports status down for port: ded736c1-c606-4d51-8d1a-6e7fbd4d4c22
2026-05-29 05:49:11.732 7 INFO neutron.db.ovn_revision_numbers_db [None req-99365cc0-12be-4ab9-801a-ca4542633e50 99877d45c7614b6b8d4b2095646d36d5 418a6686b67348fa94b65cb8394f61d3 - - default default] Successfully bumped revision number for resource ded736c1-c606-4d51-8d1a-6e7fbd4d4c22 (type: ports) to 1
2026-05-29 05:49:12.179 8 WARNING neutron.scheduler.dhcp_agent_scheduler [None req-f296020d-d6e1-4ec7-b55e-06e6ca5eac3b 920bc99ebb02402c86a896cc1ec50883 61067c4f263f472fb8c164fc5cfde4a7 - - default default] No more DHCP agents
2026-05-29 05:49:12.181 8 WARNING neutron.api.rpc.agentnotifiers.dhcp_rpc_agent_api [None req-f296020d-d6e1-4ec7-b55e-06e6ca5eac3b 920bc99ebb02402c86a896cc1ec50883 61067c4f263f472fb8c164fc5cfde4a7 - - default default] Unable to schedule network e1ff9eaf-dbf6-4688-93c5-7db5e0b180c3: no agents available; will retry on subsequent port and subnet creation events.
2026-05-29 05:49:12.228 8 INFO neutron.plugins.ml2.drivers.ovn.mech_driver.mech_driver [None req-bae940a1-4585-45a4-a0f0-d4d14aa9f482 - - - - - -] OVN reports status up for port: ded736c1-c606-4d51-8d1a-6e7fbd4d4c22
2026-05-29 05:49:12.260 8 INFO neutron.plugins.ml2.plugin [None req-bae940a1-4585-45a4-a0f0-d4d14aa9f482 - - - - - -] Attempt 1 to provision port ded736c1-c606-4d51-8d1a-6e7fbd4d4c22
2026-05-29 05:49:12.306 7 WARNING neutron.scheduler.dhcp_agent_scheduler [None req-99365cc0-12be-4ab9-801a-ca4542633e50 99877d45c7614b6b8d4b2095646d36d5 418a6686b67348fa94b65cb8394f61d3 - - default default] No more DHCP agents
2026-05-29 05:49:12.307 7 WARNING neutron.api.rpc.agentnotifiers.dhcp_rpc_agent_api [None req-99365cc0-12be-4ab9-801a-ca4542633e50 99877d45c7614b6b8d4b2095646d36d5 418a6686b67348fa94b65cb8394f61d3 - - default default] Unable to schedule network 6ebda7b9-7ccf-4b37-b72b-ab5a014938ce: no agents available; will retry on subsequent port and subnet creation events.
2026-05-29 05:49:12.521 7 INFO neutron.db.ovn_revision_numbers_db [None req-99365cc0-12be-4ab9-801a-ca4542633e50 99877d45c7614b6b8d4b2095646d36d5 418a6686b67348fa94b65cb8394f61d3 - - default default] Successfully bumped revision number for resource ded736c1-c606-4d51-8d1a-6e7fbd4d4c22 (type: router_ports) to 1 [pid: 7|app: 0|req: 608/1268] 10.0.0.148 () {34 vars in 782 bytes} [Fri May 29 05:49:11 2026] PUT /v2.0/routers/b08dba2d-8eaf-4da1-9501-3f2f2c88ba25/add_router_interface => generated 309 bytes in 1322 msecs (HTTP/1.1 200) 4 headers in 157 bytes (1 switches on core 0) [pid: 7|app: 0|req: 609/1269] 199.204.45.138 () {34 vars in 1111 bytes} [Fri May 29 05:49:12 2026] GET /v2.0/networks/b0788c31-0bb0-404c-b185-45c22ad88e1e?fields=provider%3Aphysical_network&fields=provider%3Anetwork_type => generated 79 bytes in 42 msecs (HTTP/1.1 200) 4 headers in 156 bytes (1 switches on core 0) [pid: 7|app: 0|req: 610/1270] 10.0.0.174 () {34 vars in 989 bytes} [Fri May 29 05:49:12 2026] GET /v2.0/ports?device_id=89dfd4c5-111a-4c7a-a5a5-fe1b2fe6131d => generated 969 bytes in 32 msecs (HTTP/1.1 200) 4 headers in 157 bytes (1 switches on core 0) [pid: 7|app: 0|req: 611/1271] 10.0.0.148 () {32 vars in 716 bytes} [Fri May 29 05:49:12 2026] GET /v2.0/ports/ded736c1-c606-4d51-8d1a-6e7fbd4d4c22 => generated 947 bytes in 34 msecs (HTTP/1.1 200) 4 headers in 157 bytes (1 switches on core 0) [pid: 7|app: 0|req: 612/1272] 10.0.0.174 () {34 vars in 1039 bytes} [Fri May 29 05:49:12 2026] GET /v2.0/security-groups?id=c1cec952-2016-4602-85a2-da4e4d17bb66&fields=id&fields=name => generated 88 bytes in 27 msecs (HTTP/1.1 200) 4 headers in 156 bytes (1 switches on core 0)
2026-05-29 05:49:12.853 8 INFO neutron.db.ovn_revision_numbers_db [None req-f296020d-d6e1-4ec7-b55e-06e6ca5eac3b 920bc99ebb02402c86a896cc1ec50883 61067c4f263f472fb8c164fc5cfde4a7 - - default default] Successfully bumped revision number for resource 412fc09a-005e-4018-bfd8-0b8b418272e4 (type: router_ports) to 1 [pid: 8|app: 0|req: 661/1273] 10.0.0.148 () {34 vars in 782 bytes} [Fri May 29 05:49:10 2026] PUT /v2.0/routers/132ca19f-1db2-454f-902f-3b30decadb78/add_router_interface => generated 309 bytes in 2241 msecs (HTTP/1.1 200) 4 headers in 157 bytes (1 switches on core 0)
2026-05-29 05:49:13.010 8 INFO neutron.db.ovn_revision_numbers_db [None req-bae940a1-4585-45a4-a0f0-d4d14aa9f482 - - - - - -] Successfully bumped revision number for resource ded736c1-c606-4d51-8d1a-6e7fbd4d4c22 (type: ports) to 2
2026-05-29 05:49:13.194 7 WARNING neutron.scheduler.dhcp_agent_scheduler [None req-b0292f26-bfee-47ff-9ef6-81bdaaec19cc 99877d45c7614b6b8d4b2095646d36d5 418a6686b67348fa94b65cb8394f61d3 - - default default] No more DHCP agents
2026-05-29 05:49:13.196 7 WARNING neutron.api.rpc.agentnotifiers.dhcp_rpc_agent_api [None req-b0292f26-bfee-47ff-9ef6-81bdaaec19cc 99877d45c7614b6b8d4b2095646d36d5 418a6686b67348fa94b65cb8394f61d3 - - default default] Unable to schedule network 85360162-21e9-4000-9dfc-97ec408c055c: no agents available; will retry on subsequent port and subnet creation events.
2026-05-29 05:49:13.294 8 WARNING neutron.scheduler.dhcp_agent_scheduler [None req-71d12418-299d-4bb6-be77-1a0d723df201 920bc99ebb02402c86a896cc1ec50883 61067c4f263f472fb8c164fc5cfde4a7 - - default default] No more DHCP agents
2026-05-29 05:49:13.296 8 WARNING neutron.api.rpc.agentnotifiers.dhcp_rpc_agent_api [None req-71d12418-299d-4bb6-be77-1a0d723df201 920bc99ebb02402c86a896cc1ec50883 61067c4f263f472fb8c164fc5cfde4a7 - - default default] Unable to schedule network e1ff9eaf-dbf6-4688-93c5-7db5e0b180c3: no agents available; will retry on subsequent port and subnet creation events.
2026-05-29 05:49:13.318 7 INFO neutron.db.ovn_revision_numbers_db [None req-b0292f26-bfee-47ff-9ef6-81bdaaec19cc 99877d45c7614b6b8d4b2095646d36d5 418a6686b67348fa94b65cb8394f61d3 - - default default] Successfully bumped revision number for resource 9d08a44e-52a0-4a66-8c46-830eb9db3883 (type: ports) to 1
2026-05-29 05:49:13.443 8 INFO neutron.db.ovn_revision_numbers_db [None req-71d12418-299d-4bb6-be77-1a0d723df201 920bc99ebb02402c86a896cc1ec50883 61067c4f263f472fb8c164fc5cfde4a7 - - default default] Successfully bumped revision number for resource 0db0e647-ba54-4073-99dc-2020d92d05ed (type: ports) to 1 [pid: 8|app: 0|req: 664/1276] 10.0.0.148 () {34 vars in 664 bytes} [Fri May 29 05:49:12 2026] POST /v2.0/ports => generated 954 bytes in 608 msecs (HTTP/1.1 201) 4 headers in 162 bytes (1 switches on core 0) /var/lib/openstack/lib/python3.12/site-packages/pycadf/identifier.py:70: UserWarning: Invalid uuid: neutron. To ensure interoperability, identifiers should be a valid uuid. warnings.warn(('Invalid uuid: %s. To ensure interoperability, '
2026-05-29 05:49:13.815 8 WARNING neutron.scheduler.dhcp_agent_scheduler [None req-3a07ef39-d763-4b13-8431-33ad766f9649 920bc99ebb02402c86a896cc1ec50883 61067c4f263f472fb8c164fc5cfde4a7 - - default default] No more DHCP agents
2026-05-29 05:49:13.816 8 WARNING neutron.api.rpc.agentnotifiers.dhcp_rpc_agent_api [None req-3a07ef39-d763-4b13-8431-33ad766f9649 920bc99ebb02402c86a896cc1ec50883 61067c4f263f472fb8c164fc5cfde4a7 - - default default] Unable to schedule network e1ff9eaf-dbf6-4688-93c5-7db5e0b180c3: no agents available; will retry on subsequent port and subnet creation events.
2026-05-29 05:49:14.000 8 INFO neutron.db.ovn_revision_numbers_db [None req-3a07ef39-d763-4b13-8431-33ad766f9649 920bc99ebb02402c86a896cc1ec50883 61067c4f263f472fb8c164fc5cfde4a7 - - default default] Successfully bumped revision number for resource 65de7300-e9b0-4dd0-8e15-0fecfaebaa51 (type: ports) to 1 [pid: 8|app: 0|req: 665/1277] 10.0.0.148 () {34 vars in 664 bytes} [Fri May 29 05:49:13 2026] POST /v2.0/ports => generated 954 bytes in 542 msecs (HTTP/1.1 201) 4 headers in 162 bytes (1 switches on core 0) /var/lib/openstack/lib/python3.12/site-packages/pycadf/identifier.py:70: UserWarning: Invalid uuid: neutron. To ensure interoperability, identifiers should be a valid uuid. warnings.warn(('Invalid uuid: %s. To ensure interoperability, ' [pid: 8|app: 0|req: 666/1278] 199.204.45.138 () {34 vars in 1079 bytes} [Fri May 29 05:49:14 2026] GET /v2.0/ports?tenant_id=276e4192c8d24d86ad31ca820ab9b2a2&device_id=89dfd4c5-111a-4c7a-a5a5-fe1b2fe6131d => generated 1207 bytes in 37 msecs (HTTP/1.1 200) 4 headers in 158 bytes (1 switches on core 0)
2026-05-29 05:49:14.088 7 WARNING neutron.scheduler.dhcp_agent_scheduler [None req-b0292f26-bfee-47ff-9ef6-81bdaaec19cc 99877d45c7614b6b8d4b2095646d36d5 418a6686b67348fa94b65cb8394f61d3 - - default default] No more DHCP agents
2026-05-29 05:49:14.090 7 WARNING neutron.api.rpc.agentnotifiers.dhcp_rpc_agent_api [None req-b0292f26-bfee-47ff-9ef6-81bdaaec19cc 99877d45c7614b6b8d4b2095646d36d5 418a6686b67348fa94b65cb8394f61d3 - - default default] Unable to schedule network 85360162-21e9-4000-9dfc-97ec408c055c: no agents available; will retry on subsequent port and subnet creation events. [pid: 8|app: 0|req: 667/1279] 10.0.0.174 () {34 vars in 989 bytes} [Fri May 29 05:49:14 2026] GET /v2.0/ports?device_id=89dfd4c5-111a-4c7a-a5a5-fe1b2fe6131d => generated 969 bytes in 87 msecs (HTTP/1.1 200) 4 headers in 157 bytes (1 switches on core 0)
2026-05-29 05:49:14.338 7 INFO neutron.db.ovn_revision_numbers_db [None req-b0292f26-bfee-47ff-9ef6-81bdaaec19cc 99877d45c7614b6b8d4b2095646d36d5 418a6686b67348fa94b65cb8394f61d3 - - default default] Successfully bumped revision number for resource 9d08a44e-52a0-4a66-8c46-830eb9db3883 (type: router_ports) to 1 [pid: 7|app: 0|req: 613/1280] 10.0.0.148 () {34 vars in 782 bytes} [Fri May 29 05:49:12 2026] PUT /v2.0/routers/b08dba2d-8eaf-4da1-9501-3f2f2c88ba25/add_router_interface => generated 309 bytes in 1673 msecs (HTTP/1.1 200) 4 headers in 157 bytes (1 switches on core 0) [pid: 7|app: 0|req: 614/1281] 199.204.45.138 () {34 vars in 985 bytes} [Fri May 29 05:49:14 2026] GET /v2.0/networks?id=b0788c31-0bb0-404c-b185-45c22ad88e1e => generated 810 bytes in 42 msecs (HTTP/1.1 200) 4 headers in 157 bytes (1 switches on core 0) [pid: 7|app: 0|req: 615/1282] 10.0.0.174 () {34 vars in 1039 bytes} [Fri May 29 05:49:14 2026] GET /v2.0/security-groups?id=c1cec952-2016-4602-85a2-da4e4d17bb66&fields=id&fields=name => generated 88 bytes in 26 msecs (HTTP/1.1 200) 4 headers in 156 bytes (1 switches on core 0)
2026-05-29 05:49:14.449 8 WARNING neutron.scheduler.dhcp_agent_scheduler [None req-50217987-6d76-4179-a719-71bd5547ae0d 920bc99ebb02402c86a896cc1ec50883 61067c4f263f472fb8c164fc5cfde4a7 - - default default] No more DHCP agents
