2026-05-29 05:51:16.744 8 INFO placement.requestlog [None req-3031daa8-d4e5-4821-aaa5-b6b9aed086e0 850ee7530e2a496e8559360ad76ec3a0 33d647a757364be8978e1ce9489e0be3 - - 65108a448652424cbc37cd0284957b70 65108a448652424cbc37cd0284957b70] 10.0.0.112 "DELETE /resource_providers/78a51cb5-1b3d-48d8-beff-c53b5f657ecc" status: 404 len: 246 microversion: 1.1 [pid: 8|app: 0|req: 338/670] 10.0.0.112 () {34 vars in 816 bytes} [Fri May 29 05:51:16 2026] DELETE /resource_providers/78a51cb5-1b3d-48d8-beff-c53b5f657ecc => generated 246 bytes in 10 msecs (HTTP/1.1 404) 6 headers in 231 bytes (1 switches on core 0)
2026-05-29 05:51:17.087 7 INFO placement.requestlog [None req-5fd23726-d99b-44e1-a6b0-5a68bd88ff99 850ee7530e2a496e8559360ad76ec3a0 33d647a757364be8978e1ce9489e0be3 - - 65108a448652424cbc37cd0284957b70 65108a448652424cbc37cd0284957b70] 10.0.0.112 "GET /resource_providers/f8d16175-1291-45f8-aebc-3e78f694cd53/aggregates" status: 404 len: 235 microversion: 1.1 [pid: 7|app: 0|req: 333/671] 10.0.0.112 () {32 vars in 816 bytes} [Fri May 29 05:51:17 2026] GET /resource_providers/f8d16175-1291-45f8-aebc-3e78f694cd53/aggregates => generated 235 bytes in 9 msecs (HTTP/1.1 404) 5 headers in 202 bytes (1 switches on core 0)
2026-05-29 05:51:17.088 8 INFO placement.requestlog [None req-97a562f1-e7a8-4c48-8445-35e95d55a867 850ee7530e2a496e8559360ad76ec3a0 33d647a757364be8978e1ce9489e0be3 - - 65108a448652424cbc37cd0284957b70 65108a448652424cbc37cd0284957b70] 10.0.0.112 "GET /resource_providers/f8d16175-1291-45f8-aebc-3e78f694cd53/aggregates" status: 404 len: 235 microversion: 1.1 [pid: 8|app: 0|req: 339/672] 10.0.0.112 () {32 vars in 816 bytes} [Fri May 29 05:51:17 2026] GET /resource_providers/f8d16175-1291-45f8-aebc-3e78f694cd53/aggregates => generated 235 bytes in 10 msecs (HTTP/1.1 404) 5 headers in 202 bytes (1 switches on core 0)
2026-05-29 05:51:17.112 7 INFO placement.requestlog [None req-07d63e8f-ea2e-4532-bdf9-ec258dbaa448 850ee7530e2a496e8559360ad76ec3a0 33d647a757364be8978e1ce9489e0be3 - - 65108a448652424cbc37cd0284957b70 65108a448652424cbc37cd0284957b70] 10.0.0.112 "DELETE /resource_providers/f8d16175-1291-45f8-aebc-3e78f694cd53" status: 404 len: 246 microversion: 1.1 [pid: 7|app: 0|req: 334/673] 10.0.0.112 () {34 vars in 816 bytes} [Fri May 29 05:51:17 2026] DELETE /resource_providers/f8d16175-1291-45f8-aebc-3e78f694cd53 => generated 246 bytes in 9 msecs (HTTP/1.1 404) 6 headers in 231 bytes (1 switches on core 0)
2026-05-29 05:51:17.121 8 INFO placement.requestlog [None req-ce2e6de3-661d-4401-92d5-8f070606573a 850ee7530e2a496e8559360ad76ec3a0 33d647a757364be8978e1ce9489e0be3 - - 65108a448652424cbc37cd0284957b70 65108a448652424cbc37cd0284957b70] 10.0.0.112 "DELETE /resource_providers/f8d16175-1291-45f8-aebc-3e78f694cd53" status: 404 len: 246 microversion: 1.1 [pid: 8|app: 0|req: 340/674] 10.0.0.112 () {34 vars in 816 bytes} [Fri May 29 05:51:17 2026] DELETE /resource_providers/f8d16175-1291-45f8-aebc-3e78f694cd53 => generated 246 bytes in 10 msecs (HTTP/1.1 404) 6 headers in 231 bytes (1 switches on core 0)
2026-05-29 05:51:21.309 7 INFO placement.requestlog [req-9b5b13cb-6e28-47d9-b1bb-c007a953fb24 req-d8b89e9e-50d2-4db7-9cf7-c06bf732febb 84bcf45d684d4077a2118e0076efe362 33d647a757364be8978e1ce9489e0be3 - - 65108a448652424cbc37cd0284957b70 65108a448652424cbc37cd0284957b70] 199.204.45.138 "GET /resource_providers?in_tree=db95fa35-4f46-48d5-b819-3ba16842b782" status: 200 len: 798 microversion: 1.14 [pid: 7|app: 0|req: 335/675] 199.204.45.138 () {34 vars in 892 bytes} [Fri May 29 05:51:21 2026] GET /resource_providers?in_tree=db95fa35-4f46-48d5-b819-3ba16842b782 => generated 798 bytes in 207 msecs (HTTP/1.1 200) 6 headers in 225 bytes (1 switches on core 0)
2026-05-29 05:51:21.332 8 INFO placement.requestlog [req-9b5b13cb-6e28-47d9-b1bb-c007a953fb24 req-65f017cf-13ba-4ad2-b07e-4c0410f118b3 84bcf45d684d4077a2118e0076efe362 33d647a757364be8978e1ce9489e0be3 - - 65108a448652424cbc37cd0284957b70 65108a448652424cbc37cd0284957b70] 199.204.45.138 "GET /resource_providers/db95fa35-4f46-48d5-b819-3ba16842b782/inventories" status: 200 len: 401 microversion: 1.0 [pid: 8|app: 0|req: 341/676] 199.204.45.138 () {32 vars in 857 bytes} [Fri May 29 05:51:21 2026] GET /resource_providers/db95fa35-4f46-48d5-b819-3ba16842b782/inventories => generated 401 bytes in 16 msecs (HTTP/1.1 200) 6 headers in 224 bytes (1 switches on core 0)
2026-05-29 05:51:21.358 7 INFO placement.requestlog [req-9b5b13cb-6e28-47d9-b1bb-c007a953fb24 req-09a0621a-fb6e-4c4e-8af6-674c98aabd21 84bcf45d684d4077a2118e0076efe362 33d647a757364be8978e1ce9489e0be3 - - 65108a448652424cbc37cd0284957b70 65108a448652424cbc37cd0284957b70] 199.204.45.138 "GET /resource_providers/db95fa35-4f46-48d5-b819-3ba16842b782/aggregates" status: 200 len: 54 microversion: 1.19 [pid: 7|app: 0|req: 336/677] 199.204.45.138 () {34 vars in 899 bytes} [Fri May 29 05:51:21 2026] GET /resource_providers/db95fa35-4f46-48d5-b819-3ba16842b782/aggregates => generated 54 bytes in 17 msecs (HTTP/1.1 200) 8 headers in 295 bytes (1 switches on core 0)
2026-05-29 05:51:21.385 8 INFO placement.requestlog [req-9b5b13cb-6e28-47d9-b1bb-c007a953fb24 req-a6852134-865a-4a88-9675-1db8ee251a30 84bcf45d684d4077a2118e0076efe362 33d647a757364be8978e1ce9489e0be3 - - 65108a448652424cbc37cd0284957b70 65108a448652424cbc37cd0284957b70] 199.204.45.138 "GET /resource_providers/db95fa35-4f46-48d5-b819-3ba16842b782/traits" status: 200 len: 2317 microversion: 1.6 [pid: 8|app: 0|req: 342/678] 199.204.45.138 () {34 vars in 890 bytes} [Fri May 29 05:51:21 2026] GET /resource_providers/db95fa35-4f46-48d5-b819-3ba16842b782/traits => generated 2317 bytes in 22 msecs (HTTP/1.1 200) 6 headers in 225 bytes (1 switches on core 0)
2026-05-29 05:51:21.410 7 INFO placement.requestlog [req-9b5b13cb-6e28-47d9-b1bb-c007a953fb24 req-97b4e3a4-bed1-4559-b4b4-370680f664ac 84bcf45d684d4077a2118e0076efe362 33d647a757364be8978e1ce9489e0be3 - - 65108a448652424cbc37cd0284957b70 65108a448652424cbc37cd0284957b70] 199.204.45.138 "GET /resource_providers/db95fa35-4f46-48d5-b819-3ba16842b782/allocations" status: 200 len: 453 microversion: 1.0 [pid: 7|app: 0|req: 337/679] 199.204.45.138 () {32 vars in 857 bytes} [Fri May 29 05:51:21 2026] GET /resource_providers/db95fa35-4f46-48d5-b819-3ba16842b782/allocations => generated 453 bytes in 15 msecs (HTTP/1.1 200) 6 headers in 224 bytes (1 switches on core 0)
2026-05-29 05:51:21.428 8 INFO placement.requestlog [req-9b5b13cb-6e28-47d9-b1bb-c007a953fb24 req-f611ac08-4f5d-4839-b9b7-5cd682f1269b 84bcf45d684d4077a2118e0076efe362 33d647a757364be8978e1ce9489e0be3 - - 65108a448652424cbc37cd0284957b70 65108a448652424cbc37cd0284957b70] 199.204.45.138 "GET /allocations/1eb84da1-30b7-4d7e-8295-a6f5041bb570" status: 200 len: 258 microversion: 1.28 [pid: 8|app: 0|req: 343/680] 199.204.45.138 () {34 vars in 863 bytes} [Fri May 29 05:51:21 2026] GET /allocations/1eb84da1-30b7-4d7e-8295-a6f5041bb570 => generated 258 bytes in 10 msecs (HTTP/1.1 200) 8 headers in 296 bytes (1 switches on core 0)
2026-05-29 05:51:21.447 7 INFO placement.requestlog [req-9b5b13cb-6e28-47d9-b1bb-c007a953fb24 req-9d6ab455-c046-4d96-8183-3a66080ba8ce 84bcf45d684d4077a2118e0076efe362 33d647a757364be8978e1ce9489e0be3 - - 65108a448652424cbc37cd0284957b70 65108a448652424cbc37cd0284957b70] 199.204.45.138 "GET /allocations/dfe977c7-db38-4c41-afcc-8472eaa7a7d5" status: 200 len: 258 microversion: 1.28 [pid: 7|app: 0|req: 338/681] 199.204.45.138 () {34 vars in 863 bytes} [Fri May 29 05:51:21 2026] GET /allocations/dfe977c7-db38-4c41-afcc-8472eaa7a7d5 => generated 258 bytes in 14 msecs (HTTP/1.1 200) 8 headers in 296 bytes (1 switches on core 0)
2026-05-29 05:51:21.470 8 INFO placement.requestlog [req-9b5b13cb-6e28-47d9-b1bb-c007a953fb24 req-fed33e8d-7b3f-454c-9c63-7416d065381b 84bcf45d684d4077a2118e0076efe362 33d647a757364be8978e1ce9489e0be3 - - 65108a448652424cbc37cd0284957b70 65108a448652424cbc37cd0284957b70] 199.204.45.138 "GET /allocations/c852623e-2d6a-459b-aa62-22b0c61776c4" status: 200 len: 258 microversion: 1.28 [pid: 8|app: 0|req: 344/682] 199.204.45.138 () {34 vars in 863 bytes} [Fri May 29 05:51:21 2026] GET /allocations/c852623e-2d6a-459b-aa62-22b0c61776c4 => generated 258 bytes in 14 msecs (HTTP/1.1 200) 8 headers in 296 bytes (1 switches on core 0)
2026-05-29 05:51:21.514 7 INFO placement.requestlog [req-9b5b13cb-6e28-47d9-b1bb-c007a953fb24 req-b811734b-8bca-4229-bb77-24be71bf757c 84bcf45d684d4077a2118e0076efe362 33d647a757364be8978e1ce9489e0be3 - - 65108a448652424cbc37cd0284957b70 65108a448652424cbc37cd0284957b70] 199.204.45.138 "GET /allocations/fc7a90f4-583e-44dd-9d68-157c8ce1d1af" status: 200 len: 258 microversion: 1.28 [pid: 7|app: 0|req: 339/683] 199.204.45.138 () {34 vars in 863 bytes} [Fri May 29 05:51:21 2026] GET /allocations/fc7a90f4-583e-44dd-9d68-157c8ce1d1af => generated 258 bytes in 27 msecs (HTTP/1.1 200) 8 headers in 296 bytes (1 switches on core 0)
2026-05-29 05:51:22.571 8 INFO placement.requestlog [req-9b5b13cb-6e28-47d9-b1bb-c007a953fb24 req-1387c36e-5699-4043-b08b-2a0236dbd691 84bcf45d684d4077a2118e0076efe362 33d647a757364be8978e1ce9489e0be3 - - 65108a448652424cbc37cd0284957b70 65108a448652424cbc37cd0284957b70] 199.204.45.138 "DELETE /allocations/fc7a90f4-583e-44dd-9d68-157c8ce1d1af" status: 204 len: 0 microversion: 1.0 [pid: 8|app: 0|req: 345/684] 199.204.45.138 () {34 vars in 841 bytes} [Fri May 29 05:51:22 2026] DELETE /allocations/fc7a90f4-583e-44dd-9d68-157c8ce1d1af => generated 0 bytes in 24 msecs (HTTP/1.1 204) 5 headers in 198 bytes (1 switches on core 0)
2026-05-29 05:51:23.582 7 INFO placement.requestlog [req-93b6d82c-7dfa-4463-ba9d-43e4d897a095 req-821e83a0-7064-4dc8-806b-5a8700c453ee 84bcf45d684d4077a2118e0076efe362 33d647a757364be8978e1ce9489e0be3 - - 65108a448652424cbc37cd0284957b70 65108a448652424cbc37cd0284957b70] 199.204.45.138 "GET /resource_providers/db95fa35-4f46-48d5-b819-3ba16842b782/allocations" status: 200 len: 353 microversion: 1.0 [pid: 7|app: 0|req: 340/685] 199.204.45.138 () {32 vars in 857 bytes} [Fri May 29 05:51:23 2026] GET /resource_providers/db95fa35-4f46-48d5-b819-3ba16842b782/allocations => generated 353 bytes in 19 msecs (HTTP/1.1 200) 6 headers in 224 bytes (1 switches on core 0)
2026-05-29 05:51:23.621 8 INFO placement.requestlog [req-93b6d82c-7dfa-4463-ba9d-43e4d897a095 req-7c54bf2a-407f-48c2-8124-23d10cf0bb84 84bcf45d684d4077a2118e0076efe362 33d647a757364be8978e1ce9489e0be3 - - 65108a448652424cbc37cd0284957b70 65108a448652424cbc37cd0284957b70] 199.204.45.138 "GET /resource_providers/db95fa35-4f46-48d5-b819-3ba16842b782/allocations" status: 200 len: 353 microversion: 1.0 [pid: 8|app: 0|req: 346/686] 199.204.45.138 () {32 vars in 857 bytes} [Fri May 29 05:51:23 2026] GET /resource_providers/db95fa35-4f46-48d5-b819-3ba16842b782/allocations => generated 353 bytes in 28 msecs (HTTP/1.1 200) 6 headers in 224 bytes (1 switches on core 0)
2026-05-29 05:51:23.644 7 INFO placement.requestlog [req-93b6d82c-7dfa-4463-ba9d-43e4d897a095 req-ee762b5c-8734-4e70-a2da-1421cda0afde 84bcf45d684d4077a2118e0076efe362 33d647a757364be8978e1ce9489e0be3 - - 65108a448652424cbc37cd0284957b70 65108a448652424cbc37cd0284957b70] 199.204.45.138 "GET /allocations/1eb84da1-30b7-4d7e-8295-a6f5041bb570" status: 200 len: 258 microversion: 1.28 [pid: 7|app: 0|req: 341/687] 199.204.45.138 () {34 vars in 863 bytes} [Fri May 29 05:51:23 2026] GET /allocations/1eb84da1-30b7-4d7e-8295-a6f5041bb570 => generated 258 bytes in 14 msecs (HTTP/1.1 200) 8 headers in 296 bytes (1 switches on core 0)
2026-05-29 05:51:23.673 8 INFO placement.requestlog [req-93b6d82c-7dfa-4463-ba9d-43e4d897a095 req-969ba828-bda6-486f-b81f-34ed3cb6ff05 84bcf45d684d4077a2118e0076efe362 33d647a757364be8978e1ce9489e0be3 - - 65108a448652424cbc37cd0284957b70 65108a448652424cbc37cd0284957b70] 199.204.45.138 "GET /allocations/dfe977c7-db38-4c41-afcc-8472eaa7a7d5" status: 200 len: 258 microversion: 1.28 [pid: 8|app: 0|req: 347/688] 199.204.45.138 () {34 vars in 863 bytes} [Fri May 29 05:51:23 2026] GET /allocations/dfe977c7-db38-4c41-afcc-8472eaa7a7d5 => generated 258 bytes in 11 msecs (HTTP/1.1 200) 8 headers in 296 bytes (1 switches on core 0)
2026-05-29 05:51:23.693 7 INFO placement.requestlog [req-93b6d82c-7dfa-4463-ba9d-43e4d897a095 req-b92fe323-39aa-4962-a362-d64387eca8b9 84bcf45d684d4077a2118e0076efe362 33d647a757364be8978e1ce9489e0be3 - - 65108a448652424cbc37cd0284957b70 65108a448652424cbc37cd0284957b70] 199.204.45.138 "GET /allocations/c852623e-2d6a-459b-aa62-22b0c61776c4" status: 200 len: 258 microversion: 1.28 [pid: 7|app: 0|req: 342/689] 199.204.45.138 () {34 vars in 863 bytes} [Fri May 29 05:51:23 2026] GET /allocations/c852623e-2d6a-459b-aa62-22b0c61776c4 => generated 258 bytes in 11 msecs (HTTP/1.1 200) 8 headers in 296 bytes (1 switches on core 0)
2026-05-29 05:51:25.494 8 INFO placement.requestlog [None req-ed11abcd-8743-4962-8c4c-07b9923e4c56 - - - - - -] 10.0.0.62 "GET /" status: 200 len: 136 microversion: 1.0
2026-05-29 05:51:25.494 7 INFO placement.requestlog [None req-ebd8fafe-3279-45e6-844d-7b60ff12376c - - - - - -] 10.0.0.62 "GET /" status: 200 len: 136 microversion: 1.0
2026-05-29 05:51:28.702 8 INFO placement.requestlog [req-900cff39-68e8-46b0-a067-af3dd06f0bcb req-a1c97042-a555-499f-aa52-f131c3e85e2d 84bcf45d684d4077a2118e0076efe362 33d647a757364be8978e1ce9489e0be3 - - 65108a448652424cbc37cd0284957b70 65108a448652424cbc37cd0284957b70] 199.204.45.138 "GET /resource_providers/db95fa35-4f46-48d5-b819-3ba16842b782/allocations" status: 200 len: 353 microversion: 1.0 [pid: 8|app: 0|req: 349/692] 199.204.45.138 () {32 vars in 857 bytes} [Fri May 29 05:51:28 2026] GET /resource_providers/db95fa35-4f46-48d5-b819-3ba16842b782/allocations => generated 353 bytes in 17 msecs (HTTP/1.1 200) 6 headers in 224 bytes (1 switches on core 0)
2026-05-29 05:51:28.720 7 INFO placement.requestlog [req-900cff39-68e8-46b0-a067-af3dd06f0bcb req-a29cae47-afb8-4b84-bce1-4201cd0743a9 84bcf45d684d4077a2118e0076efe362 33d647a757364be8978e1ce9489e0be3 - - 65108a448652424cbc37cd0284957b70 65108a448652424cbc37cd0284957b70] 199.204.45.138 "GET /allocations/1eb84da1-30b7-4d7e-8295-a6f5041bb570" status: 200 len: 258 microversion: 1.28 [pid: 7|app: 0|req: 344/693] 199.204.45.138 () {34 vars in 863 bytes} [Fri May 29 05:51:28 2026] GET /allocations/1eb84da1-30b7-4d7e-8295-a6f5041bb570 => generated 258 bytes in 12 msecs (HTTP/1.1 200) 8 headers in 296 bytes (1 switches on core 0)
2026-05-29 05:51:28.736 8 INFO placement.requestlog [req-900cff39-68e8-46b0-a067-af3dd06f0bcb req-40bee138-0ee5-4ed0-a429-d231cb2083bc 84bcf45d684d4077a2118e0076efe362 33d647a757364be8978e1ce9489e0be3 - - 65108a448652424cbc37cd0284957b70 65108a448652424cbc37cd0284957b70] 199.204.45.138 "GET /allocations/dfe977c7-db38-4c41-afcc-8472eaa7a7d5" status: 200 len: 258 microversion: 1.28 [pid: 8|app: 0|req: 350/694] 199.204.45.138 () {34 vars in 863 bytes} [Fri May 29 05:51:28 2026] GET /allocations/dfe977c7-db38-4c41-afcc-8472eaa7a7d5 => generated 258 bytes in 13 msecs (HTTP/1.1 200) 8 headers in 296 bytes (1 switches on core 0)
2026-05-29 05:51:28.759 7 INFO placement.requestlog [req-900cff39-68e8-46b0-a067-af3dd06f0bcb req-8b8176cb-a732-4427-be7e-02526ae3456e 84bcf45d684d4077a2118e0076efe362 33d647a757364be8978e1ce9489e0be3 - - 65108a448652424cbc37cd0284957b70 65108a448652424cbc37cd0284957b70] 199.204.45.138 "GET /allocations/c852623e-2d6a-459b-aa62-22b0c61776c4" status: 200 len: 258 microversion: 1.28 [pid: 7|app: 0|req: 345/695] 199.204.45.138 () {34 vars in 863 bytes} [Fri May 29 05:51:28 2026] GET /allocations/c852623e-2d6a-459b-aa62-22b0c61776c4 => generated 258 bytes in 17 msecs (HTTP/1.1 200) 8 headers in 296 bytes (1 switches on core 0)
2026-05-29 05:51:29.803 8 INFO placement.requestlog [req-900cff39-68e8-46b0-a067-af3dd06f0bcb req-c4c7bac1-36ef-4372-b254-b4faa3ab0551 84bcf45d684d4077a2118e0076efe362 33d647a757364be8978e1ce9489e0be3 - - 65108a448652424cbc37cd0284957b70 65108a448652424cbc37cd0284957b70] 199.204.45.138 "DELETE /allocations/c852623e-2d6a-459b-aa62-22b0c61776c4" status: 204 len: 0 microversion: 1.0 [pid: 8|app: 0|req: 351/696] 199.204.45.138 () {34 vars in 841 bytes} [Fri May 29 05:51:29 2026] DELETE /allocations/c852623e-2d6a-459b-aa62-22b0c61776c4 => generated 0 bytes in 24 msecs (HTTP/1.1 204) 5 headers in 198 bytes (1 switches on core 0)
2026-05-29 05:51:34.036 7 INFO placement.requestlog [None req-085e6333-1a87-47b2-a7d7-840c428f352f 850ee7530e2a496e8559360ad76ec3a0 33d647a757364be8978e1ce9489e0be3 - - 65108a448652424cbc37cd0284957b70 65108a448652424cbc37cd0284957b70] 10.0.0.112 "GET /resource_providers/549ea069-00e9-4fa3-a55a-c75b1cdd8df5/aggregates" status: 404 len: 235 microversion: 1.1 [pid: 7|app: 0|req: 346/697] 10.0.0.112 () {32 vars in 816 bytes} [Fri May 29 05:51:34 2026] GET /resource_providers/549ea069-00e9-4fa3-a55a-c75b1cdd8df5/aggregates => generated 235 bytes in 19 msecs (HTTP/1.1 404) 5 headers in 202 bytes (1 switches on core 0)
2026-05-29 05:51:34.037 8 INFO placement.requestlog [None req-cfe9b3b9-87c5-435c-ac9b-cf888bd7ecd5 850ee7530e2a496e8559360ad76ec3a0 33d647a757364be8978e1ce9489e0be3 - - 65108a448652424cbc37cd0284957b70 65108a448652424cbc37cd0284957b70] 10.0.0.112 "GET /resource_providers/549ea069-00e9-4fa3-a55a-c75b1cdd8df5/aggregates" status: 404 len: 235 microversion: 1.1 [pid: 8|app: 0|req: 352/698] 10.0.0.112 () {32 vars in 816 bytes} [Fri May 29 05:51:34 2026] GET /resource_providers/549ea069-00e9-4fa3-a55a-c75b1cdd8df5/aggregates => generated 235 bytes in 12 msecs (HTTP/1.1 404) 5 headers in 202 bytes (1 switches on core 0)
2026-05-29 05:51:34.064 7 INFO placement.requestlog [None req-2cd6aabf-5823-44eb-803e-545cf06b0473 850ee7530e2a496e8559360ad76ec3a0 33d647a757364be8978e1ce9489e0be3 - - 65108a448652424cbc37cd0284957b70 65108a448652424cbc37cd0284957b70] 10.0.0.112 "DELETE /resource_providers/549ea069-00e9-4fa3-a55a-c75b1cdd8df5" status: 404 len: 246 microversion: 1.1 [pid: 7|app: 0|req: 347/699] 10.0.0.112 () {34 vars in 816 bytes} [Fri May 29 05:51:34 2026] DELETE /resource_providers/549ea069-00e9-4fa3-a55a-c75b1cdd8df5 => generated 246 bytes in 14 msecs (HTTP/1.1 404) 6 headers in 231 bytes (1 switches on core 0)
2026-05-29 05:51:34.065 8 INFO placement.requestlog [None req-5f21b70c-233b-4b6d-a2af-c6fdf227ef76 850ee7530e2a496e8559360ad76ec3a0 33d647a757364be8978e1ce9489e0be3 - - 65108a448652424cbc37cd0284957b70 65108a448652424cbc37cd0284957b70] 10.0.0.112 "DELETE /resource_providers/549ea069-00e9-4fa3-a55a-c75b1cdd8df5" status: 404 len: 246 microversion: 1.1 [pid: 8|app: 0|req: 353/700] 10.0.0.112 () {34 vars in 816 bytes} [Fri May 29 05:51:34 2026] DELETE /resource_providers/549ea069-00e9-4fa3-a55a-c75b1cdd8df5 => generated 246 bytes in 11 msecs (HTTP/1.1 404) 6 headers in 231 bytes (1 switches on core 0)
2026-05-29 05:51:35.494 7 INFO placement.requestlog [None req-0c77a8b2-bbeb-4c84-ba05-3ac36b62cfbe - - - - - -] 10.0.0.62 "GET /" status: 200 len: 136 microversion: 1.0
2026-05-29 05:51:35.495 8 INFO placement.requestlog [None req-1350cbec-40d1-4147-9734-cb54c97263dc - - - - - -] 10.0.0.62 "GET /" status: 200 len: 136 microversion: 1.0
2026-05-29 05:51:45.494 7 INFO placement.requestlog [None req-8c23fdc5-8258-4ff8-b2ed-8978cd4ad643 - - - - - -] 10.0.0.62 "GET /" status: 200 len: 136 microversion: 1.0
2026-05-29 05:51:45.494 8 INFO placement.requestlog [None req-05e99b83-930b-4b6e-8cf0-c2a31d817424 - - - - - -] 10.0.0.62 "GET /" status: 200 len: 136 microversion: 1.0
2026-05-29 05:51:48.416 8 INFO placement.requestlog [req-1d4745c0-2a59-4afa-9680-808f36fb10e7 req-35bc03c8-78c7-458d-b2f4-f08e685ad4b6 84bcf45d684d4077a2118e0076efe362 33d647a757364be8978e1ce9489e0be3 - - 65108a448652424cbc37cd0284957b70 65108a448652424cbc37cd0284957b70] 10.0.0.59 "GET /allocation_candidates?limit=1000&resources=MEMORY_MB%3A2048%2CVCPU%3A2&root_required=%21COMPUTE_STATUS_DISABLED" status: 200 len: 2771 microversion: 1.36 [pid: 8|app: 0|req: 356/705] 10.0.0.59 () {34 vars in 985 bytes} [Fri May 29 05:51:48 2026] GET /allocation_candidates?limit=1000&resources=MEMORY_MB%3A2048%2CVCPU%3A2&root_required=%21COMPUTE_STATUS_DISABLED => generated 2771 bytes in 49 msecs (HTTP/1.1 200) 8 headers in 297 bytes (1 switches on core 0)
2026-05-29 05:51:48.444 7 INFO placement.requestlog [req-1d4745c0-2a59-4afa-9680-808f36fb10e7 req-fb7427fe-7830-4606-adb1-bda11fe4128e 84bcf45d684d4077a2118e0076efe362 33d647a757364be8978e1ce9489e0be3 - - 65108a448652424cbc37cd0284957b70 65108a448652424cbc37cd0284957b70] 10.0.0.59 "GET /allocations/c67edf62-1263-4ca4-8e9f-20d82b2acf57" status: 200 len: 19 microversion: 1.28 [pid: 7|app: 0|req: 350/706] 10.0.0.59 () {34 vars in 860 bytes} [Fri May 29 05:51:48 2026] GET /allocations/c67edf62-1263-4ca4-8e9f-20d82b2acf57 => generated 19 bytes in 9 msecs (HTTP/1.1 200) 8 headers in 295 bytes (1 switches on core 0)
2026-05-29 05:51:48.507 8 INFO placement.requestlog [req-1d4745c0-2a59-4afa-9680-808f36fb10e7 req-fa6e3084-556c-4480-9629-9a19805d8130 84bcf45d684d4077a2118e0076efe362 33d647a757364be8978e1ce9489e0be3 - - 65108a448652424cbc37cd0284957b70 65108a448652424cbc37cd0284957b70] 10.0.0.59 "PUT /allocations/c67edf62-1263-4ca4-8e9f-20d82b2acf57" status: 204 len: 0 microversion: 1.36 [pid: 8|app: 0|req: 357/707] 10.0.0.59 () {38 vars in 913 bytes} [Fri May 29 05:51:48 2026] PUT /allocations/c67edf62-1263-4ca4-8e9f-20d82b2acf57 => generated 0 bytes in 55 msecs (HTTP/1.1 204) 5 headers in 199 bytes (1 switches on core 0)
2026-05-29 05:51:50.024 7 INFO placement.requestlog [req-1d4745c0-2a59-4afa-9680-808f36fb10e7 req-025d8b5b-2963-43e5-b95b-0f8f22f8159b 84bcf45d684d4077a2118e0076efe362 33d647a757364be8978e1ce9489e0be3 - - 65108a448652424cbc37cd0284957b70 65108a448652424cbc37cd0284957b70] 199.204.45.138 "GET /allocations/c67edf62-1263-4ca4-8e9f-20d82b2acf57" status: 200 len: 245 microversion: 1.28 [pid: 7|app: 0|req: 351/708] 199.204.45.138 () {34 vars in 863 bytes} [Fri May 29 05:51:50 2026] GET /allocations/c67edf62-1263-4ca4-8e9f-20d82b2acf57 => generated 245 bytes in 12 msecs (HTTP/1.1 200) 8 headers in 296 bytes (1 switches on core 0)
2026-05-29 05:51:51.065 8 INFO placement.requestlog [req-1d4745c0-2a59-4afa-9680-808f36fb10e7 req-8644cb48-77f8-479d-9862-683afd1c52af 84bcf45d684d4077a2118e0076efe362 33d647a757364be8978e1ce9489e0be3 - - 65108a448652424cbc37cd0284957b70 65108a448652424cbc37cd0284957b70] 199.204.45.138 "GET /resource_providers/db95fa35-4f46-48d5-b819-3ba16842b782/allocations" status: 200 len: 340 microversion: 1.0 [pid: 8|app: 0|req: 358/709] 199.204.45.138 () {32 vars in 857 bytes} [Fri May 29 05:51:51 2026] GET /resource_providers/db95fa35-4f46-48d5-b819-3ba16842b782/allocations => generated 340 bytes in 19 msecs (HTTP/1.1 200) 6 headers in 224 bytes (1 switches on core 0)
2026-05-29 05:51:51.082 7 INFO placement.requestlog [req-1d4745c0-2a59-4afa-9680-808f36fb10e7 req-74d7794d-cfb0-4597-a544-e3bb6ae484e4 84bcf45d684d4077a2118e0076efe362 33d647a757364be8978e1ce9489e0be3 - - 65108a448652424cbc37cd0284957b70 65108a448652424cbc37cd0284957b70] 199.204.45.138 "GET /allocations/dfe977c7-db38-4c41-afcc-8472eaa7a7d5" status: 200 len: 258 microversion: 1.28 [pid: 7|app: 0|req: 352/710] 199.204.45.138 () {34 vars in 863 bytes} [Fri May 29 05:51:51 2026] GET /allocations/dfe977c7-db38-4c41-afcc-8472eaa7a7d5 => generated 258 bytes in 9 msecs (HTTP/1.1 200) 8 headers in 296 bytes (1 switches on core 0)
2026-05-29 05:51:51.101 8 INFO placement.requestlog [req-1d4745c0-2a59-4afa-9680-808f36fb10e7 req-984b7257-4cde-432b-ae0e-adaa17d715d2 84bcf45d684d4077a2118e0076efe362 33d647a757364be8978e1ce9489e0be3 - - 65108a448652424cbc37cd0284957b70 65108a448652424cbc37cd0284957b70] 199.204.45.138 "GET /allocations/1eb84da1-30b7-4d7e-8295-a6f5041bb570" status: 200 len: 258 microversion: 1.28 [pid: 8|app: 0|req: 359/711] 199.204.45.138 () {34 vars in 863 bytes} [Fri May 29 05:51:51 2026] GET /allocations/1eb84da1-30b7-4d7e-8295-a6f5041bb570 => generated 258 bytes in 16 msecs (HTTP/1.1 200) 8 headers in 296 bytes (1 switches on core 0)
2026-05-29 05:51:51.120 7 INFO placement.requestlog [req-1d4745c0-2a59-4afa-9680-808f36fb10e7 req-28745d23-793e-4158-9244-28974a6f8410 84bcf45d684d4077a2118e0076efe362 33d647a757364be8978e1ce9489e0be3 - - 65108a448652424cbc37cd0284957b70 65108a448652424cbc37cd0284957b70] 199.204.45.138 "GET /allocations/c67edf62-1263-4ca4-8e9f-20d82b2acf57" status: 200 len: 245 microversion: 1.28 [pid: 7|app: 0|req: 353/712] 199.204.45.138 () {34 vars in 863 bytes} [Fri May 29 05:51:51 2026] GET /allocations/c67edf62-1263-4ca4-8e9f-20d82b2acf57 => generated 245 bytes in 14 msecs (HTTP/1.1 200) 8 headers in 296 bytes (1 switches on core 0)
2026-05-29 05:51:53.504 8 INFO placement.requestlog [req-e3d87545-417d-4fca-a9d5-edd1068e7448 req-b5ada631-f3a6-4919-92f5-b6d4ec578261 84bcf45d684d4077a2118e0076efe362 33d647a757364be8978e1ce9489e0be3 - - 65108a448652424cbc37cd0284957b70 65108a448652424cbc37cd0284957b70] 10.0.0.59 "GET /allocation_candidates?limit=1000&resources=DISK_GB%3A1%2CMEMORY_MB%3A512%2CVCPU%3A1&root_required=%21COMPUTE_STATUS_DISABLED" status: 200 len: 2784 microversion: 1.36 [pid: 8|app: 0|req: 360/713] 10.0.0.59 () {34 vars in 1011 bytes} [Fri May 29 05:51:53 2026] GET /allocation_candidates?limit=1000&resources=DISK_GB%3A1%2CMEMORY_MB%3A512%2CVCPU%3A1&root_required=%21COMPUTE_STATUS_DISABLED => generated 2784 bytes in 52 msecs (HTTP/1.1 200) 8 headers in 297 bytes (1 switches on core 0)
2026-05-29 05:51:53.537 7 INFO placement.requestlog [req-e3d87545-417d-4fca-a9d5-edd1068e7448 req-9b96e4ff-7471-4e13-ad95-d6ef1c22df3c 84bcf45d684d4077a2118e0076efe362 33d647a757364be8978e1ce9489e0be3 - - 65108a448652424cbc37cd0284957b70 65108a448652424cbc37cd0284957b70] 10.0.0.59 "GET /allocations/c180dc1e-ceb7-4f8e-b115-428d3285ea2a" status: 200 len: 19 microversion: 1.28 [pid: 7|app: 0|req: 354/714] 10.0.0.59 () {34 vars in 860 bytes} [Fri May 29 05:51:53 2026] GET /allocations/c180dc1e-ceb7-4f8e-b115-428d3285ea2a => generated 19 bytes in 13 msecs (HTTP/1.1 200) 8 headers in 295 bytes (1 switches on core 0)
2026-05-29 05:51:53.619 8 INFO placement.requestlog [req-e3d87545-417d-4fca-a9d5-edd1068e7448 req-ebf4c930-e291-46b8-93e7-0980bbe9377d 84bcf45d684d4077a2118e0076efe362 33d647a757364be8978e1ce9489e0be3 - - 65108a448652424cbc37cd0284957b70 65108a448652424cbc37cd0284957b70] 10.0.0.59 "PUT /allocations/c180dc1e-ceb7-4f8e-b115-428d3285ea2a" status: 204 len: 0 microversion: 1.36 [pid: 8|app: 0|req: 361/715] 10.0.0.59 () {38 vars in 913 bytes} [Fri May 29 05:51:53 2026] PUT /allocations/c180dc1e-ceb7-4f8e-b115-428d3285ea2a => generated 0 bytes in 73 msecs (HTTP/1.1 204) 5 headers in 199 bytes (1 switches on core 0)
2026-05-29 05:51:55.105 7 INFO placement.requestlog [req-e3d87545-417d-4fca-a9d5-edd1068e7448 req-6aa74c6a-d9c6-4814-8a8f-7ef16d936662 84bcf45d684d4077a2118e0076efe362 33d647a757364be8978e1ce9489e0be3 - - 65108a448652424cbc37cd0284957b70 65108a448652424cbc37cd0284957b70] 199.204.45.138 "GET /allocations/c180dc1e-ceb7-4f8e-b115-428d3285ea2a" status: 200 len: 258 microversion: 1.28 [pid: 7|app: 0|req: 355/716] 199.204.45.138 () {34 vars in 863 bytes} [Fri May 29 05:51:55 2026] GET /allocations/c180dc1e-ceb7-4f8e-b115-428d3285ea2a => generated 258 bytes in 13 msecs (HTTP/1.1 200) 8 headers in 296 bytes (1 switches on core 0)
2026-05-29 05:51:55.494 7 INFO placement.requestlog [None req-fe051793-6e4c-432b-8969-29479401b0a3 - - - - - -] 10.0.0.62 "GET /" status: 200 len: 136 microversion: 1.0
2026-05-29 05:51:55.494 8 INFO placement.requestlog [None req-473ca336-a335-46f2-a462-ecc405f56179 - - - - - -] 10.0.0.62 "GET /" status: 200 len: 136 microversion: 1.0
2026-05-29 05:51:56.148 7 INFO placement.requestlog [req-e3d87545-417d-4fca-a9d5-edd1068e7448 req-11f467f8-af96-4d8e-9a00-2fd9dc5353d6 84bcf45d684d4077a2118e0076efe362 33d647a757364be8978e1ce9489e0be3 - - 65108a448652424cbc37cd0284957b70 65108a448652424cbc37cd0284957b70] 199.204.45.138 "GET /resource_providers/db95fa35-4f46-48d5-b819-3ba16842b782/allocations" status: 200 len: 440 microversion: 1.0 [pid: 7|app: 0|req: 357/719] 199.204.45.138 () {32 vars in 857 bytes} [Fri May 29 05:51:56 2026] GET /resource_providers/db95fa35-4f46-48d5-b819-3ba16842b782/allocations => generated 440 bytes in 20 msecs (HTTP/1.1 200) 6 headers in 224 bytes (1 switches on core 0)
2026-05-29 05:51:56.173 8 INFO placement.requestlog [req-e3d87545-417d-4fca-a9d5-edd1068e7448 req-841457b2-c85a-4248-b5e2-8c44f2edfe85 84bcf45d684d4077a2118e0076efe362 33d647a757364be8978e1ce9489e0be3 - - 65108a448652424cbc37cd0284957b70 65108a448652424cbc37cd0284957b70] 199.204.45.138 "GET /allocations/dfe977c7-db38-4c41-afcc-8472eaa7a7d5" status: 200 len: 258 microversion: 1.28 [pid: 8|app: 0|req: 363/720] 199.204.45.138 () {34 vars in 863 bytes} [Fri May 29 05:51:56 2026] GET /allocations/dfe977c7-db38-4c41-afcc-8472eaa7a7d5 => generated 258 bytes in 19 msecs (HTTP/1.1 200) 8 headers in 296 bytes (1 switches on core 0)
2026-05-29 05:51:56.197 7 INFO placement.requestlog [req-e3d87545-417d-4fca-a9d5-edd1068e7448 req-78e53acb-8f2b-47c8-938d-4b09f4ad57b4 84bcf45d684d4077a2118e0076efe362 33d647a757364be8978e1ce9489e0be3 - - 65108a448652424cbc37cd0284957b70 65108a448652424cbc37cd0284957b70] 199.204.45.138 "GET /allocations/c180dc1e-ceb7-4f8e-b115-428d3285ea2a" status: 200 len: 258 microversion: 1.28 [pid: 7|app: 0|req: 358/721] 199.204.45.138 () {34 vars in 863 bytes} [Fri May 29 05:51:56 2026] GET /allocations/c180dc1e-ceb7-4f8e-b115-428d3285ea2a => generated 258 bytes in 18 msecs (HTTP/1.1 200) 8 headers in 296 bytes (1 switches on core 0)
2026-05-29 05:51:56.216 8 INFO placement.requestlog [req-e3d87545-417d-4fca-a9d5-edd1068e7448 req-61c7327a-ebdd-4fe3-9e80-f75de337ad4b 84bcf45d684d4077a2118e0076efe362 33d647a757364be8978e1ce9489e0be3 - - 65108a448652424cbc37cd0284957b70 65108a448652424cbc37cd0284957b70] 199.204.45.138 "GET /allocations/1eb84da1-30b7-4d7e-8295-a6f5041bb570" status: 200 len: 258 microversion: 1.28 [pid: 8|app: 0|req: 364/722] 199.204.45.138 () {34 vars in 863 bytes} [Fri May 29 05:51:56 2026] GET /allocations/1eb84da1-30b7-4d7e-8295-a6f5041bb570 => generated 258 bytes in 13 msecs (HTTP/1.1 200) 8 headers in 296 bytes (1 switches on core 0)
2026-05-29 05:51:56.240 7 INFO placement.requestlog [req-e3d87545-417d-4fca-a9d5-edd1068e7448 req-45adac66-9443-4006-addd-b38654bcb7ec 84bcf45d684d4077a2118e0076efe362 33d647a757364be8978e1ce9489e0be3 - - 65108a448652424cbc37cd0284957b70 65108a448652424cbc37cd0284957b70] 199.204.45.138 "GET /allocations/c67edf62-1263-4ca4-8e9f-20d82b2acf57" status: 200 len: 245 microversion: 1.28 [pid: 7|app: 0|req: 359/723] 199.204.45.138 () {34 vars in 863 bytes} [Fri May 29 05:51:56 2026] GET /allocations/c67edf62-1263-4ca4-8e9f-20d82b2acf57 => generated 245 bytes in 18 msecs (HTTP/1.1 200) 8 headers in 296 bytes (1 switches on core 0)
2026-05-29 05:52:05.494 8 INFO placement.requestlog [None req-8bc90405-efd0-4134-bb3d-2cf1bca42e75 - - - - - -] 10.0.0.62 "GET /" status: 200 len: 136 microversion: 1.0
2026-05-29 05:52:05.494 7 INFO placement.requestlog [None req-4322f9a8-5889-4ed0-b896-64d01ff6c955 - - - - - -] 10.0.0.62 "GET /" status: 200 len: 136 microversion: 1.0
2026-05-29 05:52:15.494 7 INFO placement.requestlog [None req-c6ecfbe4-1eea-43bc-a539-0d76df08cc46 - - - - - -] 10.0.0.62 "GET /" status: 200 len: 136 microversion: 1.0
2026-05-29 05:52:15.494 8 INFO placement.requestlog [None req-e71b6e2f-ad09-4f1d-8247-cb352f85f90b - - - - - -] 10.0.0.62 "GET /" status: 200 len: 136 microversion: 1.0
2026-05-29 05:52:23.716 7 INFO placement.requestlog [req-5d295242-ee7e-46f2-a624-9dec92da4c5d req-b729e12c-cad9-4fd7-86b4-b3207467e273 84bcf45d684d4077a2118e0076efe362 33d647a757364be8978e1ce9489e0be3 - - 65108a448652424cbc37cd0284957b70 65108a448652424cbc37cd0284957b70] 199.204.45.138 "GET /resource_providers/db95fa35-4f46-48d5-b819-3ba16842b782/allocations" status: 200 len: 440 microversion: 1.0 [pid: 7|app: 0|req: 362/728] 199.204.45.138 () {32 vars in 857 bytes} [Fri May 29 05:52:23 2026] GET /resource_providers/db95fa35-4f46-48d5-b819-3ba16842b782/allocations => generated 440 bytes in 15 msecs (HTTP/1.1 200) 6 headers in 224 bytes (1 switches on core 0)
2026-05-29 05:52:23.739 8 INFO placement.requestlog [req-5d295242-ee7e-46f2-a624-9dec92da4c5d req-c5bc3629-1271-4506-ae8c-e8fd8a71262d 84bcf45d684d4077a2118e0076efe362 33d647a757364be8978e1ce9489e0be3 - - 65108a448652424cbc37cd0284957b70 65108a448652424cbc37cd0284957b70] 199.204.45.138 "GET /resource_providers/db95fa35-4f46-48d5-b819-3ba16842b782/allocations" status: 200 len: 440 microversion: 1.0 [pid: 8|app: 0|req: 367/729] 199.204.45.138 () {32 vars in 857 bytes} [Fri May 29 05:52:23 2026] GET /resource_providers/db95fa35-4f46-48d5-b819-3ba16842b782/allocations => generated 440 bytes in 19 msecs (HTTP/1.1 200) 6 headers in 224 bytes (1 switches on core 0)
2026-05-29 05:52:23.769 7 INFO placement.requestlog [req-5d295242-ee7e-46f2-a624-9dec92da4c5d req-5987019b-fbaf-448b-ab5e-030ddc9c16fb 84bcf45d684d4077a2118e0076efe362 33d647a757364be8978e1ce9489e0be3 - - 65108a448652424cbc37cd0284957b70 65108a448652424cbc37cd0284957b70] 199.204.45.138 "GET /allocations/dfe977c7-db38-4c41-afcc-8472eaa7a7d5" status: 200 len: 258 microversion: 1.28 [pid: 7|app: 0|req: 363/730] 199.204.45.138 () {34 vars in 863 bytes} [Fri May 29 05:52:23 2026] GET /allocations/dfe977c7-db38-4c41-afcc-8472eaa7a7d5 => generated 258 bytes in 21 msecs (HTTP/1.1 200) 8 headers in 296 bytes (1 switches on core 0)
2026-05-29 05:52:23.794 8 INFO placement.requestlog [req-5d295242-ee7e-46f2-a624-9dec92da4c5d req-63ab46f4-c2a7-4ee1-a07d-3bffee3bc474 84bcf45d684d4077a2118e0076efe362 33d647a757364be8978e1ce9489e0be3 - - 65108a448652424cbc37cd0284957b70 65108a448652424cbc37cd0284957b70] 199.204.45.138 "GET /allocations/c180dc1e-ceb7-4f8e-b115-428d3285ea2a" status: 200 len: 258 microversion: 1.28 [pid: 8|app: 0|req: 368/731] 199.204.45.138 () {34 vars in 863 bytes} [Fri May 29 05:52:23 2026] GET /allocations/c180dc1e-ceb7-4f8e-b115-428d3285ea2a => generated 258 bytes in 17 msecs (HTTP/1.1 200) 8 headers in 296 bytes (1 switches on core 0)
2026-05-29 05:52:23.812 7 INFO placement.requestlog [req-5d295242-ee7e-46f2-a624-9dec92da4c5d req-2815d005-bf02-4c4b-94cd-d65badf4b5f0 84bcf45d684d4077a2118e0076efe362 33d647a757364be8978e1ce9489e0be3 - - 65108a448652424cbc37cd0284957b70 65108a448652424cbc37cd0284957b70] 199.204.45.138 "GET /allocations/1eb84da1-30b7-4d7e-8295-a6f5041bb570" status: 200 len: 258 microversion: 1.28 [pid: 7|app: 0|req: 364/732] 199.204.45.138 () {34 vars in 863 bytes} [Fri May 29 05:52:23 2026] GET /allocations/1eb84da1-30b7-4d7e-8295-a6f5041bb570 => generated 258 bytes in 9 msecs (HTTP/1.1 200) 8 headers in 296 bytes (1 switches on core 0)
2026-05-29 05:52:23.832 8 INFO placement.requestlog [req-5d295242-ee7e-46f2-a624-9dec92da4c5d req-39ad7f98-b249-44ed-88df-f48ebd85fc89 84bcf45d684d4077a2118e0076efe362 33d647a757364be8978e1ce9489e0be3 - - 65108a448652424cbc37cd0284957b70 65108a448652424cbc37cd0284957b70] 199.204.45.138 "GET /allocations/c67edf62-1263-4ca4-8e9f-20d82b2acf57" status: 200 len: 245 microversion: 1.28 [pid: 8|app: 0|req: 369/733] 199.204.45.138 () {34 vars in 863 bytes} [Fri May 29 05:52:23 2026] GET /allocations/c67edf62-1263-4ca4-8e9f-20d82b2acf57 => generated 245 bytes in 15 msecs (HTTP/1.1 200) 8 headers in 296 bytes (1 switches on core 0)
2026-05-29 05:52:25.493 8 INFO placement.requestlog [None req-96141dc6-f127-47d3-bb81-816868c216c7 - - - - - -] 10.0.0.62 "GET /" status: 200 len: 136 microversion: 1.0
2026-05-29 05:52:25.494 7 INFO placement.requestlog [None req-4200e985-2357-4253-aad3-ae87e30b973d - - - - - -] 10.0.0.62 "GET /" status: 200 len: 136 microversion: 1.0
2026-05-29 05:52:31.508 8 INFO placement.requestlog [req-b93dbbc8-c45e-4fed-b3c3-51936a69486a req-87f223a3-c59a-4794-8928-c77d2e0b285b 84bcf45d684d4077a2118e0076efe362 33d647a757364be8978e1ce9489e0be3 - - 65108a448652424cbc37cd0284957b70 65108a448652424cbc37cd0284957b70] 199.204.45.138 "GET /resource_providers/db95fa35-4f46-48d5-b819-3ba16842b782/allocations" status: 200 len: 440 microversion: 1.0 [pid: 8|app: 0|req: 371/736] 199.204.45.138 () {32 vars in 857 bytes} [Fri May 29 05:52:31 2026] GET /resource_providers/db95fa35-4f46-48d5-b819-3ba16842b782/allocations => generated 440 bytes in 17 msecs (HTTP/1.1 200) 6 headers in 224 bytes (1 switches on core 0)
2026-05-29 05:52:31.534 7 INFO placement.requestlog [req-b93dbbc8-c45e-4fed-b3c3-51936a69486a req-daa13c96-ce7b-4128-a616-e4908f11bce1 84bcf45d684d4077a2118e0076efe362 33d647a757364be8978e1ce9489e0be3 - - 65108a448652424cbc37cd0284957b70 65108a448652424cbc37cd0284957b70] 199.204.45.138 "GET /allocations/dfe977c7-db38-4c41-afcc-8472eaa7a7d5" status: 200 len: 258 microversion: 1.28 [pid: 7|app: 0|req: 366/737] 199.204.45.138 () {34 vars in 863 bytes} [Fri May 29 05:52:31 2026] GET /allocations/dfe977c7-db38-4c41-afcc-8472eaa7a7d5 => generated 258 bytes in 18 msecs (HTTP/1.1 200) 8 headers in 296 bytes (1 switches on core 0)
2026-05-29 05:52:31.556 8 INFO placement.requestlog [req-b93dbbc8-c45e-4fed-b3c3-51936a69486a req-b14f09af-e7d0-4a90-b561-1fe1c5c8dece 84bcf45d684d4077a2118e0076efe362 33d647a757364be8978e1ce9489e0be3 - - 65108a448652424cbc37cd0284957b70 65108a448652424cbc37cd0284957b70] 199.204.45.138 "GET /allocations/c180dc1e-ceb7-4f8e-b115-428d3285ea2a" status: 200 len: 258 microversion: 1.28 [pid: 8|app: 0|req: 372/738] 199.204.45.138 () {34 vars in 863 bytes} [Fri May 29 05:52:31 2026] GET /allocations/c180dc1e-ceb7-4f8e-b115-428d3285ea2a => generated 258 bytes in 17 msecs (HTTP/1.1 200) 8 headers in 296 bytes (1 switches on core 0)
2026-05-29 05:52:31.574 7 INFO placement.requestlog [req-b93dbbc8-c45e-4fed-b3c3-51936a69486a req-6db4727a-481a-4c19-a9c3-3a1ee56809e9 84bcf45d684d4077a2118e0076efe362 33d647a757364be8978e1ce9489e0be3 - - 65108a448652424cbc37cd0284957b70 65108a448652424cbc37cd0284957b70] 199.204.45.138 "GET /allocations/1eb84da1-30b7-4d7e-8295-a6f5041bb570" status: 200 len: 258 microversion: 1.28 [pid: 7|app: 0|req: 367/739] 199.204.45.138 () {34 vars in 863 bytes} [Fri May 29 05:52:31 2026] GET /allocations/1eb84da1-30b7-4d7e-8295-a6f5041bb570 => generated 258 bytes in 13 msecs (HTTP/1.1 200) 8 headers in 296 bytes (1 switches on core 0)
2026-05-29 05:52:31.596 8 INFO placement.requestlog [req-b93dbbc8-c45e-4fed-b3c3-51936a69486a req-fba0f2aa-d1e2-480f-9614-f57eea20c000 84bcf45d684d4077a2118e0076efe362 33d647a757364be8978e1ce9489e0be3 - - 65108a448652424cbc37cd0284957b70 65108a448652424cbc37cd0284957b70] 199.204.45.138 "GET /allocations/c67edf62-1263-4ca4-8e9f-20d82b2acf57" status: 200 len: 245 microversion: 1.28 [pid: 8|app: 0|req: 373/740] 199.204.45.138 () {34 vars in 863 bytes} [Fri May 29 05:52:31 2026] GET /allocations/c67edf62-1263-4ca4-8e9f-20d82b2acf57 => generated 245 bytes in 16 msecs (HTTP/1.1 200) 8 headers in 296 bytes (1 switches on core 0)
2026-05-29 05:52:32.649 7 INFO placement.requestlog [req-b93dbbc8-c45e-4fed-b3c3-51936a69486a req-7382118b-e638-46e3-95a2-d8d6f8874c1a 84bcf45d684d4077a2118e0076efe362 33d647a757364be8978e1ce9489e0be3 - - 65108a448652424cbc37cd0284957b70 65108a448652424cbc37cd0284957b70] 199.204.45.138 "DELETE /allocations/c180dc1e-ceb7-4f8e-b115-428d3285ea2a" status: 204 len: 0 microversion: 1.0 [pid: 7|app: 0|req: 368/741] 199.204.45.138 () {34 vars in 841 bytes} [Fri May 29 05:52:32 2026] DELETE /allocations/c180dc1e-ceb7-4f8e-b115-428d3285ea2a => generated 0 bytes in 30 msecs (HTTP/1.1 204) 5 headers in 198 bytes (1 switches on core 0)
2026-05-29 05:52:35.494 8 INFO placement.requestlog [None req-480daab4-fade-47cc-bd08-87a361ee97f2 - - - - - -] 10.0.0.62 "GET /" status: 200 len: 136 microversion: 1.0
2026-05-29 05:52:35.495 7 INFO placement.requestlog [None req-a89d773c-c8be-4655-af18-b3c39810fcd2 - - - - - -] 10.0.0.62 "GET /" status: 200 len: 136 microversion: 1.0
2026-05-29 05:52:37.870 8 INFO placement.requestlog [None req-68b70241-4789-4c10-a995-bb809f04a1b6 850ee7530e2a496e8559360ad76ec3a0 33d647a757364be8978e1ce9489e0be3 - - 65108a448652424cbc37cd0284957b70 65108a448652424cbc37cd0284957b70] 10.0.0.112 "GET /resource_providers/96c68b3d-6384-4a5b-bd53-8b16e9c4179d/aggregates" status: 404 len: 235 microversion: 1.1 [pid: 8|app: 0|req: 375/744] 10.0.0.112 () {32 vars in 816 bytes} [Fri May 29 05:52:37 2026] GET /resource_providers/96c68b3d-6384-4a5b-bd53-8b16e9c4179d/aggregates => generated 235 bytes in 105 msecs (HTTP/1.1 404) 5 headers in 202 bytes (1 switches on core 0)
2026-05-29 05:52:37.888 8 INFO placement.requestlog [None req-e06cb7a8-16ac-44f7-8b30-4f1f0456c9e1 850ee7530e2a496e8559360ad76ec3a0 33d647a757364be8978e1ce9489e0be3 - - 65108a448652424cbc37cd0284957b70 65108a448652424cbc37cd0284957b70] 10.0.0.112 "DELETE /resource_providers/96c68b3d-6384-4a5b-bd53-8b16e9c4179d" status: 404 len: 246 microversion: 1.1 [pid: 8|app: 0|req: 376/745] 10.0.0.112 () {34 vars in 816 bytes} [Fri May 29 05:52:37 2026] DELETE /resource_providers/96c68b3d-6384-4a5b-bd53-8b16e9c4179d => generated 246 bytes in 11 msecs (HTTP/1.1 404) 6 headers in 231 bytes (1 switches on core 0)
2026-05-29 05:52:37.910 7 INFO placement.requestlog [None req-4fa3b887-4a14-47ec-a62c-936d78a5c8de 850ee7530e2a496e8559360ad76ec3a0 33d647a757364be8978e1ce9489e0be3 - - 65108a448652424cbc37cd0284957b70 65108a448652424cbc37cd0284957b70] 10.0.0.112 "GET /resource_providers/96c68b3d-6384-4a5b-bd53-8b16e9c4179d/aggregates" status: 404 len: 235 microversion: 1.1 [pid: 7|app: 0|req: 370/746] 10.0.0.112 () {32 vars in 816 bytes} [Fri May 29 05:52:37 2026] GET /resource_providers/96c68b3d-6384-4a5b-bd53-8b16e9c4179d/aggregates => generated 235 bytes in 145 msecs (HTTP/1.1 404) 5 headers in 202 bytes (1 switches on core 0)
2026-05-29 05:52:37.932 8 INFO placement.requestlog [None req-a24bea1c-2255-4f7c-a1b8-c5159a38f454 850ee7530e2a496e8559360ad76ec3a0 33d647a757364be8978e1ce9489e0be3 - - 65108a448652424cbc37cd0284957b70 65108a448652424cbc37cd0284957b70] 10.0.0.112 "DELETE /resource_providers/96c68b3d-6384-4a5b-bd53-8b16e9c4179d" status: 404 len: 246 microversion: 1.1 [pid: 8|app: 0|req: 377/747] 10.0.0.112 () {34 vars in 816 bytes} [Fri May 29 05:52:37 2026] DELETE /resource_providers/96c68b3d-6384-4a5b-bd53-8b16e9c4179d => generated 246 bytes in 11 msecs (HTTP/1.1 404) 6 headers in 231 bytes (1 switches on core 0)
2026-05-29 05:52:39.965 7 INFO placement.requestlog [None req-53d4de2d-1af8-4aa3-ba11-ae839290c9b7 850ee7530e2a496e8559360ad76ec3a0 33d647a757364be8978e1ce9489e0be3 - - 65108a448652424cbc37cd0284957b70 65108a448652424cbc37cd0284957b70] 10.0.0.112 "GET /resource_providers/67d4eade-dc59-4e95-b33e-1ff810a6eaa8/aggregates" status: 404 len: 235 microversion: 1.1 [pid: 7|app: 0|req: 371/748] 10.0.0.112 () {32 vars in 816 bytes} [Fri May 29 05:52:39 2026] GET /resource_providers/67d4eade-dc59-4e95-b33e-1ff810a6eaa8/aggregates => generated 235 bytes in 11 msecs (HTTP/1.1 404) 5 headers in 202 bytes (1 switches on core 0)
2026-05-29 05:52:39.966 8 INFO placement.requestlog [None req-4eadd964-8cfa-485c-bce4-0ddb03481b30 850ee7530e2a496e8559360ad76ec3a0 33d647a757364be8978e1ce9489e0be3 - - 65108a448652424cbc37cd0284957b70 65108a448652424cbc37cd0284957b70] 10.0.0.112 "GET /resource_providers/67d4eade-dc59-4e95-b33e-1ff810a6eaa8/aggregates" status: 404 len: 235 microversion: 1.1 [pid: 8|app: 0|req: 378/749] 10.0.0.112 () {32 vars in 816 bytes} [Fri May 29 05:52:39 2026] GET /resource_providers/67d4eade-dc59-4e95-b33e-1ff810a6eaa8/aggregates => generated 235 bytes in 12 msecs (HTTP/1.1 404) 5 headers in 202 bytes (1 switches on core 0)
2026-05-29 05:52:39.998 8 INFO placement.requestlog [None req-38fcf03e-6d41-4b81-a5e1-a2a3f2f15783 850ee7530e2a496e8559360ad76ec3a0 33d647a757364be8978e1ce9489e0be3 - - 65108a448652424cbc37cd0284957b70 65108a448652424cbc37cd0284957b70] 10.0.0.112 "DELETE /resource_providers/67d4eade-dc59-4e95-b33e-1ff810a6eaa8" status: 404 len: 246 microversion: 1.1 [pid: 8|app: 0|req: 379/750] 10.0.0.112 () {34 vars in 816 bytes} [Fri May 29 05:52:39 2026] DELETE /resource_providers/67d4eade-dc59-4e95-b33e-1ff810a6eaa8 => generated 246 bytes in 13 msecs (HTTP/1.1 404) 6 headers in 231 bytes (1 switches on core 0)
2026-05-29 05:52:40.001 7 INFO placement.requestlog [None req-d04998cf-7c7f-4cf4-b6bd-fa7ae6d63675 850ee7530e2a496e8559360ad76ec3a0 33d647a757364be8978e1ce9489e0be3 - - 65108a448652424cbc37cd0284957b70 65108a448652424cbc37cd0284957b70] 10.0.0.112 "DELETE /resource_providers/67d4eade-dc59-4e95-b33e-1ff810a6eaa8" status: 404 len: 246 microversion: 1.1 [pid: 7|app: 0|req: 372/751] 10.0.0.112 () {34 vars in 816 bytes} [Fri May 29 05:52:39 2026] DELETE /resource_providers/67d4eade-dc59-4e95-b33e-1ff810a6eaa8 => generated 246 bytes in 19 msecs (HTTP/1.1 404) 6 headers in 231 bytes (1 switches on core 0)
2026-05-29 05:52:45.494 8 INFO placement.requestlog [None req-8f816b1a-566e-4303-866b-0f8fddda1aa5 - - - - - -] 10.0.0.62 "GET /" status: 200 len: 136 microversion: 1.0
2026-05-29 05:52:45.494 7 INFO placement.requestlog [None req-aa63cd4c-ad12-4553-a057-390c85af7eae - - - - - -] 10.0.0.62 "GET /" status: 200 len: 136 microversion: 1.0
2026-05-29 05:52:55.495 7 INFO placement.requestlog [None req-26668a23-73b7-406a-bfca-e3b3e06248a0 - - - - - -] 10.0.0.62 "GET /" status: 200 len: 136 microversion: 1.0
2026-05-29 05:52:55.496 8 INFO placement.requestlog [None req-6010982e-a19c-4eb3-8ebb-189942e124fd - - - - - -] 10.0.0.62 "GET /" status: 200 len: 136 microversion: 1.0
2026-05-29 05:52:56.014 8 INFO placement.requestlog [None req-41c8e2d3-cea4-45a3-a04f-99e1785f727c 850ee7530e2a496e8559360ad76ec3a0 33d647a757364be8978e1ce9489e0be3 - - 65108a448652424cbc37cd0284957b70 65108a448652424cbc37cd0284957b70] 10.0.0.112 "GET /resource_providers/715c1dc1-0bd7-4db8-83a6-b7711d7a808d/aggregates" status: 404 len: 235 microversion: 1.1 [pid: 8|app: 0|req: 382/756] 10.0.0.112 () {32 vars in 816 bytes} [Fri May 29 05:52:55 2026] GET /resource_providers/715c1dc1-0bd7-4db8-83a6-b7711d7a808d/aggregates => generated 235 bytes in 108 msecs (HTTP/1.1 404) 5 headers in 202 bytes (1 switches on core 0)
2026-05-29 05:52:56.020 7 INFO placement.requestlog [None req-ad93941b-7847-46ad-8d61-dc2d29e74f77 850ee7530e2a496e8559360ad76ec3a0 33d647a757364be8978e1ce9489e0be3 - - 65108a448652424cbc37cd0284957b70 65108a448652424cbc37cd0284957b70] 10.0.0.112 "GET /resource_providers/715c1dc1-0bd7-4db8-83a6-b7711d7a808d/aggregates" status: 404 len: 235 microversion: 1.1 [pid: 7|app: 0|req: 375/757] 10.0.0.112 () {32 vars in 816 bytes} [Fri May 29 05:52:55 2026] GET /resource_providers/715c1dc1-0bd7-4db8-83a6-b7711d7a808d/aggregates => generated 235 bytes in 115 msecs (HTTP/1.1 404) 5 headers in 202 bytes (1 switches on core 0)
2026-05-29 05:52:56.027 8 INFO placement.requestlog [None req-9fa02c87-0c9f-4781-bbea-b421a02c5b7b 850ee7530e2a496e8559360ad76ec3a0 33d647a757364be8978e1ce9489e0be3 - - 65108a448652424cbc37cd0284957b70 65108a448652424cbc37cd0284957b70] 10.0.0.112 "DELETE /resource_providers/715c1dc1-0bd7-4db8-83a6-b7711d7a808d" status: 404 len: 246 microversion: 1.1 [pid: 8|app: 0|req: 383/758] 10.0.0.112 () {34 vars in 816 bytes} [Fri May 29 05:52:56 2026] DELETE /resource_providers/715c1dc1-0bd7-4db8-83a6-b7711d7a808d => generated 246 bytes in 7 msecs (HTTP/1.1 404) 6 headers in 231 bytes (1 switches on core 0)
2026-05-29 05:52:56.034 7 INFO placement.requestlog [None req-0979392b-9510-4b6d-a2ba-a7174de2add6 850ee7530e2a496e8559360ad76ec3a0 33d647a757364be8978e1ce9489e0be3 - - 65108a448652424cbc37cd0284957b70 65108a448652424cbc37cd0284957b70] 10.0.0.112 "DELETE /resource_providers/715c1dc1-0bd7-4db8-83a6-b7711d7a808d" status: 404 len: 246 microversion: 1.1 [pid: 7|app: 0|req: 376/759] 10.0.0.112 () {34 vars in 816 bytes} [Fri May 29 05:52:56 2026] DELETE /resource_providers/715c1dc1-0bd7-4db8-83a6-b7711d7a808d => generated 246 bytes in 7 msecs (HTTP/1.1 404) 6 headers in 231 bytes (1 switches on core 0)
2026-05-29 05:53:05.495 8 INFO placement.requestlog [None req-febec06a-d5aa-4cfd-9803-8399d68f7b81 - - - - - -] 10.0.0.62 "GET /" status: 200 len: 136 microversion: 1.0
2026-05-29 05:53:05.495 7 INFO placement.requestlog [None req-bf4817e1-b848-46da-bb2b-5e73d43cfc24 - - - - - -] 10.0.0.62 "GET /" status: 200 len: 136 microversion: 1.0
2026-05-29 05:53:15.495 8 INFO placement.requestlog [None req-739a8fbb-77d8-40f4-b802-ccdc58f91ccb - - - - - -] 10.0.0.62 "GET /" status: 200 len: 136 microversion: 1.0
2026-05-29 05:53:15.495 7 INFO placement.requestlog [None req-8238e4ea-3110-414f-a2af-59128630bf90 - - - - - -] 10.0.0.62 "GET /" status: 200 len: 136 microversion: 1.0
2026-05-29 05:53:16.124 8 INFO placement.requestlog [None req-40279466-ed9b-4649-bb0b-ae854f31b017 850ee7530e2a496e8559360ad76ec3a0 33d647a757364be8978e1ce9489e0be3 - - 65108a448652424cbc37cd0284957b70 65108a448652424cbc37cd0284957b70] 10.0.0.112 "GET /resource_providers/67d3bbe7-f864-4dcf-a092-110c3f98ff4f/aggregates" status: 404 len: 235 microversion: 1.1 [pid: 8|app: 0|req: 386/764] 10.0.0.112 () {32 vars in 816 bytes} [Fri May 29 05:53:16 2026] GET /resource_providers/67d3bbe7-f864-4dcf-a092-110c3f98ff4f/aggregates => generated 235 bytes in 12 msecs (HTTP/1.1 404) 5 headers in 202 bytes (1 switches on core 0)
2026-05-29 05:53:16.127 7 INFO placement.requestlog [None req-77c80cf8-0ced-4633-922a-50210051e219 850ee7530e2a496e8559360ad76ec3a0 33d647a757364be8978e1ce9489e0be3 - - 65108a448652424cbc37cd0284957b70 65108a448652424cbc37cd0284957b70] 10.0.0.112 "GET /resource_providers/67d3bbe7-f864-4dcf-a092-110c3f98ff4f/aggregates" status: 404 len: 235 microversion: 1.1 [pid: 7|app: 0|req: 379/765] 10.0.0.112 () {32 vars in 816 bytes} [Fri May 29 05:53:16 2026] GET /resource_providers/67d3bbe7-f864-4dcf-a092-110c3f98ff4f/aggregates => generated 235 bytes in 10 msecs (HTTP/1.1 404) 5 headers in 202 bytes (1 switches on core 0)
