2026-05-19 09:13:31.487 7 INFO cinder.api.openstack.wsgi [None req-51d84738-59ef-469a-bdb4-9929b8d7eab6 bfefd1b5d39940feae4e440940d9703c 267f86e48f6f4b339186e7da85ae2c01 - - default default] http://cinder-api.openstack.svc.cluster.local:8776/v3/267f86e48f6f4b339186e7da85ae2c01/volumes/9796d364-5e57-41b1-9083-79ff046c3268 returned with HTTP 202 [pid: 7|app: 0|req: 416/840] 10.0.0.213 () {32 vars in 778 bytes} [Tue May 19 09:13:31 2026] DELETE /v3/267f86e48f6f4b339186e7da85ae2c01/volumes/9796d364-5e57-41b1-9083-79ff046c3268 => generated 0 bytes in 72 msecs (HTTP/1.1 202) 6 headers in 233 bytes (1 switches on core 0) /var/lib/openstack/lib/python3.12/site-packages/pycadf/identifier.py:70: UserWarning: Invalid uuid: cinderv3. To ensure interoperability, identifiers should be a valid uuid. warnings.warn(('Invalid uuid: %s. To ensure interoperability, '
2026-05-19 09:13:31.498 8 INFO cinder.api.openstack.wsgi [None req-2e527b6d-ac5e-4b0f-bc60-34e762a9f7b6 bfefd1b5d39940feae4e440940d9703c 267f86e48f6f4b339186e7da85ae2c01 - - default default] GET http://cinder-api.openstack.svc.cluster.local:8776/v3/267f86e48f6f4b339186e7da85ae2c01/volumes/9796d364-5e57-41b1-9083-79ff046c3268 /var/lib/openstack/lib/python3.12/site-packages/oslo_context/context.py:101: DeprecationWarning: Policy enforcement is depending on the value of is_admin. This key is deprecated. Please update your policy file to use the standard policy values. warnings.warn(
2026-05-19 09:13:31.564 8 INFO cinder.volume.api [None req-2e527b6d-ac5e-4b0f-bc60-34e762a9f7b6 bfefd1b5d39940feae4e440940d9703c 267f86e48f6f4b339186e7da85ae2c01 - - default default] Volume info retrieved successfully.
2026-05-19 09:13:31.575 8 INFO cinder.api.openstack.wsgi [None req-2e527b6d-ac5e-4b0f-bc60-34e762a9f7b6 bfefd1b5d39940feae4e440940d9703c 267f86e48f6f4b339186e7da85ae2c01 - - default default] http://cinder-api.openstack.svc.cluster.local:8776/v3/267f86e48f6f4b339186e7da85ae2c01/volumes/9796d364-5e57-41b1-9083-79ff046c3268 returned with HTTP 200 [pid: 8|app: 0|req: 425/841] 10.0.0.213 () {32 vars in 775 bytes} [Tue May 19 09:13:31 2026] GET /v3/267f86e48f6f4b339186e7da85ae2c01/volumes/9796d364-5e57-41b1-9083-79ff046c3268 => generated 967 bytes in 82 msecs (HTTP/1.1 200) 7 headers in 285 bytes (1 switches on core 0) /var/lib/openstack/lib/python3.12/site-packages/pycadf/identifier.py:70: UserWarning: Invalid uuid: cinderv3. To ensure interoperability, identifiers should be a valid uuid. warnings.warn(('Invalid uuid: %s. To ensure interoperability, '
2026-05-19 09:13:32.597 7 INFO cinder.api.openstack.wsgi [None req-40812202-eed7-48f3-a894-c2332e8042f8 bfefd1b5d39940feae4e440940d9703c 267f86e48f6f4b339186e7da85ae2c01 - - default default] GET http://cinder-api.openstack.svc.cluster.local:8776/v3/267f86e48f6f4b339186e7da85ae2c01/volumes/9796d364-5e57-41b1-9083-79ff046c3268
2026-05-19 09:13:32.609 7 INFO cinder.api.openstack.wsgi [None req-40812202-eed7-48f3-a894-c2332e8042f8 bfefd1b5d39940feae4e440940d9703c 267f86e48f6f4b339186e7da85ae2c01 - - default default] http://cinder-api.openstack.svc.cluster.local:8776/v3/267f86e48f6f4b339186e7da85ae2c01/volumes/9796d364-5e57-41b1-9083-79ff046c3268 returned with HTTP 404 [pid: 7|app: 0|req: 417/842] 10.0.0.213 () {32 vars in 775 bytes} [Tue May 19 09:13:32 2026] GET /v3/267f86e48f6f4b339186e7da85ae2c01/volumes/9796d364-5e57-41b1-9083-79ff046c3268 => generated 109 bytes in 18 msecs (HTTP/1.1 404) 7 headers in 292 bytes (1 switches on core 0) /var/lib/openstack/lib/python3.12/site-packages/pycadf/identifier.py:70: UserWarning: Invalid uuid: cinderv3. To ensure interoperability, identifiers should be a valid uuid. warnings.warn(('Invalid uuid: %s. To ensure interoperability, '
2026-05-19 09:13:35.646 8 INFO cinder.api.openstack.wsgi [None req-94d1543e-38aa-476d-8b46-845138a9f7d9 2fa3b74915b54c34845ae8408152f987 3a24915f318a4a2880bf91332cbbd043 - - default default] GET http://cinder-api.openstack.svc.cluster.local:8776/v3/3a24915f318a4a2880bf91332cbbd043/volumes/e3910fe9-dad5-44ec-877f-afb1ffe386fa /var/lib/openstack/lib/python3.12/site-packages/oslo_context/context.py:101: DeprecationWarning: Policy enforcement is depending on the value of is_admin. This key is deprecated. Please update your policy file to use the standard policy values. warnings.warn(
2026-05-19 09:13:35.663 8 INFO cinder.volume.api [None req-94d1543e-38aa-476d-8b46-845138a9f7d9 2fa3b74915b54c34845ae8408152f987 3a24915f318a4a2880bf91332cbbd043 - - default default] Volume info retrieved successfully.
2026-05-19 09:13:35.670 8 INFO cinder.api.openstack.wsgi [None req-94d1543e-38aa-476d-8b46-845138a9f7d9 2fa3b74915b54c34845ae8408152f987 3a24915f318a4a2880bf91332cbbd043 - - default default] http://cinder-api.openstack.svc.cluster.local:8776/v3/3a24915f318a4a2880bf91332cbbd043/volumes/e3910fe9-dad5-44ec-877f-afb1ffe386fa returned with HTTP 200 [pid: 8|app: 0|req: 426/843] 10.0.0.213 () {32 vars in 775 bytes} [Tue May 19 09:13:35 2026] GET /v3/3a24915f318a4a2880bf91332cbbd043/volumes/e3910fe9-dad5-44ec-877f-afb1ffe386fa => generated 973 bytes in 30 msecs (HTTP/1.1 200) 7 headers in 285 bytes (1 switches on core 0)
2026-05-19 09:13:35.689 7 INFO cinder.api.openstack.wsgi [None req-1f7bfba7-eecf-4f14-bf11-f0232117eaf7 2fa3b74915b54c34845ae8408152f987 3a24915f318a4a2880bf91332cbbd043 - - default default] DELETE http://cinder-api.openstack.svc.cluster.local:8776/v3/3a24915f318a4a2880bf91332cbbd043/volumes/e3910fe9-dad5-44ec-877f-afb1ffe386fa
2026-05-19 09:13:35.689 7 INFO cinder.api.v3.volumes [None req-1f7bfba7-eecf-4f14-bf11-f0232117eaf7 2fa3b74915b54c34845ae8408152f987 3a24915f318a4a2880bf91332cbbd043 - - default default] Delete volume with id: e3910fe9-dad5-44ec-877f-afb1ffe386fa /var/lib/openstack/lib/python3.12/site-packages/oslo_context/context.py:101: DeprecationWarning: Policy enforcement is depending on the value of is_admin. This key is deprecated. Please update your policy file to use the standard policy values. warnings.warn(
2026-05-19 09:13:35.701 7 INFO cinder.volume.api [None req-1f7bfba7-eecf-4f14-bf11-f0232117eaf7 2fa3b74915b54c34845ae8408152f987 3a24915f318a4a2880bf91332cbbd043 - - default default] Volume info retrieved successfully.
2026-05-19 09:13:35.720 7 INFO cinder.volume.api [None req-1f7bfba7-eecf-4f14-bf11-f0232117eaf7 2fa3b74915b54c34845ae8408152f987 3a24915f318a4a2880bf91332cbbd043 - - default default] Delete volume request issued successfully.
2026-05-19 09:13:35.720 7 INFO cinder.api.openstack.wsgi [None req-1f7bfba7-eecf-4f14-bf11-f0232117eaf7 2fa3b74915b54c34845ae8408152f987 3a24915f318a4a2880bf91332cbbd043 - - default default] http://cinder-api.openstack.svc.cluster.local:8776/v3/3a24915f318a4a2880bf91332cbbd043/volumes/e3910fe9-dad5-44ec-877f-afb1ffe386fa returned with HTTP 202 [pid: 7|app: 0|req: 418/844] 10.0.0.213 () {32 vars in 778 bytes} [Tue May 19 09:13:35 2026] DELETE /v3/3a24915f318a4a2880bf91332cbbd043/volumes/e3910fe9-dad5-44ec-877f-afb1ffe386fa => generated 0 bytes in 37 msecs (HTTP/1.1 202) 6 headers in 233 bytes (1 switches on core 0) /var/lib/openstack/lib/python3.12/site-packages/pycadf/identifier.py:70: UserWarning: Invalid uuid: cinderv3. To ensure interoperability, identifiers should be a valid uuid. warnings.warn(('Invalid uuid: %s. To ensure interoperability, '
2026-05-19 09:13:35.733 8 INFO cinder.api.openstack.wsgi [None req-7842877e-8d5b-4d07-a15d-c6616cd745af 2fa3b74915b54c34845ae8408152f987 3a24915f318a4a2880bf91332cbbd043 - - default default] GET http://cinder-api.openstack.svc.cluster.local:8776/v3/3a24915f318a4a2880bf91332cbbd043/volumes/e3910fe9-dad5-44ec-877f-afb1ffe386fa /var/lib/openstack/lib/python3.12/site-packages/oslo_context/context.py:101: DeprecationWarning: Policy enforcement is depending on the value of is_admin. This key is deprecated. Please update your policy file to use the standard policy values. warnings.warn(
2026-05-19 09:13:35.754 8 INFO cinder.volume.api [None req-7842877e-8d5b-4d07-a15d-c6616cd745af 2fa3b74915b54c34845ae8408152f987 3a24915f318a4a2880bf91332cbbd043 - - default default] Volume info retrieved successfully.
2026-05-19 09:13:35.762 8 INFO cinder.api.openstack.wsgi [None req-7842877e-8d5b-4d07-a15d-c6616cd745af 2fa3b74915b54c34845ae8408152f987 3a24915f318a4a2880bf91332cbbd043 - - default default] http://cinder-api.openstack.svc.cluster.local:8776/v3/3a24915f318a4a2880bf91332cbbd043/volumes/e3910fe9-dad5-44ec-877f-afb1ffe386fa returned with HTTP 200 [pid: 8|app: 0|req: 427/845] 10.0.0.213 () {32 vars in 775 bytes} [Tue May 19 09:13:35 2026] GET /v3/3a24915f318a4a2880bf91332cbbd043/volumes/e3910fe9-dad5-44ec-877f-afb1ffe386fa => generated 972 bytes in 37 msecs (HTTP/1.1 200) 7 headers in 285 bytes (1 switches on core 0) /var/lib/openstack/lib/python3.12/site-packages/pycadf/identifier.py:70: UserWarning: Invalid uuid: cinderv3. To ensure interoperability, identifiers should be a valid uuid. warnings.warn(('Invalid uuid: %s. To ensure interoperability, '
2026-05-19 09:13:36.779 7 INFO cinder.api.openstack.wsgi [None req-43de9a22-6762-48de-8319-9db563bac656 2fa3b74915b54c34845ae8408152f987 3a24915f318a4a2880bf91332cbbd043 - - default default] GET http://cinder-api.openstack.svc.cluster.local:8776/v3/3a24915f318a4a2880bf91332cbbd043/volumes/e3910fe9-dad5-44ec-877f-afb1ffe386fa
2026-05-19 09:13:36.786 7 INFO cinder.api.openstack.wsgi [None req-43de9a22-6762-48de-8319-9db563bac656 2fa3b74915b54c34845ae8408152f987 3a24915f318a4a2880bf91332cbbd043 - - default default] http://cinder-api.openstack.svc.cluster.local:8776/v3/3a24915f318a4a2880bf91332cbbd043/volumes/e3910fe9-dad5-44ec-877f-afb1ffe386fa returned with HTTP 404 [pid: 7|app: 0|req: 419/846] 10.0.0.213 () {32 vars in 775 bytes} [Tue May 19 09:13:36 2026] GET /v3/3a24915f318a4a2880bf91332cbbd043/volumes/e3910fe9-dad5-44ec-877f-afb1ffe386fa => generated 109 bytes in 12 msecs (HTTP/1.1 404) 7 headers in 292 bytes (1 switches on core 0)
2026-05-19 09:13:40.359 8 INFO cinder.api.openstack.wsgi [None req-7842877e-8d5b-4d07-a15d-c6616cd745af 2fa3b74915b54c34845ae8408152f987 3a24915f318a4a2880bf91332cbbd043 - - default default] GET http://10.0.0.121:8776/
2026-05-19 09:13:40.359 7 INFO cinder.api.openstack.wsgi [None req-43de9a22-6762-48de-8319-9db563bac656 2fa3b74915b54c34845ae8408152f987 3a24915f318a4a2880bf91332cbbd043 - - default default] GET http://10.0.0.121:8776/
2026-05-19 09:13:40.360 8 INFO cinder.api.openstack.wsgi [None req-7842877e-8d5b-4d07-a15d-c6616cd745af 2fa3b74915b54c34845ae8408152f987 3a24915f318a4a2880bf91332cbbd043 - - default default] http://10.0.0.121:8776/ returned with HTTP 300
2026-05-19 09:13:40.360 7 INFO cinder.api.openstack.wsgi [None req-43de9a22-6762-48de-8319-9db563bac656 2fa3b74915b54c34845ae8408152f987 3a24915f318a4a2880bf91332cbbd043 - - default default] http://10.0.0.121:8776/ returned with HTTP 300
2026-05-19 09:13:50.359 8 INFO cinder.api.openstack.wsgi [None req-7842877e-8d5b-4d07-a15d-c6616cd745af 2fa3b74915b54c34845ae8408152f987 3a24915f318a4a2880bf91332cbbd043 - - default default] GET http://10.0.0.121:8776/
2026-05-19 09:13:50.359 7 INFO cinder.api.openstack.wsgi [None req-43de9a22-6762-48de-8319-9db563bac656 2fa3b74915b54c34845ae8408152f987 3a24915f318a4a2880bf91332cbbd043 - - default default] GET http://10.0.0.121:8776/
2026-05-19 09:13:50.360 8 INFO cinder.api.openstack.wsgi [None req-7842877e-8d5b-4d07-a15d-c6616cd745af 2fa3b74915b54c34845ae8408152f987 3a24915f318a4a2880bf91332cbbd043 - - default default] http://10.0.0.121:8776/ returned with HTTP 300
2026-05-19 09:13:50.360 7 INFO cinder.api.openstack.wsgi [None req-43de9a22-6762-48de-8319-9db563bac656 2fa3b74915b54c34845ae8408152f987 3a24915f318a4a2880bf91332cbbd043 - - default default] http://10.0.0.121:8776/ returned with HTTP 300
2026-05-19 09:14:00.359 7 INFO cinder.api.openstack.wsgi [None req-43de9a22-6762-48de-8319-9db563bac656 2fa3b74915b54c34845ae8408152f987 3a24915f318a4a2880bf91332cbbd043 - - default default] GET http://10.0.0.121:8776/
2026-05-19 09:14:00.360 8 INFO cinder.api.openstack.wsgi [None req-7842877e-8d5b-4d07-a15d-c6616cd745af 2fa3b74915b54c34845ae8408152f987 3a24915f318a4a2880bf91332cbbd043 - - default default] GET http://10.0.0.121:8776/
2026-05-19 09:14:00.360 7 INFO cinder.api.openstack.wsgi [None req-43de9a22-6762-48de-8319-9db563bac656 2fa3b74915b54c34845ae8408152f987 3a24915f318a4a2880bf91332cbbd043 - - default default] http://10.0.0.121:8776/ returned with HTTP 300
2026-05-19 09:14:00.361 8 INFO cinder.api.openstack.wsgi [None req-7842877e-8d5b-4d07-a15d-c6616cd745af 2fa3b74915b54c34845ae8408152f987 3a24915f318a4a2880bf91332cbbd043 - - default default] http://10.0.0.121:8776/ returned with HTTP 300
2026-05-19 09:14:10.359 8 INFO cinder.api.openstack.wsgi [None req-7842877e-8d5b-4d07-a15d-c6616cd745af 2fa3b74915b54c34845ae8408152f987 3a24915f318a4a2880bf91332cbbd043 - - default default] GET http://10.0.0.121:8776/
2026-05-19 09:14:10.359 7 INFO cinder.api.openstack.wsgi [None req-43de9a22-6762-48de-8319-9db563bac656 2fa3b74915b54c34845ae8408152f987 3a24915f318a4a2880bf91332cbbd043 - - default default] GET http://10.0.0.121:8776/
2026-05-19 09:14:10.360 8 INFO cinder.api.openstack.wsgi [None req-7842877e-8d5b-4d07-a15d-c6616cd745af 2fa3b74915b54c34845ae8408152f987 3a24915f318a4a2880bf91332cbbd043 - - default default] http://10.0.0.121:8776/ returned with HTTP 300
2026-05-19 09:14:10.360 7 INFO cinder.api.openstack.wsgi [None req-43de9a22-6762-48de-8319-9db563bac656 2fa3b74915b54c34845ae8408152f987 3a24915f318a4a2880bf91332cbbd043 - - default default] http://10.0.0.121:8776/ returned with HTTP 300
2026-05-19 09:14:20.359 8 INFO cinder.api.openstack.wsgi [None req-7842877e-8d5b-4d07-a15d-c6616cd745af 2fa3b74915b54c34845ae8408152f987 3a24915f318a4a2880bf91332cbbd043 - - default default] GET http://10.0.0.121:8776/
2026-05-19 09:14:20.359 7 INFO cinder.api.openstack.wsgi [None req-43de9a22-6762-48de-8319-9db563bac656 2fa3b74915b54c34845ae8408152f987 3a24915f318a4a2880bf91332cbbd043 - - default default] GET http://10.0.0.121:8776/
2026-05-19 09:14:20.360 8 INFO cinder.api.openstack.wsgi [None req-7842877e-8d5b-4d07-a15d-c6616cd745af 2fa3b74915b54c34845ae8408152f987 3a24915f318a4a2880bf91332cbbd043 - - default default] http://10.0.0.121:8776/ returned with HTTP 300
2026-05-19 09:14:20.360 7 INFO cinder.api.openstack.wsgi [None req-43de9a22-6762-48de-8319-9db563bac656 2fa3b74915b54c34845ae8408152f987 3a24915f318a4a2880bf91332cbbd043 - - default default] http://10.0.0.121:8776/ returned with HTTP 300 /var/lib/openstack/lib/python3.12/site-packages/pycadf/identifier.py:70: UserWarning: Invalid uuid: cinderv3. To ensure interoperability, identifiers should be a valid uuid. warnings.warn(('Invalid uuid: %s. To ensure interoperability, '
2026-05-19 09:14:22.872 8 INFO cinder.api.openstack.wsgi [None req-2e2079bd-71c8-4d4e-89b3-86c2d8092b77 10dbde43972342c5b4c1689dfdf09b68 c374f1fa22794dd0b71635a137a3fb52 - - default default] GET http://cinder-api.openstack.svc.cluster.local:8776/v3/c374f1fa22794dd0b71635a137a3fb52/os-services
2026-05-19 09:14:22.877 8 INFO cinder.api.openstack.wsgi [None req-2e2079bd-71c8-4d4e-89b3-86c2d8092b77 10dbde43972342c5b4c1689dfdf09b68 c374f1fa22794dd0b71635a137a3fb52 - - default default] http://cinder-api.openstack.svc.cluster.local:8776/v3/c374f1fa22794dd0b71635a137a3fb52/os-services returned with HTTP 200 [pid: 8|app: 0|req: 433/857] 10.0.0.166 () {28 vars in 645 bytes} [Tue May 19 09:14:22 2026] GET /v3/c374f1fa22794dd0b71635a137a3fb52/os-services => generated 646 bytes in 106 msecs (HTTP/1.1 200) 7 headers in 285 bytes (1 switches on core 0)
2026-05-19 09:14:22.888 7 INFO cinder.api.openstack.wsgi [None req-cfdcb30e-49c9-440b-aacf-6a763929e82c 10dbde43972342c5b4c1689dfdf09b68 c374f1fa22794dd0b71635a137a3fb52 - - default default] GET http://cinder-api.openstack.svc.cluster.local:8776/v3/c374f1fa22794dd0b71635a137a3fb52/volumes/detail?all_tenants=true
2026-05-19 09:14:22.902 7 INFO cinder.volume.api [None req-cfdcb30e-49c9-440b-aacf-6a763929e82c 10dbde43972342c5b4c1689dfdf09b68 c374f1fa22794dd0b71635a137a3fb52 - - default default] Get all volumes completed successfully.
2026-05-19 09:14:22.904 7 INFO cinder.api.openstack.wsgi [None req-cfdcb30e-49c9-440b-aacf-6a763929e82c 10dbde43972342c5b4c1689dfdf09b68 c374f1fa22794dd0b71635a137a3fb52 - - default default] http://cinder-api.openstack.svc.cluster.local:8776/v3/c374f1fa22794dd0b71635a137a3fb52/volumes/detail?all_tenants=true returned with HTTP 200 [pid: 7|app: 0|req: 425/858] 10.0.0.166 () {28 vars in 684 bytes} [Tue May 19 09:14:22 2026] GET /v3/c374f1fa22794dd0b71635a137a3fb52/volumes/detail?all_tenants=true => generated 15 bytes in 23 msecs (HTTP/1.1 200) 7 headers in 284 bytes (1 switches on core 0)
2026-05-19 09:14:22.919 8 INFO cinder.api.openstack.wsgi [None req-e58a891a-97b7-4758-862c-b214577e41bc 10dbde43972342c5b4c1689dfdf09b68 c374f1fa22794dd0b71635a137a3fb52 - - default default] GET http://cinder-api.openstack.svc.cluster.local:8776/v3/c374f1fa22794dd0b71635a137a3fb52/scheduler-stats/get_pools?detail=true
2026-05-19 09:14:23.428 8 INFO cinder.api.openstack.wsgi [None req-e58a891a-97b7-4758-862c-b214577e41bc 10dbde43972342c5b4c1689dfdf09b68 c374f1fa22794dd0b71635a137a3fb52 - - default default] http://cinder-api.openstack.svc.cluster.local:8776/v3/c374f1fa22794dd0b71635a137a3fb52/scheduler-stats/get_pools?detail=true returned with HTTP 200 [pid: 8|app: 0|req: 434/859] 10.0.0.166 () {28 vars in 696 bytes} [Tue May 19 09:14:22 2026] GET /v3/c374f1fa22794dd0b71635a137a3fb52/scheduler-stats/get_pools?detail=true => generated 670 bytes in 518 msecs (HTTP/1.1 200) 7 headers in 285 bytes (1 switches on core 0)
2026-05-19 09:14:23.440 7 INFO cinder.api.openstack.wsgi [None req-28b025ad-a13b-4c6c-a523-caec9a5f92e7 10dbde43972342c5b4c1689dfdf09b68 c374f1fa22794dd0b71635a137a3fb52 - - default default] GET http://cinder-api.openstack.svc.cluster.local:8776/v3/c374f1fa22794dd0b71635a137a3fb52/volumes/detail?all_tenants=true
2026-05-19 09:14:23.448 7 INFO cinder.volume.api [None req-28b025ad-a13b-4c6c-a523-caec9a5f92e7 10dbde43972342c5b4c1689dfdf09b68 c374f1fa22794dd0b71635a137a3fb52 - - default default] Get all volumes completed successfully.
2026-05-19 09:14:23.450 7 INFO cinder.api.openstack.wsgi [None req-28b025ad-a13b-4c6c-a523-caec9a5f92e7 10dbde43972342c5b4c1689dfdf09b68 c374f1fa22794dd0b71635a137a3fb52 - - default default] http://cinder-api.openstack.svc.cluster.local:8776/v3/c374f1fa22794dd0b71635a137a3fb52/volumes/detail?all_tenants=true returned with HTTP 200 [pid: 7|app: 0|req: 426/860] 10.0.0.166 () {28 vars in 684 bytes} [Tue May 19 09:14:23 2026] GET /v3/c374f1fa22794dd0b71635a137a3fb52/volumes/detail?all_tenants=true => generated 15 bytes in 16 msecs (HTTP/1.1 200) 7 headers in 284 bytes (1 switches on core 0)
2026-05-19 09:14:23.464 8 INFO cinder.api.openstack.wsgi [None req-65d4bebc-92dd-426c-9411-22a7afc282c3 10dbde43972342c5b4c1689dfdf09b68 c374f1fa22794dd0b71635a137a3fb52 - - default default] GET http://cinder-api.openstack.svc.cluster.local:8776/v3/c374f1fa22794dd0b71635a137a3fb52/snapshots?all_tenants=true
2026-05-19 09:14:23.471 8 INFO cinder.volume.api [None req-65d4bebc-92dd-426c-9411-22a7afc282c3 10dbde43972342c5b4c1689dfdf09b68 c374f1fa22794dd0b71635a137a3fb52 - - default default] Get all snapshots completed successfully.
2026-05-19 09:14:23.471 8 INFO cinder.api.openstack.wsgi [None req-65d4bebc-92dd-426c-9411-22a7afc282c3 10dbde43972342c5b4c1689dfdf09b68 c374f1fa22794dd0b71635a137a3fb52 - - default default] http://cinder-api.openstack.svc.cluster.local:8776/v3/c374f1fa22794dd0b71635a137a3fb52/snapshots?all_tenants=true returned with HTTP 200 [pid: 8|app: 0|req: 435/861] 10.0.0.166 () {28 vars in 674 bytes} [Tue May 19 09:14:23 2026] GET /v3/c374f1fa22794dd0b71635a137a3fb52/snapshots?all_tenants=true => generated 17 bytes in 17 msecs (HTTP/1.1 200) 7 headers in 284 bytes (1 switches on core 0)
2026-05-19 09:14:23.514 7 INFO cinder.api.openstack.wsgi [None req-8c1038c8-e2db-4387-ab2f-4b7c5aac3642 10dbde43972342c5b4c1689dfdf09b68 c374f1fa22794dd0b71635a137a3fb52 - - default default] GET http://cinder-api.openstack.svc.cluster.local:8776/v3/c374f1fa22794dd0b71635a137a3fb52/os-quota-sets/0db05e8a0b6f460790595a7f8122522f?usage=true
2026-05-19 09:14:23.542 7 INFO cinder.api.openstack.wsgi [None req-8c1038c8-e2db-4387-ab2f-4b7c5aac3642 10dbde43972342c5b4c1689dfdf09b68 c374f1fa22794dd0b71635a137a3fb52 - - default default] http://cinder-api.openstack.svc.cluster.local:8776/v3/c374f1fa22794dd0b71635a137a3fb52/os-quota-sets/0db05e8a0b6f460790595a7f8122522f?usage=true returned with HTTP 200 [pid: 7|app: 0|req: 427/862] 10.0.0.166 () {28 vars in 736 bytes} [Tue May 19 09:14:23 2026] GET /v3/c374f1fa22794dd0b71635a137a3fb52/os-quota-sets/0db05e8a0b6f460790595a7f8122522f?usage=true => generated 847 bytes in 34 msecs (HTTP/1.1 200) 7 headers in 285 bytes (1 switches on core 0)
2026-05-19 09:14:23.555 8 INFO cinder.api.openstack.wsgi [None req-fce58ea4-d7c6-4f30-b554-5acff2f0ce68 10dbde43972342c5b4c1689dfdf09b68 c374f1fa22794dd0b71635a137a3fb52 - - default default] GET http://cinder-api.openstack.svc.cluster.local:8776/v3/c374f1fa22794dd0b71635a137a3fb52/os-quota-sets/0f4fed3be6124c6c9c86c002c5d2686b?usage=true
2026-05-19 09:14:23.578 8 INFO cinder.api.openstack.wsgi [None req-fce58ea4-d7c6-4f30-b554-5acff2f0ce68 10dbde43972342c5b4c1689dfdf09b68 c374f1fa22794dd0b71635a137a3fb52 - - default default] http://cinder-api.openstack.svc.cluster.local:8776/v3/c374f1fa22794dd0b71635a137a3fb52/os-quota-sets/0f4fed3be6124c6c9c86c002c5d2686b?usage=true returned with HTTP 200 [pid: 8|app: 0|req: 436/863] 10.0.0.166 () {28 vars in 736 bytes} [Tue May 19 09:14:23 2026] GET /v3/c374f1fa22794dd0b71635a137a3fb52/os-quota-sets/0f4fed3be6124c6c9c86c002c5d2686b?usage=true => generated 847 bytes in 31 msecs (HTTP/1.1 200) 7 headers in 285 bytes (1 switches on core 0)
2026-05-19 09:14:23.589 7 INFO cinder.api.openstack.wsgi [None req-b5050dc2-938c-4760-8512-20a1285a8e98 10dbde43972342c5b4c1689dfdf09b68 c374f1fa22794dd0b71635a137a3fb52 - - default default] GET http://cinder-api.openstack.svc.cluster.local:8776/v3/c374f1fa22794dd0b71635a137a3fb52/os-quota-sets/46ff5bca2f364f9aabc4d55b05547dfc?usage=true
2026-05-19 09:14:23.608 7 INFO cinder.api.openstack.wsgi [None req-b5050dc2-938c-4760-8512-20a1285a8e98 10dbde43972342c5b4c1689dfdf09b68 c374f1fa22794dd0b71635a137a3fb52 - - default default] http://cinder-api.openstack.svc.cluster.local:8776/v3/c374f1fa22794dd0b71635a137a3fb52/os-quota-sets/46ff5bca2f364f9aabc4d55b05547dfc?usage=true returned with HTTP 200 [pid: 7|app: 0|req: 428/864] 10.0.0.166 () {28 vars in 736 bytes} [Tue May 19 09:14:23 2026] GET /v3/c374f1fa22794dd0b71635a137a3fb52/os-quota-sets/46ff5bca2f364f9aabc4d55b05547dfc?usage=true => generated 847 bytes in 24 msecs (HTTP/1.1 200) 7 headers in 285 bytes (1 switches on core 0)
2026-05-19 09:14:23.619 8 INFO cinder.api.openstack.wsgi [None req-41c9a09b-cfff-403b-bead-4cb6e4739854 10dbde43972342c5b4c1689dfdf09b68 c374f1fa22794dd0b71635a137a3fb52 - - default default] GET http://cinder-api.openstack.svc.cluster.local:8776/v3/c374f1fa22794dd0b71635a137a3fb52/os-quota-sets/4d52cc3d995b4e86ac2933dde43a28b3?usage=true
2026-05-19 09:14:23.641 8 INFO cinder.api.openstack.wsgi [None req-41c9a09b-cfff-403b-bead-4cb6e4739854 10dbde43972342c5b4c1689dfdf09b68 c374f1fa22794dd0b71635a137a3fb52 - - default default] http://cinder-api.openstack.svc.cluster.local:8776/v3/c374f1fa22794dd0b71635a137a3fb52/os-quota-sets/4d52cc3d995b4e86ac2933dde43a28b3?usage=true returned with HTTP 200 [pid: 8|app: 0|req: 437/865] 10.0.0.166 () {28 vars in 736 bytes} [Tue May 19 09:14:23 2026] GET /v3/c374f1fa22794dd0b71635a137a3fb52/os-quota-sets/4d52cc3d995b4e86ac2933dde43a28b3?usage=true => generated 845 bytes in 28 msecs (HTTP/1.1 200) 7 headers in 285 bytes (1 switches on core 0)
2026-05-19 09:14:23.650 7 INFO cinder.api.openstack.wsgi [None req-af14e374-714a-4daf-9349-fe648f7331e7 10dbde43972342c5b4c1689dfdf09b68 c374f1fa22794dd0b71635a137a3fb52 - - default default] GET http://cinder-api.openstack.svc.cluster.local:8776/v3/c374f1fa22794dd0b71635a137a3fb52/os-quota-sets/7222b2a5f17448acac9b69cbe08f2f3e?usage=true
2026-05-19 09:14:23.667 7 INFO cinder.api.openstack.wsgi [None req-af14e374-714a-4daf-9349-fe648f7331e7 10dbde43972342c5b4c1689dfdf09b68 c374f1fa22794dd0b71635a137a3fb52 - - default default] http://cinder-api.openstack.svc.cluster.local:8776/v3/c374f1fa22794dd0b71635a137a3fb52/os-quota-sets/7222b2a5f17448acac9b69cbe08f2f3e?usage=true returned with HTTP 200 [pid: 7|app: 0|req: 429/866] 10.0.0.166 () {28 vars in 736 bytes} [Tue May 19 09:14:23 2026] GET /v3/c374f1fa22794dd0b71635a137a3fb52/os-quota-sets/7222b2a5f17448acac9b69cbe08f2f3e?usage=true => generated 847 bytes in 22 msecs (HTTP/1.1 200) 7 headers in 285 bytes (1 switches on core 0)
2026-05-19 09:14:23.678 8 INFO cinder.api.openstack.wsgi [None req-a8775f61-0735-4fbd-b86f-afd353b0d090 10dbde43972342c5b4c1689dfdf09b68 c374f1fa22794dd0b71635a137a3fb52 - - default default] GET http://cinder-api.openstack.svc.cluster.local:8776/v3/c374f1fa22794dd0b71635a137a3fb52/os-quota-sets/7a294bba0d264b849037750806f49952?usage=true
2026-05-19 09:14:23.701 8 INFO cinder.api.openstack.wsgi [None req-a8775f61-0735-4fbd-b86f-afd353b0d090 10dbde43972342c5b4c1689dfdf09b68 c374f1fa22794dd0b71635a137a3fb52 - - default default] http://cinder-api.openstack.svc.cluster.local:8776/v3/c374f1fa22794dd0b71635a137a3fb52/os-quota-sets/7a294bba0d264b849037750806f49952?usage=true returned with HTTP 200 [pid: 8|app: 0|req: 438/867] 10.0.0.166 () {28 vars in 736 bytes} [Tue May 19 09:14:23 2026] GET /v3/c374f1fa22794dd0b71635a137a3fb52/os-quota-sets/7a294bba0d264b849037750806f49952?usage=true => generated 847 bytes in 32 msecs (HTTP/1.1 200) 7 headers in 285 bytes (1 switches on core 0)
2026-05-19 09:14:23.712 7 INFO cinder.api.openstack.wsgi [None req-d2be5c50-0539-46a3-9074-a479347406ed 10dbde43972342c5b4c1689dfdf09b68 c374f1fa22794dd0b71635a137a3fb52 - - default default] GET http://cinder-api.openstack.svc.cluster.local:8776/v3/c374f1fa22794dd0b71635a137a3fb52/os-quota-sets/7e6a602cbab24f509dfa71b5929bcdfc?usage=true
2026-05-19 09:14:23.735 7 INFO cinder.api.openstack.wsgi [None req-d2be5c50-0539-46a3-9074-a479347406ed 10dbde43972342c5b4c1689dfdf09b68 c374f1fa22794dd0b71635a137a3fb52 - - default default] http://cinder-api.openstack.svc.cluster.local:8776/v3/c374f1fa22794dd0b71635a137a3fb52/os-quota-sets/7e6a602cbab24f509dfa71b5929bcdfc?usage=true returned with HTTP 200 [pid: 7|app: 0|req: 430/868] 10.0.0.166 () {28 vars in 736 bytes} [Tue May 19 09:14:23 2026] GET /v3/c374f1fa22794dd0b71635a137a3fb52/os-quota-sets/7e6a602cbab24f509dfa71b5929bcdfc?usage=true => generated 847 bytes in 31 msecs (HTTP/1.1 200) 7 headers in 285 bytes (1 switches on core 0)
2026-05-19 09:14:23.744 8 INFO cinder.api.openstack.wsgi [None req-ddab471b-5cb7-486d-ac93-70c132406dca 10dbde43972342c5b4c1689dfdf09b68 c374f1fa22794dd0b71635a137a3fb52 - - default default] GET http://cinder-api.openstack.svc.cluster.local:8776/v3/c374f1fa22794dd0b71635a137a3fb52/os-quota-sets/a44b61cddfa7495392d7b22120d9b16b?usage=true
2026-05-19 09:14:23.761 8 INFO cinder.api.openstack.wsgi [None req-ddab471b-5cb7-486d-ac93-70c132406dca 10dbde43972342c5b4c1689dfdf09b68 c374f1fa22794dd0b71635a137a3fb52 - - default default] http://cinder-api.openstack.svc.cluster.local:8776/v3/c374f1fa22794dd0b71635a137a3fb52/os-quota-sets/a44b61cddfa7495392d7b22120d9b16b?usage=true returned with HTTP 200 [pid: 8|app: 0|req: 439/869] 10.0.0.166 () {28 vars in 736 bytes} [Tue May 19 09:14:23 2026] GET /v3/c374f1fa22794dd0b71635a137a3fb52/os-quota-sets/a44b61cddfa7495392d7b22120d9b16b?usage=true => generated 847 bytes in 24 msecs (HTTP/1.1 200) 7 headers in 285 bytes (1 switches on core 0)
2026-05-19 09:14:23.768 7 INFO cinder.api.openstack.wsgi [None req-0917fc57-4452-4526-83fb-bccbdd98508e 10dbde43972342c5b4c1689dfdf09b68 c374f1fa22794dd0b71635a137a3fb52 - - default default] GET http://cinder-api.openstack.svc.cluster.local:8776/v3/c374f1fa22794dd0b71635a137a3fb52/os-quota-sets/a68c6c70b92d4d71b21b6844d1e8fca0?usage=true
2026-05-19 09:14:23.787 7 INFO cinder.api.openstack.wsgi [None req-0917fc57-4452-4526-83fb-bccbdd98508e 10dbde43972342c5b4c1689dfdf09b68 c374f1fa22794dd0b71635a137a3fb52 - - default default] http://cinder-api.openstack.svc.cluster.local:8776/v3/c374f1fa22794dd0b71635a137a3fb52/os-quota-sets/a68c6c70b92d4d71b21b6844d1e8fca0?usage=true returned with HTTP 200 [pid: 7|app: 0|req: 431/870] 10.0.0.166 () {28 vars in 736 bytes} [Tue May 19 09:14:23 2026] GET /v3/c374f1fa22794dd0b71635a137a3fb52/os-quota-sets/a68c6c70b92d4d71b21b6844d1e8fca0?usage=true => generated 847 bytes in 23 msecs (HTTP/1.1 200) 7 headers in 285 bytes (1 switches on core 0)
2026-05-19 09:14:23.793 8 INFO cinder.api.openstack.wsgi [None req-b22536ed-7e6a-4a8d-bd3a-0d9ffda85034 10dbde43972342c5b4c1689dfdf09b68 c374f1fa22794dd0b71635a137a3fb52 - - default default] GET http://cinder-api.openstack.svc.cluster.local:8776/v3/c374f1fa22794dd0b71635a137a3fb52/os-quota-sets/c0ec27630dbc4eefbeaa9e4a132dffdd?usage=true
2026-05-19 09:14:23.808 8 INFO cinder.api.openstack.wsgi [None req-b22536ed-7e6a-4a8d-bd3a-0d9ffda85034 10dbde43972342c5b4c1689dfdf09b68 c374f1fa22794dd0b71635a137a3fb52 - - default default] http://cinder-api.openstack.svc.cluster.local:8776/v3/c374f1fa22794dd0b71635a137a3fb52/os-quota-sets/c0ec27630dbc4eefbeaa9e4a132dffdd?usage=true returned with HTTP 200 [pid: 8|app: 0|req: 440/871] 10.0.0.166 () {28 vars in 736 bytes} [Tue May 19 09:14:23 2026] GET /v3/c374f1fa22794dd0b71635a137a3fb52/os-quota-sets/c0ec27630dbc4eefbeaa9e4a132dffdd?usage=true => generated 847 bytes in 19 msecs (HTTP/1.1 200) 7 headers in 285 bytes (1 switches on core 0)
2026-05-19 09:14:23.815 7 INFO cinder.api.openstack.wsgi [None req-6ec71a5d-62a9-496e-a8f3-f0064d84331f 10dbde43972342c5b4c1689dfdf09b68 c374f1fa22794dd0b71635a137a3fb52 - - default default] GET http://cinder-api.openstack.svc.cluster.local:8776/v3/c374f1fa22794dd0b71635a137a3fb52/os-quota-sets/c219e698c0c647a2b6ba1f9eecb08e86?usage=true
2026-05-19 09:14:23.831 7 INFO cinder.api.openstack.wsgi [None req-6ec71a5d-62a9-496e-a8f3-f0064d84331f 10dbde43972342c5b4c1689dfdf09b68 c374f1fa22794dd0b71635a137a3fb52 - - default default] http://cinder-api.openstack.svc.cluster.local:8776/v3/c374f1fa22794dd0b71635a137a3fb52/os-quota-sets/c219e698c0c647a2b6ba1f9eecb08e86?usage=true returned with HTTP 200 [pid: 7|app: 0|req: 432/872] 10.0.0.166 () {28 vars in 736 bytes} [Tue May 19 09:14:23 2026] GET /v3/c374f1fa22794dd0b71635a137a3fb52/os-quota-sets/c219e698c0c647a2b6ba1f9eecb08e86?usage=true => generated 847 bytes in 21 msecs (HTTP/1.1 200) 7 headers in 285 bytes (1 switches on core 0)
2026-05-19 09:14:23.842 8 INFO cinder.api.openstack.wsgi [None req-9a0e2e12-f0a5-44d9-aba4-9c8420a01d4b 10dbde43972342c5b4c1689dfdf09b68 c374f1fa22794dd0b71635a137a3fb52 - - default default] GET http://cinder-api.openstack.svc.cluster.local:8776/v3/c374f1fa22794dd0b71635a137a3fb52/os-quota-sets/c2ad04ecf4dd40e48b6757b4bba619f2?usage=true
2026-05-19 09:14:23.862 8 INFO cinder.api.openstack.wsgi [None req-9a0e2e12-f0a5-44d9-aba4-9c8420a01d4b 10dbde43972342c5b4c1689dfdf09b68 c374f1fa22794dd0b71635a137a3fb52 - - default default] http://cinder-api.openstack.svc.cluster.local:8776/v3/c374f1fa22794dd0b71635a137a3fb52/os-quota-sets/c2ad04ecf4dd40e48b6757b4bba619f2?usage=true returned with HTTP 200 [pid: 8|app: 0|req: 441/873] 10.0.0.166 () {28 vars in 736 bytes} [Tue May 19 09:14:23 2026] GET /v3/c374f1fa22794dd0b71635a137a3fb52/os-quota-sets/c2ad04ecf4dd40e48b6757b4bba619f2?usage=true => generated 847 bytes in 28 msecs (HTTP/1.1 200) 7 headers in 285 bytes (1 switches on core 0)
2026-05-19 09:14:23.875 7 INFO cinder.api.openstack.wsgi [None req-7ac74dd3-db82-4ff4-af0d-f7b5f2c02a60 10dbde43972342c5b4c1689dfdf09b68 c374f1fa22794dd0b71635a137a3fb52 - - default default] GET http://cinder-api.openstack.svc.cluster.local:8776/v3/c374f1fa22794dd0b71635a137a3fb52/os-quota-sets/c374f1fa22794dd0b71635a137a3fb52?usage=true
2026-05-19 09:14:23.892 7 INFO cinder.api.openstack.wsgi [None req-7ac74dd3-db82-4ff4-af0d-f7b5f2c02a60 10dbde43972342c5b4c1689dfdf09b68 c374f1fa22794dd0b71635a137a3fb52 - - default default] http://cinder-api.openstack.svc.cluster.local:8776/v3/c374f1fa22794dd0b71635a137a3fb52/os-quota-sets/c374f1fa22794dd0b71635a137a3fb52?usage=true returned with HTTP 200 [pid: 7|app: 0|req: 433/874] 10.0.0.166 () {28 vars in 736 bytes} [Tue May 19 09:14:23 2026] GET /v3/c374f1fa22794dd0b71635a137a3fb52/os-quota-sets/c374f1fa22794dd0b71635a137a3fb52?usage=true => generated 845 bytes in 25 msecs (HTTP/1.1 200) 7 headers in 285 bytes (1 switches on core 0)
2026-05-19 09:14:23.903 8 INFO cinder.api.openstack.wsgi [None req-2cffbaf0-f21c-4f8a-b100-faa7ee5ac2bd 10dbde43972342c5b4c1689dfdf09b68 c374f1fa22794dd0b71635a137a3fb52 - - default default] GET http://cinder-api.openstack.svc.cluster.local:8776/v3/c374f1fa22794dd0b71635a137a3fb52/os-quota-sets/c870f44726a64b0aa7dce1f27f6930d9?usage=true
2026-05-19 09:14:23.920 8 INFO cinder.api.openstack.wsgi [None req-2cffbaf0-f21c-4f8a-b100-faa7ee5ac2bd 10dbde43972342c5b4c1689dfdf09b68 c374f1fa22794dd0b71635a137a3fb52 - - default default] http://cinder-api.openstack.svc.cluster.local:8776/v3/c374f1fa22794dd0b71635a137a3fb52/os-quota-sets/c870f44726a64b0aa7dce1f27f6930d9?usage=true returned with HTTP 200 [pid: 8|app: 0|req: 442/875] 10.0.0.166 () {28 vars in 736 bytes} [Tue May 19 09:14:23 2026] GET /v3/c374f1fa22794dd0b71635a137a3fb52/os-quota-sets/c870f44726a64b0aa7dce1f27f6930d9?usage=true => generated 847 bytes in 24 msecs (HTTP/1.1 200) 7 headers in 285 bytes (1 switches on core 0)
2026-05-19 09:14:23.932 7 INFO cinder.api.openstack.wsgi [None req-48607654-0351-4137-8fc6-c60872fb7891 10dbde43972342c5b4c1689dfdf09b68 c374f1fa22794dd0b71635a137a3fb52 - - default default] GET http://cinder-api.openstack.svc.cluster.local:8776/v3/c374f1fa22794dd0b71635a137a3fb52/os-quota-sets/ce6489050f454e61888b91821e884760?usage=true
2026-05-19 09:14:23.947 7 INFO cinder.api.openstack.wsgi [None req-48607654-0351-4137-8fc6-c60872fb7891 10dbde43972342c5b4c1689dfdf09b68 c374f1fa22794dd0b71635a137a3fb52 - - default default] http://cinder-api.openstack.svc.cluster.local:8776/v3/c374f1fa22794dd0b71635a137a3fb52/os-quota-sets/ce6489050f454e61888b91821e884760?usage=true returned with HTTP 200 [pid: 7|app: 0|req: 434/876] 10.0.0.166 () {28 vars in 736 bytes} [Tue May 19 09:14:23 2026] GET /v3/c374f1fa22794dd0b71635a137a3fb52/os-quota-sets/ce6489050f454e61888b91821e884760?usage=true => generated 847 bytes in 23 msecs (HTTP/1.1 200) 7 headers in 285 bytes (1 switches on core 0)
2026-05-19 09:14:23.956 8 INFO cinder.api.openstack.wsgi [None req-fa83b675-bb26-4766-a023-e53789a1f591 10dbde43972342c5b4c1689dfdf09b68 c374f1fa22794dd0b71635a137a3fb52 - - default default] GET http://cinder-api.openstack.svc.cluster.local:8776/v3/c374f1fa22794dd0b71635a137a3fb52/os-quota-sets/df82c1d0b448421eb36795e4f0766cfc?usage=true
2026-05-19 09:14:23.973 8 INFO cinder.api.openstack.wsgi [None req-fa83b675-bb26-4766-a023-e53789a1f591 10dbde43972342c5b4c1689dfdf09b68 c374f1fa22794dd0b71635a137a3fb52 - - default default] http://cinder-api.openstack.svc.cluster.local:8776/v3/c374f1fa22794dd0b71635a137a3fb52/os-quota-sets/df82c1d0b448421eb36795e4f0766cfc?usage=true returned with HTTP 200 [pid: 8|app: 0|req: 443/877] 10.0.0.166 () {28 vars in 736 bytes} [Tue May 19 09:14:23 2026] GET /v3/c374f1fa22794dd0b71635a137a3fb52/os-quota-sets/df82c1d0b448421eb36795e4f0766cfc?usage=true => generated 847 bytes in 23 msecs (HTTP/1.1 200) 7 headers in 285 bytes (1 switches on core 0)
2026-05-19 09:14:23.984 7 INFO cinder.api.openstack.wsgi [None req-0c23fcf4-3e1f-4b31-85b9-0d3f4e103d6e 10dbde43972342c5b4c1689dfdf09b68 c374f1fa22794dd0b71635a137a3fb52 - - default default] GET http://cinder-api.openstack.svc.cluster.local:8776/v3/c374f1fa22794dd0b71635a137a3fb52/os-quota-sets/f2174d44cb054580b760735e513b0b5f?usage=true
2026-05-19 09:14:24.009 7 INFO cinder.api.openstack.wsgi [None req-0c23fcf4-3e1f-4b31-85b9-0d3f4e103d6e 10dbde43972342c5b4c1689dfdf09b68 c374f1fa22794dd0b71635a137a3fb52 - - default default] http://cinder-api.openstack.svc.cluster.local:8776/v3/c374f1fa22794dd0b71635a137a3fb52/os-quota-sets/f2174d44cb054580b760735e513b0b5f?usage=true returned with HTTP 200 [pid: 7|app: 0|req: 435/878] 10.0.0.166 () {28 vars in 736 bytes} [Tue May 19 09:14:23 2026] GET /v3/c374f1fa22794dd0b71635a137a3fb52/os-quota-sets/f2174d44cb054580b760735e513b0b5f?usage=true => generated 847 bytes in 34 msecs (HTTP/1.1 200) 7 headers in 285 bytes (1 switches on core 0)
2026-05-19 09:14:24.022 8 INFO cinder.api.openstack.wsgi [None req-5df6f9e2-f3b5-4658-8500-f53d9ef85cba 10dbde43972342c5b4c1689dfdf09b68 c374f1fa22794dd0b71635a137a3fb52 - - default default] GET http://cinder-api.openstack.svc.cluster.local:8776/v3/c374f1fa22794dd0b71635a137a3fb52/os-quota-sets/fba9ce273c4641fe816aa435f9632d2f?usage=true
2026-05-19 09:14:24.042 8 INFO cinder.api.openstack.wsgi [None req-5df6f9e2-f3b5-4658-8500-f53d9ef85cba 10dbde43972342c5b4c1689dfdf09b68 c374f1fa22794dd0b71635a137a3fb52 - - default default] http://cinder-api.openstack.svc.cluster.local:8776/v3/c374f1fa22794dd0b71635a137a3fb52/os-quota-sets/fba9ce273c4641fe816aa435f9632d2f?usage=true returned with HTTP 200 [pid: 8|app: 0|req: 444/879] 10.0.0.166 () {28 vars in 736 bytes} [Tue May 19 09:14:24 2026] GET /v3/c374f1fa22794dd0b71635a137a3fb52/os-quota-sets/fba9ce273c4641fe816aa435f9632d2f?usage=true => generated 847 bytes in 29 msecs (HTTP/1.1 200) 7 headers in 285 bytes (1 switches on core 0)
2026-05-19 09:14:30.359 7 INFO cinder.api.openstack.wsgi [None req-0c23fcf4-3e1f-4b31-85b9-0d3f4e103d6e 10dbde43972342c5b4c1689dfdf09b68 c374f1fa22794dd0b71635a137a3fb52 - - default default] GET http://10.0.0.121:8776/
2026-05-19 09:14:30.359 8 INFO cinder.api.openstack.wsgi [None req-5df6f9e2-f3b5-4658-8500-f53d9ef85cba 10dbde43972342c5b4c1689dfdf09b68 c374f1fa22794dd0b71635a137a3fb52 - - default default] GET http://10.0.0.121:8776/
2026-05-19 09:14:30.360 7 INFO cinder.api.openstack.wsgi [None req-0c23fcf4-3e1f-4b31-85b9-0d3f4e103d6e 10dbde43972342c5b4c1689dfdf09b68 c374f1fa22794dd0b71635a137a3fb52 - - default default] http://10.0.0.121:8776/ returned with HTTP 300
2026-05-19 09:14:30.360 8 INFO cinder.api.openstack.wsgi [None req-5df6f9e2-f3b5-4658-8500-f53d9ef85cba 10dbde43972342c5b4c1689dfdf09b68 c374f1fa22794dd0b71635a137a3fb52 - - default default] http://10.0.0.121:8776/ returned with HTTP 300
2026-05-19 09:14:40.359 8 INFO cinder.api.openstack.wsgi [None req-5df6f9e2-f3b5-4658-8500-f53d9ef85cba 10dbde43972342c5b4c1689dfdf09b68 c374f1fa22794dd0b71635a137a3fb52 - - default default] GET http://10.0.0.121:8776/
2026-05-19 09:14:40.359 7 INFO cinder.api.openstack.wsgi [None req-0c23fcf4-3e1f-4b31-85b9-0d3f4e103d6e 10dbde43972342c5b4c1689dfdf09b68 c374f1fa22794dd0b71635a137a3fb52 - - default default] GET http://10.0.0.121:8776/
2026-05-19 09:14:40.360 8 INFO cinder.api.openstack.wsgi [None req-5df6f9e2-f3b5-4658-8500-f53d9ef85cba 10dbde43972342c5b4c1689dfdf09b68 c374f1fa22794dd0b71635a137a3fb52 - - default default] http://10.0.0.121:8776/ returned with HTTP 300
2026-05-19 09:14:40.360 7 INFO cinder.api.openstack.wsgi [None req-0c23fcf4-3e1f-4b31-85b9-0d3f4e103d6e 10dbde43972342c5b4c1689dfdf09b68 c374f1fa22794dd0b71635a137a3fb52 - - default default] http://10.0.0.121:8776/ returned with HTTP 300
2026-05-19 09:14:50.358 7 INFO cinder.api.openstack.wsgi [None req-0c23fcf4-3e1f-4b31-85b9-0d3f4e103d6e 10dbde43972342c5b4c1689dfdf09b68 c374f1fa22794dd0b71635a137a3fb52 - - default default] GET http://10.0.0.121:8776/
2026-05-19 09:14:50.359 8 INFO cinder.api.openstack.wsgi [None req-5df6f9e2-f3b5-4658-8500-f53d9ef85cba 10dbde43972342c5b4c1689dfdf09b68 c374f1fa22794dd0b71635a137a3fb52 - - default default] GET http://10.0.0.121:8776/
2026-05-19 09:14:50.360 7 INFO cinder.api.openstack.wsgi [None req-0c23fcf4-3e1f-4b31-85b9-0d3f4e103d6e 10dbde43972342c5b4c1689dfdf09b68 c374f1fa22794dd0b71635a137a3fb52 - - default default] http://10.0.0.121:8776/ returned with HTTP 300
2026-05-19 09:14:50.360 8 INFO cinder.api.openstack.wsgi [None req-5df6f9e2-f3b5-4658-8500-f53d9ef85cba 10dbde43972342c5b4c1689dfdf09b68 c374f1fa22794dd0b71635a137a3fb52 - - default default] http://10.0.0.121:8776/ returned with HTTP 300
2026-05-19 09:15:00.359 7 INFO cinder.api.openstack.wsgi [None req-0c23fcf4-3e1f-4b31-85b9-0d3f4e103d6e 10dbde43972342c5b4c1689dfdf09b68 c374f1fa22794dd0b71635a137a3fb52 - - default default] GET http://10.0.0.121:8776/
2026-05-19 09:15:00.359 8 INFO cinder.api.openstack.wsgi [None req-5df6f9e2-f3b5-4658-8500-f53d9ef85cba 10dbde43972342c5b4c1689dfdf09b68 c374f1fa22794dd0b71635a137a3fb52 - - default default] GET http://10.0.0.121:8776/
2026-05-19 09:15:00.361 8 INFO cinder.api.openstack.wsgi [None req-5df6f9e2-f3b5-4658-8500-f53d9ef85cba 10dbde43972342c5b4c1689dfdf09b68 c374f1fa22794dd0b71635a137a3fb52 - - default default] http://10.0.0.121:8776/ returned with HTTP 300
2026-05-19 09:15:00.361 7 INFO cinder.api.openstack.wsgi [None req-0c23fcf4-3e1f-4b31-85b9-0d3f4e103d6e 10dbde43972342c5b4c1689dfdf09b68 c374f1fa22794dd0b71635a137a3fb52 - - default default] http://10.0.0.121:8776/ returned with HTTP 300
2026-05-19 09:15:10.360 7 INFO cinder.api.openstack.wsgi [None req-0c23fcf4-3e1f-4b31-85b9-0d3f4e103d6e 10dbde43972342c5b4c1689dfdf09b68 c374f1fa22794dd0b71635a137a3fb52 - - default default] GET http://10.0.0.121:8776/
2026-05-19 09:15:10.361 8 INFO cinder.api.openstack.wsgi [None req-5df6f9e2-f3b5-4658-8500-f53d9ef85cba 10dbde43972342c5b4c1689dfdf09b68 c374f1fa22794dd0b71635a137a3fb52 - - default default] GET http://10.0.0.121:8776/
2026-05-19 09:15:10.361 7 INFO cinder.api.openstack.wsgi [None req-0c23fcf4-3e1f-4b31-85b9-0d3f4e103d6e 10dbde43972342c5b4c1689dfdf09b68 c374f1fa22794dd0b71635a137a3fb52 - - default default] http://10.0.0.121:8776/ returned with HTTP 300
2026-05-19 09:15:10.363 8 INFO cinder.api.openstack.wsgi [None req-5df6f9e2-f3b5-4658-8500-f53d9ef85cba 10dbde43972342c5b4c1689dfdf09b68 c374f1fa22794dd0b71635a137a3fb52 - - default default] http://10.0.0.121:8776/ returned with HTTP 300
2026-05-19 09:15:20.359 7 INFO cinder.api.openstack.wsgi [None req-0c23fcf4-3e1f-4b31-85b9-0d3f4e103d6e 10dbde43972342c5b4c1689dfdf09b68 c374f1fa22794dd0b71635a137a3fb52 - - default default] GET http://10.0.0.121:8776/
2026-05-19 09:15:20.359 8 INFO cinder.api.openstack.wsgi [None req-5df6f9e2-f3b5-4658-8500-f53d9ef85cba 10dbde43972342c5b4c1689dfdf09b68 c374f1fa22794dd0b71635a137a3fb52 - - default default] GET http://10.0.0.121:8776/
2026-05-19 09:15:20.360 8 INFO cinder.api.openstack.wsgi [None req-5df6f9e2-f3b5-4658-8500-f53d9ef85cba 10dbde43972342c5b4c1689dfdf09b68 c374f1fa22794dd0b71635a137a3fb52 - - default default] http://10.0.0.121:8776/ returned with HTTP 300
2026-05-19 09:15:20.360 7 INFO cinder.api.openstack.wsgi [None req-0c23fcf4-3e1f-4b31-85b9-0d3f4e103d6e 10dbde43972342c5b4c1689dfdf09b68 c374f1fa22794dd0b71635a137a3fb52 - - default default] http://10.0.0.121:8776/ returned with HTTP 300
2026-05-19 09:15:21.042 8 INFO cinder.api.openstack.wsgi [None req-a14d8695-69cf-4840-bfa9-15bb27abf828 10dbde43972342c5b4c1689dfdf09b68 c374f1fa22794dd0b71635a137a3fb52 - - default default] POST http://cinder-api.openstack.svc.cluster.local:8776/v3/c374f1fa22794dd0b71635a137a3fb52/volumes
2026-05-19 09:15:21.223 8 INFO cinder.api.v3.volumes [None req-a14d8695-69cf-4840-bfa9-15bb27abf828 10dbde43972342c5b4c1689dfdf09b68 c374f1fa22794dd0b71635a137a3fb52 - - default default] Create volume of 16 GB
2026-05-19 09:15:21.229 8 INFO cinder.volume.api [None req-a14d8695-69cf-4840-bfa9-15bb27abf828 10dbde43972342c5b4c1689dfdf09b68 c374f1fa22794dd0b71635a137a3fb52 - - default default] Availability Zones retrieved successfully.
2026-05-19 09:15:21.422 8 INFO cinder.volume.api [None req-a14d8695-69cf-4840-bfa9-15bb27abf828 10dbde43972342c5b4c1689dfdf09b68 c374f1fa22794dd0b71635a137a3fb52 - - default default] Create volume request issued successfully.
2026-05-19 09:15:21.423 8 INFO cinder.api.openstack.wsgi [None req-a14d8695-69cf-4840-bfa9-15bb27abf828 10dbde43972342c5b4c1689dfdf09b68 c374f1fa22794dd0b71635a137a3fb52 - - default default] http://cinder-api.openstack.svc.cluster.local:8776/v3/c374f1fa22794dd0b71635a137a3fb52/volumes returned with HTTP 202 [pid: 8|app: 0|req: 451/892] 199.204.45.222 () {34 vars in 734 bytes} [Tue May 19 09:15:20 2026] POST /v3/c374f1fa22794dd0b71635a137a3fb52/volumes => generated 846 bytes in 517 msecs (HTTP/1.1 202) 7 headers in 291 bytes (1 switches on core 0)
2026-05-19 09:15:21.436 7 INFO cinder.api.openstack.wsgi [req-a14d8695-69cf-4840-bfa9-15bb27abf828 req-a626c2c3-16e0-457a-8c8d-af9a72fe6f13 10dbde43972342c5b4c1689dfdf09b68 c374f1fa22794dd0b71635a137a3fb52 - - default default] GET http://cinder-api.openstack.svc.cluster.local:8776/v3/c374f1fa22794dd0b71635a137a3fb52/volumes/246e0bbf-53b1-4d11-811f-bcc094e01b23 /var/lib/openstack/lib/python3.12/site-packages/oslo_context/context.py:101: DeprecationWarning: Policy enforcement is depending on the value of is_admin. This key is deprecated. Please update your policy file to use the standard policy values. warnings.warn(
2026-05-19 09:15:21.603 7 INFO cinder.volume.api [req-a14d8695-69cf-4840-bfa9-15bb27abf828 req-a626c2c3-16e0-457a-8c8d-af9a72fe6f13 10dbde43972342c5b4c1689dfdf09b68 c374f1fa22794dd0b71635a137a3fb52 - - default default] Volume info retrieved successfully.
2026-05-19 09:15:21.612 7 INFO cinder.api.openstack.wsgi [req-a14d8695-69cf-4840-bfa9-15bb27abf828 req-a626c2c3-16e0-457a-8c8d-af9a72fe6f13 10dbde43972342c5b4c1689dfdf09b68 c374f1fa22794dd0b71635a137a3fb52 - - default default] http://cinder-api.openstack.svc.cluster.local:8776/v3/c374f1fa22794dd0b71635a137a3fb52/volumes/246e0bbf-53b1-4d11-811f-bcc094e01b23 returned with HTTP 200 [pid: 7|app: 0|req: 442/893] 199.204.45.222 () {32 vars in 825 bytes} [Tue May 19 09:15:21 2026] GET /v3/c374f1fa22794dd0b71635a137a3fb52/volumes/246e0bbf-53b1-4d11-811f-bcc094e01b23 => generated 1077 bytes in 184 msecs (HTTP/1.1 200) 7 headers in 286 bytes (1 switches on core 0) /var/lib/openstack/lib/python3.12/site-packages/pycadf/identifier.py:70: UserWarning: Invalid uuid: cinderv3. To ensure interoperability, identifiers should be a valid uuid. warnings.warn(('Invalid uuid: %s. To ensure interoperability, '
2026-05-19 09:15:22.879 8 INFO cinder.api.openstack.wsgi [None req-0d367528-4d7b-4ec7-a2a2-b9ec430f7567 10dbde43972342c5b4c1689dfdf09b68 c374f1fa22794dd0b71635a137a3fb52 - - default default] GET http://cinder-api.openstack.svc.cluster.local:8776/v3/c374f1fa22794dd0b71635a137a3fb52/os-services /var/lib/openstack/lib/python3.12/site-packages/oslo_context/context.py:101: DeprecationWarning: Policy enforcement is depending on the value of is_admin. This key is deprecated. Please update your policy file to use the standard policy values. warnings.warn(
2026-05-19 09:15:22.889 8 INFO cinder.api.openstack.wsgi [None req-0d367528-4d7b-4ec7-a2a2-b9ec430f7567 10dbde43972342c5b4c1689dfdf09b68 c374f1fa22794dd0b71635a137a3fb52 - - default default] http://cinder-api.openstack.svc.cluster.local:8776/v3/c374f1fa22794dd0b71635a137a3fb52/os-services returned with HTTP 200 [pid: 8|app: 0|req: 452/894] 10.0.0.166 () {28 vars in 645 bytes} [Tue May 19 09:15:22 2026] GET /v3/c374f1fa22794dd0b71635a137a3fb52/os-services => generated 646 bytes in 158 msecs (HTTP/1.1 200) 7 headers in 285 bytes (1 switches on core 0) /var/lib/openstack/lib/python3.12/site-packages/pycadf/identifier.py:70: UserWarning: Invalid uuid: cinderv3. To ensure interoperability, identifiers should be a valid uuid. warnings.warn(('Invalid uuid: %s. To ensure interoperability, '
2026-05-19 09:15:22.900 7 INFO cinder.api.openstack.wsgi [None req-38d9d02d-068f-45a2-8757-c154102e5be2 10dbde43972342c5b4c1689dfdf09b68 c374f1fa22794dd0b71635a137a3fb52 - - default default] GET http://cinder-api.openstack.svc.cluster.local:8776/v3/c374f1fa22794dd0b71635a137a3fb52/scheduler-stats/get_pools?detail=true
2026-05-19 09:15:23.404 7 INFO cinder.api.openstack.wsgi [None req-38d9d02d-068f-45a2-8757-c154102e5be2 10dbde43972342c5b4c1689dfdf09b68 c374f1fa22794dd0b71635a137a3fb52 - - default default] http://cinder-api.openstack.svc.cluster.local:8776/v3/c374f1fa22794dd0b71635a137a3fb52/scheduler-stats/get_pools?detail=true returned with HTTP 200 [pid: 7|app: 0|req: 443/895] 10.0.0.166 () {28 vars in 696 bytes} [Tue May 19 09:15:22 2026] GET /v3/c374f1fa22794dd0b71635a137a3fb52/scheduler-stats/get_pools?detail=true => generated 670 bytes in 512 msecs (HTTP/1.1 200) 7 headers in 285 bytes (1 switches on core 0)
2026-05-19 09:15:23.496 8 INFO cinder.api.openstack.wsgi [None req-9c1875af-4377-434c-bc36-d83f2f10156b 10dbde43972342c5b4c1689dfdf09b68 c374f1fa22794dd0b71635a137a3fb52 - - default default] GET http://cinder-api.openstack.svc.cluster.local:8776/v3/c374f1fa22794dd0b71635a137a3fb52/os-quota-sets/0f4fed3be6124c6c9c86c002c5d2686b?usage=true
2026-05-19 09:15:23.512 8 INFO cinder.api.openstack.wsgi [None req-9c1875af-4377-434c-bc36-d83f2f10156b 10dbde43972342c5b4c1689dfdf09b68 c374f1fa22794dd0b71635a137a3fb52 - - default default] http://cinder-api.openstack.svc.cluster.local:8776/v3/c374f1fa22794dd0b71635a137a3fb52/os-quota-sets/0f4fed3be6124c6c9c86c002c5d2686b?usage=true returned with HTTP 200 [pid: 8|app: 0|req: 453/896] 10.0.0.166 () {28 vars in 736 bytes} [Tue May 19 09:15:23 2026] GET /v3/c374f1fa22794dd0b71635a137a3fb52/os-quota-sets/0f4fed3be6124c6c9c86c002c5d2686b?usage=true => generated 847 bytes in 24 msecs (HTTP/1.1 200) 7 headers in 285 bytes (1 switches on core 0)
2026-05-19 09:15:23.521 7 INFO cinder.api.openstack.wsgi [None req-5fa76830-7bd4-44fe-90df-3c137f91f66e 10dbde43972342c5b4c1689dfdf09b68 c374f1fa22794dd0b71635a137a3fb52 - - default default] GET http://cinder-api.openstack.svc.cluster.local:8776/v3/c374f1fa22794dd0b71635a137a3fb52/os-quota-sets/4d52cc3d995b4e86ac2933dde43a28b3?usage=true
