2026-05-19 09:11:07.513 7 INFO placement.requestlog [req-6f3f352f-8382-4c2d-bacb-04156c9edc1d req-00095eb7-7378-4a65-970f-2de23736e6c3 6964d7b2c9444b50814ce046828476fc 4d52cc3d995b4e86ac2933dde43a28b3 - - ad1d004d85064691aaddd40d1d72adfc ad1d004d85064691aaddd40d1d72adfc] 199.204.45.222 "GET /allocations/63fc9ba0-aa65-4e14-aa89-fb36cfd579af" status: 200 len: 257 microversion: 1.28 [pid: 7|app: 0|req: 329/663] 199.204.45.222 () {34 vars in 863 bytes} [Tue May 19 09:11:07 2026] GET /allocations/63fc9ba0-aa65-4e14-aa89-fb36cfd579af => generated 257 bytes in 18 msecs (HTTP/1.1 200) 8 headers in 296 bytes (1 switches on core 0)
2026-05-19 09:11:07.589 6 INFO placement.requestlog [None req-29b9d310-d9c0-4d7c-9ba8-80f457e80cad 78164dbf9c0645bbac318ccb0e390f4b 4d52cc3d995b4e86ac2933dde43a28b3 - - ad1d004d85064691aaddd40d1d72adfc ad1d004d85064691aaddd40d1d72adfc] 10.0.0.118 "GET /resource_providers/acbbae34-1913-4565-9b83-1fc1bc900598/aggregates" status: 404 len: 235 microversion: 1.1 [pid: 6|app: 0|req: 335/664] 10.0.0.118 () {32 vars in 816 bytes} [Tue May 19 09:11:07 2026] GET /resource_providers/acbbae34-1913-4565-9b83-1fc1bc900598/aggregates => generated 235 bytes in 13 msecs (HTTP/1.1 404) 5 headers in 202 bytes (1 switches on core 0)
2026-05-19 09:11:07.603 7 INFO placement.requestlog [None req-02f16db2-d06e-4692-942d-dfb71a2be1eb 78164dbf9c0645bbac318ccb0e390f4b 4d52cc3d995b4e86ac2933dde43a28b3 - - ad1d004d85064691aaddd40d1d72adfc ad1d004d85064691aaddd40d1d72adfc] 10.0.0.118 "GET /resource_providers/acbbae34-1913-4565-9b83-1fc1bc900598/aggregates" status: 404 len: 235 microversion: 1.1 [pid: 7|app: 0|req: 330/665] 10.0.0.118 () {32 vars in 816 bytes} [Tue May 19 09:11:07 2026] GET /resource_providers/acbbae34-1913-4565-9b83-1fc1bc900598/aggregates => generated 235 bytes in 11 msecs (HTTP/1.1 404) 5 headers in 202 bytes (1 switches on core 0)
2026-05-19 09:11:07.611 6 INFO placement.requestlog [None req-4ac823a3-05dc-48fe-ae1b-9940181406c8 78164dbf9c0645bbac318ccb0e390f4b 4d52cc3d995b4e86ac2933dde43a28b3 - - ad1d004d85064691aaddd40d1d72adfc ad1d004d85064691aaddd40d1d72adfc] 10.0.0.118 "DELETE /resource_providers/acbbae34-1913-4565-9b83-1fc1bc900598" status: 404 len: 246 microversion: 1.1 [pid: 6|app: 0|req: 336/666] 10.0.0.118 () {34 vars in 816 bytes} [Tue May 19 09:11:07 2026] DELETE /resource_providers/acbbae34-1913-4565-9b83-1fc1bc900598 => generated 246 bytes in 7 msecs (HTTP/1.1 404) 6 headers in 231 bytes (1 switches on core 0)
2026-05-19 09:11:07.626 7 INFO placement.requestlog [None req-24544758-d019-4e0b-bc10-d158fab77293 78164dbf9c0645bbac318ccb0e390f4b 4d52cc3d995b4e86ac2933dde43a28b3 - - ad1d004d85064691aaddd40d1d72adfc ad1d004d85064691aaddd40d1d72adfc] 10.0.0.118 "DELETE /resource_providers/acbbae34-1913-4565-9b83-1fc1bc900598" status: 404 len: 246 microversion: 1.1 [pid: 7|app: 0|req: 331/667] 10.0.0.118 () {34 vars in 816 bytes} [Tue May 19 09:11:07 2026] DELETE /resource_providers/acbbae34-1913-4565-9b83-1fc1bc900598 => generated 246 bytes in 9 msecs (HTTP/1.1 404) 6 headers in 231 bytes (1 switches on core 0)
2026-05-19 09:11:08.319 6 INFO placement.requestlog [req-5396ec36-41b6-4cc1-ab9a-45bc69f70ed4 req-84ac4436-d63e-4b84-b9fa-84851f04efe1 6964d7b2c9444b50814ce046828476fc 4d52cc3d995b4e86ac2933dde43a28b3 - - ad1d004d85064691aaddd40d1d72adfc ad1d004d85064691aaddd40d1d72adfc] 199.204.45.222 "DELETE /allocations/3716d191-92c0-40e1-b0ed-b2b74da5c38c" status: 204 len: 0 microversion: 1.0 [pid: 6|app: 0|req: 337/668] 199.204.45.222 () {34 vars in 841 bytes} [Tue May 19 09:11:08 2026] DELETE /allocations/3716d191-92c0-40e1-b0ed-b2b74da5c38c => generated 0 bytes in 22 msecs (HTTP/1.1 204) 5 headers in 198 bytes (1 switches on core 0)
2026-05-19 09:11:08.824 7 INFO placement.requestlog [None req-d1055124-ec9e-43e4-802e-60d466b9c473 - - - - - -] 10.0.0.155 "GET /" status: 200 len: 136 microversion: 1.0
2026-05-19 09:11:08.824 6 INFO placement.requestlog [None req-74936a0b-7cbf-48f7-a8d1-df6fcb501f0d - - - - - -] 10.0.0.155 "GET /" status: 200 len: 136 microversion: 1.0
2026-05-19 09:11:09.301 6 INFO placement.requestlog [None req-df081640-8a2b-434b-8782-082929ddd552 78164dbf9c0645bbac318ccb0e390f4b 4d52cc3d995b4e86ac2933dde43a28b3 - - ad1d004d85064691aaddd40d1d72adfc ad1d004d85064691aaddd40d1d72adfc] 10.0.0.118 "GET /resource_providers/0fe4a728-bde8-495c-887d-737c3452e972/aggregates" status: 404 len: 235 microversion: 1.1
2026-05-19 09:11:09.301 7 INFO placement.requestlog [None req-09c2d108-2dbc-47f5-8ddb-17f34c5aa8a9 78164dbf9c0645bbac318ccb0e390f4b 4d52cc3d995b4e86ac2933dde43a28b3 - - ad1d004d85064691aaddd40d1d72adfc ad1d004d85064691aaddd40d1d72adfc] 10.0.0.118 "GET /resource_providers/0fe4a728-bde8-495c-887d-737c3452e972/aggregates" status: 404 len: 235 microversion: 1.1 [pid: 6|app: 0|req: 339/671] 10.0.0.118 () {32 vars in 816 bytes} [Tue May 19 09:11:09 2026] GET /resource_providers/0fe4a728-bde8-495c-887d-737c3452e972/aggregates => generated 235 bytes in 12 msecs (HTTP/1.1 404) 5 headers in 202 bytes (1 switches on core 0) [pid: 7|app: 0|req: 333/672] 10.0.0.118 () {32 vars in 816 bytes} [Tue May 19 09:11:09 2026] GET /resource_providers/0fe4a728-bde8-495c-887d-737c3452e972/aggregates => generated 235 bytes in 13 msecs (HTTP/1.1 404) 5 headers in 202 bytes (1 switches on core 0)
2026-05-19 09:11:09.326 6 INFO placement.requestlog [None req-d5eec334-3be8-4ae9-bfbd-307cbad285a8 78164dbf9c0645bbac318ccb0e390f4b 4d52cc3d995b4e86ac2933dde43a28b3 - - ad1d004d85064691aaddd40d1d72adfc ad1d004d85064691aaddd40d1d72adfc] 10.0.0.118 "DELETE /resource_providers/0fe4a728-bde8-495c-887d-737c3452e972" status: 404 len: 246 microversion: 1.1 [pid: 6|app: 0|req: 340/673] 10.0.0.118 () {34 vars in 816 bytes} [Tue May 19 09:11:09 2026] DELETE /resource_providers/0fe4a728-bde8-495c-887d-737c3452e972 => generated 246 bytes in 11 msecs (HTTP/1.1 404) 6 headers in 231 bytes (1 switches on core 0)
2026-05-19 09:11:09.335 6 INFO placement.requestlog [None req-b12d8024-8b36-4884-8363-54450c14db1f 78164dbf9c0645bbac318ccb0e390f4b 4d52cc3d995b4e86ac2933dde43a28b3 - - ad1d004d85064691aaddd40d1d72adfc ad1d004d85064691aaddd40d1d72adfc] 10.0.0.118 "DELETE /resource_providers/0fe4a728-bde8-495c-887d-737c3452e972" status: 404 len: 246 microversion: 1.1 [pid: 6|app: 0|req: 341/674] 10.0.0.118 () {34 vars in 816 bytes} [Tue May 19 09:11:09 2026] DELETE /resource_providers/0fe4a728-bde8-495c-887d-737c3452e972 => generated 246 bytes in 8 msecs (HTTP/1.1 404) 6 headers in 231 bytes (1 switches on core 0)
2026-05-19 09:11:09.337 7 INFO placement.requestlog [req-6f3f352f-8382-4c2d-bacb-04156c9edc1d req-f562c401-df3d-4a23-9ea6-61a7f70a9c89 6964d7b2c9444b50814ce046828476fc 4d52cc3d995b4e86ac2933dde43a28b3 - - ad1d004d85064691aaddd40d1d72adfc ad1d004d85064691aaddd40d1d72adfc] 199.204.45.222 "GET /resource_providers/5d202ca1-0b04-43ed-b28c-2922a8d8e412/allocations" status: 200 len: 152 microversion: 1.0 [pid: 7|app: 0|req: 334/675] 199.204.45.222 () {32 vars in 857 bytes} [Tue May 19 09:11:09 2026] GET /resource_providers/5d202ca1-0b04-43ed-b28c-2922a8d8e412/allocations => generated 152 bytes in 20 msecs (HTTP/1.1 200) 6 headers in 224 bytes (1 switches on core 0)
2026-05-19 09:11:09.353 6 INFO placement.requestlog [req-6f3f352f-8382-4c2d-bacb-04156c9edc1d req-5abc4357-909e-4e74-aa07-36ad8033a45d 6964d7b2c9444b50814ce046828476fc 4d52cc3d995b4e86ac2933dde43a28b3 - - ad1d004d85064691aaddd40d1d72adfc ad1d004d85064691aaddd40d1d72adfc] 199.204.45.222 "GET /allocations/63fc9ba0-aa65-4e14-aa89-fb36cfd579af" status: 200 len: 257 microversion: 1.28 [pid: 6|app: 0|req: 342/676] 199.204.45.222 () {34 vars in 863 bytes} [Tue May 19 09:11:09 2026] GET /allocations/63fc9ba0-aa65-4e14-aa89-fb36cfd579af => generated 257 bytes in 12 msecs (HTTP/1.1 200) 8 headers in 296 bytes (1 switches on core 0)
2026-05-19 09:11:12.735 7 INFO placement.requestlog [req-772cc4be-b984-4ae8-94db-8426865f8aa1 req-064f17be-f803-4159-a9ed-3b8909938525 6964d7b2c9444b50814ce046828476fc 4d52cc3d995b4e86ac2933dde43a28b3 - - ad1d004d85064691aaddd40d1d72adfc ad1d004d85064691aaddd40d1d72adfc] 10.0.0.190 "GET /allocation_candidates?limit=1000&resources=DISK_GB%3A1%2CMEMORY_MB%3A512%2CVCPU%3A1&root_required=%21COMPUTE_STATUS_DISABLED" status: 200 len: 2783 microversion: 1.36 [pid: 7|app: 0|req: 335/677] 10.0.0.190 () {34 vars in 1012 bytes} [Tue May 19 09:11:12 2026] GET /allocation_candidates?limit=1000&resources=DISK_GB%3A1%2CMEMORY_MB%3A512%2CVCPU%3A1&root_required=%21COMPUTE_STATUS_DISABLED => generated 2783 bytes in 34 msecs (HTTP/1.1 200) 8 headers in 297 bytes (1 switches on core 0)
2026-05-19 09:11:12.765 6 INFO placement.requestlog [req-772cc4be-b984-4ae8-94db-8426865f8aa1 req-e5d2cb9e-2a5d-476a-a9f5-64f08eac0774 6964d7b2c9444b50814ce046828476fc 4d52cc3d995b4e86ac2933dde43a28b3 - - ad1d004d85064691aaddd40d1d72adfc ad1d004d85064691aaddd40d1d72adfc] 10.0.0.190 "GET /allocations/66ae7b76-b199-41ae-8780-1d2129403dc1" status: 200 len: 19 microversion: 1.28 [pid: 6|app: 0|req: 343/678] 10.0.0.190 () {34 vars in 861 bytes} [Tue May 19 09:11:12 2026] GET /allocations/66ae7b76-b199-41ae-8780-1d2129403dc1 => generated 19 bytes in 7 msecs (HTTP/1.1 200) 8 headers in 295 bytes (1 switches on core 0)
2026-05-19 09:11:12.834 7 INFO placement.requestlog [req-772cc4be-b984-4ae8-94db-8426865f8aa1 req-d568c7a6-d121-4874-a8d6-0d4edba74fdb 6964d7b2c9444b50814ce046828476fc 4d52cc3d995b4e86ac2933dde43a28b3 - - ad1d004d85064691aaddd40d1d72adfc ad1d004d85064691aaddd40d1d72adfc] 10.0.0.190 "PUT /allocations/66ae7b76-b199-41ae-8780-1d2129403dc1" status: 204 len: 0 microversion: 1.36 [pid: 7|app: 0|req: 336/679] 10.0.0.190 () {38 vars in 914 bytes} [Tue May 19 09:11:12 2026] PUT /allocations/66ae7b76-b199-41ae-8780-1d2129403dc1 => generated 0 bytes in 65 msecs (HTTP/1.1 204) 5 headers in 199 bytes (1 switches on core 0)
2026-05-19 09:11:12.923 6 INFO placement.requestlog [None req-59532cc8-0da1-4d73-a02c-2f1e2c5d499f 78164dbf9c0645bbac318ccb0e390f4b 4d52cc3d995b4e86ac2933dde43a28b3 - - ad1d004d85064691aaddd40d1d72adfc ad1d004d85064691aaddd40d1d72adfc] 10.0.0.118 "GET /resource_providers/8fad22c5-ffe7-438c-85d1-49ab21e2ead4/aggregates" status: 404 len: 235 microversion: 1.1
2026-05-19 09:11:12.923 7 INFO placement.requestlog [None req-46eb679e-e797-4100-8356-087d283f9b6f 78164dbf9c0645bbac318ccb0e390f4b 4d52cc3d995b4e86ac2933dde43a28b3 - - ad1d004d85064691aaddd40d1d72adfc ad1d004d85064691aaddd40d1d72adfc] 10.0.0.118 "GET /resource_providers/8fad22c5-ffe7-438c-85d1-49ab21e2ead4/aggregates" status: 404 len: 235 microversion: 1.1 [pid: 6|app: 0|req: 344/680] 10.0.0.118 () {32 vars in 816 bytes} [Tue May 19 09:11:12 2026] GET /resource_providers/8fad22c5-ffe7-438c-85d1-49ab21e2ead4/aggregates => generated 235 bytes in 9 msecs (HTTP/1.1 404) 5 headers in 202 bytes (1 switches on core 0) [pid: 7|app: 0|req: 337/681] 10.0.0.118 () {32 vars in 816 bytes} [Tue May 19 09:11:12 2026] GET /resource_providers/8fad22c5-ffe7-438c-85d1-49ab21e2ead4/aggregates => generated 235 bytes in 9 msecs (HTTP/1.1 404) 5 headers in 202 bytes (1 switches on core 0)
2026-05-19 09:11:12.944 6 INFO placement.requestlog [None req-1f125d51-3bcd-436d-b7d9-3aa733609a27 78164dbf9c0645bbac318ccb0e390f4b 4d52cc3d995b4e86ac2933dde43a28b3 - - ad1d004d85064691aaddd40d1d72adfc ad1d004d85064691aaddd40d1d72adfc] 10.0.0.118 "DELETE /resource_providers/8fad22c5-ffe7-438c-85d1-49ab21e2ead4" status: 404 len: 246 microversion: 1.1 [pid: 6|app: 0|req: 345/682] 10.0.0.118 () {34 vars in 816 bytes} [Tue May 19 09:11:12 2026] DELETE /resource_providers/8fad22c5-ffe7-438c-85d1-49ab21e2ead4 => generated 246 bytes in 10 msecs (HTTP/1.1 404) 6 headers in 231 bytes (1 switches on core 0)
2026-05-19 09:11:12.947 7 INFO placement.requestlog [None req-331307e3-0832-4c73-bd98-6e85cccacbd3 78164dbf9c0645bbac318ccb0e390f4b 4d52cc3d995b4e86ac2933dde43a28b3 - - ad1d004d85064691aaddd40d1d72adfc ad1d004d85064691aaddd40d1d72adfc] 10.0.0.118 "DELETE /resource_providers/8fad22c5-ffe7-438c-85d1-49ab21e2ead4" status: 404 len: 246 microversion: 1.1 [pid: 7|app: 0|req: 338/683] 10.0.0.118 () {34 vars in 816 bytes} [Tue May 19 09:11:12 2026] DELETE /resource_providers/8fad22c5-ffe7-438c-85d1-49ab21e2ead4 => generated 246 bytes in 11 msecs (HTTP/1.1 404) 6 headers in 231 bytes (1 switches on core 0)
2026-05-19 09:11:14.330 6 INFO placement.requestlog [req-772cc4be-b984-4ae8-94db-8426865f8aa1 req-5a790851-a014-4223-930f-bf7d0a05e5a8 6964d7b2c9444b50814ce046828476fc 4d52cc3d995b4e86ac2933dde43a28b3 - - ad1d004d85064691aaddd40d1d72adfc ad1d004d85064691aaddd40d1d72adfc] 199.204.45.222 "GET /allocations/66ae7b76-b199-41ae-8780-1d2129403dc1" status: 200 len: 257 microversion: 1.28 [pid: 6|app: 0|req: 346/684] 199.204.45.222 () {34 vars in 863 bytes} [Tue May 19 09:11:14 2026] GET /allocations/66ae7b76-b199-41ae-8780-1d2129403dc1 => generated 257 bytes in 13 msecs (HTTP/1.1 200) 8 headers in 296 bytes (1 switches on core 0)
2026-05-19 09:11:15.375 7 INFO placement.requestlog [req-772cc4be-b984-4ae8-94db-8426865f8aa1 req-03e19542-69e6-4675-9b5a-8adc171880e0 6964d7b2c9444b50814ce046828476fc 4d52cc3d995b4e86ac2933dde43a28b3 - - ad1d004d85064691aaddd40d1d72adfc ad1d004d85064691aaddd40d1d72adfc] 199.204.45.222 "GET /resource_providers/5d202ca1-0b04-43ed-b28c-2922a8d8e412/allocations" status: 200 len: 252 microversion: 1.0 [pid: 7|app: 0|req: 339/685] 199.204.45.222 () {32 vars in 857 bytes} [Tue May 19 09:11:15 2026] GET /resource_providers/5d202ca1-0b04-43ed-b28c-2922a8d8e412/allocations => generated 252 bytes in 13 msecs (HTTP/1.1 200) 6 headers in 224 bytes (1 switches on core 0)
2026-05-19 09:11:15.389 6 INFO placement.requestlog [req-772cc4be-b984-4ae8-94db-8426865f8aa1 req-4eb48a4c-edcf-4410-8873-bdc1e4fb6734 6964d7b2c9444b50814ce046828476fc 4d52cc3d995b4e86ac2933dde43a28b3 - - ad1d004d85064691aaddd40d1d72adfc ad1d004d85064691aaddd40d1d72adfc] 199.204.45.222 "GET /allocations/63fc9ba0-aa65-4e14-aa89-fb36cfd579af" status: 200 len: 257 microversion: 1.28 [pid: 6|app: 0|req: 347/686] 199.204.45.222 () {34 vars in 863 bytes} [Tue May 19 09:11:15 2026] GET /allocations/63fc9ba0-aa65-4e14-aa89-fb36cfd579af => generated 257 bytes in 14 msecs (HTTP/1.1 200) 8 headers in 296 bytes (1 switches on core 0)
2026-05-19 09:11:15.407 7 INFO placement.requestlog [req-772cc4be-b984-4ae8-94db-8426865f8aa1 req-a6d36daf-4e77-4eb1-90ea-737cffedc738 6964d7b2c9444b50814ce046828476fc 4d52cc3d995b4e86ac2933dde43a28b3 - - ad1d004d85064691aaddd40d1d72adfc ad1d004d85064691aaddd40d1d72adfc] 199.204.45.222 "GET /allocations/66ae7b76-b199-41ae-8780-1d2129403dc1" status: 200 len: 257 microversion: 1.28 [pid: 7|app: 0|req: 340/687] 199.204.45.222 () {34 vars in 863 bytes} [Tue May 19 09:11:15 2026] GET /allocations/66ae7b76-b199-41ae-8780-1d2129403dc1 => generated 257 bytes in 9 msecs (HTTP/1.1 200) 8 headers in 296 bytes (1 switches on core 0)
2026-05-19 09:11:18.825 7 INFO placement.requestlog [None req-5b8afb13-15a7-426a-b68a-117e94cbe96f - - - - - -] 10.0.0.155 "GET /" status: 200 len: 136 microversion: 1.0
2026-05-19 09:11:18.825 6 INFO placement.requestlog [None req-2166e7f3-17c2-4a06-88bb-ec8d2f20452b - - - - - -] 10.0.0.155 "GET /" status: 200 len: 136 microversion: 1.0
2026-05-19 09:11:23.137 7 INFO placement.requestlog [req-e7b6e32d-ad84-498b-9aab-16ee2228585b req-1b23d4a8-2012-47fa-be52-7f4ce06a714f 6964d7b2c9444b50814ce046828476fc 4d52cc3d995b4e86ac2933dde43a28b3 - - ad1d004d85064691aaddd40d1d72adfc ad1d004d85064691aaddd40d1d72adfc] 10.0.0.190 "GET /allocation_candidates?limit=1000&resources=DISK_GB%3A1%2CMEMORY_MB%3A512%2CVCPU%3A1&root_required=%21COMPUTE_STATUS_DISABLED" status: 200 len: 2784 microversion: 1.36 [pid: 7|app: 0|req: 342/690] 10.0.0.190 () {34 vars in 1012 bytes} [Tue May 19 09:11:23 2026] GET /allocation_candidates?limit=1000&resources=DISK_GB%3A1%2CMEMORY_MB%3A512%2CVCPU%3A1&root_required=%21COMPUTE_STATUS_DISABLED => generated 2784 bytes in 45 msecs (HTTP/1.1 200) 8 headers in 297 bytes (1 switches on core 0)
2026-05-19 09:11:23.175 6 INFO placement.requestlog [req-e7b6e32d-ad84-498b-9aab-16ee2228585b req-4dab0a2f-c494-40cf-afa9-bba5da74195f 6964d7b2c9444b50814ce046828476fc 4d52cc3d995b4e86ac2933dde43a28b3 - - ad1d004d85064691aaddd40d1d72adfc ad1d004d85064691aaddd40d1d72adfc] 10.0.0.190 "GET /allocations/fac0d1ea-43bb-445c-8901-7d7769902cb5" status: 200 len: 19 microversion: 1.28 [pid: 6|app: 0|req: 349/691] 10.0.0.190 () {34 vars in 861 bytes} [Tue May 19 09:11:23 2026] GET /allocations/fac0d1ea-43bb-445c-8901-7d7769902cb5 => generated 19 bytes in 9 msecs (HTTP/1.1 200) 8 headers in 295 bytes (1 switches on core 0)
2026-05-19 09:11:23.263 7 INFO placement.requestlog [req-e7b6e32d-ad84-498b-9aab-16ee2228585b req-eb2daaec-2160-4a85-b35b-0d226857462c 6964d7b2c9444b50814ce046828476fc 4d52cc3d995b4e86ac2933dde43a28b3 - - ad1d004d85064691aaddd40d1d72adfc ad1d004d85064691aaddd40d1d72adfc] 10.0.0.190 "PUT /allocations/fac0d1ea-43bb-445c-8901-7d7769902cb5" status: 204 len: 0 microversion: 1.36 [pid: 7|app: 0|req: 343/692] 10.0.0.190 () {38 vars in 914 bytes} [Tue May 19 09:11:23 2026] PUT /allocations/fac0d1ea-43bb-445c-8901-7d7769902cb5 => generated 0 bytes in 81 msecs (HTTP/1.1 204) 5 headers in 199 bytes (1 switches on core 0)
2026-05-19 09:11:24.765 6 INFO placement.requestlog [req-e7b6e32d-ad84-498b-9aab-16ee2228585b req-e6ca9cd1-2e80-49d6-b032-4bb6e99093b9 6964d7b2c9444b50814ce046828476fc 4d52cc3d995b4e86ac2933dde43a28b3 - - ad1d004d85064691aaddd40d1d72adfc ad1d004d85064691aaddd40d1d72adfc] 199.204.45.222 "GET /allocations/fac0d1ea-43bb-445c-8901-7d7769902cb5" status: 200 len: 257 microversion: 1.28 [pid: 6|app: 0|req: 350/693] 199.204.45.222 () {34 vars in 863 bytes} [Tue May 19 09:11:24 2026] GET /allocations/fac0d1ea-43bb-445c-8901-7d7769902cb5 => generated 257 bytes in 9 msecs (HTTP/1.1 200) 8 headers in 296 bytes (1 switches on core 0)
2026-05-19 09:11:25.807 7 INFO placement.requestlog [req-e7b6e32d-ad84-498b-9aab-16ee2228585b req-a1b590a2-e52e-473f-997d-f0aaa689a7fa 6964d7b2c9444b50814ce046828476fc 4d52cc3d995b4e86ac2933dde43a28b3 - - ad1d004d85064691aaddd40d1d72adfc ad1d004d85064691aaddd40d1d72adfc] 199.204.45.222 "GET /resource_providers/5d202ca1-0b04-43ed-b28c-2922a8d8e412/allocations" status: 200 len: 352 microversion: 1.0 [pid: 7|app: 0|req: 344/694] 199.204.45.222 () {32 vars in 857 bytes} [Tue May 19 09:11:25 2026] GET /resource_providers/5d202ca1-0b04-43ed-b28c-2922a8d8e412/allocations => generated 352 bytes in 19 msecs (HTTP/1.1 200) 6 headers in 224 bytes (1 switches on core 0)
2026-05-19 09:11:25.828 6 INFO placement.requestlog [req-e7b6e32d-ad84-498b-9aab-16ee2228585b req-eb173f63-1823-460a-8861-ba6f92286f5d 6964d7b2c9444b50814ce046828476fc 4d52cc3d995b4e86ac2933dde43a28b3 - - ad1d004d85064691aaddd40d1d72adfc ad1d004d85064691aaddd40d1d72adfc] 199.204.45.222 "GET /allocations/fac0d1ea-43bb-445c-8901-7d7769902cb5" status: 200 len: 257 microversion: 1.28 [pid: 6|app: 0|req: 351/695] 199.204.45.222 () {34 vars in 863 bytes} [Tue May 19 09:11:25 2026] GET /allocations/fac0d1ea-43bb-445c-8901-7d7769902cb5 => generated 257 bytes in 16 msecs (HTTP/1.1 200) 8 headers in 296 bytes (1 switches on core 0)
2026-05-19 09:11:25.847 7 INFO placement.requestlog [req-e7b6e32d-ad84-498b-9aab-16ee2228585b req-4b5074af-4633-4a5d-b72f-09017b019a96 6964d7b2c9444b50814ce046828476fc 4d52cc3d995b4e86ac2933dde43a28b3 - - ad1d004d85064691aaddd40d1d72adfc ad1d004d85064691aaddd40d1d72adfc] 199.204.45.222 "GET /allocations/63fc9ba0-aa65-4e14-aa89-fb36cfd579af" status: 200 len: 257 microversion: 1.28 [pid: 7|app: 0|req: 345/696] 199.204.45.222 () {34 vars in 863 bytes} [Tue May 19 09:11:25 2026] GET /allocations/63fc9ba0-aa65-4e14-aa89-fb36cfd579af => generated 257 bytes in 10 msecs (HTTP/1.1 200) 8 headers in 296 bytes (1 switches on core 0)
2026-05-19 09:11:25.864 6 INFO placement.requestlog [req-e7b6e32d-ad84-498b-9aab-16ee2228585b req-ed7a2ee9-d648-4039-ba34-dd713f80f244 6964d7b2c9444b50814ce046828476fc 4d52cc3d995b4e86ac2933dde43a28b3 - - ad1d004d85064691aaddd40d1d72adfc ad1d004d85064691aaddd40d1d72adfc] 199.204.45.222 "GET /allocations/66ae7b76-b199-41ae-8780-1d2129403dc1" status: 200 len: 257 microversion: 1.28 [pid: 6|app: 0|req: 352/697] 199.204.45.222 () {34 vars in 863 bytes} [Tue May 19 09:11:25 2026] GET /allocations/66ae7b76-b199-41ae-8780-1d2129403dc1 => generated 257 bytes in 14 msecs (HTTP/1.1 200) 8 headers in 296 bytes (1 switches on core 0)
2026-05-19 09:11:28.825 7 INFO placement.requestlog [None req-cbb12346-f7b4-4447-8964-4cb92fbd7335 - - - - - -] 10.0.0.155 "GET /" status: 200 len: 136 microversion: 1.0
2026-05-19 09:11:28.825 6 INFO placement.requestlog [None req-da00ea8d-3fba-41fb-bc52-438fc6282dc5 - - - - - -] 10.0.0.155 "GET /" status: 200 len: 136 microversion: 1.0
2026-05-19 09:11:33.142 7 INFO placement.requestlog [req-92a2ed6f-1855-4ee3-b09d-ade22d7365b6 req-07ea43b8-8744-441e-8bb0-d2f12e849f2e 6964d7b2c9444b50814ce046828476fc 4d52cc3d995b4e86ac2933dde43a28b3 - - ad1d004d85064691aaddd40d1d72adfc ad1d004d85064691aaddd40d1d72adfc] 199.204.45.222 "GET /resource_providers/5d202ca1-0b04-43ed-b28c-2922a8d8e412/allocations" status: 200 len: 352 microversion: 1.0 [pid: 7|app: 0|req: 347/700] 199.204.45.222 () {32 vars in 857 bytes} [Tue May 19 09:11:33 2026] GET /resource_providers/5d202ca1-0b04-43ed-b28c-2922a8d8e412/allocations => generated 352 bytes in 23 msecs (HTTP/1.1 200) 6 headers in 224 bytes (1 switches on core 0)
2026-05-19 09:11:33.162 6 INFO placement.requestlog [req-92a2ed6f-1855-4ee3-b09d-ade22d7365b6 req-f4581060-316c-436b-8e25-f3819e63f7a8 6964d7b2c9444b50814ce046828476fc 4d52cc3d995b4e86ac2933dde43a28b3 - - ad1d004d85064691aaddd40d1d72adfc ad1d004d85064691aaddd40d1d72adfc] 199.204.45.222 "GET /allocations/fac0d1ea-43bb-445c-8901-7d7769902cb5" status: 200 len: 257 microversion: 1.28 [pid: 6|app: 0|req: 354/701] 199.204.45.222 () {34 vars in 863 bytes} [Tue May 19 09:11:33 2026] GET /allocations/fac0d1ea-43bb-445c-8901-7d7769902cb5 => generated 257 bytes in 14 msecs (HTTP/1.1 200) 8 headers in 296 bytes (1 switches on core 0)
2026-05-19 09:11:33.178 7 INFO placement.requestlog [req-92a2ed6f-1855-4ee3-b09d-ade22d7365b6 req-673b019f-07ae-4ff6-92a4-c95126698816 6964d7b2c9444b50814ce046828476fc 4d52cc3d995b4e86ac2933dde43a28b3 - - ad1d004d85064691aaddd40d1d72adfc ad1d004d85064691aaddd40d1d72adfc] 199.204.45.222 "GET /allocations/63fc9ba0-aa65-4e14-aa89-fb36cfd579af" status: 200 len: 257 microversion: 1.28 [pid: 7|app: 0|req: 348/702] 199.204.45.222 () {34 vars in 863 bytes} [Tue May 19 09:11:33 2026] GET /allocations/63fc9ba0-aa65-4e14-aa89-fb36cfd579af => generated 257 bytes in 9 msecs (HTTP/1.1 200) 8 headers in 296 bytes (1 switches on core 0)
2026-05-19 09:11:33.190 6 INFO placement.requestlog [req-92a2ed6f-1855-4ee3-b09d-ade22d7365b6 req-aace72a7-aca5-4f28-88a1-31126652585c 6964d7b2c9444b50814ce046828476fc 4d52cc3d995b4e86ac2933dde43a28b3 - - ad1d004d85064691aaddd40d1d72adfc ad1d004d85064691aaddd40d1d72adfc] 199.204.45.222 "GET /allocations/66ae7b76-b199-41ae-8780-1d2129403dc1" status: 200 len: 257 microversion: 1.28 [pid: 6|app: 0|req: 355/703] 199.204.45.222 () {34 vars in 863 bytes} [Tue May 19 09:11:33 2026] GET /allocations/66ae7b76-b199-41ae-8780-1d2129403dc1 => generated 257 bytes in 9 msecs (HTTP/1.1 200) 8 headers in 296 bytes (1 switches on core 0)
2026-05-19 09:11:34.249 7 INFO placement.requestlog [req-92a2ed6f-1855-4ee3-b09d-ade22d7365b6 req-b20a3ddc-e7cf-4b30-9384-bcf977cc5afd 6964d7b2c9444b50814ce046828476fc 4d52cc3d995b4e86ac2933dde43a28b3 - - ad1d004d85064691aaddd40d1d72adfc ad1d004d85064691aaddd40d1d72adfc] 199.204.45.222 "DELETE /allocations/66ae7b76-b199-41ae-8780-1d2129403dc1" status: 204 len: 0 microversion: 1.0 [pid: 7|app: 0|req: 349/704] 199.204.45.222 () {34 vars in 841 bytes} [Tue May 19 09:11:34 2026] DELETE /allocations/66ae7b76-b199-41ae-8780-1d2129403dc1 => generated 0 bytes in 31 msecs (HTTP/1.1 204) 5 headers in 198 bytes (1 switches on core 0)
2026-05-19 09:11:38.012 6 INFO placement.requestlog [None req-8ee6e5d6-bfb4-4a9c-a4d1-eb312c38e3ca 78164dbf9c0645bbac318ccb0e390f4b 4d52cc3d995b4e86ac2933dde43a28b3 - - ad1d004d85064691aaddd40d1d72adfc ad1d004d85064691aaddd40d1d72adfc] 10.0.0.118 "GET /resource_providers/73356e4d-2158-4e2a-979c-c3fb4256c10b/aggregates" status: 404 len: 235 microversion: 1.1 [pid: 6|app: 0|req: 356/705] 10.0.0.118 () {32 vars in 816 bytes} [Tue May 19 09:11:38 2026] GET /resource_providers/73356e4d-2158-4e2a-979c-c3fb4256c10b/aggregates => generated 235 bytes in 11 msecs (HTTP/1.1 404) 5 headers in 202 bytes (1 switches on core 0)
2026-05-19 09:11:38.015 7 INFO placement.requestlog [None req-2c2e90e1-8abe-44dd-b0dd-025723e498de 78164dbf9c0645bbac318ccb0e390f4b 4d52cc3d995b4e86ac2933dde43a28b3 - - ad1d004d85064691aaddd40d1d72adfc ad1d004d85064691aaddd40d1d72adfc] 10.0.0.118 "GET /resource_providers/73356e4d-2158-4e2a-979c-c3fb4256c10b/aggregates" status: 404 len: 235 microversion: 1.1 [pid: 7|app: 0|req: 350/706] 10.0.0.118 () {32 vars in 816 bytes} [Tue May 19 09:11:38 2026] GET /resource_providers/73356e4d-2158-4e2a-979c-c3fb4256c10b/aggregates => generated 235 bytes in 14 msecs (HTTP/1.1 404) 5 headers in 202 bytes (1 switches on core 0)
2026-05-19 09:11:38.029 6 INFO placement.requestlog [None req-1db97dc7-fcc1-42a0-a65f-476c741f4262 78164dbf9c0645bbac318ccb0e390f4b 4d52cc3d995b4e86ac2933dde43a28b3 - - ad1d004d85064691aaddd40d1d72adfc ad1d004d85064691aaddd40d1d72adfc] 10.0.0.118 "DELETE /resource_providers/73356e4d-2158-4e2a-979c-c3fb4256c10b" status: 404 len: 246 microversion: 1.1 [pid: 6|app: 0|req: 357/707] 10.0.0.118 () {34 vars in 816 bytes} [Tue May 19 09:11:38 2026] DELETE /resource_providers/73356e4d-2158-4e2a-979c-c3fb4256c10b => generated 246 bytes in 9 msecs (HTTP/1.1 404) 6 headers in 231 bytes (1 switches on core 0)
2026-05-19 09:11:38.033 7 INFO placement.requestlog [None req-c2c8015c-d8a5-4e62-92a5-379bf5795d06 78164dbf9c0645bbac318ccb0e390f4b 4d52cc3d995b4e86ac2933dde43a28b3 - - ad1d004d85064691aaddd40d1d72adfc ad1d004d85064691aaddd40d1d72adfc] 10.0.0.118 "DELETE /resource_providers/73356e4d-2158-4e2a-979c-c3fb4256c10b" status: 404 len: 246 microversion: 1.1 [pid: 7|app: 0|req: 351/708] 10.0.0.118 () {34 vars in 816 bytes} [Tue May 19 09:11:38 2026] DELETE /resource_providers/73356e4d-2158-4e2a-979c-c3fb4256c10b => generated 246 bytes in 7 msecs (HTTP/1.1 404) 6 headers in 231 bytes (1 switches on core 0)
2026-05-19 09:11:38.824 6 INFO placement.requestlog [None req-13a3364d-b689-4250-994c-44d7d1ca0489 - - - - - -] 10.0.0.155 "GET /" status: 200 len: 136 microversion: 1.0
2026-05-19 09:11:38.825 7 INFO placement.requestlog [None req-e44b7ba0-87d2-42e6-ad8d-ff28cdd0acd7 - - - - - -] 10.0.0.155 "GET /" status: 200 len: 136 microversion: 1.0
2026-05-19 09:11:40.399 6 INFO placement.requestlog [req-2cd26bed-f277-444a-a5f2-31206f39bc7f req-d418a8fa-20bf-4048-956d-e7a6dc1ec2b2 6964d7b2c9444b50814ce046828476fc 4d52cc3d995b4e86ac2933dde43a28b3 - - ad1d004d85064691aaddd40d1d72adfc ad1d004d85064691aaddd40d1d72adfc] 199.204.45.222 "GET /resource_providers/5d202ca1-0b04-43ed-b28c-2922a8d8e412/allocations" status: 200 len: 252 microversion: 1.0 [pid: 6|app: 0|req: 359/711] 199.204.45.222 () {32 vars in 857 bytes} [Tue May 19 09:11:40 2026] GET /resource_providers/5d202ca1-0b04-43ed-b28c-2922a8d8e412/allocations => generated 252 bytes in 17 msecs (HTTP/1.1 200) 6 headers in 224 bytes (1 switches on core 0)
2026-05-19 09:11:40.417 7 INFO placement.requestlog [req-2cd26bed-f277-444a-a5f2-31206f39bc7f req-cc034a82-aadb-4c87-a6d9-630d601d8888 6964d7b2c9444b50814ce046828476fc 4d52cc3d995b4e86ac2933dde43a28b3 - - ad1d004d85064691aaddd40d1d72adfc ad1d004d85064691aaddd40d1d72adfc] 199.204.45.222 "GET /allocations/63fc9ba0-aa65-4e14-aa89-fb36cfd579af" status: 200 len: 257 microversion: 1.28 [pid: 7|app: 0|req: 353/712] 199.204.45.222 () {34 vars in 863 bytes} [Tue May 19 09:11:40 2026] GET /allocations/63fc9ba0-aa65-4e14-aa89-fb36cfd579af => generated 257 bytes in 12 msecs (HTTP/1.1 200) 8 headers in 296 bytes (1 switches on core 0)
2026-05-19 09:11:40.433 6 INFO placement.requestlog [req-2cd26bed-f277-444a-a5f2-31206f39bc7f req-ffe64194-ce4a-408d-a36f-aae7cb06aae9 6964d7b2c9444b50814ce046828476fc 4d52cc3d995b4e86ac2933dde43a28b3 - - ad1d004d85064691aaddd40d1d72adfc ad1d004d85064691aaddd40d1d72adfc] 199.204.45.222 "GET /allocations/fac0d1ea-43bb-445c-8901-7d7769902cb5" status: 200 len: 257 microversion: 1.28 [pid: 6|app: 0|req: 360/713] 199.204.45.222 () {34 vars in 863 bytes} [Tue May 19 09:11:40 2026] GET /allocations/fac0d1ea-43bb-445c-8901-7d7769902cb5 => generated 257 bytes in 12 msecs (HTTP/1.1 200) 8 headers in 296 bytes (1 switches on core 0)
2026-05-19 09:11:41.480 7 INFO placement.requestlog [req-2cd26bed-f277-444a-a5f2-31206f39bc7f req-2f6ca1e4-0c1c-4e76-afeb-dce61080b759 6964d7b2c9444b50814ce046828476fc 4d52cc3d995b4e86ac2933dde43a28b3 - - ad1d004d85064691aaddd40d1d72adfc ad1d004d85064691aaddd40d1d72adfc] 199.204.45.222 "DELETE /allocations/fac0d1ea-43bb-445c-8901-7d7769902cb5" status: 204 len: 0 microversion: 1.0 [pid: 7|app: 0|req: 354/714] 199.204.45.222 () {34 vars in 841 bytes} [Tue May 19 09:11:41 2026] DELETE /allocations/fac0d1ea-43bb-445c-8901-7d7769902cb5 => generated 0 bytes in 25 msecs (HTTP/1.1 204) 5 headers in 198 bytes (1 switches on core 0)
2026-05-19 09:11:44.584 6 INFO placement.requestlog [req-96bdf0fe-c922-4fa7-b6e3-05b9c2c606a7 req-26891e05-ef80-4cc9-a63f-a23f5bb37711 6964d7b2c9444b50814ce046828476fc 4d52cc3d995b4e86ac2933dde43a28b3 - - ad1d004d85064691aaddd40d1d72adfc ad1d004d85064691aaddd40d1d72adfc] 199.204.45.222 "GET /resource_providers/5d202ca1-0b04-43ed-b28c-2922a8d8e412/allocations" status: 200 len: 152 microversion: 1.0 [pid: 6|app: 0|req: 361/715] 199.204.45.222 () {32 vars in 857 bytes} [Tue May 19 09:11:44 2026] GET /resource_providers/5d202ca1-0b04-43ed-b28c-2922a8d8e412/allocations => generated 152 bytes in 20 msecs (HTTP/1.1 200) 6 headers in 224 bytes (1 switches on core 0)
2026-05-19 09:11:44.608 7 INFO placement.requestlog [req-96bdf0fe-c922-4fa7-b6e3-05b9c2c606a7 req-ddf2f151-6c81-4416-9f3e-f0c89d208046 6964d7b2c9444b50814ce046828476fc 4d52cc3d995b4e86ac2933dde43a28b3 - - ad1d004d85064691aaddd40d1d72adfc ad1d004d85064691aaddd40d1d72adfc] 199.204.45.222 "GET /resource_providers/5d202ca1-0b04-43ed-b28c-2922a8d8e412/allocations" status: 200 len: 152 microversion: 1.0 [pid: 7|app: 0|req: 355/716] 199.204.45.222 () {32 vars in 857 bytes} [Tue May 19 09:11:44 2026] GET /resource_providers/5d202ca1-0b04-43ed-b28c-2922a8d8e412/allocations => generated 152 bytes in 17 msecs (HTTP/1.1 200) 6 headers in 224 bytes (1 switches on core 0)
2026-05-19 09:11:44.631 6 INFO placement.requestlog [req-96bdf0fe-c922-4fa7-b6e3-05b9c2c606a7 req-dbff8c61-34f2-47af-90f8-0bc33373ed84 6964d7b2c9444b50814ce046828476fc 4d52cc3d995b4e86ac2933dde43a28b3 - - ad1d004d85064691aaddd40d1d72adfc ad1d004d85064691aaddd40d1d72adfc] 199.204.45.222 "GET /allocations/63fc9ba0-aa65-4e14-aa89-fb36cfd579af" status: 200 len: 257 microversion: 1.28 [pid: 6|app: 0|req: 362/717] 199.204.45.222 () {34 vars in 863 bytes} [Tue May 19 09:11:44 2026] GET /allocations/63fc9ba0-aa65-4e14-aa89-fb36cfd579af => generated 257 bytes in 15 msecs (HTTP/1.1 200) 8 headers in 296 bytes (1 switches on core 0)
2026-05-19 09:11:46.174 7 INFO placement.requestlog [None req-b4b40a3e-5013-4e3b-8fab-8b865f04eb18 78164dbf9c0645bbac318ccb0e390f4b 4d52cc3d995b4e86ac2933dde43a28b3 - - ad1d004d85064691aaddd40d1d72adfc ad1d004d85064691aaddd40d1d72adfc] 10.0.0.118 "GET /resource_providers/4183d233-db77-4f9e-9527-54660263daa0/aggregates" status: 404 len: 235 microversion: 1.1 [pid: 7|app: 0|req: 356/718] 10.0.0.118 () {32 vars in 816 bytes} [Tue May 19 09:11:46 2026] GET /resource_providers/4183d233-db77-4f9e-9527-54660263daa0/aggregates => generated 235 bytes in 7 msecs (HTTP/1.1 404) 5 headers in 202 bytes (1 switches on core 0)
2026-05-19 09:11:46.184 6 INFO placement.requestlog [None req-c4127f69-6ead-409f-afcf-581c9c5ef309 78164dbf9c0645bbac318ccb0e390f4b 4d52cc3d995b4e86ac2933dde43a28b3 - - ad1d004d85064691aaddd40d1d72adfc ad1d004d85064691aaddd40d1d72adfc] 10.0.0.118 "GET /resource_providers/4183d233-db77-4f9e-9527-54660263daa0/aggregates" status: 404 len: 235 microversion: 1.1 [pid: 6|app: 0|req: 363/719] 10.0.0.118 () {32 vars in 816 bytes} [Tue May 19 09:11:46 2026] GET /resource_providers/4183d233-db77-4f9e-9527-54660263daa0/aggregates => generated 235 bytes in 18 msecs (HTTP/1.1 404) 5 headers in 202 bytes (1 switches on core 0)
2026-05-19 09:11:46.196 7 INFO placement.requestlog [None req-d0b3d2e6-40ac-48ef-bfb0-01a27b67370a 78164dbf9c0645bbac318ccb0e390f4b 4d52cc3d995b4e86ac2933dde43a28b3 - - ad1d004d85064691aaddd40d1d72adfc ad1d004d85064691aaddd40d1d72adfc] 10.0.0.118 "DELETE /resource_providers/4183d233-db77-4f9e-9527-54660263daa0" status: 404 len: 246 microversion: 1.1 [pid: 7|app: 0|req: 357/720] 10.0.0.118 () {34 vars in 816 bytes} [Tue May 19 09:11:46 2026] DELETE /resource_providers/4183d233-db77-4f9e-9527-54660263daa0 => generated 246 bytes in 11 msecs (HTTP/1.1 404) 6 headers in 231 bytes (1 switches on core 0)
2026-05-19 09:11:46.208 6 INFO placement.requestlog [None req-2e30ee53-2de6-407d-9365-49b528bc5beb 78164dbf9c0645bbac318ccb0e390f4b 4d52cc3d995b4e86ac2933dde43a28b3 - - ad1d004d85064691aaddd40d1d72adfc ad1d004d85064691aaddd40d1d72adfc] 10.0.0.118 "DELETE /resource_providers/4183d233-db77-4f9e-9527-54660263daa0" status: 404 len: 246 microversion: 1.1 [pid: 6|app: 0|req: 364/721] 10.0.0.118 () {34 vars in 816 bytes} [Tue May 19 09:11:46 2026] DELETE /resource_providers/4183d233-db77-4f9e-9527-54660263daa0 => generated 246 bytes in 16 msecs (HTTP/1.1 404) 6 headers in 231 bytes (1 switches on core 0)
2026-05-19 09:11:48.223 7 INFO placement.requestlog [None req-eb900a3b-f0ca-4bd6-bea5-6f8b403c2d09 78164dbf9c0645bbac318ccb0e390f4b 4d52cc3d995b4e86ac2933dde43a28b3 - - ad1d004d85064691aaddd40d1d72adfc ad1d004d85064691aaddd40d1d72adfc] 10.0.0.118 "GET /resource_providers/6c0bc428-c8e7-4689-8270-82e318ac093c/aggregates" status: 404 len: 235 microversion: 1.1 [pid: 7|app: 0|req: 358/722] 10.0.0.118 () {32 vars in 816 bytes} [Tue May 19 09:11:48 2026] GET /resource_providers/6c0bc428-c8e7-4689-8270-82e318ac093c/aggregates => generated 235 bytes in 13 msecs (HTTP/1.1 404) 5 headers in 202 bytes (1 switches on core 0)
2026-05-19 09:11:48.240 7 INFO placement.requestlog [None req-7565595e-dee4-4e53-b34c-1693ad1afa71 78164dbf9c0645bbac318ccb0e390f4b 4d52cc3d995b4e86ac2933dde43a28b3 - - ad1d004d85064691aaddd40d1d72adfc ad1d004d85064691aaddd40d1d72adfc] 10.0.0.118 "DELETE /resource_providers/6c0bc428-c8e7-4689-8270-82e318ac093c" status: 404 len: 246 microversion: 1.1 [pid: 7|app: 0|req: 359/723] 10.0.0.118 () {34 vars in 816 bytes} [Tue May 19 09:11:48 2026] DELETE /resource_providers/6c0bc428-c8e7-4689-8270-82e318ac093c => generated 246 bytes in 8 msecs (HTTP/1.1 404) 6 headers in 231 bytes (1 switches on core 0)
2026-05-19 09:11:48.242 6 INFO placement.requestlog [None req-b2b84168-cb13-48e9-8ed5-583d807d5c72 78164dbf9c0645bbac318ccb0e390f4b 4d52cc3d995b4e86ac2933dde43a28b3 - - ad1d004d85064691aaddd40d1d72adfc ad1d004d85064691aaddd40d1d72adfc] 10.0.0.118 "GET /resource_providers/6c0bc428-c8e7-4689-8270-82e318ac093c/aggregates" status: 404 len: 235 microversion: 1.1 [pid: 6|app: 0|req: 365/724] 10.0.0.118 () {32 vars in 816 bytes} [Tue May 19 09:11:48 2026] GET /resource_providers/6c0bc428-c8e7-4689-8270-82e318ac093c/aggregates => generated 235 bytes in 12 msecs (HTTP/1.1 404) 5 headers in 202 bytes (1 switches on core 0)
2026-05-19 09:11:48.259 7 INFO placement.requestlog [None req-5eb143d5-f6e1-4ca3-ae9a-49f1f2ca512e 78164dbf9c0645bbac318ccb0e390f4b 4d52cc3d995b4e86ac2933dde43a28b3 - - ad1d004d85064691aaddd40d1d72adfc ad1d004d85064691aaddd40d1d72adfc] 10.0.0.118 "DELETE /resource_providers/6c0bc428-c8e7-4689-8270-82e318ac093c" status: 404 len: 246 microversion: 1.1 [pid: 7|app: 0|req: 360/725] 10.0.0.118 () {34 vars in 816 bytes} [Tue May 19 09:11:48 2026] DELETE /resource_providers/6c0bc428-c8e7-4689-8270-82e318ac093c => generated 246 bytes in 8 msecs (HTTP/1.1 404) 6 headers in 231 bytes (1 switches on core 0)
2026-05-19 09:11:48.825 7 INFO placement.requestlog [None req-429371f4-a80b-4027-95fa-0bc0ff76312e - - - - - -] 10.0.0.155 "GET /" status: 200 len: 136 microversion: 1.0
2026-05-19 09:11:48.825 6 INFO placement.requestlog [None req-ab4ebab2-744f-4a63-96af-3932c8a776f3 - - - - - -] 10.0.0.155 "GET /" status: 200 len: 136 microversion: 1.0
2026-05-19 09:11:50.256 7 INFO placement.requestlog [None req-e1ae0fc6-f7bb-4947-91bf-1867a073bc70 78164dbf9c0645bbac318ccb0e390f4b 4d52cc3d995b4e86ac2933dde43a28b3 - - ad1d004d85064691aaddd40d1d72adfc ad1d004d85064691aaddd40d1d72adfc] 10.0.0.118 "GET /resource_providers/6baa82cd-ae6e-4a5d-91b2-6e19e702f1ab/aggregates" status: 404 len: 235 microversion: 1.1 [pid: 7|app: 0|req: 362/728] 10.0.0.118 () {32 vars in 816 bytes} [Tue May 19 09:11:50 2026] GET /resource_providers/6baa82cd-ae6e-4a5d-91b2-6e19e702f1ab/aggregates => generated 235 bytes in 9 msecs (HTTP/1.1 404) 5 headers in 202 bytes (1 switches on core 0)
2026-05-19 09:11:50.272 6 INFO placement.requestlog [None req-57a16d16-7b62-4d7e-828c-6186a9826f8b 78164dbf9c0645bbac318ccb0e390f4b 4d52cc3d995b4e86ac2933dde43a28b3 - - ad1d004d85064691aaddd40d1d72adfc ad1d004d85064691aaddd40d1d72adfc] 10.0.0.118 "DELETE /resource_providers/6baa82cd-ae6e-4a5d-91b2-6e19e702f1ab" status: 404 len: 246 microversion: 1.1 [pid: 6|app: 0|req: 367/729] 10.0.0.118 () {34 vars in 816 bytes} [Tue May 19 09:11:50 2026] DELETE /resource_providers/6baa82cd-ae6e-4a5d-91b2-6e19e702f1ab => generated 246 bytes in 10 msecs (HTTP/1.1 404) 6 headers in 231 bytes (1 switches on core 0)
2026-05-19 09:11:50.286 7 INFO placement.requestlog [None req-4cf5b447-8aa8-4c62-89d4-a321db84bbc6 78164dbf9c0645bbac318ccb0e390f4b 4d52cc3d995b4e86ac2933dde43a28b3 - - ad1d004d85064691aaddd40d1d72adfc ad1d004d85064691aaddd40d1d72adfc] 10.0.0.118 "GET /resource_providers/6baa82cd-ae6e-4a5d-91b2-6e19e702f1ab/aggregates" status: 404 len: 235 microversion: 1.1 [pid: 7|app: 0|req: 363/730] 10.0.0.118 () {32 vars in 816 bytes} [Tue May 19 09:11:50 2026] GET /resource_providers/6baa82cd-ae6e-4a5d-91b2-6e19e702f1ab/aggregates => generated 235 bytes in 17 msecs (HTTP/1.1 404) 5 headers in 202 bytes (1 switches on core 0)
2026-05-19 09:11:50.303 6 INFO placement.requestlog [None req-7f9b4e97-d602-41a1-85d5-d2e41241e3ac 78164dbf9c0645bbac318ccb0e390f4b 4d52cc3d995b4e86ac2933dde43a28b3 - - ad1d004d85064691aaddd40d1d72adfc ad1d004d85064691aaddd40d1d72adfc] 10.0.0.118 "DELETE /resource_providers/6baa82cd-ae6e-4a5d-91b2-6e19e702f1ab" status: 404 len: 246 microversion: 1.1 [pid: 6|app: 0|req: 368/731] 10.0.0.118 () {34 vars in 816 bytes} [Tue May 19 09:11:50 2026] DELETE /resource_providers/6baa82cd-ae6e-4a5d-91b2-6e19e702f1ab => generated 246 bytes in 11 msecs (HTTP/1.1 404) 6 headers in 231 bytes (1 switches on core 0)
2026-05-19 09:11:55.932 6 INFO placement.requestlog [None req-5a3ce638-f2e7-4f88-b8b3-6524a27bbf1e 78164dbf9c0645bbac318ccb0e390f4b 4d52cc3d995b4e86ac2933dde43a28b3 - - ad1d004d85064691aaddd40d1d72adfc ad1d004d85064691aaddd40d1d72adfc] 10.0.0.118 "GET /resource_providers/88d0f297-1dfb-498e-a2c8-73f32048ff70/aggregates" status: 404 len: 235 microversion: 1.1 [pid: 6|app: 0|req: 369/732] 10.0.0.118 () {32 vars in 816 bytes} [Tue May 19 09:11:55 2026] GET /resource_providers/88d0f297-1dfb-498e-a2c8-73f32048ff70/aggregates => generated 235 bytes in 8 msecs (HTTP/1.1 404) 5 headers in 202 bytes (1 switches on core 0)
2026-05-19 09:11:55.937 7 INFO placement.requestlog [None req-44f00c72-381e-416f-af45-bfe422b9a0e7 78164dbf9c0645bbac318ccb0e390f4b 4d52cc3d995b4e86ac2933dde43a28b3 - - ad1d004d85064691aaddd40d1d72adfc ad1d004d85064691aaddd40d1d72adfc] 10.0.0.118 "GET /resource_providers/88d0f297-1dfb-498e-a2c8-73f32048ff70/aggregates" status: 404 len: 235 microversion: 1.1 [pid: 7|app: 0|req: 364/733] 10.0.0.118 () {32 vars in 816 bytes} [Tue May 19 09:11:55 2026] GET /resource_providers/88d0f297-1dfb-498e-a2c8-73f32048ff70/aggregates => generated 235 bytes in 13 msecs (HTTP/1.1 404) 5 headers in 202 bytes (1 switches on core 0)
2026-05-19 09:11:55.962 7 INFO placement.requestlog [None req-029542e8-a0b8-4444-bfce-1ee1b63c989e 78164dbf9c0645bbac318ccb0e390f4b 4d52cc3d995b4e86ac2933dde43a28b3 - - ad1d004d85064691aaddd40d1d72adfc ad1d004d85064691aaddd40d1d72adfc] 10.0.0.118 "DELETE /resource_providers/88d0f297-1dfb-498e-a2c8-73f32048ff70" status: 404 len: 246 microversion: 1.1 [pid: 7|app: 0|req: 365/734] 10.0.0.118 () {34 vars in 816 bytes} [Tue May 19 09:11:55 2026] DELETE /resource_providers/88d0f297-1dfb-498e-a2c8-73f32048ff70 => generated 246 bytes in 10 msecs (HTTP/1.1 404) 6 headers in 231 bytes (1 switches on core 0)
2026-05-19 09:11:55.964 6 INFO placement.requestlog [None req-3caed2e7-f727-4b4f-9393-ba5747cbd8e2 78164dbf9c0645bbac318ccb0e390f4b 4d52cc3d995b4e86ac2933dde43a28b3 - - ad1d004d85064691aaddd40d1d72adfc ad1d004d85064691aaddd40d1d72adfc] 10.0.0.118 "DELETE /resource_providers/88d0f297-1dfb-498e-a2c8-73f32048ff70" status: 404 len: 246 microversion: 1.1 [pid: 6|app: 0|req: 370/735] 10.0.0.118 () {34 vars in 816 bytes} [Tue May 19 09:11:55 2026] DELETE /resource_providers/88d0f297-1dfb-498e-a2c8-73f32048ff70 => generated 246 bytes in 15 msecs (HTTP/1.1 404) 6 headers in 231 bytes (1 switches on core 0)
2026-05-19 09:11:57.010 7 INFO placement.requestlog [None req-95652aaf-c512-4520-ae78-d54b7d16e147 78164dbf9c0645bbac318ccb0e390f4b 4d52cc3d995b4e86ac2933dde43a28b3 - - ad1d004d85064691aaddd40d1d72adfc ad1d004d85064691aaddd40d1d72adfc] 10.0.0.118 "GET /resource_providers/dc9e7ecd-e5a5-4a73-b7be-df219a3a8981/aggregates" status: 404 len: 235 microversion: 1.1 [pid: 7|app: 0|req: 366/736] 10.0.0.118 () {32 vars in 816 bytes} [Tue May 19 09:11:57 2026] GET /resource_providers/dc9e7ecd-e5a5-4a73-b7be-df219a3a8981/aggregates => generated 235 bytes in 8 msecs (HTTP/1.1 404) 5 headers in 202 bytes (1 switches on core 0)
2026-05-19 09:11:57.020 6 INFO placement.requestlog [None req-8ae209af-7017-48f1-b6ef-7b90f3429966 78164dbf9c0645bbac318ccb0e390f4b 4d52cc3d995b4e86ac2933dde43a28b3 - - ad1d004d85064691aaddd40d1d72adfc ad1d004d85064691aaddd40d1d72adfc] 10.0.0.118 "GET /resource_providers/dc9e7ecd-e5a5-4a73-b7be-df219a3a8981/aggregates" status: 404 len: 235 microversion: 1.1 [pid: 6|app: 0|req: 371/737] 10.0.0.118 () {32 vars in 816 bytes} [Tue May 19 09:11:57 2026] GET /resource_providers/dc9e7ecd-e5a5-4a73-b7be-df219a3a8981/aggregates => generated 235 bytes in 11 msecs (HTTP/1.1 404) 5 headers in 202 bytes (1 switches on core 0)
2026-05-19 09:11:57.026 7 INFO placement.requestlog [None req-827bc978-067a-458f-9d06-17b5120f8bc4 78164dbf9c0645bbac318ccb0e390f4b 4d52cc3d995b4e86ac2933dde43a28b3 - - ad1d004d85064691aaddd40d1d72adfc ad1d004d85064691aaddd40d1d72adfc] 10.0.0.118 "DELETE /resource_providers/dc9e7ecd-e5a5-4a73-b7be-df219a3a8981" status: 404 len: 246 microversion: 1.1 [pid: 7|app: 0|req: 367/738] 10.0.0.118 () {34 vars in 816 bytes} [Tue May 19 09:11:57 2026] DELETE /resource_providers/dc9e7ecd-e5a5-4a73-b7be-df219a3a8981 => generated 246 bytes in 6 msecs (HTTP/1.1 404) 6 headers in 231 bytes (1 switches on core 0)
2026-05-19 09:11:57.036 6 INFO placement.requestlog [None req-a33cd99f-17e5-401b-a0a9-1dace45177fd 78164dbf9c0645bbac318ccb0e390f4b 4d52cc3d995b4e86ac2933dde43a28b3 - - ad1d004d85064691aaddd40d1d72adfc ad1d004d85064691aaddd40d1d72adfc] 10.0.0.118 "DELETE /resource_providers/dc9e7ecd-e5a5-4a73-b7be-df219a3a8981" status: 404 len: 246 microversion: 1.1 [pid: 6|app: 0|req: 372/739] 10.0.0.118 () {34 vars in 816 bytes} [Tue May 19 09:11:57 2026] DELETE /resource_providers/dc9e7ecd-e5a5-4a73-b7be-df219a3a8981 => generated 246 bytes in 8 msecs (HTTP/1.1 404) 6 headers in 231 bytes (1 switches on core 0)
2026-05-19 09:11:57.990 6 INFO placement.requestlog [None req-f6c9ed0f-db72-4f12-a2e2-e0801d00307e 78164dbf9c0645bbac318ccb0e390f4b 4d52cc3d995b4e86ac2933dde43a28b3 - - ad1d004d85064691aaddd40d1d72adfc ad1d004d85064691aaddd40d1d72adfc] 10.0.0.118 "GET /resource_providers/57e19f2c-a875-41dd-a34f-910ecfd4d8ab/aggregates" status: 404 len: 235 microversion: 1.1 [pid: 6|app: 0|req: 373/740] 10.0.0.118 () {32 vars in 816 bytes} [Tue May 19 09:11:57 2026] GET /resource_providers/57e19f2c-a875-41dd-a34f-910ecfd4d8ab/aggregates => generated 235 bytes in 8 msecs (HTTP/1.1 404) 5 headers in 202 bytes (1 switches on core 0)
2026-05-19 09:11:57.991 7 INFO placement.requestlog [None req-65deee7b-6959-4535-8743-7037b0881f46 78164dbf9c0645bbac318ccb0e390f4b 4d52cc3d995b4e86ac2933dde43a28b3 - - ad1d004d85064691aaddd40d1d72adfc ad1d004d85064691aaddd40d1d72adfc] 10.0.0.118 "GET /resource_providers/57e19f2c-a875-41dd-a34f-910ecfd4d8ab/aggregates" status: 404 len: 235 microversion: 1.1 [pid: 7|app: 0|req: 368/741] 10.0.0.118 () {32 vars in 816 bytes} [Tue May 19 09:11:57 2026] GET /resource_providers/57e19f2c-a875-41dd-a34f-910ecfd4d8ab/aggregates => generated 235 bytes in 10 msecs (HTTP/1.1 404) 5 headers in 202 bytes (1 switches on core 0)
2026-05-19 09:11:58.010 6 INFO placement.requestlog [None req-89a2534a-5a68-493a-9720-07f1f06df868 78164dbf9c0645bbac318ccb0e390f4b 4d52cc3d995b4e86ac2933dde43a28b3 - - ad1d004d85064691aaddd40d1d72adfc ad1d004d85064691aaddd40d1d72adfc] 10.0.0.118 "DELETE /resource_providers/57e19f2c-a875-41dd-a34f-910ecfd4d8ab" status: 404 len: 246 microversion: 1.1 [pid: 6|app: 0|req: 374/742] 10.0.0.118 () {34 vars in 816 bytes} [Tue May 19 09:11:58 2026] DELETE /resource_providers/57e19f2c-a875-41dd-a34f-910ecfd4d8ab => generated 246 bytes in 7 msecs (HTTP/1.1 404) 6 headers in 231 bytes (1 switches on core 0)
2026-05-19 09:11:58.016 7 INFO placement.requestlog [None req-990716a3-f5af-4230-8711-254f925db04c 78164dbf9c0645bbac318ccb0e390f4b 4d52cc3d995b4e86ac2933dde43a28b3 - - ad1d004d85064691aaddd40d1d72adfc ad1d004d85064691aaddd40d1d72adfc] 10.0.0.118 "DELETE /resource_providers/57e19f2c-a875-41dd-a34f-910ecfd4d8ab" status: 404 len: 246 microversion: 1.1 [pid: 7|app: 0|req: 369/743] 10.0.0.118 () {34 vars in 816 bytes} [Tue May 19 09:11:58 2026] DELETE /resource_providers/57e19f2c-a875-41dd-a34f-910ecfd4d8ab => generated 246 bytes in 9 msecs (HTTP/1.1 404) 6 headers in 231 bytes (1 switches on core 0)
2026-05-19 09:11:58.824 6 INFO placement.requestlog [None req-ce8f0f4e-a8cc-4d7f-8f35-6ca6af7ea4ae - - - - - -] 10.0.0.155 "GET /" status: 200 len: 136 microversion: 1.0
2026-05-19 09:11:58.825 7 INFO placement.requestlog [None req-edb61aca-e68d-46bc-8ee6-7f6392d1b8de - - - - - -] 10.0.0.155 "GET /" status: 200 len: 136 microversion: 1.0
2026-05-19 09:11:59.047 7 INFO placement.requestlog [None req-0b340afd-ddc7-403e-acdf-21ba4f8cb0d3 78164dbf9c0645bbac318ccb0e390f4b 4d52cc3d995b4e86ac2933dde43a28b3 - - ad1d004d85064691aaddd40d1d72adfc ad1d004d85064691aaddd40d1d72adfc] 10.0.0.118 "GET /resource_providers/cee45cc5-a7d5-47cb-aa31-f7a0b8a7dfe0/aggregates" status: 404 len: 235 microversion: 1.1 [pid: 7|app: 0|req: 371/746] 10.0.0.118 () {32 vars in 816 bytes} [Tue May 19 09:11:59 2026] GET /resource_providers/cee45cc5-a7d5-47cb-aa31-f7a0b8a7dfe0/aggregates => generated 235 bytes in 12 msecs (HTTP/1.1 404) 5 headers in 202 bytes (1 switches on core 0)
2026-05-19 09:11:59.070 6 INFO placement.requestlog [None req-3fed2e57-5ecc-4256-9093-5dff7ad88e44 78164dbf9c0645bbac318ccb0e390f4b 4d52cc3d995b4e86ac2933dde43a28b3 - - ad1d004d85064691aaddd40d1d72adfc ad1d004d85064691aaddd40d1d72adfc] 10.0.0.118 "GET /resource_providers/cee45cc5-a7d5-47cb-aa31-f7a0b8a7dfe0/aggregates" status: 404 len: 235 microversion: 1.1 [pid: 6|app: 0|req: 376/747] 10.0.0.118 () {32 vars in 816 bytes} [Tue May 19 09:11:59 2026] GET /resource_providers/cee45cc5-a7d5-47cb-aa31-f7a0b8a7dfe0/aggregates => generated 235 bytes in 11 msecs (HTTP/1.1 404) 5 headers in 202 bytes (1 switches on core 0)
2026-05-19 09:11:59.073 7 INFO placement.requestlog [None req-93d2e0e8-175c-400b-91f7-ef8e85463a3d 78164dbf9c0645bbac318ccb0e390f4b 4d52cc3d995b4e86ac2933dde43a28b3 - - ad1d004d85064691aaddd40d1d72adfc ad1d004d85064691aaddd40d1d72adfc] 10.0.0.118 "DELETE /resource_providers/cee45cc5-a7d5-47cb-aa31-f7a0b8a7dfe0" status: 404 len: 246 microversion: 1.1 [pid: 7|app: 0|req: 372/748] 10.0.0.118 () {34 vars in 816 bytes} [Tue May 19 09:11:59 2026] DELETE /resource_providers/cee45cc5-a7d5-47cb-aa31-f7a0b8a7dfe0 => generated 246 bytes in 10 msecs (HTTP/1.1 404) 6 headers in 231 bytes (1 switches on core 0)
2026-05-19 09:11:59.098 6 INFO placement.requestlog [None req-5058c6b5-604a-42f3-b0b4-e9a2b6fd9752 78164dbf9c0645bbac318ccb0e390f4b 4d52cc3d995b4e86ac2933dde43a28b3 - - ad1d004d85064691aaddd40d1d72adfc ad1d004d85064691aaddd40d1d72adfc] 10.0.0.118 "DELETE /resource_providers/cee45cc5-a7d5-47cb-aa31-f7a0b8a7dfe0" status: 404 len: 246 microversion: 1.1 [pid: 6|app: 0|req: 377/749] 10.0.0.118 () {34 vars in 816 bytes} [Tue May 19 09:11:59 2026] DELETE /resource_providers/cee45cc5-a7d5-47cb-aa31-f7a0b8a7dfe0 => generated 246 bytes in 8 msecs (HTTP/1.1 404) 6 headers in 231 bytes (1 switches on core 0)
2026-05-19 09:12:04.221 7 INFO placement.requestlog [None req-eeb66d0f-342d-466e-ae3d-5d39b758f103 78164dbf9c0645bbac318ccb0e390f4b 4d52cc3d995b4e86ac2933dde43a28b3 - - ad1d004d85064691aaddd40d1d72adfc ad1d004d85064691aaddd40d1d72adfc] 10.0.0.118 "GET /resource_providers/33801bea-529c-4568-94cd-653f56ed6f1f/aggregates" status: 404 len: 235 microversion: 1.1 [pid: 7|app: 0|req: 373/750] 10.0.0.118 () {32 vars in 816 bytes} [Tue May 19 09:12:04 2026] GET /resource_providers/33801bea-529c-4568-94cd-653f56ed6f1f/aggregates => generated 235 bytes in 6 msecs (HTTP/1.1 404) 5 headers in 202 bytes (1 switches on core 0)
