Mar 23 05:34:37.427483 np0000160286 nova-scheduler[107467]: DEBUG cotyledon.oslo_config_glue [-] vnc.vencrypt_client_key = None {{(pid=107467) log_opt_values /opt/stack/data/venv/lib/python3.12/site-packages/oslo_config/cfg.py:3006}}
Mar 23 05:34:37.427714 np0000160286 nova-scheduler[107467]: DEBUG cotyledon.oslo_config_glue [-] workarounds.disable_compute_service_check_for_ffu = False {{(pid=107467) log_opt_values /opt/stack/data/venv/lib/python3.12/site-packages/oslo_config/cfg.py:3006}}
Mar 23 05:34:37.427714 np0000160286 nova-scheduler[107467]: DEBUG cotyledon.oslo_config_glue [-] workarounds.disable_deep_image_inspection = False {{(pid=107467) log_opt_values /opt/stack/data/venv/lib/python3.12/site-packages/oslo_config/cfg.py:3006}}
Mar 23 05:34:37.427714 np0000160286 nova-scheduler[107467]: DEBUG cotyledon.oslo_config_glue [-] workarounds.disable_fallback_pcpu_query = False {{(pid=107467) log_opt_values /opt/stack/data/venv/lib/python3.12/site-packages/oslo_config/cfg.py:3006}}
Mar 23 05:34:37.427714 np0000160286 nova-scheduler[107467]: DEBUG cotyledon.oslo_config_glue [-] workarounds.disable_group_policy_check_upcall = False {{(pid=107467) log_opt_values /opt/stack/data/venv/lib/python3.12/site-packages/oslo_config/cfg.py:3006}}
Mar 23 05:34:37.427714 np0000160286 nova-scheduler[107467]: DEBUG cotyledon.oslo_config_glue [-] workarounds.disable_libvirt_livesnapshot = False {{(pid=107467) log_opt_values /opt/stack/data/venv/lib/python3.12/site-packages/oslo_config/cfg.py:3006}}
Mar 23 05:34:37.427714 np0000160286 nova-scheduler[107467]: DEBUG cotyledon.oslo_config_glue [-] workarounds.disable_rootwrap = False {{(pid=107467) log_opt_values /opt/stack/data/venv/lib/python3.12/site-packages/oslo_config/cfg.py:3006}}
Mar 23 05:34:37.427714 np0000160286 nova-scheduler[107467]: DEBUG cotyledon.oslo_config_glue [-] workarounds.enable_numa_live_migration = False {{(pid=107467) log_opt_values /opt/stack/data/venv/lib/python3.12/site-packages/oslo_config/cfg.py:3006}}
Mar 23 05:34:37.427714 np0000160286 nova-scheduler[107467]: DEBUG cotyledon.oslo_config_glue [-] workarounds.enable_qemu_monitor_announce_self = False {{(pid=107467) log_opt_values /opt/stack/data/venv/lib/python3.12/site-packages/oslo_config/cfg.py:3006}}
Mar 23 05:34:37.427714 np0000160286 nova-scheduler[107467]: DEBUG cotyledon.oslo_config_glue [-] workarounds.ensure_libvirt_rbd_instance_dir_cleanup = False {{(pid=107467) log_opt_values /opt/stack/data/venv/lib/python3.12/site-packages/oslo_config/cfg.py:3006}}
Mar 23 05:34:37.427943 np0000160286 nova-scheduler[107467]: DEBUG cotyledon.oslo_config_glue [-] workarounds.handle_virt_lifecycle_events = True {{(pid=107467) log_opt_values /opt/stack/data/venv/lib/python3.12/site-packages/oslo_config/cfg.py:3006}}
Mar 23 05:34:37.427943 np0000160286 nova-scheduler[107467]: DEBUG cotyledon.oslo_config_glue [-] workarounds.libvirt_disable_apic = False {{(pid=107467) log_opt_values /opt/stack/data/venv/lib/python3.12/site-packages/oslo_config/cfg.py:3006}}
Mar 23 05:34:37.427943 np0000160286 nova-scheduler[107467]: DEBUG cotyledon.oslo_config_glue [-] workarounds.never_download_image_if_on_rbd = False {{(pid=107467) log_opt_values /opt/stack/data/venv/lib/python3.12/site-packages/oslo_config/cfg.py:3006}}
Mar 23 05:34:37.427943 np0000160286 nova-scheduler[107467]: DEBUG cotyledon.oslo_config_glue [-] workarounds.qemu_monitor_announce_self_count = 3 {{(pid=107467) log_opt_values /opt/stack/data/venv/lib/python3.12/site-packages/oslo_config/cfg.py:3006}}
Mar 23 05:34:37.427943 np0000160286 nova-scheduler[107467]: DEBUG cotyledon.oslo_config_glue [-] workarounds.qemu_monitor_announce_self_interval = 1 {{(pid=107467) log_opt_values /opt/stack/data/venv/lib/python3.12/site-packages/oslo_config/cfg.py:3006}}
Mar 23 05:34:37.427943 np0000160286 nova-scheduler[107467]: DEBUG cotyledon.oslo_config_glue [-] workarounds.reserve_disk_resource_for_image_cache = False {{(pid=107467) log_opt_values /opt/stack/data/venv/lib/python3.12/site-packages/oslo_config/cfg.py:3006}}
Mar 23 05:34:37.427943 np0000160286 nova-scheduler[107467]: DEBUG cotyledon.oslo_config_glue [-] workarounds.skip_cpu_compare_at_startup = False {{(pid=107467) log_opt_values /opt/stack/data/venv/lib/python3.12/site-packages/oslo_config/cfg.py:3006}}
Mar 23 05:34:37.427943 np0000160286 nova-scheduler[107467]: DEBUG cotyledon.oslo_config_glue [-] workarounds.skip_cpu_compare_on_dest = False {{(pid=107467) log_opt_values /opt/stack/data/venv/lib/python3.12/site-packages/oslo_config/cfg.py:3006}}
Mar 23 05:34:37.427943 np0000160286 nova-scheduler[107467]: DEBUG cotyledon.oslo_config_glue [-] workarounds.skip_hypervisor_version_check_on_lm = False {{(pid=107467) log_opt_values /opt/stack/data/venv/lib/python3.12/site-packages/oslo_config/cfg.py:3006}}
Mar 23 05:34:37.428182 np0000160286 nova-scheduler[107467]: DEBUG cotyledon.oslo_config_glue [-] workarounds.skip_reserve_in_use_ironic_nodes = False {{(pid=107467) log_opt_values /opt/stack/data/venv/lib/python3.12/site-packages/oslo_config/cfg.py:3006}}
Mar 23 05:34:37.428182 np0000160286 nova-scheduler[107467]: DEBUG cotyledon.oslo_config_glue [-] workarounds.unified_limits_count_pcpu_as_vcpu = False {{(pid=107467) log_opt_values /opt/stack/data/venv/lib/python3.12/site-packages/oslo_config/cfg.py:3006}}
Mar 23 05:34:37.428182 np0000160286 nova-scheduler[107467]: DEBUG cotyledon.oslo_config_glue [-] workarounds.wait_for_vif_plugged_event_during_hard_reboot = [] {{(pid=107467) log_opt_values /opt/stack/data/venv/lib/python3.12/site-packages/oslo_config/cfg.py:3006}}
Mar 23 05:34:37.428182 np0000160286 nova-scheduler[107467]: DEBUG cotyledon.oslo_config_glue [-] wsgi.api_paste_config = /etc/nova/api-paste.ini {{(pid=107467) log_opt_values /opt/stack/data/venv/lib/python3.12/site-packages/oslo_config/cfg.py:3006}}
Mar 23 05:34:37.428182 np0000160286 nova-scheduler[107467]: DEBUG cotyledon.oslo_config_glue [-] wsgi.secure_proxy_ssl_header = None {{(pid=107467) log_opt_values /opt/stack/data/venv/lib/python3.12/site-packages/oslo_config/cfg.py:3006}}
Mar 23 05:34:37.428182 np0000160286 nova-scheduler[107467]: DEBUG cotyledon.oslo_config_glue [-] zvm.ca_file = None {{(pid=107467) log_opt_values /opt/stack/data/venv/lib/python3.12/site-packages/oslo_config/cfg.py:3006}}
Mar 23 05:34:37.428182 np0000160286 nova-scheduler[107467]: DEBUG cotyledon.oslo_config_glue [-] zvm.cloud_connector_url = None {{(pid=107467) log_opt_values /opt/stack/data/venv/lib/python3.12/site-packages/oslo_config/cfg.py:3006}}
Mar 23 05:34:37.428182 np0000160286 nova-scheduler[107467]: DEBUG cotyledon.oslo_config_glue [-] zvm.image_tmp_path = /opt/stack/data/nova/images {{(pid=107467) log_opt_values /opt/stack/data/venv/lib/python3.12/site-packages/oslo_config/cfg.py:3006}}
Mar 23 05:34:37.428182 np0000160286 nova-scheduler[107467]: DEBUG cotyledon.oslo_config_glue [-] zvm.reachable_timeout = 300 {{(pid=107467) log_opt_values /opt/stack/data/venv/lib/python3.12/site-packages/oslo_config/cfg.py:3006}}
Mar 23 05:34:37.428416 np0000160286 nova-scheduler[107467]: DEBUG cotyledon.oslo_config_glue [-] oslo_versionedobjects.fatal_exception_format_errors = False {{(pid=107467) log_opt_values /opt/stack/data/venv/lib/python3.12/site-packages/oslo_config/cfg.py:3006}}
Mar 23 05:34:37.428416 np0000160286 nova-scheduler[107467]: DEBUG cotyledon.oslo_config_glue [-] oslo_middleware.http_basic_auth_user_file = /etc/htpasswd {{(pid=107467) log_opt_values /opt/stack/data/venv/lib/python3.12/site-packages/oslo_config/cfg.py:3006}}
Mar 23 05:34:37.428416 np0000160286 nova-scheduler[107467]: DEBUG cotyledon.oslo_config_glue [-] oslo_messaging_metrics.metrics_buffer_size = 1000 {{(pid=107467) log_opt_values /opt/stack/data/venv/lib/python3.12/site-packages/oslo_config/cfg.py:3006}}
Mar 23 05:34:37.428416 np0000160286 nova-scheduler[107467]: DEBUG cotyledon.oslo_config_glue [-] oslo_messaging_metrics.metrics_enabled = False {{(pid=107467) log_opt_values /opt/stack/data/venv/lib/python3.12/site-packages/oslo_config/cfg.py:3006}}
Mar 23 05:34:37.428416 np0000160286 nova-scheduler[107467]: DEBUG cotyledon.oslo_config_glue [-] oslo_messaging_metrics.metrics_process_name = {{(pid=107467) log_opt_values /opt/stack/data/venv/lib/python3.12/site-packages/oslo_config/cfg.py:3006}}
Mar 23 05:34:37.428416 np0000160286 nova-scheduler[107467]: DEBUG cotyledon.oslo_config_glue [-] oslo_messaging_metrics.metrics_socket_file = /var/tmp/metrics_collector.sock {{(pid=107467) log_opt_values /opt/stack/data/venv/lib/python3.12/site-packages/oslo_config/cfg.py:3006}}
Mar 23 05:34:37.428416 np0000160286 nova-scheduler[107467]: DEBUG cotyledon.oslo_config_glue [-] oslo_messaging_metrics.metrics_thread_stop_timeout = 10 {{(pid=107467) log_opt_values /opt/stack/data/venv/lib/python3.12/site-packages/oslo_config/cfg.py:3006}}
Mar 23 05:34:37.428416 np0000160286 nova-scheduler[107467]: DEBUG cotyledon.oslo_config_glue [-] profiler.connection_string = messaging:// {{(pid=107467) log_opt_values /opt/stack/data/venv/lib/python3.12/site-packages/oslo_config/cfg.py:3006}}
Mar 23 05:34:37.428719 np0000160286 nova-scheduler[107467]: DEBUG cotyledon.oslo_config_glue [-] profiler.enabled = False {{(pid=107467) log_opt_values /opt/stack/data/venv/lib/python3.12/site-packages/oslo_config/cfg.py:3006}}
Mar 23 05:34:37.428719 np0000160286 nova-scheduler[107467]: DEBUG cotyledon.oslo_config_glue [-] profiler.es_doc_type = notification {{(pid=107467) log_opt_values /opt/stack/data/venv/lib/python3.12/site-packages/oslo_config/cfg.py:3006}}
Mar 23 05:34:37.428719 np0000160286 nova-scheduler[107467]: DEBUG cotyledon.oslo_config_glue [-] profiler.es_scroll_size = 10000 {{(pid=107467) log_opt_values /opt/stack/data/venv/lib/python3.12/site-packages/oslo_config/cfg.py:3006}}
Mar 23 05:34:37.428719 np0000160286 nova-scheduler[107467]: DEBUG cotyledon.oslo_config_glue [-] profiler.es_scroll_time = 2m {{(pid=107467) log_opt_values /opt/stack/data/venv/lib/python3.12/site-packages/oslo_config/cfg.py:3006}}
Mar 23 05:34:37.428719 np0000160286 nova-scheduler[107467]: DEBUG cotyledon.oslo_config_glue [-] profiler.filter_error_trace = False {{(pid=107467) log_opt_values /opt/stack/data/venv/lib/python3.12/site-packages/oslo_config/cfg.py:3006}}
Mar 23 05:34:37.428719 np0000160286 nova-scheduler[107467]: DEBUG cotyledon.oslo_config_glue [-] profiler.hmac_keys = **** {{(pid=107467) log_opt_values /opt/stack/data/venv/lib/python3.12/site-packages/oslo_config/cfg.py:3006}}
Mar 23 05:34:37.428719 np0000160286 nova-scheduler[107467]: DEBUG cotyledon.oslo_config_glue [-] profiler.sentinel_service_name = mymaster {{(pid=107467) log_opt_values /opt/stack/data/venv/lib/python3.12/site-packages/oslo_config/cfg.py:3006}}
Mar 23 05:34:37.428719 np0000160286 nova-scheduler[107467]: DEBUG cotyledon.oslo_config_glue [-] profiler.socket_timeout = 0.1 {{(pid=107467) log_opt_values /opt/stack/data/venv/lib/python3.12/site-packages/oslo_config/cfg.py:3006}}
Mar 23 05:34:37.428719 np0000160286 nova-scheduler[107467]: DEBUG cotyledon.oslo_config_glue [-] profiler.trace_requests = False {{(pid=107467) log_opt_values /opt/stack/data/venv/lib/python3.12/site-packages/oslo_config/cfg.py:3006}}
Mar 23 05:34:37.428947 np0000160286 nova-scheduler[107467]: DEBUG cotyledon.oslo_config_glue [-] profiler.trace_sqlalchemy = False {{(pid=107467) log_opt_values /opt/stack/data/venv/lib/python3.12/site-packages/oslo_config/cfg.py:3006}}
Mar 23 05:34:37.428947 np0000160286 nova-scheduler[107467]: DEBUG cotyledon.oslo_config_glue [-] profiler_jaeger.process_tags = {} {{(pid=107467) log_opt_values /opt/stack/data/venv/lib/python3.12/site-packages/oslo_config/cfg.py:3006}}
Mar 23 05:34:37.428947 np0000160286 nova-scheduler[107467]: DEBUG cotyledon.oslo_config_glue [-] profiler_jaeger.service_name_prefix = None {{(pid=107467) log_opt_values /opt/stack/data/venv/lib/python3.12/site-packages/oslo_config/cfg.py:3006}}
Mar 23 05:34:37.428947 np0000160286 nova-scheduler[107467]: DEBUG cotyledon.oslo_config_glue [-] profiler_otlp.service_name_prefix = None {{(pid=107467) log_opt_values /opt/stack/data/venv/lib/python3.12/site-packages/oslo_config/cfg.py:3006}}
Mar 23 05:34:37.428947 np0000160286 nova-scheduler[107467]: DEBUG cotyledon.oslo_config_glue [-] oslo_messaging_rabbit.amqp_auto_delete = False {{(pid=107467) log_opt_values /opt/stack/data/venv/lib/python3.12/site-packages/oslo_config/cfg.py:3006}}
Mar 23 05:34:37.428947 np0000160286 nova-scheduler[107467]: DEBUG cotyledon.oslo_config_glue [-] oslo_messaging_rabbit.amqp_durable_queues = False {{(pid=107467) log_opt_values /opt/stack/data/venv/lib/python3.12/site-packages/oslo_config/cfg.py:3006}}
Mar 23 05:34:37.428947 np0000160286 nova-scheduler[107467]: DEBUG cotyledon.oslo_config_glue [-] oslo_messaging_rabbit.conn_pool_min_size = 2 {{(pid=107467) log_opt_values /opt/stack/data/venv/lib/python3.12/site-packages/oslo_config/cfg.py:3006}}
Mar 23 05:34:37.428947 np0000160286 nova-scheduler[107467]: DEBUG cotyledon.oslo_config_glue [-] oslo_messaging_rabbit.conn_pool_ttl = 1200 {{(pid=107467) log_opt_values /opt/stack/data/venv/lib/python3.12/site-packages/oslo_config/cfg.py:3006}}
Mar 23 05:34:37.428947 np0000160286 nova-scheduler[107467]: DEBUG cotyledon.oslo_config_glue [-] oslo_messaging_rabbit.direct_mandatory_flag = True {{(pid=107467) log_opt_values /opt/stack/data/venv/lib/python3.12/site-packages/oslo_config/cfg.py:3006}}
Mar 23 05:34:37.429212 np0000160286 nova-scheduler[107467]: DEBUG cotyledon.oslo_config_glue [-] oslo_messaging_rabbit.enable_cancel_on_failover = False {{(pid=107467) log_opt_values /opt/stack/data/venv/lib/python3.12/site-packages/oslo_config/cfg.py:3006}}
Mar 23 05:34:37.429212 np0000160286 nova-scheduler[107467]: DEBUG cotyledon.oslo_config_glue [-] oslo_messaging_rabbit.heartbeat_in_pthread = False {{(pid=107467) log_opt_values /opt/stack/data/venv/lib/python3.12/site-packages/oslo_config/cfg.py:3006}}
Mar 23 05:34:37.429212 np0000160286 nova-scheduler[107467]: DEBUG cotyledon.oslo_config_glue [-] oslo_messaging_rabbit.heartbeat_rate = 3 {{(pid=107467) log_opt_values /opt/stack/data/venv/lib/python3.12/site-packages/oslo_config/cfg.py:3006}}
Mar 23 05:34:37.429212 np0000160286 nova-scheduler[107467]: DEBUG cotyledon.oslo_config_glue [-] oslo_messaging_rabbit.heartbeat_timeout_threshold = 60 {{(pid=107467) log_opt_values /opt/stack/data/venv/lib/python3.12/site-packages/oslo_config/cfg.py:3006}}
Mar 23 05:34:37.429212 np0000160286 nova-scheduler[107467]: DEBUG cotyledon.oslo_config_glue [-] oslo_messaging_rabbit.hostname = np0000160286 {{(pid=107467) log_opt_values /opt/stack/data/venv/lib/python3.12/site-packages/oslo_config/cfg.py:3006}}
Mar 23 05:34:37.429212 np0000160286 nova-scheduler[107467]: DEBUG cotyledon.oslo_config_glue [-] oslo_messaging_rabbit.kombu_compression = None {{(pid=107467) log_opt_values /opt/stack/data/venv/lib/python3.12/site-packages/oslo_config/cfg.py:3006}}
Mar 23 05:34:37.429212 np0000160286 nova-scheduler[107467]: DEBUG cotyledon.oslo_config_glue [-] oslo_messaging_rabbit.kombu_failover_strategy = round-robin {{(pid=107467) log_opt_values /opt/stack/data/venv/lib/python3.12/site-packages/oslo_config/cfg.py:3006}}
Mar 23 05:34:37.429212 np0000160286 nova-scheduler[107467]: DEBUG cotyledon.oslo_config_glue [-] oslo_messaging_rabbit.kombu_missing_consumer_retry_timeout = 60 {{(pid=107467) log_opt_values /opt/stack/data/venv/lib/python3.12/site-packages/oslo_config/cfg.py:3006}}
Mar 23 05:34:37.429420 np0000160286 nova-scheduler[107467]: DEBUG cotyledon.oslo_config_glue [-] oslo_messaging_rabbit.kombu_reconnect_delay = 1.0 {{(pid=107467) log_opt_values /opt/stack/data/venv/lib/python3.12/site-packages/oslo_config/cfg.py:3006}}
Mar 23 05:34:37.429420 np0000160286 nova-scheduler[107467]: DEBUG cotyledon.oslo_config_glue [-] oslo_messaging_rabbit.kombu_reconnect_splay = 0.0 {{(pid=107467) log_opt_values /opt/stack/data/venv/lib/python3.12/site-packages/oslo_config/cfg.py:3006}}
Mar 23 05:34:37.429420 np0000160286 nova-scheduler[107467]: DEBUG cotyledon.oslo_config_glue [-] oslo_messaging_rabbit.processname = nova-scheduler {{(pid=107467) log_opt_values /opt/stack/data/venv/lib/python3.12/site-packages/oslo_config/cfg.py:3006}}
Mar 23 05:34:37.429420 np0000160286 nova-scheduler[107467]: DEBUG cotyledon.oslo_config_glue [-] oslo_messaging_rabbit.rabbit_ha_queues = False {{(pid=107467) log_opt_values /opt/stack/data/venv/lib/python3.12/site-packages/oslo_config/cfg.py:3006}}
Mar 23 05:34:37.429420 np0000160286 nova-scheduler[107467]: DEBUG cotyledon.oslo_config_glue [-] oslo_messaging_rabbit.rabbit_interval_max = 30 {{(pid=107467) log_opt_values /opt/stack/data/venv/lib/python3.12/site-packages/oslo_config/cfg.py:3006}}
Mar 23 05:34:37.429420 np0000160286 nova-scheduler[107467]: DEBUG cotyledon.oslo_config_glue [-] oslo_messaging_rabbit.rabbit_login_method = AMQPLAIN {{(pid=107467) log_opt_values /opt/stack/data/venv/lib/python3.12/site-packages/oslo_config/cfg.py:3006}}
Mar 23 05:34:37.429420 np0000160286 nova-scheduler[107467]: DEBUG cotyledon.oslo_config_glue [-] oslo_messaging_rabbit.rabbit_qos_prefetch_count = 0 {{(pid=107467) log_opt_values /opt/stack/data/venv/lib/python3.12/site-packages/oslo_config/cfg.py:3006}}
Mar 23 05:34:37.429420 np0000160286 nova-scheduler[107467]: DEBUG cotyledon.oslo_config_glue [-] oslo_messaging_rabbit.rabbit_quorum_delivery_limit = 0 {{(pid=107467) log_opt_values /opt/stack/data/venv/lib/python3.12/site-packages/oslo_config/cfg.py:3006}}
Mar 23 05:34:37.429420 np0000160286 nova-scheduler[107467]: DEBUG cotyledon.oslo_config_glue [-] oslo_messaging_rabbit.rabbit_quorum_max_memory_bytes = 0 {{(pid=107467) log_opt_values /opt/stack/data/venv/lib/python3.12/site-packages/oslo_config/cfg.py:3006}}
Mar 23 05:34:37.429652 np0000160286 nova-scheduler[107467]: DEBUG cotyledon.oslo_config_glue [-] oslo_messaging_rabbit.rabbit_quorum_max_memory_length = 0 {{(pid=107467) log_opt_values /opt/stack/data/venv/lib/python3.12/site-packages/oslo_config/cfg.py:3006}}
Mar 23 05:34:37.429652 np0000160286 nova-scheduler[107467]: DEBUG cotyledon.oslo_config_glue [-] oslo_messaging_rabbit.rabbit_quorum_queue = False {{(pid=107467) log_opt_values /opt/stack/data/venv/lib/python3.12/site-packages/oslo_config/cfg.py:3006}}
Mar 23 05:34:37.429652 np0000160286 nova-scheduler[107467]: DEBUG cotyledon.oslo_config_glue [-] oslo_messaging_rabbit.rabbit_retry_backoff = 2 {{(pid=107467) log_opt_values /opt/stack/data/venv/lib/python3.12/site-packages/oslo_config/cfg.py:3006}}
Mar 23 05:34:37.429652 np0000160286 nova-scheduler[107467]: DEBUG cotyledon.oslo_config_glue [-] oslo_messaging_rabbit.rabbit_retry_interval = 1 {{(pid=107467) log_opt_values /opt/stack/data/venv/lib/python3.12/site-packages/oslo_config/cfg.py:3006}}
Mar 23 05:34:37.429652 np0000160286 nova-scheduler[107467]: DEBUG cotyledon.oslo_config_glue [-] oslo_messaging_rabbit.rabbit_stream_fanout = False {{(pid=107467) log_opt_values /opt/stack/data/venv/lib/python3.12/site-packages/oslo_config/cfg.py:3006}}
Mar 23 05:34:37.429652 np0000160286 nova-scheduler[107467]: DEBUG cotyledon.oslo_config_glue [-] oslo_messaging_rabbit.rabbit_transient_queues_ttl = 1800 {{(pid=107467) log_opt_values /opt/stack/data/venv/lib/python3.12/site-packages/oslo_config/cfg.py:3006}}
Mar 23 05:34:37.429652 np0000160286 nova-scheduler[107467]: DEBUG cotyledon.oslo_config_glue [-] oslo_messaging_rabbit.rabbit_transient_quorum_queue = False {{(pid=107467) log_opt_values /opt/stack/data/venv/lib/python3.12/site-packages/oslo_config/cfg.py:3006}}
Mar 23 05:34:37.429652 np0000160286 nova-scheduler[107467]: DEBUG cotyledon.oslo_config_glue [-] oslo_messaging_rabbit.rpc_conn_pool_size = 30 {{(pid=107467) log_opt_values /opt/stack/data/venv/lib/python3.12/site-packages/oslo_config/cfg.py:3006}}
Mar 23 05:34:37.429652 np0000160286 nova-scheduler[107467]: DEBUG cotyledon.oslo_config_glue [-] oslo_messaging_rabbit.ssl = False {{(pid=107467) log_opt_values /opt/stack/data/venv/lib/python3.12/site-packages/oslo_config/cfg.py:3006}}
Mar 23 05:34:37.429902 np0000160286 nova-scheduler[107467]: DEBUG cotyledon.oslo_config_glue [-] oslo_messaging_rabbit.ssl_ca_file = {{(pid=107467) log_opt_values /opt/stack/data/venv/lib/python3.12/site-packages/oslo_config/cfg.py:3006}}
Mar 23 05:34:37.429902 np0000160286 nova-scheduler[107467]: DEBUG cotyledon.oslo_config_glue [-] oslo_messaging_rabbit.ssl_cert_file = {{(pid=107467) log_opt_values /opt/stack/data/venv/lib/python3.12/site-packages/oslo_config/cfg.py:3006}}
Mar 23 05:34:37.429902 np0000160286 nova-scheduler[107467]: DEBUG cotyledon.oslo_config_glue [-] oslo_messaging_rabbit.ssl_enforce_fips_mode = False {{(pid=107467) log_opt_values /opt/stack/data/venv/lib/python3.12/site-packages/oslo_config/cfg.py:3006}}
Mar 23 05:34:37.429902 np0000160286 nova-scheduler[107467]: DEBUG cotyledon.oslo_config_glue [-] oslo_messaging_rabbit.ssl_key_file = {{(pid=107467) log_opt_values /opt/stack/data/venv/lib/python3.12/site-packages/oslo_config/cfg.py:3006}}
Mar 23 05:34:37.429902 np0000160286 nova-scheduler[107467]: DEBUG cotyledon.oslo_config_glue [-] oslo_messaging_rabbit.ssl_version = {{(pid=107467) log_opt_values /opt/stack/data/venv/lib/python3.12/site-packages/oslo_config/cfg.py:3006}}
Mar 23 05:34:37.429902 np0000160286 nova-scheduler[107467]: DEBUG cotyledon.oslo_config_glue [-] oslo_messaging_rabbit.use_queue_manager = False {{(pid=107467) log_opt_values /opt/stack/data/venv/lib/python3.12/site-packages/oslo_config/cfg.py:3006}}
Mar 23 05:34:37.429902 np0000160286 nova-scheduler[107467]: DEBUG cotyledon.oslo_config_glue [-] oslo_messaging_notifications.driver = ['messagingv2'] {{(pid=107467) log_opt_values /opt/stack/data/venv/lib/python3.12/site-packages/oslo_config/cfg.py:3006}}
Mar 23 05:34:37.429902 np0000160286 nova-scheduler[107467]: DEBUG cotyledon.oslo_config_glue [-] oslo_messaging_notifications.retry = -1 {{(pid=107467) log_opt_values /opt/stack/data/venv/lib/python3.12/site-packages/oslo_config/cfg.py:3006}}
Mar 23 05:34:37.429902 np0000160286 nova-scheduler[107467]: DEBUG cotyledon.oslo_config_glue [-] oslo_messaging_notifications.topics = ['notifications'] {{(pid=107467) log_opt_values /opt/stack/data/venv/lib/python3.12/site-packages/oslo_config/cfg.py:3006}}
Mar 23 05:34:37.430142 np0000160286 nova-scheduler[107467]: DEBUG cotyledon.oslo_config_glue [-] oslo_messaging_notifications.transport_url = **** {{(pid=107467) log_opt_values /opt/stack/data/venv/lib/python3.12/site-packages/oslo_config/cfg.py:3006}}
Mar 23 05:34:37.430142 np0000160286 nova-scheduler[107467]: DEBUG cotyledon.oslo_config_glue [-] oslo_limit.auth_section = None {{(pid=107467) log_opt_values /opt/stack/data/venv/lib/python3.12/site-packages/oslo_config/cfg.py:3006}}
Mar 23 05:34:37.430142 np0000160286 nova-scheduler[107467]: DEBUG cotyledon.oslo_config_glue [-] oslo_limit.auth_type = None {{(pid=107467) log_opt_values /opt/stack/data/venv/lib/python3.12/site-packages/oslo_config/cfg.py:3006}}
Mar 23 05:34:37.430142 np0000160286 nova-scheduler[107467]: DEBUG cotyledon.oslo_config_glue [-] oslo_limit.cafile = None {{(pid=107467) log_opt_values /opt/stack/data/venv/lib/python3.12/site-packages/oslo_config/cfg.py:3006}}
Mar 23 05:34:37.430142 np0000160286 nova-scheduler[107467]: DEBUG cotyledon.oslo_config_glue [-] oslo_limit.certfile = None {{(pid=107467) log_opt_values /opt/stack/data/venv/lib/python3.12/site-packages/oslo_config/cfg.py:3006}}
Mar 23 05:34:37.430142 np0000160286 nova-scheduler[107467]: DEBUG cotyledon.oslo_config_glue [-] oslo_limit.collect_timing = False {{(pid=107467) log_opt_values /opt/stack/data/venv/lib/python3.12/site-packages/oslo_config/cfg.py:3006}}
Mar 23 05:34:37.430142 np0000160286 nova-scheduler[107467]: DEBUG cotyledon.oslo_config_glue [-] oslo_limit.connect_retries = None {{(pid=107467) log_opt_values /opt/stack/data/venv/lib/python3.12/site-packages/oslo_config/cfg.py:3006}}
Mar 23 05:34:37.430142 np0000160286 nova-scheduler[107467]: DEBUG cotyledon.oslo_config_glue [-] oslo_limit.connect_retry_delay = None {{(pid=107467) log_opt_values /opt/stack/data/venv/lib/python3.12/site-packages/oslo_config/cfg.py:3006}}
Mar 23 05:34:37.430142 np0000160286 nova-scheduler[107467]: DEBUG cotyledon.oslo_config_glue [-] oslo_limit.endpoint_id = None {{(pid=107467) log_opt_values /opt/stack/data/venv/lib/python3.12/site-packages/oslo_config/cfg.py:3006}}
Mar 23 05:34:37.430371 np0000160286 nova-scheduler[107467]: DEBUG cotyledon.oslo_config_glue [-] oslo_limit.endpoint_interface = public {{(pid=107467) log_opt_values /opt/stack/data/venv/lib/python3.12/site-packages/oslo_config/cfg.py:3006}}
Mar 23 05:34:37.430371 np0000160286 nova-scheduler[107467]: DEBUG cotyledon.oslo_config_glue [-] oslo_limit.endpoint_override = None {{(pid=107467) log_opt_values /opt/stack/data/venv/lib/python3.12/site-packages/oslo_config/cfg.py:3006}}
Mar 23 05:34:37.430371 np0000160286 nova-scheduler[107467]: DEBUG cotyledon.oslo_config_glue [-] oslo_limit.endpoint_region_name = None {{(pid=107467) log_opt_values /opt/stack/data/venv/lib/python3.12/site-packages/oslo_config/cfg.py:3006}}
Mar 23 05:34:37.430371 np0000160286 nova-scheduler[107467]: DEBUG cotyledon.oslo_config_glue [-] oslo_limit.endpoint_service_name = None {{(pid=107467) log_opt_values /opt/stack/data/venv/lib/python3.12/site-packages/oslo_config/cfg.py:3006}}
Mar 23 05:34:37.430371 np0000160286 nova-scheduler[107467]: DEBUG cotyledon.oslo_config_glue [-] oslo_limit.endpoint_service_type = None {{(pid=107467) log_opt_values /opt/stack/data/venv/lib/python3.12/site-packages/oslo_config/cfg.py:3006}}
Mar 23 05:34:37.430371 np0000160286 nova-scheduler[107467]: DEBUG cotyledon.oslo_config_glue [-] oslo_limit.insecure = False {{(pid=107467) log_opt_values /opt/stack/data/venv/lib/python3.12/site-packages/oslo_config/cfg.py:3006}}
Mar 23 05:34:37.430371 np0000160286 nova-scheduler[107467]: DEBUG cotyledon.oslo_config_glue [-] oslo_limit.keyfile = None {{(pid=107467) log_opt_values /opt/stack/data/venv/lib/python3.12/site-packages/oslo_config/cfg.py:3006}}
Mar 23 05:34:37.430371 np0000160286 nova-scheduler[107467]: DEBUG cotyledon.oslo_config_glue [-] oslo_limit.max_version = None {{(pid=107467) log_opt_values /opt/stack/data/venv/lib/python3.12/site-packages/oslo_config/cfg.py:3006}}
Mar 23 05:34:37.430371 np0000160286 nova-scheduler[107467]: DEBUG cotyledon.oslo_config_glue [-] oslo_limit.min_version = None {{(pid=107467) log_opt_values /opt/stack/data/venv/lib/python3.12/site-packages/oslo_config/cfg.py:3006}}
Mar 23 05:34:37.430598 np0000160286 nova-scheduler[107467]: DEBUG cotyledon.oslo_config_glue [-] oslo_limit.region_name = None {{(pid=107467) log_opt_values /opt/stack/data/venv/lib/python3.12/site-packages/oslo_config/cfg.py:3006}}
Mar 23 05:34:37.430598 np0000160286 nova-scheduler[107467]: DEBUG cotyledon.oslo_config_glue [-] oslo_limit.retriable_status_codes = None {{(pid=107467) log_opt_values /opt/stack/data/venv/lib/python3.12/site-packages/oslo_config/cfg.py:3006}}
Mar 23 05:34:37.430598 np0000160286 nova-scheduler[107467]: DEBUG cotyledon.oslo_config_glue [-] oslo_limit.service_name = None {{(pid=107467) log_opt_values /opt/stack/data/venv/lib/python3.12/site-packages/oslo_config/cfg.py:3006}}
Mar 23 05:34:37.430598 np0000160286 nova-scheduler[107467]: DEBUG cotyledon.oslo_config_glue [-] oslo_limit.service_type = None {{(pid=107467) log_opt_values /opt/stack/data/venv/lib/python3.12/site-packages/oslo_config/cfg.py:3006}}
Mar 23 05:34:37.430598 np0000160286 nova-scheduler[107467]: DEBUG cotyledon.oslo_config_glue [-] oslo_limit.split_loggers = False {{(pid=107467) log_opt_values /opt/stack/data/venv/lib/python3.12/site-packages/oslo_config/cfg.py:3006}}
Mar 23 05:34:37.430598 np0000160286 nova-scheduler[107467]: DEBUG cotyledon.oslo_config_glue [-] oslo_limit.status_code_retries = None {{(pid=107467) log_opt_values /opt/stack/data/venv/lib/python3.12/site-packages/oslo_config/cfg.py:3006}}
Mar 23 05:34:37.430598 np0000160286 nova-scheduler[107467]: DEBUG cotyledon.oslo_config_glue [-] oslo_limit.status_code_retry_delay = None {{(pid=107467) log_opt_values /opt/stack/data/venv/lib/python3.12/site-packages/oslo_config/cfg.py:3006}}
Mar 23 05:34:37.430598 np0000160286 nova-scheduler[107467]: DEBUG cotyledon.oslo_config_glue [-] oslo_limit.timeout = None {{(pid=107467) log_opt_values /opt/stack/data/venv/lib/python3.12/site-packages/oslo_config/cfg.py:3006}}
Mar 23 05:34:37.430598 np0000160286 nova-scheduler[107467]: DEBUG cotyledon.oslo_config_glue [-] oslo_limit.valid_interfaces = None {{(pid=107467) log_opt_values /opt/stack/data/venv/lib/python3.12/site-packages/oslo_config/cfg.py:3006}}
Mar 23 05:34:37.430882 np0000160286 nova-scheduler[107467]: DEBUG cotyledon.oslo_config_glue [-] oslo_limit.version = None {{(pid=107467) log_opt_values /opt/stack/data/venv/lib/python3.12/site-packages/oslo_config/cfg.py:3006}}
Mar 23 05:34:37.430882 np0000160286 nova-scheduler[107467]: DEBUG cotyledon.oslo_config_glue [-] oslo_reports.file_event_handler = None {{(pid=107467) log_opt_values /opt/stack/data/venv/lib/python3.12/site-packages/oslo_config/cfg.py:3006}}
Mar 23 05:34:37.430882 np0000160286 nova-scheduler[107467]: DEBUG cotyledon.oslo_config_glue [-] oslo_reports.file_event_handler_interval = 1 {{(pid=107467) log_opt_values /opt/stack/data/venv/lib/python3.12/site-packages/oslo_config/cfg.py:3006}}
Mar 23 05:34:37.430882 np0000160286 nova-scheduler[107467]: DEBUG cotyledon.oslo_config_glue [-] oslo_reports.log_dir = None {{(pid=107467) log_opt_values /opt/stack/data/venv/lib/python3.12/site-packages/oslo_config/cfg.py:3006}}
Mar 23 05:34:37.430882 np0000160286 nova-scheduler[107467]: DEBUG cotyledon.oslo_config_glue [-] ******************************************************************************** {{(pid=107467) log_opt_values /opt/stack/data/venv/lib/python3.12/site-packages/oslo_config/cfg.py:3013}}
Mar 23 05:34:37.430882 np0000160286 nova-scheduler[107467]: DEBUG cotyledon._service_worker [-] Run service ServiceWrapper(3) [107467] {{(pid=107467) wait_forever /opt/stack/data/venv/lib/python3.12/site-packages/cotyledon/_service_worker.py:218}}
Mar 23 05:34:37.430882 np0000160286 nova-scheduler[107467]: INFO nova.service [-] Starting scheduler node (version 33.0.0)
Mar 23 05:34:37.431159 np0000160286 nova-scheduler[107458]: DEBUG oslo_db.sqlalchemy.engines [None req-60895c9d-f82f-489b-8bba-b233d4ff6ae1 None None] MySQL server mode set to STRICT_TRANS_TABLES,STRICT_ALL_TABLES,NO_ZERO_IN_DATE,NO_ZERO_DATE,ERROR_FOR_DIVISION_BY_ZERO,TRADITIONAL,NO_ENGINE_SUBSTITUTION {{(pid=107458) _check_effective_sql_mode /opt/stack/data/venv/lib/python3.12/site-packages/oslo_db/sqlalchemy/engines.py:325}}
Mar 23 05:34:37.431201 np0000160286 nova-scheduler[107467]: INFO dbcounter [None req-98eb5a06-33bd-4378-9676-57c99c40cce1 None None] Registered counter for database nova_cell0
Mar 23 05:34:37.431230 np0000160286 nova-scheduler[107452]: DEBUG dbcounter [-] [107452] Writer thread running {{(pid=107452) stat_writer /opt/stack/data/venv/lib/python3.12/site-packages/dbcounter.py:102}}
Mar 23 05:34:37.431230 np0000160286 nova-scheduler[107452]: DEBUG nova.service [None req-df85a873-5723-4355-938a-a005d2880496 None None] Creating RPC server for service: nova-scheduler on topic: scheduler {{(pid=107452) start /opt/stack/nova/nova/service.py:195}}
Mar 23 05:34:37.431291 np0000160286 nova-scheduler[107446]: DEBUG nova.service [None req-c94a7f5b-0c44-4659-9537-a1f755481870 None None] Join ServiceGroup membership for this service scheduler {{(pid=107446) start /opt/stack/nova/nova/service.py:221}}
Mar 23 05:34:37.431322 np0000160286 nova-scheduler[107467]: DEBUG oslo_db.sqlalchemy.engines [None req-98eb5a06-33bd-4378-9676-57c99c40cce1 None None] MySQL server mode set to STRICT_TRANS_TABLES,STRICT_ALL_TABLES,NO_ZERO_IN_DATE,NO_ZERO_DATE,ERROR_FOR_DIVISION_BY_ZERO,TRADITIONAL,NO_ENGINE_SUBSTITUTION {{(pid=107467) _check_effective_sql_mode /opt/stack/data/venv/lib/python3.12/site-packages/oslo_db/sqlalchemy/engines.py:325}}
Mar 23 05:34:37.431362 np0000160286 nova-scheduler[107446]: DEBUG nova.servicegroup.drivers.db [None req-c94a7f5b-0c44-4659-9537-a1f755481870 None None] DB_Driver: join new ServiceGroup member np0000160286 to the scheduler group, service = {{(pid=107446) join /opt/stack/nova/nova/servicegroup/drivers/db.py:44}}
Mar 23 05:34:37.431394 np0000160286 nova-scheduler[107458]: DEBUG dbcounter [-] [107458] Writer thread running {{(pid=107458) stat_writer /opt/stack/data/venv/lib/python3.12/site-packages/dbcounter.py:102}}
Mar 23 05:34:37.431394 np0000160286 nova-scheduler[107458]: DEBUG nova.service [None req-60895c9d-f82f-489b-8bba-b233d4ff6ae1 None None] Creating RPC server for service: nova-scheduler on topic: scheduler {{(pid=107458) start /opt/stack/nova/nova/service.py:195}}
Mar 23 05:34:37.433307 np0000160286 nova-scheduler[107467]: DEBUG dbcounter [-] [107467] Writer thread running {{(pid=107467) stat_writer /opt/stack/data/venv/lib/python3.12/site-packages/dbcounter.py:102}}
Mar 23 05:34:37.436427 np0000160286 nova-scheduler[107467]: DEBUG nova.service [None req-98eb5a06-33bd-4378-9676-57c99c40cce1 None None] Creating RPC server for service: nova-scheduler on topic: scheduler {{(pid=107467) start /opt/stack/nova/nova/service.py:195}}
Mar 23 05:34:37.446306 np0000160286 nova-scheduler[107452]: DEBUG nova.service [None req-df85a873-5723-4355-938a-a005d2880496 None None] Join ServiceGroup membership for this service scheduler {{(pid=107452) start /opt/stack/nova/nova/service.py:221}}
Mar 23 05:34:37.446724 np0000160286 nova-scheduler[107452]: DEBUG nova.servicegroup.drivers.db [None req-df85a873-5723-4355-938a-a005d2880496 None None] DB_Driver: join new ServiceGroup member np0000160286 to the scheduler group, service = {{(pid=107452) join /opt/stack/nova/nova/servicegroup/drivers/db.py:44}}
Mar 23 05:34:37.447877 np0000160286 nova-scheduler[107458]: DEBUG nova.service [None req-60895c9d-f82f-489b-8bba-b233d4ff6ae1 None None] Join ServiceGroup membership for this service scheduler {{(pid=107458) start /opt/stack/nova/nova/service.py:221}}
Mar 23 05:34:37.448730 np0000160286 nova-scheduler[107458]: DEBUG nova.servicegroup.drivers.db [None req-60895c9d-f82f-489b-8bba-b233d4ff6ae1 None None] DB_Driver: join new ServiceGroup member np0000160286 to the scheduler group, service = {{(pid=107458) join /opt/stack/nova/nova/servicegroup/drivers/db.py:44}}
Mar 23 05:34:37.458038 np0000160286 nova-scheduler[107467]: DEBUG nova.service [None req-98eb5a06-33bd-4378-9676-57c99c40cce1 None None] Join ServiceGroup membership for this service scheduler {{(pid=107467) start /opt/stack/nova/nova/service.py:221}}
Mar 23 05:34:37.458570 np0000160286 nova-scheduler[107467]: DEBUG nova.servicegroup.drivers.db [None req-98eb5a06-33bd-4378-9676-57c99c40cce1 None None] DB_Driver: join new ServiceGroup member np0000160286 to the scheduler group, service = {{(pid=107467) join /opt/stack/nova/nova/servicegroup/drivers/db.py:44}}
Mar 23 05:34:42.441068 np0000160286 nova-scheduler[107446]: DEBUG oslo.service.backend._threading.loopingcall [-] Fixed interval looping call 'nova.servicegroup.drivers.db.DbDriver._report_state' sleeping for 119.98 seconds {{(pid=107446) _run_loop /opt/stack/data/venv/lib/python3.12/site-packages/oslo_service/backend/_threading/loopingcall.py:125}}
Mar 23 05:34:42.460258 np0000160286 nova-scheduler[107452]: DEBUG oslo.service.backend._threading.loopingcall [-] Fixed interval looping call 'nova.servicegroup.drivers.db.DbDriver._report_state' sleeping for 119.99 seconds {{(pid=107452) _run_loop /opt/stack/data/venv/lib/python3.12/site-packages/oslo_service/backend/_threading/loopingcall.py:125}}
Mar 23 05:34:42.464873 np0000160286 nova-scheduler[107458]: DEBUG oslo.service.backend._threading.loopingcall [-] Fixed interval looping call 'nova.servicegroup.drivers.db.DbDriver._report_state' sleeping for 119.99 seconds {{(pid=107458) _run_loop /opt/stack/data/venv/lib/python3.12/site-packages/oslo_service/backend/_threading/loopingcall.py:125}}
Mar 23 05:34:42.474963 np0000160286 nova-scheduler[107467]: DEBUG oslo.service.backend._threading.loopingcall [-] Fixed interval looping call 'nova.servicegroup.drivers.db.DbDriver._report_state' sleeping for 119.99 seconds {{(pid=107467) _run_loop /opt/stack/data/venv/lib/python3.12/site-packages/oslo_service/backend/_threading/loopingcall.py:125}}
Mar 23 05:34:46.061018 np0000160286 nova-scheduler[106766]: DEBUG dbcounter [-] [106766] Writing DB stats nova_api:SELECT=3 {{(pid=106766) stat_writer /opt/stack/data/venv/lib/python3.12/site-packages/dbcounter.py:115}}
Mar 23 05:34:46.164551 np0000160286 nova-scheduler[106766]: DEBUG dbcounter [-] [106766] Writing DB stats nova_cell0:SELECT=1 {{(pid=106766) stat_writer /opt/stack/data/venv/lib/python3.12/site-packages/dbcounter.py:115}}
Mar 23 05:34:46.170523 np0000160286 nova-scheduler[106766]: DEBUG dbcounter [-] [106766] Writing DB stats nova_cell1:SELECT=1 {{(pid=106766) stat_writer /opt/stack/data/venv/lib/python3.12/site-packages/dbcounter.py:115}}
Mar 23 05:34:51.461624 np0000160286 nova-scheduler[107467]: DEBUG oslo.service.backend._threading.loopingcall [None req-d9f09b0c-f311-4af0-9271-119ebcf7797a None None] Dynamic interval looping call 'nova.service.Service.periodic_tasks' sleeping for 60.00 seconds {{(pid=107467) _run_loop /opt/stack/data/venv/lib/python3.12/site-packages/oslo_service/backend/_threading/loopingcall.py:125}}
Mar 23 05:34:52.435350 np0000160286 nova-scheduler[107446]: DEBUG dbcounter [-] [107446] Writing DB stats nova_cell0:SELECT=4,nova_cell0:INSERT=1,nova_cell0:UPDATE=1 {{(pid=107446) stat_writer /opt/stack/data/venv/lib/python3.12/site-packages/dbcounter.py:115}}
Mar 23 05:34:52.456672 np0000160286 nova-scheduler[107452]: DEBUG dbcounter [-] [107452] Writing DB stats nova_cell0:SELECT=3 {{(pid=107452) stat_writer /opt/stack/data/venv/lib/python3.12/site-packages/dbcounter.py:115}}
Mar 23 05:34:52.461302 np0000160286 nova-scheduler[107458]: DEBUG dbcounter [-] [107458] Writing DB stats nova_cell0:SELECT=3 {{(pid=107458) stat_writer /opt/stack/data/venv/lib/python3.12/site-packages/dbcounter.py:115}}
Mar 23 05:34:52.471288 np0000160286 nova-scheduler[107467]: DEBUG dbcounter [-] [107467] Writing DB stats nova_cell0:SELECT=3 {{(pid=107467) stat_writer /opt/stack/data/venv/lib/python3.12/site-packages/dbcounter.py:115}}
Mar 23 05:34:55.451065 np0000160286 nova-scheduler[107458]: DEBUG oslo.service.backend._threading.loopingcall [None req-540a1d6d-a1be-4535-8125-97246faf1bd5 None None] Dynamic interval looping call 'nova.service.Service.periodic_tasks' sleeping for 60.00 seconds {{(pid=107458) _run_loop /opt/stack/data/venv/lib/python3.12/site-packages/oslo_service/backend/_threading/loopingcall.py:125}}
Mar 23 05:35:10.424441 np0000160286 nova-scheduler[107446]: DEBUG oslo.service.backend._threading.loopingcall [None req-f0d13bda-fce0-4dd3-9279-a3aae20c4e93 None None] Dynamic interval looping call 'nova.service.Service.periodic_tasks' sleeping for 60.00 seconds {{(pid=107446) _run_loop /opt/stack/data/venv/lib/python3.12/site-packages/oslo_service/backend/_threading/loopingcall.py:125}}
Mar 23 05:35:10.449890 np0000160286 nova-scheduler[107452]: DEBUG oslo.service.backend._threading.loopingcall [None req-2bb9a5e2-4b8f-459f-bc8b-f57edbcc1075 None None] Dynamic interval looping call 'nova.service.Service.periodic_tasks' sleeping for 60.00 seconds {{(pid=107452) _run_loop /opt/stack/data/venv/lib/python3.12/site-packages/oslo_service/backend/_threading/loopingcall.py:125}}
Mar 23 05:35:51.462613 np0000160286 nova-scheduler[107467]: DEBUG oslo.service.backend._threading.loopingcall [None req-d9f09b0c-f311-4af0-9271-119ebcf7797a None None] Dynamic interval looping call 'nova.service.Service.periodic_tasks' sleeping for 60.00 seconds {{(pid=107467) _run_loop /opt/stack/data/venv/lib/python3.12/site-packages/oslo_service/backend/_threading/loopingcall.py:125}}
Mar 23 05:35:55.451823 np0000160286 nova-scheduler[107458]: DEBUG oslo.service.backend._threading.loopingcall [None req-540a1d6d-a1be-4535-8125-97246faf1bd5 None None] Dynamic interval looping call 'nova.service.Service.periodic_tasks' sleeping for 60.00 seconds {{(pid=107458) _run_loop /opt/stack/data/venv/lib/python3.12/site-packages/oslo_service/backend/_threading/loopingcall.py:125}}
Mar 23 05:36:10.426501 np0000160286 nova-scheduler[107446]: DEBUG oslo.service.backend._threading.loopingcall [None req-f0d13bda-fce0-4dd3-9279-a3aae20c4e93 None None] Dynamic interval looping call 'nova.service.Service.periodic_tasks' sleeping for 60.00 seconds {{(pid=107446) _run_loop /opt/stack/data/venv/lib/python3.12/site-packages/oslo_service/backend/_threading/loopingcall.py:125}}
Mar 23 05:36:10.450440 np0000160286 nova-scheduler[107452]: DEBUG oslo.service.backend._threading.loopingcall [None req-2bb9a5e2-4b8f-459f-bc8b-f57edbcc1075 None None] Dynamic interval looping call 'nova.service.Service.periodic_tasks' sleeping for 60.00 seconds {{(pid=107452) _run_loop /opt/stack/data/venv/lib/python3.12/site-packages/oslo_service/backend/_threading/loopingcall.py:125}}
Mar 23 05:36:42.433916 np0000160286 nova-scheduler[107446]: DEBUG oslo.service.backend._threading.loopingcall [-] Fixed interval looping call 'nova.servicegroup.drivers.db.DbDriver._report_state' sleeping for 119.99 seconds {{(pid=107446) _run_loop /opt/stack/data/venv/lib/python3.12/site-packages/oslo_service/backend/_threading/loopingcall.py:125}}
Mar 23 05:36:42.457912 np0000160286 nova-scheduler[107452]: DEBUG oslo.service.backend._threading.loopingcall [-] Fixed interval looping call 'nova.servicegroup.drivers.db.DbDriver._report_state' sleeping for 119.99 seconds {{(pid=107452) _run_loop /opt/stack/data/venv/lib/python3.12/site-packages/oslo_service/backend/_threading/loopingcall.py:125}}
Mar 23 05:36:42.461308 np0000160286 nova-scheduler[107458]: DEBUG oslo.service.backend._threading.loopingcall [-] Fixed interval looping call 'nova.servicegroup.drivers.db.DbDriver._report_state' sleeping for 119.99 seconds {{(pid=107458) _run_loop /opt/stack/data/venv/lib/python3.12/site-packages/oslo_service/backend/_threading/loopingcall.py:125}}
Mar 23 05:36:42.470905 np0000160286 nova-scheduler[107467]: DEBUG oslo.service.backend._threading.loopingcall [-] Fixed interval looping call 'nova.servicegroup.drivers.db.DbDriver._report_state' sleeping for 119.99 seconds {{(pid=107467) _run_loop /opt/stack/data/venv/lib/python3.12/site-packages/oslo_service/backend/_threading/loopingcall.py:125}}
Mar 23 05:36:51.463312 np0000160286 nova-scheduler[107467]: DEBUG oslo.service.backend._threading.loopingcall [None req-d9f09b0c-f311-4af0-9271-119ebcf7797a None None] Dynamic interval looping call 'nova.service.Service.periodic_tasks' sleeping for 60.00 seconds {{(pid=107467) _run_loop /opt/stack/data/venv/lib/python3.12/site-packages/oslo_service/backend/_threading/loopingcall.py:125}}
Mar 23 05:36:52.426760 np0000160286 nova-scheduler[107446]: DEBUG dbcounter [-] [107446] Writing DB stats nova_cell0:SELECT=1,nova_cell0:UPDATE=1 {{(pid=107446) stat_writer /opt/stack/data/venv/lib/python3.12/site-packages/dbcounter.py:115}}
Mar 23 05:36:52.453897 np0000160286 nova-scheduler[107452]: DEBUG dbcounter [-] [107452] Writing DB stats nova_cell0:SELECT=1 {{(pid=107452) stat_writer /opt/stack/data/venv/lib/python3.12/site-packages/dbcounter.py:115}}
Mar 23 05:36:52.458623 np0000160286 nova-scheduler[107458]: DEBUG dbcounter [-] [107458] Writing DB stats nova_cell0:SELECT=1 {{(pid=107458) stat_writer /opt/stack/data/venv/lib/python3.12/site-packages/dbcounter.py:115}}
Mar 23 05:36:52.468174 np0000160286 nova-scheduler[107467]: DEBUG dbcounter [-] [107467] Writing DB stats nova_cell0:SELECT=1 {{(pid=107467) stat_writer /opt/stack/data/venv/lib/python3.12/site-packages/dbcounter.py:115}}
Mar 23 05:36:55.452635 np0000160286 nova-scheduler[107458]: DEBUG oslo.service.backend._threading.loopingcall [None req-540a1d6d-a1be-4535-8125-97246faf1bd5 None None] Dynamic interval looping call 'nova.service.Service.periodic_tasks' sleeping for 60.00 seconds {{(pid=107458) _run_loop /opt/stack/data/venv/lib/python3.12/site-packages/oslo_service/backend/_threading/loopingcall.py:125}}
Mar 23 05:37:10.427334 np0000160286 nova-scheduler[107446]: DEBUG oslo.service.backend._threading.loopingcall [None req-f0d13bda-fce0-4dd3-9279-a3aae20c4e93 None None] Dynamic interval looping call 'nova.service.Service.periodic_tasks' sleeping for 60.00 seconds {{(pid=107446) _run_loop /opt/stack/data/venv/lib/python3.12/site-packages/oslo_service/backend/_threading/loopingcall.py:125}}
Mar 23 05:37:10.451264 np0000160286 nova-scheduler[107452]: DEBUG oslo.service.backend._threading.loopingcall [None req-2bb9a5e2-4b8f-459f-bc8b-f57edbcc1075 None None] Dynamic interval looping call 'nova.service.Service.periodic_tasks' sleeping for 60.00 seconds {{(pid=107452) _run_loop /opt/stack/data/venv/lib/python3.12/site-packages/oslo_service/backend/_threading/loopingcall.py:125}}
Mar 23 05:37:51.464186 np0000160286 nova-scheduler[107467]: DEBUG oslo.service.backend._threading.loopingcall [None req-d9f09b0c-f311-4af0-9271-119ebcf7797a None None] Dynamic interval looping call 'nova.service.Service.periodic_tasks' sleeping for 60.00 seconds {{(pid=107467) _run_loop /opt/stack/data/venv/lib/python3.12/site-packages/oslo_service/backend/_threading/loopingcall.py:125}}
Mar 23 05:37:55.453832 np0000160286 nova-scheduler[107458]: DEBUG oslo.service.backend._threading.loopingcall [None req-540a1d6d-a1be-4535-8125-97246faf1bd5 None None] Dynamic interval looping call 'nova.service.Service.periodic_tasks' sleeping for 60.00 seconds {{(pid=107458) _run_loop /opt/stack/data/venv/lib/python3.12/site-packages/oslo_service/backend/_threading/loopingcall.py:125}}
Mar 23 05:38:10.428003 np0000160286 nova-scheduler[107446]: DEBUG oslo.service.backend._threading.loopingcall [None req-f0d13bda-fce0-4dd3-9279-a3aae20c4e93 None None] Dynamic interval looping call 'nova.service.Service.periodic_tasks' sleeping for 60.00 seconds {{(pid=107446) _run_loop /opt/stack/data/venv/lib/python3.12/site-packages/oslo_service/backend/_threading/loopingcall.py:125}}
Mar 23 05:38:10.451989 np0000160286 nova-scheduler[107452]: DEBUG oslo.service.backend._threading.loopingcall [None req-2bb9a5e2-4b8f-459f-bc8b-f57edbcc1075 None None] Dynamic interval looping call 'nova.service.Service.periodic_tasks' sleeping for 60.00 seconds {{(pid=107452) _run_loop /opt/stack/data/venv/lib/python3.12/site-packages/oslo_service/backend/_threading/loopingcall.py:125}}
Mar 23 05:38:42.433519 np0000160286 nova-scheduler[107446]: DEBUG oslo.service.backend._threading.loopingcall [-] Fixed interval looping call 'nova.servicegroup.drivers.db.DbDriver._report_state' sleeping for 119.99 seconds {{(pid=107446) _run_loop /opt/stack/data/venv/lib/python3.12/site-packages/oslo_service/backend/_threading/loopingcall.py:125}}
Mar 23 05:38:42.453483 np0000160286 nova-scheduler[107452]: DEBUG oslo.service.backend._threading.loopingcall [-] Fixed interval looping call 'nova.servicegroup.drivers.db.DbDriver._report_state' sleeping for 120.00 seconds {{(pid=107452) _run_loop /opt/stack/data/venv/lib/python3.12/site-packages/oslo_service/backend/_threading/loopingcall.py:125}}
Mar 23 05:38:42.456778 np0000160286 nova-scheduler[107458]: DEBUG oslo.service.backend._threading.loopingcall [-] Fixed interval looping call 'nova.servicegroup.drivers.db.DbDriver._report_state' sleeping for 119.99 seconds {{(pid=107458) _run_loop /opt/stack/data/venv/lib/python3.12/site-packages/oslo_service/backend/_threading/loopingcall.py:125}}
Mar 23 05:38:42.466605 np0000160286 nova-scheduler[107467]: DEBUG oslo.service.backend._threading.loopingcall [-] Fixed interval looping call 'nova.servicegroup.drivers.db.DbDriver._report_state' sleeping for 119.99 seconds {{(pid=107467) _run_loop /opt/stack/data/venv/lib/python3.12/site-packages/oslo_service/backend/_threading/loopingcall.py:125}}
Mar 23 05:38:51.465571 np0000160286 nova-scheduler[107467]: DEBUG oslo.service.backend._threading.loopingcall [None req-d9f09b0c-f311-4af0-9271-119ebcf7797a None None] Dynamic interval looping call 'nova.service.Service.periodic_tasks' sleeping for 60.00 seconds {{(pid=107467) _run_loop /opt/stack/data/venv/lib/python3.12/site-packages/oslo_service/backend/_threading/loopingcall.py:125}}
Mar 23 05:38:52.427850 np0000160286 nova-scheduler[107446]: DEBUG dbcounter [-] [107446] Writing DB stats nova_cell0:SELECT=1,nova_cell0:UPDATE=1 {{(pid=107446) stat_writer /opt/stack/data/venv/lib/python3.12/site-packages/dbcounter.py:115}}
Mar 23 05:38:52.450699 np0000160286 nova-scheduler[107452]: DEBUG dbcounter [-] [107452] Writing DB stats nova_cell0:SELECT=1 {{(pid=107452) stat_writer /opt/stack/data/venv/lib/python3.12/site-packages/dbcounter.py:115}}
Mar 23 05:38:52.454499 np0000160286 nova-scheduler[107458]: DEBUG dbcounter [-] [107458] Writing DB stats nova_cell0:SELECT=1 {{(pid=107458) stat_writer /opt/stack/data/venv/lib/python3.12/site-packages/dbcounter.py:115}}
Mar 23 05:38:52.463654 np0000160286 nova-scheduler[107467]: DEBUG dbcounter [-] [107467] Writing DB stats nova_cell0:SELECT=1 {{(pid=107467) stat_writer /opt/stack/data/venv/lib/python3.12/site-packages/dbcounter.py:115}}
Mar 23 05:38:55.454862 np0000160286 nova-scheduler[107458]: DEBUG oslo.service.backend._threading.loopingcall [None req-540a1d6d-a1be-4535-8125-97246faf1bd5 None None] Dynamic interval looping call 'nova.service.Service.periodic_tasks' sleeping for 60.00 seconds {{(pid=107458) _run_loop /opt/stack/data/venv/lib/python3.12/site-packages/oslo_service/backend/_threading/loopingcall.py:125}}
Mar 23 05:39:10.428544 np0000160286 nova-scheduler[107446]: DEBUG oslo.service.backend._threading.loopingcall [None req-f0d13bda-fce0-4dd3-9279-a3aae20c4e93 None None] Dynamic interval looping call 'nova.service.Service.periodic_tasks' sleeping for 60.00 seconds {{(pid=107446) _run_loop /opt/stack/data/venv/lib/python3.12/site-packages/oslo_service/backend/_threading/loopingcall.py:125}}
