Mar 26 00:08:55.941873 np0000160697 neutron-periodic-workers[104576]: DEBUG cotyledon.oslo_config_glue [-] ml2.type_drivers = ['local', 'flat', 'vlan', 'geneve'] {{(pid=104576) log_opt_values /opt/stack/data/venv/lib/python3.12/site-packages/oslo_config/cfg.py:3006}}
Mar 26 00:08:55.941946 np0000160697 neutron-periodic-workers[104576]: DEBUG cotyledon.oslo_config_glue [-] ml2_type_flat.flat_networks = ['public'] {{(pid=104576) log_opt_values /opt/stack/data/venv/lib/python3.12/site-packages/oslo_config/cfg.py:3006}}
Mar 26 00:08:55.942001 np0000160697 neutron-periodic-workers[104576]: DEBUG cotyledon.oslo_config_glue [-] ml2_type_geneve.max_header_size = 38 {{(pid=104576) log_opt_values /opt/stack/data/venv/lib/python3.12/site-packages/oslo_config/cfg.py:3006}}
Mar 26 00:08:55.942050 np0000160697 neutron-periodic-workers[104576]: DEBUG cotyledon.oslo_config_glue [-] ml2_type_geneve.vni_ranges = ['1:65536'] {{(pid=104576) log_opt_values /opt/stack/data/venv/lib/python3.12/site-packages/oslo_config/cfg.py:3006}}
Mar 26 00:08:55.942111 np0000160697 neutron-periodic-workers[104576]: DEBUG cotyledon.oslo_config_glue [-] ml2_type_vlan.network_vlan_ranges = ['public'] {{(pid=104576) log_opt_values /opt/stack/data/venv/lib/python3.12/site-packages/oslo_config/cfg.py:3006}}
Mar 26 00:08:55.942179 np0000160697 neutron-periodic-workers[104576]: DEBUG cotyledon.oslo_config_glue [-] network_log.burst_limit = 25 {{(pid=104576) log_opt_values /opt/stack/data/venv/lib/python3.12/site-packages/oslo_config/cfg.py:3006}}
Mar 26 00:08:55.942223 np0000160697 neutron-periodic-workers[104576]: DEBUG cotyledon.oslo_config_glue [-] network_log.local_output_log_base = None {{(pid=104576) log_opt_values /opt/stack/data/venv/lib/python3.12/site-packages/oslo_config/cfg.py:3006}}
Mar 26 00:08:55.942265 np0000160697 neutron-periodic-workers[104576]: DEBUG cotyledon.oslo_config_glue [-] network_log.rate_limit = 100 {{(pid=104576) log_opt_values /opt/stack/data/venv/lib/python3.12/site-packages/oslo_config/cfg.py:3006}}
Mar 26 00:08:55.942330 np0000160697 neutron-periodic-workers[104576]: DEBUG cotyledon.oslo_config_glue [-] database.asyncio_connection = **** {{(pid=104576) log_opt_values /opt/stack/data/venv/lib/python3.12/site-packages/oslo_config/cfg.py:3006}}
Mar 26 00:08:55.942379 np0000160697 neutron-periodic-workers[104576]: DEBUG cotyledon.oslo_config_glue [-] database.asyncio_slave_connection = **** {{(pid=104576) log_opt_values /opt/stack/data/venv/lib/python3.12/site-packages/oslo_config/cfg.py:3006}}
Mar 26 00:08:55.942426 np0000160697 neutron-periodic-workers[104576]: DEBUG cotyledon.oslo_config_glue [-] database.backend = sqlalchemy {{(pid=104576) log_opt_values /opt/stack/data/venv/lib/python3.12/site-packages/oslo_config/cfg.py:3006}}
Mar 26 00:08:55.942480 np0000160697 neutron-periodic-workers[104576]: DEBUG cotyledon.oslo_config_glue [-] database.connection = **** {{(pid=104576) log_opt_values /opt/stack/data/venv/lib/python3.12/site-packages/oslo_config/cfg.py:3006}}
Mar 26 00:08:55.942528 np0000160697 neutron-periodic-workers[104576]: DEBUG cotyledon.oslo_config_glue [-] database.connection_debug = 0 {{(pid=104576) log_opt_values /opt/stack/data/venv/lib/python3.12/site-packages/oslo_config/cfg.py:3006}}
Mar 26 00:08:55.942572 np0000160697 neutron-periodic-workers[104576]: DEBUG cotyledon.oslo_config_glue [-] database.connection_parameters = {{(pid=104576) log_opt_values /opt/stack/data/venv/lib/python3.12/site-packages/oslo_config/cfg.py:3006}}
Mar 26 00:08:55.942623 np0000160697 neutron-periodic-workers[104576]: DEBUG cotyledon.oslo_config_glue [-] database.connection_recycle_time = 3600 {{(pid=104576) log_opt_values /opt/stack/data/venv/lib/python3.12/site-packages/oslo_config/cfg.py:3006}}
Mar 26 00:08:55.942659 np0000160697 neutron-periodic-workers[104576]: DEBUG cotyledon.oslo_config_glue [-] database.connection_trace = False {{(pid=104576) log_opt_values /opt/stack/data/venv/lib/python3.12/site-packages/oslo_config/cfg.py:3006}}
Mar 26 00:08:55.942704 np0000160697 neutron-periodic-workers[104576]: DEBUG cotyledon.oslo_config_glue [-] database.db_inc_retry_interval = True {{(pid=104576) log_opt_values /opt/stack/data/venv/lib/python3.12/site-packages/oslo_config/cfg.py:3006}}
Mar 26 00:08:55.942738 np0000160697 neutron-periodic-workers[104576]: DEBUG cotyledon.oslo_config_glue [-] database.db_max_retries = 20 {{(pid=104576) log_opt_values /opt/stack/data/venv/lib/python3.12/site-packages/oslo_config/cfg.py:3006}}
Mar 26 00:08:55.942782 np0000160697 neutron-periodic-workers[104576]: DEBUG cotyledon.oslo_config_glue [-] database.db_max_retry_interval = 10 {{(pid=104576) log_opt_values /opt/stack/data/venv/lib/python3.12/site-packages/oslo_config/cfg.py:3006}}
Mar 26 00:08:55.942824 np0000160697 neutron-periodic-workers[104576]: DEBUG cotyledon.oslo_config_glue [-] database.db_retry_interval = 1 {{(pid=104576) log_opt_values /opt/stack/data/venv/lib/python3.12/site-packages/oslo_config/cfg.py:3006}}
Mar 26 00:08:55.942892 np0000160697 neutron-periodic-workers[104576]: DEBUG cotyledon.oslo_config_glue [-] database.max_overflow = 50 {{(pid=104576) log_opt_values /opt/stack/data/venv/lib/python3.12/site-packages/oslo_config/cfg.py:3006}}
Mar 26 00:08:55.942939 np0000160697 neutron-periodic-workers[104576]: DEBUG cotyledon.oslo_config_glue [-] database.max_pool_size = 5 {{(pid=104576) log_opt_values /opt/stack/data/venv/lib/python3.12/site-packages/oslo_config/cfg.py:3006}}
Mar 26 00:08:55.942987 np0000160697 neutron-periodic-workers[104576]: DEBUG cotyledon.oslo_config_glue [-] database.max_retries = 10 {{(pid=104576) log_opt_values /opt/stack/data/venv/lib/python3.12/site-packages/oslo_config/cfg.py:3006}}
Mar 26 00:08:55.943028 np0000160697 neutron-periodic-workers[104576]: DEBUG cotyledon.oslo_config_glue [-] database.mysql_sql_mode = TRADITIONAL {{(pid=104576) log_opt_values /opt/stack/data/venv/lib/python3.12/site-packages/oslo_config/cfg.py:3006}}
Mar 26 00:08:55.943139 np0000160697 neutron-periodic-workers[104576]: DEBUG cotyledon.oslo_config_glue [-] database.mysql_wsrep_sync_wait = None {{(pid=104576) log_opt_values /opt/stack/data/venv/lib/python3.12/site-packages/oslo_config/cfg.py:3006}}
Mar 26 00:08:55.943139 np0000160697 neutron-periodic-workers[104576]: DEBUG cotyledon.oslo_config_glue [-] database.pool_timeout = None {{(pid=104576) log_opt_values /opt/stack/data/venv/lib/python3.12/site-packages/oslo_config/cfg.py:3006}}
Mar 26 00:08:55.943139 np0000160697 neutron-periodic-workers[104576]: DEBUG cotyledon.oslo_config_glue [-] database.retry_interval = 10 {{(pid=104576) log_opt_values /opt/stack/data/venv/lib/python3.12/site-packages/oslo_config/cfg.py:3006}}
Mar 26 00:08:55.943221 np0000160697 neutron-periodic-workers[104576]: DEBUG cotyledon.oslo_config_glue [-] database.slave_connection = **** {{(pid=104576) log_opt_values /opt/stack/data/venv/lib/python3.12/site-packages/oslo_config/cfg.py:3006}}
Mar 26 00:08:55.943221 np0000160697 neutron-periodic-workers[104576]: DEBUG cotyledon.oslo_config_glue [-] database.sqlite_synchronous = True {{(pid=104576) log_opt_values /opt/stack/data/venv/lib/python3.12/site-packages/oslo_config/cfg.py:3006}}
Mar 26 00:08:55.943275 np0000160697 neutron-periodic-workers[104576]: DEBUG cotyledon.oslo_config_glue [-] database.synchronous_reader = True {{(pid=104576) log_opt_values /opt/stack/data/venv/lib/python3.12/site-packages/oslo_config/cfg.py:3006}}
Mar 26 00:08:55.943381 np0000160697 neutron-periodic-workers[104576]: DEBUG cotyledon.oslo_config_glue [-] database.use_db_reconnect = False {{(pid=104576) log_opt_values /opt/stack/data/venv/lib/python3.12/site-packages/oslo_config/cfg.py:3006}}
Mar 26 00:08:55.943381 np0000160697 neutron-periodic-workers[104576]: DEBUG cotyledon.oslo_config_glue [-] ovn.bfd_min_rx = 1000 {{(pid=104576) log_opt_values /opt/stack/data/venv/lib/python3.12/site-packages/oslo_config/cfg.py:3006}}
Mar 26 00:08:55.943381 np0000160697 neutron-periodic-workers[104576]: DEBUG cotyledon.oslo_config_glue [-] ovn.bfd_min_tx = 100 {{(pid=104576) log_opt_values /opt/stack/data/venv/lib/python3.12/site-packages/oslo_config/cfg.py:3006}}
Mar 26 00:08:55.943510 np0000160697 neutron-periodic-workers[104576]: DEBUG cotyledon.oslo_config_glue [-] ovn.bfd_mult = 3 {{(pid=104576) log_opt_values /opt/stack/data/venv/lib/python3.12/site-packages/oslo_config/cfg.py:3006}}
Mar 26 00:08:55.943510 np0000160697 neutron-periodic-workers[104576]: DEBUG cotyledon.oslo_config_glue [-] ovn.broadcast_arps_to_all_routers = True {{(pid=104576) log_opt_values /opt/stack/data/venv/lib/python3.12/site-packages/oslo_config/cfg.py:3006}}
Mar 26 00:08:55.943510 np0000160697 neutron-periodic-workers[104576]: DEBUG cotyledon.oslo_config_glue [-] ovn.dhcp_default_lease_time = 43200 {{(pid=104576) log_opt_values /opt/stack/data/venv/lib/python3.12/site-packages/oslo_config/cfg.py:3006}}
Mar 26 00:08:55.943591 np0000160697 neutron-periodic-workers[104576]: DEBUG cotyledon.oslo_config_glue [-] ovn.disable_ovn_dhcp_for_baremetal_ports = False {{(pid=104576) log_opt_values /opt/stack/data/venv/lib/python3.12/site-packages/oslo_config/cfg.py:3006}}
Mar 26 00:08:55.943591 np0000160697 neutron-periodic-workers[104576]: DEBUG cotyledon.oslo_config_glue [-] ovn.dns_records_ovn_owned = False {{(pid=104576) log_opt_values /opt/stack/data/venv/lib/python3.12/site-packages/oslo_config/cfg.py:3006}}
Mar 26 00:08:55.943670 np0000160697 neutron-periodic-workers[104576]: DEBUG cotyledon.oslo_config_glue [-] ovn.dns_servers = [] {{(pid=104576) log_opt_values /opt/stack/data/venv/lib/python3.12/site-packages/oslo_config/cfg.py:3006}}
Mar 26 00:08:55.943670 np0000160697 neutron-periodic-workers[104576]: DEBUG cotyledon.oslo_config_glue [-] ovn.enable_distributed_floating_ip = False {{(pid=104576) log_opt_values /opt/stack/data/venv/lib/python3.12/site-packages/oslo_config/cfg.py:3006}}
Mar 26 00:08:55.943719 np0000160697 neutron-periodic-workers[104576]: DEBUG cotyledon.oslo_config_glue [-] ovn.fdb_age_threshold = 300 {{(pid=104576) log_opt_values /opt/stack/data/venv/lib/python3.12/site-packages/oslo_config/cfg.py:3006}}
Mar 26 00:08:55.943747 np0000160697 neutron-periodic-workers[104576]: DEBUG cotyledon.oslo_config_glue [-] ovn.ha_failover_strategy = normal {{(pid=104576) log_opt_values /opt/stack/data/venv/lib/python3.12/site-packages/oslo_config/cfg.py:3006}}
Mar 26 00:08:55.943783 np0000160697 neutron-periodic-workers[104576]: DEBUG cotyledon.oslo_config_glue [-] ovn.live_migration_activation_strategy = rarp {{(pid=104576) log_opt_values /opt/stack/data/venv/lib/python3.12/site-packages/oslo_config/cfg.py:3006}}
Mar 26 00:08:55.943811 np0000160697 neutron-periodic-workers[104576]: DEBUG cotyledon.oslo_config_glue [-] ovn.localnet_learn_fdb = False {{(pid=104576) log_opt_values /opt/stack/data/venv/lib/python3.12/site-packages/oslo_config/cfg.py:3006}}
Mar 26 00:08:55.943858 np0000160697 neutron-periodic-workers[104576]: DEBUG cotyledon.oslo_config_glue [-] ovn.mac_binding_age_threshold = 300 {{(pid=104576) log_opt_values /opt/stack/data/venv/lib/python3.12/site-packages/oslo_config/cfg.py:3006}}
Mar 26 00:08:55.943909 np0000160697 neutron-periodic-workers[104576]: DEBUG cotyledon.oslo_config_glue [-] ovn.neutron_sync_mode = log {{(pid=104576) log_opt_values /opt/stack/data/venv/lib/python3.12/site-packages/oslo_config/cfg.py:3006}}
Mar 26 00:08:55.943943 np0000160697 neutron-periodic-workers[104576]: DEBUG cotyledon.oslo_config_glue [-] ovn.ovn_dhcp4_global_options = {} {{(pid=104576) log_opt_values /opt/stack/data/venv/lib/python3.12/site-packages/oslo_config/cfg.py:3006}}
Mar 26 00:08:55.943989 np0000160697 neutron-periodic-workers[104576]: DEBUG cotyledon.oslo_config_glue [-] ovn.ovn_dhcp6_global_options = {} {{(pid=104576) log_opt_values /opt/stack/data/venv/lib/python3.12/site-packages/oslo_config/cfg.py:3006}}
Mar 26 00:08:55.944038 np0000160697 neutron-periodic-workers[104576]: DEBUG cotyledon.oslo_config_glue [-] ovn.ovn_l3_scheduler = leastloaded {{(pid=104576) log_opt_values /opt/stack/data/venv/lib/python3.12/site-packages/oslo_config/cfg.py:3006}}
Mar 26 00:08:55.944074 np0000160697 neutron-periodic-workers[104576]: DEBUG cotyledon.oslo_config_glue [-] ovn.ovn_metadata_enabled = True {{(pid=104576) log_opt_values /opt/stack/data/venv/lib/python3.12/site-packages/oslo_config/cfg.py:3006}}
Mar 26 00:08:55.944128 np0000160697 neutron-periodic-workers[104576]: DEBUG cotyledon.oslo_config_glue [-] ovn.ovn_nb_ca_cert = /opt/stack/data/CA/int-ca/ca-chain.pem {{(pid=104576) log_opt_values /opt/stack/data/venv/lib/python3.12/site-packages/oslo_config/cfg.py:3006}}
Mar 26 00:08:55.944182 np0000160697 neutron-periodic-workers[104576]: DEBUG cotyledon.oslo_config_glue [-] ovn.ovn_nb_certificate = /opt/stack/data/CA/int-ca/devstack-cert.crt {{(pid=104576) log_opt_values /opt/stack/data/venv/lib/python3.12/site-packages/oslo_config/cfg.py:3006}}
Mar 26 00:08:55.944212 np0000160697 neutron-periodic-workers[104576]: DEBUG cotyledon.oslo_config_glue [-] ovn.ovn_nb_connection = ['ssl:199.204.45.210:6641'] {{(pid=104576) log_opt_values /opt/stack/data/venv/lib/python3.12/site-packages/oslo_config/cfg.py:3006}}
Mar 26 00:08:55.944263 np0000160697 neutron-periodic-workers[104576]: DEBUG cotyledon.oslo_config_glue [-] ovn.ovn_nb_private_key = /opt/stack/data/CA/int-ca/private/devstack-cert.key {{(pid=104576) log_opt_values /opt/stack/data/venv/lib/python3.12/site-packages/oslo_config/cfg.py:3006}}
Mar 26 00:08:55.944311 np0000160697 neutron-periodic-workers[104576]: DEBUG cotyledon.oslo_config_glue [-] ovn.ovn_router_indirect_snat = False {{(pid=104576) log_opt_values /opt/stack/data/venv/lib/python3.12/site-packages/oslo_config/cfg.py:3006}}
Mar 26 00:08:55.944340 np0000160697 neutron-periodic-workers[104576]: DEBUG cotyledon.oslo_config_glue [-] ovn.ovn_sb_ca_cert = /opt/stack/data/CA/int-ca/ca-chain.pem {{(pid=104576) log_opt_values /opt/stack/data/venv/lib/python3.12/site-packages/oslo_config/cfg.py:3006}}
Mar 26 00:08:55.944391 np0000160697 neutron-periodic-workers[104576]: DEBUG cotyledon.oslo_config_glue [-] ovn.ovn_sb_certificate = /opt/stack/data/CA/int-ca/devstack-cert.crt {{(pid=104576) log_opt_values /opt/stack/data/venv/lib/python3.12/site-packages/oslo_config/cfg.py:3006}}
Mar 26 00:08:55.944426 np0000160697 neutron-periodic-workers[104576]: DEBUG cotyledon.oslo_config_glue [-] ovn.ovn_sb_connection = ['ssl:199.204.45.210:6642'] {{(pid=104576) log_opt_values /opt/stack/data/venv/lib/python3.12/site-packages/oslo_config/cfg.py:3006}}
Mar 26 00:08:55.944473 np0000160697 neutron-periodic-workers[104576]: DEBUG cotyledon.oslo_config_glue [-] ovn.ovn_sb_private_key = /opt/stack/data/CA/int-ca/private/devstack-cert.key {{(pid=104576) log_opt_values /opt/stack/data/venv/lib/python3.12/site-packages/oslo_config/cfg.py:3006}}
Mar 26 00:08:55.944545 np0000160697 neutron-periodic-workers[104576]: DEBUG cotyledon.oslo_config_glue [-] ovn.ovs_create_tap = False {{(pid=104576) log_opt_values /opt/stack/data/venv/lib/python3.12/site-packages/oslo_config/cfg.py:3006}}
Mar 26 00:08:55.944592 np0000160697 neutron-periodic-workers[104576]: DEBUG cotyledon.oslo_config_glue [-] ovn.ovsdb_connection_timeout = 180 {{(pid=104576) log_opt_values /opt/stack/data/venv/lib/python3.12/site-packages/oslo_config/cfg.py:3006}}
Mar 26 00:08:55.944640 np0000160697 neutron-periodic-workers[104576]: DEBUG cotyledon.oslo_config_glue [-] ovn.ovsdb_log_level = INFO {{(pid=104576) log_opt_values /opt/stack/data/venv/lib/python3.12/site-packages/oslo_config/cfg.py:3006}}
Mar 26 00:08:55.944669 np0000160697 neutron-periodic-workers[104576]: DEBUG cotyledon.oslo_config_glue [-] ovn.ovsdb_probe_interval = 60000 {{(pid=104576) log_opt_values /opt/stack/data/venv/lib/python3.12/site-packages/oslo_config/cfg.py:3006}}
Mar 26 00:08:55.944714 np0000160697 neutron-periodic-workers[104576]: DEBUG cotyledon.oslo_config_glue [-] ovn.ovsdb_retry_max_interval = 180 {{(pid=104576) log_opt_values /opt/stack/data/venv/lib/python3.12/site-packages/oslo_config/cfg.py:3006}}
Mar 26 00:08:55.944754 np0000160697 neutron-periodic-workers[104576]: DEBUG cotyledon.oslo_config_glue [-] ovn.stateless_nat_enabled = False {{(pid=104576) log_opt_values /opt/stack/data/venv/lib/python3.12/site-packages/oslo_config/cfg.py:3006}}
Mar 26 00:08:55.944801 np0000160697 neutron-periodic-workers[104576]: DEBUG cotyledon.oslo_config_glue [-] ovn.vhost_sock_dir = /var/run/openvswitch {{(pid=104576) log_opt_values /opt/stack/data/venv/lib/python3.12/site-packages/oslo_config/cfg.py:3006}}
Mar 26 00:08:55.944869 np0000160697 neutron-periodic-workers[104576]: DEBUG cotyledon.oslo_config_glue [-] OVS.bridge_mac_table_size = 50000 {{(pid=104576) log_opt_values /opt/stack/data/venv/lib/python3.12/site-packages/oslo_config/cfg.py:3006}}
Mar 26 00:08:55.944910 np0000160697 neutron-periodic-workers[104576]: DEBUG cotyledon.oslo_config_glue [-] OVS.igmp_flood = False {{(pid=104576) log_opt_values /opt/stack/data/venv/lib/python3.12/site-packages/oslo_config/cfg.py:3006}}
Mar 26 00:08:55.944983 np0000160697 neutron-periodic-workers[104576]: DEBUG cotyledon.oslo_config_glue [-] OVS.igmp_flood_reports = True {{(pid=104576) log_opt_values /opt/stack/data/venv/lib/python3.12/site-packages/oslo_config/cfg.py:3006}}
Mar 26 00:08:55.945030 np0000160697 neutron-periodic-workers[104576]: DEBUG cotyledon.oslo_config_glue [-] OVS.igmp_flood_unregistered = False {{(pid=104576) log_opt_values /opt/stack/data/venv/lib/python3.12/site-packages/oslo_config/cfg.py:3006}}
Mar 26 00:08:55.945063 np0000160697 neutron-periodic-workers[104576]: DEBUG cotyledon.oslo_config_glue [-] OVS.igmp_snooping_enable = False {{(pid=104576) log_opt_values /opt/stack/data/venv/lib/python3.12/site-packages/oslo_config/cfg.py:3006}}
Mar 26 00:08:55.945109 np0000160697 neutron-periodic-workers[104576]: DEBUG cotyledon.oslo_config_glue [-] OVS.ovsdb_timeout = 10 {{(pid=104576) log_opt_values /opt/stack/data/venv/lib/python3.12/site-packages/oslo_config/cfg.py:3006}}
Mar 26 00:08:55.945163 np0000160697 neutron-periodic-workers[104576]: DEBUG cotyledon.oslo_config_glue [-] ovn_nb_global.fdb_removal_limit = 0 {{(pid=104576) log_opt_values /opt/stack/data/venv/lib/python3.12/site-packages/oslo_config/cfg.py:3006}}
Mar 26 00:08:55.945201 np0000160697 neutron-periodic-workers[104576]: DEBUG cotyledon.oslo_config_glue [-] ovn_nb_global.ignore_lsp_down = False {{(pid=104576) log_opt_values /opt/stack/data/venv/lib/python3.12/site-packages/oslo_config/cfg.py:3006}}
Mar 26 00:08:55.945249 np0000160697 neutron-periodic-workers[104576]: DEBUG cotyledon.oslo_config_glue [-] ovn_nb_global.mac_binding_removal_limit = 0 {{(pid=104576) log_opt_values /opt/stack/data/venv/lib/python3.12/site-packages/oslo_config/cfg.py:3006}}
Mar 26 00:08:55.945279 np0000160697 neutron-periodic-workers[104576]: DEBUG cotyledon.oslo_config_glue [-] ******************************************************************************** {{(pid=104576) log_opt_values /opt/stack/data/venv/lib/python3.12/site-packages/oslo_config/cfg.py:3013}}
Mar 26 00:08:55.945469 np0000160697 neutron-periodic-workers[104576]: DEBUG cotyledon._service_worker [-] Run service ServiceWrapper(0) [104576] {{(pid=104576) wait_forever /opt/stack/data/venv/lib/python3.12/site-packages/cotyledon/_service_worker.py:218}}
Mar 26 00:09:05.583231 np0000160697 neutron-periodic-workers[103771]: DEBUG dbcounter [-] [103771] Writing DB stats neutron:SELECT=4 {{(pid=103771) stat_writer /opt/stack/data/venv/lib/python3.12/site-packages/dbcounter.py:115}}
Mar 26 00:09:33.900032 np0000160697 neutron-periodic-workers[104542]: DEBUG oslo_db.sqlalchemy.engines [None req-5ff90723-c43d-4f96-a967-91d468ef33ee None None] Parent process 103771 forked (104542) with an open database connection, which is being discarded and recreated. {{(pid=104542) checkout /opt/stack/data/venv/lib/python3.12/site-packages/oslo_db/sqlalchemy/engines.py:402}}
Mar 26 00:09:33.907021 np0000160697 neutron-periodic-workers[104542]: DEBUG dbcounter [-] [104542] Writer thread running {{(pid=104542) stat_writer /opt/stack/data/venv/lib/python3.12/site-packages/dbcounter.py:102}}
Mar 26 00:09:33.916077 np0000160697 neutron-periodic-workers[104542]: DEBUG oslo.service.backend._threading.loopingcall [None req-5ff90723-c43d-4f96-a967-91d468ef33ee None None] Fixed interval looping call 'neutron.plugins.ml2.plugin.DhcpAgentSchedulerDbMixin.remove_networks_from_down_agents' sleeping for 36.98 seconds {{(pid=104542) _run_loop /opt/stack/data/venv/lib/python3.12/site-packages/oslo_service/backend/_threading/loopingcall.py:125}}
Mar 26 00:09:43.915085 np0000160697 neutron-periodic-workers[104542]: DEBUG dbcounter [-] [104542] Writing DB stats neutron:SELECT=3 {{(pid=104542) stat_writer /opt/stack/data/venv/lib/python3.12/site-packages/dbcounter.py:115}}
Mar 26 00:09:55.929510 np0000160697 neutron-periodic-workers[104552]: DEBUG dbcounter [-] [104552] Writer thread running {{(pid=104552) stat_writer /opt/stack/data/venv/lib/python3.12/site-packages/dbcounter.py:102}}
Mar 26 00:09:55.933729 np0000160697 neutron-periodic-workers[104552]: DEBUG neutron.db.agents_db [None req-7efcfb5d-e53b-47b0-af4d-5ff8546becf1 None None] Agent healthcheck: found 0 active agents {{(pid=104552) agent_health_check /opt/stack/neutron/neutron/db/agents_db.py:317}}
Mar 26 00:09:55.934036 np0000160697 neutron-periodic-workers[104552]: DEBUG oslo.service.backend._threading.loopingcall [None req-7efcfb5d-e53b-47b0-af4d-5ff8546becf1 None None] Fixed interval looping call 'neutron.plugins.ml2.plugin.AgentDbMixin.agent_health_check' sleeping for 36.98 seconds {{(pid=104552) _run_loop /opt/stack/data/venv/lib/python3.12/site-packages/oslo_service/backend/_threading/loopingcall.py:125}}
Mar 26 00:10:05.930226 np0000160697 neutron-periodic-workers[104552]: DEBUG dbcounter [-] [104552] Writing DB stats neutron:SELECT=1 {{(pid=104552) stat_writer /opt/stack/data/venv/lib/python3.12/site-packages/dbcounter.py:115}}
Mar 26 00:10:10.905679 np0000160697 neutron-periodic-workers[104542]: DEBUG oslo.service.backend._threading.loopingcall [None req-5ff90723-c43d-4f96-a967-91d468ef33ee None None] Fixed interval looping call 'neutron.plugins.ml2.plugin.DhcpAgentSchedulerDbMixin.remove_networks_from_down_agents' sleeping for 36.99 seconds {{(pid=104542) _run_loop /opt/stack/data/venv/lib/python3.12/site-packages/oslo_service/backend/_threading/loopingcall.py:125}}
Mar 26 00:10:20.904439 np0000160697 neutron-periodic-workers[104542]: DEBUG dbcounter [-] [104542] Writing DB stats neutron:SELECT=3 {{(pid=104542) stat_writer /opt/stack/data/venv/lib/python3.12/site-packages/dbcounter.py:115}}
Mar 26 00:10:25.984229 np0000160697 neutron-periodic-workers[104576]: DEBUG dbcounter [-] [104576] Writer thread running {{(pid=104576) stat_writer /opt/stack/data/venv/lib/python3.12/site-packages/dbcounter.py:102}}
Mar 26 00:10:25.994648 np0000160697 neutron-periodic-workers[104576]: DEBUG oslo.service.backend._threading.loopingcall [None req-685de60d-c5f6-4983-a4de-6f58ae30c810 None None] Fixed interval looping call 'neutron.services.ovn_l3.plugin.L3_NAT_dbonly_mixin._clean_garbage' sleeping for 299.95 seconds {{(pid=104576) _run_loop /opt/stack/data/venv/lib/python3.12/site-packages/oslo_service/backend/_threading/loopingcall.py:125}}
Mar 26 00:10:32.921597 np0000160697 neutron-periodic-workers[104552]: DEBUG neutron.db.agents_db [None req-7efcfb5d-e53b-47b0-af4d-5ff8546becf1 None None] Agent healthcheck: found 0 active agents {{(pid=104552) agent_health_check /opt/stack/neutron/neutron/db/agents_db.py:317}}
Mar 26 00:10:32.922190 np0000160697 neutron-periodic-workers[104552]: DEBUG oslo.service.backend._threading.loopingcall [None req-7efcfb5d-e53b-47b0-af4d-5ff8546becf1 None None] Fixed interval looping call 'neutron.plugins.ml2.plugin.AgentDbMixin.agent_health_check' sleeping for 36.99 seconds {{(pid=104552) _run_loop /opt/stack/data/venv/lib/python3.12/site-packages/oslo_service/backend/_threading/loopingcall.py:125}}
Mar 26 00:10:35.985029 np0000160697 neutron-periodic-workers[104576]: DEBUG dbcounter [-] [104576] Writing DB stats neutron:SELECT=1 {{(pid=104576) stat_writer /opt/stack/data/venv/lib/python3.12/site-packages/dbcounter.py:115}}
Mar 26 00:10:42.919963 np0000160697 neutron-periodic-workers[104552]: DEBUG dbcounter [-] [104552] Writing DB stats neutron:SELECT=1 {{(pid=104552) stat_writer /opt/stack/data/venv/lib/python3.12/site-packages/dbcounter.py:115}}
Mar 26 00:10:47.914370 np0000160697 neutron-periodic-workers[104542]: DEBUG oslo.service.backend._threading.loopingcall [None req-5ff90723-c43d-4f96-a967-91d468ef33ee None None] Fixed interval looping call 'neutron.plugins.ml2.plugin.DhcpAgentSchedulerDbMixin.remove_networks_from_down_agents' sleeping for 36.98 seconds {{(pid=104542) _run_loop /opt/stack/data/venv/lib/python3.12/site-packages/oslo_service/backend/_threading/loopingcall.py:125}}
Mar 26 00:10:55.936714 np0000160697 neutron-periodic-workers[104566]: DEBUG dbcounter [-] [104566] Writer thread running {{(pid=104566) stat_writer /opt/stack/data/venv/lib/python3.12/site-packages/dbcounter.py:102}}
Mar 26 00:10:55.938916 np0000160697 neutron-periodic-workers[104566]: DEBUG oslo.service.backend._threading.loopingcall [None req-57ff25e4-4d16-48c8-92a5-7cb23d47f3db None None] Fixed interval looping call 'neutron.db.quota.driver_nolock.DbQuotaNoLockDriver._remove_expired_reservations' sleeping for 119.98 seconds {{(pid=104566) _run_loop /opt/stack/data/venv/lib/python3.12/site-packages/oslo_service/backend/_threading/loopingcall.py:125}}
Mar 26 00:10:57.911706 np0000160697 neutron-periodic-workers[104542]: DEBUG dbcounter [-] [104542] Writing DB stats neutron:SELECT=3 {{(pid=104542) stat_writer /opt/stack/data/venv/lib/python3.12/site-packages/dbcounter.py:115}}
Mar 26 00:11:05.937304 np0000160697 neutron-periodic-workers[104566]: DEBUG dbcounter [-] [104566] Writing DB stats neutron:DELETE=1 {{(pid=104566) stat_writer /opt/stack/data/venv/lib/python3.12/site-packages/dbcounter.py:115}}
Mar 26 00:11:09.918058 np0000160697 neutron-periodic-workers[104552]: DEBUG neutron.db.agents_db [None req-7efcfb5d-e53b-47b0-af4d-5ff8546becf1 None None] Agent healthcheck: found 0 active agents {{(pid=104552) agent_health_check /opt/stack/neutron/neutron/db/agents_db.py:317}}
Mar 26 00:11:09.918058 np0000160697 neutron-periodic-workers[104552]: DEBUG oslo.service.backend._threading.loopingcall [None req-7efcfb5d-e53b-47b0-af4d-5ff8546becf1 None None] Fixed interval looping call 'neutron.plugins.ml2.plugin.AgentDbMixin.agent_health_check' sleeping for 36.99 seconds {{(pid=104552) _run_loop /opt/stack/data/venv/lib/python3.12/site-packages/oslo_service/backend/_threading/loopingcall.py:125}}
Mar 26 00:11:19.915923 np0000160697 neutron-periodic-workers[104552]: DEBUG dbcounter [-] [104552] Writing DB stats neutron:SELECT=1 {{(pid=104552) stat_writer /opt/stack/data/venv/lib/python3.12/site-packages/dbcounter.py:115}}
Mar 26 00:11:24.905113 np0000160697 neutron-periodic-workers[104542]: DEBUG oslo.service.backend._threading.loopingcall [None req-5ff90723-c43d-4f96-a967-91d468ef33ee None None] Fixed interval looping call 'neutron.plugins.ml2.plugin.DhcpAgentSchedulerDbMixin.remove_networks_from_down_agents' sleeping for 36.99 seconds {{(pid=104542) _run_loop /opt/stack/data/venv/lib/python3.12/site-packages/oslo_service/backend/_threading/loopingcall.py:125}}
Mar 26 00:11:34.903399 np0000160697 neutron-periodic-workers[104542]: DEBUG dbcounter [-] [104542] Writing DB stats neutron:SELECT=3 {{(pid=104542) stat_writer /opt/stack/data/venv/lib/python3.12/site-packages/dbcounter.py:115}}
Mar 26 00:11:46.913567 np0000160697 neutron-periodic-workers[104552]: DEBUG neutron.db.agents_db [None req-7efcfb5d-e53b-47b0-af4d-5ff8546becf1 None None] Agent healthcheck: found 0 active agents {{(pid=104552) agent_health_check /opt/stack/neutron/neutron/db/agents_db.py:317}}
Mar 26 00:11:46.914306 np0000160697 neutron-periodic-workers[104552]: DEBUG oslo.service.backend._threading.loopingcall [None req-7efcfb5d-e53b-47b0-af4d-5ff8546becf1 None None] Fixed interval looping call 'neutron.plugins.ml2.plugin.AgentDbMixin.agent_health_check' sleeping for 36.99 seconds {{(pid=104552) _run_loop /opt/stack/data/venv/lib/python3.12/site-packages/oslo_service/backend/_threading/loopingcall.py:125}}
Mar 26 00:11:56.911944 np0000160697 neutron-periodic-workers[104552]: DEBUG dbcounter [-] [104552] Writing DB stats neutron:SELECT=1 {{(pid=104552) stat_writer /opt/stack/data/venv/lib/python3.12/site-packages/dbcounter.py:115}}
Mar 26 00:12:01.905464 np0000160697 neutron-periodic-workers[104542]: DEBUG oslo.service.backend._threading.loopingcall [None req-5ff90723-c43d-4f96-a967-91d468ef33ee None None] Fixed interval looping call 'neutron.plugins.ml2.plugin.DhcpAgentSchedulerDbMixin.remove_networks_from_down_agents' sleeping for 36.99 seconds {{(pid=104542) _run_loop /opt/stack/data/venv/lib/python3.12/site-packages/oslo_service/backend/_threading/loopingcall.py:125}}
Mar 26 00:12:11.904122 np0000160697 neutron-periodic-workers[104542]: DEBUG dbcounter [-] [104542] Writing DB stats neutron:SELECT=3 {{(pid=104542) stat_writer /opt/stack/data/venv/lib/python3.12/site-packages/dbcounter.py:115}}
Mar 26 00:12:23.908296 np0000160697 neutron-periodic-workers[104552]: DEBUG neutron.db.agents_db [None req-7efcfb5d-e53b-47b0-af4d-5ff8546becf1 None None] Agent healthcheck: found 0 active agents {{(pid=104552) agent_health_check /opt/stack/neutron/neutron/db/agents_db.py:317}}
Mar 26 00:12:23.908764 np0000160697 neutron-periodic-workers[104552]: DEBUG oslo.service.backend._threading.loopingcall [None req-7efcfb5d-e53b-47b0-af4d-5ff8546becf1 None None] Fixed interval looping call 'neutron.plugins.ml2.plugin.AgentDbMixin.agent_health_check' sleeping for 37.00 seconds {{(pid=104552) _run_loop /opt/stack/data/venv/lib/python3.12/site-packages/oslo_service/backend/_threading/loopingcall.py:125}}
Mar 26 00:12:33.906578 np0000160697 neutron-periodic-workers[104552]: DEBUG dbcounter [-] [104552] Writing DB stats neutron:SELECT=1 {{(pid=104552) stat_writer /opt/stack/data/venv/lib/python3.12/site-packages/dbcounter.py:115}}
Mar 26 00:12:38.904169 np0000160697 neutron-periodic-workers[104542]: DEBUG oslo.service.backend._threading.loopingcall [None req-5ff90723-c43d-4f96-a967-91d468ef33ee None None] Fixed interval looping call 'neutron.plugins.ml2.plugin.DhcpAgentSchedulerDbMixin.remove_networks_from_down_agents' sleeping for 36.99 seconds {{(pid=104542) _run_loop /opt/stack/data/venv/lib/python3.12/site-packages/oslo_service/backend/_threading/loopingcall.py:125}}
Mar 26 00:12:48.903280 np0000160697 neutron-periodic-workers[104542]: DEBUG dbcounter [-] [104542] Writing DB stats neutron:SELECT=3 {{(pid=104542) stat_writer /opt/stack/data/venv/lib/python3.12/site-packages/dbcounter.py:115}}
Mar 26 00:12:55.924951 np0000160697 neutron-periodic-workers[104566]: DEBUG oslo.service.backend._threading.loopingcall [None req-57ff25e4-4d16-48c8-92a5-7cb23d47f3db None None] Fixed interval looping call 'neutron.db.quota.driver_nolock.DbQuotaNoLockDriver._remove_expired_reservations' sleeping for 119.99 seconds {{(pid=104566) _run_loop /opt/stack/data/venv/lib/python3.12/site-packages/oslo_service/backend/_threading/loopingcall.py:125}}
Mar 26 00:13:00.913672 np0000160697 neutron-periodic-workers[104552]: DEBUG neutron.db.agents_db [None req-7efcfb5d-e53b-47b0-af4d-5ff8546becf1 None None] Agent healthcheck: found 0 active agents {{(pid=104552) agent_health_check /opt/stack/neutron/neutron/db/agents_db.py:317}}
Mar 26 00:13:00.914214 np0000160697 neutron-periodic-workers[104552]: DEBUG oslo.service.backend._threading.loopingcall [None req-7efcfb5d-e53b-47b0-af4d-5ff8546becf1 None None] Fixed interval looping call 'neutron.plugins.ml2.plugin.AgentDbMixin.agent_health_check' sleeping for 37.00 seconds {{(pid=104552) _run_loop /opt/stack/data/venv/lib/python3.12/site-packages/oslo_service/backend/_threading/loopingcall.py:125}}
Mar 26 00:13:05.923592 np0000160697 neutron-periodic-workers[104566]: DEBUG dbcounter [-] [104566] Writing DB stats neutron:DELETE=1 {{(pid=104566) stat_writer /opt/stack/data/venv/lib/python3.12/site-packages/dbcounter.py:115}}
Mar 26 00:13:10.912204 np0000160697 neutron-periodic-workers[104552]: DEBUG dbcounter [-] [104552] Writing DB stats neutron:SELECT=1 {{(pid=104552) stat_writer /opt/stack/data/venv/lib/python3.12/site-packages/dbcounter.py:115}}
Mar 26 00:13:15.903940 np0000160697 neutron-periodic-workers[104542]: DEBUG oslo.service.backend._threading.loopingcall [None req-5ff90723-c43d-4f96-a967-91d468ef33ee None None] Fixed interval looping call 'neutron.plugins.ml2.plugin.DhcpAgentSchedulerDbMixin.remove_networks_from_down_agents' sleeping for 36.99 seconds {{(pid=104542) _run_loop /opt/stack/data/venv/lib/python3.12/site-packages/oslo_service/backend/_threading/loopingcall.py:125}}
Mar 26 00:13:25.902486 np0000160697 neutron-periodic-workers[104542]: DEBUG dbcounter [-] [104542] Writing DB stats neutron:SELECT=3 {{(pid=104542) stat_writer /opt/stack/data/venv/lib/python3.12/site-packages/dbcounter.py:115}}
Mar 26 00:13:37.919590 np0000160697 neutron-periodic-workers[104552]: DEBUG neutron.db.agents_db [None req-7efcfb5d-e53b-47b0-af4d-5ff8546becf1 None None] Agent healthcheck: found 0 active agents {{(pid=104552) agent_health_check /opt/stack/neutron/neutron/db/agents_db.py:317}}
Mar 26 00:13:37.920245 np0000160697 neutron-periodic-workers[104552]: DEBUG oslo.service.backend._threading.loopingcall [None req-7efcfb5d-e53b-47b0-af4d-5ff8546becf1 None None] Fixed interval looping call 'neutron.plugins.ml2.plugin.AgentDbMixin.agent_health_check' sleeping for 36.99 seconds {{(pid=104552) _run_loop /opt/stack/data/venv/lib/python3.12/site-packages/oslo_service/backend/_threading/loopingcall.py:125}}
Mar 26 00:13:47.917544 np0000160697 neutron-periodic-workers[104552]: DEBUG dbcounter [-] [104552] Writing DB stats neutron:SELECT=1 {{(pid=104552) stat_writer /opt/stack/data/venv/lib/python3.12/site-packages/dbcounter.py:115}}
Mar 26 00:13:52.904429 np0000160697 neutron-periodic-workers[104542]: DEBUG oslo.service.backend._threading.loopingcall [None req-5ff90723-c43d-4f96-a967-91d468ef33ee None None] Fixed interval looping call 'neutron.plugins.ml2.plugin.DhcpAgentSchedulerDbMixin.remove_networks_from_down_agents' sleeping for 36.99 seconds {{(pid=104542) _run_loop /opt/stack/data/venv/lib/python3.12/site-packages/oslo_service/backend/_threading/loopingcall.py:125}}
Mar 26 00:14:02.902857 np0000160697 neutron-periodic-workers[104542]: DEBUG dbcounter [-] [104542] Writing DB stats neutron:SELECT=3 {{(pid=104542) stat_writer /opt/stack/data/venv/lib/python3.12/site-packages/dbcounter.py:115}}
Mar 26 00:14:14.915505 np0000160697 neutron-periodic-workers[104552]: DEBUG neutron.db.agents_db [None req-7efcfb5d-e53b-47b0-af4d-5ff8546becf1 None None] Agent healthcheck: found 0 active agents {{(pid=104552) agent_health_check /opt/stack/neutron/neutron/db/agents_db.py:317}}
Mar 26 00:14:14.916006 np0000160697 neutron-periodic-workers[104552]: DEBUG oslo.service.backend._threading.loopingcall [None req-7efcfb5d-e53b-47b0-af4d-5ff8546becf1 None None] Fixed interval looping call 'neutron.plugins.ml2.plugin.AgentDbMixin.agent_health_check' sleeping for 36.99 seconds {{(pid=104552) _run_loop /opt/stack/data/venv/lib/python3.12/site-packages/oslo_service/backend/_threading/loopingcall.py:125}}
Mar 26 00:14:24.913666 np0000160697 neutron-periodic-workers[104552]: DEBUG dbcounter [-] [104552] Writing DB stats neutron:SELECT=1 {{(pid=104552) stat_writer /opt/stack/data/venv/lib/python3.12/site-packages/dbcounter.py:115}}
Mar 26 00:14:29.902970 np0000160697 neutron-periodic-workers[104542]: DEBUG oslo.service.backend._threading.loopingcall [None req-5ff90723-c43d-4f96-a967-91d468ef33ee None None] Fixed interval looping call 'neutron.plugins.ml2.plugin.DhcpAgentSchedulerDbMixin.remove_networks_from_down_agents' sleeping for 36.99 seconds {{(pid=104542) _run_loop /opt/stack/data/venv/lib/python3.12/site-packages/oslo_service/backend/_threading/loopingcall.py:125}}
Mar 26 00:14:39.902228 np0000160697 neutron-periodic-workers[104542]: DEBUG dbcounter [-] [104542] Writing DB stats neutron:SELECT=3 {{(pid=104542) stat_writer /opt/stack/data/venv/lib/python3.12/site-packages/dbcounter.py:115}}
Mar 26 00:14:51.910875 np0000160697 neutron-periodic-workers[104552]: DEBUG neutron.db.agents_db [None req-7efcfb5d-e53b-47b0-af4d-5ff8546becf1 None None] Agent healthcheck: found 0 active agents {{(pid=104552) agent_health_check /opt/stack/neutron/neutron/db/agents_db.py:317}}
Mar 26 00:14:51.911577 np0000160697 neutron-periodic-workers[104552]: DEBUG oslo.service.backend._threading.loopingcall [None req-7efcfb5d-e53b-47b0-af4d-5ff8546becf1 None None] Fixed interval looping call 'neutron.plugins.ml2.plugin.AgentDbMixin.agent_health_check' sleeping for 36.99 seconds {{(pid=104552) _run_loop /opt/stack/data/venv/lib/python3.12/site-packages/oslo_service/backend/_threading/loopingcall.py:125}}
Mar 26 00:14:55.939932 np0000160697 neutron-periodic-workers[104566]: DEBUG oslo.service.backend._threading.loopingcall [None req-57ff25e4-4d16-48c8-92a5-7cb23d47f3db None None] Fixed interval looping call 'neutron.db.quota.driver_nolock.DbQuotaNoLockDriver._remove_expired_reservations' sleeping for 120.00 seconds {{(pid=104566) _run_loop /opt/stack/data/venv/lib/python3.12/site-packages/oslo_service/backend/_threading/loopingcall.py:125}}
Mar 26 00:15:02.025355 np0000160697 neutron-periodic-workers[104552]: DEBUG dbcounter [-] [104552] Writing DB stats neutron:SELECT=1 {{(pid=104552) stat_writer /opt/stack/data/venv/lib/python3.12/site-packages/dbcounter.py:115}}
Mar 26 00:15:05.918389 np0000160697 neutron-periodic-workers[104566]: DEBUG dbcounter [-] [104566] Writing DB stats neutron:DELETE=1 {{(pid=104566) stat_writer /opt/stack/data/venv/lib/python3.12/site-packages/dbcounter.py:115}}
Mar 26 00:15:06.900988 np0000160697 neutron-periodic-workers[104542]: DEBUG oslo.service.backend._threading.loopingcall [None req-5ff90723-c43d-4f96-a967-91d468ef33ee None None] Fixed interval looping call 'neutron.plugins.ml2.plugin.DhcpAgentSchedulerDbMixin.remove_networks_from_down_agents' sleeping for 36.99 seconds {{(pid=104542) _run_loop /opt/stack/data/venv/lib/python3.12/site-packages/oslo_service/backend/_threading/loopingcall.py:125}}
Mar 26 00:15:16.899936 np0000160697 neutron-periodic-workers[104542]: DEBUG dbcounter [-] [104542] Writing DB stats neutron:SELECT=3 {{(pid=104542) stat_writer /opt/stack/data/venv/lib/python3.12/site-packages/dbcounter.py:115}}
Mar 26 00:15:25.980858 np0000160697 neutron-periodic-workers[104576]: DEBUG oslo.service.backend._threading.loopingcall [None req-685de60d-c5f6-4983-a4de-6f58ae30c810 None None] Fixed interval looping call 'neutron.services.ovn_l3.plugin.L3_NAT_dbonly_mixin._clean_garbage' sleeping for 299.97 seconds {{(pid=104576) _run_loop /opt/stack/data/venv/lib/python3.12/site-packages/oslo_service/backend/_threading/loopingcall.py:125}}
Mar 26 00:15:28.976265 np0000160697 neutron-periodic-workers[104552]: DEBUG neutron.db.agents_db [None req-7efcfb5d-e53b-47b0-af4d-5ff8546becf1 None None] Agent healthcheck: found 0 active agents {{(pid=104552) agent_health_check /opt/stack/neutron/neutron/db/agents_db.py:317}}
Mar 26 00:15:28.976265 np0000160697 neutron-periodic-workers[104552]: DEBUG oslo.service.backend._threading.loopingcall [None req-7efcfb5d-e53b-47b0-af4d-5ff8546becf1 None None] Fixed interval looping call 'neutron.plugins.ml2.plugin.AgentDbMixin.agent_health_check' sleeping for 36.93 seconds {{(pid=104552) _run_loop /opt/stack/data/venv/lib/python3.12/site-packages/oslo_service/backend/_threading/loopingcall.py:125}}
Mar 26 00:15:35.971017 np0000160697 neutron-periodic-workers[104576]: DEBUG dbcounter [-] [104576] Writing DB stats neutron:SELECT=1 {{(pid=104576) stat_writer /opt/stack/data/venv/lib/python3.12/site-packages/dbcounter.py:115}}
Mar 26 00:15:38.903916 np0000160697 neutron-periodic-workers[104552]: DEBUG dbcounter [-] [104552] Writing DB stats neutron:SELECT=1 {{(pid=104552) stat_writer /opt/stack/data/venv/lib/python3.12/site-packages/dbcounter.py:115}}
Mar 26 00:15:44.137074 np0000160697 neutron-periodic-workers[104542]: DEBUG oslo.service.backend._threading.loopingcall [None req-5ff90723-c43d-4f96-a967-91d468ef33ee None None] Fixed interval looping call 'neutron.plugins.ml2.plugin.DhcpAgentSchedulerDbMixin.remove_networks_from_down_agents' sleeping for 36.75 seconds {{(pid=104542) _run_loop /opt/stack/data/venv/lib/python3.12/site-packages/oslo_service/backend/_threading/loopingcall.py:125}}
Mar 26 00:15:54.136822 np0000160697 neutron-periodic-workers[104542]: DEBUG dbcounter [-] [104542] Writing DB stats neutron:SELECT=3 {{(pid=104542) stat_writer /opt/stack/data/venv/lib/python3.12/site-packages/dbcounter.py:115}}
Mar 26 00:16:07.047311 np0000160697 neutron-periodic-workers[104552]: DEBUG neutron.db.agents_db [None req-7efcfb5d-e53b-47b0-af4d-5ff8546becf1 None None] Agent healthcheck: found 0 active agents {{(pid=104552) agent_health_check /opt/stack/neutron/neutron/db/agents_db.py:317}}
Mar 26 00:16:07.048085 np0000160697 neutron-periodic-workers[104552]: DEBUG oslo.service.backend._threading.loopingcall [None req-7efcfb5d-e53b-47b0-af4d-5ff8546becf1 None None] Fixed interval looping call 'neutron.plugins.ml2.plugin.AgentDbMixin.agent_health_check' sleeping for 35.86 seconds {{(pid=104552) _run_loop /opt/stack/data/venv/lib/python3.12/site-packages/oslo_service/backend/_threading/loopingcall.py:125}}
Mar 26 00:16:15.907764 np0000160697 neutron-periodic-workers[104552]: DEBUG dbcounter [-] [104552] Writing DB stats neutron:SELECT=1 {{(pid=104552) stat_writer /opt/stack/data/venv/lib/python3.12/site-packages/dbcounter.py:115}}
Mar 26 00:16:20.969682 np0000160697 neutron-periodic-workers[104542]: DEBUG oslo.service.backend._threading.loopingcall [None req-5ff90723-c43d-4f96-a967-91d468ef33ee None None] Fixed interval looping call 'neutron.plugins.ml2.plugin.DhcpAgentSchedulerDbMixin.remove_networks_from_down_agents' sleeping for 36.92 seconds {{(pid=104542) _run_loop /opt/stack/data/venv/lib/python3.12/site-packages/oslo_service/backend/_threading/loopingcall.py:125}}
Mar 26 00:16:30.895934 np0000160697 neutron-periodic-workers[104542]: DEBUG dbcounter [-] [104542] Writing DB stats neutron:SELECT=3 {{(pid=104542) stat_writer /opt/stack/data/venv/lib/python3.12/site-packages/dbcounter.py:115}}
Mar 26 00:16:42.913495 np0000160697 neutron-periodic-workers[104552]: DEBUG neutron.db.agents_db [None req-7efcfb5d-e53b-47b0-af4d-5ff8546becf1 None None] Agent healthcheck: found 0 active agents {{(pid=104552) agent_health_check /opt/stack/neutron/neutron/db/agents_db.py:317}}
Mar 26 00:16:42.913495 np0000160697 neutron-periodic-workers[104552]: DEBUG oslo.service.backend._threading.loopingcall [None req-7efcfb5d-e53b-47b0-af4d-5ff8546becf1 None None] Fixed interval looping call 'neutron.plugins.ml2.plugin.AgentDbMixin.agent_health_check' sleeping for 36.99 seconds {{(pid=104552) _run_loop /opt/stack/data/venv/lib/python3.12/site-packages/oslo_service/backend/_threading/loopingcall.py:125}}
Mar 26 00:16:57.710776 np0000160697 neutron-periodic-workers[104566]: DEBUG oslo.service.backend._threading.loopingcall [None req-57ff25e4-4d16-48c8-92a5-7cb23d47f3db None None] Fixed interval looping call 'neutron.db.quota.driver_nolock.DbQuotaNoLockDriver._remove_expired_reservations' sleeping for 118.21 seconds {{(pid=104566) _run_loop /opt/stack/data/venv/lib/python3.12/site-packages/oslo_service/backend/_threading/loopingcall.py:125}}
Mar 26 00:17:00.759284 np0000160697 neutron-periodic-workers[104542]: DEBUG oslo.service.backend._threading.loopingcall [None req-5ff90723-c43d-4f96-a967-91d468ef33ee None None] Fixed interval looping call 'neutron.plugins.ml2.plugin.DhcpAgentSchedulerDbMixin.remove_networks_from_down_agents' sleeping for 34.13 seconds {{(pid=104542) _run_loop /opt/stack/data/venv/lib/python3.12/site-packages/oslo_service/backend/_threading/loopingcall.py:125}}
Mar 26 00:17:05.924016 np0000160697 neutron-periodic-workers[104566]: DEBUG dbcounter [-] [104566] Writing DB stats neutron:DELETE=1 {{(pid=104566) stat_writer /opt/stack/data/venv/lib/python3.12/site-packages/dbcounter.py:115}}
Mar 26 00:17:08.669285 np0000160697 neutron-periodic-workers[104552]: DEBUG dbcounter [-] [104552] Writing DB stats neutron:SELECT=1 {{(pid=104552) stat_writer /opt/stack/data/venv/lib/python3.12/site-packages/dbcounter.py:115}}
Mar 26 00:17:19.908157 np0000160697 neutron-periodic-workers[104552]: DEBUG neutron.db.agents_db [None req-7efcfb5d-e53b-47b0-af4d-5ff8546becf1 None None] Agent healthcheck: found 0 active agents {{(pid=104552) agent_health_check /opt/stack/neutron/neutron/db/agents_db.py:317}}
Mar 26 00:17:19.908157 np0000160697 neutron-periodic-workers[104552]: DEBUG oslo.service.backend._threading.loopingcall [None req-7efcfb5d-e53b-47b0-af4d-5ff8546becf1 None None] Fixed interval looping call 'neutron.plugins.ml2.plugin.AgentDbMixin.agent_health_check' sleeping for 37.00 seconds {{(pid=104552) _run_loop /opt/stack/data/venv/lib/python3.12/site-packages/oslo_service/backend/_threading/loopingcall.py:125}}
Mar 26 00:17:34.899108 np0000160697 neutron-periodic-workers[104542]: DEBUG oslo.service.backend._threading.loopingcall [None req-5ff90723-c43d-4f96-a967-91d468ef33ee None None] Fixed interval looping call 'neutron.plugins.ml2.plugin.DhcpAgentSchedulerDbMixin.remove_networks_from_down_agents' sleeping for 36.99 seconds {{(pid=104542) _run_loop /opt/stack/data/venv/lib/python3.12/site-packages/oslo_service/backend/_threading/loopingcall.py:125}}
Mar 26 00:17:44.898383 np0000160697 neutron-periodic-workers[104542]: DEBUG dbcounter [-] [104542] Writing DB stats neutron:SELECT=6 {{(pid=104542) stat_writer /opt/stack/data/venv/lib/python3.12/site-packages/dbcounter.py:115}}
Mar 26 00:17:56.938869 np0000160697 neutron-periodic-workers[104552]: DEBUG neutron.db.agents_db [None req-7efcfb5d-e53b-47b0-af4d-5ff8546becf1 None None] Agent healthcheck: found 0 active agents {{(pid=104552) agent_health_check /opt/stack/neutron/neutron/db/agents_db.py:317}}
Mar 26 00:17:56.939402 np0000160697 neutron-periodic-workers[104552]: DEBUG oslo.service.backend._threading.loopingcall [None req-7efcfb5d-e53b-47b0-af4d-5ff8546becf1 None None] Fixed interval looping call 'neutron.plugins.ml2.plugin.AgentDbMixin.agent_health_check' sleeping for 36.97 seconds {{(pid=104552) _run_loop /opt/stack/data/venv/lib/python3.12/site-packages/oslo_service/backend/_threading/loopingcall.py:125}}
Mar 26 00:18:12.710981 np0000160697 neutron-periodic-workers[104542]: DEBUG oslo.service.backend._threading.loopingcall [None req-5ff90723-c43d-4f96-a967-91d468ef33ee None None] Fixed interval looping call 'neutron.plugins.ml2.plugin.DhcpAgentSchedulerDbMixin.remove_networks_from_down_agents' sleeping for 36.18 seconds {{(pid=104542) _run_loop /opt/stack/data/venv/lib/python3.12/site-packages/oslo_service/backend/_threading/loopingcall.py:125}}
Mar 26 00:18:18.011178 np0000160697 neutron-periodic-workers[104552]: DEBUG dbcounter [-] [104552] Writing DB stats neutron:SELECT=2 {{(pid=104552) stat_writer /opt/stack/data/venv/lib/python3.12/site-packages/dbcounter.py:115}}
Mar 26 00:18:33.997609 np0000160697 neutron-periodic-workers[104552]: DEBUG neutron.db.agents_db [None req-7efcfb5d-e53b-47b0-af4d-5ff8546becf1 None None] Agent healthcheck: found 0 active agents {{(pid=104552) agent_health_check /opt/stack/neutron/neutron/db/agents_db.py:317}}
Mar 26 00:18:34.021335 np0000160697 neutron-periodic-workers[104552]: DEBUG oslo.service.backend._threading.loopingcall [None req-7efcfb5d-e53b-47b0-af4d-5ff8546becf1 None None] Fixed interval looping call 'neutron.plugins.ml2.plugin.AgentDbMixin.agent_health_check' sleeping for 36.91 seconds {{(pid=104552) _run_loop /opt/stack/data/venv/lib/python3.12/site-packages/oslo_service/backend/_threading/loopingcall.py:125}}
Mar 26 00:18:40.481668 np0000160697 neutron-periodic-workers[104542]: DEBUG dbcounter [-] [104542] Writing DB stats neutron:SELECT=3 {{(pid=104542) stat_writer /opt/stack/data/venv/lib/python3.12/site-packages/dbcounter.py:115}}
Mar 26 00:18:46.127714 np0000160697 neutron-periodic-workers[104552]: DEBUG dbcounter [-] [104552] Writing DB stats neutron:SELECT=1 {{(pid=104552) stat_writer /opt/stack/data/venv/lib/python3.12/site-packages/dbcounter.py:115}}
Mar 26 00:18:48.903156 np0000160697 neutron-periodic-workers[104542]: DEBUG oslo.service.backend._threading.loopingcall [None req-5ff90723-c43d-4f96-a967-91d468ef33ee None None] Fixed interval looping call 'neutron.plugins.ml2.plugin.DhcpAgentSchedulerDbMixin.remove_networks_from_down_agents' sleeping for 36.99 seconds {{(pid=104542) _run_loop /opt/stack/data/venv/lib/python3.12/site-packages/oslo_service/backend/_threading/loopingcall.py:125}}
Mar 26 00:18:55.926978 np0000160697 neutron-periodic-workers[104566]: DEBUG oslo.service.backend._threading.loopingcall [None req-57ff25e4-4d16-48c8-92a5-7cb23d47f3db None None] Fixed interval looping call 'neutron.db.quota.driver_nolock.DbQuotaNoLockDriver._remove_expired_reservations' sleeping for 119.99 seconds {{(pid=104566) _run_loop /opt/stack/data/venv/lib/python3.12/site-packages/oslo_service/backend/_threading/loopingcall.py:125}}
Mar 26 00:18:58.901191 np0000160697 neutron-periodic-workers[104542]: DEBUG dbcounter [-] [104542] Writing DB stats neutron:SELECT=3 {{(pid=104542) stat_writer /opt/stack/data/venv/lib/python3.12/site-packages/dbcounter.py:115}}
Mar 26 00:19:06.017539 np0000160697 neutron-periodic-workers[104566]: DEBUG dbcounter [-] [104566] Writing DB stats neutron:DELETE=1 {{(pid=104566) stat_writer /opt/stack/data/venv/lib/python3.12/site-packages/dbcounter.py:115}}
