2026-05-21 02:16:10.424 7 INFO neutron_taas.services.taas.tap_mirror_plugin [None req-ba3da999-9408-4a70-8006-b11468e55e94 0e5ad5d86ff94329b05a98cdcb628a38 af28956ac39946c0bc8b6c516ad02807 - - default default] Tap Mirror: Handle Delete Port: 23eabeb4-d06a-48e9-b593-f103a87c7601
2026-05-21 02:16:10.523 8 INFO neutron.db.ovn_revision_numbers_db [None req-67769917-8e87-4dcb-96df-360e269eb6cf da677ec5c421433fb569937650544d40 00d771f1fd7849d4bd8f31915341aadc - - default default] Successfully bumped revision number for resource 82aa9f19-83e3-4f4f-892a-eb56695603e2 (type: security_group_rules) to 0 [pid: 8|app: 0|req: 595/1250] 10.0.0.190 () {34 vars in 695 bytes} [Thu May 21 02:16:10 2026] POST /v2.0/security-group-rules => generated 602 bytes in 163 msecs (HTTP/1.1 201) 4 headers in 162 bytes (1 switches on core 0) [pid: 8|app: 0|req: 596/1251] 10.0.0.18 () {28 vars in 623 bytes} [Thu May 21 02:16:10 2026] GET /v2.0/agents?binary=ovn-controller => generated 416 bytes in 13 msecs (HTTP/1.1 200) 4 headers in 157 bytes (1 switches on core 0)
2026-05-21 02:16:10.642 7 INFO neutron.services.segments.plugin [-] Segment 60dfdf33-f1fa-4925-9a14-4e6ce020baff resource provider aggregate not found
2026-05-21 02:16:10.645 7 INFO neutron.services.segments.plugin [-] Segment 60dfdf33-f1fa-4925-9a14-4e6ce020baff resource provider aggregate not found
2026-05-21 02:16:10.665 7 INFO neutron.services.segments.plugin [-] Segment 60dfdf33-f1fa-4925-9a14-4e6ce020baff resource provider not found; error: Placement Client Error (4xx): {"errors": [{"status": 404, "title": "Not Found", "detail": "The resource could not be found.\n\n No resource provider with uuid 60dfdf33-f1fa-4925-9a14-4e6ce020baff found for delete ", "request_id": "req-d8a784c8-5df7-4f78-8dc5-b034a935e008"}]}
2026-05-21 02:16:10.667 7 INFO neutron.services.segments.plugin [-] Segment 60dfdf33-f1fa-4925-9a14-4e6ce020baff resource provider not found; error: Placement Client Error (4xx): {"errors": [{"status": 404, "title": "Not Found", "detail": "The resource could not be found.\n\n No resource provider with uuid 60dfdf33-f1fa-4925-9a14-4e6ce020baff found for delete ", "request_id": "req-047bb055-882b-4706-90a7-6d0e56236391"}]} [pid: 7|app: 0|req: 656/1252] 10.0.0.190 () {32 vars in 726 bytes} [Thu May 21 02:16:10 2026] DELETE /v2.0/networks/1b38d951-51e6-4881-8838-f761d61e61eb => generated 0 bytes in 423 msecs (HTTP/1.1 204) 3 headers in 131 bytes (1 switches on core 0)
2026-05-21 02:16:10.783 8 WARNING neutron.scheduler.dhcp_agent_scheduler [None req-9e48f777-9d77-4a67-bbea-1e51a293c4a3 2a1de4f9d0ea47ba9e5bdc53182fcd2b cae455927c594d61843a5ba56878d7f2 - - default default] No more DHCP agents
2026-05-21 02:16:10.784 8 WARNING neutron.api.rpc.agentnotifiers.dhcp_rpc_agent_api [None req-9e48f777-9d77-4a67-bbea-1e51a293c4a3 2a1de4f9d0ea47ba9e5bdc53182fcd2b cae455927c594d61843a5ba56878d7f2 - - default default] Unable to schedule network 3a72a6c1-3221-4b7c-885f-96a814624705: no agents available; will retry on subsequent port and subnet creation events.
2026-05-21 02:16:10.809 8 INFO neutron.db.ovn_revision_numbers_db [None req-9e48f777-9d77-4a67-bbea-1e51a293c4a3 2a1de4f9d0ea47ba9e5bdc53182fcd2b cae455927c594d61843a5ba56878d7f2 - - default default] Successfully bumped revision number for resource a23ccc5e-160f-4f01-b510-465a6d9e314c (type: subnets) to 0 [pid: 8|app: 0|req: 597/1253] 10.0.0.190 () {34 vars in 669 bytes} [Thu May 21 02:16:10 2026] POST /v2.0/subnets => generated 646 bytes in 230 msecs (HTTP/1.1 201) 4 headers in 162 bytes (1 switches on core 0) [pid: 8|app: 0|req: 598/1254] 10.0.0.18 () {28 vars in 580 bytes} [Thu May 21 02:16:10 2026] GET /v2.0/agents => generated 1214 bytes in 11 msecs (HTTP/1.1 200) 4 headers in 158 bytes (1 switches on core 0)
2026-05-21 02:16:10.894 7 WARNING neutron.scheduler.dhcp_agent_scheduler [None req-90d8e89c-c8c6-4b4c-94b8-1a4db20563aa da677ec5c421433fb569937650544d40 00d771f1fd7849d4bd8f31915341aadc - - default default] No more DHCP agents
2026-05-21 02:16:10.895 7 WARNING neutron.api.rpc.agentnotifiers.dhcp_rpc_agent_api [None req-90d8e89c-c8c6-4b4c-94b8-1a4db20563aa da677ec5c421433fb569937650544d40 00d771f1fd7849d4bd8f31915341aadc - - default default] Unable to schedule network 8113bd5b-649b-42f1-9321-c0df6f151741: no agents available; will retry on subsequent port and subnet creation events.
2026-05-21 02:16:10.976 8 WARNING neutron.scheduler.dhcp_agent_scheduler [None req-d81de18d-f9e2-4b0e-b71f-3c9f6bc79b9b 2a1de4f9d0ea47ba9e5bdc53182fcd2b cae455927c594d61843a5ba56878d7f2 - - default default] No more DHCP agents
2026-05-21 02:16:10.979 8 WARNING neutron.api.rpc.agentnotifiers.dhcp_rpc_agent_api [None req-d81de18d-f9e2-4b0e-b71f-3c9f6bc79b9b 2a1de4f9d0ea47ba9e5bdc53182fcd2b cae455927c594d61843a5ba56878d7f2 - - default default] Unable to schedule network 7891f25e-174b-4bef-b02d-c9dc454aed1d: no agents available; will retry on subsequent port and subnet creation events.
2026-05-21 02:16:11.001 8 INFO neutron.db.ovn_revision_numbers_db [None req-d81de18d-f9e2-4b0e-b71f-3c9f6bc79b9b 2a1de4f9d0ea47ba9e5bdc53182fcd2b cae455927c594d61843a5ba56878d7f2 - - default default] Successfully bumped revision number for resource 0f6a3e7b-750d-4a67-b686-48e62274f916 (type: subnets) to 0 [pid: 8|app: 0|req: 599/1255] 10.0.0.190 () {34 vars in 669 bytes} [Thu May 21 02:16:10 2026] POST /v2.0/subnets => generated 655 bytes in 179 msecs (HTTP/1.1 201) 4 headers in 162 bytes (1 switches on core 0) [pid: 8|app: 0|req: 600/1256] 10.0.0.18 () {28 vars in 578 bytes} [Thu May 21 02:16:11 2026] GET /v2.0/ports => generated 11117 bytes in 74 msecs (HTTP/1.1 200) 4 headers in 159 bytes (1 switches on core 0)
2026-05-21 02:16:11.209 8 INFO neutron.db.ovn_revision_numbers_db [None req-3220030b-220a-41f3-8a5a-25f145319b66 2a1de4f9d0ea47ba9e5bdc53182fcd2b cae455927c594d61843a5ba56878d7f2 - - default default] Successfully bumped revision number for resource d9d02080-60c4-4f6f-afab-1856ee134d6c (type: routers) to 1 [pid: 8|app: 0|req: 601/1257] 10.0.0.190 () {34 vars in 669 bytes} [Thu May 21 02:16:11 2026] POST /v2.0/routers => generated 606 bytes in 136 msecs (HTTP/1.1 201) 4 headers in 162 bytes (1 switches on core 0) [pid: 7|app: 0|req: 657/1258] 10.0.0.190 () {34 vars in 676 bytes} [Thu May 21 02:16:10 2026] POST /v2.0/floatingips => generated 552 bytes in 532 msecs (HTTP/1.1 201) 4 headers in 162 bytes (1 switches on core 0) [pid: 8|app: 0|req: 602/1259] 10.0.0.18 () {28 vars in 618 bytes} [Thu May 21 02:16:11 2026] GET /v2.0/network-ip-availabilities => generated 2488 bytes in 15 msecs (HTTP/1.1 200) 4 headers in 158 bytes (1 switches on core 0) [pid: 8|app: 0|req: 603/1260] 10.0.0.190 () {32 vars in 774 bytes} [Thu May 21 02:16:11 2026] GET /v2.0/security-groups?tenant_id=af28956ac39946c0bc8b6c516ad02807&name=default => generated 2925 bytes in 118 msecs (HTTP/1.1 200) 4 headers in 158 bytes (1 switches on core 0) [pid: 8|app: 0|req: 604/1261] 10.0.0.190 () {32 vars in 740 bytes} [Thu May 21 02:16:11 2026] DELETE /v2.0/security-groups/1f47f765-264b-449c-b2be-3e5eb0351d7e => generated 0 bytes in 219 msecs (HTTP/1.1 204) 2 headers in 112 bytes (1 switches on core 0)
2026-05-21 02:16:11.612 7 WARNING neutron.scheduler.dhcp_agent_scheduler [None req-ad29b9d5-030f-43c3-8afc-958c37da3516 2a1de4f9d0ea47ba9e5bdc53182fcd2b cae455927c594d61843a5ba56878d7f2 - - default default] No more DHCP agents
2026-05-21 02:16:11.614 7 WARNING neutron.api.rpc.agentnotifiers.dhcp_rpc_agent_api [None req-ad29b9d5-030f-43c3-8afc-958c37da3516 2a1de4f9d0ea47ba9e5bdc53182fcd2b cae455927c594d61843a5ba56878d7f2 - - default default] Unable to schedule network 3a72a6c1-3221-4b7c-885f-96a814624705: no agents available; will retry on subsequent port and subnet creation events.
2026-05-21 02:16:11.715 7 INFO neutron.db.ovn_revision_numbers_db [None req-ad29b9d5-030f-43c3-8afc-958c37da3516 2a1de4f9d0ea47ba9e5bdc53182fcd2b cae455927c594d61843a5ba56878d7f2 - - default default] Successfully bumped revision number for resource 62daf34f-fe16-4ad6-b4aa-18046b074e42 (type: ports) to 1 [pid: 8|app: 0|req: 605/1262] 10.0.0.216 () {34 vars in 1098 bytes} [Thu May 21 02:16:11 2026] GET /v2.0/security-groups?name=tempest-securitygroup--893767642&fields=id&tenant_id=00d771f1fd7849d4bd8f31915341aadc => generated 69 bytes in 30 msecs (HTTP/1.1 200) 4 headers in 156 bytes (1 switches on core 0) [pid: 8|app: 0|req: 606/1263] 10.0.0.216 () {34 vars in 982 bytes} [Thu May 21 02:16:11 2026] GET /v2.0/networks?id=d94450a7-5cc9-45ca-acf2-763195cee9a7 => generated 713 bytes in 44 msecs (HTTP/1.1 200) 4 headers in 157 bytes (1 switches on core 0) [pid: 8|app: 0|req: 607/1264] 10.0.0.216 () {34 vars in 965 bytes} [Thu May 21 02:16:11 2026] GET /v2.0/quotas/00d771f1fd7849d4bd8f31915341aadc => generated 292 bytes in 11 msecs (HTTP/1.1 200) 4 headers in 157 bytes (1 switches on core 0) [pid: 8|app: 0|req: 608/1265] 10.0.0.216 () {34 vars in 1002 bytes} [Thu May 21 02:16:11 2026] GET /v2.0/ports?tenant_id=00d771f1fd7849d4bd8f31915341aadc&fields=id => generated 103 bytes in 62 msecs (HTTP/1.1 200) 4 headers in 157 bytes (1 switches on core 0) [pid: 8|app: 0|req: 609/1266] 10.0.0.216 () {34 vars in 1008 bytes} [Thu May 21 02:16:11 2026] GET /v2.0/networks/d94450a7-5cc9-45ca-acf2-763195cee9a7?fields=segments => generated 14 bytes in 31 msecs (HTTP/1.1 200) 4 headers in 156 bytes (1 switches on core 0) [pid: 8|app: 0|req: 610/1267] 10.0.0.216 () {34 vars in 1108 bytes} [Thu May 21 02:16:11 2026] GET /v2.0/networks/d94450a7-5cc9-45ca-acf2-763195cee9a7?fields=provider%3Aphysical_network&fields=provider%3Anetwork_type => generated 79 bytes in 45 msecs (HTTP/1.1 200) 4 headers in 156 bytes (1 switches on core 0) [pid: 8|app: 0|req: 611/1268] 10.0.0.216 () {34 vars in 990 bytes} [Thu May 21 02:16:12 2026] GET /v2.0/ports?device_id=77fc184d-c4ee-4fb0-8adb-79ae3c69283c => generated 12 bytes in 22 msecs (HTTP/1.1 200) 4 headers in 156 bytes (1 switches on core 0)
2026-05-21 02:16:12.224 7 WARNING neutron.scheduler.dhcp_agent_scheduler [None req-ad29b9d5-030f-43c3-8afc-958c37da3516 2a1de4f9d0ea47ba9e5bdc53182fcd2b cae455927c594d61843a5ba56878d7f2 - - default default] No more DHCP agents
2026-05-21 02:16:12.225 7 WARNING neutron.api.rpc.agentnotifiers.dhcp_rpc_agent_api [None req-ad29b9d5-030f-43c3-8afc-958c37da3516 2a1de4f9d0ea47ba9e5bdc53182fcd2b cae455927c594d61843a5ba56878d7f2 - - default default] Unable to schedule network 3a72a6c1-3221-4b7c-885f-96a814624705: no agents available; will retry on subsequent port and subnet creation events.
2026-05-21 02:16:12.354 8 INFO neutron.db.ovn_revision_numbers_db [None req-bea902bd-c8b9-432e-9666-11ed47b36806 759d2c7d7eef4a7aab5992548bbfbf4d be633172c7cd448bb6a3be0e53cc5d50 - - default default] Successfully bumped revision number for resource 2ad04ecf-a8b0-4f24-a056-3df12f117beb (type: security_groups) to 1
2026-05-21 02:16:12.396 7 INFO neutron.db.ovn_revision_numbers_db [None req-ad29b9d5-030f-43c3-8afc-958c37da3516 2a1de4f9d0ea47ba9e5bdc53182fcd2b cae455927c594d61843a5ba56878d7f2 - - default default] Successfully bumped revision number for resource 62daf34f-fe16-4ad6-b4aa-18046b074e42 (type: router_ports) to 1
2026-05-21 02:16:12.400 8 INFO neutron.db.ovn_revision_numbers_db [None req-bea902bd-c8b9-432e-9666-11ed47b36806 759d2c7d7eef4a7aab5992548bbfbf4d be633172c7cd448bb6a3be0e53cc5d50 - - default default] Successfully bumped revision number for resource 4881a959-e379-40c5-9b3f-9fa73087c74f (type: security_group_rules) to 0 [pid: 7|app: 0|req: 658/1269] 10.0.0.190 () {34 vars in 783 bytes} [Thu May 21 02:16:11 2026] PUT /v2.0/routers/d9d02080-60c4-4f6f-afab-1856ee134d6c/add_router_interface => generated 309 bytes in 1176 msecs (HTTP/1.1 200) 4 headers in 157 bytes (1 switches on core 0)
2026-05-21 02:16:12.424 8 INFO neutron.db.ovn_revision_numbers_db [None req-bea902bd-c8b9-432e-9666-11ed47b36806 759d2c7d7eef4a7aab5992548bbfbf4d be633172c7cd448bb6a3be0e53cc5d50 - - default default] Successfully bumped revision number for resource 5f37998c-bca2-4500-ab3b-5a52cb5df1a4 (type: security_group_rules) to 0
2026-05-21 02:16:12.435 8 INFO neutron.db.ovn_revision_numbers_db [None req-bea902bd-c8b9-432e-9666-11ed47b36806 759d2c7d7eef4a7aab5992548bbfbf4d be633172c7cd448bb6a3be0e53cc5d50 - - default default] Successfully bumped revision number for resource 8b405df9-122c-4079-beca-3bb1e3f3a2de (type: security_group_rules) to 0
2026-05-21 02:16:12.447 8 INFO neutron.db.ovn_revision_numbers_db [None req-bea902bd-c8b9-432e-9666-11ed47b36806 759d2c7d7eef4a7aab5992548bbfbf4d be633172c7cd448bb6a3be0e53cc5d50 - - default default] Successfully bumped revision number for resource d7594280-f1c8-426a-9dba-bfbea072845c (type: security_group_rules) to 0 [pid: 7|app: 0|req: 659/1270] 10.0.0.190 () {32 vars in 717 bytes} [Thu May 21 02:16:12 2026] GET /v2.0/ports/62daf34f-fe16-4ad6-b4aa-18046b074e42 => generated 945 bytes in 61 msecs (HTTP/1.1 200) 4 headers in 157 bytes (1 switches on core 0) [pid: 8|app: 0|req: 612/1271] 10.0.0.190 () {32 vars in 774 bytes} [Thu May 21 02:16:12 2026] GET /v2.0/security-groups?tenant_id=f31a665e7ec64f22a631b76ad806b269&name=default => generated 2925 bytes in 390 msecs (HTTP/1.1 200) 4 headers in 158 bytes (1 switches on core 0) [pid: 8|app: 0|req: 613/1272] 10.0.0.190 () {32 vars in 740 bytes} [Thu May 21 02:16:12 2026] DELETE /v2.0/security-groups/2ad04ecf-a8b0-4f24-a056-3df12f117beb => generated 0 bytes in 226 msecs (HTTP/1.1 204) 2 headers in 112 bytes (1 switches on core 0)
2026-05-21 02:16:12.854 7 WARNING neutron.scheduler.dhcp_agent_scheduler [None req-326e9c03-605a-4e6d-ba93-04dea6ac64f5 2a1de4f9d0ea47ba9e5bdc53182fcd2b cae455927c594d61843a5ba56878d7f2 - - default default] No more DHCP agents
2026-05-21 02:16:12.855 7 WARNING neutron.api.rpc.agentnotifiers.dhcp_rpc_agent_api [None req-326e9c03-605a-4e6d-ba93-04dea6ac64f5 2a1de4f9d0ea47ba9e5bdc53182fcd2b cae455927c594d61843a5ba56878d7f2 - - default default] Unable to schedule network 7891f25e-174b-4bef-b02d-c9dc454aed1d: no agents available; will retry on subsequent port and subnet creation events.
2026-05-21 02:16:12.922 8 INFO neutron.db.ovn_revision_numbers_db [None req-4889edaf-30a5-40f0-815c-ab5be9856923 759d2c7d7eef4a7aab5992548bbfbf4d be633172c7cd448bb6a3be0e53cc5d50 - - default default] Successfully bumped revision number for resource 02b0334a-db27-43ac-9188-235ae39b674d (type: security_groups) to 1
2026-05-21 02:16:12.926 7 INFO neutron.plugins.ml2.drivers.ovn.mech_driver.mech_driver [None req-406a8ba4-e53e-4a22-8d4f-29f526c32794 - - - - - -] OVN reports status down for port: 3f302c72-8bb4-467a-9579-d2404b9cc5d3
2026-05-21 02:16:12.938 8 INFO neutron.db.ovn_revision_numbers_db [None req-4889edaf-30a5-40f0-815c-ab5be9856923 759d2c7d7eef4a7aab5992548bbfbf4d be633172c7cd448bb6a3be0e53cc5d50 - - default default] Successfully bumped revision number for resource 02bb0369-59ff-4e5c-82a6-6da7d462bc80 (type: security_group_rules) to 0
2026-05-21 02:16:12.949 8 INFO neutron.db.ovn_revision_numbers_db [None req-4889edaf-30a5-40f0-815c-ab5be9856923 759d2c7d7eef4a7aab5992548bbfbf4d be633172c7cd448bb6a3be0e53cc5d50 - - default default] Successfully bumped revision number for resource 6c1ea87a-3da8-4223-ab4a-79f787789487 (type: security_group_rules) to 0
2026-05-21 02:16:12.965 8 INFO neutron.db.ovn_revision_numbers_db [None req-4889edaf-30a5-40f0-815c-ab5be9856923 759d2c7d7eef4a7aab5992548bbfbf4d be633172c7cd448bb6a3be0e53cc5d50 - - default default] Successfully bumped revision number for resource 70c30fd2-bc0f-4e73-80c4-ae8a24dfe209 (type: security_group_rules) to 0
2026-05-21 02:16:12.981 8 INFO neutron.db.ovn_revision_numbers_db [None req-4889edaf-30a5-40f0-815c-ab5be9856923 759d2c7d7eef4a7aab5992548bbfbf4d be633172c7cd448bb6a3be0e53cc5d50 - - default default] Successfully bumped revision number for resource e4db6f6e-a15d-4989-9401-602be08571f8 (type: security_group_rules) to 0
2026-05-21 02:16:12.982 7 INFO neutron.db.ovn_revision_numbers_db [None req-326e9c03-605a-4e6d-ba93-04dea6ac64f5 2a1de4f9d0ea47ba9e5bdc53182fcd2b cae455927c594d61843a5ba56878d7f2 - - default default] Successfully bumped revision number for resource 3f302c72-8bb4-467a-9579-d2404b9cc5d3 (type: ports) to 1 [pid: 8|app: 0|req: 614/1273] 10.0.0.190 () {32 vars in 774 bytes} [Thu May 21 02:16:12 2026] GET /v2.0/security-groups?tenant_id=4823ab94826e4b06904cb953da7699fe&name=default => generated 2925 bytes in 216 msecs (HTTP/1.1 200) 4 headers in 158 bytes (1 switches on core 0) [pid: 8|app: 0|req: 615/1274] 10.0.0.190 () {32 vars in 740 bytes} [Thu May 21 02:16:13 2026] DELETE /v2.0/security-groups/02b0334a-db27-43ac-9188-235ae39b674d => generated 0 bytes in 237 msecs (HTTP/1.1 204) 2 headers in 112 bytes (1 switches on core 0) [pid: 8|app: 0|req: 616/1275] 10.0.0.216 () {34 vars in 990 bytes} [Thu May 21 02:16:13 2026] GET /v2.0/ports?device_id=77fc184d-c4ee-4fb0-8adb-79ae3c69283c => generated 12 bytes in 29 msecs (HTTP/1.1 200) 4 headers in 156 bytes (1 switches on core 0)
2026-05-21 02:16:13.501 7 INFO neutron.plugins.ml2.drivers.ovn.mech_driver.mech_driver [None req-406a8ba4-e53e-4a22-8d4f-29f526c32794 - - - - - -] OVN reports status up for port: 3f302c72-8bb4-467a-9579-d2404b9cc5d3
2026-05-21 02:16:13.538 7 INFO neutron.plugins.ml2.plugin [None req-406a8ba4-e53e-4a22-8d4f-29f526c32794 - - - - - -] Attempt 1 to provision port 3f302c72-8bb4-467a-9579-d2404b9cc5d3
2026-05-21 02:16:13.703 7 WARNING neutron.scheduler.dhcp_agent_scheduler [None req-326e9c03-605a-4e6d-ba93-04dea6ac64f5 2a1de4f9d0ea47ba9e5bdc53182fcd2b cae455927c594d61843a5ba56878d7f2 - - default default] No more DHCP agents
2026-05-21 02:16:13.715 7 WARNING neutron.api.rpc.agentnotifiers.dhcp_rpc_agent_api [None req-326e9c03-605a-4e6d-ba93-04dea6ac64f5 2a1de4f9d0ea47ba9e5bdc53182fcd2b cae455927c594d61843a5ba56878d7f2 - - default default] Unable to schedule network 7891f25e-174b-4bef-b02d-c9dc454aed1d: no agents available; will retry on subsequent port and subnet creation events.
2026-05-21 02:16:13.780 8 INFO neutron.db.ovn_revision_numbers_db [None req-fff2fd4a-b9c4-495a-8d32-124841504320 c714b0fb6de24cc389760b2d4c25d354 bf9911e9ee6c4928af6f164cff4a853f - - default default] Successfully bumped revision number for resource 03a8c172-b4a7-4a4b-930f-dcf29b9d0251 (type: security_groups) to 1
2026-05-21 02:16:13.792 8 INFO neutron.db.ovn_revision_numbers_db [None req-fff2fd4a-b9c4-495a-8d32-124841504320 c714b0fb6de24cc389760b2d4c25d354 bf9911e9ee6c4928af6f164cff4a853f - - default default] Successfully bumped revision number for resource 87a4a692-0683-4d17-b947-99f82f760bc2 (type: security_group_rules) to 0
2026-05-21 02:16:13.802 8 INFO neutron.db.ovn_revision_numbers_db [None req-fff2fd4a-b9c4-495a-8d32-124841504320 c714b0fb6de24cc389760b2d4c25d354 bf9911e9ee6c4928af6f164cff4a853f - - default default] Successfully bumped revision number for resource ba031817-4152-4497-b75f-6205b6807a3c (type: security_group_rules) to 0
2026-05-21 02:16:13.813 8 INFO neutron.db.ovn_revision_numbers_db [None req-fff2fd4a-b9c4-495a-8d32-124841504320 c714b0fb6de24cc389760b2d4c25d354 bf9911e9ee6c4928af6f164cff4a853f - - default default] Successfully bumped revision number for resource c69640e5-3023-413a-8a0a-1ac964caa98f (type: security_group_rules) to 0
2026-05-21 02:16:13.826 8 INFO neutron.db.ovn_revision_numbers_db [None req-fff2fd4a-b9c4-495a-8d32-124841504320 c714b0fb6de24cc389760b2d4c25d354 bf9911e9ee6c4928af6f164cff4a853f - - default default] Successfully bumped revision number for resource fc8aaed9-fdab-492c-a1a7-9671ae6e270a (type: security_group_rules) to 0
2026-05-21 02:16:13.888 8 WARNING neutron.plugins.ml2.drivers.ovn.mech_driver.ovsdb.ovn_client [None req-91ce1332-75ee-4af8-8035-06c760b3e59a - - - - - -] No hosting information found for port 5633ed7d-4ba7-4bfa-81e2-3eee8b541d91: RuntimeError: No hosting information found for port 5633ed7d-4ba7-4bfa-81e2-3eee8b541d91
2026-05-21 02:16:13.928 8 INFO neutron.db.segments_db [None req-fff2fd4a-b9c4-495a-8d32-124841504320 c714b0fb6de24cc389760b2d4c25d354 bf9911e9ee6c4928af6f164cff4a853f - - default default] Added segment bdcbbbca-0aaf-4bc7-9b8b-6f11e2f3c994 of type geneve for network dee46207-3475-4257-8d03-5438b516150b
2026-05-21 02:16:14.009 8 INFO neutron.db.ovn_revision_numbers_db [None req-91ce1332-75ee-4af8-8035-06c760b3e59a - - - - - -] Successfully bumped revision number for resource 5633ed7d-4ba7-4bfa-81e2-3eee8b541d91 (type: router_ports) to 2
2026-05-21 02:16:14.011 8 INFO neutron.plugins.ml2.drivers.ovn.mech_driver.mech_driver [None req-91ce1332-75ee-4af8-8035-06c760b3e59a - - - - - -] OVN reports status down for port: 62daf34f-fe16-4ad6-b4aa-18046b074e42
2026-05-21 02:16:14.075 8 INFO neutron.db.segments_db [None req-fff2fd4a-b9c4-495a-8d32-124841504320 c714b0fb6de24cc389760b2d4c25d354 bf9911e9ee6c4928af6f164cff4a853f - - default default] Added segment e380ef84-6c88-414e-988a-c589a60e3512 of type geneve for network 67c53701-4e52-41c2-8748-d46a293c1437
2026-05-21 02:16:14.081 7 INFO neutron.db.ovn_revision_numbers_db [None req-326e9c03-605a-4e6d-ba93-04dea6ac64f5 2a1de4f9d0ea47ba9e5bdc53182fcd2b cae455927c594d61843a5ba56878d7f2 - - default default] Successfully bumped revision number for resource 3f302c72-8bb4-467a-9579-d2404b9cc5d3 (type: router_ports) to 1
2026-05-21 02:16:14.084 8 WARNING neutron.plugins.ml2.drivers.ovn.mech_driver.ovsdb.ovn_client [None req-91ce1332-75ee-4af8-8035-06c760b3e59a - - - - - -] Logical_Switch_Port %s host information not removed, the port state is up
2026-05-21 02:16:14.084 8 INFO neutron.plugins.ml2.drivers.ovn.mech_driver.mech_driver [None req-91ce1332-75ee-4af8-8035-06c760b3e59a - - - - - -] OVN reports status up for port: 62daf34f-fe16-4ad6-b4aa-18046b074e42 [pid: 7|app: 0|req: 660/1276] 10.0.0.190 () {34 vars in 783 bytes} [Thu May 21 02:16:12 2026] PUT /v2.0/routers/d9d02080-60c4-4f6f-afab-1856ee134d6c/add_router_interface => generated 309 bytes in 1614 msecs (HTTP/1.1 200) 4 headers in 157 bytes (1 switches on core 0)
2026-05-21 02:16:14.118 8 INFO neutron.plugins.ml2.plugin [None req-91ce1332-75ee-4af8-8035-06c760b3e59a - - - - - -] Attempt 1 to provision port 62daf34f-fe16-4ad6-b4aa-18046b074e42 [pid: 7|app: 0|req: 661/1277] 10.0.0.190 () {32 vars in 717 bytes} [Thu May 21 02:16:14 2026] GET /v2.0/ports/3f302c72-8bb4-467a-9579-d2404b9cc5d3 => generated 955 bytes in 151 msecs (HTTP/1.1 200) 4 headers in 157 bytes (1 switches on core 0)
2026-05-21 02:16:14.248 7 INFO neutron.db.ovn_revision_numbers_db [None req-406a8ba4-e53e-4a22-8d4f-29f526c32794 - - - - - -] Successfully bumped revision number for resource 3f302c72-8bb4-467a-9579-d2404b9cc5d3 (type: ports) to 2
2026-05-21 02:16:14.291 8 INFO neutron.db.ovn_revision_numbers_db [None req-fff2fd4a-b9c4-495a-8d32-124841504320 c714b0fb6de24cc389760b2d4c25d354 bf9911e9ee6c4928af6f164cff4a853f - - default default] Successfully bumped revision number for resource dee46207-3475-4257-8d03-5438b516150b (type: networks) to 1 [pid: 7|app: 0|req: 662/1278] 10.0.0.190 () {32 vars in 717 bytes} [Thu May 21 02:16:14 2026] GET /v2.0/ports/3f302c72-8bb4-467a-9579-d2404b9cc5d3 => generated 955 bytes in 73 msecs (HTTP/1.1 200) 4 headers in 157 bytes (1 switches on core 0)
2026-05-21 02:16:14.598 8 WARNING neutron.scheduler.dhcp_agent_scheduler [None req-fff2fd4a-b9c4-495a-8d32-124841504320 c714b0fb6de24cc389760b2d4c25d354 bf9911e9ee6c4928af6f164cff4a853f - - default default] No more DHCP agents
2026-05-21 02:16:14.602 8 WARNING neutron.api.rpc.agentnotifiers.dhcp_rpc_agent_api [None req-fff2fd4a-b9c4-495a-8d32-124841504320 c714b0fb6de24cc389760b2d4c25d354 bf9911e9ee6c4928af6f164cff4a853f - - default default] Unable to schedule network dee46207-3475-4257-8d03-5438b516150b: no agents available; will retry on subsequent port and subnet creation events.
2026-05-21 02:16:14.615 7 INFO neutron_taas.services.taas.taas_plugin [None req-f326a920-12d3-40db-b814-3116314e4de6 2a1de4f9d0ea47ba9e5bdc53182fcd2b cae455927c594d61843a5ba56878d7f2 - - default default] TaaS: Handle Delete Port: 3f302c72-8bb4-467a-9579-d2404b9cc5d3
2026-05-21 02:16:14.618 7 INFO neutron_taas.services.taas.tap_mirror_plugin [None req-f326a920-12d3-40db-b814-3116314e4de6 2a1de4f9d0ea47ba9e5bdc53182fcd2b cae455927c594d61843a5ba56878d7f2 - - default default] Tap Mirror: Handle Delete Port: 3f302c72-8bb4-467a-9579-d2404b9cc5d3
2026-05-21 02:16:14.764 8 INFO neutron.db.ovn_revision_numbers_db [None req-91ce1332-75ee-4af8-8035-06c760b3e59a - - - - - -] Successfully bumped revision number for resource 62daf34f-fe16-4ad6-b4aa-18046b074e42 (type: ports) to 2
2026-05-21 02:16:14.769 8 INFO neutron.db.ovn_revision_numbers_db [None req-fff2fd4a-b9c4-495a-8d32-124841504320 c714b0fb6de24cc389760b2d4c25d354 bf9911e9ee6c4928af6f164cff4a853f - - default default] Successfully bumped revision number for resource e3105d0c-97f1-42fa-bac6-016841eb283f (type: ports) to 1
2026-05-21 02:16:14.883 8 INFO neutron.db.ovn_revision_numbers_db [None req-fff2fd4a-b9c4-495a-8d32-124841504320 c714b0fb6de24cc389760b2d4c25d354 bf9911e9ee6c4928af6f164cff4a853f - - default default] Successfully bumped revision number for resource 67c53701-4e52-41c2-8748-d46a293c1437 (type: networks) to 1 [pid: 7|app: 0|req: 663/1279] 10.0.0.190 () {34 vars in 789 bytes} [Thu May 21 02:16:14 2026] PUT /v2.0/routers/d9d02080-60c4-4f6f-afab-1856ee134d6c/remove_router_interface => generated 309 bytes in 627 msecs (HTTP/1.1 200) 4 headers in 157 bytes (1 switches on core 0) /var/lib/openstack/lib/python3.12/site-packages/pycadf/identifier.py:70: UserWarning: Invalid uuid: neutron. To ensure interoperability, identifiers should be a valid uuid. warnings.warn(('Invalid uuid: %s. To ensure interoperability, ' [pid: 7|app: 0|req: 664/1280] 10.0.0.216 () {34 vars in 990 bytes} [Thu May 21 02:16:14 2026] GET /v2.0/ports?device_id=77fc184d-c4ee-4fb0-8adb-79ae3c69283c => generated 12 bytes in 19 msecs (HTTP/1.1 200) 4 headers in 156 bytes (1 switches on core 0) [pid: 7|app: 0|req: 665/1281] 10.0.0.190 () {32 vars in 717 bytes} [Thu May 21 02:16:14 2026] GET /v2.0/ports/62daf34f-fe16-4ad6-b4aa-18046b074e42 => generated 947 bytes in 32 msecs (HTTP/1.1 200) 4 headers in 157 bytes (1 switches on core 0)
2026-05-21 02:16:15.041 8 WARNING neutron.scheduler.dhcp_agent_scheduler [None req-fff2fd4a-b9c4-495a-8d32-124841504320 c714b0fb6de24cc389760b2d4c25d354 bf9911e9ee6c4928af6f164cff4a853f - - default default] No more DHCP agents
2026-05-21 02:16:15.042 8 WARNING neutron.api.rpc.agentnotifiers.dhcp_rpc_agent_api [None req-fff2fd4a-b9c4-495a-8d32-124841504320 c714b0fb6de24cc389760b2d4c25d354 bf9911e9ee6c4928af6f164cff4a853f - - default default] Unable to schedule network 67c53701-4e52-41c2-8748-d46a293c1437: no agents available; will retry on subsequent port and subnet creation events.
2026-05-21 02:16:15.115 8 INFO neutron.db.ovn_revision_numbers_db [None req-fff2fd4a-b9c4-495a-8d32-124841504320 c714b0fb6de24cc389760b2d4c25d354 bf9911e9ee6c4928af6f164cff4a853f - - default default] Successfully bumped revision number for resource f68a1e8a-9cc4-41fd-a614-2a3d6831bd25 (type: ports) to 1 [pid: 8|app: 0|req: 617/1282] 10.0.0.190 () {34 vars in 670 bytes} [Thu May 21 02:16:13 2026] POST /v2.0/networks => generated 1283 bytes in 1728 msecs (HTTP/1.1 201) 4 headers in 163 bytes (1 switches on core 0) [pid: 8|app: 0|req: 618/1283] 10.0.0.190 () {32 vars in 649 bytes} [Thu May 21 02:16:15 2026] GET /v2.0/networks => generated 1970 bytes in 62 msecs (HTTP/1.1 200) 4 headers in 158 bytes (1 switches on core 0)
2026-05-21 02:16:15.291 7 INFO neutron_taas.services.taas.taas_plugin [None req-2d03b3c7-c905-4094-b11c-e03fffb1b1fa 2a1de4f9d0ea47ba9e5bdc53182fcd2b cae455927c594d61843a5ba56878d7f2 - - default default] TaaS: Handle Delete Port: 62daf34f-fe16-4ad6-b4aa-18046b074e42
2026-05-21 02:16:15.295 7 INFO neutron_taas.services.taas.tap_mirror_plugin [None req-2d03b3c7-c905-4094-b11c-e03fffb1b1fa 2a1de4f9d0ea47ba9e5bdc53182fcd2b cae455927c594d61843a5ba56878d7f2 - - default default] Tap Mirror: Handle Delete Port: 62daf34f-fe16-4ad6-b4aa-18046b074e42
2026-05-21 02:16:15.315 8 INFO neutron_taas.services.taas.taas_plugin [None req-a67d987a-f3f3-470c-82e6-bc00d23d0018 c714b0fb6de24cc389760b2d4c25d354 bf9911e9ee6c4928af6f164cff4a853f - - default default] TaaS: Handle Delete Port: e3105d0c-97f1-42fa-bac6-016841eb283f
2026-05-21 02:16:15.317 8 INFO neutron_taas.services.taas.tap_mirror_plugin [None req-a67d987a-f3f3-470c-82e6-bc00d23d0018 c714b0fb6de24cc389760b2d4c25d354 bf9911e9ee6c4928af6f164cff4a853f - - default default] Tap Mirror: Handle Delete Port: e3105d0c-97f1-42fa-bac6-016841eb283f
2026-05-21 02:16:15.502 8 INFO neutron.services.segments.plugin [-] Segment bdcbbbca-0aaf-4bc7-9b8b-6f11e2f3c994 resource provider aggregate not found
2026-05-21 02:16:15.503 8 INFO neutron.services.segments.plugin [-] Segment bdcbbbca-0aaf-4bc7-9b8b-6f11e2f3c994 resource provider aggregate not found
2026-05-21 02:16:15.520 8 INFO neutron.services.segments.plugin [-] Segment bdcbbbca-0aaf-4bc7-9b8b-6f11e2f3c994 resource provider not found; error: Placement Client Error (4xx): {"errors": [{"status": 404, "title": "Not Found", "detail": "The resource could not be found.\n\n No resource provider with uuid bdcbbbca-0aaf-4bc7-9b8b-6f11e2f3c994 found for delete ", "request_id": "req-0a3933bf-01c8-4cf4-9f57-27031067f059"}]}
2026-05-21 02:16:15.527 8 INFO neutron.services.segments.plugin [-] Segment bdcbbbca-0aaf-4bc7-9b8b-6f11e2f3c994 resource provider not found; error: Placement Client Error (4xx): {"errors": [{"status": 404, "title": "Not Found", "detail": "The resource could not be found.\n\n No resource provider with uuid bdcbbbca-0aaf-4bc7-9b8b-6f11e2f3c994 found for delete ", "request_id": "req-7147601b-34df-4aa1-89c3-9cc622d85bec"}]} [pid: 8|app: 0|req: 619/1284] 10.0.0.190 () {32 vars in 726 bytes} [Thu May 21 02:16:15 2026] DELETE /v2.0/networks/dee46207-3475-4257-8d03-5438b516150b => generated 0 bytes in 344 msecs (HTTP/1.1 204) 3 headers in 131 bytes (1 switches on core 0) [pid: 7|app: 0|req: 666/1285] 10.0.0.190 () {34 vars in 789 bytes} [Thu May 21 02:16:15 2026] PUT /v2.0/routers/d9d02080-60c4-4f6f-afab-1856ee134d6c/remove_router_interface => generated 309 bytes in 544 msecs (HTTP/1.1 200) 4 headers in 157 bytes (1 switches on core 0) /var/lib/openstack/lib/python3.12/site-packages/pycadf/identifier.py:70: UserWarning: Invalid uuid: neutron. To ensure interoperability, identifiers should be a valid uuid. warnings.warn(('Invalid uuid: %s. To ensure interoperability, ' [pid: 7|app: 0|req: 667/1286] 10.0.0.190 () {32 vars in 736 bytes} [Thu May 21 02:16:15 2026] GET /v2.0/ports?device_id=d9d02080-60c4-4f6f-afab-1856ee134d6c => generated 12 bytes in 21 msecs (HTTP/1.1 200) 4 headers in 156 bytes (1 switches on core 0)
2026-05-21 02:16:15.673 8 INFO neutron_taas.services.taas.taas_plugin [None req-f303a431-d92c-473b-bac2-e01fd62befd6 c714b0fb6de24cc389760b2d4c25d354 bf9911e9ee6c4928af6f164cff4a853f - - default default] TaaS: Handle Delete Port: f68a1e8a-9cc4-41fd-a614-2a3d6831bd25
2026-05-21 02:16:15.677 8 INFO neutron_taas.services.taas.tap_mirror_plugin [None req-f303a431-d92c-473b-bac2-e01fd62befd6 c714b0fb6de24cc389760b2d4c25d354 bf9911e9ee6c4928af6f164cff4a853f - - default default] Tap Mirror: Handle Delete Port: f68a1e8a-9cc4-41fd-a614-2a3d6831bd25 [pid: 7|app: 0|req: 668/1287] 10.0.0.190 () {32 vars in 724 bytes} [Thu May 21 02:16:15 2026] DELETE /v2.0/routers/d9d02080-60c4-4f6f-afab-1856ee134d6c => generated 0 bytes in 231 msecs (HTTP/1.1 204) 2 headers in 112 bytes (1 switches on core 0) [pid: 8|app: 0|req: 620/1288] 10.0.0.190 () {32 vars in 726 bytes} [Thu May 21 02:16:15 2026] DELETE /v2.0/networks/67c53701-4e52-41c2-8748-d46a293c1437 => generated 0 bytes in 336 msecs (HTTP/1.1 204) 3 headers in 131 bytes (1 switches on core 0) [pid: 8|app: 0|req: 621/1289] 10.0.0.190 () {32 vars in 649 bytes} [Thu May 21 02:16:15 2026] GET /v2.0/networks => generated 689 bytes in 48 msecs (HTTP/1.1 200) 4 headers in 157 bytes (1 switches on core 0) [pid: 7|app: 0|req: 669/1290] 10.0.0.190 () {32 vars in 724 bytes} [Thu May 21 02:16:15 2026] DELETE /v2.0/subnets/0f6a3e7b-750d-4a67-b686-48e62274f916 => generated 0 bytes in 131 msecs (HTTP/1.1 204) 3 headers in 131 bytes (1 switches on core 0)
2026-05-21 02:16:16.049 8 INFO neutron.db.segments_db [None req-b234ec85-2c3e-43f3-839a-56dca8996c52 c714b0fb6de24cc389760b2d4c25d354 bf9911e9ee6c4928af6f164cff4a853f - - default default] Added segment d06267d5-7988-468d-bce5-00cf0af7f05d of type geneve for network 54474fde-859d-46fc-82d5-0129de074310 [pid: 7|app: 0|req: 670/1291] 10.0.0.190 () {32 vars in 724 bytes} [Thu May 21 02:16:15 2026] DELETE /v2.0/subnets/a23ccc5e-160f-4f01-b510-465a6d9e314c => generated 0 bytes in 133 msecs (HTTP/1.1 204) 3 headers in 131 bytes (1 switches on core 0) [pid: 7|app: 0|req: 671/1292] 10.0.0.216 () {34 vars in 990 bytes} [Thu May 21 02:16:16 2026] GET /v2.0/ports?device_id=77fc184d-c4ee-4fb0-8adb-79ae3c69283c => generated 12 bytes in 19 msecs (HTTP/1.1 200) 4 headers in 156 bytes (1 switches on core 0)
2026-05-21 02:16:16.154 8 INFO neutron.db.ovn_revision_numbers_db [None req-b234ec85-2c3e-43f3-839a-56dca8996c52 c714b0fb6de24cc389760b2d4c25d354 bf9911e9ee6c4928af6f164cff4a853f - - default default] Successfully bumped revision number for resource 54474fde-859d-46fc-82d5-0129de074310 (type: networks) to 1
2026-05-21 02:16:16.247 7 INFO neutron_taas.services.taas.taas_plugin [None req-948454b5-b120-480b-b082-24611936b236 2a1de4f9d0ea47ba9e5bdc53182fcd2b cae455927c594d61843a5ba56878d7f2 - - default default] TaaS: Handle Delete Port: bd4bf588-b722-493f-a5fa-64027472ef1e
2026-05-21 02:16:16.250 7 INFO neutron_taas.services.taas.tap_mirror_plugin [None req-948454b5-b120-480b-b082-24611936b236 2a1de4f9d0ea47ba9e5bdc53182fcd2b cae455927c594d61843a5ba56878d7f2 - - default default] Tap Mirror: Handle Delete Port: bd4bf588-b722-493f-a5fa-64027472ef1e
2026-05-21 02:16:16.297 8 WARNING neutron.scheduler.dhcp_agent_scheduler [None req-b234ec85-2c3e-43f3-839a-56dca8996c52 c714b0fb6de24cc389760b2d4c25d354 bf9911e9ee6c4928af6f164cff4a853f - - default default] No more DHCP agents
2026-05-21 02:16:16.299 8 WARNING neutron.api.rpc.agentnotifiers.dhcp_rpc_agent_api [None req-b234ec85-2c3e-43f3-839a-56dca8996c52 c714b0fb6de24cc389760b2d4c25d354 bf9911e9ee6c4928af6f164cff4a853f - - default default] Unable to schedule network 54474fde-859d-46fc-82d5-0129de074310: no agents available; will retry on subsequent port and subnet creation events.
2026-05-21 02:16:16.396 8 INFO neutron.db.ovn_revision_numbers_db [None req-b234ec85-2c3e-43f3-839a-56dca8996c52 c714b0fb6de24cc389760b2d4c25d354 bf9911e9ee6c4928af6f164cff4a853f - - default default] Successfully bumped revision number for resource b0f361b8-8606-421b-9e4a-eb7b3ef4be2d (type: ports) to 1 [pid: 8|app: 0|req: 622/1293] 10.0.0.190 () {34 vars in 670 bytes} [Thu May 21 02:16:15 2026] POST /v2.0/networks => generated 673 bytes in 469 msecs (HTTP/1.1 201) 4 headers in 162 bytes (1 switches on core 0)
2026-05-21 02:16:16.462 7 INFO neutron.services.segments.plugin [-] Segment a7a2fe3d-023b-4372-a3fa-f00ef720cac7 resource provider aggregate not found
2026-05-21 02:16:16.468 7 INFO neutron.services.segments.plugin [-] Segment a7a2fe3d-023b-4372-a3fa-f00ef720cac7 resource provider aggregate not found [pid: 8|app: 0|req: 623/1294] 199.204.45.242 () {34 vars in 986 bytes} [Thu May 21 02:16:16 2026] GET /v2.0/networks?id=d94450a7-5cc9-45ca-acf2-763195cee9a7 => generated 713 bytes in 54 msecs (HTTP/1.1 200) 4 headers in 157 bytes (1 switches on core 0)
2026-05-21 02:16:16.488 7 INFO neutron.services.segments.plugin [-] Segment a7a2fe3d-023b-4372-a3fa-f00ef720cac7 resource provider not found; error: Placement Client Error (4xx): {"errors": [{"status": 404, "title": "Not Found", "detail": "The resource could not be found.\n\n No resource provider with uuid a7a2fe3d-023b-4372-a3fa-f00ef720cac7 found for delete ", "request_id": "req-94adb303-4b64-4030-89cb-6fa65e11a633"}]}
2026-05-21 02:16:16.490 7 INFO neutron.services.segments.plugin [-] Segment a7a2fe3d-023b-4372-a3fa-f00ef720cac7 resource provider not found; error: Placement Client Error (4xx): {"errors": [{"status": 404, "title": "Not Found", "detail": "The resource could not be found.\n\n No resource provider with uuid a7a2fe3d-023b-4372-a3fa-f00ef720cac7 found for delete ", "request_id": "req-54f1abae-8534-4984-9edb-f7834ade1ec9"}]} [pid: 7|app: 0|req: 672/1295] 10.0.0.190 () {32 vars in 726 bytes} [Thu May 21 02:16:16 2026] DELETE /v2.0/networks/7891f25e-174b-4bef-b02d-c9dc454aed1d => generated 0 bytes in 397 msecs (HTTP/1.1 204) 3 headers in 131 bytes (1 switches on core 0) [pid: 7|app: 0|req: 673/1296] 199.204.45.242 () {34 vars in 1050 bytes} [Thu May 21 02:16:16 2026] GET /v2.0/security-groups?fields=id&fields=name&tenant_id=00d771f1fd7849d4bd8f31915341aadc => generated 180 bytes in 29 msecs (HTTP/1.1 200) 4 headers in 157 bytes (1 switches on core 0)
2026-05-21 02:16:16.566 8 INFO neutron.db.segments_db [None req-eb2f8622-0a46-43bb-8dff-9c39e60d165e c714b0fb6de24cc389760b2d4c25d354 bf9911e9ee6c4928af6f164cff4a853f - - default default] Added segment 1a2b43f4-b186-4e47-a296-b0a485bb050c of type geneve for network 00c405bf-1500-469e-82f0-cd8bccdbc5ec
2026-05-21 02:16:16.676 8 INFO neutron.db.ovn_revision_numbers_db [None req-eb2f8622-0a46-43bb-8dff-9c39e60d165e c714b0fb6de24cc389760b2d4c25d354 bf9911e9ee6c4928af6f164cff4a853f - - default default] Successfully bumped revision number for resource 00c405bf-1500-469e-82f0-cd8bccdbc5ec (type: networks) to 1
2026-05-21 02:16:16.681 7 INFO neutron_taas.services.taas.taas_plugin [None req-3a3ea9ac-dbe3-41d5-87b7-21ba46b171c0 2a1de4f9d0ea47ba9e5bdc53182fcd2b cae455927c594d61843a5ba56878d7f2 - - default default] TaaS: Handle Delete Port: 00ba4741-653d-40a5-9fd4-efa51c1b4f4f
2026-05-21 02:16:16.684 7 INFO neutron_taas.services.taas.tap_mirror_plugin [None req-3a3ea9ac-dbe3-41d5-87b7-21ba46b171c0 2a1de4f9d0ea47ba9e5bdc53182fcd2b cae455927c594d61843a5ba56878d7f2 - - default default] Tap Mirror: Handle Delete Port: 00ba4741-653d-40a5-9fd4-efa51c1b4f4f
2026-05-21 02:16:16.856 8 WARNING neutron.scheduler.dhcp_agent_scheduler [None req-eb2f8622-0a46-43bb-8dff-9c39e60d165e c714b0fb6de24cc389760b2d4c25d354 bf9911e9ee6c4928af6f164cff4a853f - - default default] No more DHCP agents
2026-05-21 02:16:16.857 8 WARNING neutron.api.rpc.agentnotifiers.dhcp_rpc_agent_api [None req-eb2f8622-0a46-43bb-8dff-9c39e60d165e c714b0fb6de24cc389760b2d4c25d354 bf9911e9ee6c4928af6f164cff4a853f - - default default] Unable to schedule network 00c405bf-1500-469e-82f0-cd8bccdbc5ec: no agents available; will retry on subsequent port and subnet creation events. [pid: 7|app: 0|req: 674/1297] 10.0.0.190 () {32 vars in 726 bytes} [Thu May 21 02:16:16 2026] DELETE /v2.0/networks/3a72a6c1-3221-4b7c-885f-96a814624705 => generated 0 bytes in 345 msecs (HTTP/1.1 204) 3 headers in 131 bytes (1 switches on core 0)
2026-05-21 02:16:16.941 8 INFO neutron.db.ovn_revision_numbers_db [None req-eb2f8622-0a46-43bb-8dff-9c39e60d165e c714b0fb6de24cc389760b2d4c25d354 bf9911e9ee6c4928af6f164cff4a853f - - default default] Successfully bumped revision number for resource 95aba5e7-d0ea-4199-85f0-d152651d71a4 (type: ports) to 1 [pid: 8|app: 0|req: 624/1298] 10.0.0.190 () {34 vars in 670 bytes} [Thu May 21 02:16:16 2026] POST /v2.0/networks => generated 673 bytes in 489 msecs (HTTP/1.1 201) 4 headers in 162 bytes (1 switches on core 0)
2026-05-21 02:16:17.052 8 INFO neutron.db.segments_db [None req-a05f64c0-afe9-4de4-8ada-da75c58dd91a 2a1de4f9d0ea47ba9e5bdc53182fcd2b cae455927c594d61843a5ba56878d7f2 - - default default] Added segment c51baff5-f4c4-4787-b40b-c87da19f1f2a of type geneve for network b4e82064-a4b1-49cb-9444-88a281398c73
2026-05-21 02:16:17.159 7 WARNING neutron.scheduler.dhcp_agent_scheduler [req-7b509314-8f44-407b-af36-71cf1c09f3f0 req-2835f952-a503-4a27-982e-7f245e9fd9a1 da677ec5c421433fb569937650544d40 00d771f1fd7849d4bd8f31915341aadc - - default default] No more DHCP agents
2026-05-21 02:16:17.161 7 WARNING neutron.api.rpc.agentnotifiers.dhcp_rpc_agent_api [req-7b509314-8f44-407b-af36-71cf1c09f3f0 req-2835f952-a503-4a27-982e-7f245e9fd9a1 da677ec5c421433fb569937650544d40 00d771f1fd7849d4bd8f31915341aadc - - default default] Unable to schedule network d94450a7-5cc9-45ca-acf2-763195cee9a7: no agents available; will retry on subsequent port and subnet creation events.
2026-05-21 02:16:17.162 8 INFO neutron.db.ovn_revision_numbers_db [None req-a05f64c0-afe9-4de4-8ada-da75c58dd91a 2a1de4f9d0ea47ba9e5bdc53182fcd2b cae455927c594d61843a5ba56878d7f2 - - default default] Successfully bumped revision number for resource b4e82064-a4b1-49cb-9444-88a281398c73 (type: networks) to 1
2026-05-21 02:16:17.288 7 INFO neutron.db.ovn_revision_numbers_db [req-7b509314-8f44-407b-af36-71cf1c09f3f0 req-2835f952-a503-4a27-982e-7f245e9fd9a1 da677ec5c421433fb569937650544d40 00d771f1fd7849d4bd8f31915341aadc - - default default] Successfully bumped revision number for resource 6af2c14a-0032-4b73-8e15-10b4cd4ed436 (type: ports) to 1
2026-05-21 02:16:17.305 8 WARNING neutron.scheduler.dhcp_agent_scheduler [None req-a05f64c0-afe9-4de4-8ada-da75c58dd91a 2a1de4f9d0ea47ba9e5bdc53182fcd2b cae455927c594d61843a5ba56878d7f2 - - default default] No more DHCP agents
2026-05-21 02:16:17.307 8 WARNING neutron.api.rpc.agentnotifiers.dhcp_rpc_agent_api [None req-a05f64c0-afe9-4de4-8ada-da75c58dd91a 2a1de4f9d0ea47ba9e5bdc53182fcd2b cae455927c594d61843a5ba56878d7f2 - - default default] Unable to schedule network b4e82064-a4b1-49cb-9444-88a281398c73: no agents available; will retry on subsequent port and subnet creation events. [pid: 7|app: 0|req: 675/1299] 199.204.45.242 () {38 vars in 955 bytes} [Thu May 21 02:16:16 2026] POST /v2.0/ports => generated 958 bytes in 447 msecs (HTTP/1.1 201) 4 headers in 162 bytes (1 switches on core 0) /var/lib/openstack/lib/python3.12/site-packages/pycadf/identifier.py:70: UserWarning: Invalid uuid: neutron. To ensure interoperability, identifiers should be a valid uuid. warnings.warn(('Invalid uuid: %s. To ensure interoperability, '
2026-05-21 02:16:17.379 8 INFO neutron.db.ovn_revision_numbers_db [None req-a05f64c0-afe9-4de4-8ada-da75c58dd91a 2a1de4f9d0ea47ba9e5bdc53182fcd2b cae455927c594d61843a5ba56878d7f2 - - default default] Successfully bumped revision number for resource e09af9fb-7c54-4deb-88eb-45dac4d184a4 (type: ports) to 1 [pid: 8|app: 0|req: 625/1300] 10.0.0.190 () {34 vars in 670 bytes} [Thu May 21 02:16:16 2026] POST /v2.0/networks => generated 652 bytes in 442 msecs (HTTP/1.1 201) 4 headers in 162 bytes (1 switches on core 0) [pid: 8|app: 0|req: 626/1301] 10.0.0.216 () {34 vars in 990 bytes} [Thu May 21 02:16:17 2026] GET /v2.0/ports?device_id=77fc184d-c4ee-4fb0-8adb-79ae3c69283c => generated 961 bytes in 60 msecs (HTTP/1.1 200) 4 headers in 157 bytes (1 switches on core 0)
2026-05-21 02:16:17.540 8 INFO neutron.services.segments.plugin [-] Segment e380ef84-6c88-414e-988a-c589a60e3512 resource provider aggregate not found
2026-05-21 02:16:17.556 8 INFO neutron.services.segments.plugin [-] Segment e380ef84-6c88-414e-988a-c589a60e3512 resource provider not found; error: Placement Client Error (4xx): {"errors": [{"status": 404, "title": "Not Found", "detail": "The resource could not be found.\n\n No resource provider with uuid e380ef84-6c88-414e-988a-c589a60e3512 found for delete ", "request_id": "req-fda7bec1-c00b-4417-9752-648a4fa9f976"}]}
2026-05-21 02:16:17.560 8 INFO neutron.services.segments.plugin [-] Segment e380ef84-6c88-414e-988a-c589a60e3512 resource provider aggregate not found
2026-05-21 02:16:17.585 8 INFO neutron.services.segments.plugin [-] Segment e380ef84-6c88-414e-988a-c589a60e3512 resource provider not found; error: Placement Client Error (4xx): {"errors": [{"status": 404, "title": "Not Found", "detail": "The resource could not be found.\n\n No resource provider with uuid e380ef84-6c88-414e-988a-c589a60e3512 found for delete ", "request_id": "req-437d7e52-212a-4bb7-99d8-2ab666327212"}]}
2026-05-21 02:16:17.731 7 WARNING neutron.scheduler.dhcp_agent_scheduler [None req-cce7b958-ef02-48ce-8f73-a601105714f6 c714b0fb6de24cc389760b2d4c25d354 bf9911e9ee6c4928af6f164cff4a853f - - default default] No more DHCP agents
2026-05-21 02:16:17.732 7 WARNING neutron.api.rpc.agentnotifiers.dhcp_rpc_agent_api [None req-cce7b958-ef02-48ce-8f73-a601105714f6 c714b0fb6de24cc389760b2d4c25d354 bf9911e9ee6c4928af6f164cff4a853f - - default default] Unable to schedule network 54474fde-859d-46fc-82d5-0129de074310: no agents available; will retry on subsequent port and subnet creation events.
2026-05-21 02:16:17.798 7 INFO neutron.db.ovn_revision_numbers_db [None req-cce7b958-ef02-48ce-8f73-a601105714f6 c714b0fb6de24cc389760b2d4c25d354 bf9911e9ee6c4928af6f164cff4a853f - - default default] Successfully bumped revision number for resource 0851702a-2438-4697-b1a3-f6c76475008c (type: ports) to 1
2026-05-21 02:16:17.843 7 WARNING neutron.scheduler.dhcp_agent_scheduler [None req-cce7b958-ef02-48ce-8f73-a601105714f6 c714b0fb6de24cc389760b2d4c25d354 bf9911e9ee6c4928af6f164cff4a853f - - default default] No more DHCP agents
2026-05-21 02:16:17.844 7 WARNING neutron.api.rpc.agentnotifiers.dhcp_rpc_agent_api [None req-cce7b958-ef02-48ce-8f73-a601105714f6 c714b0fb6de24cc389760b2d4c25d354 bf9911e9ee6c4928af6f164cff4a853f - - default default] Unable to schedule network 00c405bf-1500-469e-82f0-cd8bccdbc5ec: no agents available; will retry on subsequent port and subnet creation events.
2026-05-21 02:16:17.847 8 INFO neutron.db.ovn_revision_numbers_db [req-7b509314-8f44-407b-af36-71cf1c09f3f0 req-5de41687-a30b-4367-b6c7-2ec34b799bce aa12444ed98f4626bf29910ce6a99d1d 0918e9a8eeee4f35948cd1324d08bacc - - 8713191e93b54117aa444d8bac75d45e 8713191e93b54117aa444d8bac75d45e] Successfully bumped revision number for resource 6af2c14a-0032-4b73-8e15-10b4cd4ed436 (type: ports) to 2
2026-05-21 02:16:17.922 7 INFO neutron.db.ovn_revision_numbers_db [None req-cce7b958-ef02-48ce-8f73-a601105714f6 c714b0fb6de24cc389760b2d4c25d354 bf9911e9ee6c4928af6f164cff4a853f - - default default] Successfully bumped revision number for resource f73e0160-9051-48ad-85a8-cd9be7530038 (type: ports) to 1 [pid: 7|app: 0|req: 676/1302] 10.0.0.190 () {34 vars in 665 bytes} [Thu May 21 02:16:17 2026] POST /v2.0/ports => generated 1505 bytes in 653 msecs (HTTP/1.1 201) 4 headers in 163 bytes (1 switches on core 0) /var/lib/openstack/lib/python3.12/site-packages/pycadf/identifier.py:70: UserWarning: Invalid uuid: neutron. To ensure interoperability, identifiers should be a valid uuid. warnings.warn(('Invalid uuid: %s. To ensure interoperability, '
2026-05-21 02:16:18.080 8 INFO neutron.db.ovn_revision_numbers_db [req-7b509314-8f44-407b-af36-71cf1c09f3f0 req-5de41687-a30b-4367-b6c7-2ec34b799bce aa12444ed98f4626bf29910ce6a99d1d 0918e9a8eeee4f35948cd1324d08bacc - - 8713191e93b54117aa444d8bac75d45e 8713191e93b54117aa444d8bac75d45e] Successfully bumped revision number for resource 6af2c14a-0032-4b73-8e15-10b4cd4ed436 (type: ports) to 4 [pid: 8|app: 0|req: 627/1303] 199.204.45.242 () {38 vars in 1028 bytes} [Thu May 21 02:16:17 2026] PUT /v2.0/ports/6af2c14a-0032-4b73-8e15-10b4cd4ed436 => generated 1208 bytes in 635 msecs (HTTP/1.1 200) 4 headers in 158 bytes (1 switches on core 0) /var/lib/openstack/lib/python3.12/site-packages/pycadf/identifier.py:70: UserWarning: Invalid uuid: neutron. To ensure interoperability, identifiers should be a valid uuid. warnings.warn(('Invalid uuid: %s. To ensure interoperability, '
2026-05-21 02:16:18.143 8 INFO neutron.notifiers.nova [-] Nova event matching ['req-fe8e42eb-a279-4d6a-a6e0-d170401c23dc'] response: {'name': 'network-changed', 'server_uuid': '77fc184d-c4ee-4fb0-8adb-79ae3c69283c', 'tag': '6af2c14a-0032-4b73-8e15-10b4cd4ed436', 'status': 'completed', 'code': 200} [pid: 8|app: 0|req: 628/1304] 10.0.0.216 () {34 vars in 1040 bytes} [Thu May 21 02:16:18 2026] GET /v2.0/security-groups?id=878d4694-229c-421d-b329-7e22102c55b6&fields=id&fields=name => generated 113 bytes in 46 msecs (HTTP/1.1 200) 4 headers in 157 bytes (1 switches on core 0)
2026-05-21 02:16:18.217 7 WARNING neutron.scheduler.dhcp_agent_scheduler [None req-a06aef93-c8ea-49b3-804c-a01a8c534dfb 2a1de4f9d0ea47ba9e5bdc53182fcd2b cae455927c594d61843a5ba56878d7f2 - - default default] No more DHCP agents
2026-05-21 02:16:18.218 7 WARNING neutron.api.rpc.agentnotifiers.dhcp_rpc_agent_api [None req-a06aef93-c8ea-49b3-804c-a01a8c534dfb 2a1de4f9d0ea47ba9e5bdc53182fcd2b cae455927c594d61843a5ba56878d7f2 - - default default] Unable to schedule network b4e82064-a4b1-49cb-9444-88a281398c73: no agents available; will retry on subsequent port and subnet creation events.
2026-05-21 02:16:18.247 7 INFO neutron.db.ovn_revision_numbers_db [None req-a06aef93-c8ea-49b3-804c-a01a8c534dfb 2a1de4f9d0ea47ba9e5bdc53182fcd2b cae455927c594d61843a5ba56878d7f2 - - default default] Successfully bumped revision number for resource 3d6d1ff9-ab36-4850-8e83-c5ace6ae033f (type: subnets) to 0 [pid: 8|app: 0|req: 629/1305] 10.0.0.190 () {32 vars in 643 bytes} [Thu May 21 02:16:18 2026] GET /v2.0/ports => generated 3017 bytes in 99 msecs (HTTP/1.1 200) 4 headers in 158 bytes (1 switches on core 0) [pid: 7|app: 0|req: 677/1306] 10.0.0.190 () {34 vars in 669 bytes} [Thu May 21 02:16:17 2026] POST /v2.0/subnets => generated 646 bytes in 272 msecs (HTTP/1.1 201) 4 headers in 162 bytes (1 switches on core 0)
2026-05-21 02:16:18.363 8 INFO neutron_taas.services.taas.taas_plugin [None req-677ba816-f432-4ffc-ba53-e25ae6c8c16c c714b0fb6de24cc389760b2d4c25d354 bf9911e9ee6c4928af6f164cff4a853f - - default default] TaaS: Handle Delete Port: 0851702a-2438-4697-b1a3-f6c76475008c
2026-05-21 02:16:18.365 8 INFO neutron_taas.services.taas.tap_mirror_plugin [None req-677ba816-f432-4ffc-ba53-e25ae6c8c16c c714b0fb6de24cc389760b2d4c25d354 bf9911e9ee6c4928af6f164cff4a853f - - default default] Tap Mirror: Handle Delete Port: 0851702a-2438-4697-b1a3-f6c76475008c
