2026-05-21 02:16:18.366 7 INFO neutron.db.ovn_revision_numbers_db [None req-abb0dd7c-dba3-4a6e-97c3-ea52f873a1cc 2a1de4f9d0ea47ba9e5bdc53182fcd2b cae455927c594d61843a5ba56878d7f2 - - default default] Successfully bumped revision number for resource b654b61d-ac83-4918-a500-d68781973df4 (type: routers) to 1 [pid: 7|app: 0|req: 678/1307] 10.0.0.190 () {34 vars in 669 bytes} [Thu May 21 02:16:18 2026] POST /v2.0/routers => generated 607 bytes in 113 msecs (HTTP/1.1 201) 4 headers in 162 bytes (1 switches on core 0) [pid: 8|app: 0|req: 630/1308] 10.0.0.190 () {32 vars in 720 bytes} [Thu May 21 02:16:18 2026] DELETE /v2.0/ports/0851702a-2438-4697-b1a3-f6c76475008c => generated 0 bytes in 189 msecs (HTTP/1.1 204) 3 headers in 131 bytes (1 switches on core 0)
2026-05-21 02:16:18.507 7 INFO neutron.services.segments.plugin [-] Segment 1e464fde-4643-436f-82fc-302d0a62e30f resource provider aggregate not found
2026-05-21 02:16:18.514 7 INFO neutron.services.segments.plugin [-] Segment 1e464fde-4643-436f-82fc-302d0a62e30f resource provider aggregate not found
2026-05-21 02:16:18.519 7 INFO neutron.services.segments.plugin [-] Segment 1e464fde-4643-436f-82fc-302d0a62e30f resource provider not found; error: Placement Client Error (4xx): {"errors": [{"status": 404, "title": "Not Found", "detail": "The resource could not be found.\n\n No resource provider with uuid 1e464fde-4643-436f-82fc-302d0a62e30f found for delete ", "request_id": "req-d94f1fb8-376a-4f7f-9c0e-fb9fcb2bb68b"}]}
2026-05-21 02:16:18.531 7 INFO neutron.services.segments.plugin [-] Segment 1e464fde-4643-436f-82fc-302d0a62e30f resource provider not found; error: Placement Client Error (4xx): {"errors": [{"status": 404, "title": "Not Found", "detail": "The resource could not be found.\n\n No resource provider with uuid 1e464fde-4643-436f-82fc-302d0a62e30f found for delete ", "request_id": "req-98f4d999-747b-4206-8c33-03d2971cdb2a"}]}
2026-05-21 02:16:18.555 8 INFO neutron_taas.services.taas.taas_plugin [None req-e44af237-a62b-4c76-b21a-b02d6baed54f c714b0fb6de24cc389760b2d4c25d354 bf9911e9ee6c4928af6f164cff4a853f - - default default] TaaS: Handle Delete Port: f73e0160-9051-48ad-85a8-cd9be7530038
2026-05-21 02:16:18.559 8 INFO neutron_taas.services.taas.tap_mirror_plugin [None req-e44af237-a62b-4c76-b21a-b02d6baed54f c714b0fb6de24cc389760b2d4c25d354 bf9911e9ee6c4928af6f164cff4a853f - - default default] Tap Mirror: Handle Delete Port: f73e0160-9051-48ad-85a8-cd9be7530038 [pid: 8|app: 0|req: 631/1309] 10.0.0.190 () {32 vars in 720 bytes} [Thu May 21 02:16:18 2026] DELETE /v2.0/ports/f73e0160-9051-48ad-85a8-cd9be7530038 => generated 0 bytes in 213 msecs (HTTP/1.1 204) 3 headers in 131 bytes (1 switches on core 0) [pid: 8|app: 0|req: 632/1310] 199.204.45.242 () {34 vars in 1080 bytes} [Thu May 21 02:16:18 2026] GET /v2.0/ports?tenant_id=00d771f1fd7849d4bd8f31915341aadc&device_id=77fc184d-c4ee-4fb0-8adb-79ae3c69283c => generated 1211 bytes in 39 msecs (HTTP/1.1 200) 4 headers in 158 bytes (1 switches on core 0)
2026-05-21 02:16:18.707 7 WARNING neutron.scheduler.dhcp_agent_scheduler [None req-cce5d006-0410-430e-998f-82a290eeaf77 2a1de4f9d0ea47ba9e5bdc53182fcd2b cae455927c594d61843a5ba56878d7f2 - - default default] No more DHCP agents
2026-05-21 02:16:18.708 7 WARNING neutron.api.rpc.agentnotifiers.dhcp_rpc_agent_api [None req-cce5d006-0410-430e-998f-82a290eeaf77 2a1de4f9d0ea47ba9e5bdc53182fcd2b cae455927c594d61843a5ba56878d7f2 - - default default] Unable to schedule network b4e82064-a4b1-49cb-9444-88a281398c73: no agents available; will retry on subsequent port and subnet creation events. [pid: 8|app: 0|req: 633/1311] 10.0.0.190 () {32 vars in 643 bytes} [Thu May 21 02:16:18 2026] GET /v2.0/ports => generated 1523 bytes in 34 msecs (HTTP/1.1 200) 4 headers in 158 bytes (1 switches on core 0) [pid: 8|app: 0|req: 634/1312] 199.204.45.242 () {34 vars in 1018 bytes} [Thu May 21 02:16:18 2026] GET /v2.0/networks?tenant_id=00d771f1fd7849d4bd8f31915341aadc&shared=False => generated 812 bytes in 65 msecs (HTTP/1.1 200) 4 headers in 157 bytes (1 switches on core 0)
2026-05-21 02:16:18.803 7 INFO neutron.db.ovn_revision_numbers_db [None req-cce5d006-0410-430e-998f-82a290eeaf77 2a1de4f9d0ea47ba9e5bdc53182fcd2b cae455927c594d61843a5ba56878d7f2 - - default default] Successfully bumped revision number for resource 0132cc82-424e-4f46-a9dd-54c7d5db0182 (type: ports) to 1 [pid: 7|app: 0|req: 679/1313] 10.0.0.190 () {34 vars in 665 bytes} [Thu May 21 02:16:18 2026] POST /v2.0/ports => generated 963 bytes in 442 msecs (HTTP/1.1 201) 4 headers in 162 bytes (1 switches on core 0) /var/lib/openstack/lib/python3.12/site-packages/pycadf/identifier.py:70: UserWarning: Invalid uuid: neutron. To ensure interoperability, identifiers should be a valid uuid. warnings.warn(('Invalid uuid: %s. To ensure interoperability, ' [pid: 7|app: 0|req: 680/1314] 199.204.45.242 () {34 vars in 930 bytes} [Thu May 21 02:16:18 2026] GET /v2.0/networks?shared=True => generated 791 bytes in 33 msecs (HTTP/1.1 200) 4 headers in 157 bytes (1 switches on core 0)
2026-05-21 02:16:18.892 8 INFO neutron.db.segments_db [None req-66d8c4d1-95df-451e-98cb-70fcd4dc6f8a c714b0fb6de24cc389760b2d4c25d354 bf9911e9ee6c4928af6f164cff4a853f - - default default] Added segment a5965ef8-836d-41f1-a8f2-9899fd362d5d of type geneve for network 633d952f-50f7-496e-8c0b-d7cc7530470a
2026-05-21 02:16:18.995 8 INFO neutron.db.ovn_revision_numbers_db [None req-66d8c4d1-95df-451e-98cb-70fcd4dc6f8a c714b0fb6de24cc389760b2d4c25d354 bf9911e9ee6c4928af6f164cff4a853f - - default default] Successfully bumped revision number for resource 633d952f-50f7-496e-8c0b-d7cc7530470a (type: networks) to 1
2026-05-21 02:16:19.128 7 WARNING neutron.plugins.ml2.drivers.ovn.mech_driver.ovsdb.ovn_client [None req-40cc233f-6be5-40a3-bffd-d8e2f22eb82b - - - - - -] No port found with ID 3f302c72-8bb4-467a-9579-d2404b9cc5d3: RuntimeError: No port found with ID 3f302c72-8bb4-467a-9579-d2404b9cc5d3
2026-05-21 02:16:19.160 7 INFO neutron.plugins.ml2.drivers.ovn.mech_driver.mech_driver [None req-40cc233f-6be5-40a3-bffd-d8e2f22eb82b - - - - - -] OVN reports status down for port: e3105d0c-97f1-42fa-bac6-016841eb283f
2026-05-21 02:16:19.188 7 INFO neutron.plugins.ml2.drivers.ovn.mech_driver.mech_driver [None req-40cc233f-6be5-40a3-bffd-d8e2f22eb82b - - - - - -] OVN reports status down for port: b0f361b8-8606-421b-9e4a-eb7b3ef4be2d
2026-05-21 02:16:19.188 8 WARNING neutron.scheduler.dhcp_agent_scheduler [None req-66d8c4d1-95df-451e-98cb-70fcd4dc6f8a c714b0fb6de24cc389760b2d4c25d354 bf9911e9ee6c4928af6f164cff4a853f - - default default] No more DHCP agents
2026-05-21 02:16:19.190 8 WARNING neutron.api.rpc.agentnotifiers.dhcp_rpc_agent_api [None req-66d8c4d1-95df-451e-98cb-70fcd4dc6f8a c714b0fb6de24cc389760b2d4c25d354 bf9911e9ee6c4928af6f164cff4a853f - - default default] Unable to schedule network 633d952f-50f7-496e-8c0b-d7cc7530470a: no agents available; will retry on subsequent port and subnet creation events.
2026-05-21 02:16:19.271 8 INFO neutron.db.ovn_revision_numbers_db [None req-66d8c4d1-95df-451e-98cb-70fcd4dc6f8a c714b0fb6de24cc389760b2d4c25d354 bf9911e9ee6c4928af6f164cff4a853f - - default default] Successfully bumped revision number for resource e83be924-2452-47ea-bf57-980e178b0e0c (type: ports) to 1 [pid: 8|app: 0|req: 635/1315] 10.0.0.190 () {34 vars in 670 bytes} [Thu May 21 02:16:18 2026] POST /v2.0/networks => generated 672 bytes in 497 msecs (HTTP/1.1 201) 4 headers in 162 bytes (1 switches on core 0)
2026-05-21 02:16:19.333 7 INFO neutron.plugins.ml2.drivers.ovn.mech_driver.mech_driver [None req-40cc233f-6be5-40a3-bffd-d8e2f22eb82b - - - - - -] OVN reports status down for port: 0132cc82-424e-4f46-a9dd-54c7d5db0182
2026-05-21 02:16:19.432 7 INFO neutron.db.ovn_revision_numbers_db [None req-b3109819-e265-4c38-957e-aa1dce659575 2a1de4f9d0ea47ba9e5bdc53182fcd2b cae455927c594d61843a5ba56878d7f2 - - default default] Successfully bumped revision number for resource 0132cc82-424e-4f46-a9dd-54c7d5db0182 (type: ports) to 2
2026-05-21 02:16:19.448 7 WARNING neutron.plugins.ml2.drivers.ovn.mech_driver.ovsdb.ovn_client [None req-40cc233f-6be5-40a3-bffd-d8e2f22eb82b - - - - - -] Logical_Switch_Port %s host information not removed, the port state is up
2026-05-21 02:16:19.448 7 INFO neutron.plugins.ml2.drivers.ovn.mech_driver.mech_driver [None req-40cc233f-6be5-40a3-bffd-d8e2f22eb82b - - - - - -] OVN reports status down for port: e83be924-2452-47ea-bf57-980e178b0e0c
2026-05-21 02:16:19.556 7 INFO neutron.plugins.ml2.drivers.ovn.mech_driver.mech_driver [None req-40cc233f-6be5-40a3-bffd-d8e2f22eb82b - - - - - -] OVN reports status up for port: 0132cc82-424e-4f46-a9dd-54c7d5db0182
2026-05-21 02:16:19.558 8 INFO neutron.db.ovn_revision_numbers_db [None req-071ae3ab-f28a-48d7-8a7e-b400b4cfdde1 759d2c7d7eef4a7aab5992548bbfbf4d be633172c7cd448bb6a3be0e53cc5d50 - - default default] Successfully bumped revision number for resource e9100036-af88-4777-9178-b7e4eb257d59 (type: security_groups) to 1
2026-05-21 02:16:19.573 8 INFO neutron.db.ovn_revision_numbers_db [None req-071ae3ab-f28a-48d7-8a7e-b400b4cfdde1 759d2c7d7eef4a7aab5992548bbfbf4d be633172c7cd448bb6a3be0e53cc5d50 - - default default] Successfully bumped revision number for resource 28fa6bf9-67bd-447a-ba9d-e527c27216cd (type: security_group_rules) to 0
2026-05-21 02:16:19.579 7 INFO neutron.plugins.ml2.plugin [None req-40cc233f-6be5-40a3-bffd-d8e2f22eb82b - - - - - -] Attempt 1 to provision port 0132cc82-424e-4f46-a9dd-54c7d5db0182
2026-05-21 02:16:19.581 8 INFO neutron.db.ovn_revision_numbers_db [None req-071ae3ab-f28a-48d7-8a7e-b400b4cfdde1 759d2c7d7eef4a7aab5992548bbfbf4d be633172c7cd448bb6a3be0e53cc5d50 - - default default] Successfully bumped revision number for resource 4fe2fbd1-4e37-41de-ba8f-a49564253768 (type: security_group_rules) to 0
2026-05-21 02:16:19.597 8 INFO neutron.db.ovn_revision_numbers_db [None req-071ae3ab-f28a-48d7-8a7e-b400b4cfdde1 759d2c7d7eef4a7aab5992548bbfbf4d be633172c7cd448bb6a3be0e53cc5d50 - - default default] Successfully bumped revision number for resource c79c3f4d-5d34-485a-a135-4d7d1376a0b9 (type: security_group_rules) to 0
2026-05-21 02:16:19.609 8 INFO neutron.db.ovn_revision_numbers_db [None req-071ae3ab-f28a-48d7-8a7e-b400b4cfdde1 759d2c7d7eef4a7aab5992548bbfbf4d be633172c7cd448bb6a3be0e53cc5d50 - - default default] Successfully bumped revision number for resource f70d3c1b-1094-4512-a11f-522746740704 (type: security_group_rules) to 0 [pid: 8|app: 0|req: 636/1316] 10.0.0.190 () {32 vars in 774 bytes} [Thu May 21 02:16:19 2026] GET /v2.0/security-groups?tenant_id=4ac75ac1da604263bfc95de45fa1f256&name=default => generated 2925 bytes in 351 msecs (HTTP/1.1 200) 4 headers in 158 bytes (1 switches on core 0) [pid: 8|app: 0|req: 637/1317] 10.0.0.216 () {34 vars in 990 bytes} [Thu May 21 02:16:19 2026] GET /v2.0/ports?device_id=77fc184d-c4ee-4fb0-8adb-79ae3c69283c => generated 973 bytes in 40 msecs (HTTP/1.1 200) 4 headers in 157 bytes (1 switches on core 0)
2026-05-21 02:16:19.781 8 INFO neutron.db.segments_db [None req-a2b99117-0af6-4593-b158-04bc1e7ca4a1 c714b0fb6de24cc389760b2d4c25d354 bf9911e9ee6c4928af6f164cff4a853f - - default default] Added segment 8d4b4bb8-f314-4e30-b343-8b0183712208 of type geneve for network 4916480f-86f1-4ec3-8d7c-04bb99d2d14b
2026-05-21 02:16:19.828 8 WARNING neutron.plugins.ml2.drivers.ovn.mech_driver.ovsdb.ovn_client [None req-3c7e7fdd-9ac9-4bf9-93e5-d0837622abdf - - - - - -] No port found with ID 62daf34f-fe16-4ad6-b4aa-18046b074e42: RuntimeError: No port found with ID 62daf34f-fe16-4ad6-b4aa-18046b074e42
2026-05-21 02:16:19.853 8 INFO neutron.plugins.ml2.drivers.ovn.mech_driver.mech_driver [None req-3c7e7fdd-9ac9-4bf9-93e5-d0837622abdf - - - - - -] OVN reports status down for port: f68a1e8a-9cc4-41fd-a614-2a3d6831bd25
2026-05-21 02:16:19.874 8 INFO neutron.plugins.ml2.drivers.ovn.mech_driver.mech_driver [None req-3c7e7fdd-9ac9-4bf9-93e5-d0837622abdf - - - - - -] OVN reports status down for port: 95aba5e7-d0ea-4199-85f0-d152651d71a4
2026-05-21 02:16:19.934 8 INFO neutron.db.ovn_revision_numbers_db [None req-a2b99117-0af6-4593-b158-04bc1e7ca4a1 c714b0fb6de24cc389760b2d4c25d354 bf9911e9ee6c4928af6f164cff4a853f - - default default] Successfully bumped revision number for resource 4916480f-86f1-4ec3-8d7c-04bb99d2d14b (type: networks) to 1
2026-05-21 02:16:19.988 8 INFO neutron.plugins.ml2.drivers.ovn.mech_driver.mech_driver [None req-3c7e7fdd-9ac9-4bf9-93e5-d0837622abdf - - - - - -] OVN reports status down for port: 6af2c14a-0032-4b73-8e15-10b4cd4ed436
2026-05-21 02:16:20.002 7 INFO neutron.db.ovn_revision_numbers_db [None req-40cc233f-6be5-40a3-bffd-d8e2f22eb82b - - - - - -] Successfully bumped revision number for resource 0132cc82-424e-4f46-a9dd-54c7d5db0182 (type: ports) to 3
2026-05-21 02:16:20.105 8 INFO neutron.plugins.ml2.drivers.ovn.mech_driver.mech_driver [None req-3c7e7fdd-9ac9-4bf9-93e5-d0837622abdf - - - - - -] OVN reports status down for port: e09af9fb-7c54-4deb-88eb-45dac4d184a4
2026-05-21 02:16:20.195 8 INFO neutron.notifiers.nova [-] Nova event matching ['req-8b93d234-e9b3-4d31-998a-991d019e3144'] response: {'server_uuid': '77fc184d-c4ee-4fb0-8adb-79ae3c69283c', 'name': 'network-vif-unplugged', 'status': 'completed', 'tag': '6af2c14a-0032-4b73-8e15-10b4cd4ed436', 'code': 200}
2026-05-21 02:16:20.211 8 WARNING neutron.scheduler.dhcp_agent_scheduler [None req-a2b99117-0af6-4593-b158-04bc1e7ca4a1 c714b0fb6de24cc389760b2d4c25d354 bf9911e9ee6c4928af6f164cff4a853f - - default default] No more DHCP agents
2026-05-21 02:16:20.212 8 INFO neutron.plugins.ml2.drivers.ovn.mech_driver.mech_driver [None req-3c7e7fdd-9ac9-4bf9-93e5-d0837622abdf - - - - - -] OVN reports status down for port: 0851702a-2438-4697-b1a3-f6c76475008c
2026-05-21 02:16:20.214 8 WARNING neutron.api.rpc.agentnotifiers.dhcp_rpc_agent_api [None req-a2b99117-0af6-4593-b158-04bc1e7ca4a1 c714b0fb6de24cc389760b2d4c25d354 bf9911e9ee6c4928af6f164cff4a853f - - default default] Unable to schedule network 4916480f-86f1-4ec3-8d7c-04bb99d2d14b: no agents available; will retry on subsequent port and subnet creation events.
2026-05-21 02:16:20.228 8 INFO neutron.plugins.ml2.drivers.ovn.mech_driver.mech_driver [None req-3c7e7fdd-9ac9-4bf9-93e5-d0837622abdf - - - - - -] OVN reports status down for port: f73e0160-9051-48ad-85a8-cd9be7530038
2026-05-21 02:16:20.272 8 INFO neutron.plugins.ml2.drivers.ovn.mech_driver.mech_driver [None req-3c7e7fdd-9ac9-4bf9-93e5-d0837622abdf - - - - - -] OVN reports status down for port: 2d0a6cc0-d3dc-4395-b8f6-3a727c825e39
2026-05-21 02:16:20.335 8 INFO neutron.db.ovn_revision_numbers_db [None req-a2b99117-0af6-4593-b158-04bc1e7ca4a1 c714b0fb6de24cc389760b2d4c25d354 bf9911e9ee6c4928af6f164cff4a853f - - default default] Successfully bumped revision number for resource 2d0a6cc0-d3dc-4395-b8f6-3a727c825e39 (type: ports) to 1 [pid: 8|app: 0|req: 638/1318] 10.0.0.190 () {34 vars in 670 bytes} [Thu May 21 02:16:19 2026] POST /v2.0/networks => generated 673 bytes in 688 msecs (HTTP/1.1 201) 4 headers in 162 bytes (1 switches on core 0) [pid: 8|app: 0|req: 639/1319] 10.0.0.190 () {32 vars in 740 bytes} [Thu May 21 02:16:20 2026] DELETE /v2.0/security-groups/e9100036-af88-4777-9178-b7e4eb257d59 => generated 0 bytes in 191 msecs (HTTP/1.1 204) 2 headers in 112 bytes (1 switches on core 0) [pid: 8|app: 0|req: 640/1320] 10.0.0.216 () {34 vars in 1040 bytes} [Thu May 21 02:16:20 2026] GET /v2.0/security-groups?id=878d4694-229c-421d-b329-7e22102c55b6&fields=id&fields=name => generated 113 bytes in 23 msecs (HTTP/1.1 200) 4 headers in 157 bytes (1 switches on core 0) [pid: 8|app: 0|req: 641/1321] 199.204.45.242 () {34 vars in 1080 bytes} [Thu May 21 02:16:20 2026] GET /v2.0/ports?tenant_id=00d771f1fd7849d4bd8f31915341aadc&device_id=77fc184d-c4ee-4fb0-8adb-79ae3c69283c => generated 1211 bytes in 25 msecs (HTTP/1.1 200) 4 headers in 158 bytes (1 switches on core 0) [pid: 8|app: 0|req: 642/1322] 199.204.45.242 () {34 vars in 1060 bytes} [Thu May 21 02:16:20 2026] GET /v2.0/floatingips?fixed_ip_address=10.100.0.10&port_id=6af2c14a-0032-4b73-8e15-10b4cd4ed436 => generated 19 bytes in 14 msecs (HTTP/1.1 200) 4 headers in 156 bytes (1 switches on core 0) [pid: 8|app: 0|req: 643/1323] 199.204.45.242 () {34 vars in 984 bytes} [Thu May 21 02:16:20 2026] GET /v2.0/subnets?id=b1412245-217c-44dc-8158-9de79eb1023f => generated 693 bytes in 26 msecs (HTTP/1.1 200) 4 headers in 157 bytes (1 switches on core 0)
2026-05-21 02:16:20.777 8 INFO neutron.db.ovn_revision_numbers_db [None req-30baea75-561e-4065-a529-3d39b2fe28ab 759d2c7d7eef4a7aab5992548bbfbf4d be633172c7cd448bb6a3be0e53cc5d50 - - default default] Successfully bumped revision number for resource 8bd6ae83-b926-4c3a-a6af-8161b75415de (type: security_groups) to 1
2026-05-21 02:16:20.788 8 INFO neutron.db.ovn_revision_numbers_db [None req-30baea75-561e-4065-a529-3d39b2fe28ab 759d2c7d7eef4a7aab5992548bbfbf4d be633172c7cd448bb6a3be0e53cc5d50 - - default default] Successfully bumped revision number for resource 0fccc754-c238-4dda-9ab4-2e0ade45f6a1 (type: security_group_rules) to 0
2026-05-21 02:16:20.790 7 WARNING neutron.scheduler.dhcp_agent_scheduler [None req-b3109819-e265-4c38-957e-aa1dce659575 2a1de4f9d0ea47ba9e5bdc53182fcd2b cae455927c594d61843a5ba56878d7f2 - - default default] No more DHCP agents
2026-05-21 02:16:20.792 7 WARNING neutron.api.rpc.agentnotifiers.dhcp_rpc_agent_api [None req-b3109819-e265-4c38-957e-aa1dce659575 2a1de4f9d0ea47ba9e5bdc53182fcd2b cae455927c594d61843a5ba56878d7f2 - - default default] Unable to schedule network b4e82064-a4b1-49cb-9444-88a281398c73: no agents available; will retry on subsequent port and subnet creation events.
2026-05-21 02:16:20.799 8 INFO neutron.db.ovn_revision_numbers_db [None req-30baea75-561e-4065-a529-3d39b2fe28ab 759d2c7d7eef4a7aab5992548bbfbf4d be633172c7cd448bb6a3be0e53cc5d50 - - default default] Successfully bumped revision number for resource 4c687c38-9649-45a6-a064-690e8ff91e20 (type: security_group_rules) to 0
2026-05-21 02:16:20.810 8 INFO neutron.db.ovn_revision_numbers_db [None req-30baea75-561e-4065-a529-3d39b2fe28ab 759d2c7d7eef4a7aab5992548bbfbf4d be633172c7cd448bb6a3be0e53cc5d50 - - default default] Successfully bumped revision number for resource b43eb8c7-dfdb-4017-9512-1d7957dd3b1a (type: security_group_rules) to 0
2026-05-21 02:16:20.820 8 INFO neutron.db.ovn_revision_numbers_db [None req-30baea75-561e-4065-a529-3d39b2fe28ab 759d2c7d7eef4a7aab5992548bbfbf4d be633172c7cd448bb6a3be0e53cc5d50 - - default default] Successfully bumped revision number for resource dcbdd027-5fb8-4dc1-8a28-a4af807ffe2f (type: security_group_rules) to 0 [pid: 8|app: 0|req: 644/1324] 10.0.0.190 () {32 vars in 774 bytes} [Thu May 21 02:16:20 2026] GET /v2.0/security-groups?tenant_id=f90a754fa891489295722c1ff203152f&name=default => generated 2925 bytes in 177 msecs (HTTP/1.1 200) 4 headers in 158 bytes (1 switches on core 0) [pid: 8|app: 0|req: 645/1325] 199.204.45.242 () {34 vars in 1052 bytes} [Thu May 21 02:16:20 2026] GET /v2.0/ports?network_id=d94450a7-5cc9-45ca-acf2-763195cee9a7&device_owner=network%3Adhcp => generated 12 bytes in 15 msecs (HTTP/1.1 200) 4 headers in 156 bytes (1 switches on core 0)
2026-05-21 02:16:20.995 7 INFO neutron.db.ovn_revision_numbers_db [None req-b3109819-e265-4c38-957e-aa1dce659575 2a1de4f9d0ea47ba9e5bdc53182fcd2b cae455927c594d61843a5ba56878d7f2 - - default default] Successfully bumped revision number for resource 0132cc82-424e-4f46-a9dd-54c7d5db0182 (type: router_ports) to 3 [pid: 7|app: 0|req: 681/1326] 10.0.0.190 () {34 vars in 783 bytes} [Thu May 21 02:16:18 2026] PUT /v2.0/routers/b654b61d-ac83-4918-a500-d68781973df4/add_router_interface => generated 309 bytes in 2142 msecs (HTTP/1.1 200) 4 headers in 157 bytes (1 switches on core 0) /var/lib/openstack/lib/python3.12/site-packages/pycadf/identifier.py:70: UserWarning: Invalid uuid: neutron. To ensure interoperability, identifiers should be a valid uuid. warnings.warn(('Invalid uuid: %s. To ensure interoperability, ' [pid: 8|app: 0|req: 646/1327] 10.0.0.190 () {32 vars in 740 bytes} [Thu May 21 02:16:20 2026] DELETE /v2.0/security-groups/8bd6ae83-b926-4c3a-a6af-8161b75415de => generated 0 bytes in 217 msecs (HTTP/1.1 204) 2 headers in 112 bytes (1 switches on core 0) [pid: 8|app: 0|req: 647/1328] 199.204.45.242 () {34 vars in 1012 bytes} [Thu May 21 02:16:21 2026] GET /v2.0/networks/d94450a7-5cc9-45ca-acf2-763195cee9a7?fields=segments => generated 14 bytes in 38 msecs (HTTP/1.1 200) 4 headers in 156 bytes (1 switches on core 0) [pid: 8|app: 0|req: 648/1329] 10.0.0.190 () {32 vars in 717 bytes} [Thu May 21 02:16:21 2026] GET /v2.0/ports/0132cc82-424e-4f46-a9dd-54c7d5db0182 => generated 1025 bytes in 63 msecs (HTTP/1.1 200) 4 headers in 158 bytes (1 switches on core 0) [pid: 8|app: 0|req: 649/1330] 199.204.45.242 () {34 vars in 1112 bytes} [Thu May 21 02:16:21 2026] GET /v2.0/networks/d94450a7-5cc9-45ca-acf2-763195cee9a7?fields=provider%3Aphysical_network&fields=provider%3Anetwork_type => generated 79 bytes in 39 msecs (HTTP/1.1 200) 4 headers in 156 bytes (1 switches on core 0)
2026-05-21 02:16:21.310 7 WARNING neutron.scheduler.dhcp_agent_scheduler [None req-44518559-7fb3-4c15-af1a-a17a08a92c00 c714b0fb6de24cc389760b2d4c25d354 bf9911e9ee6c4928af6f164cff4a853f - - default default] No more DHCP agents
2026-05-21 02:16:21.311 7 WARNING neutron.api.rpc.agentnotifiers.dhcp_rpc_agent_api [None req-44518559-7fb3-4c15-af1a-a17a08a92c00 c714b0fb6de24cc389760b2d4c25d354 bf9911e9ee6c4928af6f164cff4a853f - - default default] Unable to schedule network 633d952f-50f7-496e-8c0b-d7cc7530470a: no agents available; will retry on subsequent port and subnet creation events.
2026-05-21 02:16:21.341 7 INFO neutron.db.ovn_revision_numbers_db [None req-44518559-7fb3-4c15-af1a-a17a08a92c00 c714b0fb6de24cc389760b2d4c25d354 bf9911e9ee6c4928af6f164cff4a853f - - default default] Successfully bumped revision number for resource cd920fc0-33be-45f7-9ace-d8bbdfc00c10 (type: subnets) to 0
2026-05-21 02:16:21.373 7 WARNING neutron.scheduler.dhcp_agent_scheduler [None req-44518559-7fb3-4c15-af1a-a17a08a92c00 c714b0fb6de24cc389760b2d4c25d354 bf9911e9ee6c4928af6f164cff4a853f - - default default] No more DHCP agents
2026-05-21 02:16:21.374 7 WARNING neutron.api.rpc.agentnotifiers.dhcp_rpc_agent_api [None req-44518559-7fb3-4c15-af1a-a17a08a92c00 c714b0fb6de24cc389760b2d4c25d354 bf9911e9ee6c4928af6f164cff4a853f - - default default] Unable to schedule network 4916480f-86f1-4ec3-8d7c-04bb99d2d14b: no agents available; will retry on subsequent port and subnet creation events.
2026-05-21 02:16:21.404 7 INFO neutron.db.ovn_revision_numbers_db [None req-44518559-7fb3-4c15-af1a-a17a08a92c00 c714b0fb6de24cc389760b2d4c25d354 bf9911e9ee6c4928af6f164cff4a853f - - default default] Successfully bumped revision number for resource 34e62a34-c081-491c-b57e-e6e81be0081f (type: subnets) to 0 [pid: 7|app: 0|req: 682/1331] 10.0.0.190 () {34 vars in 669 bytes} [Thu May 21 02:16:21 2026] POST /v2.0/subnets => generated 1323 bytes in 416 msecs (HTTP/1.1 201) 4 headers in 163 bytes (1 switches on core 0) [pid: 7|app: 0|req: 683/1332] 10.0.0.190 () {32 vars in 647 bytes} [Thu May 21 02:16:21 2026] GET /v2.0/subnets => generated 1959 bytes in 43 msecs (HTTP/1.1 200) 4 headers in 158 bytes (1 switches on core 0)
2026-05-21 02:16:21.534 8 INFO neutron_taas.services.taas.taas_plugin [None req-9420d76f-8a99-4c74-940a-ed2a043321cc 2a1de4f9d0ea47ba9e5bdc53182fcd2b cae455927c594d61843a5ba56878d7f2 - - default default] TaaS: Handle Delete Port: 0132cc82-424e-4f46-a9dd-54c7d5db0182
2026-05-21 02:16:21.537 8 INFO neutron_taas.services.taas.tap_mirror_plugin [None req-9420d76f-8a99-4c74-940a-ed2a043321cc 2a1de4f9d0ea47ba9e5bdc53182fcd2b cae455927c594d61843a5ba56878d7f2 - - default default] Tap Mirror: Handle Delete Port: 0132cc82-424e-4f46-a9dd-54c7d5db0182 [pid: 7|app: 0|req: 684/1333] 10.0.0.190 () {32 vars in 724 bytes} [Thu May 21 02:16:21 2026] DELETE /v2.0/subnets/cd920fc0-33be-45f7-9ace-d8bbdfc00c10 => generated 0 bytes in 148 msecs (HTTP/1.1 204) 3 headers in 131 bytes (1 switches on core 0) [pid: 7|app: 0|req: 685/1334] 10.0.0.190 () {32 vars in 724 bytes} [Thu May 21 02:16:21 2026] DELETE /v2.0/subnets/34e62a34-c081-491c-b57e-e6e81be0081f => generated 0 bytes in 153 msecs (HTTP/1.1 204) 3 headers in 131 bytes (1 switches on core 0) [pid: 8|app: 0|req: 650/1335] 10.0.0.190 () {34 vars in 789 bytes} [Thu May 21 02:16:21 2026] PUT /v2.0/routers/b654b61d-ac83-4918-a500-d68781973df4/remove_router_interface => generated 309 bytes in 591 msecs (HTTP/1.1 200) 4 headers in 157 bytes (1 switches on core 0) /var/lib/openstack/lib/python3.12/site-packages/pycadf/identifier.py:70: UserWarning: Invalid uuid: neutron. To ensure interoperability, identifiers should be a valid uuid. warnings.warn(('Invalid uuid: %s. To ensure interoperability, ' [pid: 7|app: 0|req: 686/1336] 10.0.0.216 () {34 vars in 990 bytes} [Thu May 21 02:16:21 2026] GET /v2.0/ports?device_id=77fc184d-c4ee-4fb0-8adb-79ae3c69283c => generated 973 bytes in 41 msecs (HTTP/1.1 200) 4 headers in 157 bytes (1 switches on core 0) [pid: 8|app: 0|req: 651/1337] 10.0.0.190 () {32 vars in 647 bytes} [Thu May 21 02:16:21 2026] GET /v2.0/subnets => generated 649 bytes in 41 msecs (HTTP/1.1 200) 4 headers in 157 bytes (1 switches on core 0) [pid: 8|app: 0|req: 652/1338] 10.0.0.216 () {34 vars in 1040 bytes} [Thu May 21 02:16:21 2026] GET /v2.0/security-groups?id=878d4694-229c-421d-b329-7e22102c55b6&fields=id&fields=name => generated 113 bytes in 19 msecs (HTTP/1.1 200) 4 headers in 157 bytes (1 switches on core 0)
2026-05-21 02:16:21.919 7 INFO neutron.api.v2.resource [None req-fcb7431d-5396-4e45-8e47-56d7d1192b91 2a1de4f9d0ea47ba9e5bdc53182fcd2b cae455927c594d61843a5ba56878d7f2 - - default default] remove_router_interface failed (client error): The resource could not be found. [pid: 7|app: 0|req: 687/1339] 10.0.0.190 () {34 vars in 789 bytes} [Thu May 21 02:16:21 2026] PUT /v2.0/routers/b654b61d-ac83-4918-a500-d68781973df4/remove_router_interface => generated 197 bytes in 92 msecs (HTTP/1.1 404) 4 headers in 164 bytes (1 switches on core 0) [pid: 7|app: 0|req: 688/1340] 10.0.0.190 () {32 vars in 736 bytes} [Thu May 21 02:16:21 2026] GET /v2.0/ports?device_id=b654b61d-ac83-4918-a500-d68781973df4 => generated 12 bytes in 23 msecs (HTTP/1.1 200) 4 headers in 156 bytes (1 switches on core 0)
2026-05-21 02:16:21.990 8 INFO neutron_taas.services.taas.taas_plugin [None req-74360064-9c99-4e23-81cb-e07681df4916 c714b0fb6de24cc389760b2d4c25d354 bf9911e9ee6c4928af6f164cff4a853f - - default default] TaaS: Handle Delete Port: 2d0a6cc0-d3dc-4395-b8f6-3a727c825e39
2026-05-21 02:16:21.995 8 INFO neutron_taas.services.taas.tap_mirror_plugin [None req-74360064-9c99-4e23-81cb-e07681df4916 c714b0fb6de24cc389760b2d4c25d354 bf9911e9ee6c4928af6f164cff4a853f - - default default] Tap Mirror: Handle Delete Port: 2d0a6cc0-d3dc-4395-b8f6-3a727c825e39 [pid: 7|app: 0|req: 689/1341] 10.0.0.190 () {32 vars in 724 bytes} [Thu May 21 02:16:21 2026] DELETE /v2.0/routers/b654b61d-ac83-4918-a500-d68781973df4 => generated 0 bytes in 209 msecs (HTTP/1.1 204) 2 headers in 112 bytes (1 switches on core 0)
2026-05-21 02:16:22.180 8 INFO neutron.services.segments.plugin [-] Segment 8d4b4bb8-f314-4e30-b343-8b0183712208 resource provider aggregate not found
2026-05-21 02:16:22.182 8 INFO neutron.services.segments.plugin [-] Segment 8d4b4bb8-f314-4e30-b343-8b0183712208 resource provider aggregate not found
2026-05-21 02:16:22.203 8 INFO neutron.services.segments.plugin [-] Segment 8d4b4bb8-f314-4e30-b343-8b0183712208 resource provider not found; error: Placement Client Error (4xx): {"errors": [{"status": 404, "title": "Not Found", "detail": "The resource could not be found.\n\n No resource provider with uuid 8d4b4bb8-f314-4e30-b343-8b0183712208 found for delete ", "request_id": "req-2a59c3aa-3b9f-4e2f-8886-fc8815b0ada2"}]}
2026-05-21 02:16:22.206 8 INFO neutron.services.segments.plugin [-] Segment 8d4b4bb8-f314-4e30-b343-8b0183712208 resource provider not found; error: Placement Client Error (4xx): {"errors": [{"status": 404, "title": "Not Found", "detail": "The resource could not be found.\n\n No resource provider with uuid 8d4b4bb8-f314-4e30-b343-8b0183712208 found for delete ", "request_id": "req-ab3f1a74-213f-4ccd-9666-a9a0d99facc5"}]} [pid: 8|app: 0|req: 653/1342] 10.0.0.190 () {32 vars in 726 bytes} [Thu May 21 02:16:21 2026] DELETE /v2.0/networks/4916480f-86f1-4ec3-8d7c-04bb99d2d14b => generated 0 bytes in 352 msecs (HTTP/1.1 204) 3 headers in 131 bytes (1 switches on core 0) [pid: 7|app: 0|req: 690/1343] 10.0.0.190 () {32 vars in 724 bytes} [Thu May 21 02:16:22 2026] DELETE /v2.0/subnets/3d6d1ff9-ab36-4850-8e83-c5ace6ae033f => generated 0 bytes in 149 msecs (HTTP/1.1 204) 3 headers in 131 bytes (1 switches on core 0)
2026-05-21 02:16:22.361 8 INFO neutron_taas.services.taas.taas_plugin [None req-3b598e1b-036d-41f5-bfc9-e46293b8d08a c714b0fb6de24cc389760b2d4c25d354 bf9911e9ee6c4928af6f164cff4a853f - - default default] TaaS: Handle Delete Port: e83be924-2452-47ea-bf57-980e178b0e0c
2026-05-21 02:16:22.363 8 INFO neutron_taas.services.taas.tap_mirror_plugin [None req-3b598e1b-036d-41f5-bfc9-e46293b8d08a c714b0fb6de24cc389760b2d4c25d354 bf9911e9ee6c4928af6f164cff4a853f - - default default] Tap Mirror: Handle Delete Port: e83be924-2452-47ea-bf57-980e178b0e0c
2026-05-21 02:16:22.417 7 INFO neutron_taas.services.taas.taas_plugin [None req-ae8bb324-9758-4bea-a69d-c2398c044009 2a1de4f9d0ea47ba9e5bdc53182fcd2b cae455927c594d61843a5ba56878d7f2 - - default default] TaaS: Handle Delete Port: e09af9fb-7c54-4deb-88eb-45dac4d184a4
2026-05-21 02:16:22.420 7 INFO neutron_taas.services.taas.tap_mirror_plugin [None req-ae8bb324-9758-4bea-a69d-c2398c044009 2a1de4f9d0ea47ba9e5bdc53182fcd2b cae455927c594d61843a5ba56878d7f2 - - default default] Tap Mirror: Handle Delete Port: e09af9fb-7c54-4deb-88eb-45dac4d184a4 [pid: 8|app: 0|req: 654/1344] 10.0.0.190 () {32 vars in 726 bytes} [Thu May 21 02:16:22 2026] DELETE /v2.0/networks/633d952f-50f7-496e-8c0b-d7cc7530470a => generated 0 bytes in 367 msecs (HTTP/1.1 204) 3 headers in 131 bytes (1 switches on core 0)
2026-05-21 02:16:22.637 7 INFO neutron.services.segments.plugin [-] Segment c51baff5-f4c4-4787-b40b-c87da19f1f2a resource provider aggregate not found
2026-05-21 02:16:22.667 7 INFO neutron.services.segments.plugin [-] Segment c51baff5-f4c4-4787-b40b-c87da19f1f2a resource provider not found; error: Placement Client Error (4xx): {"errors": [{"status": 404, "title": "Not Found", "detail": "The resource could not be found.\n\n No resource provider with uuid c51baff5-f4c4-4787-b40b-c87da19f1f2a found for delete ", "request_id": "req-e82a8efc-919e-4b37-8d00-5509077e633e"}]}
2026-05-21 02:16:22.671 7 INFO neutron.services.segments.plugin [-] Segment c51baff5-f4c4-4787-b40b-c87da19f1f2a resource provider aggregate not found
2026-05-21 02:16:22.697 7 INFO neutron.services.segments.plugin [-] Segment c51baff5-f4c4-4787-b40b-c87da19f1f2a resource provider not found; error: Placement Client Error (4xx): {"errors": [{"status": 404, "title": "Not Found", "detail": "The resource could not be found.\n\n No resource provider with uuid c51baff5-f4c4-4787-b40b-c87da19f1f2a found for delete ", "request_id": "req-e429cac0-b7ef-4f42-8596-98c0a9e65412"}]} [pid: 7|app: 0|req: 691/1345] 10.0.0.190 () {32 vars in 726 bytes} [Thu May 21 02:16:22 2026] DELETE /v2.0/networks/b4e82064-a4b1-49cb-9444-88a281398c73 => generated 0 bytes in 383 msecs (HTTP/1.1 204) 3 headers in 131 bytes (1 switches on core 0)
2026-05-21 02:16:22.790 7 INFO neutron.db.segments_db [None req-473873ec-cd4d-4d14-a082-07f9db3d6e90 2a1de4f9d0ea47ba9e5bdc53182fcd2b cae455927c594d61843a5ba56878d7f2 - - default default] Added segment 3932355c-251a-45bb-a28c-57365681f44f of type geneve for network bb2faf93-7907-47bc-9df2-6c3b76535181
2026-05-21 02:16:22.794 8 INFO neutron_taas.services.taas.taas_plugin [None req-917a57e0-25af-42d0-a85f-90be129627d1 c714b0fb6de24cc389760b2d4c25d354 bf9911e9ee6c4928af6f164cff4a853f - - default default] TaaS: Handle Delete Port: 95aba5e7-d0ea-4199-85f0-d152651d71a4
2026-05-21 02:16:22.799 8 INFO neutron_taas.services.taas.tap_mirror_plugin [None req-917a57e0-25af-42d0-a85f-90be129627d1 c714b0fb6de24cc389760b2d4c25d354 bf9911e9ee6c4928af6f164cff4a853f - - default default] Tap Mirror: Handle Delete Port: 95aba5e7-d0ea-4199-85f0-d152651d71a4
2026-05-21 02:16:22.913 7 INFO neutron.db.ovn_revision_numbers_db [None req-473873ec-cd4d-4d14-a082-07f9db3d6e90 2a1de4f9d0ea47ba9e5bdc53182fcd2b cae455927c594d61843a5ba56878d7f2 - - default default] Successfully bumped revision number for resource bb2faf93-7907-47bc-9df2-6c3b76535181 (type: networks) to 1 [pid: 8|app: 0|req: 655/1346] 10.0.0.190 () {32 vars in 726 bytes} [Thu May 21 02:16:22 2026] DELETE /v2.0/networks/00c405bf-1500-469e-82f0-cd8bccdbc5ec => generated 0 bytes in 392 msecs (HTTP/1.1 204) 3 headers in 131 bytes (1 switches on core 0)
2026-05-21 02:16:23.072 7 WARNING neutron.scheduler.dhcp_agent_scheduler [None req-473873ec-cd4d-4d14-a082-07f9db3d6e90 2a1de4f9d0ea47ba9e5bdc53182fcd2b cae455927c594d61843a5ba56878d7f2 - - default default] No more DHCP agents [pid: 8|app: 0|req: 656/1347] 10.0.0.216 () {34 vars in 990 bytes} [Thu May 21 02:16:23 2026] GET /v2.0/ports?device_id=77fc184d-c4ee-4fb0-8adb-79ae3c69283c => generated 973 bytes in 68 msecs (HTTP/1.1 200) 4 headers in 157 bytes (1 switches on core 0)
2026-05-21 02:16:23.074 7 WARNING neutron.api.rpc.agentnotifiers.dhcp_rpc_agent_api [None req-473873ec-cd4d-4d14-a082-07f9db3d6e90 2a1de4f9d0ea47ba9e5bdc53182fcd2b cae455927c594d61843a5ba56878d7f2 - - default default] Unable to schedule network bb2faf93-7907-47bc-9df2-6c3b76535181: no agents available; will retry on subsequent port and subnet creation events.
2026-05-21 02:16:23.158 7 INFO neutron.db.ovn_revision_numbers_db [None req-473873ec-cd4d-4d14-a082-07f9db3d6e90 2a1de4f9d0ea47ba9e5bdc53182fcd2b cae455927c594d61843a5ba56878d7f2 - - default default] Successfully bumped revision number for resource 5e24d9a9-97e3-4da2-a55c-84004db30330 (type: ports) to 1 [pid: 7|app: 0|req: 692/1348] 10.0.0.190 () {34 vars in 670 bytes} [Thu May 21 02:16:22 2026] POST /v2.0/networks => generated 653 bytes in 469 msecs (HTTP/1.1 201) 4 headers in 162 bytes (1 switches on core 0)
2026-05-21 02:16:23.186 8 INFO neutron_taas.services.taas.taas_plugin [None req-1d48f5f3-4f56-4024-b19b-376cb356ae32 c714b0fb6de24cc389760b2d4c25d354 bf9911e9ee6c4928af6f164cff4a853f - - default default] TaaS: Handle Delete Port: b0f361b8-8606-421b-9e4a-eb7b3ef4be2d
2026-05-21 02:16:23.189 8 INFO neutron_taas.services.taas.tap_mirror_plugin [None req-1d48f5f3-4f56-4024-b19b-376cb356ae32 c714b0fb6de24cc389760b2d4c25d354 bf9911e9ee6c4928af6f164cff4a853f - - default default] Tap Mirror: Handle Delete Port: b0f361b8-8606-421b-9e4a-eb7b3ef4be2d [pid: 7|app: 0|req: 693/1349] 10.0.0.216 () {34 vars in 1040 bytes} [Thu May 21 02:16:23 2026] GET /v2.0/security-groups?id=878d4694-229c-421d-b329-7e22102c55b6&fields=id&fields=name => generated 113 bytes in 31 msecs (HTTP/1.1 200) 4 headers in 157 bytes (1 switches on core 0)
2026-05-21 02:16:23.391 7 WARNING neutron.scheduler.dhcp_agent_scheduler [None req-45c855bd-d6fb-42f3-b96f-5bdf9e1b77ec 2a1de4f9d0ea47ba9e5bdc53182fcd2b cae455927c594d61843a5ba56878d7f2 - - default default] No more DHCP agents
2026-05-21 02:16:23.392 7 WARNING neutron.api.rpc.agentnotifiers.dhcp_rpc_agent_api [None req-45c855bd-d6fb-42f3-b96f-5bdf9e1b77ec 2a1de4f9d0ea47ba9e5bdc53182fcd2b cae455927c594d61843a5ba56878d7f2 - - default default] Unable to schedule network bb2faf93-7907-47bc-9df2-6c3b76535181: no agents available; will retry on subsequent port and subnet creation events. [pid: 8|app: 0|req: 657/1350] 10.0.0.190 () {32 vars in 726 bytes} [Thu May 21 02:16:23 2026] DELETE /v2.0/networks/54474fde-859d-46fc-82d5-0129de074310 => generated 0 bytes in 344 msecs (HTTP/1.1 204) 3 headers in 131 bytes (1 switches on core 0)
2026-05-21 02:16:23.423 7 INFO neutron.db.ovn_revision_numbers_db [None req-45c855bd-d6fb-42f3-b96f-5bdf9e1b77ec 2a1de4f9d0ea47ba9e5bdc53182fcd2b cae455927c594d61843a5ba56878d7f2 - - default default] Successfully bumped revision number for resource 1458b199-1182-4daa-820b-61038a1346f3 (type: subnets) to 0 [pid: 7|app: 0|req: 694/1351] 10.0.0.190 () {34 vars in 669 bytes} [Thu May 21 02:16:23 2026] POST /v2.0/subnets => generated 646 bytes in 232 msecs (HTTP/1.1 201) 4 headers in 162 bytes (1 switches on core 0)
2026-05-21 02:16:23.588 7 INFO neutron.db.ovn_revision_numbers_db [None req-94b85e20-ce31-47f9-b2e9-b03488422dea 2a1de4f9d0ea47ba9e5bdc53182fcd2b cae455927c594d61843a5ba56878d7f2 - - default default] Successfully bumped revision number for resource 7af1881e-5328-4c9c-baf8-a13aae7cfd59 (type: routers) to 1 [pid: 7|app: 0|req: 695/1352] 10.0.0.190 () {34 vars in 669 bytes} [Thu May 21 02:16:23 2026] POST /v2.0/routers => generated 606 bytes in 172 msecs (HTTP/1.1 201) 4 headers in 162 bytes (1 switches on core 0)
2026-05-21 02:16:23.805 8 INFO neutron.db.ovn_revision_numbers_db [None req-84cba3d2-97fe-4b70-a7c6-8cf3c930e177 759d2c7d7eef4a7aab5992548bbfbf4d be633172c7cd448bb6a3be0e53cc5d50 - - default default] Successfully bumped revision number for resource 659013e8-73bf-4f6a-8a74-d103681c07f6 (type: security_groups) to 1
2026-05-21 02:16:23.818 8 INFO neutron.db.ovn_revision_numbers_db [None req-84cba3d2-97fe-4b70-a7c6-8cf3c930e177 759d2c7d7eef4a7aab5992548bbfbf4d be633172c7cd448bb6a3be0e53cc5d50 - - default default] Successfully bumped revision number for resource 003ed2a7-8f44-4540-ba46-7972a2968b8a (type: security_group_rules) to 0
2026-05-21 02:16:23.830 8 INFO neutron.db.ovn_revision_numbers_db [None req-84cba3d2-97fe-4b70-a7c6-8cf3c930e177 759d2c7d7eef4a7aab5992548bbfbf4d be633172c7cd448bb6a3be0e53cc5d50 - - default default] Successfully bumped revision number for resource 9503930c-8280-4e98-a282-4c9119b75f73 (type: security_group_rules) to 0
2026-05-21 02:16:23.850 8 INFO neutron.db.ovn_revision_numbers_db [None req-84cba3d2-97fe-4b70-a7c6-8cf3c930e177 759d2c7d7eef4a7aab5992548bbfbf4d be633172c7cd448bb6a3be0e53cc5d50 - - default default] Successfully bumped revision number for resource a2c6ef7e-858c-4557-8f53-943ac95bec04 (type: security_group_rules) to 0
2026-05-21 02:16:23.867 8 INFO neutron.db.ovn_revision_numbers_db [None req-84cba3d2-97fe-4b70-a7c6-8cf3c930e177 759d2c7d7eef4a7aab5992548bbfbf4d be633172c7cd448bb6a3be0e53cc5d50 - - default default] Successfully bumped revision number for resource e5302f58-9dfc-4699-81ca-029bc0349fb5 (type: security_group_rules) to 0
2026-05-21 02:16:23.896 8 INFO neutron.plugins.ml2.drivers.ovn.mech_driver.mech_driver [None req-3c7e7fdd-9ac9-4bf9-93e5-d0837622abdf - - - - - -] OVN reports status up for port: 6af2c14a-0032-4b73-8e15-10b4cd4ed436
2026-05-21 02:16:23.912 8 INFO neutron.plugins.ml2.plugin [None req-3c7e7fdd-9ac9-4bf9-93e5-d0837622abdf - - - - - -] Attempt 1 to provision port 6af2c14a-0032-4b73-8e15-10b4cd4ed436 [pid: 8|app: 0|req: 658/1353] 10.0.0.190 () {32 vars in 774 bytes} [Thu May 21 02:16:23 2026] GET /v2.0/security-groups?tenant_id=2ef348a722354cf696c6731ac0dd7103&name=default => generated 2925 bytes in 514 msecs (HTTP/1.1 200) 4 headers in 158 bytes (1 switches on core 0)
2026-05-21 02:16:23.975 7 WARNING neutron.scheduler.dhcp_agent_scheduler [None req-9e80b970-7ffb-45c5-a646-ba59cb5186b3 2a1de4f9d0ea47ba9e5bdc53182fcd2b cae455927c594d61843a5ba56878d7f2 - - default default] No more DHCP agents
2026-05-21 02:16:23.976 7 WARNING neutron.api.rpc.agentnotifiers.dhcp_rpc_agent_api [None req-9e80b970-7ffb-45c5-a646-ba59cb5186b3 2a1de4f9d0ea47ba9e5bdc53182fcd2b cae455927c594d61843a5ba56878d7f2 - - default default] Unable to schedule network bb2faf93-7907-47bc-9df2-6c3b76535181: no agents available; will retry on subsequent port and subnet creation events.
2026-05-21 02:16:24.050 8 INFO neutron.notifiers.nova [-] Nova event matching ['req-ea8b997c-31bf-48b9-b290-7b2434543537'] response: {'server_uuid': '77fc184d-c4ee-4fb0-8adb-79ae3c69283c', 'name': 'network-vif-plugged', 'status': 'completed', 'tag': '6af2c14a-0032-4b73-8e15-10b4cd4ed436', 'code': 200}
2026-05-21 02:16:24.092 7 INFO neutron.db.ovn_revision_numbers_db [None req-9e80b970-7ffb-45c5-a646-ba59cb5186b3 2a1de4f9d0ea47ba9e5bdc53182fcd2b cae455927c594d61843a5ba56878d7f2 - - default default] Successfully bumped revision number for resource 42a83cc5-bbe3-4ee4-a378-4fa99b4655e6 (type: ports) to 1 [pid: 8|app: 0|req: 659/1354] 10.0.0.190 () {32 vars in 774 bytes} [Thu May 21 02:16:23 2026] GET /v2.0/security-groups?tenant_id=bf9911e9ee6c4928af6f164cff4a853f&name=default => generated 2925 bytes in 271 msecs (HTTP/1.1 200) 4 headers in 158 bytes (1 switches on core 0)
2026-05-21 02:16:24.239 8 INFO neutron.services.segments.plugin [-] Segment a5965ef8-836d-41f1-a8f2-9899fd362d5d resource provider aggregate not found
2026-05-21 02:16:24.244 8 INFO neutron.services.segments.plugin [-] Segment a5965ef8-836d-41f1-a8f2-9899fd362d5d resource provider aggregate not found
2026-05-21 02:16:24.254 8 INFO neutron.db.ovn_revision_numbers_db [None req-3c7e7fdd-9ac9-4bf9-93e5-d0837622abdf - - - - - -] Successfully bumped revision number for resource 6af2c14a-0032-4b73-8e15-10b4cd4ed436 (type: ports) to 5
2026-05-21 02:16:24.261 8 INFO neutron.services.segments.plugin [-] Segment a5965ef8-836d-41f1-a8f2-9899fd362d5d resource provider not found; error: Placement Client Error (4xx): {"errors": [{"status": 404, "title": "Not Found", "detail": "The resource could not be found.\n\n No resource provider with uuid a5965ef8-836d-41f1-a8f2-9899fd362d5d found for delete ", "request_id": "req-350e7f35-c2fb-42d7-9c61-aaab32727cbf"}]}
2026-05-21 02:16:24.284 8 INFO neutron.services.segments.plugin [-] Segment a5965ef8-836d-41f1-a8f2-9899fd362d5d resource provider not found; error: Placement Client Error (4xx): {"errors": [{"status": 404, "title": "Not Found", "detail": "The resource could not be found.\n\n No resource provider with uuid a5965ef8-836d-41f1-a8f2-9899fd362d5d found for delete ", "request_id": "req-a27c3bbe-97e2-4541-8078-e81aa5186870"}]}
2026-05-21 02:16:24.292 8 INFO neutron.services.segments.plugin [-] Segment 1a2b43f4-b186-4e47-a296-b0a485bb050c resource provider aggregate not found
2026-05-21 02:16:24.306 8 INFO neutron.services.segments.plugin [-] Segment 1a2b43f4-b186-4e47-a296-b0a485bb050c resource provider aggregate not found
2026-05-21 02:16:24.320 8 INFO neutron.services.segments.plugin [-] Segment 1a2b43f4-b186-4e47-a296-b0a485bb050c resource provider not found; error: Placement Client Error (4xx): {"errors": [{"status": 404, "title": "Not Found", "detail": "The resource could not be found.\n\n No resource provider with uuid 1a2b43f4-b186-4e47-a296-b0a485bb050c found for delete ", "request_id": "req-a41c315c-29bc-45bd-b3dd-1aadca3566ef"}]}
2026-05-21 02:16:24.339 8 INFO neutron.services.segments.plugin [-] Segment 1a2b43f4-b186-4e47-a296-b0a485bb050c resource provider not found; error: Placement Client Error (4xx): {"errors": [{"status": 404, "title": "Not Found", "detail": "The resource could not be found.\n\n No resource provider with uuid 1a2b43f4-b186-4e47-a296-b0a485bb050c found for delete ", "request_id": "req-a09fbc87-32eb-415e-9f3c-96b3d3955649"}]}
2026-05-21 02:16:24.358 8 INFO neutron.services.segments.plugin [-] Segment d06267d5-7988-468d-bce5-00cf0af7f05d resource provider aggregate not found
2026-05-21 02:16:24.387 8 INFO neutron.services.segments.plugin [-] Segment d06267d5-7988-468d-bce5-00cf0af7f05d resource provider aggregate not found
2026-05-21 02:16:24.394 8 INFO neutron.services.segments.plugin [-] Segment d06267d5-7988-468d-bce5-00cf0af7f05d resource provider not found; error: Placement Client Error (4xx): {"errors": [{"status": 404, "title": "Not Found", "detail": "The resource could not be found.\n\n No resource provider with uuid d06267d5-7988-468d-bce5-00cf0af7f05d found for delete ", "request_id": "req-c307c484-ca8c-466f-84fe-3d3f701520c3"}]}
2026-05-21 02:16:24.410 8 INFO neutron.services.segments.plugin [-] Segment d06267d5-7988-468d-bce5-00cf0af7f05d resource provider not found; error: Placement Client Error (4xx): {"errors": [{"status": 404, "title": "Not Found", "detail": "The resource could not be found.\n\n No resource provider with uuid d06267d5-7988-468d-bce5-00cf0af7f05d found for delete ", "request_id": "req-1962ceb7-084d-493e-843d-9a4875b0b8a3"}]} [pid: 8|app: 0|req: 660/1355] 10.0.0.190 () {32 vars in 740 bytes} [Thu May 21 02:16:24 2026] DELETE /v2.0/security-groups/659013e8-73bf-4f6a-8a74-d103681c07f6 => generated 0 bytes in 429 msecs (HTTP/1.1 204) 2 headers in 112 bytes (1 switches on core 0) /var/lib/openstack/lib/python3.12/site-packages/pycadf/identifier.py:70: UserWarning: Invalid uuid: neutron. To ensure interoperability, identifiers should be a valid uuid. warnings.warn(('Invalid uuid: %s. To ensure interoperability, '
2026-05-21 02:16:24.774 7 WARNING neutron.scheduler.dhcp_agent_scheduler [None req-9e80b970-7ffb-45c5-a646-ba59cb5186b3 2a1de4f9d0ea47ba9e5bdc53182fcd2b cae455927c594d61843a5ba56878d7f2 - - default default] No more DHCP agents
2026-05-21 02:16:24.775 7 WARNING neutron.api.rpc.agentnotifiers.dhcp_rpc_agent_api [None req-9e80b970-7ffb-45c5-a646-ba59cb5186b3 2a1de4f9d0ea47ba9e5bdc53182fcd2b cae455927c594d61843a5ba56878d7f2 - - default default] Unable to schedule network bb2faf93-7907-47bc-9df2-6c3b76535181: no agents available; will retry on subsequent port and subnet creation events.
2026-05-21 02:16:24.798 7 WARNING neutron.plugins.ml2.drivers.ovn.mech_driver.ovsdb.ovn_client [None req-764b810c-0423-4c56-96a9-10181627a0f3 - - - - - -] No port found with ID 0132cc82-424e-4f46-a9dd-54c7d5db0182: RuntimeError: No port found with ID 0132cc82-424e-4f46-a9dd-54c7d5db0182
2026-05-21 02:16:24.817 7 INFO neutron.plugins.ml2.drivers.ovn.mech_driver.mech_driver [None req-764b810c-0423-4c56-96a9-10181627a0f3 - - - - - -] OVN reports status down for port: 5e24d9a9-97e3-4da2-a55c-84004db30330 [pid: 8|app: 0|req: 661/1356] 10.0.0.190 () {32 vars in 740 bytes} [Thu May 21 02:16:24 2026] DELETE /v2.0/security-groups/03a8c172-b4a7-4a4b-930f-dcf29b9d0251 => generated 0 bytes in 277 msecs (HTTP/1.1 204) 2 headers in 112 bytes (1 switches on core 0) [pid: 8|app: 0|req: 662/1357] 10.0.0.216 () {34 vars in 990 bytes} [Thu May 21 02:16:24 2026] GET /v2.0/ports?device_id=77fc184d-c4ee-4fb0-8adb-79ae3c69283c => generated 975 bytes in 35 msecs (HTTP/1.1 200) 4 headers in 157 bytes (1 switches on core 0) [pid: 8|app: 0|req: 665/1360] 10.0.0.216 () {34 vars in 1040 bytes} [Thu May 21 02:16:24 2026] GET /v2.0/security-groups?id=878d4694-229c-421d-b329-7e22102c55b6&fields=id&fields=name => generated 113 bytes in 37 msecs (HTTP/1.1 200) 4 headers in 157 bytes (1 switches on core 0)
2026-05-21 02:16:25.384 7 INFO neutron.plugins.ml2.drivers.ovn.mech_driver.mech_driver [None req-764b810c-0423-4c56-96a9-10181627a0f3 - - - - - -] OVN reports status down for port: 42a83cc5-bbe3-4ee4-a378-4fa99b4655e6
2026-05-21 02:16:25.521 7 WARNING neutron.plugins.ml2.drivers.ovn.mech_driver.ovsdb.ovn_client [None req-764b810c-0423-4c56-96a9-10181627a0f3 - - - - - -] Logical_Switch_Port %s host information not removed, the port state is up
2026-05-21 02:16:25.522 7 INFO neutron.plugins.ml2.drivers.ovn.mech_driver.mech_driver [None req-764b810c-0423-4c56-96a9-10181627a0f3 - - - - - -] OVN reports status up for port: 42a83cc5-bbe3-4ee4-a378-4fa99b4655e6
2026-05-21 02:16:25.544 7 INFO neutron.plugins.ml2.plugin [None req-764b810c-0423-4c56-96a9-10181627a0f3 - - - - - -] Attempt 1 to provision port 42a83cc5-bbe3-4ee4-a378-4fa99b4655e6
2026-05-21 02:16:25.563 7 INFO neutron.db.ovn_revision_numbers_db [None req-9e80b970-7ffb-45c5-a646-ba59cb5186b3 2a1de4f9d0ea47ba9e5bdc53182fcd2b cae455927c594d61843a5ba56878d7f2 - - default default] Successfully bumped revision number for resource 42a83cc5-bbe3-4ee4-a378-4fa99b4655e6 (type: router_ports) to 1 [pid: 7|app: 0|req: 696/1361] 10.0.0.190 () {34 vars in 783 bytes} [Thu May 21 02:16:23 2026] PUT /v2.0/routers/7af1881e-5328-4c9c-baf8-a13aae7cfd59/add_router_interface => generated 309 bytes in 1952 msecs (HTTP/1.1 200) 4 headers in 157 bytes (1 switches on core 0) [pid: 8|app: 0|req: 666/1362] 10.0.0.190 () {32 vars in 717 bytes} [Thu May 21 02:16:25 2026] GET /v2.0/ports/42a83cc5-bbe3-4ee4-a378-4fa99b4655e6 => generated 945 bytes in 69 msecs (HTTP/1.1 200) 4 headers in 157 bytes (1 switches on core 0) [pid: 7|app: 0|req: 697/1363] 10.0.0.190 () {32 vars in 717 bytes} [Thu May 21 02:16:25 2026] GET /v2.0/ports/42a83cc5-bbe3-4ee4-a378-4fa99b4655e6 => generated 945 bytes in 79 msecs (HTTP/1.1 200) 4 headers in 157 bytes (1 switches on core 0)
2026-05-21 02:16:25.964 7 INFO neutron.db.ovn_revision_numbers_db [None req-764b810c-0423-4c56-96a9-10181627a0f3 - - - - - -] Successfully bumped revision number for resource 42a83cc5-bbe3-4ee4-a378-4fa99b4655e6 (type: ports) to 2 [pid: 8|app: 0|req: 667/1364] 10.0.0.216 () {34 vars in 990 bytes} [Thu May 21 02:16:26 2026] GET /v2.0/ports?device_id=77fc184d-c4ee-4fb0-8adb-79ae3c69283c => generated 975 bytes in 42 msecs (HTTP/1.1 200) 4 headers in 157 bytes (1 switches on core 0)
