2026-05-21 02:15:50.078 8 INFO neutron_taas.services.taas.tap_mirror_plugin [req-6e554cd1-f6d7-4f53-b600-690ce9d982bc req-96d219fb-2031-4cbd-9449-80d9c17648fc 58be25de49f14faf9e410a598a45ea96 619cbe6b8b33468891aed0ce93b7979f - - default default] Tap Mirror: Handle Delete Port: 842c2410-cc15-42b7-be97-d2f1218dedae [pid: 7|app: 0|req: 590/1141] 10.0.0.216 () {34 vars in 990 bytes} [Thu May 21 02:15:50 2026] GET /v2.0/ports?device_id=c36e6ca7-2122-49b3-a786-848d774b7e9d => generated 973 bytes in 48 msecs (HTTP/1.1 200) 4 headers in 157 bytes (1 switches on core 0) [pid: 7|app: 0|req: 591/1142] 10.0.0.216 () {34 vars in 1040 bytes} [Thu May 21 02:15:50 2026] GET /v2.0/security-groups?id=03fa9ae2-22de-4280-b132-6d6d5667cf23&fields=id&fields=name => generated 114 bytes in 26 msecs (HTTP/1.1 200) 4 headers in 157 bytes (1 switches on core 0) [pid: 7|app: 0|req: 592/1143] 10.0.0.216 () {34 vars in 990 bytes} [Thu May 21 02:15:50 2026] GET /v2.0/ports?device_id=1ba2e4ee-8739-4709-b5ac-7aeb16ad6e8f => generated 971 bytes in 75 msecs (HTTP/1.1 200) 4 headers in 157 bytes (1 switches on core 0)
2026-05-21 02:15:50.243 8 INFO neutron.db.l3_db [req-6e554cd1-f6d7-4f53-b600-690ce9d982bc req-96d219fb-2031-4cbd-9449-80d9c17648fc 58be25de49f14faf9e410a598a45ea96 619cbe6b8b33468891aed0ce93b7979f - - default default] Floating IP 779e99e2-541d-4fda-b070-60d51da6364d disassociated. External IP: 10.96.250.220, port: 842c2410-cc15-42b7-be97-d2f1218dedae. [pid: 7|app: 0|req: 593/1144] 10.0.0.216 () {34 vars in 1040 bytes} [Thu May 21 02:15:50 2026] GET /v2.0/security-groups?id=4d0c0a83-ccc5-4b2b-8fe3-fc84127f3d26&fields=id&fields=name => generated 88 bytes in 31 msecs (HTTP/1.1 200) 4 headers in 156 bytes (1 switches on core 0) [pid: 8|app: 0|req: 552/1145] 199.204.45.242 () {36 vars in 997 bytes} [Thu May 21 02:15:49 2026] DELETE /v2.0/ports/842c2410-cc15-42b7-be97-d2f1218dedae => generated 0 bytes in 483 msecs (HTTP/1.1 204) 3 headers in 131 bytes (1 switches on core 0)
2026-05-21 02:15:50.398 8 INFO neutron.notifiers.nova [-] Nova event matching ['req-88bb2c03-34bb-4247-989b-102acb1fa140'] response: {'server_uuid': 'c36e6ca7-2122-49b3-a786-848d774b7e9d', 'name': 'network-vif-deleted', 'tag': '842c2410-cc15-42b7-be97-d2f1218dedae', 'status': 'completed', 'code': 200} [pid: 7|app: 0|req: 594/1146] 10.0.0.190 () {32 vars in 774 bytes} [Thu May 21 02:15:50 2026] GET /v2.0/security-groups?tenant_id=7fa13087f3ed4ae188ff190a7dea6bd8&name=default => generated 2925 bytes in 198 msecs (HTTP/1.1 200) 4 headers in 158 bytes (1 switches on core 0) /var/lib/openstack/lib/python3.12/site-packages/pycadf/identifier.py:70: UserWarning: Invalid uuid: neutron. To ensure interoperability, identifiers should be a valid uuid. warnings.warn(('Invalid uuid: %s. To ensure interoperability, ' [pid: 7|app: 0|req: 595/1147] 10.0.0.216 () {34 vars in 990 bytes} [Thu May 21 02:15:50 2026] GET /v2.0/ports?device_id=1ba2e4ee-8739-4709-b5ac-7aeb16ad6e8f => generated 971 bytes in 45 msecs (HTTP/1.1 200) 4 headers in 157 bytes (1 switches on core 0) [pid: 7|app: 0|req: 596/1148] 10.0.0.216 () {34 vars in 1040 bytes} [Thu May 21 02:15:50 2026] GET /v2.0/security-groups?id=4d0c0a83-ccc5-4b2b-8fe3-fc84127f3d26&fields=id&fields=name => generated 88 bytes in 36 msecs (HTTP/1.1 200) 4 headers in 156 bytes (1 switches on core 0) [pid: 8|app: 0|req: 553/1149] 10.0.0.190 () {32 vars in 740 bytes} [Thu May 21 02:15:50 2026] DELETE /v2.0/security-groups/510f925f-00af-4a45-af18-6f1a6dbb5e95 => generated 0 bytes in 219 msecs (HTTP/1.1 204) 2 headers in 112 bytes (1 switches on core 0) [pid: 7|app: 0|req: 597/1150] 10.0.0.216 () {34 vars in 990 bytes} [Thu May 21 02:15:51 2026] GET /v2.0/ports?device_id=c36e6ca7-2122-49b3-a786-848d774b7e9d => generated 12 bytes in 21 msecs (HTTP/1.1 200) 4 headers in 156 bytes (1 switches on core 0)
2026-05-21 02:15:51.655 7 INFO neutron.plugins.ml2.drivers.ovn.mech_driver.mech_driver [None req-5efeea70-786e-49d3-a5cb-ed9efdf79d90 - - - - - -] OVN reports status down for port: 6b601641-c330-4418-b4b7-ae10c16faa1b [pid: 7|app: 0|req: 598/1151] 10.0.0.216 () {34 vars in 990 bytes} [Thu May 21 02:15:51 2026] GET /v2.0/ports?device_id=1ba2e4ee-8739-4709-b5ac-7aeb16ad6e8f => generated 969 bytes in 57 msecs (HTTP/1.1 200) 4 headers in 157 bytes (1 switches on core 0) [pid: 7|app: 0|req: 599/1152] 10.0.0.216 () {34 vars in 1040 bytes} [Thu May 21 02:15:51 2026] GET /v2.0/security-groups?id=4d0c0a83-ccc5-4b2b-8fe3-fc84127f3d26&fields=id&fields=name => generated 88 bytes in 46 msecs (HTTP/1.1 200) 4 headers in 156 bytes (1 switches on core 0)
2026-05-21 02:15:51.872 7 INFO neutron.notifiers.nova [-] Nova event matching ['req-1b507cd2-d103-4856-889a-32e1aa72d52d'] response: {'server_uuid': '1ba2e4ee-8739-4709-b5ac-7aeb16ad6e8f', 'name': 'network-vif-unplugged', 'status': 'completed', 'tag': '6b601641-c330-4418-b4b7-ae10c16faa1b', 'code': 200}
2026-05-21 02:15:51.970 7 INFO neutron.db.ovn_revision_numbers_db [None req-5efeea70-786e-49d3-a5cb-ed9efdf79d90 - - - - - -] Successfully bumped revision number for resource 6b601641-c330-4418-b4b7-ae10c16faa1b (type: ports) to 6
2026-05-21 02:15:52.031 8 INFO neutron.db.ovn_revision_numbers_db [None req-6371c78e-3c3e-4859-9ecf-c13779e11a40 0e5ad5d86ff94329b05a98cdcb628a38 af28956ac39946c0bc8b6c516ad02807 - - default default] Successfully bumped revision number for resource 1f47f765-264b-449c-b2be-3e5eb0351d7e (type: security_groups) to 1
2026-05-21 02:15:52.048 8 INFO neutron.db.ovn_revision_numbers_db [None req-6371c78e-3c3e-4859-9ecf-c13779e11a40 0e5ad5d86ff94329b05a98cdcb628a38 af28956ac39946c0bc8b6c516ad02807 - - default default] Successfully bumped revision number for resource 313babec-08e1-4f35-be0e-018dbc13a268 (type: security_group_rules) to 0
2026-05-21 02:15:52.060 8 INFO neutron.db.ovn_revision_numbers_db [None req-6371c78e-3c3e-4859-9ecf-c13779e11a40 0e5ad5d86ff94329b05a98cdcb628a38 af28956ac39946c0bc8b6c516ad02807 - - default default] Successfully bumped revision number for resource 8b70157b-31c6-4f19-a3d1-4a91c8566c5e (type: security_group_rules) to 0
2026-05-21 02:15:52.075 8 INFO neutron.db.ovn_revision_numbers_db [None req-6371c78e-3c3e-4859-9ecf-c13779e11a40 0e5ad5d86ff94329b05a98cdcb628a38 af28956ac39946c0bc8b6c516ad02807 - - default default] Successfully bumped revision number for resource bacb61a4-931a-4951-a6a1-1e8066638457 (type: security_group_rules) to 0
2026-05-21 02:15:52.088 8 INFO neutron.db.ovn_revision_numbers_db [None req-6371c78e-3c3e-4859-9ecf-c13779e11a40 0e5ad5d86ff94329b05a98cdcb628a38 af28956ac39946c0bc8b6c516ad02807 - - default default] Successfully bumped revision number for resource fc1c4b75-b2d7-4b29-969b-c32a226d066b (type: security_group_rules) to 0
2026-05-21 02:15:52.164 8 INFO neutron.db.segments_db [None req-6371c78e-3c3e-4859-9ecf-c13779e11a40 0e5ad5d86ff94329b05a98cdcb628a38 af28956ac39946c0bc8b6c516ad02807 - - default default] Added segment 60dfdf33-f1fa-4925-9a14-4e6ce020baff of type geneve for network 1b38d951-51e6-4881-8838-f761d61e61eb
2026-05-21 02:15:52.280 8 INFO neutron.db.ovn_revision_numbers_db [None req-6371c78e-3c3e-4859-9ecf-c13779e11a40 0e5ad5d86ff94329b05a98cdcb628a38 af28956ac39946c0bc8b6c516ad02807 - - default default] Successfully bumped revision number for resource 1b38d951-51e6-4881-8838-f761d61e61eb (type: networks) to 1 /var/lib/openstack/lib/python3.12/site-packages/pycadf/identifier.py:70: UserWarning: Invalid uuid: neutron. To ensure interoperability, identifiers should be a valid uuid. warnings.warn(('Invalid uuid: %s. To ensure interoperability, ' [pid: 7|app: 0|req: 600/1153] 10.0.0.216 () {34 vars in 990 bytes} [Thu May 21 02:15:52 2026] GET /v2.0/ports?device_id=c36e6ca7-2122-49b3-a786-848d774b7e9d => generated 12 bytes in 23 msecs (HTTP/1.1 200) 4 headers in 156 bytes (1 switches on core 0)
2026-05-21 02:15:52.449 8 WARNING neutron.scheduler.dhcp_agent_scheduler [None req-6371c78e-3c3e-4859-9ecf-c13779e11a40 0e5ad5d86ff94329b05a98cdcb628a38 af28956ac39946c0bc8b6c516ad02807 - - default default] No more DHCP agents
2026-05-21 02:15:52.451 8 WARNING neutron.api.rpc.agentnotifiers.dhcp_rpc_agent_api [None req-6371c78e-3c3e-4859-9ecf-c13779e11a40 0e5ad5d86ff94329b05a98cdcb628a38 af28956ac39946c0bc8b6c516ad02807 - - default default] Unable to schedule network 1b38d951-51e6-4881-8838-f761d61e61eb: no agents available; will retry on subsequent port and subnet creation events.
2026-05-21 02:15:52.509 8 INFO neutron.plugins.ml2.drivers.ovn.mech_driver.mech_driver [None req-68c2a201-8239-49e6-8667-260ee845e643 - - - - - -] OVN reports status down for port: 23eabeb4-d06a-48e9-b593-f103a87c7601
2026-05-21 02:15:52.562 8 INFO neutron.db.ovn_revision_numbers_db [None req-6371c78e-3c3e-4859-9ecf-c13779e11a40 0e5ad5d86ff94329b05a98cdcb628a38 af28956ac39946c0bc8b6c516ad02807 - - default default] Successfully bumped revision number for resource 23eabeb4-d06a-48e9-b593-f103a87c7601 (type: ports) to 1 [pid: 8|app: 0|req: 554/1154] 10.0.0.190 () {34 vars in 670 bytes} [Thu May 21 02:15:51 2026] POST /v2.0/networks => generated 669 bytes in 981 msecs (HTTP/1.1 201) 4 headers in 162 bytes (1 switches on core 0)
2026-05-21 02:15:52.694 7 INFO neutron.db.ovn_revision_numbers_db [None req-b24ec763-81f9-475a-8563-8492535a157b 95202031d10a437899a6cdcddbdec8ca d61b6de53283405ba78e7322ac825053 - - default default] Successfully bumped revision number for resource 15c65441-e41c-4122-882f-ccc0c6f0e083 (type: security_groups) to 1
2026-05-21 02:15:52.706 7 INFO neutron.db.ovn_revision_numbers_db [None req-b24ec763-81f9-475a-8563-8492535a157b 95202031d10a437899a6cdcddbdec8ca d61b6de53283405ba78e7322ac825053 - - default default] Successfully bumped revision number for resource 27824084-836c-4815-9f65-7bc494b4822c (type: security_group_rules) to 0
2026-05-21 02:15:52.716 7 INFO neutron.db.ovn_revision_numbers_db [None req-b24ec763-81f9-475a-8563-8492535a157b 95202031d10a437899a6cdcddbdec8ca d61b6de53283405ba78e7322ac825053 - - default default] Successfully bumped revision number for resource 3bf504a6-106e-4a97-b6c0-185e5977a913 (type: security_group_rules) to 0
2026-05-21 02:15:52.727 7 INFO neutron.db.ovn_revision_numbers_db [None req-b24ec763-81f9-475a-8563-8492535a157b 95202031d10a437899a6cdcddbdec8ca d61b6de53283405ba78e7322ac825053 - - default default] Successfully bumped revision number for resource 91d38bde-5af4-48ac-b211-cc9568838e06 (type: security_group_rules) to 0
2026-05-21 02:15:52.739 7 INFO neutron.db.ovn_revision_numbers_db [None req-b24ec763-81f9-475a-8563-8492535a157b 95202031d10a437899a6cdcddbdec8ca d61b6de53283405ba78e7322ac825053 - - default default] Successfully bumped revision number for resource b88fc716-7877-4b9d-b68c-60712b4e5a78 (type: security_group_rules) to 0
2026-05-21 02:15:52.820 7 INFO neutron.db.segments_db [None req-b24ec763-81f9-475a-8563-8492535a157b 95202031d10a437899a6cdcddbdec8ca d61b6de53283405ba78e7322ac825053 - - default default] Added segment 64bedf05-f236-434e-9088-b563c4f70b8b of type geneve for network 3a8871e8-3f93-4505-a2f9-e3ab46c00190
2026-05-21 02:15:52.844 8 WARNING neutron.scheduler.dhcp_agent_scheduler [None req-a745147b-1e0b-4c2e-bd09-20756b0698a8 0e5ad5d86ff94329b05a98cdcb628a38 af28956ac39946c0bc8b6c516ad02807 - - default default] No more DHCP agents
2026-05-21 02:15:52.845 8 WARNING neutron.api.rpc.agentnotifiers.dhcp_rpc_agent_api [None req-a745147b-1e0b-4c2e-bd09-20756b0698a8 0e5ad5d86ff94329b05a98cdcb628a38 af28956ac39946c0bc8b6c516ad02807 - - default default] Unable to schedule network 1b38d951-51e6-4881-8838-f761d61e61eb: no agents available; will retry on subsequent port and subnet creation events.
2026-05-21 02:15:52.891 8 INFO neutron.db.ovn_revision_numbers_db [None req-a745147b-1e0b-4c2e-bd09-20756b0698a8 0e5ad5d86ff94329b05a98cdcb628a38 af28956ac39946c0bc8b6c516ad02807 - - default default] Successfully bumped revision number for resource fca200a1-045f-47bb-a8f9-a262dde56eb8 (type: subnets) to 0 [pid: 8|app: 0|req: 555/1155] 10.0.0.190 () {34 vars in 669 bytes} [Thu May 21 02:15:52 2026] POST /v2.0/subnets => generated 627 bytes in 305 msecs (HTTP/1.1 201) 4 headers in 162 bytes (1 switches on core 0)
2026-05-21 02:15:52.971 7 INFO neutron.db.ovn_revision_numbers_db [None req-b24ec763-81f9-475a-8563-8492535a157b 95202031d10a437899a6cdcddbdec8ca d61b6de53283405ba78e7322ac825053 - - default default] Successfully bumped revision number for resource 3a8871e8-3f93-4505-a2f9-e3ab46c00190 (type: networks) to 1 [pid: 8|app: 0|req: 556/1156] 199.204.45.242 () {34 vars in 994 bytes} [Thu May 21 02:15:52 2026] GET /v2.0/ports?device_id=1ba2e4ee-8739-4709-b5ac-7aeb16ad6e8f => generated 969 bytes in 84 msecs (HTTP/1.1 200) 4 headers in 157 bytes (1 switches on core 0)
2026-05-21 02:15:53.171 7 WARNING neutron.scheduler.dhcp_agent_scheduler [None req-b24ec763-81f9-475a-8563-8492535a157b 95202031d10a437899a6cdcddbdec8ca d61b6de53283405ba78e7322ac825053 - - default default] No more DHCP agents
2026-05-21 02:15:53.172 7 WARNING neutron.api.rpc.agentnotifiers.dhcp_rpc_agent_api [None req-b24ec763-81f9-475a-8563-8492535a157b 95202031d10a437899a6cdcddbdec8ca d61b6de53283405ba78e7322ac825053 - - default default] Unable to schedule network 3a8871e8-3f93-4505-a2f9-e3ab46c00190: no agents available; will retry on subsequent port and subnet creation events.
2026-05-21 02:15:53.228 7 INFO neutron.plugins.ml2.drivers.ovn.mech_driver.mech_driver [None req-2c77c26f-d649-4103-866a-60134717e107 - - - - - -] OVN reports status down for port: fa20dafd-ef9e-44be-bf0f-b88e3786daea
2026-05-21 02:15:53.290 7 INFO neutron.db.ovn_revision_numbers_db [None req-b24ec763-81f9-475a-8563-8492535a157b 95202031d10a437899a6cdcddbdec8ca d61b6de53283405ba78e7322ac825053 - - default default] Successfully bumped revision number for resource fa20dafd-ef9e-44be-bf0f-b88e3786daea (type: ports) to 1 [pid: 7|app: 0|req: 601/1157] 10.0.0.190 () {34 vars in 670 bytes} [Thu May 21 02:15:52 2026] POST /v2.0/networks => generated 664 bytes in 890 msecs (HTTP/1.1 201) 4 headers in 162 bytes (1 switches on core 0) [pid: 7|app: 0|req: 602/1158] 10.0.0.216 () {34 vars in 990 bytes} [Thu May 21 02:15:53 2026] GET /v2.0/ports?device_id=1ba2e4ee-8739-4709-b5ac-7aeb16ad6e8f => generated 969 bytes in 34 msecs (HTTP/1.1 200) 4 headers in 157 bytes (1 switches on core 0)
2026-05-21 02:15:53.438 8 WARNING neutron.scheduler.dhcp_agent_scheduler [None req-bbf8f657-0bdc-4930-85ea-b4e5392df759 0e5ad5d86ff94329b05a98cdcb628a38 af28956ac39946c0bc8b6c516ad02807 - - default default] No more DHCP agents
2026-05-21 02:15:53.440 8 WARNING neutron.api.rpc.agentnotifiers.dhcp_rpc_agent_api [None req-bbf8f657-0bdc-4930-85ea-b4e5392df759 0e5ad5d86ff94329b05a98cdcb628a38 af28956ac39946c0bc8b6c516ad02807 - - default default] Unable to schedule network 8113bd5b-649b-42f1-9321-c0df6f151741: no agents available; will retry on subsequent port and subnet creation events.
2026-05-21 02:15:53.488 7 INFO neutron_taas.services.taas.taas_plugin [req-b020093a-6f7c-457c-86fa-25adaab9a9b3 req-4ac0d67f-c0d2-432b-82ce-d91ab8f2f2be 73c74dda5b4342cab1105c31b8c5661c fa49124047194e25968b10936ca493fd - - default default] TaaS: Handle Delete Port: 6b601641-c330-4418-b4b7-ae10c16faa1b
2026-05-21 02:15:53.491 7 INFO neutron_taas.services.taas.tap_mirror_plugin [req-b020093a-6f7c-457c-86fa-25adaab9a9b3 req-4ac0d67f-c0d2-432b-82ce-d91ab8f2f2be 73c74dda5b4342cab1105c31b8c5661c fa49124047194e25968b10936ca493fd - - default default] Tap Mirror: Handle Delete Port: 6b601641-c330-4418-b4b7-ae10c16faa1b
2026-05-21 02:15:53.564 7 INFO neutron.plugins.ml2.drivers.ovn.mech_driver.mech_driver [None req-2c77c26f-d649-4103-866a-60134717e107 - - - - - -] OVN reports status down for port: 4ac3e203-6745-4c09-b95e-18b3e04a99ee
2026-05-21 02:15:53.582 8 INFO neutron.db.ovn_revision_numbers_db [None req-bbf8f657-0bdc-4930-85ea-b4e5392df759 0e5ad5d86ff94329b05a98cdcb628a38 af28956ac39946c0bc8b6c516ad02807 - - default default] Successfully bumped revision number for resource 4ac3e203-6745-4c09-b95e-18b3e04a99ee (type: ports) to 1 [pid: 7|app: 0|req: 603/1159] 199.204.45.242 () {36 vars in 997 bytes} [Thu May 21 02:15:53 2026] DELETE /v2.0/ports/6b601641-c330-4418-b4b7-ae10c16faa1b => generated 0 bytes in 330 msecs (HTTP/1.1 204) 3 headers in 131 bytes (1 switches on core 0)
2026-05-21 02:15:53.928 7 WARNING neutron.scheduler.dhcp_agent_scheduler [None req-71319bd9-aadf-4cb0-9c8e-8193d616950c 95202031d10a437899a6cdcddbdec8ca d61b6de53283405ba78e7322ac825053 - - default default] No more DHCP agents
2026-05-21 02:15:53.930 7 WARNING neutron.api.rpc.agentnotifiers.dhcp_rpc_agent_api [None req-71319bd9-aadf-4cb0-9c8e-8193d616950c 95202031d10a437899a6cdcddbdec8ca d61b6de53283405ba78e7322ac825053 - - default default] Unable to schedule network 3a8871e8-3f93-4505-a2f9-e3ab46c00190: no agents available; will retry on subsequent port and subnet creation events.
2026-05-21 02:15:54.008 7 INFO neutron.plugins.ml2.drivers.ovn.mech_driver.mech_driver [None req-2c77c26f-d649-4103-866a-60134717e107 - - - - - -] OVN reports status down for port: 07e37d50-53bd-4d94-8c51-7cb465155c27
2026-05-21 02:15:54.068 7 INFO neutron.db.ovn_revision_numbers_db [None req-71319bd9-aadf-4cb0-9c8e-8193d616950c 95202031d10a437899a6cdcddbdec8ca d61b6de53283405ba78e7322ac825053 - - default default] Successfully bumped revision number for resource 07e37d50-53bd-4d94-8c51-7cb465155c27 (type: ports) to 1 [pid: 7|app: 0|req: 604/1160] 10.0.0.190 () {34 vars in 665 bytes} [Thu May 21 02:15:53 2026] POST /v2.0/ports => generated 774 bytes in 435 msecs (HTTP/1.1 201) 4 headers in 162 bytes (1 switches on core 0) /var/lib/openstack/lib/python3.12/site-packages/pycadf/identifier.py:70: UserWarning: Invalid uuid: neutron. To ensure interoperability, identifiers should be a valid uuid. warnings.warn(('Invalid uuid: %s. To ensure interoperability, ' [pid: 7|app: 0|req: 605/1161] 10.0.0.216 () {34 vars in 1040 bytes} [Thu May 21 02:15:54 2026] GET /v2.0/security-groups?id=4d0c0a83-ccc5-4b2b-8fe3-fc84127f3d26&fields=id&fields=name => generated 88 bytes in 35 msecs (HTTP/1.1 200) 4 headers in 156 bytes (1 switches on core 0) [pid: 7|app: 0|req: 606/1162] 10.0.0.216 () {34 vars in 990 bytes} [Thu May 21 02:15:54 2026] GET /v2.0/ports?device_id=c36e6ca7-2122-49b3-a786-848d774b7e9d => generated 12 bytes in 21 msecs (HTTP/1.1 200) 4 headers in 156 bytes (1 switches on core 0)
2026-05-21 02:15:54.231 7 INFO neutron.notifiers.nova [-] Nova event matching ['req-e71118a4-59ec-455b-a1d8-de354ec6ca17'] response: {'server_uuid': '1ba2e4ee-8739-4709-b5ac-7aeb16ad6e8f', 'name': 'network-vif-unplugged', 'status': 'completed', 'tag': '6b601641-c330-4418-b4b7-ae10c16faa1b', 'code': 200}
2026-05-21 02:15:54.232 7 INFO neutron.notifiers.nova [-] Nova event matching ['req-e71118a4-59ec-455b-a1d8-de354ec6ca17'] response: {'server_uuid': '1ba2e4ee-8739-4709-b5ac-7aeb16ad6e8f', 'name': 'network-vif-deleted', 'tag': '6b601641-c330-4418-b4b7-ae10c16faa1b', 'status': 'completed', 'code': 200}
2026-05-21 02:15:54.239 8 INFO neutron.plugins.ml2.drivers.ovn.mech_driver.ovsdb.commands [None req-4d1060fc-82b2-470a-8da0-7b4a69626630 - - - - - -] Schedule LRP lrp-4ac3e203-6745-4c09-b95e-18b3e04a99ee on gateway 19d7bc50-743d-429b-a31e-940a0f3c6770 with priority 1
2026-05-21 02:15:54.290 7 INFO neutron.plugins.ml2.drivers.ovn.mech_driver.mech_driver [None req-2c77c26f-d649-4103-866a-60134717e107 - - - - - -] OVN reports status up for port: 4ac3e203-6745-4c09-b95e-18b3e04a99ee
2026-05-21 02:15:54.307 8 INFO neutron.db.ovn_revision_numbers_db [None req-bbf8f657-0bdc-4930-85ea-b4e5392df759 0e5ad5d86ff94329b05a98cdcb628a38 af28956ac39946c0bc8b6c516ad02807 - - default default] Successfully bumped revision number for resource 4ac3e203-6745-4c09-b95e-18b3e04a99ee (type: router_ports) to 1
2026-05-21 02:15:54.310 7 INFO neutron.plugins.ml2.plugin [None req-2c77c26f-d649-4103-866a-60134717e107 - - - - - -] Attempt 1 to provision port 4ac3e203-6745-4c09-b95e-18b3e04a99ee
2026-05-21 02:15:54.331 7 INFO neutron.db.segments_db [None req-9e358470-6d85-4200-a25c-d5b94e109ce3 95202031d10a437899a6cdcddbdec8ca d61b6de53283405ba78e7322ac825053 - - default default] Added segment 1b8a17c2-151a-4403-9236-1206d6f6d946 of type geneve for network 6136e107-3ffa-4314-841c-ce6c811f9990
2026-05-21 02:15:54.371 8 INFO neutron.db.ovn_revision_numbers_db [None req-bbf8f657-0bdc-4930-85ea-b4e5392df759 0e5ad5d86ff94329b05a98cdcb628a38 af28956ac39946c0bc8b6c516ad02807 - - default default] Successfully bumped revision number for resource 2e224a13-7e01-4ab5-9468-e5078c50d3c5 (type: routers) to 2 [pid: 8|app: 0|req: 557/1163] 10.0.0.190 () {34 vars in 669 bytes} [Thu May 21 02:15:52 2026] POST /v2.0/routers => generated 954 bytes in 1393 msecs (HTTP/1.1 201) 4 headers in 162 bytes (1 switches on core 0)
2026-05-21 02:15:54.501 7 INFO neutron.db.ovn_revision_numbers_db [None req-9e358470-6d85-4200-a25c-d5b94e109ce3 95202031d10a437899a6cdcddbdec8ca d61b6de53283405ba78e7322ac825053 - - default default] Successfully bumped revision number for resource 6136e107-3ffa-4314-841c-ce6c811f9990 (type: networks) to 1
2026-05-21 02:15:54.673 7 WARNING neutron.scheduler.dhcp_agent_scheduler [None req-9e358470-6d85-4200-a25c-d5b94e109ce3 95202031d10a437899a6cdcddbdec8ca d61b6de53283405ba78e7322ac825053 - - default default] No more DHCP agents
2026-05-21 02:15:54.674 7 WARNING neutron.api.rpc.agentnotifiers.dhcp_rpc_agent_api [None req-9e358470-6d85-4200-a25c-d5b94e109ce3 95202031d10a437899a6cdcddbdec8ca d61b6de53283405ba78e7322ac825053 - - default default] Unable to schedule network 6136e107-3ffa-4314-841c-ce6c811f9990: no agents available; will retry on subsequent port and subnet creation events.
2026-05-21 02:15:54.750 8 INFO neutron.plugins.ml2.drivers.ovn.mech_driver.mech_driver [None req-68c2a201-8239-49e6-8667-260ee845e643 - - - - - -] OVN reports status down for port: cf2f4d27-dc63-487d-9f28-fab257a2da1d
2026-05-21 02:15:54.762 7 INFO neutron.db.ovn_revision_numbers_db [None req-9e358470-6d85-4200-a25c-d5b94e109ce3 95202031d10a437899a6cdcddbdec8ca d61b6de53283405ba78e7322ac825053 - - default default] Successfully bumped revision number for resource cf2f4d27-dc63-487d-9f28-fab257a2da1d (type: ports) to 1 [pid: 7|app: 0|req: 607/1164] 10.0.0.190 () {34 vars in 670 bytes} [Thu May 21 02:15:54 2026] POST /v2.0/networks => generated 651 bytes in 588 msecs (HTTP/1.1 201) 4 headers in 162 bytes (1 switches on core 0)
2026-05-21 02:15:54.958 7 WARNING neutron.scheduler.dhcp_agent_scheduler [None req-08128fc8-96be-48eb-ad92-075937629bd8 95202031d10a437899a6cdcddbdec8ca d61b6de53283405ba78e7322ac825053 - - default default] No more DHCP agents
2026-05-21 02:15:54.959 7 WARNING neutron.api.rpc.agentnotifiers.dhcp_rpc_agent_api [None req-08128fc8-96be-48eb-ad92-075937629bd8 95202031d10a437899a6cdcddbdec8ca d61b6de53283405ba78e7322ac825053 - - default default] Unable to schedule network 6136e107-3ffa-4314-841c-ce6c811f9990: no agents available; will retry on subsequent port and subnet creation events.
2026-05-21 02:15:54.974 8 WARNING neutron.scheduler.dhcp_agent_scheduler [None req-066fdb3b-7213-424d-b157-c3c784c1b4b2 0e5ad5d86ff94329b05a98cdcb628a38 af28956ac39946c0bc8b6c516ad02807 - - default default] No more DHCP agents
2026-05-21 02:15:54.975 8 WARNING neutron.api.rpc.agentnotifiers.dhcp_rpc_agent_api [None req-066fdb3b-7213-424d-b157-c3c784c1b4b2 0e5ad5d86ff94329b05a98cdcb628a38 af28956ac39946c0bc8b6c516ad02807 - - default default] Unable to schedule network 1b38d951-51e6-4881-8838-f761d61e61eb: no agents available; will retry on subsequent port and subnet creation events.
2026-05-21 02:15:55.111 8 INFO neutron.db.ovn_revision_numbers_db [None req-066fdb3b-7213-424d-b157-c3c784c1b4b2 0e5ad5d86ff94329b05a98cdcb628a38 af28956ac39946c0bc8b6c516ad02807 - - default default] Successfully bumped revision number for resource b1aaae42-5d9f-418d-beed-290fb37ffcc0 (type: ports) to 1
2026-05-21 02:15:55.352 7 INFO neutron.db.ovn_revision_numbers_db [None req-15d9eb70-483e-4377-bd65-ea4956131d1d - - - - - -] Successfully bumped revision number for resource cf2f4d27-dc63-487d-9f28-fab257a2da1d (type: ports) to 2
2026-05-21 02:15:55.384 7 INFO neutron.db.ovn_revision_numbers_db [None req-15d9eb70-483e-4377-bd65-ea4956131d1d - - - - - -] Successfully bumped revision number for resource 56f28169-8c16-461f-a601-57e048f683fd (type: subnets) to 0 [pid: 7|app: 0|req: 610/1167] 10.0.0.190 () {34 vars in 669 bytes} [Thu May 21 02:15:54 2026] POST /v2.0/subnets => generated 626 bytes in 605 msecs (HTTP/1.1 201) 4 headers in 162 bytes (1 switches on core 0) [pid: 7|app: 0|req: 611/1168] 10.0.0.216 () {34 vars in 990 bytes} [Thu May 21 02:15:55 2026] GET /v2.0/ports?device_id=1ba2e4ee-8739-4709-b5ac-7aeb16ad6e8f => generated 12 bytes in 16 msecs (HTTP/1.1 200) 4 headers in 156 bytes (1 switches on core 0) [pid: 7|app: 0|req: 612/1169] 10.0.0.190 () {32 vars in 740 bytes} [Thu May 21 02:15:55 2026] DELETE /v2.0/security-groups/03fa9ae2-22de-4280-b132-6d6d5667cf23 => generated 0 bytes in 123 msecs (HTTP/1.1 204) 2 headers in 112 bytes (1 switches on core 0)
2026-05-21 02:15:55.794 8 WARNING neutron.scheduler.dhcp_agent_scheduler [None req-066fdb3b-7213-424d-b157-c3c784c1b4b2 0e5ad5d86ff94329b05a98cdcb628a38 af28956ac39946c0bc8b6c516ad02807 - - default default] No more DHCP agents
2026-05-21 02:15:55.795 8 WARNING neutron.api.rpc.agentnotifiers.dhcp_rpc_agent_api [None req-066fdb3b-7213-424d-b157-c3c784c1b4b2 0e5ad5d86ff94329b05a98cdcb628a38 af28956ac39946c0bc8b6c516ad02807 - - default default] Unable to schedule network 1b38d951-51e6-4881-8838-f761d61e61eb: no agents available; will retry on subsequent port and subnet creation events.
2026-05-21 02:15:55.818 7 WARNING neutron.scheduler.dhcp_agent_scheduler [None req-7117c734-acf1-400b-a1bd-7b510e6be149 95202031d10a437899a6cdcddbdec8ca d61b6de53283405ba78e7322ac825053 - - default default] No more DHCP agents
2026-05-21 02:15:55.819 7 WARNING neutron.api.rpc.agentnotifiers.dhcp_rpc_agent_api [None req-7117c734-acf1-400b-a1bd-7b510e6be149 95202031d10a437899a6cdcddbdec8ca d61b6de53283405ba78e7322ac825053 - - default default] Unable to schedule network 6136e107-3ffa-4314-841c-ce6c811f9990: no agents available; will retry on subsequent port and subnet creation events.
2026-05-21 02:15:55.966 7 INFO neutron.db.ovn_revision_numbers_db [None req-7117c734-acf1-400b-a1bd-7b510e6be149 95202031d10a437899a6cdcddbdec8ca d61b6de53283405ba78e7322ac825053 - - default default] Successfully bumped revision number for resource bf927955-b5cc-4f1e-8cad-852eb2ee085d (type: ports) to 1 [pid: 7|app: 0|req: 613/1170] 10.0.0.190 () {34 vars in 665 bytes} [Thu May 21 02:15:55 2026] POST /v2.0/ports => generated 949 bytes in 456 msecs (HTTP/1.1 201) 4 headers in 162 bytes (1 switches on core 0) /var/lib/openstack/lib/python3.12/site-packages/pycadf/identifier.py:70: UserWarning: Invalid uuid: neutron. To ensure interoperability, identifiers should be a valid uuid. warnings.warn(('Invalid uuid: %s. To ensure interoperability, '
2026-05-21 02:15:56.008 7 INFO neutron.api.v2.resource [None req-0f1c4732-c780-4445-a5c1-c9379fae0218 58be25de49f14faf9e410a598a45ea96 619cbe6b8b33468891aed0ce93b7979f - - default default] show failed (client error): The resource could not be found. [pid: 7|app: 0|req: 614/1171] 10.0.0.190 () {32 vars in 737 bytes} [Thu May 21 02:15:55 2026] GET /v2.0/security-groups/03fa9ae2-22de-4280-b132-6d6d5667cf23 => generated 146 bytes in 13 msecs (HTTP/1.1 404) 4 headers in 164 bytes (1 switches on core 0)
2026-05-21 02:15:56.165 7 INFO neutron_taas.services.taas.taas_plugin [None req-80b49518-a9b1-4a17-83de-6cb5d3e2d304 95202031d10a437899a6cdcddbdec8ca d61b6de53283405ba78e7322ac825053 - - default default] TaaS: Handle Delete Port: bf927955-b5cc-4f1e-8cad-852eb2ee085d
2026-05-21 02:15:56.169 7 INFO neutron_taas.services.taas.tap_mirror_plugin [None req-80b49518-a9b1-4a17-83de-6cb5d3e2d304 95202031d10a437899a6cdcddbdec8ca d61b6de53283405ba78e7322ac825053 - - default default] Tap Mirror: Handle Delete Port: bf927955-b5cc-4f1e-8cad-852eb2ee085d
2026-05-21 02:15:56.174 8 INFO neutron.db.ovn_revision_numbers_db [None req-066fdb3b-7213-424d-b157-c3c784c1b4b2 0e5ad5d86ff94329b05a98cdcb628a38 af28956ac39946c0bc8b6c516ad02807 - - default default] Successfully bumped revision number for resource b1aaae42-5d9f-418d-beed-290fb37ffcc0 (type: router_ports) to 1 [pid: 8|app: 0|req: 558/1172] 10.0.0.190 () {34 vars in 783 bytes} [Thu May 21 02:15:54 2026] PUT /v2.0/routers/2e224a13-7e01-4ab5-9468-e5078c50d3c5/add_router_interface => generated 309 bytes in 1787 msecs (HTTP/1.1 200) 4 headers in 157 bytes (1 switches on core 0)
2026-05-21 02:15:56.296 8 INFO neutron_taas.services.taas.taas_plugin [None req-45df0481-a98c-4179-a630-949306188ee6 58be25de49f14faf9e410a598a45ea96 619cbe6b8b33468891aed0ce93b7979f - - default default] TaaS: Handle Delete Port: a3a1cd6f-9c35-43e4-b347-ecb9af97bec9
2026-05-21 02:15:56.300 8 INFO neutron_taas.services.taas.tap_mirror_plugin [None req-45df0481-a98c-4179-a630-949306188ee6 58be25de49f14faf9e410a598a45ea96 619cbe6b8b33468891aed0ce93b7979f - - default default] Tap Mirror: Handle Delete Port: a3a1cd6f-9c35-43e4-b347-ecb9af97bec9 [pid: 7|app: 0|req: 615/1173] 10.0.0.190 () {32 vars in 720 bytes} [Thu May 21 02:15:56 2026] DELETE /v2.0/ports/bf927955-b5cc-4f1e-8cad-852eb2ee085d => generated 0 bytes in 377 msecs (HTTP/1.1 204) 3 headers in 131 bytes (1 switches on core 0) [pid: 8|app: 0|req: 559/1174] 10.0.0.190 () {32 vars in 732 bytes} [Thu May 21 02:15:56 2026] DELETE /v2.0/floatingips/779e99e2-541d-4fda-b070-60d51da6364d => generated 0 bytes in 290 msecs (HTTP/1.1 204) 2 headers in 112 bytes (1 switches on core 0)
2026-05-21 02:15:56.490 8 INFO neutron.pecan_wsgi.hooks.translation [None req-29895fe3-4fa2-4bd8-9ec1-edec9b5abfa0 95202031d10a437899a6cdcddbdec8ca d61b6de53283405ba78e7322ac825053 - - default default] DELETE failed (client error): The resource could not be found. [pid: 8|app: 0|req: 560/1175] 10.0.0.190 () {32 vars in 720 bytes} [Thu May 21 02:15:56 2026] DELETE /v2.0/ports/bf927955-b5cc-4f1e-8cad-852eb2ee085d => generated 132 bytes in 22 msecs (HTTP/1.1 404) 4 headers in 164 bytes (1 switches on core 0) [pid: 8|app: 0|req: 561/1176] 10.0.0.216 () {34 vars in 990 bytes} [Thu May 21 02:15:56 2026] GET /v2.0/ports?device_id=1ba2e4ee-8739-4709-b5ac-7aeb16ad6e8f => generated 12 bytes in 16 msecs (HTTP/1.1 200) 4 headers in 156 bytes (1 switches on core 0)
2026-05-21 02:15:56.526 8 INFO neutron.pecan_wsgi.hooks.translation [None req-6138e549-d2e8-4f81-b05a-3319f8487f23 95202031d10a437899a6cdcddbdec8ca d61b6de53283405ba78e7322ac825053 - - default default] GET failed (client error): The resource could not be found. [pid: 8|app: 0|req: 562/1177] 10.0.0.190 () {32 vars in 717 bytes} [Thu May 21 02:15:56 2026] GET /v2.0/ports/bf927955-b5cc-4f1e-8cad-852eb2ee085d => generated 132 bytes in 17 msecs (HTTP/1.1 404) 4 headers in 164 bytes (1 switches on core 0)
2026-05-21 02:15:56.608 7 WARNING neutron.scheduler.dhcp_agent_scheduler [None req-6b398fe7-6f00-4bbb-a89d-19c4e0c9db2e 0e5ad5d86ff94329b05a98cdcb628a38 af28956ac39946c0bc8b6c516ad02807 - - default default] No more DHCP agents
2026-05-21 02:15:56.609 7 WARNING neutron.api.rpc.agentnotifiers.dhcp_rpc_agent_api [None req-6b398fe7-6f00-4bbb-a89d-19c4e0c9db2e 0e5ad5d86ff94329b05a98cdcb628a38 af28956ac39946c0bc8b6c516ad02807 - - default default] Unable to schedule network 1b38d951-51e6-4881-8838-f761d61e61eb: no agents available; will retry on subsequent port and subnet creation events. [pid: 8|app: 0|req: 563/1178] 10.0.0.190 () {32 vars in 724 bytes} [Thu May 21 02:15:56 2026] DELETE /v2.0/subnets/56f28169-8c16-461f-a601-57e048f683fd => generated 0 bytes in 184 msecs (HTTP/1.1 204) 3 headers in 131 bytes (1 switches on core 0)
2026-05-21 02:15:56.748 7 INFO neutron.db.ovn_revision_numbers_db [None req-6b398fe7-6f00-4bbb-a89d-19c4e0c9db2e 0e5ad5d86ff94329b05a98cdcb628a38 af28956ac39946c0bc8b6c516ad02807 - - default default] Successfully bumped revision number for resource d6eb9dfe-a470-4e0f-b5eb-2a87059c2c02 (type: ports) to 1 [pid: 7|app: 0|req: 616/1179] 10.0.0.190 () {34 vars in 665 bytes} [Thu May 21 02:15:56 2026] POST /v2.0/ports => generated 954 bytes in 417 msecs (HTTP/1.1 201) 4 headers in 162 bytes (1 switches on core 0) /var/lib/openstack/lib/python3.12/site-packages/pycadf/identifier.py:70: UserWarning: Invalid uuid: neutron. To ensure interoperability, identifiers should be a valid uuid. warnings.warn(('Invalid uuid: %s. To ensure interoperability, '
2026-05-21 02:15:56.905 7 INFO neutron_taas.services.taas.taas_plugin [None req-8c7e0d58-4623-4bce-be04-d42dd6993901 95202031d10a437899a6cdcddbdec8ca d61b6de53283405ba78e7322ac825053 - - default default] TaaS: Handle Delete Port: cf2f4d27-dc63-487d-9f28-fab257a2da1d
2026-05-21 02:15:56.908 7 INFO neutron_taas.services.taas.tap_mirror_plugin [None req-8c7e0d58-4623-4bce-be04-d42dd6993901 95202031d10a437899a6cdcddbdec8ca d61b6de53283405ba78e7322ac825053 - - default default] Tap Mirror: Handle Delete Port: cf2f4d27-dc63-487d-9f28-fab257a2da1d
2026-05-21 02:15:56.991 8 INFO neutron_taas.services.taas.taas_plugin [None req-d9908abf-5e03-4b22-80c9-952428189620 759d2c7d7eef4a7aab5992548bbfbf4d be633172c7cd448bb6a3be0e53cc5d50 - - default default] TaaS: Handle Delete Port: 5a97a818-a8b0-4f14-b633-79812d353384
2026-05-21 02:15:56.997 8 INFO neutron_taas.services.taas.tap_mirror_plugin [None req-d9908abf-5e03-4b22-80c9-952428189620 759d2c7d7eef4a7aab5992548bbfbf4d be633172c7cd448bb6a3be0e53cc5d50 - - default default] Tap Mirror: Handle Delete Port: 5a97a818-a8b0-4f14-b633-79812d353384
2026-05-21 02:15:57.088 7 INFO neutron.services.segments.plugin [-] Segment 1b8a17c2-151a-4403-9236-1206d6f6d946 resource provider aggregate not found
2026-05-21 02:15:57.095 7 INFO neutron.services.segments.plugin [-] Segment 1b8a17c2-151a-4403-9236-1206d6f6d946 resource provider aggregate not found
2026-05-21 02:15:57.118 7 INFO neutron.services.segments.plugin [-] Segment 1b8a17c2-151a-4403-9236-1206d6f6d946 resource provider not found; error: Placement Client Error (4xx): {"errors": [{"status": 404, "title": "Not Found", "detail": "The resource could not be found.\n\n No resource provider with uuid 1b8a17c2-151a-4403-9236-1206d6f6d946 found for delete ", "request_id": "req-f1d5e351-e660-4457-a65c-a0066d8c85db"}]}
2026-05-21 02:15:57.120 7 INFO neutron.services.segments.plugin [-] Segment 1b8a17c2-151a-4403-9236-1206d6f6d946 resource provider not found; error: Placement Client Error (4xx): {"errors": [{"status": 404, "title": "Not Found", "detail": "The resource could not be found.\n\n No resource provider with uuid 1b8a17c2-151a-4403-9236-1206d6f6d946 found for delete ", "request_id": "req-c975f146-6f5d-4615-9175-290316ebff95"}]} [pid: 7|app: 0|req: 617/1180] 10.0.0.190 () {32 vars in 726 bytes} [Thu May 21 02:15:56 2026] DELETE /v2.0/networks/6136e107-3ffa-4314-841c-ce6c811f9990 => generated 0 bytes in 356 msecs (HTTP/1.1 204) 3 headers in 131 bytes (1 switches on core 0)
2026-05-21 02:15:57.430 7 WARNING neutron.scheduler.dhcp_agent_scheduler [None req-1834ebf8-7298-4f87-9493-468b4a26d32e 0e5ad5d86ff94329b05a98cdcb628a38 af28956ac39946c0bc8b6c516ad02807 - - default default] No more DHCP agents
2026-05-21 02:15:57.431 7 WARNING neutron.api.rpc.agentnotifiers.dhcp_rpc_agent_api [None req-1834ebf8-7298-4f87-9493-468b4a26d32e 0e5ad5d86ff94329b05a98cdcb628a38 af28956ac39946c0bc8b6c516ad02807 - - default default] Unable to schedule network 1b38d951-51e6-4881-8838-f761d61e61eb: no agents available; will retry on subsequent port and subnet creation events.
2026-05-21 02:15:57.571 8 INFO neutron.plugins.ml2.drivers.ovn.mech_driver.mech_driver [None req-68c2a201-8239-49e6-8667-260ee845e643 - - - - - -] OVN reports status down for port: 32464667-e46f-4b12-996e-e5afca789a78
2026-05-21 02:15:57.587 7 INFO neutron.db.ovn_revision_numbers_db [None req-1834ebf8-7298-4f87-9493-468b4a26d32e 0e5ad5d86ff94329b05a98cdcb628a38 af28956ac39946c0bc8b6c516ad02807 - - default default] Successfully bumped revision number for resource 32464667-e46f-4b12-996e-e5afca789a78 (type: ports) to 1 [pid: 7|app: 0|req: 618/1181] 10.0.0.190 () {34 vars in 665 bytes} [Thu May 21 02:15:57 2026] POST /v2.0/ports => generated 958 bytes in 471 msecs (HTTP/1.1 201) 4 headers in 162 bytes (1 switches on core 0) /var/lib/openstack/lib/python3.12/site-packages/pycadf/identifier.py:70: UserWarning: Invalid uuid: neutron. To ensure interoperability, identifiers should be a valid uuid. warnings.warn(('Invalid uuid: %s. To ensure interoperability, ' [pid: 8|app: 0|req: 564/1182] 10.0.0.190 () {34 vars in 789 bytes} [Thu May 21 02:15:56 2026] PUT /v2.0/routers/80abb2a9-c28e-43bc-8c0f-b764cbeac9e3/remove_router_interface => generated 309 bytes in 923 msecs (HTTP/1.1 200) 4 headers in 157 bytes (1 switches on core 0) /var/lib/openstack/lib/python3.12/site-packages/pycadf/identifier.py:70: UserWarning: Invalid uuid: neutron. To ensure interoperability, identifiers should be a valid uuid. warnings.warn(('Invalid uuid: %s. To ensure interoperability, '
2026-05-21 02:15:57.729 7 INFO neutron.db.segments_db [None req-44ed78fd-2e31-4fd3-a56f-60536ee76d4c 95202031d10a437899a6cdcddbdec8ca d61b6de53283405ba78e7322ac825053 - - default default] Added segment 5127c446-0e4a-4bff-ba67-b03e04609c6c of type geneve for network c6ed5a38-85c6-4bbc-b852-07eb069a71d2
2026-05-21 02:15:57.843 7 INFO neutron.db.ovn_revision_numbers_db [None req-44ed78fd-2e31-4fd3-a56f-60536ee76d4c 95202031d10a437899a6cdcddbdec8ca d61b6de53283405ba78e7322ac825053 - - default default] Successfully bumped revision number for resource c6ed5a38-85c6-4bbc-b852-07eb069a71d2 (type: networks) to 1
2026-05-21 02:15:57.972 8 INFO neutron_taas.services.taas.taas_plugin [None req-43cfbcac-ddfd-4a6e-ad61-7bbbc8290b9d 759d2c7d7eef4a7aab5992548bbfbf4d be633172c7cd448bb6a3be0e53cc5d50 - - default default] TaaS: Handle Delete Port: 9ec6fab1-a48b-4a08-a27e-36d4409f8fab
2026-05-21 02:15:57.975 8 INFO neutron_taas.services.taas.tap_mirror_plugin [None req-43cfbcac-ddfd-4a6e-ad61-7bbbc8290b9d 759d2c7d7eef4a7aab5992548bbfbf4d be633172c7cd448bb6a3be0e53cc5d50 - - default default] Tap Mirror: Handle Delete Port: 9ec6fab1-a48b-4a08-a27e-36d4409f8fab
2026-05-21 02:15:57.990 7 WARNING neutron.scheduler.dhcp_agent_scheduler [None req-44ed78fd-2e31-4fd3-a56f-60536ee76d4c 95202031d10a437899a6cdcddbdec8ca d61b6de53283405ba78e7322ac825053 - - default default] No more DHCP agents
2026-05-21 02:15:57.992 7 WARNING neutron.api.rpc.agentnotifiers.dhcp_rpc_agent_api [None req-44ed78fd-2e31-4fd3-a56f-60536ee76d4c 95202031d10a437899a6cdcddbdec8ca d61b6de53283405ba78e7322ac825053 - - default default] Unable to schedule network c6ed5a38-85c6-4bbc-b852-07eb069a71d2: no agents available; will retry on subsequent port and subnet creation events.
2026-05-21 02:15:58.076 7 INFO neutron.db.ovn_revision_numbers_db [None req-44ed78fd-2e31-4fd3-a56f-60536ee76d4c 95202031d10a437899a6cdcddbdec8ca d61b6de53283405ba78e7322ac825053 - - default default] Successfully bumped revision number for resource eaaa62e4-07c8-48b7-af35-0780c0992124 (type: ports) to 1 [pid: 7|app: 0|req: 619/1183] 10.0.0.190 () {34 vars in 670 bytes} [Thu May 21 02:15:57 2026] POST /v2.0/networks => generated 650 bytes in 464 msecs (HTTP/1.1 201) 4 headers in 162 bytes (1 switches on core 0)
2026-05-21 02:15:58.316 7 WARNING neutron.scheduler.dhcp_agent_scheduler [None req-8435f53e-33ad-440c-ad17-c2a35964542a 0e5ad5d86ff94329b05a98cdcb628a38 af28956ac39946c0bc8b6c516ad02807 - - default default] No more DHCP agents
2026-05-21 02:15:58.318 7 WARNING neutron.api.rpc.agentnotifiers.dhcp_rpc_agent_api [None req-8435f53e-33ad-440c-ad17-c2a35964542a 0e5ad5d86ff94329b05a98cdcb628a38 af28956ac39946c0bc8b6c516ad02807 - - default default] Unable to schedule network 8113bd5b-649b-42f1-9321-c0df6f151741: no agents available; will retry on subsequent port and subnet creation events. [pid: 8|app: 0|req: 565/1184] 10.0.0.190 () {34 vars in 789 bytes} [Thu May 21 02:15:57 2026] PUT /v2.0/routers/bb25b8fd-9e5b-4f98-a6cc-6dba628e4ad9/remove_router_interface => generated 309 bytes in 951 msecs (HTTP/1.1 200) 4 headers in 157 bytes (1 switches on core 0) /var/lib/openstack/lib/python3.12/site-packages/pycadf/identifier.py:70: UserWarning: Invalid uuid: neutron. To ensure interoperability, identifiers should be a valid uuid. warnings.warn(('Invalid uuid: %s. To ensure interoperability, '
2026-05-21 02:15:58.913 8 INFO neutron_taas.services.taas.taas_plugin [None req-a20b0c1e-c714-48f4-b283-92b4b8ae8ec0 759d2c7d7eef4a7aab5992548bbfbf4d be633172c7cd448bb6a3be0e53cc5d50 - - default default] TaaS: Handle Delete Port: a1d5dc52-a402-4685-8f84-eb0589d555fb
2026-05-21 02:15:58.917 8 INFO neutron_taas.services.taas.tap_mirror_plugin [None req-a20b0c1e-c714-48f4-b283-92b4b8ae8ec0 759d2c7d7eef4a7aab5992548bbfbf4d be633172c7cd448bb6a3be0e53cc5d50 - - default default] Tap Mirror: Handle Delete Port: a1d5dc52-a402-4685-8f84-eb0589d555fb
2026-05-21 02:15:59.042 7 INFO neutron.db.ovn_revision_numbers_db [None req-8435f53e-33ad-440c-ad17-c2a35964542a 0e5ad5d86ff94329b05a98cdcb628a38 af28956ac39946c0bc8b6c516ad02807 - - default default] Successfully bumped revision number for resource 7fce33a5-c685-4d96-8965-037782382d7a (type: floatingips) to 1
2026-05-21 02:15:59.042 7 INFO neutron.db.l3_db [None req-8435f53e-33ad-440c-ad17-c2a35964542a 0e5ad5d86ff94329b05a98cdcb628a38 af28956ac39946c0bc8b6c516ad02807 - - default default] Floating IP 7fce33a5-c685-4d96-8965-037782382d7a associated. External IP: 10.96.250.204, port: 32464667-e46f-4b12-996e-e5afca789a78. [pid: 7|app: 0|req: 620/1185] 10.0.0.190 () {34 vars in 677 bytes} [Thu May 21 02:15:58 2026] POST /v2.0/floatingips => generated 842 bytes in 999 msecs (HTTP/1.1 201) 4 headers in 162 bytes (1 switches on core 0) [pid: 8|app: 0|req: 566/1186] 10.0.0.190 () {32 vars in 724 bytes} [Thu May 21 02:15:58 2026] DELETE /v2.0/routers/80abb2a9-c28e-43bc-8c0f-b764cbeac9e3 => generated 0 bytes in 676 msecs (HTTP/1.1 204) 2 headers in 112 bytes (1 switches on core 0)
2026-05-21 02:15:59.272 7 WARNING neutron.scheduler.dhcp_agent_scheduler [None req-c6aa853b-018b-4f13-bafe-be89937fd865 95202031d10a437899a6cdcddbdec8ca d61b6de53283405ba78e7322ac825053 - - default default] No more DHCP agents
2026-05-21 02:15:59.273 7 WARNING neutron.api.rpc.agentnotifiers.dhcp_rpc_agent_api [None req-c6aa853b-018b-4f13-bafe-be89937fd865 95202031d10a437899a6cdcddbdec8ca d61b6de53283405ba78e7322ac825053 - - default default] Unable to schedule network c6ed5a38-85c6-4bbc-b852-07eb069a71d2: no agents available; will retry on subsequent port and subnet creation events.
2026-05-21 02:15:59.562 8 INFO neutron_taas.services.taas.taas_plugin [None req-9c2716f7-6c17-4cd6-b1e0-ccf5824fb50d 759d2c7d7eef4a7aab5992548bbfbf4d be633172c7cd448bb6a3be0e53cc5d50 - - default default] TaaS: Handle Delete Port: d08a8bf5-6f03-4e40-881d-a4506c419509
2026-05-21 02:15:59.565 8 INFO neutron_taas.services.taas.tap_mirror_plugin [None req-9c2716f7-6c17-4cd6-b1e0-ccf5824fb50d 759d2c7d7eef4a7aab5992548bbfbf4d be633172c7cd448bb6a3be0e53cc5d50 - - default default] Tap Mirror: Handle Delete Port: d08a8bf5-6f03-4e40-881d-a4506c419509
2026-05-21 02:15:59.689 7 INFO neutron.db.ovn_revision_numbers_db [None req-3d557c47-6f25-4b45-955c-d7725ad2fbc2 - - - - - -] Successfully bumped revision number for resource eaaa62e4-07c8-48b7-af35-0780c0992124 (type: ports) to 2
2026-05-21 02:15:59.708 7 WARNING neutron.plugins.ml2.drivers.ovn.mech_driver.ovsdb.ovn_client [None req-2c77c26f-d649-4103-866a-60134717e107 - - - - - -] No hosting information found for port 4ac3e203-6745-4c09-b95e-18b3e04a99ee: RuntimeError: No hosting information found for port 4ac3e203-6745-4c09-b95e-18b3e04a99ee
2026-05-21 02:15:59.708 7 INFO neutron.plugins.ml2.drivers.ovn.mech_driver.mech_driver [None req-2c77c26f-d649-4103-866a-60134717e107 - - - - - -] OVN reports status down for port: b1aaae42-5d9f-418d-beed-290fb37ffcc0
2026-05-21 02:15:59.736 7 INFO neutron.db.ovn_revision_numbers_db [None req-3d557c47-6f25-4b45-955c-d7725ad2fbc2 - - - - - -] Successfully bumped revision number for resource dbd5757c-d9b7-47bb-9e1c-4b1430450c3b (type: subnets) to 0 [pid: 7|app: 0|req: 621/1187] 10.0.0.190 () {34 vars in 669 bytes} [Thu May 21 02:15:59 2026] POST /v2.0/subnets => generated 626 bytes in 677 msecs (HTTP/1.1 201) 4 headers in 162 bytes (1 switches on core 0)
2026-05-21 02:15:59.822 7 WARNING neutron.plugins.ml2.drivers.ovn.mech_driver.ovsdb.ovn_client [None req-2c77c26f-d649-4103-866a-60134717e107 - - - - - -] Logical_Switch_Port %s host information not removed, the port state is up
2026-05-21 02:15:59.822 7 INFO neutron.plugins.ml2.drivers.ovn.mech_driver.mech_driver [None req-2c77c26f-d649-4103-866a-60134717e107 - - - - - -] OVN reports status up for port: b1aaae42-5d9f-418d-beed-290fb37ffcc0
2026-05-21 02:15:59.838 7 INFO neutron.plugins.ml2.plugin [None req-2c77c26f-d649-4103-866a-60134717e107 - - - - - -] Attempt 1 to provision port b1aaae42-5d9f-418d-beed-290fb37ffcc0 [pid: 8|app: 0|req: 567/1188] 10.0.0.190 () {32 vars in 724 bytes} [Thu May 21 02:15:59 2026] DELETE /v2.0/routers/bb25b8fd-9e5b-4f98-a6cc-6dba628e4ad9 => generated 0 bytes in 690 msecs (HTTP/1.1 204) 2 headers in 112 bytes (1 switches on core 0)
2026-05-21 02:16:00.106 7 INFO neutron.db.ovn_revision_numbers_db [None req-ac49cb8d-d863-44e9-829d-5f43004aaf24 0e5ad5d86ff94329b05a98cdcb628a38 af28956ac39946c0bc8b6c516ad02807 - - default default] Successfully bumped revision number for resource 7fce33a5-c685-4d96-8965-037782382d7a (type: floatingips) to 2 [pid: 8|app: 0|req: 568/1189] 10.0.0.190 () {32 vars in 724 bytes} [Thu May 21 02:15:59 2026] DELETE /v2.0/subnets/276bc760-b308-4047-a8a1-7cef9ba984f4 => generated 0 bytes in 167 msecs (HTTP/1.1 204) 3 headers in 131 bytes (1 switches on core 0)
2026-05-21 02:16:00.195 7 INFO neutron.db.l3_db [None req-ac49cb8d-d863-44e9-829d-5f43004aaf24 0e5ad5d86ff94329b05a98cdcb628a38 af28956ac39946c0bc8b6c516ad02807 - - default default] Floating IP 7fce33a5-c685-4d96-8965-037782382d7a disassociated. External IP: 10.96.250.204, port: 32464667-e46f-4b12-996e-e5afca789a78. [pid: 7|app: 0|req: 622/1190] 10.0.0.190 () {34 vars in 749 bytes} [Thu May 21 02:15:59 2026] PUT /v2.0/floatingips/7fce33a5-c685-4d96-8965-037782382d7a => generated 554 bytes in 463 msecs (HTTP/1.1 200) 4 headers in 157 bytes (1 switches on core 0)
2026-05-21 02:16:00.367 8 WARNING neutron.scheduler.dhcp_agent_scheduler [None req-1934a532-6128-4b7b-b142-202c465d4ed0 95202031d10a437899a6cdcddbdec8ca d61b6de53283405ba78e7322ac825053 - - default default] No more DHCP agents
2026-05-21 02:16:00.368 8 WARNING neutron.api.rpc.agentnotifiers.dhcp_rpc_agent_api [None req-1934a532-6128-4b7b-b142-202c465d4ed0 95202031d10a437899a6cdcddbdec8ca d61b6de53283405ba78e7322ac825053 - - default default] Unable to schedule network c6ed5a38-85c6-4bbc-b852-07eb069a71d2: no agents available; will retry on subsequent port and subnet creation events.
2026-05-21 02:16:00.512 8 INFO neutron.db.ovn_revision_numbers_db [None req-1934a532-6128-4b7b-b142-202c465d4ed0 95202031d10a437899a6cdcddbdec8ca d61b6de53283405ba78e7322ac825053 - - default default] Successfully bumped revision number for resource 68c27216-cf72-4b0c-88d9-96e7504a4073 (type: ports) to 1 [pid: 8|app: 0|req: 569/1191] 10.0.0.190 () {34 vars in 665 bytes} [Thu May 21 02:16:00 2026] POST /v2.0/ports => generated 915 bytes in 449 msecs (HTTP/1.1 201) 4 headers in 162 bytes (1 switches on core 0) [pid: 7|app: 0|req: 623/1192] 10.0.0.190 () {32 vars in 724 bytes} [Thu May 21 02:16:00 2026] DELETE /v2.0/subnets/6809bdb5-7d79-47a1-9b6a-1f6ebe002d8d => generated 0 bytes in 344 msecs (HTTP/1.1 204) 3 headers in 131 bytes (1 switches on core 0)
2026-05-21 02:16:00.590 7 INFO neutron.db.ovn_revision_numbers_db [None req-2c77c26f-d649-4103-866a-60134717e107 - - - - - -] Successfully bumped revision number for resource b1aaae42-5d9f-418d-beed-290fb37ffcc0 (type: ports) to 2
2026-05-21 02:16:00.690 8 INFO neutron_taas.services.taas.taas_plugin [None req-c23a83cc-802c-4f1a-9b7d-3ee2bd6b4d6b 759d2c7d7eef4a7aab5992548bbfbf4d be633172c7cd448bb6a3be0e53cc5d50 - - default default] TaaS: Handle Delete Port: 16349e4d-30b1-4407-a65e-d6e503a082d9
2026-05-21 02:16:00.692 8 INFO neutron_taas.services.taas.tap_mirror_plugin [None req-c23a83cc-802c-4f1a-9b7d-3ee2bd6b4d6b 759d2c7d7eef4a7aab5992548bbfbf4d be633172c7cd448bb6a3be0e53cc5d50 - - default default] Tap Mirror: Handle Delete Port: 16349e4d-30b1-4407-a65e-d6e503a082d9
2026-05-21 02:16:00.803 7 INFO neutron_taas.services.taas.taas_plugin [None req-cecb38e9-94d1-4296-aade-335713adfe13 0e5ad5d86ff94329b05a98cdcb628a38 af28956ac39946c0bc8b6c516ad02807 - - default default] TaaS: Handle Delete Port: 4b8b8941-388a-462c-b79d-fa1358bbc9e9
2026-05-21 02:16:00.805 7 INFO neutron_taas.services.taas.tap_mirror_plugin [None req-cecb38e9-94d1-4296-aade-335713adfe13 0e5ad5d86ff94329b05a98cdcb628a38 af28956ac39946c0bc8b6c516ad02807 - - default default] Tap Mirror: Handle Delete Port: 4b8b8941-388a-462c-b79d-fa1358bbc9e9
2026-05-21 02:16:00.869 8 INFO neutron.services.segments.plugin [-] Segment b7196a64-d4a1-4ca9-9022-4a1066a6df37 resource provider aggregate not found
2026-05-21 02:16:00.874 8 INFO neutron.services.segments.plugin [-] Segment b7196a64-d4a1-4ca9-9022-4a1066a6df37 resource provider aggregate not found
2026-05-21 02:16:00.893 8 INFO neutron.services.segments.plugin [-] Segment b7196a64-d4a1-4ca9-9022-4a1066a6df37 resource provider not found; error: Placement Client Error (4xx): {"errors": [{"status": 404, "title": "Not Found", "detail": "The resource could not be found.\n\n No resource provider with uuid b7196a64-d4a1-4ca9-9022-4a1066a6df37 found for delete ", "request_id": "req-6eb8cc12-445c-4c4e-a061-246846f0dad1"}]}
