2026-05-21 02:16:00.898 8 INFO neutron.services.segments.plugin [-] Segment b7196a64-d4a1-4ca9-9022-4a1066a6df37 resource provider not found; error: Placement Client Error (4xx): {"errors": [{"status": 404, "title": "Not Found", "detail": "The resource could not be found.\n\n No resource provider with uuid b7196a64-d4a1-4ca9-9022-4a1066a6df37 found for delete ", "request_id": "req-1ac9a19b-d1ba-4c5e-8212-515c80b44833"}]} [pid: 8|app: 0|req: 570/1193] 10.0.0.190 () {32 vars in 726 bytes} [Thu May 21 02:16:00 2026] DELETE /v2.0/networks/17dbe7d8-45f8-47c5-af99-4f6cfabd6fb2 => generated 0 bytes in 337 msecs (HTTP/1.1 204) 3 headers in 131 bytes (1 switches on core 0) [pid: 7|app: 0|req: 624/1194] 10.0.0.190 () {32 vars in 732 bytes} [Thu May 21 02:16:00 2026] DELETE /v2.0/floatingips/7fce33a5-c685-4d96-8965-037782382d7a => generated 0 bytes in 391 msecs (HTTP/1.1 204) 2 headers in 112 bytes (1 switches on core 0)
2026-05-21 02:16:01.074 8 INFO neutron_taas.services.taas.taas_plugin [None req-5946c6ee-cf98-43f3-ac57-f1f7b75b7c14 95202031d10a437899a6cdcddbdec8ca d61b6de53283405ba78e7322ac825053 - - default default] TaaS: Handle Delete Port: 68c27216-cf72-4b0c-88d9-96e7504a4073
2026-05-21 02:16:01.077 8 INFO neutron_taas.services.taas.tap_mirror_plugin [None req-5946c6ee-cf98-43f3-ac57-f1f7b75b7c14 95202031d10a437899a6cdcddbdec8ca d61b6de53283405ba78e7322ac825053 - - default default] Tap Mirror: Handle Delete Port: 68c27216-cf72-4b0c-88d9-96e7504a4073
2026-05-21 02:16:01.114 7 INFO neutron_taas.services.taas.taas_plugin [None req-39f89d8c-8f37-410f-a3e6-bf8df2d60419 759d2c7d7eef4a7aab5992548bbfbf4d be633172c7cd448bb6a3be0e53cc5d50 - - default default] TaaS: Handle Delete Port: daf5f7ae-4e81-4cb2-8879-7d14b19de8c1
2026-05-21 02:16:01.116 7 INFO neutron_taas.services.taas.tap_mirror_plugin [None req-39f89d8c-8f37-410f-a3e6-bf8df2d60419 759d2c7d7eef4a7aab5992548bbfbf4d be633172c7cd448bb6a3be0e53cc5d50 - - default default] Tap Mirror: Handle Delete Port: daf5f7ae-4e81-4cb2-8879-7d14b19de8c1 [pid: 8|app: 0|req: 571/1195] 10.0.0.190 () {32 vars in 720 bytes} [Thu May 21 02:16:00 2026] DELETE /v2.0/ports/68c27216-cf72-4b0c-88d9-96e7504a4073 => generated 0 bytes in 312 msecs (HTTP/1.1 204) 3 headers in 131 bytes (1 switches on core 0)
2026-05-21 02:16:01.290 7 INFO neutron.services.segments.plugin [-] Segment 088e63ed-6e21-4474-9235-008eb26f11e5 resource provider aggregate not found
2026-05-21 02:16:01.293 7 INFO neutron.services.segments.plugin [-] Segment 088e63ed-6e21-4474-9235-008eb26f11e5 resource provider aggregate not found
2026-05-21 02:16:01.310 7 INFO neutron.services.segments.plugin [-] Segment 088e63ed-6e21-4474-9235-008eb26f11e5 resource provider not found; error: Placement Client Error (4xx): {"errors": [{"status": 404, "title": "Not Found", "detail": "The resource could not be found.\n\n No resource provider with uuid 088e63ed-6e21-4474-9235-008eb26f11e5 found for delete ", "request_id": "req-b33c1070-930d-4db9-91e8-30b1402a1dfe"}]}
2026-05-21 02:16:01.311 7 INFO neutron.services.segments.plugin [-] Segment 088e63ed-6e21-4474-9235-008eb26f11e5 resource provider not found; error: Placement Client Error (4xx): {"errors": [{"status": 404, "title": "Not Found", "detail": "The resource could not be found.\n\n No resource provider with uuid 088e63ed-6e21-4474-9235-008eb26f11e5 found for delete ", "request_id": "req-cbd7d9e8-0714-450e-a5b6-e5a5dfaffce4"}]} [pid: 7|app: 0|req: 625/1196] 10.0.0.190 () {32 vars in 726 bytes} [Thu May 21 02:16:00 2026] DELETE /v2.0/networks/89e76b34-57b5-4121-8552-41df88758246 => generated 0 bytes in 359 msecs (HTTP/1.1 204) 3 headers in 131 bytes (1 switches on core 0) [pid: 7|app: 0|req: 626/1197] 10.0.0.190 () {32 vars in 774 bytes} [Thu May 21 02:16:01 2026] GET /v2.0/security-groups?tenant_id=619cbe6b8b33468891aed0ce93b7979f&name=default => generated 2925 bytes in 26 msecs (HTTP/1.1 200) 4 headers in 158 bytes (1 switches on core 0)
2026-05-21 02:16:01.373 7 INFO neutron.pecan_wsgi.hooks.translation [None req-01fd0158-8d80-45c9-bf6b-338f6bc8b219 95202031d10a437899a6cdcddbdec8ca d61b6de53283405ba78e7322ac825053 - - default default] GET failed (client error): The resource could not be found. [pid: 7|app: 0|req: 627/1198] 10.0.0.190 () {32 vars in 717 bytes} [Thu May 21 02:16:01 2026] GET /v2.0/ports/68c27216-cf72-4b0c-88d9-96e7504a4073 => generated 132 bytes in 13 msecs (HTTP/1.1 404) 4 headers in 164 bytes (1 switches on core 0)
2026-05-21 02:16:01.447 8 WARNING neutron.scheduler.dhcp_agent_scheduler [None req-10e71c56-5fed-4d3a-8931-c05b161a94e5 0e5ad5d86ff94329b05a98cdcb628a38 af28956ac39946c0bc8b6c516ad02807 - - default default] No more DHCP agents
2026-05-21 02:16:01.449 8 WARNING neutron.api.rpc.agentnotifiers.dhcp_rpc_agent_api [None req-10e71c56-5fed-4d3a-8931-c05b161a94e5 0e5ad5d86ff94329b05a98cdcb628a38 af28956ac39946c0bc8b6c516ad02807 - - default default] Unable to schedule network 8113bd5b-649b-42f1-9321-c0df6f151741: no agents available; will retry on subsequent port and subnet creation events. [pid: 7|app: 0|req: 628/1199] 10.0.0.190 () {32 vars in 740 bytes} [Thu May 21 02:16:01 2026] DELETE /v2.0/security-groups/48e3855f-18ff-4374-9502-209d8175bd36 => generated 0 bytes in 221 msecs (HTTP/1.1 204) 2 headers in 112 bytes (1 switches on core 0) [pid: 7|app: 0|req: 629/1200] 10.0.0.190 () {32 vars in 724 bytes} [Thu May 21 02:16:01 2026] DELETE /v2.0/subnets/dbd5757c-d9b7-47bb-9e1c-4b1430450c3b => generated 0 bytes in 121 msecs (HTTP/1.1 204) 3 headers in 131 bytes (1 switches on core 0) [pid: 7|app: 0|req: 630/1201] 10.0.0.190 () {32 vars in 774 bytes} [Thu May 21 02:16:01 2026] GET /v2.0/security-groups?tenant_id=fa49124047194e25968b10936ca493fd&name=default => generated 2925 bytes in 19 msecs (HTTP/1.1 200) 4 headers in 158 bytes (1 switches on core 0)
2026-05-21 02:16:01.833 7 INFO neutron_taas.services.taas.taas_plugin [None req-6264e83d-3cfe-42db-93d5-a24ed769e7da 95202031d10a437899a6cdcddbdec8ca d61b6de53283405ba78e7322ac825053 - - default default] TaaS: Handle Delete Port: eaaa62e4-07c8-48b7-af35-0780c0992124
2026-05-21 02:16:01.835 7 INFO neutron_taas.services.taas.tap_mirror_plugin [None req-6264e83d-3cfe-42db-93d5-a24ed769e7da 95202031d10a437899a6cdcddbdec8ca d61b6de53283405ba78e7322ac825053 - - default default] Tap Mirror: Handle Delete Port: eaaa62e4-07c8-48b7-af35-0780c0992124 [pid: 7|app: 0|req: 631/1202] 10.0.0.190 () {32 vars in 726 bytes} [Thu May 21 02:16:01 2026] DELETE /v2.0/networks/c6ed5a38-85c6-4bbc-b852-07eb069a71d2 => generated 0 bytes in 328 msecs (HTTP/1.1 204) 3 headers in 131 bytes (1 switches on core 0)
2026-05-21 02:16:02.269 8 INFO neutron.db.ovn_revision_numbers_db [None req-10e71c56-5fed-4d3a-8931-c05b161a94e5 0e5ad5d86ff94329b05a98cdcb628a38 af28956ac39946c0bc8b6c516ad02807 - - default default] Successfully bumped revision number for resource 40d8b7c9-7183-43a5-8f4e-b116304dde2a (type: floatingips) to 1
2026-05-21 02:16:02.269 8 INFO neutron.db.l3_db [None req-10e71c56-5fed-4d3a-8931-c05b161a94e5 0e5ad5d86ff94329b05a98cdcb628a38 af28956ac39946c0bc8b6c516ad02807 - - default default] Floating IP 40d8b7c9-7183-43a5-8f4e-b116304dde2a associated. External IP: 10.96.250.214, port: d6eb9dfe-a470-4e0f-b5eb-2a87059c2c02. [pid: 7|app: 0|req: 632/1203] 10.0.0.190 () {32 vars in 740 bytes} [Thu May 21 02:16:02 2026] DELETE /v2.0/security-groups/4d0c0a83-ccc5-4b2b-8fe3-fc84127f3d26 => generated 0 bytes in 230 msecs (HTTP/1.1 204) 2 headers in 112 bytes (1 switches on core 0) [pid: 8|app: 0|req: 572/1204] 10.0.0.190 () {34 vars in 677 bytes} [Thu May 21 02:16:01 2026] POST /v2.0/floatingips => generated 841 bytes in 1085 msecs (HTTP/1.1 201) 4 headers in 162 bytes (1 switches on core 0) [pid: 8|app: 0|req: 573/1205] 10.0.0.190 () {32 vars in 729 bytes} [Thu May 21 02:16:02 2026] GET /v2.0/floatingips/40d8b7c9-7183-43a5-8f4e-b116304dde2a => generated 843 bytes in 44 msecs (HTTP/1.1 200) 4 headers in 157 bytes (1 switches on core 0) [pid: 8|app: 0|req: 574/1206] 10.0.0.190 () {32 vars in 655 bytes} [Thu May 21 02:16:02 2026] GET /v2.0/floatingips => generated 846 bytes in 64 msecs (HTTP/1.1 200) 4 headers in 157 bytes (1 switches on core 0)
2026-05-21 02:16:02.493 7 WARNING neutron.scheduler.dhcp_agent_scheduler [None req-8c620f72-499e-4c69-825a-d4153ab471af 95202031d10a437899a6cdcddbdec8ca d61b6de53283405ba78e7322ac825053 - - default default] No more DHCP agents
2026-05-21 02:16:02.494 7 WARNING neutron.api.rpc.agentnotifiers.dhcp_rpc_agent_api [None req-8c620f72-499e-4c69-825a-d4153ab471af 95202031d10a437899a6cdcddbdec8ca d61b6de53283405ba78e7322ac825053 - - default default] Unable to schedule network 3a8871e8-3f93-4505-a2f9-e3ab46c00190: no agents available; will retry on subsequent port and subnet creation events.
2026-05-21 02:16:02.581 8 INFO neutron.plugins.ml2.drivers.ovn.mech_driver.mech_driver [None req-68c2a201-8239-49e6-8667-260ee845e643 - - - - - -] OVN reports status down for port: 3b846ce6-317a-4cd4-bf7c-8f58d691cc11
2026-05-21 02:16:02.606 7 INFO neutron.db.ovn_revision_numbers_db [None req-8c620f72-499e-4c69-825a-d4153ab471af 95202031d10a437899a6cdcddbdec8ca d61b6de53283405ba78e7322ac825053 - - default default] Successfully bumped revision number for resource 3b846ce6-317a-4cd4-bf7c-8f58d691cc11 (type: ports) to 1 [pid: 7|app: 0|req: 633/1207] 10.0.0.190 () {34 vars in 665 bytes} [Thu May 21 02:16:02 2026] POST /v2.0/ports => generated 775 bytes in 367 msecs (HTTP/1.1 201) 4 headers in 162 bytes (1 switches on core 0) /var/lib/openstack/lib/python3.12/site-packages/pycadf/identifier.py:70: UserWarning: Invalid uuid: neutron. To ensure interoperability, identifiers should be a valid uuid. warnings.warn(('Invalid uuid: %s. To ensure interoperability, '
2026-05-21 02:16:02.923 8 INFO neutron.plugins.ml2.drivers.ovn.mech_driver.mech_driver [None req-68c2a201-8239-49e6-8667-260ee845e643 - - - - - -] OVN reports status down for port: 3b846ce6-317a-4cd4-bf7c-8f58d691cc11
2026-05-21 02:16:02.938 7 INFO neutron.db.ovn_revision_numbers_db [None req-24b00a47-c2d3-4214-8465-c181ab7e4571 95202031d10a437899a6cdcddbdec8ca d61b6de53283405ba78e7322ac825053 - - default default] Successfully bumped revision number for resource 3b846ce6-317a-4cd4-bf7c-8f58d691cc11 (type: ports) to 2 [pid: 7|app: 0|req: 634/1208] 10.0.0.190 () {34 vars in 737 bytes} [Thu May 21 02:16:02 2026] PUT /v2.0/ports/3b846ce6-317a-4cd4-bf7c-8f58d691cc11 => generated 752 bytes in 288 msecs (HTTP/1.1 200) 4 headers in 157 bytes (1 switches on core 0) /var/lib/openstack/lib/python3.12/site-packages/pycadf/identifier.py:70: UserWarning: Invalid uuid: neutron. To ensure interoperability, identifiers should be a valid uuid. warnings.warn(('Invalid uuid: %s. To ensure interoperability, '
2026-05-21 02:16:03.106 7 INFO neutron_taas.services.taas.taas_plugin [None req-f73fb9c3-3d43-4d3d-99c0-c0575adc30d9 95202031d10a437899a6cdcddbdec8ca d61b6de53283405ba78e7322ac825053 - - default default] TaaS: Handle Delete Port: 3b846ce6-317a-4cd4-bf7c-8f58d691cc11
2026-05-21 02:16:03.109 7 INFO neutron_taas.services.taas.tap_mirror_plugin [None req-f73fb9c3-3d43-4d3d-99c0-c0575adc30d9 95202031d10a437899a6cdcddbdec8ca d61b6de53283405ba78e7322ac825053 - - default default] Tap Mirror: Handle Delete Port: 3b846ce6-317a-4cd4-bf7c-8f58d691cc11
2026-05-21 02:16:03.115 8 INFO neutron.db.ovn_revision_numbers_db [None req-3704b553-22ec-4ba8-8f84-e31b0439b4a2 0e5ad5d86ff94329b05a98cdcb628a38 af28956ac39946c0bc8b6c516ad02807 - - default default] Successfully bumped revision number for resource 40d8b7c9-7183-43a5-8f4e-b116304dde2a (type: floatingips) to 2 [pid: 7|app: 0|req: 635/1209] 10.0.0.190 () {32 vars in 720 bytes} [Thu May 21 02:16:02 2026] DELETE /v2.0/ports/3b846ce6-317a-4cd4-bf7c-8f58d691cc11 => generated 0 bytes in 271 msecs (HTTP/1.1 204) 3 headers in 131 bytes (1 switches on core 0)
2026-05-21 02:16:03.250 8 INFO neutron.db.l3_db [None req-3704b553-22ec-4ba8-8f84-e31b0439b4a2 0e5ad5d86ff94329b05a98cdcb628a38 af28956ac39946c0bc8b6c516ad02807 - - default default] Floating IP 40d8b7c9-7183-43a5-8f4e-b116304dde2a associated. External IP: 10.96.250.214, port: d6eb9dfe-a470-4e0f-b5eb-2a87059c2c02. [pid: 7|app: 0|req: 636/1210] 10.0.0.190 () {32 vars in 643 bytes} [Thu May 21 02:16:03 2026] GET /v2.0/ports => generated 1533 bytes in 34 msecs (HTTP/1.1 200) 4 headers in 158 bytes (1 switches on core 0)
2026-05-21 02:16:03.301 7 INFO neutron.pecan_wsgi.hooks.translation [None req-bc790d16-6445-4629-8f57-5d0bd0744d33 95202031d10a437899a6cdcddbdec8ca d61b6de53283405ba78e7322ac825053 - - default default] GET failed (client error): The resource could not be found. [pid: 7|app: 0|req: 637/1211] 10.0.0.190 () {32 vars in 717 bytes} [Thu May 21 02:16:03 2026] GET /v2.0/ports/3b846ce6-317a-4cd4-bf7c-8f58d691cc11 => generated 132 bytes in 26 msecs (HTTP/1.1 404) 4 headers in 164 bytes (1 switches on core 0) [pid: 8|app: 0|req: 575/1212] 10.0.0.190 () {34 vars in 749 bytes} [Thu May 21 02:16:02 2026] PUT /v2.0/floatingips/40d8b7c9-7183-43a5-8f4e-b116304dde2a => generated 844 bytes in 874 msecs (HTTP/1.1 200) 4 headers in 157 bytes (1 switches on core 0) /var/lib/openstack/lib/python3.12/site-packages/pycadf/identifier.py:70: UserWarning: Invalid uuid: neutron. To ensure interoperability, identifiers should be a valid uuid. warnings.warn(('Invalid uuid: %s. To ensure interoperability, '
2026-05-21 02:16:03.334 7 INFO neutron.services.segments.plugin [-] Segment 5127c446-0e4a-4bff-ba67-b03e04609c6c resource provider aggregate not found
2026-05-21 02:16:03.350 7 INFO neutron.services.segments.plugin [-] Segment 5127c446-0e4a-4bff-ba67-b03e04609c6c resource provider aggregate not found
2026-05-21 02:16:03.353 7 INFO neutron.services.segments.plugin [-] Segment 5127c446-0e4a-4bff-ba67-b03e04609c6c resource provider not found; error: Placement Client Error (4xx): {"errors": [{"status": 404, "title": "Not Found", "detail": "The resource could not be found.\n\n No resource provider with uuid 5127c446-0e4a-4bff-ba67-b03e04609c6c found for delete ", "request_id": "req-c3a92f81-cb38-48db-aa3b-18fc78eed1f0"}]} [pid: 7|app: 0|req: 638/1213] 10.0.0.190 () {32 vars in 643 bytes} [Thu May 21 02:16:03 2026] GET /v2.0/ports => generated 1533 bytes in 61 msecs (HTTP/1.1 200) 4 headers in 158 bytes (1 switches on core 0)
2026-05-21 02:16:03.375 7 INFO neutron.services.segments.plugin [-] Segment 5127c446-0e4a-4bff-ba67-b03e04609c6c resource provider not found; error: Placement Client Error (4xx): {"errors": [{"status": 404, "title": "Not Found", "detail": "The resource could not be found.\n\n No resource provider with uuid 5127c446-0e4a-4bff-ba67-b03e04609c6c found for delete ", "request_id": "req-828ec518-b73c-41d3-890c-e67ca2c24ebd"}]} [pid: 7|app: 0|req: 639/1214] 10.0.0.190 () {32 vars in 717 bytes} [Thu May 21 02:16:03 2026] GET /v2.0/ports/07e37d50-53bd-4d94-8c51-7cb465155c27 => generated 774 bytes in 34 msecs (HTTP/1.1 200) 4 headers in 157 bytes (1 switches on core 0)
2026-05-21 02:16:03.537 8 INFO neutron.db.ovn_revision_numbers_db [None req-b7ee4f68-9685-4727-a7d2-70d3560d3119 0e5ad5d86ff94329b05a98cdcb628a38 af28956ac39946c0bc8b6c516ad02807 - - default default] Successfully bumped revision number for resource 40d8b7c9-7183-43a5-8f4e-b116304dde2a (type: floatingips) to 3
2026-05-21 02:16:03.590 8 INFO neutron.db.l3_db [None req-b7ee4f68-9685-4727-a7d2-70d3560d3119 0e5ad5d86ff94329b05a98cdcb628a38 af28956ac39946c0bc8b6c516ad02807 - - default default] Floating IP 40d8b7c9-7183-43a5-8f4e-b116304dde2a disassociated. External IP: 10.96.250.214, port: 32464667-e46f-4b12-996e-e5afca789a78. [pid: 8|app: 0|req: 576/1215] 10.0.0.190 () {34 vars in 749 bytes} [Thu May 21 02:16:03 2026] PUT /v2.0/floatingips/40d8b7c9-7183-43a5-8f4e-b116304dde2a => generated 554 bytes in 300 msecs (HTTP/1.1 200) 4 headers in 157 bytes (1 switches on core 0) /var/lib/openstack/lib/python3.12/site-packages/pycadf/identifier.py:70: UserWarning: Invalid uuid: neutron. To ensure interoperability, identifiers should be a valid uuid. warnings.warn(('Invalid uuid: %s. To ensure interoperability, '
2026-05-21 02:16:03.633 8 INFO neutron.pecan_wsgi.hooks.translation [None req-3b7c643b-e488-4f99-97e2-302e60943762 95202031d10a437899a6cdcddbdec8ca d61b6de53283405ba78e7322ac825053 - - default default] DELETE failed (client error): The resource could not be found. [pid: 8|app: 0|req: 577/1216] 10.0.0.190 () {32 vars in 720 bytes} [Thu May 21 02:16:03 2026] DELETE /v2.0/ports/68c27216-cf72-4b0c-88d9-96e7504a4073 => generated 132 bytes in 16 msecs (HTTP/1.1 404) 4 headers in 164 bytes (1 switches on core 0)
2026-05-21 02:16:03.728 8 INFO neutron_taas.services.taas.taas_plugin [None req-3b5742cf-66c8-46c9-8499-675bec66ec61 0e5ad5d86ff94329b05a98cdcb628a38 af28956ac39946c0bc8b6c516ad02807 - - default default] TaaS: Handle Delete Port: 52b749db-1b15-4876-bfda-6bff9806fc16
2026-05-21 02:16:03.730 8 INFO neutron_taas.services.taas.tap_mirror_plugin [None req-3b5742cf-66c8-46c9-8499-675bec66ec61 0e5ad5d86ff94329b05a98cdcb628a38 af28956ac39946c0bc8b6c516ad02807 - - default default] Tap Mirror: Handle Delete Port: 52b749db-1b15-4876-bfda-6bff9806fc16
2026-05-21 02:16:03.793 7 INFO neutron.db.ovn_revision_numbers_db [None req-f92558e5-e0da-4333-a31a-3dea1a4a5957 759d2c7d7eef4a7aab5992548bbfbf4d be633172c7cd448bb6a3be0e53cc5d50 - - default default] Successfully bumped revision number for resource 193622a5-95ef-44ad-b38f-527d9f7308fe (type: security_groups) to 1
2026-05-21 02:16:03.805 7 INFO neutron.db.ovn_revision_numbers_db [None req-f92558e5-e0da-4333-a31a-3dea1a4a5957 759d2c7d7eef4a7aab5992548bbfbf4d be633172c7cd448bb6a3be0e53cc5d50 - - default default] Successfully bumped revision number for resource 7dd582e9-244e-40af-ba8b-e6721d7c65c0 (type: security_group_rules) to 0
2026-05-21 02:16:03.817 7 INFO neutron.db.ovn_revision_numbers_db [None req-f92558e5-e0da-4333-a31a-3dea1a4a5957 759d2c7d7eef4a7aab5992548bbfbf4d be633172c7cd448bb6a3be0e53cc5d50 - - default default] Successfully bumped revision number for resource bb800010-31b5-4fd2-9b60-93a5a2345f18 (type: security_group_rules) to 0
2026-05-21 02:16:03.829 7 INFO neutron.db.ovn_revision_numbers_db [None req-f92558e5-e0da-4333-a31a-3dea1a4a5957 759d2c7d7eef4a7aab5992548bbfbf4d be633172c7cd448bb6a3be0e53cc5d50 - - default default] Successfully bumped revision number for resource bcf52216-498a-4f6a-9c51-f19e582714e2 (type: security_group_rules) to 0
2026-05-21 02:16:03.841 7 INFO neutron.db.ovn_revision_numbers_db [None req-f92558e5-e0da-4333-a31a-3dea1a4a5957 759d2c7d7eef4a7aab5992548bbfbf4d be633172c7cd448bb6a3be0e53cc5d50 - - default default] Successfully bumped revision number for resource c217a99e-b6df-45d3-af30-fcd916f9e0ed (type: security_group_rules) to 0
2026-05-21 02:16:03.912 7 INFO neutron.db.segments_db [None req-f92558e5-e0da-4333-a31a-3dea1a4a5957 759d2c7d7eef4a7aab5992548bbfbf4d be633172c7cd448bb6a3be0e53cc5d50 - - default default] Added segment d957d6a3-8c40-42ba-b87c-75642d96a466 of type geneve for network d94450a7-5cc9-45ca-acf2-763195cee9a7
2026-05-21 02:16:04.038 7 INFO neutron.db.ovn_revision_numbers_db [None req-f92558e5-e0da-4333-a31a-3dea1a4a5957 759d2c7d7eef4a7aab5992548bbfbf4d be633172c7cd448bb6a3be0e53cc5d50 - - default default] Successfully bumped revision number for resource d94450a7-5cc9-45ca-acf2-763195cee9a7 (type: networks) to 1
2026-05-21 02:16:04.191 7 WARNING neutron.scheduler.dhcp_agent_scheduler [None req-f92558e5-e0da-4333-a31a-3dea1a4a5957 759d2c7d7eef4a7aab5992548bbfbf4d be633172c7cd448bb6a3be0e53cc5d50 - - default default] No more DHCP agents
2026-05-21 02:16:04.193 7 WARNING neutron.api.rpc.agentnotifiers.dhcp_rpc_agent_api [None req-f92558e5-e0da-4333-a31a-3dea1a4a5957 759d2c7d7eef4a7aab5992548bbfbf4d be633172c7cd448bb6a3be0e53cc5d50 - - default default] Unable to schedule network d94450a7-5cc9-45ca-acf2-763195cee9a7: no agents available; will retry on subsequent port and subnet creation events.
2026-05-21 02:16:04.295 7 INFO neutron.db.ovn_revision_numbers_db [None req-f92558e5-e0da-4333-a31a-3dea1a4a5957 759d2c7d7eef4a7aab5992548bbfbf4d be633172c7cd448bb6a3be0e53cc5d50 - - default default] Successfully bumped revision number for resource cd87dc69-f959-446e-a887-f63ac0855f47 (type: ports) to 1
2026-05-21 02:16:04.314 8 INFO neutron.plugins.ml2.drivers.ovn.mech_driver.mech_driver [None req-68c2a201-8239-49e6-8667-260ee845e643 - - - - - -] OVN reports status down for port: cd87dc69-f959-446e-a887-f63ac0855f47 [pid: 7|app: 0|req: 640/1217] 10.0.0.190 () {34 vars in 671 bytes} [Thu May 21 02:16:03 2026] POST /v2.0/networks => generated 765 bytes in 909 msecs (HTTP/1.1 201) 4 headers in 162 bytes (1 switches on core 0)
2026-05-21 02:16:04.329 7 INFO neutron.pecan_wsgi.hooks.translation [None req-5c25fa53-7c3a-4542-86a3-9c3a7e16fa9f 95202031d10a437899a6cdcddbdec8ca d61b6de53283405ba78e7322ac825053 - - default default] DELETE failed (client error): The resource could not be found. [pid: 7|app: 0|req: 641/1218] 10.0.0.190 () {32 vars in 724 bytes} [Thu May 21 02:16:04 2026] DELETE /v2.0/subnets/dbd5757c-d9b7-47bb-9e1c-4b1430450c3b => generated 136 bytes in 13 msecs (HTTP/1.1 404) 4 headers in 164 bytes (1 switches on core 0) [pid: 8|app: 0|req: 578/1219] 10.0.0.190 () {32 vars in 732 bytes} [Thu May 21 02:16:03 2026] DELETE /v2.0/floatingips/40d8b7c9-7183-43a5-8f4e-b116304dde2a => generated 0 bytes in 739 msecs (HTTP/1.1 204) 2 headers in 112 bytes (1 switches on core 0)
2026-05-21 02:16:04.399 8 INFO neutron.pecan_wsgi.hooks.translation [None req-f4933db8-f795-424c-81ac-65ea59eb4d1c 95202031d10a437899a6cdcddbdec8ca d61b6de53283405ba78e7322ac825053 - - default default] DELETE failed (client error): The resource could not be found. [pid: 8|app: 0|req: 579/1220] 10.0.0.190 () {32 vars in 724 bytes} [Thu May 21 02:16:04 2026] DELETE /v2.0/subnets/56f28169-8c16-461f-a601-57e048f683fd => generated 136 bytes in 27 msecs (HTTP/1.1 404) 4 headers in 164 bytes (1 switches on core 0)
2026-05-21 02:16:04.427 8 INFO neutron.api.v2.resource [None req-e69e78a4-450a-46bc-9167-936341357a52 0e5ad5d86ff94329b05a98cdcb628a38 af28956ac39946c0bc8b6c516ad02807 - - default default] delete failed (client error): The resource could not be found. [pid: 8|app: 0|req: 580/1221] 10.0.0.190 () {32 vars in 732 bytes} [Thu May 21 02:16:04 2026] DELETE /v2.0/floatingips/40d8b7c9-7183-43a5-8f4e-b116304dde2a => generated 144 bytes in 25 msecs (HTTP/1.1 404) 4 headers in 164 bytes (1 switches on core 0)
2026-05-21 02:16:04.453 7 WARNING neutron.scheduler.dhcp_agent_scheduler [None req-39c70921-9cfd-44d7-8bc6-d799399e7985 759d2c7d7eef4a7aab5992548bbfbf4d be633172c7cd448bb6a3be0e53cc5d50 - - default default] No more DHCP agents
2026-05-21 02:16:04.455 7 WARNING neutron.api.rpc.agentnotifiers.dhcp_rpc_agent_api [None req-39c70921-9cfd-44d7-8bc6-d799399e7985 759d2c7d7eef4a7aab5992548bbfbf4d be633172c7cd448bb6a3be0e53cc5d50 - - default default] Unable to schedule network d94450a7-5cc9-45ca-acf2-763195cee9a7: no agents available; will retry on subsequent port and subnet creation events.
2026-05-21 02:16:04.564 8 INFO neutron_taas.services.taas.taas_plugin [None req-75f3b52e-3c2f-4549-83ea-264fd4e6b65a 95202031d10a437899a6cdcddbdec8ca d61b6de53283405ba78e7322ac825053 - - default default] TaaS: Handle Delete Port: 07e37d50-53bd-4d94-8c51-7cb465155c27
2026-05-21 02:16:04.570 8 INFO neutron_taas.services.taas.tap_mirror_plugin [None req-75f3b52e-3c2f-4549-83ea-264fd4e6b65a 95202031d10a437899a6cdcddbdec8ca d61b6de53283405ba78e7322ac825053 - - default default] Tap Mirror: Handle Delete Port: 07e37d50-53bd-4d94-8c51-7cb465155c27 [pid: 8|app: 0|req: 581/1222] 10.0.0.190 () {32 vars in 720 bytes} [Thu May 21 02:16:04 2026] DELETE /v2.0/ports/07e37d50-53bd-4d94-8c51-7cb465155c27 => generated 0 bytes in 246 msecs (HTTP/1.1 204) 3 headers in 131 bytes (1 switches on core 0)
2026-05-21 02:16:04.812 8 INFO neutron_taas.services.taas.taas_plugin [None req-d7e5f396-27e3-47c7-beee-2e441b491c65 0e5ad5d86ff94329b05a98cdcb628a38 af28956ac39946c0bc8b6c516ad02807 - - default default] TaaS: Handle Delete Port: 32464667-e46f-4b12-996e-e5afca789a78
2026-05-21 02:16:04.815 8 INFO neutron_taas.services.taas.tap_mirror_plugin [None req-d7e5f396-27e3-47c7-beee-2e441b491c65 0e5ad5d86ff94329b05a98cdcb628a38 af28956ac39946c0bc8b6c516ad02807 - - default default] Tap Mirror: Handle Delete Port: 32464667-e46f-4b12-996e-e5afca789a78
2026-05-21 02:16:04.919 7 INFO neutron.db.ovn_revision_numbers_db [None req-b0cffb8c-53ab-4098-ad50-d85a2c340698 - - - - - -] Successfully bumped revision number for resource cd87dc69-f959-446e-a887-f63ac0855f47 (type: ports) to 2
2026-05-21 02:16:04.948 7 INFO neutron.db.ovn_revision_numbers_db [None req-b0cffb8c-53ab-4098-ad50-d85a2c340698 - - - - - -] Successfully bumped revision number for resource b1412245-217c-44dc-8158-9de79eb1023f (type: subnets) to 0 [pid: 7|app: 0|req: 642/1223] 10.0.0.190 () {34 vars in 669 bytes} [Thu May 21 02:16:04 2026] POST /v2.0/subnets => generated 690 bytes in 642 msecs (HTTP/1.1 201) 4 headers in 162 bytes (1 switches on core 0) [pid: 8|app: 0|req: 582/1224] 10.0.0.190 () {32 vars in 720 bytes} [Thu May 21 02:16:04 2026] DELETE /v2.0/ports/32464667-e46f-4b12-996e-e5afca789a78 => generated 0 bytes in 308 msecs (HTTP/1.1 204) 3 headers in 131 bytes (1 switches on core 0)
2026-05-21 02:16:05.088 7 INFO neutron_taas.services.taas.taas_plugin [None req-de43e12d-7109-4a25-9d99-2d2195d487ce 95202031d10a437899a6cdcddbdec8ca d61b6de53283405ba78e7322ac825053 - - default default] TaaS: Handle Delete Port: fa20dafd-ef9e-44be-bf0f-b88e3786daea
2026-05-21 02:16:05.092 7 INFO neutron_taas.services.taas.tap_mirror_plugin [None req-de43e12d-7109-4a25-9d99-2d2195d487ce 95202031d10a437899a6cdcddbdec8ca d61b6de53283405ba78e7322ac825053 - - default default] Tap Mirror: Handle Delete Port: fa20dafd-ef9e-44be-bf0f-b88e3786daea
2026-05-21 02:16:05.218 8 INFO neutron.db.ovn_revision_numbers_db [None req-29181749-6691-4578-9181-d72410ee93ad 759d2c7d7eef4a7aab5992548bbfbf4d be633172c7cd448bb6a3be0e53cc5d50 - - default default] Successfully bumped revision number for resource 79c52efa-0aa8-4aec-a9f0-032f2bb72bdb (type: security_groups) to 1
2026-05-21 02:16:05.229 8 INFO neutron.db.ovn_revision_numbers_db [None req-29181749-6691-4578-9181-d72410ee93ad 759d2c7d7eef4a7aab5992548bbfbf4d be633172c7cd448bb6a3be0e53cc5d50 - - default default] Successfully bumped revision number for resource 0e36d87d-0e03-47c4-a7a3-efe948f5f2a7 (type: security_group_rules) to 0
2026-05-21 02:16:05.237 8 INFO neutron.db.ovn_revision_numbers_db [None req-29181749-6691-4578-9181-d72410ee93ad 759d2c7d7eef4a7aab5992548bbfbf4d be633172c7cd448bb6a3be0e53cc5d50 - - default default] Successfully bumped revision number for resource 8830cb0b-5f70-4757-9d26-183ce66982a2 (type: security_group_rules) to 0
2026-05-21 02:16:05.251 8 INFO neutron.db.ovn_revision_numbers_db [None req-29181749-6691-4578-9181-d72410ee93ad 759d2c7d7eef4a7aab5992548bbfbf4d be633172c7cd448bb6a3be0e53cc5d50 - - default default] Successfully bumped revision number for resource 95d5c161-a6c4-4f1a-b9d2-3d66522437d5 (type: security_group_rules) to 0
2026-05-21 02:16:05.269 8 INFO neutron.db.ovn_revision_numbers_db [None req-29181749-6691-4578-9181-d72410ee93ad 759d2c7d7eef4a7aab5992548bbfbf4d be633172c7cd448bb6a3be0e53cc5d50 - - default default] Successfully bumped revision number for resource c17fe495-80ee-452c-a2bb-04711960bb9c (type: security_group_rules) to 0 [pid: 8|app: 0|req: 583/1225] 10.0.0.190 () {32 vars in 774 bytes} [Thu May 21 02:16:04 2026] GET /v2.0/security-groups?tenant_id=7cd0f2d57e11469f85512476a439b431&name=default => generated 2925 bytes in 318 msecs (HTTP/1.1 200) 4 headers in 158 bytes (1 switches on core 0) [pid: 7|app: 0|req: 643/1226] 10.0.0.190 () {32 vars in 726 bytes} [Thu May 21 02:16:04 2026] DELETE /v2.0/networks/3a8871e8-3f93-4505-a2f9-e3ab46c00190 => generated 0 bytes in 354 msecs (HTTP/1.1 204) 3 headers in 131 bytes (1 switches on core 0)
2026-05-21 02:16:05.369 7 INFO neutron.services.segments.plugin [-] Segment 64bedf05-f236-434e-9088-b563c4f70b8b resource provider aggregate not found
2026-05-21 02:16:05.396 7 INFO neutron.services.segments.plugin [-] Segment 64bedf05-f236-434e-9088-b563c4f70b8b resource provider not found; error: Placement Client Error (4xx): {"errors": [{"status": 404, "title": "Not Found", "detail": "The resource could not be found.\n\n No resource provider with uuid 64bedf05-f236-434e-9088-b563c4f70b8b found for delete ", "request_id": "req-285a659e-e349-4ddf-b515-206ebc55223f"}]}
2026-05-21 02:16:05.397 7 INFO neutron.services.segments.plugin [-] Segment 64bedf05-f236-434e-9088-b563c4f70b8b resource provider aggregate not found
2026-05-21 02:16:05.418 7 INFO neutron.services.segments.plugin [-] Segment 64bedf05-f236-434e-9088-b563c4f70b8b resource provider not found; error: Placement Client Error (4xx): {"errors": [{"status": 404, "title": "Not Found", "detail": "The resource could not be found.\n\n No resource provider with uuid 64bedf05-f236-434e-9088-b563c4f70b8b found for delete ", "request_id": "req-898371c6-35ea-493e-bade-a71c436b6e6d"}]}
2026-05-21 02:16:05.504 7 INFO neutron_taas.services.taas.taas_plugin [None req-f67983cd-f674-4104-ae49-e763aa390e76 0e5ad5d86ff94329b05a98cdcb628a38 af28956ac39946c0bc8b6c516ad02807 - - default default] TaaS: Handle Delete Port: d6eb9dfe-a470-4e0f-b5eb-2a87059c2c02
2026-05-21 02:16:05.507 7 INFO neutron_taas.services.taas.tap_mirror_plugin [None req-f67983cd-f674-4104-ae49-e763aa390e76 0e5ad5d86ff94329b05a98cdcb628a38 af28956ac39946c0bc8b6c516ad02807 - - default default] Tap Mirror: Handle Delete Port: d6eb9dfe-a470-4e0f-b5eb-2a87059c2c02 [pid: 7|app: 0|req: 644/1227] 10.0.0.190 () {32 vars in 720 bytes} [Thu May 21 02:16:05 2026] DELETE /v2.0/ports/d6eb9dfe-a470-4e0f-b5eb-2a87059c2c02 => generated 0 bytes in 344 msecs (HTTP/1.1 204) 3 headers in 131 bytes (1 switches on core 0)
2026-05-21 02:16:05.692 8 WARNING neutron.scheduler.dhcp_agent_scheduler [None req-952de2b0-526d-4965-b7cb-b91da9339616 759d2c7d7eef4a7aab5992548bbfbf4d be633172c7cd448bb6a3be0e53cc5d50 - - default default] No more DHCP agents
2026-05-21 02:16:05.694 8 WARNING neutron.api.rpc.agentnotifiers.dhcp_rpc_agent_api [None req-952de2b0-526d-4965-b7cb-b91da9339616 759d2c7d7eef4a7aab5992548bbfbf4d be633172c7cd448bb6a3be0e53cc5d50 - - default default] Unable to schedule network 8113bd5b-649b-42f1-9321-c0df6f151741: no agents available; will retry on subsequent port and subnet creation events.
2026-05-21 02:16:05.836 8 INFO neutron.db.ovn_revision_numbers_db [None req-952de2b0-526d-4965-b7cb-b91da9339616 759d2c7d7eef4a7aab5992548bbfbf4d be633172c7cd448bb6a3be0e53cc5d50 - - default default] Successfully bumped revision number for resource a23fb8b7-b7c6-45c1-b5b4-a62b3681e9bc (type: ports) to 1 [pid: 7|app: 0|req: 645/1228] 10.0.0.190 () {32 vars in 740 bytes} [Thu May 21 02:16:05 2026] DELETE /v2.0/security-groups/79c52efa-0aa8-4aec-a9f0-032f2bb72bdb => generated 0 bytes in 225 msecs (HTTP/1.1 204) 2 headers in 112 bytes (1 switches on core 0) [pid: 7|app: 0|req: 646/1229] 10.0.0.18 () {28 vars in 582 bytes} [Thu May 21 02:16:05 2026] GET /v2.0/subnets => generated 2623 bytes in 247 msecs (HTTP/1.1 200) 4 headers in 158 bytes (1 switches on core 0) [pid: 7|app: 0|req: 647/1230] 10.0.0.190 () {32 vars in 736 bytes} [Thu May 21 02:16:06 2026] GET /v2.0/ports?device_id=2e224a13-7e01-4ab5-9468-e5078c50d3c5 => generated 946 bytes in 45 msecs (HTTP/1.1 200) 4 headers in 157 bytes (1 switches on core 0) [pid: 7|app: 0|req: 648/1231] 10.0.0.190 () {32 vars in 774 bytes} [Thu May 21 02:16:06 2026] GET /v2.0/security-groups?tenant_id=d61b6de53283405ba78e7322ac825053&name=default => generated 2925 bytes in 84 msecs (HTTP/1.1 200) 4 headers in 158 bytes (1 switches on core 0) [pid: 7|app: 0|req: 649/1232] 10.0.0.18 () {28 vars in 590 bytes} [Thu May 21 02:16:06 2026] GET /v2.0/subnetpools => generated 19 bytes in 8 msecs (HTTP/1.1 200) 4 headers in 156 bytes (1 switches on core 0)
2026-05-21 02:16:06.404 8 INFO neutron.plugins.ml2.drivers.ovn.mech_driver.ovsdb.commands [None req-4d1060fc-82b2-470a-8da0-7b4a69626630 - - - - - -] Schedule LRP lrp-a23fb8b7-b7c6-45c1-b5b4-a62b3681e9bc on gateway 19d7bc50-743d-429b-a31e-940a0f3c6770 with priority 1
2026-05-21 02:16:06.476 8 INFO neutron.db.ovn_revision_numbers_db [None req-952de2b0-526d-4965-b7cb-b91da9339616 759d2c7d7eef4a7aab5992548bbfbf4d be633172c7cd448bb6a3be0e53cc5d50 - - default default] Successfully bumped revision number for resource a23fb8b7-b7c6-45c1-b5b4-a62b3681e9bc (type: router_ports) to 1
2026-05-21 02:16:06.476 7 INFO neutron.plugins.ml2.drivers.ovn.mech_driver.ovsdb.ovsdb_monitor [None req-e4864c10-077c-492c-b1ea-c7e42b56bf82 - - - - - -] Router e5f20fa7-b9e2-4b01-9aef-38ad75529cb4 is bound to host instance
2026-05-21 02:16:06.551 8 INFO neutron.db.ovn_revision_numbers_db [None req-952de2b0-526d-4965-b7cb-b91da9339616 759d2c7d7eef4a7aab5992548bbfbf4d be633172c7cd448bb6a3be0e53cc5d50 - - default default] Successfully bumped revision number for resource e5f20fa7-b9e2-4b01-9aef-38ad75529cb4 (type: routers) to 2
2026-05-21 02:16:06.600 7 WARNING neutron.plugins.ml2.drivers.ovn.mech_driver.ovsdb.ovn_client [None req-406a8ba4-e53e-4a22-8d4f-29f526c32794 - - - - - -] No hosting information found for port b1aaae42-5d9f-418d-beed-290fb37ffcc0: RuntimeError: No hosting information found for port b1aaae42-5d9f-418d-beed-290fb37ffcc0
2026-05-21 02:16:06.600 7 INFO neutron.plugins.ml2.drivers.ovn.mech_driver.mech_driver [None req-406a8ba4-e53e-4a22-8d4f-29f526c32794 - - - - - -] OVN reports status down for port: bf927955-b5cc-4f1e-8cad-852eb2ee085d [pid: 8|app: 0|req: 584/1233] 10.0.0.190 () {34 vars in 669 bytes} [Thu May 21 02:16:05 2026] POST /v2.0/routers => generated 968 bytes in 1303 msecs (HTTP/1.1 201) 4 headers in 162 bytes (1 switches on core 0) [pid: 8|app: 0|req: 585/1234] 10.0.0.190 () {32 vars in 740 bytes} [Thu May 21 02:16:06 2026] DELETE /v2.0/security-groups/15c65441-e41c-4122-882f-ccc0c6f0e083 => generated 0 bytes in 182 msecs (HTTP/1.1 204) 2 headers in 112 bytes (1 switches on core 0) [pid: 8|app: 0|req: 586/1235] 10.0.0.18 () {28 vars in 582 bytes} [Thu May 21 02:16:06 2026] GET /v2.0/subnets => generated 2623 bytes in 37 msecs (HTTP/1.1 200) 4 headers in 158 bytes (1 switches on core 0)
2026-05-21 02:16:06.890 7 INFO neutron.db.ovn_revision_numbers_db [None req-406a8ba4-e53e-4a22-8d4f-29f526c32794 - - - - - -] Successfully bumped revision number for resource b1aaae42-5d9f-418d-beed-290fb37ffcc0 (type: router_ports) to 2
2026-05-21 02:16:06.891 7 INFO neutron.plugins.ml2.drivers.ovn.mech_driver.mech_driver [None req-406a8ba4-e53e-4a22-8d4f-29f526c32794 - - - - - -] OVN reports status down for port: d6eb9dfe-a470-4e0f-b5eb-2a87059c2c02
2026-05-21 02:16:06.916 7 INFO neutron_taas.services.taas.taas_plugin [None req-b63bb6db-c3b6-46d6-8e53-097335b33bb3 0e5ad5d86ff94329b05a98cdcb628a38 af28956ac39946c0bc8b6c516ad02807 - - default default] TaaS: Handle Delete Port: b1aaae42-5d9f-418d-beed-290fb37ffcc0
2026-05-21 02:16:06.919 7 INFO neutron.plugins.ml2.drivers.ovn.mech_driver.mech_driver [None req-406a8ba4-e53e-4a22-8d4f-29f526c32794 - - - - - -] OVN reports status down for port: eaaa62e4-07c8-48b7-af35-0780c0992124
2026-05-21 02:16:06.926 7 INFO neutron_taas.services.taas.tap_mirror_plugin [None req-b63bb6db-c3b6-46d6-8e53-097335b33bb3 0e5ad5d86ff94329b05a98cdcb628a38 af28956ac39946c0bc8b6c516ad02807 - - default default] Tap Mirror: Handle Delete Port: b1aaae42-5d9f-418d-beed-290fb37ffcc0
2026-05-21 02:16:07.200 7 INFO neutron.plugins.ml2.drivers.ovn.mech_driver.mech_driver [None req-406a8ba4-e53e-4a22-8d4f-29f526c32794 - - - - - -] OVN reports status down for port: 68c27216-cf72-4b0c-88d9-96e7504a4073
2026-05-21 02:16:07.236 8 WARNING neutron.scheduler.dhcp_agent_scheduler [None req-470c7b8c-7e2f-4a24-97e0-59e4b294d506 759d2c7d7eef4a7aab5992548bbfbf4d be633172c7cd448bb6a3be0e53cc5d50 - - default default] No more DHCP agents
2026-05-21 02:16:07.239 8 WARNING neutron.api.rpc.agentnotifiers.dhcp_rpc_agent_api [None req-470c7b8c-7e2f-4a24-97e0-59e4b294d506 759d2c7d7eef4a7aab5992548bbfbf4d be633172c7cd448bb6a3be0e53cc5d50 - - default default] Unable to schedule network d94450a7-5cc9-45ca-acf2-763195cee9a7: no agents available; will retry on subsequent port and subnet creation events.
2026-05-21 02:16:07.328 8 INFO neutron.plugins.ml2.drivers.ovn.mech_driver.mech_driver [None req-68c2a201-8239-49e6-8667-260ee845e643 - - - - - -] OVN reports status down for port: 5633ed7d-4ba7-4bfa-81e2-3eee8b541d91
2026-05-21 02:16:07.350 7 INFO neutron.plugins.ml2.drivers.ovn.mech_driver.mech_driver [None req-406a8ba4-e53e-4a22-8d4f-29f526c32794 - - - - - -] OVN reports status down for port: a23fb8b7-b7c6-45c1-b5b4-a62b3681e9bc
2026-05-21 02:16:07.393 8 INFO neutron.db.ovn_revision_numbers_db [None req-470c7b8c-7e2f-4a24-97e0-59e4b294d506 759d2c7d7eef4a7aab5992548bbfbf4d be633172c7cd448bb6a3be0e53cc5d50 - - default default] Successfully bumped revision number for resource 5633ed7d-4ba7-4bfa-81e2-3eee8b541d91 (type: ports) to 1
2026-05-21 02:16:07.579 7 WARNING neutron.plugins.ml2.drivers.ovn.mech_driver.ovsdb.ovn_client [None req-406a8ba4-e53e-4a22-8d4f-29f526c32794 - - - - - -] Logical_Switch_Port %s host information not removed, the port state is up
2026-05-21 02:16:07.580 7 INFO neutron.plugins.ml2.drivers.ovn.mech_driver.mech_driver [None req-406a8ba4-e53e-4a22-8d4f-29f526c32794 - - - - - -] OVN reports status up for port: a23fb8b7-b7c6-45c1-b5b4-a62b3681e9bc
2026-05-21 02:16:07.614 7 INFO neutron.plugins.ml2.plugin [None req-406a8ba4-e53e-4a22-8d4f-29f526c32794 - - - - - -] Attempt 1 to provision port a23fb8b7-b7c6-45c1-b5b4-a62b3681e9bc
2026-05-21 02:16:07.953 8 INFO neutron.plugins.ml2.drivers.ovn.mech_driver.mech_driver [None req-68c2a201-8239-49e6-8667-260ee845e643 - - - - - -] OVN reports status up for port: 5633ed7d-4ba7-4bfa-81e2-3eee8b541d91
2026-05-21 02:16:07.984 8 INFO neutron.plugins.ml2.plugin [None req-68c2a201-8239-49e6-8667-260ee845e643 - - - - - -] Attempt 1 to provision port 5633ed7d-4ba7-4bfa-81e2-3eee8b541d91
2026-05-21 02:16:08.076 8 WARNING neutron.scheduler.dhcp_agent_scheduler [None req-470c7b8c-7e2f-4a24-97e0-59e4b294d506 759d2c7d7eef4a7aab5992548bbfbf4d be633172c7cd448bb6a3be0e53cc5d50 - - default default] No more DHCP agents
2026-05-21 02:16:08.078 8 WARNING neutron.api.rpc.agentnotifiers.dhcp_rpc_agent_api [None req-470c7b8c-7e2f-4a24-97e0-59e4b294d506 759d2c7d7eef4a7aab5992548bbfbf4d be633172c7cd448bb6a3be0e53cc5d50 - - default default] Unable to schedule network d94450a7-5cc9-45ca-acf2-763195cee9a7: no agents available; will retry on subsequent port and subnet creation events.
2026-05-21 02:16:08.651 8 INFO neutron.db.ovn_revision_numbers_db [None req-68c2a201-8239-49e6-8667-260ee845e643 - - - - - -] Successfully bumped revision number for resource 5633ed7d-4ba7-4bfa-81e2-3eee8b541d91 (type: ports) to 2 [pid: 7|app: 0|req: 650/1236] 10.0.0.190 () {34 vars in 789 bytes} [Thu May 21 02:16:06 2026] PUT /v2.0/routers/2e224a13-7e01-4ab5-9468-e5078c50d3c5/remove_router_interface => generated 309 bytes in 2460 msecs (HTTP/1.1 200) 4 headers in 157 bytes (1 switches on core 0) /var/lib/openstack/lib/python3.12/site-packages/pycadf/identifier.py:70: UserWarning: Invalid uuid: neutron. To ensure interoperability, identifiers should be a valid uuid. warnings.warn(('Invalid uuid: %s. To ensure interoperability, ' [pid: 7|app: 0|req: 651/1237] 10.0.0.18 () {28 vars in 590 bytes} [Thu May 21 02:16:08 2026] GET /v2.0/floatingips => generated 19 bytes in 38 msecs (HTTP/1.1 200) 4 headers in 156 bytes (1 switches on core 0)
2026-05-21 02:16:08.912 7 INFO neutron.db.ovn_revision_numbers_db [None req-f83ac8a9-6454-465a-841d-2b8e252a046a - - - - - -] Successfully bumped revision number for resource a23fb8b7-b7c6-45c1-b5b4-a62b3681e9bc (type: ports) to 4
2026-05-21 02:16:08.974 8 INFO neutron.db.ovn_revision_numbers_db [None req-470c7b8c-7e2f-4a24-97e0-59e4b294d506 759d2c7d7eef4a7aab5992548bbfbf4d be633172c7cd448bb6a3be0e53cc5d50 - - default default] Successfully bumped revision number for resource 5633ed7d-4ba7-4bfa-81e2-3eee8b541d91 (type: router_ports) to 1 [pid: 8|app: 0|req: 587/1238] 10.0.0.190 () {34 vars in 783 bytes} [Thu May 21 02:16:06 2026] PUT /v2.0/routers/e5f20fa7-b9e2-4b01-9aef-38ad75529cb4/add_router_interface => generated 309 bytes in 2161 msecs (HTTP/1.1 200) 4 headers in 157 bytes (1 switches on core 0)
2026-05-21 02:16:09.189 7 INFO neutron.db.ovn_revision_numbers_db [None req-7a4b0819-b6e3-4e0b-80b0-b772141594a3 2a1de4f9d0ea47ba9e5bdc53182fcd2b cae455927c594d61843a5ba56878d7f2 - - default default] Successfully bumped revision number for resource 71d89b01-762c-4333-bd30-d28fe8dc2389 (type: security_groups) to 1
2026-05-21 02:16:09.216 7 INFO neutron.db.ovn_revision_numbers_db [None req-7a4b0819-b6e3-4e0b-80b0-b772141594a3 2a1de4f9d0ea47ba9e5bdc53182fcd2b cae455927c594d61843a5ba56878d7f2 - - default default] Successfully bumped revision number for resource 00e62728-c677-4596-a241-a9a88471342f (type: security_group_rules) to 0
2026-05-21 02:16:09.243 7 INFO neutron.db.ovn_revision_numbers_db [None req-7a4b0819-b6e3-4e0b-80b0-b772141594a3 2a1de4f9d0ea47ba9e5bdc53182fcd2b cae455927c594d61843a5ba56878d7f2 - - default default] Successfully bumped revision number for resource 16329c99-40aa-498e-9b5e-ae4203cd8f12 (type: security_group_rules) to 0
2026-05-21 02:16:09.276 7 INFO neutron.db.ovn_revision_numbers_db [None req-7a4b0819-b6e3-4e0b-80b0-b772141594a3 2a1de4f9d0ea47ba9e5bdc53182fcd2b cae455927c594d61843a5ba56878d7f2 - - default default] Successfully bumped revision number for resource 7c98b62e-c073-488c-b530-c067c3aa4878 (type: security_group_rules) to 0
2026-05-21 02:16:09.284 8 INFO neutron_taas.services.taas.taas_plugin [None req-32bd0215-067d-4ed3-b66f-ef4d4897918e 0e5ad5d86ff94329b05a98cdcb628a38 af28956ac39946c0bc8b6c516ad02807 - - default default] TaaS: Handle Delete Port: 4ac3e203-6745-4c09-b95e-18b3e04a99ee
2026-05-21 02:16:09.286 8 INFO neutron_taas.services.taas.tap_mirror_plugin [None req-32bd0215-067d-4ed3-b66f-ef4d4897918e 0e5ad5d86ff94329b05a98cdcb628a38 af28956ac39946c0bc8b6c516ad02807 - - default default] Tap Mirror: Handle Delete Port: 4ac3e203-6745-4c09-b95e-18b3e04a99ee
2026-05-21 02:16:09.314 7 INFO neutron.db.ovn_revision_numbers_db [None req-7a4b0819-b6e3-4e0b-80b0-b772141594a3 2a1de4f9d0ea47ba9e5bdc53182fcd2b cae455927c594d61843a5ba56878d7f2 - - default default] Successfully bumped revision number for resource e0aeb94c-5755-40a2-98c2-a0e0f6c1d2e0 (type: security_group_rules) to 0
2026-05-21 02:16:09.350 7 INFO neutron.db.ovn_revision_numbers_db [None req-f83ac8a9-6454-465a-841d-2b8e252a046a - - - - - -] Successfully bumped revision number for resource a23fb8b7-b7c6-45c1-b5b4-a62b3681e9bc (type: ports) to 5
2026-05-21 02:16:09.428 7 INFO neutron.db.segments_db [None req-7a4b0819-b6e3-4e0b-80b0-b772141594a3 2a1de4f9d0ea47ba9e5bdc53182fcd2b cae455927c594d61843a5ba56878d7f2 - - default default] Added segment 1e464fde-4643-436f-82fc-302d0a62e30f of type geneve for network 3a72a6c1-3221-4b7c-885f-96a814624705
2026-05-21 02:16:09.574 7 INFO neutron.db.ovn_revision_numbers_db [None req-7a4b0819-b6e3-4e0b-80b0-b772141594a3 2a1de4f9d0ea47ba9e5bdc53182fcd2b cae455927c594d61843a5ba56878d7f2 - - default default] Successfully bumped revision number for resource 3a72a6c1-3221-4b7c-885f-96a814624705 (type: networks) to 1 [pid: 8|app: 0|req: 588/1239] 10.0.0.190 () {32 vars in 724 bytes} [Thu May 21 02:16:08 2026] DELETE /v2.0/routers/2e224a13-7e01-4ab5-9468-e5078c50d3c5 => generated 0 bytes in 714 msecs (HTTP/1.1 204) 2 headers in 112 bytes (1 switches on core 0)
2026-05-21 02:16:09.753 7 WARNING neutron.scheduler.dhcp_agent_scheduler [None req-7a4b0819-b6e3-4e0b-80b0-b772141594a3 2a1de4f9d0ea47ba9e5bdc53182fcd2b cae455927c594d61843a5ba56878d7f2 - - default default] No more DHCP agents
2026-05-21 02:16:09.754 7 WARNING neutron.api.rpc.agentnotifiers.dhcp_rpc_agent_api [None req-7a4b0819-b6e3-4e0b-80b0-b772141594a3 2a1de4f9d0ea47ba9e5bdc53182fcd2b cae455927c594d61843a5ba56878d7f2 - - default default] Unable to schedule network 3a72a6c1-3221-4b7c-885f-96a814624705: no agents available; will retry on subsequent port and subnet creation events. [pid: 8|app: 0|req: 589/1240] 10.0.0.18 () {28 vars in 584 bytes} [Thu May 21 02:16:09 2026] GET /v2.0/networks => generated 4633 bytes in 64 msecs (HTTP/1.1 200) 4 headers in 158 bytes (1 switches on core 0)
2026-05-21 02:16:09.792 7 INFO neutron.plugins.ml2.drivers.ovn.mech_driver.mech_driver [None req-406a8ba4-e53e-4a22-8d4f-29f526c32794 - - - - - -] OVN reports status down for port: 00ba4741-653d-40a5-9fd4-efa51c1b4f4f
2026-05-21 02:16:09.851 7 INFO neutron.db.ovn_revision_numbers_db [None req-7a4b0819-b6e3-4e0b-80b0-b772141594a3 2a1de4f9d0ea47ba9e5bdc53182fcd2b cae455927c594d61843a5ba56878d7f2 - - default default] Successfully bumped revision number for resource 00ba4741-653d-40a5-9fd4-efa51c1b4f4f (type: ports) to 1
2026-05-21 02:16:09.890 8 INFO neutron.db.ovn_revision_numbers_db [None req-13fbf2e2-d649-46ac-a1c1-f479247a793e da677ec5c421433fb569937650544d40 00d771f1fd7849d4bd8f31915341aadc - - default default] Successfully bumped revision number for resource 878d4694-229c-421d-b329-7e22102c55b6 (type: security_groups) to 1
2026-05-21 02:16:09.903 8 INFO neutron.db.ovn_revision_numbers_db [None req-13fbf2e2-d649-46ac-a1c1-f479247a793e da677ec5c421433fb569937650544d40 00d771f1fd7849d4bd8f31915341aadc - - default default] Successfully bumped revision number for resource 21bdb4e8-8989-4739-90f3-4d35af55a195 (type: security_group_rules) to 0 [pid: 7|app: 0|req: 652/1243] 10.0.0.190 () {34 vars in 670 bytes} [Thu May 21 02:16:08 2026] POST /v2.0/networks => generated 653 bytes in 1117 msecs (HTTP/1.1 201) 4 headers in 162 bytes (1 switches on core 0)
2026-05-21 02:16:09.913 8 INFO neutron.db.ovn_revision_numbers_db [None req-13fbf2e2-d649-46ac-a1c1-f479247a793e da677ec5c421433fb569937650544d40 00d771f1fd7849d4bd8f31915341aadc - - default default] Successfully bumped revision number for resource 56264736-81f6-4a5b-80b1-69086c61506d (type: security_group_rules) to 0 [pid: 8|app: 0|req: 592/1244] 10.0.0.190 () {34 vars in 685 bytes} [Thu May 21 02:16:09 2026] POST /v2.0/security-groups => generated 1659 bytes in 180 msecs (HTTP/1.1 201) 4 headers in 163 bytes (1 switches on core 0) [pid: 8|app: 0|req: 593/1245] 10.0.0.18 () {28 vars in 598 bytes} [Thu May 21 02:16:09 2026] GET /v2.0/security-groups => generated 27752 bytes in 38 msecs (HTTP/1.1 200) 4 headers in 159 bytes (1 switches on core 0) [pid: 7|app: 0|req: 653/1246] 10.0.0.190 () {32 vars in 724 bytes} [Thu May 21 02:16:09 2026] DELETE /v2.0/subnets/fca200a1-045f-47bb-a8f9-a262dde56eb8 => generated 0 bytes in 132 msecs (HTTP/1.1 204) 3 headers in 131 bytes (1 switches on core 0)
2026-05-21 02:16:10.066 8 INFO neutron.db.segments_db [None req-7a643270-4da4-4120-8817-7997064a070c 2a1de4f9d0ea47ba9e5bdc53182fcd2b cae455927c594d61843a5ba56878d7f2 - - default default] Added segment a7a2fe3d-023b-4372-a3fa-f00ef720cac7 of type geneve for network 7891f25e-174b-4bef-b02d-c9dc454aed1d
2026-05-21 02:16:10.157 7 INFO neutron.db.ovn_revision_numbers_db [None req-67e6c2ae-0fd2-4c9e-b42e-1604be0a71be da677ec5c421433fb569937650544d40 00d771f1fd7849d4bd8f31915341aadc - - default default] Successfully bumped revision number for resource 729ee803-16aa-43bc-9de9-b1bc1cd1aacb (type: security_group_rules) to 0
2026-05-21 02:16:10.170 8 INFO neutron.db.ovn_revision_numbers_db [None req-7a643270-4da4-4120-8817-7997064a070c 2a1de4f9d0ea47ba9e5bdc53182fcd2b cae455927c594d61843a5ba56878d7f2 - - default default] Successfully bumped revision number for resource 7891f25e-174b-4bef-b02d-c9dc454aed1d (type: networks) to 1 [pid: 7|app: 0|req: 654/1247] 10.0.0.190 () {34 vars in 695 bytes} [Thu May 21 02:16:10 2026] POST /v2.0/security-group-rules => generated 597 bytes in 155 msecs (HTTP/1.1 201) 4 headers in 162 bytes (1 switches on core 0) [pid: 7|app: 0|req: 655/1248] 10.0.0.18 () {28 vars in 582 bytes} [Thu May 21 02:16:10 2026] GET /v2.0/routers => generated 977 bytes in 77 msecs (HTTP/1.1 200) 4 headers in 157 bytes (1 switches on core 0)
2026-05-21 02:16:10.327 8 WARNING neutron.scheduler.dhcp_agent_scheduler [None req-7a643270-4da4-4120-8817-7997064a070c 2a1de4f9d0ea47ba9e5bdc53182fcd2b cae455927c594d61843a5ba56878d7f2 - - default default] No more DHCP agents
2026-05-21 02:16:10.328 8 WARNING neutron.api.rpc.agentnotifiers.dhcp_rpc_agent_api [None req-7a643270-4da4-4120-8817-7997064a070c 2a1de4f9d0ea47ba9e5bdc53182fcd2b cae455927c594d61843a5ba56878d7f2 - - default default] Unable to schedule network 7891f25e-174b-4bef-b02d-c9dc454aed1d: no agents available; will retry on subsequent port and subnet creation events.
2026-05-21 02:16:10.370 7 INFO neutron.plugins.ml2.drivers.ovn.mech_driver.mech_driver [None req-406a8ba4-e53e-4a22-8d4f-29f526c32794 - - - - - -] OVN reports status down for port: bd4bf588-b722-493f-a5fa-64027472ef1e
2026-05-21 02:16:10.391 8 INFO neutron.db.ovn_revision_numbers_db [None req-7a643270-4da4-4120-8817-7997064a070c 2a1de4f9d0ea47ba9e5bdc53182fcd2b cae455927c594d61843a5ba56878d7f2 - - default default] Successfully bumped revision number for resource bd4bf588-b722-493f-a5fa-64027472ef1e (type: ports) to 1 [pid: 8|app: 0|req: 594/1249] 10.0.0.190 () {34 vars in 670 bytes} [Thu May 21 02:16:09 2026] POST /v2.0/networks => generated 653 bytes in 427 msecs (HTTP/1.1 201) 4 headers in 162 bytes (1 switches on core 0)
2026-05-21 02:16:10.420 7 INFO neutron_taas.services.taas.taas_plugin [None req-ba3da999-9408-4a70-8006-b11468e55e94 0e5ad5d86ff94329b05a98cdcb628a38 af28956ac39946c0bc8b6c516ad02807 - - default default] TaaS: Handle Delete Port: 23eabeb4-d06a-48e9-b593-f103a87c7601
