2026-05-21 02:19:49.839 8 INFO placement.requestlog [req-ac653913-0ee9-43b2-8389-59dc3d056415 req-9729b8a1-da20-4853-bbfc-cb54edcb23e7 a5db6786bc9142ad91da20e6508db9e5 0918e9a8eeee4f35948cd1324d08bacc - - 8713191e93b54117aa444d8bac75d45e 8713191e93b54117aa444d8bac75d45e] 199.204.45.242 "GET /allocations/5f664432-49a9-432f-a622-9bdb3514fe3b" status: 200 len: 258 microversion: 1.28 [pid: 8|app: 0|req: 567/1125] 199.204.45.242 () {34 vars in 863 bytes} [Thu May 21 02:19:49 2026] GET /allocations/5f664432-49a9-432f-a622-9bdb3514fe3b => generated 258 bytes in 16 msecs (HTTP/1.1 200) 8 headers in 296 bytes (1 switches on core 0)
2026-05-21 02:19:49.856 7 INFO placement.requestlog [req-ac653913-0ee9-43b2-8389-59dc3d056415 req-38774b29-31b7-4fd1-a152-0ecdbbf6534d a5db6786bc9142ad91da20e6508db9e5 0918e9a8eeee4f35948cd1324d08bacc - - 8713191e93b54117aa444d8bac75d45e 8713191e93b54117aa444d8bac75d45e] 199.204.45.242 "GET /allocations/4c1d1e05-2e53-47db-a346-f993311f478d" status: 200 len: 258 microversion: 1.28 [pid: 7|app: 0|req: 559/1126] 199.204.45.242 () {34 vars in 863 bytes} [Thu May 21 02:19:49 2026] GET /allocations/4c1d1e05-2e53-47db-a346-f993311f478d => generated 258 bytes in 10 msecs (HTTP/1.1 200) 8 headers in 296 bytes (1 switches on core 0)
2026-05-21 02:19:56.788 8 INFO placement.requestlog [req-42173eef-d403-4585-9570-c05d5103da30 req-92a6f790-772d-40df-9bb0-2a9d92f8f139 a5db6786bc9142ad91da20e6508db9e5 0918e9a8eeee4f35948cd1324d08bacc - - 8713191e93b54117aa444d8bac75d45e 8713191e93b54117aa444d8bac75d45e] 199.204.45.242 "GET /resource_providers/39884cd1-b830-4ec9-81c0-275f5cba1572/allocations" status: 200 len: 453 microversion: 1.0 [pid: 8|app: 0|req: 568/1127] 199.204.45.242 () {32 vars in 857 bytes} [Thu May 21 02:19:56 2026] GET /resource_providers/39884cd1-b830-4ec9-81c0-275f5cba1572/allocations => generated 453 bytes in 19 msecs (HTTP/1.1 200) 6 headers in 224 bytes (1 switches on core 0)
2026-05-21 02:19:56.807 7 INFO placement.requestlog [req-42173eef-d403-4585-9570-c05d5103da30 req-f4dae339-f924-4253-bf92-172405bc000c a5db6786bc9142ad91da20e6508db9e5 0918e9a8eeee4f35948cd1324d08bacc - - 8713191e93b54117aa444d8bac75d45e 8713191e93b54117aa444d8bac75d45e] 199.204.45.242 "GET /allocations/e6ed55e2-4f0a-4770-9c76-caa4753c646a" status: 200 len: 258 microversion: 1.28 [pid: 7|app: 0|req: 560/1128] 199.204.45.242 () {34 vars in 863 bytes} [Thu May 21 02:19:56 2026] GET /allocations/e6ed55e2-4f0a-4770-9c76-caa4753c646a => generated 258 bytes in 11 msecs (HTTP/1.1 200) 8 headers in 296 bytes (1 switches on core 0)
2026-05-21 02:19:56.827 8 INFO placement.requestlog [req-42173eef-d403-4585-9570-c05d5103da30 req-77575ff6-602c-46ba-88d6-202178bc525f a5db6786bc9142ad91da20e6508db9e5 0918e9a8eeee4f35948cd1324d08bacc - - 8713191e93b54117aa444d8bac75d45e 8713191e93b54117aa444d8bac75d45e] 199.204.45.242 "GET /allocations/dd8e7a3c-ed1d-4ae0-b5b4-197ecd2ab43f" status: 200 len: 258 microversion: 1.28 [pid: 8|app: 0|req: 569/1129] 199.204.45.242 () {34 vars in 863 bytes} [Thu May 21 02:19:56 2026] GET /allocations/dd8e7a3c-ed1d-4ae0-b5b4-197ecd2ab43f => generated 258 bytes in 14 msecs (HTTP/1.1 200) 8 headers in 296 bytes (1 switches on core 0)
2026-05-21 02:19:56.846 7 INFO placement.requestlog [req-42173eef-d403-4585-9570-c05d5103da30 req-de93739a-da41-40e6-bbc0-c8542ee3a87d a5db6786bc9142ad91da20e6508db9e5 0918e9a8eeee4f35948cd1324d08bacc - - 8713191e93b54117aa444d8bac75d45e 8713191e93b54117aa444d8bac75d45e] 199.204.45.242 "GET /allocations/5f664432-49a9-432f-a622-9bdb3514fe3b" status: 200 len: 258 microversion: 1.28 [pid: 7|app: 0|req: 561/1130] 199.204.45.242 () {34 vars in 863 bytes} [Thu May 21 02:19:56 2026] GET /allocations/5f664432-49a9-432f-a622-9bdb3514fe3b => generated 258 bytes in 12 msecs (HTTP/1.1 200) 8 headers in 296 bytes (1 switches on core 0)
2026-05-21 02:19:56.866 8 INFO placement.requestlog [req-42173eef-d403-4585-9570-c05d5103da30 req-21f5749e-2a86-4c6f-b809-35cb19ea59c9 a5db6786bc9142ad91da20e6508db9e5 0918e9a8eeee4f35948cd1324d08bacc - - 8713191e93b54117aa444d8bac75d45e 8713191e93b54117aa444d8bac75d45e] 199.204.45.242 "GET /allocations/4c1d1e05-2e53-47db-a346-f993311f478d" status: 200 len: 258 microversion: 1.28 [pid: 8|app: 0|req: 570/1131] 199.204.45.242 () {34 vars in 863 bytes} [Thu May 21 02:19:56 2026] GET /allocations/4c1d1e05-2e53-47db-a346-f993311f478d => generated 258 bytes in 14 msecs (HTTP/1.1 200) 8 headers in 296 bytes (1 switches on core 0)
2026-05-21 02:19:57.931 7 INFO placement.requestlog [req-42173eef-d403-4585-9570-c05d5103da30 req-01200c79-a326-4e1f-bef5-7c5fceac385b a5db6786bc9142ad91da20e6508db9e5 0918e9a8eeee4f35948cd1324d08bacc - - 8713191e93b54117aa444d8bac75d45e 8713191e93b54117aa444d8bac75d45e] 199.204.45.242 "DELETE /allocations/e6ed55e2-4f0a-4770-9c76-caa4753c646a" status: 204 len: 0 microversion: 1.0 [pid: 7|app: 0|req: 562/1132] 199.204.45.242 () {34 vars in 841 bytes} [Thu May 21 02:19:57 2026] DELETE /allocations/e6ed55e2-4f0a-4770-9c76-caa4753c646a => generated 0 bytes in 40 msecs (HTTP/1.1 204) 5 headers in 198 bytes (1 switches on core 0)
2026-05-21 02:19:59.738 7 INFO placement.requestlog [None req-b26b3866-2e3a-456b-a52e-e02c45f04e5b - - - - - -] 10.0.0.105 "GET /" status: 200 len: 136 microversion: 1.0
2026-05-21 02:19:59.739 8 INFO placement.requestlog [None req-cec6fdc0-b3d2-4077-951d-1e1333beb854 - - - - - -] 10.0.0.105 "GET /" status: 200 len: 136 microversion: 1.0
2026-05-21 02:20:04.384 7 INFO placement.requestlog [req-caa4db4f-8f7c-4d02-86a1-30c6fe671dfb req-5c4454a1-0779-487f-b539-b179d92f3a52 a5db6786bc9142ad91da20e6508db9e5 0918e9a8eeee4f35948cd1324d08bacc - - 8713191e93b54117aa444d8bac75d45e 8713191e93b54117aa444d8bac75d45e] 199.204.45.242 "GET /resource_providers/39884cd1-b830-4ec9-81c0-275f5cba1572/allocations" status: 200 len: 353 microversion: 1.0 [pid: 7|app: 0|req: 564/1135] 199.204.45.242 () {32 vars in 857 bytes} [Thu May 21 02:20:04 2026] GET /resource_providers/39884cd1-b830-4ec9-81c0-275f5cba1572/allocations => generated 353 bytes in 19 msecs (HTTP/1.1 200) 6 headers in 224 bytes (1 switches on core 0)
2026-05-21 02:20:04.403 8 INFO placement.requestlog [req-caa4db4f-8f7c-4d02-86a1-30c6fe671dfb req-3f5b2efd-d0f8-4898-aced-bbcc8e8cd408 a5db6786bc9142ad91da20e6508db9e5 0918e9a8eeee4f35948cd1324d08bacc - - 8713191e93b54117aa444d8bac75d45e 8713191e93b54117aa444d8bac75d45e] 199.204.45.242 "GET /allocations/5f664432-49a9-432f-a622-9bdb3514fe3b" status: 200 len: 258 microversion: 1.28 [pid: 8|app: 0|req: 572/1136] 199.204.45.242 () {34 vars in 863 bytes} [Thu May 21 02:20:04 2026] GET /allocations/5f664432-49a9-432f-a622-9bdb3514fe3b => generated 258 bytes in 12 msecs (HTTP/1.1 200) 8 headers in 296 bytes (1 switches on core 0)
2026-05-21 02:20:04.420 7 INFO placement.requestlog [req-caa4db4f-8f7c-4d02-86a1-30c6fe671dfb req-f0fa9500-693f-4e6a-9a5e-33196ad93b0f a5db6786bc9142ad91da20e6508db9e5 0918e9a8eeee4f35948cd1324d08bacc - - 8713191e93b54117aa444d8bac75d45e 8713191e93b54117aa444d8bac75d45e] 199.204.45.242 "GET /allocations/dd8e7a3c-ed1d-4ae0-b5b4-197ecd2ab43f" status: 200 len: 258 microversion: 1.28 [pid: 7|app: 0|req: 565/1137] 199.204.45.242 () {34 vars in 863 bytes} [Thu May 21 02:20:04 2026] GET /allocations/dd8e7a3c-ed1d-4ae0-b5b4-197ecd2ab43f => generated 258 bytes in 12 msecs (HTTP/1.1 200) 8 headers in 296 bytes (1 switches on core 0)
2026-05-21 02:20:04.438 8 INFO placement.requestlog [req-caa4db4f-8f7c-4d02-86a1-30c6fe671dfb req-223ad71d-3195-4e71-9981-622d0530f026 a5db6786bc9142ad91da20e6508db9e5 0918e9a8eeee4f35948cd1324d08bacc - - 8713191e93b54117aa444d8bac75d45e 8713191e93b54117aa444d8bac75d45e] 199.204.45.242 "GET /allocations/4c1d1e05-2e53-47db-a346-f993311f478d" status: 200 len: 258 microversion: 1.28 [pid: 8|app: 0|req: 573/1138] 199.204.45.242 () {34 vars in 863 bytes} [Thu May 21 02:20:04 2026] GET /allocations/4c1d1e05-2e53-47db-a346-f993311f478d => generated 258 bytes in 12 msecs (HTTP/1.1 200) 8 headers in 296 bytes (1 switches on core 0)
2026-05-21 02:20:05.488 7 INFO placement.requestlog [req-caa4db4f-8f7c-4d02-86a1-30c6fe671dfb req-8c6b8ea8-0d0a-40bb-9ce4-13abdece5d7d a5db6786bc9142ad91da20e6508db9e5 0918e9a8eeee4f35948cd1324d08bacc - - 8713191e93b54117aa444d8bac75d45e 8713191e93b54117aa444d8bac75d45e] 199.204.45.242 "DELETE /allocations/dd8e7a3c-ed1d-4ae0-b5b4-197ecd2ab43f" status: 204 len: 0 microversion: 1.0 [pid: 7|app: 0|req: 566/1139] 199.204.45.242 () {34 vars in 841 bytes} [Thu May 21 02:20:05 2026] DELETE /allocations/dd8e7a3c-ed1d-4ae0-b5b4-197ecd2ab43f => generated 0 bytes in 22 msecs (HTTP/1.1 204) 5 headers in 198 bytes (1 switches on core 0)
2026-05-21 02:20:09.494 7 INFO placement.requestlog [None req-d430355d-68b6-43a3-aaa9-c94f298c7706 aa12444ed98f4626bf29910ce6a99d1d 0918e9a8eeee4f35948cd1324d08bacc - - 8713191e93b54117aa444d8bac75d45e 8713191e93b54117aa444d8bac75d45e] 10.0.0.106 "GET /resource_providers/5d98997d-e99f-487f-9d8e-92c9bbb1b57a/aggregates" status: 404 len: 235 microversion: 1.1 [pid: 7|app: 0|req: 567/1140] 10.0.0.106 () {32 vars in 816 bytes} [Thu May 21 02:20:09 2026] GET /resource_providers/5d98997d-e99f-487f-9d8e-92c9bbb1b57a/aggregates => generated 235 bytes in 121 msecs (HTTP/1.1 404) 5 headers in 202 bytes (1 switches on core 0)
2026-05-21 02:20:09.499 8 INFO placement.requestlog [None req-ae5d2e64-7d52-4b88-8d01-0189a9ba838f aa12444ed98f4626bf29910ce6a99d1d 0918e9a8eeee4f35948cd1324d08bacc - - 8713191e93b54117aa444d8bac75d45e 8713191e93b54117aa444d8bac75d45e] 10.0.0.106 "GET /resource_providers/5d98997d-e99f-487f-9d8e-92c9bbb1b57a/aggregates" status: 404 len: 235 microversion: 1.1 [pid: 8|app: 0|req: 574/1141] 10.0.0.106 () {32 vars in 816 bytes} [Thu May 21 02:20:09 2026] GET /resource_providers/5d98997d-e99f-487f-9d8e-92c9bbb1b57a/aggregates => generated 235 bytes in 127 msecs (HTTP/1.1 404) 5 headers in 202 bytes (1 switches on core 0)
2026-05-21 02:20:09.512 7 INFO placement.requestlog [None req-1d61fd94-abce-4d77-8e5c-e950d6788b82 aa12444ed98f4626bf29910ce6a99d1d 0918e9a8eeee4f35948cd1324d08bacc - - 8713191e93b54117aa444d8bac75d45e 8713191e93b54117aa444d8bac75d45e] 10.0.0.106 "DELETE /resource_providers/5d98997d-e99f-487f-9d8e-92c9bbb1b57a" status: 404 len: 246 microversion: 1.1 [pid: 7|app: 0|req: 568/1142] 10.0.0.106 () {34 vars in 816 bytes} [Thu May 21 02:20:09 2026] DELETE /resource_providers/5d98997d-e99f-487f-9d8e-92c9bbb1b57a => generated 246 bytes in 11 msecs (HTTP/1.1 404) 6 headers in 231 bytes (1 switches on core 0)
2026-05-21 02:20:09.517 8 INFO placement.requestlog [None req-bf410a0f-dda9-4f67-b5b5-3665a8371446 aa12444ed98f4626bf29910ce6a99d1d 0918e9a8eeee4f35948cd1324d08bacc - - 8713191e93b54117aa444d8bac75d45e 8713191e93b54117aa444d8bac75d45e] 10.0.0.106 "DELETE /resource_providers/5d98997d-e99f-487f-9d8e-92c9bbb1b57a" status: 404 len: 246 microversion: 1.1 [pid: 8|app: 0|req: 575/1143] 10.0.0.106 () {34 vars in 816 bytes} [Thu May 21 02:20:09 2026] DELETE /resource_providers/5d98997d-e99f-487f-9d8e-92c9bbb1b57a => generated 246 bytes in 11 msecs (HTTP/1.1 404) 6 headers in 231 bytes (1 switches on core 0)
2026-05-21 02:20:09.738 7 INFO placement.requestlog [None req-d20c2058-3837-46ab-81e1-affa00732309 - - - - - -] 10.0.0.105 "GET /" status: 200 len: 136 microversion: 1.0
2026-05-21 02:20:09.739 8 INFO placement.requestlog [None req-5261d039-8add-48c7-a613-a1f24594712d - - - - - -] 10.0.0.105 "GET /" status: 200 len: 136 microversion: 1.0
2026-05-21 02:20:19.739 7 INFO placement.requestlog [None req-25dd4a51-c59d-4f60-9158-036d9f9ace6c - - - - - -] 10.0.0.105 "GET /" status: 200 len: 136 microversion: 1.0
2026-05-21 02:20:19.739 8 INFO placement.requestlog [None req-8dabc88d-c186-4cea-a3bd-09e2b26cbb43 - - - - - -] 10.0.0.105 "GET /" status: 200 len: 136 microversion: 1.0
2026-05-21 02:20:24.957 7 INFO placement.requestlog [req-10a07e81-fc8a-44aa-bddb-3b5d28e15d21 req-f1a580c1-6515-43c8-998a-00037e7ce593 a5db6786bc9142ad91da20e6508db9e5 0918e9a8eeee4f35948cd1324d08bacc - - 8713191e93b54117aa444d8bac75d45e 8713191e93b54117aa444d8bac75d45e] 199.204.45.242 "GET /resource_providers/39884cd1-b830-4ec9-81c0-275f5cba1572/allocations" status: 200 len: 253 microversion: 1.0 [pid: 7|app: 0|req: 571/1148] 199.204.45.242 () {32 vars in 857 bytes} [Thu May 21 02:20:24 2026] GET /resource_providers/39884cd1-b830-4ec9-81c0-275f5cba1572/allocations => generated 253 bytes in 14 msecs (HTTP/1.1 200) 6 headers in 224 bytes (1 switches on core 0)
2026-05-21 02:20:24.986 8 INFO placement.requestlog [req-10a07e81-fc8a-44aa-bddb-3b5d28e15d21 req-e29ebf16-84d4-4161-9e38-e3a2426262e8 a5db6786bc9142ad91da20e6508db9e5 0918e9a8eeee4f35948cd1324d08bacc - - 8713191e93b54117aa444d8bac75d45e 8713191e93b54117aa444d8bac75d45e] 199.204.45.242 "GET /resource_providers/39884cd1-b830-4ec9-81c0-275f5cba1572/allocations" status: 200 len: 253 microversion: 1.0 [pid: 8|app: 0|req: 578/1149] 199.204.45.242 () {32 vars in 857 bytes} [Thu May 21 02:20:24 2026] GET /resource_providers/39884cd1-b830-4ec9-81c0-275f5cba1572/allocations => generated 253 bytes in 16 msecs (HTTP/1.1 200) 6 headers in 224 bytes (1 switches on core 0)
2026-05-21 02:20:25.001 7 INFO placement.requestlog [req-10a07e81-fc8a-44aa-bddb-3b5d28e15d21 req-f2242f77-23a4-48d7-94b3-519dcd7701a8 a5db6786bc9142ad91da20e6508db9e5 0918e9a8eeee4f35948cd1324d08bacc - - 8713191e93b54117aa444d8bac75d45e 8713191e93b54117aa444d8bac75d45e] 199.204.45.242 "GET /allocations/5f664432-49a9-432f-a622-9bdb3514fe3b" status: 200 len: 258 microversion: 1.28 [pid: 7|app: 0|req: 572/1150] 199.204.45.242 () {34 vars in 863 bytes} [Thu May 21 02:20:24 2026] GET /allocations/5f664432-49a9-432f-a622-9bdb3514fe3b => generated 258 bytes in 10 msecs (HTTP/1.1 200) 8 headers in 296 bytes (1 switches on core 0)
2026-05-21 02:20:25.020 8 INFO placement.requestlog [req-10a07e81-fc8a-44aa-bddb-3b5d28e15d21 req-c685fa30-749e-44cb-9eaf-db55722912ed a5db6786bc9142ad91da20e6508db9e5 0918e9a8eeee4f35948cd1324d08bacc - - 8713191e93b54117aa444d8bac75d45e 8713191e93b54117aa444d8bac75d45e] 199.204.45.242 "GET /allocations/4c1d1e05-2e53-47db-a346-f993311f478d" status: 200 len: 258 microversion: 1.28 [pid: 8|app: 0|req: 579/1151] 199.204.45.242 () {34 vars in 863 bytes} [Thu May 21 02:20:25 2026] GET /allocations/4c1d1e05-2e53-47db-a346-f993311f478d => generated 258 bytes in 13 msecs (HTTP/1.1 200) 8 headers in 296 bytes (1 switches on core 0)
2026-05-21 02:20:25.109 8 INFO placement.requestlog [None req-9f641247-2d4c-4787-8648-b795a5656e7e aa12444ed98f4626bf29910ce6a99d1d 0918e9a8eeee4f35948cd1324d08bacc - - 8713191e93b54117aa444d8bac75d45e 8713191e93b54117aa444d8bac75d45e] 10.0.0.106 "GET /resource_providers/e900a985-c138-43c9-94c4-145242ea3dc3/aggregates" status: 404 len: 235 microversion: 1.1 [pid: 8|app: 0|req: 580/1152] 10.0.0.106 () {32 vars in 816 bytes} [Thu May 21 02:20:25 2026] GET /resource_providers/e900a985-c138-43c9-94c4-145242ea3dc3/aggregates => generated 235 bytes in 12 msecs (HTTP/1.1 404) 5 headers in 202 bytes (1 switches on core 0)
2026-05-21 02:20:25.111 7 INFO placement.requestlog [None req-d87d25bb-4ac4-4ce2-a062-39046196ed98 aa12444ed98f4626bf29910ce6a99d1d 0918e9a8eeee4f35948cd1324d08bacc - - 8713191e93b54117aa444d8bac75d45e 8713191e93b54117aa444d8bac75d45e] 10.0.0.106 "GET /resource_providers/e900a985-c138-43c9-94c4-145242ea3dc3/aggregates" status: 404 len: 235 microversion: 1.1 [pid: 7|app: 0|req: 573/1153] 10.0.0.106 () {32 vars in 816 bytes} [Thu May 21 02:20:25 2026] GET /resource_providers/e900a985-c138-43c9-94c4-145242ea3dc3/aggregates => generated 235 bytes in 16 msecs (HTTP/1.1 404) 5 headers in 202 bytes (1 switches on core 0)
2026-05-21 02:20:25.138 8 INFO placement.requestlog [None req-313500a1-ffec-41a6-80d3-b0e05b3b7f36 aa12444ed98f4626bf29910ce6a99d1d 0918e9a8eeee4f35948cd1324d08bacc - - 8713191e93b54117aa444d8bac75d45e 8713191e93b54117aa444d8bac75d45e] 10.0.0.106 "DELETE /resource_providers/e900a985-c138-43c9-94c4-145242ea3dc3" status: 404 len: 246 microversion: 1.1 [pid: 8|app: 0|req: 581/1154] 10.0.0.106 () {34 vars in 816 bytes} [Thu May 21 02:20:25 2026] DELETE /resource_providers/e900a985-c138-43c9-94c4-145242ea3dc3 => generated 246 bytes in 9 msecs (HTTP/1.1 404) 6 headers in 231 bytes (1 switches on core 0)
2026-05-21 02:20:25.143 7 INFO placement.requestlog [None req-25fdd684-9d2b-4fdb-b974-184a3c94c558 aa12444ed98f4626bf29910ce6a99d1d 0918e9a8eeee4f35948cd1324d08bacc - - 8713191e93b54117aa444d8bac75d45e 8713191e93b54117aa444d8bac75d45e] 10.0.0.106 "DELETE /resource_providers/e900a985-c138-43c9-94c4-145242ea3dc3" status: 404 len: 246 microversion: 1.1 [pid: 7|app: 0|req: 574/1155] 10.0.0.106 () {34 vars in 816 bytes} [Thu May 21 02:20:25 2026] DELETE /resource_providers/e900a985-c138-43c9-94c4-145242ea3dc3 => generated 246 bytes in 14 msecs (HTTP/1.1 404) 6 headers in 231 bytes (1 switches on core 0)
2026-05-21 02:20:28.564 8 INFO placement.requestlog [req-4e84b779-683a-41f9-b16d-d7d9f0df24a7 req-4891655c-d374-4c0a-8f1a-a7b9532a3617 a5db6786bc9142ad91da20e6508db9e5 0918e9a8eeee4f35948cd1324d08bacc - - 8713191e93b54117aa444d8bac75d45e 8713191e93b54117aa444d8bac75d45e] 10.0.0.82 "GET /allocation_candidates?limit=1000&resources=MEMORY_MB%3A2048%2CVCPU%3A2&root_required=%21COMPUTE_STATUS_DISABLED" status: 200 len: 2771 microversion: 1.36 [pid: 8|app: 0|req: 582/1156] 10.0.0.82 () {34 vars in 985 bytes} [Thu May 21 02:20:28 2026] GET /allocation_candidates?limit=1000&resources=MEMORY_MB%3A2048%2CVCPU%3A2&root_required=%21COMPUTE_STATUS_DISABLED => generated 2771 bytes in 232 msecs (HTTP/1.1 200) 8 headers in 297 bytes (1 switches on core 0)
2026-05-21 02:20:28.592 7 INFO placement.requestlog [req-4e84b779-683a-41f9-b16d-d7d9f0df24a7 req-f43feb72-ef4e-41a1-8df8-84c5d0ae003f a5db6786bc9142ad91da20e6508db9e5 0918e9a8eeee4f35948cd1324d08bacc - - 8713191e93b54117aa444d8bac75d45e 8713191e93b54117aa444d8bac75d45e] 10.0.0.82 "GET /allocations/256f9ce2-3350-4405-a05d-6a58cd6cd14a" status: 200 len: 19 microversion: 1.28 [pid: 7|app: 0|req: 575/1157] 10.0.0.82 () {34 vars in 860 bytes} [Thu May 21 02:20:28 2026] GET /allocations/256f9ce2-3350-4405-a05d-6a58cd6cd14a => generated 19 bytes in 10 msecs (HTTP/1.1 200) 8 headers in 295 bytes (1 switches on core 0)
2026-05-21 02:20:28.660 8 INFO placement.requestlog [req-4e84b779-683a-41f9-b16d-d7d9f0df24a7 req-f260a054-3517-4b4d-9b0b-996f2b0b7abb a5db6786bc9142ad91da20e6508db9e5 0918e9a8eeee4f35948cd1324d08bacc - - 8713191e93b54117aa444d8bac75d45e 8713191e93b54117aa444d8bac75d45e] 10.0.0.82 "PUT /allocations/256f9ce2-3350-4405-a05d-6a58cd6cd14a" status: 204 len: 0 microversion: 1.36 [pid: 8|app: 0|req: 583/1158] 10.0.0.82 () {38 vars in 913 bytes} [Thu May 21 02:20:28 2026] PUT /allocations/256f9ce2-3350-4405-a05d-6a58cd6cd14a => generated 0 bytes in 62 msecs (HTTP/1.1 204) 5 headers in 199 bytes (1 switches on core 0)
2026-05-21 02:20:29.739 7 INFO placement.requestlog [None req-eddbb235-2f99-4f25-8895-6e65097cfa44 - - - - - -] 10.0.0.105 "GET /" status: 200 len: 136 microversion: 1.0
2026-05-21 02:20:29.739 8 INFO placement.requestlog [None req-ac19abe5-615a-4c25-98fa-d5e5388ad80a - - - - - -] 10.0.0.105 "GET /" status: 200 len: 136 microversion: 1.0
2026-05-21 02:20:29.988 7 INFO placement.requestlog [req-4e84b779-683a-41f9-b16d-d7d9f0df24a7 req-cdef79ed-f114-49e7-b31e-be9b9b77dfc8 a5db6786bc9142ad91da20e6508db9e5 0918e9a8eeee4f35948cd1324d08bacc - - 8713191e93b54117aa444d8bac75d45e 8713191e93b54117aa444d8bac75d45e] 199.204.45.242 "GET /allocations/256f9ce2-3350-4405-a05d-6a58cd6cd14a" status: 200 len: 245 microversion: 1.28 [pid: 7|app: 0|req: 577/1161] 199.204.45.242 () {34 vars in 863 bytes} [Thu May 21 02:20:29 2026] GET /allocations/256f9ce2-3350-4405-a05d-6a58cd6cd14a => generated 245 bytes in 12 msecs (HTTP/1.1 200) 8 headers in 296 bytes (1 switches on core 0)
2026-05-21 02:20:31.039 8 INFO placement.requestlog [req-4e84b779-683a-41f9-b16d-d7d9f0df24a7 req-49d941f4-cfcb-466c-b9c7-77750285bc62 a5db6786bc9142ad91da20e6508db9e5 0918e9a8eeee4f35948cd1324d08bacc - - 8713191e93b54117aa444d8bac75d45e 8713191e93b54117aa444d8bac75d45e] 199.204.45.242 "GET /resource_providers/39884cd1-b830-4ec9-81c0-275f5cba1572/allocations" status: 200 len: 340 microversion: 1.0 [pid: 8|app: 0|req: 585/1162] 199.204.45.242 () {32 vars in 857 bytes} [Thu May 21 02:20:31 2026] GET /resource_providers/39884cd1-b830-4ec9-81c0-275f5cba1572/allocations => generated 340 bytes in 22 msecs (HTTP/1.1 200) 6 headers in 224 bytes (1 switches on core 0)
2026-05-21 02:20:31.071 7 INFO placement.requestlog [req-4e84b779-683a-41f9-b16d-d7d9f0df24a7 req-c7522e79-f2fd-40d5-b133-6f897ca36b47 a5db6786bc9142ad91da20e6508db9e5 0918e9a8eeee4f35948cd1324d08bacc - - 8713191e93b54117aa444d8bac75d45e 8713191e93b54117aa444d8bac75d45e] 199.204.45.242 "GET /allocations/5f664432-49a9-432f-a622-9bdb3514fe3b" status: 200 len: 258 microversion: 1.28 [pid: 7|app: 0|req: 578/1163] 199.204.45.242 () {34 vars in 863 bytes} [Thu May 21 02:20:31 2026] GET /allocations/5f664432-49a9-432f-a622-9bdb3514fe3b => generated 258 bytes in 22 msecs (HTTP/1.1 200) 8 headers in 296 bytes (1 switches on core 0)
2026-05-21 02:20:31.094 8 INFO placement.requestlog [req-4e84b779-683a-41f9-b16d-d7d9f0df24a7 req-296d9ee7-b2eb-4177-b9ac-fcd8891ac21c a5db6786bc9142ad91da20e6508db9e5 0918e9a8eeee4f35948cd1324d08bacc - - 8713191e93b54117aa444d8bac75d45e 8713191e93b54117aa444d8bac75d45e] 199.204.45.242 "GET /allocations/4c1d1e05-2e53-47db-a346-f993311f478d" status: 200 len: 258 microversion: 1.28 [pid: 8|app: 0|req: 586/1164] 199.204.45.242 () {34 vars in 863 bytes} [Thu May 21 02:20:31 2026] GET /allocations/4c1d1e05-2e53-47db-a346-f993311f478d => generated 258 bytes in 15 msecs (HTTP/1.1 200) 8 headers in 296 bytes (1 switches on core 0)
2026-05-21 02:20:31.115 7 INFO placement.requestlog [req-4e84b779-683a-41f9-b16d-d7d9f0df24a7 req-03955ee5-dd4b-49a2-bde2-8a9498f536c4 a5db6786bc9142ad91da20e6508db9e5 0918e9a8eeee4f35948cd1324d08bacc - - 8713191e93b54117aa444d8bac75d45e 8713191e93b54117aa444d8bac75d45e] 199.204.45.242 "GET /allocations/256f9ce2-3350-4405-a05d-6a58cd6cd14a" status: 200 len: 245 microversion: 1.28 [pid: 7|app: 0|req: 579/1165] 199.204.45.242 () {34 vars in 863 bytes} [Thu May 21 02:20:31 2026] GET /allocations/256f9ce2-3350-4405-a05d-6a58cd6cd14a => generated 245 bytes in 16 msecs (HTTP/1.1 200) 8 headers in 296 bytes (1 switches on core 0)
2026-05-21 02:20:32.816 7 INFO placement.requestlog [None req-4af966e6-31aa-4e13-97dc-56ff929a78d6 aa12444ed98f4626bf29910ce6a99d1d 0918e9a8eeee4f35948cd1324d08bacc - - 8713191e93b54117aa444d8bac75d45e 8713191e93b54117aa444d8bac75d45e] 10.0.0.106 "GET /resource_providers/dedd8be8-46e5-4a1d-82ed-fe8433e7858d/aggregates" status: 404 len: 235 microversion: 1.1 [pid: 7|app: 0|req: 580/1166] 10.0.0.106 () {32 vars in 816 bytes} [Thu May 21 02:20:32 2026] GET /resource_providers/dedd8be8-46e5-4a1d-82ed-fe8433e7858d/aggregates => generated 235 bytes in 9 msecs (HTTP/1.1 404) 5 headers in 202 bytes (1 switches on core 0)
2026-05-21 02:20:32.817 8 INFO placement.requestlog [None req-f253122e-3b8f-44b7-b738-525b81564cac aa12444ed98f4626bf29910ce6a99d1d 0918e9a8eeee4f35948cd1324d08bacc - - 8713191e93b54117aa444d8bac75d45e 8713191e93b54117aa444d8bac75d45e] 10.0.0.106 "GET /resource_providers/dedd8be8-46e5-4a1d-82ed-fe8433e7858d/aggregates" status: 404 len: 235 microversion: 1.1 [pid: 8|app: 0|req: 587/1167] 10.0.0.106 () {32 vars in 816 bytes} [Thu May 21 02:20:32 2026] GET /resource_providers/dedd8be8-46e5-4a1d-82ed-fe8433e7858d/aggregates => generated 235 bytes in 10 msecs (HTTP/1.1 404) 5 headers in 202 bytes (1 switches on core 0)
2026-05-21 02:20:32.845 8 INFO placement.requestlog [None req-68ff03a8-f332-48ae-9172-e5bd7840128a aa12444ed98f4626bf29910ce6a99d1d 0918e9a8eeee4f35948cd1324d08bacc - - 8713191e93b54117aa444d8bac75d45e 8713191e93b54117aa444d8bac75d45e] 10.0.0.106 "DELETE /resource_providers/dedd8be8-46e5-4a1d-82ed-fe8433e7858d" status: 404 len: 246 microversion: 1.1 [pid: 8|app: 0|req: 588/1168] 10.0.0.106 () {34 vars in 816 bytes} [Thu May 21 02:20:32 2026] DELETE /resource_providers/dedd8be8-46e5-4a1d-82ed-fe8433e7858d => generated 246 bytes in 14 msecs (HTTP/1.1 404) 6 headers in 231 bytes (1 switches on core 0)
2026-05-21 02:20:32.845 7 INFO placement.requestlog [None req-dd54e12c-056c-4273-a22f-3c825523d1a0 aa12444ed98f4626bf29910ce6a99d1d 0918e9a8eeee4f35948cd1324d08bacc - - 8713191e93b54117aa444d8bac75d45e 8713191e93b54117aa444d8bac75d45e] 10.0.0.106 "DELETE /resource_providers/dedd8be8-46e5-4a1d-82ed-fe8433e7858d" status: 404 len: 246 microversion: 1.1 [pid: 7|app: 0|req: 581/1169] 10.0.0.106 () {34 vars in 816 bytes} [Thu May 21 02:20:32 2026] DELETE /resource_providers/dedd8be8-46e5-4a1d-82ed-fe8433e7858d => generated 246 bytes in 17 msecs (HTTP/1.1 404) 6 headers in 231 bytes (1 switches on core 0)
2026-05-21 02:20:39.739 8 INFO placement.requestlog [None req-d7b295f3-121b-4913-b96d-204ba58ba168 - - - - - -] 10.0.0.105 "GET /" status: 200 len: 136 microversion: 1.0
2026-05-21 02:20:39.739 7 INFO placement.requestlog [None req-fb8c30da-409a-4fdd-886c-400bcbed3005 - - - - - -] 10.0.0.105 "GET /" status: 200 len: 136 microversion: 1.0
2026-05-21 02:20:49.739 7 INFO placement.requestlog [None req-5385fc5d-f83b-48cb-8a48-374eaaf6d906 - - - - - -] 10.0.0.105 "GET /" status: 200 len: 136 microversion: 1.0
2026-05-21 02:20:49.739 8 INFO placement.requestlog [None req-99a58254-2e20-4aaf-9fa2-1ca5dd6db3b7 - - - - - -] 10.0.0.105 "GET /" status: 200 len: 136 microversion: 1.0
2026-05-21 02:20:59.740 7 INFO placement.requestlog [None req-d176042e-237c-42a8-ab54-990e5b80f38d - - - - - -] 10.0.0.105 "GET /" status: 200 len: 136 microversion: 1.0
2026-05-21 02:20:59.740 8 INFO placement.requestlog [None req-1c876e8f-d1a3-4e9b-b098-30cf5141c896 - - - - - -] 10.0.0.105 "GET /" status: 200 len: 136 microversion: 1.0
2026-05-21 02:21:09.739 8 INFO placement.requestlog [None req-7cc2674f-0cd9-48b5-be4e-16c260af5ce3 - - - - - -] 10.0.0.105 "GET /" status: 200 len: 136 microversion: 1.0
2026-05-21 02:21:09.739 7 INFO placement.requestlog [None req-785d0423-b6df-403f-8167-8f18e9e0dd26 - - - - - -] 10.0.0.105 "GET /" status: 200 len: 136 microversion: 1.0
2026-05-21 02:21:19.739 8 INFO placement.requestlog [None req-1ff97556-8fff-4da4-b383-ef5a4cd161e9 - - - - - -] 10.0.0.105 "GET /" status: 200 len: 136 microversion: 1.0
2026-05-21 02:21:19.739 7 INFO placement.requestlog [None req-234d1eb5-921d-41d5-8076-4ef6013b258a - - - - - -] 10.0.0.105 "GET /" status: 200 len: 136 microversion: 1.0
2026-05-21 02:21:25.095 8 INFO placement.requestlog [req-35af0a07-9757-456a-9474-816e9c1ef857 req-07911ed0-1ea7-4249-89cf-6e6a8089469d a5db6786bc9142ad91da20e6508db9e5 0918e9a8eeee4f35948cd1324d08bacc - - 8713191e93b54117aa444d8bac75d45e 8713191e93b54117aa444d8bac75d45e] 199.204.45.242 "GET /resource_providers/39884cd1-b830-4ec9-81c0-275f5cba1572/allocations" status: 200 len: 340 microversion: 1.0 [pid: 8|app: 0|req: 594/1180] 199.204.45.242 () {32 vars in 857 bytes} [Thu May 21 02:21:25 2026] GET /resource_providers/39884cd1-b830-4ec9-81c0-275f5cba1572/allocations => generated 340 bytes in 16 msecs (HTTP/1.1 200) 6 headers in 224 bytes (1 switches on core 0)
2026-05-21 02:21:25.118 7 INFO placement.requestlog [req-35af0a07-9757-456a-9474-816e9c1ef857 req-583b9930-175b-4b39-9f72-1d7641a4b6ee a5db6786bc9142ad91da20e6508db9e5 0918e9a8eeee4f35948cd1324d08bacc - - 8713191e93b54117aa444d8bac75d45e 8713191e93b54117aa444d8bac75d45e] 199.204.45.242 "GET /resource_providers/39884cd1-b830-4ec9-81c0-275f5cba1572/allocations" status: 200 len: 340 microversion: 1.0 [pid: 7|app: 0|req: 587/1181] 199.204.45.242 () {32 vars in 857 bytes} [Thu May 21 02:21:25 2026] GET /resource_providers/39884cd1-b830-4ec9-81c0-275f5cba1572/allocations => generated 340 bytes in 18 msecs (HTTP/1.1 200) 6 headers in 224 bytes (1 switches on core 0)
2026-05-21 02:21:25.136 8 INFO placement.requestlog [req-35af0a07-9757-456a-9474-816e9c1ef857 req-c487c32e-fc3b-41ba-8d1c-a2bff0d2eeed a5db6786bc9142ad91da20e6508db9e5 0918e9a8eeee4f35948cd1324d08bacc - - 8713191e93b54117aa444d8bac75d45e 8713191e93b54117aa444d8bac75d45e] 199.204.45.242 "GET /allocations/5f664432-49a9-432f-a622-9bdb3514fe3b" status: 200 len: 258 microversion: 1.28 [pid: 8|app: 0|req: 595/1182] 199.204.45.242 () {34 vars in 863 bytes} [Thu May 21 02:21:25 2026] GET /allocations/5f664432-49a9-432f-a622-9bdb3514fe3b => generated 258 bytes in 12 msecs (HTTP/1.1 200) 8 headers in 296 bytes (1 switches on core 0)
2026-05-21 02:21:25.156 7 INFO placement.requestlog [req-35af0a07-9757-456a-9474-816e9c1ef857 req-f4e93e2a-7d0d-4ed0-8c2b-66d4c48d1706 a5db6786bc9142ad91da20e6508db9e5 0918e9a8eeee4f35948cd1324d08bacc - - 8713191e93b54117aa444d8bac75d45e 8713191e93b54117aa444d8bac75d45e] 199.204.45.242 "GET /allocations/4c1d1e05-2e53-47db-a346-f993311f478d" status: 200 len: 258 microversion: 1.28 [pid: 7|app: 0|req: 588/1183] 199.204.45.242 () {34 vars in 863 bytes} [Thu May 21 02:21:25 2026] GET /allocations/4c1d1e05-2e53-47db-a346-f993311f478d => generated 258 bytes in 16 msecs (HTTP/1.1 200) 8 headers in 296 bytes (1 switches on core 0)
2026-05-21 02:21:25.175 8 INFO placement.requestlog [req-35af0a07-9757-456a-9474-816e9c1ef857 req-4d5d9e35-c4cd-44b0-824c-ff65de020c12 a5db6786bc9142ad91da20e6508db9e5 0918e9a8eeee4f35948cd1324d08bacc - - 8713191e93b54117aa444d8bac75d45e 8713191e93b54117aa444d8bac75d45e] 199.204.45.242 "GET /allocations/256f9ce2-3350-4405-a05d-6a58cd6cd14a" status: 200 len: 245 microversion: 1.28 [pid: 8|app: 0|req: 596/1184] 199.204.45.242 () {34 vars in 863 bytes} [Thu May 21 02:21:25 2026] GET /allocations/256f9ce2-3350-4405-a05d-6a58cd6cd14a => generated 245 bytes in 12 msecs (HTTP/1.1 200) 8 headers in 296 bytes (1 switches on core 0)
2026-05-21 02:21:29.739 7 INFO placement.requestlog [None req-b34e37ee-dc27-4e8b-8eee-0da3550c4431 - - - - - -] 10.0.0.105 "GET /" status: 200 len: 136 microversion: 1.0
2026-05-21 02:21:29.739 8 INFO placement.requestlog [None req-aa719c60-8733-44af-b538-f45d0054206d - - - - - -] 10.0.0.105 "GET /" status: 200 len: 136 microversion: 1.0
2026-05-21 02:21:39.740 8 INFO placement.requestlog [None req-f76fd58d-f029-4303-aeea-b18f0f9237f9 - - - - - -] 10.0.0.105 "GET /" status: 200 len: 136 microversion: 1.0
2026-05-21 02:21:39.740 7 INFO placement.requestlog [None req-f072fb42-8c26-4b31-a079-3d92fa35524d - - - - - -] 10.0.0.105 "GET /" status: 200 len: 136 microversion: 1.0
2026-05-21 02:21:49.740 8 INFO placement.requestlog [None req-d9e156bc-5b5c-403c-aa01-fd0d72d65ac8 - - - - - -] 10.0.0.105 "GET /" status: 200 len: 136 microversion: 1.0
2026-05-21 02:21:49.740 7 INFO placement.requestlog [None req-05c49568-8e49-4e68-8fac-76bcb6b674cb - - - - - -] 10.0.0.105 "GET /" status: 200 len: 136 microversion: 1.0
2026-05-21 02:21:59.739 7 INFO placement.requestlog [None req-b1408b00-691a-4c02-bc9c-73cc93468b11 - - - - - -] 10.0.0.105 "GET /" status: 200 len: 136 microversion: 1.0
2026-05-21 02:21:59.739 8 INFO placement.requestlog [None req-18d1c0a3-35e6-492f-a7fb-b8da7f87f491 - - - - - -] 10.0.0.105 "GET /" status: 200 len: 136 microversion: 1.0
2026-05-21 02:22:09.739 7 INFO placement.requestlog [None req-68e70e12-2c34-478b-bbc7-4bff5a41ca85 - - - - - -] 10.0.0.105 "GET /" status: 200 len: 136 microversion: 1.0
2026-05-21 02:22:09.740 8 INFO placement.requestlog [None req-620aa230-ef74-4662-bcd2-52796dfbd580 - - - - - -] 10.0.0.105 "GET /" status: 200 len: 136 microversion: 1.0
2026-05-21 02:22:19.738 7 INFO placement.requestlog [None req-9b3f0885-778d-4799-ab39-1b5ba873d3a2 - - - - - -] 10.0.0.105 "GET /" status: 200 len: 136 microversion: 1.0
2026-05-21 02:22:19.739 8 INFO placement.requestlog [None req-17ed8d6a-b76f-41ef-92e1-925188222b7e - - - - - -] 10.0.0.105 "GET /" status: 200 len: 136 microversion: 1.0
2026-05-21 02:22:27.086 7 INFO placement.requestlog [req-3920570a-21f3-4284-b3b0-b2c575ab1baa req-a3e4f721-cf6a-4c27-b92f-ef17270cf2c4 a5db6786bc9142ad91da20e6508db9e5 0918e9a8eeee4f35948cd1324d08bacc - - 8713191e93b54117aa444d8bac75d45e 8713191e93b54117aa444d8bac75d45e] 199.204.45.242 "GET /resource_providers/39884cd1-b830-4ec9-81c0-275f5cba1572/allocations" status: 200 len: 340 microversion: 1.0 [pid: 7|app: 0|req: 595/1197] 199.204.45.242 () {32 vars in 857 bytes} [Thu May 21 02:22:26 2026] GET /resource_providers/39884cd1-b830-4ec9-81c0-275f5cba1572/allocations => generated 340 bytes in 127 msecs (HTTP/1.1 200) 6 headers in 224 bytes (1 switches on core 0)
2026-05-21 02:22:27.115 8 INFO placement.requestlog [req-3920570a-21f3-4284-b3b0-b2c575ab1baa req-506f8e71-07fd-454b-b78f-3c54a67c1792 a5db6786bc9142ad91da20e6508db9e5 0918e9a8eeee4f35948cd1324d08bacc - - 8713191e93b54117aa444d8bac75d45e 8713191e93b54117aa444d8bac75d45e] 199.204.45.242 "GET /resource_providers?in_tree=39884cd1-b830-4ec9-81c0-275f5cba1572" status: 200 len: 798 microversion: 1.14 [pid: 8|app: 0|req: 603/1198] 199.204.45.242 () {34 vars in 892 bytes} [Thu May 21 02:22:27 2026] GET /resource_providers?in_tree=39884cd1-b830-4ec9-81c0-275f5cba1572 => generated 798 bytes in 20 msecs (HTTP/1.1 200) 6 headers in 225 bytes (1 switches on core 0)
2026-05-21 02:22:27.136 7 INFO placement.requestlog [req-3920570a-21f3-4284-b3b0-b2c575ab1baa req-5b85609d-d157-49c8-b930-ecb898a0b299 a5db6786bc9142ad91da20e6508db9e5 0918e9a8eeee4f35948cd1324d08bacc - - 8713191e93b54117aa444d8bac75d45e 8713191e93b54117aa444d8bac75d45e] 199.204.45.242 "GET /resource_providers/39884cd1-b830-4ec9-81c0-275f5cba1572/inventories" status: 200 len: 401 microversion: 1.0 [pid: 7|app: 0|req: 596/1199] 199.204.45.242 () {32 vars in 857 bytes} [Thu May 21 02:22:27 2026] GET /resource_providers/39884cd1-b830-4ec9-81c0-275f5cba1572/inventories => generated 401 bytes in 14 msecs (HTTP/1.1 200) 6 headers in 224 bytes (1 switches on core 0)
2026-05-21 02:22:27.157 8 INFO placement.requestlog [req-3920570a-21f3-4284-b3b0-b2c575ab1baa req-b09173da-8a9d-411f-9838-0de711690d0b a5db6786bc9142ad91da20e6508db9e5 0918e9a8eeee4f35948cd1324d08bacc - - 8713191e93b54117aa444d8bac75d45e 8713191e93b54117aa444d8bac75d45e] 199.204.45.242 "GET /resource_providers/39884cd1-b830-4ec9-81c0-275f5cba1572/aggregates" status: 200 len: 54 microversion: 1.19 [pid: 8|app: 0|req: 604/1200] 199.204.45.242 () {34 vars in 899 bytes} [Thu May 21 02:22:27 2026] GET /resource_providers/39884cd1-b830-4ec9-81c0-275f5cba1572/aggregates => generated 54 bytes in 14 msecs (HTTP/1.1 200) 8 headers in 295 bytes (1 switches on core 0)
2026-05-21 02:22:27.180 7 INFO placement.requestlog [req-3920570a-21f3-4284-b3b0-b2c575ab1baa req-d80a409f-9810-4bbd-be19-0d7d8c95dd1d a5db6786bc9142ad91da20e6508db9e5 0918e9a8eeee4f35948cd1324d08bacc - - 8713191e93b54117aa444d8bac75d45e 8713191e93b54117aa444d8bac75d45e] 199.204.45.242 "GET /resource_providers/39884cd1-b830-4ec9-81c0-275f5cba1572/traits" status: 200 len: 2317 microversion: 1.6 [pid: 7|app: 0|req: 597/1201] 199.204.45.242 () {34 vars in 890 bytes} [Thu May 21 02:22:27 2026] GET /resource_providers/39884cd1-b830-4ec9-81c0-275f5cba1572/traits => generated 2317 bytes in 18 msecs (HTTP/1.1 200) 6 headers in 225 bytes (1 switches on core 0)
2026-05-21 02:22:27.208 8 INFO placement.requestlog [req-3920570a-21f3-4284-b3b0-b2c575ab1baa req-10547306-1fd1-41f3-b302-f34f1591d640 a5db6786bc9142ad91da20e6508db9e5 0918e9a8eeee4f35948cd1324d08bacc - - 8713191e93b54117aa444d8bac75d45e 8713191e93b54117aa444d8bac75d45e] 199.204.45.242 "GET /resource_providers/39884cd1-b830-4ec9-81c0-275f5cba1572/allocations" status: 200 len: 340 microversion: 1.0 [pid: 8|app: 0|req: 605/1202] 199.204.45.242 () {32 vars in 857 bytes} [Thu May 21 02:22:27 2026] GET /resource_providers/39884cd1-b830-4ec9-81c0-275f5cba1572/allocations => generated 340 bytes in 19 msecs (HTTP/1.1 200) 6 headers in 224 bytes (1 switches on core 0)
2026-05-21 02:22:27.229 7 INFO placement.requestlog [req-3920570a-21f3-4284-b3b0-b2c575ab1baa req-86151753-67e2-4525-843e-8f21a16b20d8 a5db6786bc9142ad91da20e6508db9e5 0918e9a8eeee4f35948cd1324d08bacc - - 8713191e93b54117aa444d8bac75d45e 8713191e93b54117aa444d8bac75d45e] 199.204.45.242 "GET /allocations/5f664432-49a9-432f-a622-9bdb3514fe3b" status: 200 len: 258 microversion: 1.28 [pid: 7|app: 0|req: 598/1203] 199.204.45.242 () {34 vars in 863 bytes} [Thu May 21 02:22:27 2026] GET /allocations/5f664432-49a9-432f-a622-9bdb3514fe3b => generated 258 bytes in 17 msecs (HTTP/1.1 200) 8 headers in 296 bytes (1 switches on core 0)
2026-05-21 02:22:27.244 8 INFO placement.requestlog [req-3920570a-21f3-4284-b3b0-b2c575ab1baa req-65d038fd-dd7b-41af-8b18-63a9fcc3ef0c a5db6786bc9142ad91da20e6508db9e5 0918e9a8eeee4f35948cd1324d08bacc - - 8713191e93b54117aa444d8bac75d45e 8713191e93b54117aa444d8bac75d45e] 199.204.45.242 "GET /allocations/4c1d1e05-2e53-47db-a346-f993311f478d" status: 200 len: 258 microversion: 1.28 [pid: 8|app: 0|req: 606/1204] 199.204.45.242 () {34 vars in 863 bytes} [Thu May 21 02:22:27 2026] GET /allocations/4c1d1e05-2e53-47db-a346-f993311f478d => generated 258 bytes in 11 msecs (HTTP/1.1 200) 8 headers in 296 bytes (1 switches on core 0)
2026-05-21 02:22:27.261 7 INFO placement.requestlog [req-3920570a-21f3-4284-b3b0-b2c575ab1baa req-eb1b6c19-75e4-4799-b720-11c0c58e2b51 a5db6786bc9142ad91da20e6508db9e5 0918e9a8eeee4f35948cd1324d08bacc - - 8713191e93b54117aa444d8bac75d45e 8713191e93b54117aa444d8bac75d45e] 199.204.45.242 "GET /allocations/256f9ce2-3350-4405-a05d-6a58cd6cd14a" status: 200 len: 245 microversion: 1.28 [pid: 7|app: 0|req: 599/1205] 199.204.45.242 () {34 vars in 863 bytes} [Thu May 21 02:22:27 2026] GET /allocations/256f9ce2-3350-4405-a05d-6a58cd6cd14a => generated 245 bytes in 13 msecs (HTTP/1.1 200) 8 headers in 296 bytes (1 switches on core 0)
2026-05-21 02:22:29.739 8 INFO placement.requestlog [None req-14f22dd7-83e1-47b4-a4cd-ff86f18d2ef7 - - - - - -] 10.0.0.105 "GET /" status: 200 len: 136 microversion: 1.0
2026-05-21 02:22:29.739 7 INFO placement.requestlog [None req-5808bd88-1f41-483e-bd18-c7f7f0cc0614 - - - - - -] 10.0.0.105 "GET /" status: 200 len: 136 microversion: 1.0
2026-05-21 02:22:39.740 8 INFO placement.requestlog [None req-caf00ded-23a9-4695-b614-ac3ca078f84d - - - - - -] 10.0.0.105 "GET /" status: 200 len: 136 microversion: 1.0
2026-05-21 02:22:39.740 7 INFO placement.requestlog [None req-14dfd7b6-4c4f-4895-8f40-d120924a6ddc - - - - - -] 10.0.0.105 "GET /" status: 200 len: 136 microversion: 1.0
2026-05-21 02:22:49.739 8 INFO placement.requestlog [None req-9038ac30-9543-466f-b959-0e5c5a5f8da0 - - - - - -] 10.0.0.105 "GET /" status: 200 len: 136 microversion: 1.0
2026-05-21 02:22:49.740 7 INFO placement.requestlog [None req-b4c0c32d-54dd-4e29-972f-77a8b5865688 - - - - - -] 10.0.0.105 "GET /" status: 200 len: 136 microversion: 1.0
2026-05-21 02:22:59.739 8 INFO placement.requestlog [None req-645a62cd-cbf4-4b77-8a6d-4f7020edae52 - - - - - -] 10.0.0.105 "GET /" status: 200 len: 136 microversion: 1.0
2026-05-21 02:22:59.739 7 INFO placement.requestlog [None req-1aa1cd60-92e3-403c-8837-25d4afa2c6cc - - - - - -] 10.0.0.105 "GET /" status: 200 len: 136 microversion: 1.0
2026-05-21 02:23:09.742 7 INFO placement.requestlog [None req-94333a38-8d32-4cc2-86da-a3b7e5a54e2a - - - - - -] 10.0.0.105 "GET /" status: 200 len: 136 microversion: 1.0
2026-05-21 02:23:09.742 8 INFO placement.requestlog [None req-9076a6f6-2bf4-4d13-b6ff-13480482ed28 - - - - - -] 10.0.0.105 "GET /" status: 200 len: 136 microversion: 1.0
2026-05-21 02:23:18.150 7 INFO placement.requestlog [req-800ca7f0-e110-480a-a02a-184daf8fc69d req-3dc3805f-87ff-406e-a164-1c8ade797ddb a5db6786bc9142ad91da20e6508db9e5 0918e9a8eeee4f35948cd1324d08bacc - - 8713191e93b54117aa444d8bac75d45e 8713191e93b54117aa444d8bac75d45e] 199.204.45.242 "GET /resource_providers/39884cd1-b830-4ec9-81c0-275f5cba1572/allocations" status: 200 len: 340 microversion: 1.0 [pid: 7|app: 0|req: 605/1216] 199.204.45.242 () {32 vars in 857 bytes} [Thu May 21 02:23:18 2026] GET /resource_providers/39884cd1-b830-4ec9-81c0-275f5cba1572/allocations => generated 340 bytes in 17 msecs (HTTP/1.1 200) 6 headers in 224 bytes (1 switches on core 0)
2026-05-21 02:23:18.169 8 INFO placement.requestlog [req-800ca7f0-e110-480a-a02a-184daf8fc69d req-bbbadc56-5690-4c94-8671-91a563f51bc5 a5db6786bc9142ad91da20e6508db9e5 0918e9a8eeee4f35948cd1324d08bacc - - 8713191e93b54117aa444d8bac75d45e 8713191e93b54117aa444d8bac75d45e] 199.204.45.242 "GET /allocations/5f664432-49a9-432f-a622-9bdb3514fe3b" status: 200 len: 258 microversion: 1.28 [pid: 8|app: 0|req: 612/1217] 199.204.45.242 () {34 vars in 863 bytes} [Thu May 21 02:23:18 2026] GET /allocations/5f664432-49a9-432f-a622-9bdb3514fe3b => generated 258 bytes in 11 msecs (HTTP/1.1 200) 8 headers in 296 bytes (1 switches on core 0)
2026-05-21 02:23:18.184 7 INFO placement.requestlog [req-800ca7f0-e110-480a-a02a-184daf8fc69d req-eaf4c80e-fbd9-4a72-a0c4-305ff459e4da a5db6786bc9142ad91da20e6508db9e5 0918e9a8eeee4f35948cd1324d08bacc - - 8713191e93b54117aa444d8bac75d45e 8713191e93b54117aa444d8bac75d45e] 199.204.45.242 "GET /allocations/4c1d1e05-2e53-47db-a346-f993311f478d" status: 200 len: 258 microversion: 1.28 [pid: 7|app: 0|req: 606/1218] 199.204.45.242 () {34 vars in 863 bytes} [Thu May 21 02:23:18 2026] GET /allocations/4c1d1e05-2e53-47db-a346-f993311f478d => generated 258 bytes in 10 msecs (HTTP/1.1 200) 8 headers in 296 bytes (1 switches on core 0)
2026-05-21 02:23:18.202 8 INFO placement.requestlog [req-800ca7f0-e110-480a-a02a-184daf8fc69d req-b1d0de59-30c8-4280-8433-6f9692064a78 a5db6786bc9142ad91da20e6508db9e5 0918e9a8eeee4f35948cd1324d08bacc - - 8713191e93b54117aa444d8bac75d45e 8713191e93b54117aa444d8bac75d45e] 199.204.45.242 "GET /allocations/256f9ce2-3350-4405-a05d-6a58cd6cd14a" status: 200 len: 245 microversion: 1.28 [pid: 8|app: 0|req: 613/1219] 199.204.45.242 () {34 vars in 863 bytes} [Thu May 21 02:23:18 2026] GET /allocations/256f9ce2-3350-4405-a05d-6a58cd6cd14a => generated 245 bytes in 11 msecs (HTTP/1.1 200) 8 headers in 296 bytes (1 switches on core 0)
2026-05-21 02:23:19.253 7 INFO placement.requestlog [req-800ca7f0-e110-480a-a02a-184daf8fc69d req-0e64181f-e56b-4808-a537-2841774e6fd7 a5db6786bc9142ad91da20e6508db9e5 0918e9a8eeee4f35948cd1324d08bacc - - 8713191e93b54117aa444d8bac75d45e 8713191e93b54117aa444d8bac75d45e] 199.204.45.242 "DELETE /allocations/256f9ce2-3350-4405-a05d-6a58cd6cd14a" status: 204 len: 0 microversion: 1.0 [pid: 7|app: 0|req: 607/1220] 199.204.45.242 () {34 vars in 841 bytes} [Thu May 21 02:23:19 2026] DELETE /allocations/256f9ce2-3350-4405-a05d-6a58cd6cd14a => generated 0 bytes in 25 msecs (HTTP/1.1 204) 5 headers in 198 bytes (1 switches on core 0)
2026-05-21 02:23:19.739 8 INFO placement.requestlog [None req-e34e1071-eb70-49a0-b9a5-063d9aca9fe3 - - - - - -] 10.0.0.105 "GET /" status: 200 len: 136 microversion: 1.0
2026-05-21 02:23:19.740 7 INFO placement.requestlog [None req-7cbf51e5-b80d-40c9-94bd-537b036a376d - - - - - -] 10.0.0.105 "GET /" status: 200 len: 136 microversion: 1.0
2026-05-21 02:23:21.559 8 INFO placement.requestlog [req-a7b48ae5-82e0-43be-9536-8fa9b6c1a93b req-140cde74-b600-41da-ac41-4affe15a8ac6 a5db6786bc9142ad91da20e6508db9e5 0918e9a8eeee4f35948cd1324d08bacc - - 8713191e93b54117aa444d8bac75d45e 8713191e93b54117aa444d8bac75d45e] 199.204.45.242 "GET /resource_providers/39884cd1-b830-4ec9-81c0-275f5cba1572/allocations" status: 200 len: 253 microversion: 1.0 [pid: 8|app: 0|req: 615/1223] 199.204.45.242 () {32 vars in 857 bytes} [Thu May 21 02:23:21 2026] GET /resource_providers/39884cd1-b830-4ec9-81c0-275f5cba1572/allocations => generated 253 bytes in 17 msecs (HTTP/1.1 200) 6 headers in 224 bytes (1 switches on core 0)
2026-05-21 02:23:21.579 7 INFO placement.requestlog [req-a7b48ae5-82e0-43be-9536-8fa9b6c1a93b req-d407bd7a-bb97-49f2-93e9-ed07df1358a3 a5db6786bc9142ad91da20e6508db9e5 0918e9a8eeee4f35948cd1324d08bacc - - 8713191e93b54117aa444d8bac75d45e 8713191e93b54117aa444d8bac75d45e] 199.204.45.242 "GET /allocations/5f664432-49a9-432f-a622-9bdb3514fe3b" status: 200 len: 258 microversion: 1.28 [pid: 7|app: 0|req: 609/1224] 199.204.45.242 () {34 vars in 863 bytes} [Thu May 21 02:23:21 2026] GET /allocations/5f664432-49a9-432f-a622-9bdb3514fe3b => generated 258 bytes in 13 msecs (HTTP/1.1 200) 8 headers in 296 bytes (1 switches on core 0)
2026-05-21 02:23:21.596 8 INFO placement.requestlog [req-a7b48ae5-82e0-43be-9536-8fa9b6c1a93b req-980ba9a8-11ff-4905-9766-71896c1b514d a5db6786bc9142ad91da20e6508db9e5 0918e9a8eeee4f35948cd1324d08bacc - - 8713191e93b54117aa444d8bac75d45e 8713191e93b54117aa444d8bac75d45e] 199.204.45.242 "GET /allocations/4c1d1e05-2e53-47db-a346-f993311f478d" status: 200 len: 258 microversion: 1.28 [pid: 8|app: 0|req: 616/1225] 199.204.45.242 () {34 vars in 863 bytes} [Thu May 21 02:23:21 2026] GET /allocations/4c1d1e05-2e53-47db-a346-f993311f478d => generated 258 bytes in 12 msecs (HTTP/1.1 200) 8 headers in 296 bytes (1 switches on core 0)
2026-05-21 02:23:22.646 7 INFO placement.requestlog [req-a7b48ae5-82e0-43be-9536-8fa9b6c1a93b req-2bc3c46f-dfe3-4fd5-a0d8-e2b9fef3275e a5db6786bc9142ad91da20e6508db9e5 0918e9a8eeee4f35948cd1324d08bacc - - 8713191e93b54117aa444d8bac75d45e 8713191e93b54117aa444d8bac75d45e] 199.204.45.242 "DELETE /allocations/4c1d1e05-2e53-47db-a346-f993311f478d" status: 204 len: 0 microversion: 1.0 [pid: 7|app: 0|req: 610/1226] 199.204.45.242 () {34 vars in 841 bytes} [Thu May 21 02:23:22 2026] DELETE /allocations/4c1d1e05-2e53-47db-a346-f993311f478d => generated 0 bytes in 22 msecs (HTTP/1.1 204) 5 headers in 198 bytes (1 switches on core 0)
2026-05-21 02:23:27.706 8 INFO placement.requestlog [req-d33b9c28-0317-4571-850a-21c96e9abd49 req-b6e56713-1158-4c50-842a-1614c8e164b6 a5db6786bc9142ad91da20e6508db9e5 0918e9a8eeee4f35948cd1324d08bacc - - 8713191e93b54117aa444d8bac75d45e 8713191e93b54117aa444d8bac75d45e] 199.204.45.242 "GET /resource_providers/39884cd1-b830-4ec9-81c0-275f5cba1572/allocations" status: 200 len: 153 microversion: 1.0 [pid: 8|app: 0|req: 617/1227] 199.204.45.242 () {32 vars in 857 bytes} [Thu May 21 02:23:27 2026] GET /resource_providers/39884cd1-b830-4ec9-81c0-275f5cba1572/allocations => generated 153 bytes in 15 msecs (HTTP/1.1 200) 6 headers in 224 bytes (1 switches on core 0)
2026-05-21 02:23:27.728 7 INFO placement.requestlog [req-d33b9c28-0317-4571-850a-21c96e9abd49 req-c4eef7cb-4126-4137-880c-0f4eb35cf089 a5db6786bc9142ad91da20e6508db9e5 0918e9a8eeee4f35948cd1324d08bacc - - 8713191e93b54117aa444d8bac75d45e 8713191e93b54117aa444d8bac75d45e] 199.204.45.242 "GET /resource_providers/39884cd1-b830-4ec9-81c0-275f5cba1572/allocations" status: 200 len: 153 microversion: 1.0 [pid: 7|app: 0|req: 611/1228] 199.204.45.242 () {32 vars in 857 bytes} [Thu May 21 02:23:27 2026] GET /resource_providers/39884cd1-b830-4ec9-81c0-275f5cba1572/allocations => generated 153 bytes in 14 msecs (HTTP/1.1 200) 6 headers in 224 bytes (1 switches on core 0)
2026-05-21 02:23:27.748 8 INFO placement.requestlog [req-d33b9c28-0317-4571-850a-21c96e9abd49 req-9bd00376-d37d-4491-be8e-41fc19f111c1 a5db6786bc9142ad91da20e6508db9e5 0918e9a8eeee4f35948cd1324d08bacc - - 8713191e93b54117aa444d8bac75d45e 8713191e93b54117aa444d8bac75d45e] 199.204.45.242 "GET /allocations/5f664432-49a9-432f-a622-9bdb3514fe3b" status: 200 len: 258 microversion: 1.28 [pid: 8|app: 0|req: 618/1229] 199.204.45.242 () {34 vars in 863 bytes} [Thu May 21 02:23:27 2026] GET /allocations/5f664432-49a9-432f-a622-9bdb3514fe3b => generated 258 bytes in 13 msecs (HTTP/1.1 200) 8 headers in 296 bytes (1 switches on core 0)
2026-05-21 02:23:29.738 8 INFO placement.requestlog [None req-f86872ac-b6f1-40ea-a0e9-ac99d6562468 - - - - - -] 10.0.0.105 "GET /" status: 200 len: 136 microversion: 1.0
2026-05-21 02:23:29.739 7 INFO placement.requestlog [None req-da726d63-15d6-439f-b520-0a7ed07c6dcb - - - - - -] 10.0.0.105 "GET /" status: 200 len: 136 microversion: 1.0
2026-05-21 02:23:32.511 8 INFO placement.requestlog [req-a423a81f-c7b4-4f27-82d7-fc211736cf3a req-96f5442e-3f37-4851-8d54-4d2d2ffb473a a5db6786bc9142ad91da20e6508db9e5 0918e9a8eeee4f35948cd1324d08bacc - - 8713191e93b54117aa444d8bac75d45e 8713191e93b54117aa444d8bac75d45e] 199.204.45.242 "GET /resource_providers/39884cd1-b830-4ec9-81c0-275f5cba1572/allocations" status: 200 len: 153 microversion: 1.0 [pid: 8|app: 0|req: 620/1232] 199.204.45.242 () {32 vars in 857 bytes} [Thu May 21 02:23:32 2026] GET /resource_providers/39884cd1-b830-4ec9-81c0-275f5cba1572/allocations => generated 153 bytes in 11 msecs (HTTP/1.1 200) 6 headers in 224 bytes (1 switches on core 0)
2026-05-21 02:23:32.536 7 INFO placement.requestlog [req-a423a81f-c7b4-4f27-82d7-fc211736cf3a req-461767b4-306b-4bc1-8cff-74dedbf3df86 a5db6786bc9142ad91da20e6508db9e5 0918e9a8eeee4f35948cd1324d08bacc - - 8713191e93b54117aa444d8bac75d45e 8713191e93b54117aa444d8bac75d45e] 199.204.45.242 "GET /allocations/5f664432-49a9-432f-a622-9bdb3514fe3b" status: 200 len: 258 microversion: 1.28 [pid: 7|app: 0|req: 613/1233] 199.204.45.242 () {34 vars in 863 bytes} [Thu May 21 02:23:32 2026] GET /allocations/5f664432-49a9-432f-a622-9bdb3514fe3b => generated 258 bytes in 17 msecs (HTTP/1.1 200) 8 headers in 296 bytes (1 switches on core 0)
2026-05-21 02:23:33.583 8 INFO placement.requestlog [req-a423a81f-c7b4-4f27-82d7-fc211736cf3a req-b183e68b-25b6-4a28-abbc-b53bd557c67d a5db6786bc9142ad91da20e6508db9e5 0918e9a8eeee4f35948cd1324d08bacc - - 8713191e93b54117aa444d8bac75d45e 8713191e93b54117aa444d8bac75d45e] 199.204.45.242 "DELETE /allocations/5f664432-49a9-432f-a622-9bdb3514fe3b" status: 204 len: 0 microversion: 1.0 [pid: 8|app: 0|req: 621/1234] 199.204.45.242 () {34 vars in 841 bytes} [Thu May 21 02:23:33 2026] DELETE /allocations/5f664432-49a9-432f-a622-9bdb3514fe3b => generated 0 bytes in 22 msecs (HTTP/1.1 204) 5 headers in 198 bytes (1 switches on core 0)
2026-05-21 02:23:39.739 7 INFO placement.requestlog [None req-e9af15a4-af11-4b74-b67f-580191423f07 - - - - - -] 10.0.0.105 "GET /" status: 200 len: 136 microversion: 1.0
