2026-08-20 02:37:57.392 7 INFO placement.requestlog [None req-091ab5ab-d025-4c14-b399-129310c6a011 8446e8c9d73f4c7bbbe69ca5ab03952d bef49defce174973881bffe76a8556b3 - - f4cc4284f7664e56849070c578ddc7c9 f4cc4284f7664e56849070c578ddc7c9] 10.0.0.252 "GET /resource_providers/3618f796-126c-4a14-ad77-f35d9e5a206d/aggregates" status: 404 len: 235 microversion: 1.1 [pid: 7|app: 0|req: 434/875] 10.0.0.252 () {32 vars in 816 bytes} [Thu Aug 20 02:37:57 2026] GET /resource_providers/3618f796-126c-4a14-ad77-f35d9e5a206d/aggregates => generated 235 bytes in 12 msecs (HTTP/1.1 404) 5 headers in 202 bytes (1 switches on core 0)
2026-08-20 02:37:57.393 8 INFO placement.requestlog [None req-908d8312-a5e2-4cf3-9226-46933aca460c 8446e8c9d73f4c7bbbe69ca5ab03952d bef49defce174973881bffe76a8556b3 - - f4cc4284f7664e56849070c578ddc7c9 f4cc4284f7664e56849070c578ddc7c9] 10.0.0.252 "GET /resource_providers/3618f796-126c-4a14-ad77-f35d9e5a206d/aggregates" status: 404 len: 235 microversion: 1.1 [pid: 8|app: 0|req: 442/876] 10.0.0.252 () {32 vars in 816 bytes} [Thu Aug 20 02:37:57 2026] GET /resource_providers/3618f796-126c-4a14-ad77-f35d9e5a206d/aggregates => generated 235 bytes in 11 msecs (HTTP/1.1 404) 5 headers in 202 bytes (1 switches on core 0)
2026-08-20 02:37:57.409 8 INFO placement.requestlog [None req-65065efc-bffd-4f42-93ad-608e60ad3822 8446e8c9d73f4c7bbbe69ca5ab03952d bef49defce174973881bffe76a8556b3 - - f4cc4284f7664e56849070c578ddc7c9 f4cc4284f7664e56849070c578ddc7c9] 10.0.0.252 "DELETE /resource_providers/3618f796-126c-4a14-ad77-f35d9e5a206d" status: 404 len: 246 microversion: 1.1 [pid: 8|app: 0|req: 443/877] 10.0.0.252 () {34 vars in 816 bytes} [Thu Aug 20 02:37:57 2026] DELETE /resource_providers/3618f796-126c-4a14-ad77-f35d9e5a206d => generated 246 bytes in 7 msecs (HTTP/1.1 404) 6 headers in 231 bytes (1 switches on core 0)
2026-08-20 02:37:57.412 7 INFO placement.requestlog [None req-5c5aae3d-1bfc-4cbd-99b2-104652a164b4 8446e8c9d73f4c7bbbe69ca5ab03952d bef49defce174973881bffe76a8556b3 - - f4cc4284f7664e56849070c578ddc7c9 f4cc4284f7664e56849070c578ddc7c9] 10.0.0.252 "DELETE /resource_providers/3618f796-126c-4a14-ad77-f35d9e5a206d" status: 404 len: 246 microversion: 1.1 [pid: 7|app: 0|req: 435/878] 10.0.0.252 () {34 vars in 816 bytes} [Thu Aug 20 02:37:57 2026] DELETE /resource_providers/3618f796-126c-4a14-ad77-f35d9e5a206d => generated 246 bytes in 11 msecs (HTTP/1.1 404) 6 headers in 231 bytes (1 switches on core 0)
2026-08-20 02:38:03.381 7 INFO placement.requestlog [None req-3e67818b-8161-4101-9c90-ae25151f9da6 - - - - - -] 10.0.0.205 "GET /" status: 200 len: 136 microversion: 1.0
2026-08-20 02:38:03.381 8 INFO placement.requestlog [None req-398337c3-ecea-44dc-938f-5136ab76c405 - - - - - -] 10.0.0.205 "GET /" status: 200 len: 136 microversion: 1.0
2026-08-20 02:38:05.554 7 INFO placement.requestlog [req-9a2abc6d-a6db-4de8-98ea-1405d71b24e9 req-d7954397-f82c-4ca1-9db2-dd03fb7a3876 d67ac7bd01384a21b70f50e0e0465898 bef49defce174973881bffe76a8556b3 - - f4cc4284f7664e56849070c578ddc7c9 f4cc4284f7664e56849070c578ddc7c9] 199.19.213.229 "GET /resource_providers/ccf396ef-0a5f-4080-ad29-7300b8a1b14e/allocations" status: 200 len: 252 microversion: 1.0 [pid: 7|app: 0|req: 437/881] 199.19.213.229 () {32 vars in 857 bytes} [Thu Aug 20 02:38:05 2026] GET /resource_providers/ccf396ef-0a5f-4080-ad29-7300b8a1b14e/allocations => generated 252 bytes in 30 msecs (HTTP/1.1 200) 6 headers in 224 bytes (1 switches on core 0)
2026-08-20 02:38:05.578 8 INFO placement.requestlog [req-9a2abc6d-a6db-4de8-98ea-1405d71b24e9 req-53a8eed6-6468-423e-9d5c-55bc6ddfd4f2 d67ac7bd01384a21b70f50e0e0465898 bef49defce174973881bffe76a8556b3 - - f4cc4284f7664e56849070c578ddc7c9 f4cc4284f7664e56849070c578ddc7c9] 199.19.213.229 "GET /allocations/655b9f29-b3ca-4b6a-a5ec-e218aae12c1e" status: 200 len: 257 microversion: 1.28 [pid: 8|app: 0|req: 445/882] 199.19.213.229 () {34 vars in 863 bytes} [Thu Aug 20 02:38:05 2026] GET /allocations/655b9f29-b3ca-4b6a-a5ec-e218aae12c1e => generated 257 bytes in 18 msecs (HTTP/1.1 200) 8 headers in 296 bytes (1 switches on core 0)
2026-08-20 02:38:05.608 7 INFO placement.requestlog [req-9a2abc6d-a6db-4de8-98ea-1405d71b24e9 req-843d0f6d-99fc-4016-a2a7-2ada1adef4ea d67ac7bd01384a21b70f50e0e0465898 bef49defce174973881bffe76a8556b3 - - f4cc4284f7664e56849070c578ddc7c9 f4cc4284f7664e56849070c578ddc7c9] 199.19.213.229 "GET /allocations/1e8824f7-8664-4363-b12f-afec982b5cb3" status: 200 len: 257 microversion: 1.28 [pid: 7|app: 0|req: 438/883] 199.19.213.229 () {34 vars in 863 bytes} [Thu Aug 20 02:38:05 2026] GET /allocations/1e8824f7-8664-4363-b12f-afec982b5cb3 => generated 257 bytes in 18 msecs (HTTP/1.1 200) 8 headers in 296 bytes (1 switches on core 0)
2026-08-20 02:38:06.674 8 INFO placement.requestlog [req-9a2abc6d-a6db-4de8-98ea-1405d71b24e9 req-173f049b-c082-4850-a50e-1008b3145b7f d67ac7bd01384a21b70f50e0e0465898 bef49defce174973881bffe76a8556b3 - - f4cc4284f7664e56849070c578ddc7c9 f4cc4284f7664e56849070c578ddc7c9] 199.19.213.229 "DELETE /allocations/655b9f29-b3ca-4b6a-a5ec-e218aae12c1e" status: 204 len: 0 microversion: 1.0 [pid: 8|app: 0|req: 446/884] 199.19.213.229 () {34 vars in 841 bytes} [Thu Aug 20 02:38:06 2026] DELETE /allocations/655b9f29-b3ca-4b6a-a5ec-e218aae12c1e => generated 0 bytes in 35 msecs (HTTP/1.1 204) 5 headers in 198 bytes (1 switches on core 0)
2026-08-20 02:38:10.473 7 INFO placement.requestlog [None req-663b12c3-f284-4dd1-8d61-736db4ad5a9b 8446e8c9d73f4c7bbbe69ca5ab03952d bef49defce174973881bffe76a8556b3 - - f4cc4284f7664e56849070c578ddc7c9 f4cc4284f7664e56849070c578ddc7c9] 10.0.0.252 "GET /resource_providers/a9f006c2-a524-4bed-8f54-6b473f17a565/aggregates" status: 404 len: 235 microversion: 1.1 [pid: 7|app: 0|req: 439/885] 10.0.0.252 () {32 vars in 816 bytes} [Thu Aug 20 02:38:10 2026] GET /resource_providers/a9f006c2-a524-4bed-8f54-6b473f17a565/aggregates => generated 235 bytes in 11 msecs (HTTP/1.1 404) 5 headers in 202 bytes (1 switches on core 0)
2026-08-20 02:38:10.483 8 INFO placement.requestlog [None req-340ff1fa-2e15-43ab-80d8-ab56e1ac3e52 8446e8c9d73f4c7bbbe69ca5ab03952d bef49defce174973881bffe76a8556b3 - - f4cc4284f7664e56849070c578ddc7c9 f4cc4284f7664e56849070c578ddc7c9] 10.0.0.252 "GET /resource_providers/a9f006c2-a524-4bed-8f54-6b473f17a565/aggregates" status: 404 len: 235 microversion: 1.1 [pid: 8|app: 0|req: 447/886] 10.0.0.252 () {32 vars in 816 bytes} [Thu Aug 20 02:38:10 2026] GET /resource_providers/a9f006c2-a524-4bed-8f54-6b473f17a565/aggregates => generated 235 bytes in 12 msecs (HTTP/1.1 404) 5 headers in 202 bytes (1 switches on core 0)
2026-08-20 02:38:10.495 7 INFO placement.requestlog [None req-3dc4371a-9299-4939-9a9f-7d917208d530 8446e8c9d73f4c7bbbe69ca5ab03952d bef49defce174973881bffe76a8556b3 - - f4cc4284f7664e56849070c578ddc7c9 f4cc4284f7664e56849070c578ddc7c9] 10.0.0.252 "DELETE /resource_providers/a9f006c2-a524-4bed-8f54-6b473f17a565" status: 404 len: 246 microversion: 1.1 [pid: 7|app: 0|req: 440/887] 10.0.0.252 () {34 vars in 816 bytes} [Thu Aug 20 02:38:10 2026] DELETE /resource_providers/a9f006c2-a524-4bed-8f54-6b473f17a565 => generated 246 bytes in 14 msecs (HTTP/1.1 404) 6 headers in 231 bytes (1 switches on core 0)
2026-08-20 02:38:10.513 8 INFO placement.requestlog [None req-b5cf6e66-6ec7-45c9-8350-c529b2b05e1a 8446e8c9d73f4c7bbbe69ca5ab03952d bef49defce174973881bffe76a8556b3 - - f4cc4284f7664e56849070c578ddc7c9 f4cc4284f7664e56849070c578ddc7c9] 10.0.0.252 "DELETE /resource_providers/a9f006c2-a524-4bed-8f54-6b473f17a565" status: 404 len: 246 microversion: 1.1 [pid: 8|app: 0|req: 448/888] 10.0.0.252 () {34 vars in 816 bytes} [Thu Aug 20 02:38:10 2026] DELETE /resource_providers/a9f006c2-a524-4bed-8f54-6b473f17a565 => generated 246 bytes in 14 msecs (HTTP/1.1 404) 6 headers in 231 bytes (1 switches on core 0)
2026-08-20 02:38:11.043 7 INFO placement.requestlog [req-a99b1510-20c6-4f10-8b48-4583ec6cae0a req-ec0907cd-bbcb-425a-b63d-d9c2a53d47c6 d67ac7bd01384a21b70f50e0e0465898 bef49defce174973881bffe76a8556b3 - - f4cc4284f7664e56849070c578ddc7c9 f4cc4284f7664e56849070c578ddc7c9] 199.19.213.229 "GET /resource_providers/ccf396ef-0a5f-4080-ad29-7300b8a1b14e/allocations" status: 200 len: 152 microversion: 1.0 [pid: 7|app: 0|req: 441/889] 199.19.213.229 () {32 vars in 857 bytes} [Thu Aug 20 02:38:11 2026] GET /resource_providers/ccf396ef-0a5f-4080-ad29-7300b8a1b14e/allocations => generated 152 bytes in 26 msecs (HTTP/1.1 200) 6 headers in 224 bytes (1 switches on core 0)
2026-08-20 02:38:11.083 8 INFO placement.requestlog [req-a99b1510-20c6-4f10-8b48-4583ec6cae0a req-d78b9059-7594-421b-8592-8173b9854460 d67ac7bd01384a21b70f50e0e0465898 bef49defce174973881bffe76a8556b3 - - f4cc4284f7664e56849070c578ddc7c9 f4cc4284f7664e56849070c578ddc7c9] 199.19.213.229 "GET /resource_providers/ccf396ef-0a5f-4080-ad29-7300b8a1b14e/allocations" status: 200 len: 152 microversion: 1.0 [pid: 8|app: 0|req: 449/890] 199.19.213.229 () {32 vars in 857 bytes} [Thu Aug 20 02:38:11 2026] GET /resource_providers/ccf396ef-0a5f-4080-ad29-7300b8a1b14e/allocations => generated 152 bytes in 32 msecs (HTTP/1.1 200) 6 headers in 224 bytes (1 switches on core 0)
2026-08-20 02:38:11.100 7 INFO placement.requestlog [req-a99b1510-20c6-4f10-8b48-4583ec6cae0a req-1ca4f6ea-62d5-47e6-b240-05e9fd3803a0 d67ac7bd01384a21b70f50e0e0465898 bef49defce174973881bffe76a8556b3 - - f4cc4284f7664e56849070c578ddc7c9 f4cc4284f7664e56849070c578ddc7c9] 199.19.213.229 "GET /allocations/1e8824f7-8664-4363-b12f-afec982b5cb3" status: 200 len: 257 microversion: 1.28 [pid: 7|app: 0|req: 442/891] 199.19.213.229 () {34 vars in 863 bytes} [Thu Aug 20 02:38:11 2026] GET /allocations/1e8824f7-8664-4363-b12f-afec982b5cb3 => generated 257 bytes in 14 msecs (HTTP/1.1 200) 8 headers in 296 bytes (1 switches on core 0)
2026-08-20 02:38:12.516 8 INFO placement.requestlog [None req-499c5971-4386-4a56-8fe6-e68a8e2076f1 8446e8c9d73f4c7bbbe69ca5ab03952d bef49defce174973881bffe76a8556b3 - - f4cc4284f7664e56849070c578ddc7c9 f4cc4284f7664e56849070c578ddc7c9] 10.0.0.252 "GET /resource_providers/1e1b47f8-5dde-48fd-afa7-cf79fa57c4c7/aggregates" status: 404 len: 235 microversion: 1.1 [pid: 8|app: 0|req: 450/892] 10.0.0.252 () {32 vars in 816 bytes} [Thu Aug 20 02:38:12 2026] GET /resource_providers/1e1b47f8-5dde-48fd-afa7-cf79fa57c4c7/aggregates => generated 235 bytes in 8 msecs (HTTP/1.1 404) 5 headers in 202 bytes (1 switches on core 0)
2026-08-20 02:38:12.535 8 INFO placement.requestlog [None req-e76b0354-c950-48ac-9d76-17e577acd6de 8446e8c9d73f4c7bbbe69ca5ab03952d bef49defce174973881bffe76a8556b3 - - f4cc4284f7664e56849070c578ddc7c9 f4cc4284f7664e56849070c578ddc7c9] 10.0.0.252 "DELETE /resource_providers/1e1b47f8-5dde-48fd-afa7-cf79fa57c4c7" status: 404 len: 246 microversion: 1.1 [pid: 8|app: 0|req: 451/893] 10.0.0.252 () {34 vars in 816 bytes} [Thu Aug 20 02:38:12 2026] DELETE /resource_providers/1e1b47f8-5dde-48fd-afa7-cf79fa57c4c7 => generated 246 bytes in 8 msecs (HTTP/1.1 404) 6 headers in 231 bytes (1 switches on core 0)
2026-08-20 02:38:12.551 7 INFO placement.requestlog [None req-6051cf5c-4408-4175-b1ea-6570afce925a 8446e8c9d73f4c7bbbe69ca5ab03952d bef49defce174973881bffe76a8556b3 - - f4cc4284f7664e56849070c578ddc7c9 f4cc4284f7664e56849070c578ddc7c9] 10.0.0.252 "GET /resource_providers/1e1b47f8-5dde-48fd-afa7-cf79fa57c4c7/aggregates" status: 404 len: 235 microversion: 1.1 [pid: 7|app: 0|req: 443/894] 10.0.0.252 () {32 vars in 816 bytes} [Thu Aug 20 02:38:12 2026] GET /resource_providers/1e1b47f8-5dde-48fd-afa7-cf79fa57c4c7/aggregates => generated 235 bytes in 27 msecs (HTTP/1.1 404) 5 headers in 202 bytes (1 switches on core 0)
2026-08-20 02:38:12.591 8 INFO placement.requestlog [None req-463ccf2b-8a2f-466c-a7b9-be48afaa2823 8446e8c9d73f4c7bbbe69ca5ab03952d bef49defce174973881bffe76a8556b3 - - f4cc4284f7664e56849070c578ddc7c9 f4cc4284f7664e56849070c578ddc7c9] 10.0.0.252 "DELETE /resource_providers/1e1b47f8-5dde-48fd-afa7-cf79fa57c4c7" status: 404 len: 246 microversion: 1.1 [pid: 8|app: 0|req: 452/895] 10.0.0.252 () {34 vars in 816 bytes} [Thu Aug 20 02:38:12 2026] DELETE /resource_providers/1e1b47f8-5dde-48fd-afa7-cf79fa57c4c7 => generated 246 bytes in 33 msecs (HTTP/1.1 404) 6 headers in 231 bytes (1 switches on core 0)
2026-08-20 02:38:13.381 7 INFO placement.requestlog [None req-b05bd467-0aef-4f60-9a45-f1df7709539b - - - - - -] 10.0.0.205 "GET /" status: 200 len: 136 microversion: 1.0
2026-08-20 02:38:13.381 8 INFO placement.requestlog [None req-7069a7e6-cd15-4ce9-b2dd-d8fa299a0645 - - - - - -] 10.0.0.205 "GET /" status: 200 len: 136 microversion: 1.0
2026-08-20 02:38:23.381 7 INFO placement.requestlog [None req-1400e3f2-d683-45ed-b457-7b1bb2538b75 - - - - - -] 10.0.0.205 "GET /" status: 200 len: 136 microversion: 1.0
2026-08-20 02:38:23.382 8 INFO placement.requestlog [None req-0f94606f-fe4d-4c7e-8c82-6af14017117c - - - - - -] 10.0.0.205 "GET /" status: 200 len: 136 microversion: 1.0
2026-08-20 02:38:25.008 7 INFO placement.requestlog [None req-5ddedcc6-e995-4137-b594-3fd41eb0fac4 8446e8c9d73f4c7bbbe69ca5ab03952d bef49defce174973881bffe76a8556b3 - - f4cc4284f7664e56849070c578ddc7c9 f4cc4284f7664e56849070c578ddc7c9] 10.0.0.252 "GET /resource_providers/413dc96e-a1b5-4e84-ab97-af17da4a8067/aggregates" status: 404 len: 235 microversion: 1.1 [pid: 7|app: 0|req: 446/900] 10.0.0.252 () {32 vars in 816 bytes} [Thu Aug 20 02:38:24 2026] GET /resource_providers/413dc96e-a1b5-4e84-ab97-af17da4a8067/aggregates => generated 235 bytes in 13 msecs (HTTP/1.1 404) 5 headers in 202 bytes (1 switches on core 0)
2026-08-20 02:38:25.012 8 INFO placement.requestlog [None req-c9489243-261d-4d06-aa85-84133bc6790b 8446e8c9d73f4c7bbbe69ca5ab03952d bef49defce174973881bffe76a8556b3 - - f4cc4284f7664e56849070c578ddc7c9 f4cc4284f7664e56849070c578ddc7c9] 10.0.0.252 "GET /resource_providers/413dc96e-a1b5-4e84-ab97-af17da4a8067/aggregates" status: 404 len: 235 microversion: 1.1 [pid: 8|app: 0|req: 455/901] 10.0.0.252 () {32 vars in 816 bytes} [Thu Aug 20 02:38:24 2026] GET /resource_providers/413dc96e-a1b5-4e84-ab97-af17da4a8067/aggregates => generated 235 bytes in 16 msecs (HTTP/1.1 404) 5 headers in 202 bytes (1 switches on core 0)
2026-08-20 02:38:25.034 7 INFO placement.requestlog [None req-31ddf43a-2a2b-4a7d-b5a5-abc174ab3bf5 8446e8c9d73f4c7bbbe69ca5ab03952d bef49defce174973881bffe76a8556b3 - - f4cc4284f7664e56849070c578ddc7c9 f4cc4284f7664e56849070c578ddc7c9] 10.0.0.252 "DELETE /resource_providers/413dc96e-a1b5-4e84-ab97-af17da4a8067" status: 404 len: 246 microversion: 1.1 [pid: 7|app: 0|req: 447/902] 10.0.0.252 () {34 vars in 816 bytes} [Thu Aug 20 02:38:25 2026] DELETE /resource_providers/413dc96e-a1b5-4e84-ab97-af17da4a8067 => generated 246 bytes in 14 msecs (HTTP/1.1 404) 6 headers in 231 bytes (1 switches on core 0)
2026-08-20 02:38:25.046 8 INFO placement.requestlog [None req-59f707a6-5830-4808-939b-54b93262655f 8446e8c9d73f4c7bbbe69ca5ab03952d bef49defce174973881bffe76a8556b3 - - f4cc4284f7664e56849070c578ddc7c9 f4cc4284f7664e56849070c578ddc7c9] 10.0.0.252 "DELETE /resource_providers/413dc96e-a1b5-4e84-ab97-af17da4a8067" status: 404 len: 246 microversion: 1.1 [pid: 8|app: 0|req: 456/903] 10.0.0.252 () {34 vars in 816 bytes} [Thu Aug 20 02:38:25 2026] DELETE /resource_providers/413dc96e-a1b5-4e84-ab97-af17da4a8067 => generated 246 bytes in 21 msecs (HTTP/1.1 404) 6 headers in 231 bytes (1 switches on core 0)
2026-08-20 02:38:28.111 7 INFO placement.requestlog [req-310a893b-e1d1-44c2-9fad-64c7ca6d64c7 req-bfe1be59-6beb-4fc3-ab8e-da9c19175eba d67ac7bd01384a21b70f50e0e0465898 bef49defce174973881bffe76a8556b3 - - f4cc4284f7664e56849070c578ddc7c9 f4cc4284f7664e56849070c578ddc7c9] 199.19.213.229 "GET /resource_providers/ccf396ef-0a5f-4080-ad29-7300b8a1b14e/allocations" status: 200 len: 152 microversion: 1.0 [pid: 7|app: 0|req: 448/904] 199.19.213.229 () {32 vars in 857 bytes} [Thu Aug 20 02:38:28 2026] GET /resource_providers/ccf396ef-0a5f-4080-ad29-7300b8a1b14e/allocations => generated 152 bytes in 28 msecs (HTTP/1.1 200) 6 headers in 224 bytes (1 switches on core 0)
2026-08-20 02:38:28.147 8 INFO placement.requestlog [req-310a893b-e1d1-44c2-9fad-64c7ca6d64c7 req-a1f8357a-9eb5-4bf3-b32a-a8537871fc00 d67ac7bd01384a21b70f50e0e0465898 bef49defce174973881bffe76a8556b3 - - f4cc4284f7664e56849070c578ddc7c9 f4cc4284f7664e56849070c578ddc7c9] 199.19.213.229 "GET /allocations/1e8824f7-8664-4363-b12f-afec982b5cb3" status: 200 len: 257 microversion: 1.28 [pid: 8|app: 0|req: 457/905] 199.19.213.229 () {34 vars in 863 bytes} [Thu Aug 20 02:38:28 2026] GET /allocations/1e8824f7-8664-4363-b12f-afec982b5cb3 => generated 257 bytes in 28 msecs (HTTP/1.1 200) 8 headers in 296 bytes (1 switches on core 0)
2026-08-20 02:38:28.281 7 INFO placement.requestlog [None req-824a4e4f-f576-4feb-8de7-b6352484ab3d 8446e8c9d73f4c7bbbe69ca5ab03952d bef49defce174973881bffe76a8556b3 - - f4cc4284f7664e56849070c578ddc7c9 f4cc4284f7664e56849070c578ddc7c9] 10.0.0.252 "GET /resource_providers/e5784ecb-d539-440a-b5d7-f163750b2f7f/aggregates" status: 404 len: 235 microversion: 1.1 [pid: 7|app: 0|req: 449/906] 10.0.0.252 () {32 vars in 816 bytes} [Thu Aug 20 02:38:28 2026] GET /resource_providers/e5784ecb-d539-440a-b5d7-f163750b2f7f/aggregates => generated 235 bytes in 23 msecs (HTTP/1.1 404) 5 headers in 202 bytes (1 switches on core 0)
2026-08-20 02:38:28.285 8 INFO placement.requestlog [None req-9b78d1b1-48f3-4a34-a73c-4c608e5b1689 8446e8c9d73f4c7bbbe69ca5ab03952d bef49defce174973881bffe76a8556b3 - - f4cc4284f7664e56849070c578ddc7c9 f4cc4284f7664e56849070c578ddc7c9] 10.0.0.252 "GET /resource_providers/e5784ecb-d539-440a-b5d7-f163750b2f7f/aggregates" status: 404 len: 235 microversion: 1.1 [pid: 8|app: 0|req: 458/907] 10.0.0.252 () {32 vars in 816 bytes} [Thu Aug 20 02:38:28 2026] GET /resource_providers/e5784ecb-d539-440a-b5d7-f163750b2f7f/aggregates => generated 235 bytes in 20 msecs (HTTP/1.1 404) 5 headers in 202 bytes (1 switches on core 0)
2026-08-20 02:38:28.316 7 INFO placement.requestlog [None req-9dfd5e2e-d7c8-4bd1-8274-17ab7d7aad25 8446e8c9d73f4c7bbbe69ca5ab03952d bef49defce174973881bffe76a8556b3 - - f4cc4284f7664e56849070c578ddc7c9 f4cc4284f7664e56849070c578ddc7c9] 10.0.0.252 "DELETE /resource_providers/e5784ecb-d539-440a-b5d7-f163750b2f7f" status: 404 len: 246 microversion: 1.1 [pid: 7|app: 0|req: 450/908] 10.0.0.252 () {34 vars in 816 bytes} [Thu Aug 20 02:38:28 2026] DELETE /resource_providers/e5784ecb-d539-440a-b5d7-f163750b2f7f => generated 246 bytes in 18 msecs (HTTP/1.1 404) 6 headers in 231 bytes (1 switches on core 0)
2026-08-20 02:38:28.323 8 INFO placement.requestlog [None req-cf4619c8-2ac8-4075-a0ec-01568a489034 8446e8c9d73f4c7bbbe69ca5ab03952d bef49defce174973881bffe76a8556b3 - - f4cc4284f7664e56849070c578ddc7c9 f4cc4284f7664e56849070c578ddc7c9] 10.0.0.252 "DELETE /resource_providers/e5784ecb-d539-440a-b5d7-f163750b2f7f" status: 404 len: 246 microversion: 1.1 [pid: 8|app: 0|req: 459/909] 10.0.0.252 () {34 vars in 816 bytes} [Thu Aug 20 02:38:28 2026] DELETE /resource_providers/e5784ecb-d539-440a-b5d7-f163750b2f7f => generated 246 bytes in 21 msecs (HTTP/1.1 404) 6 headers in 231 bytes (1 switches on core 0)
2026-08-20 02:38:29.213 7 INFO placement.requestlog [req-310a893b-e1d1-44c2-9fad-64c7ca6d64c7 req-6197d2d9-3d2d-4199-b6f6-2198b477f25b d67ac7bd01384a21b70f50e0e0465898 bef49defce174973881bffe76a8556b3 - - f4cc4284f7664e56849070c578ddc7c9 f4cc4284f7664e56849070c578ddc7c9] 199.19.213.229 "DELETE /allocations/1e8824f7-8664-4363-b12f-afec982b5cb3" status: 204 len: 0 microversion: 1.0 [pid: 7|app: 0|req: 451/910] 199.19.213.229 () {34 vars in 841 bytes} [Thu Aug 20 02:38:29 2026] DELETE /allocations/1e8824f7-8664-4363-b12f-afec982b5cb3 => generated 0 bytes in 32 msecs (HTTP/1.1 204) 5 headers in 198 bytes (1 switches on core 0)
2026-08-20 02:38:33.118 8 INFO placement.requestlog [None req-cc679a66-2ee6-439c-8d42-bc5cbc5b1789 8446e8c9d73f4c7bbbe69ca5ab03952d bef49defce174973881bffe76a8556b3 - - f4cc4284f7664e56849070c578ddc7c9 f4cc4284f7664e56849070c578ddc7c9] 10.0.0.252 "GET /resource_providers/a7b9c009-4f2a-4a72-b1b0-fbd26fb67934/aggregates" status: 404 len: 235 microversion: 1.1 [pid: 8|app: 0|req: 460/911] 10.0.0.252 () {32 vars in 816 bytes} [Thu Aug 20 02:38:33 2026] GET /resource_providers/a7b9c009-4f2a-4a72-b1b0-fbd26fb67934/aggregates => generated 235 bytes in 8 msecs (HTTP/1.1 404) 5 headers in 202 bytes (1 switches on core 0)
2026-08-20 02:38:33.126 7 INFO placement.requestlog [None req-5e58709e-dc71-48de-a18c-2d42824ace0b 8446e8c9d73f4c7bbbe69ca5ab03952d bef49defce174973881bffe76a8556b3 - - f4cc4284f7664e56849070c578ddc7c9 f4cc4284f7664e56849070c578ddc7c9] 10.0.0.252 "GET /resource_providers/a7b9c009-4f2a-4a72-b1b0-fbd26fb67934/aggregates" status: 404 len: 235 microversion: 1.1 [pid: 7|app: 0|req: 452/912] 10.0.0.252 () {32 vars in 816 bytes} [Thu Aug 20 02:38:33 2026] GET /resource_providers/a7b9c009-4f2a-4a72-b1b0-fbd26fb67934/aggregates => generated 235 bytes in 14 msecs (HTTP/1.1 404) 5 headers in 202 bytes (1 switches on core 0)
2026-08-20 02:38:33.137 8 INFO placement.requestlog [None req-a63dc2cd-7170-4f35-933c-a21463c0afdf 8446e8c9d73f4c7bbbe69ca5ab03952d bef49defce174973881bffe76a8556b3 - - f4cc4284f7664e56849070c578ddc7c9 f4cc4284f7664e56849070c578ddc7c9] 10.0.0.252 "DELETE /resource_providers/a7b9c009-4f2a-4a72-b1b0-fbd26fb67934" status: 404 len: 246 microversion: 1.1 [pid: 8|app: 0|req: 461/913] 10.0.0.252 () {34 vars in 816 bytes} [Thu Aug 20 02:38:33 2026] DELETE /resource_providers/a7b9c009-4f2a-4a72-b1b0-fbd26fb67934 => generated 246 bytes in 10 msecs (HTTP/1.1 404) 6 headers in 231 bytes (1 switches on core 0)
2026-08-20 02:38:33.151 7 INFO placement.requestlog [None req-7f36e99c-1378-45c5-8ceb-ee3321a31289 8446e8c9d73f4c7bbbe69ca5ab03952d bef49defce174973881bffe76a8556b3 - - f4cc4284f7664e56849070c578ddc7c9 f4cc4284f7664e56849070c578ddc7c9] 10.0.0.252 "DELETE /resource_providers/a7b9c009-4f2a-4a72-b1b0-fbd26fb67934" status: 404 len: 246 microversion: 1.1 [pid: 7|app: 0|req: 453/914] 10.0.0.252 () {34 vars in 816 bytes} [Thu Aug 20 02:38:33 2026] DELETE /resource_providers/a7b9c009-4f2a-4a72-b1b0-fbd26fb67934 => generated 246 bytes in 12 msecs (HTTP/1.1 404) 6 headers in 231 bytes (1 switches on core 0)
2026-08-20 02:38:33.381 8 INFO placement.requestlog [None req-dfced4b1-7499-41a2-a6cf-4d8c6c27783e - - - - - -] 10.0.0.205 "GET /" status: 200 len: 136 microversion: 1.0
2026-08-20 02:38:33.381 7 INFO placement.requestlog [None req-ee007773-ab80-4263-aded-8e2fd7c3a913 - - - - - -] 10.0.0.205 "GET /" status: 200 len: 136 microversion: 1.0
2026-08-20 02:38:35.157 8 INFO placement.requestlog [None req-04b95405-8072-4509-8604-647db7f4503f 8446e8c9d73f4c7bbbe69ca5ab03952d bef49defce174973881bffe76a8556b3 - - f4cc4284f7664e56849070c578ddc7c9 f4cc4284f7664e56849070c578ddc7c9] 10.0.0.252 "GET /resource_providers/cffac112-82d5-452a-96d6-9cbc11b1bb0b/aggregates" status: 404 len: 235 microversion: 1.1 [pid: 8|app: 0|req: 463/917] 10.0.0.252 () {32 vars in 816 bytes} [Thu Aug 20 02:38:35 2026] GET /resource_providers/cffac112-82d5-452a-96d6-9cbc11b1bb0b/aggregates => generated 235 bytes in 10 msecs (HTTP/1.1 404) 5 headers in 202 bytes (1 switches on core 0)
2026-08-20 02:38:35.180 8 INFO placement.requestlog [None req-f59b31b6-efdc-4a21-a9cb-b0be330965bc 8446e8c9d73f4c7bbbe69ca5ab03952d bef49defce174973881bffe76a8556b3 - - f4cc4284f7664e56849070c578ddc7c9 f4cc4284f7664e56849070c578ddc7c9] 10.0.0.252 "DELETE /resource_providers/cffac112-82d5-452a-96d6-9cbc11b1bb0b" status: 404 len: 246 microversion: 1.1 [pid: 8|app: 0|req: 464/918] 10.0.0.252 () {34 vars in 816 bytes} [Thu Aug 20 02:38:35 2026] DELETE /resource_providers/cffac112-82d5-452a-96d6-9cbc11b1bb0b => generated 246 bytes in 8 msecs (HTTP/1.1 404) 6 headers in 231 bytes (1 switches on core 0)
2026-08-20 02:38:35.182 7 INFO placement.requestlog [None req-d925b2e4-6b34-46e3-8a63-3517be968947 8446e8c9d73f4c7bbbe69ca5ab03952d bef49defce174973881bffe76a8556b3 - - f4cc4284f7664e56849070c578ddc7c9 f4cc4284f7664e56849070c578ddc7c9] 10.0.0.252 "GET /resource_providers/cffac112-82d5-452a-96d6-9cbc11b1bb0b/aggregates" status: 404 len: 235 microversion: 1.1 [pid: 7|app: 0|req: 455/919] 10.0.0.252 () {32 vars in 816 bytes} [Thu Aug 20 02:38:35 2026] GET /resource_providers/cffac112-82d5-452a-96d6-9cbc11b1bb0b/aggregates => generated 235 bytes in 14 msecs (HTTP/1.1 404) 5 headers in 202 bytes (1 switches on core 0)
2026-08-20 02:38:35.199 8 INFO placement.requestlog [None req-05afffb1-8b42-46d0-9ee5-a83df6f61c89 8446e8c9d73f4c7bbbe69ca5ab03952d bef49defce174973881bffe76a8556b3 - - f4cc4284f7664e56849070c578ddc7c9 f4cc4284f7664e56849070c578ddc7c9] 10.0.0.252 "DELETE /resource_providers/cffac112-82d5-452a-96d6-9cbc11b1bb0b" status: 404 len: 246 microversion: 1.1 [pid: 8|app: 0|req: 465/920] 10.0.0.252 () {34 vars in 816 bytes} [Thu Aug 20 02:38:35 2026] DELETE /resource_providers/cffac112-82d5-452a-96d6-9cbc11b1bb0b => generated 246 bytes in 10 msecs (HTTP/1.1 404) 6 headers in 231 bytes (1 switches on core 0)
2026-08-20 02:38:36.597 7 INFO placement.requestlog [None req-30e78c5b-52dc-4e96-96d7-72abac145bed 8446e8c9d73f4c7bbbe69ca5ab03952d bef49defce174973881bffe76a8556b3 - - f4cc4284f7664e56849070c578ddc7c9 f4cc4284f7664e56849070c578ddc7c9] 10.0.0.252 "GET /resource_providers/47d50d02-a150-41aa-8766-4134d239dccf/aggregates" status: 404 len: 235 microversion: 1.1 [pid: 7|app: 0|req: 456/921] 10.0.0.252 () {32 vars in 816 bytes} [Thu Aug 20 02:38:36 2026] GET /resource_providers/47d50d02-a150-41aa-8766-4134d239dccf/aggregates => generated 235 bytes in 12 msecs (HTTP/1.1 404) 5 headers in 202 bytes (1 switches on core 0)
2026-08-20 02:38:36.598 8 INFO placement.requestlog [None req-f1357548-bcdf-46bb-8a8e-dd1478a47e9f 8446e8c9d73f4c7bbbe69ca5ab03952d bef49defce174973881bffe76a8556b3 - - f4cc4284f7664e56849070c578ddc7c9 f4cc4284f7664e56849070c578ddc7c9] 10.0.0.252 "GET /resource_providers/47d50d02-a150-41aa-8766-4134d239dccf/aggregates" status: 404 len: 235 microversion: 1.1 [pid: 8|app: 0|req: 466/922] 10.0.0.252 () {32 vars in 816 bytes} [Thu Aug 20 02:38:36 2026] GET /resource_providers/47d50d02-a150-41aa-8766-4134d239dccf/aggregates => generated 235 bytes in 14 msecs (HTTP/1.1 404) 5 headers in 202 bytes (1 switches on core 0)
2026-08-20 02:38:36.621 8 INFO placement.requestlog [None req-57e67640-a472-44e2-a4fa-8441b04773a4 8446e8c9d73f4c7bbbe69ca5ab03952d bef49defce174973881bffe76a8556b3 - - f4cc4284f7664e56849070c578ddc7c9 f4cc4284f7664e56849070c578ddc7c9] 10.0.0.252 "DELETE /resource_providers/47d50d02-a150-41aa-8766-4134d239dccf" status: 404 len: 246 microversion: 1.1 [pid: 8|app: 0|req: 467/923] 10.0.0.252 () {34 vars in 816 bytes} [Thu Aug 20 02:38:36 2026] DELETE /resource_providers/47d50d02-a150-41aa-8766-4134d239dccf => generated 246 bytes in 9 msecs (HTTP/1.1 404) 6 headers in 231 bytes (1 switches on core 0)
2026-08-20 02:38:36.623 7 INFO placement.requestlog [None req-4d3a1da1-0056-4527-bae0-94127839cee6 8446e8c9d73f4c7bbbe69ca5ab03952d bef49defce174973881bffe76a8556b3 - - f4cc4284f7664e56849070c578ddc7c9 f4cc4284f7664e56849070c578ddc7c9] 10.0.0.252 "DELETE /resource_providers/47d50d02-a150-41aa-8766-4134d239dccf" status: 404 len: 246 microversion: 1.1 [pid: 7|app: 0|req: 457/924] 10.0.0.252 () {34 vars in 816 bytes} [Thu Aug 20 02:38:36 2026] DELETE /resource_providers/47d50d02-a150-41aa-8766-4134d239dccf => generated 246 bytes in 10 msecs (HTTP/1.1 404) 6 headers in 231 bytes (1 switches on core 0)
2026-08-20 02:38:38.669 7 INFO placement.requestlog [None req-7a8d080a-fa86-4fea-bc49-c0cd0bc50613 8446e8c9d73f4c7bbbe69ca5ab03952d bef49defce174973881bffe76a8556b3 - - f4cc4284f7664e56849070c578ddc7c9 f4cc4284f7664e56849070c578ddc7c9] 10.0.0.252 "GET /resource_providers/323a4376-e2cb-43df-a9de-aa9e3823042d/aggregates" status: 404 len: 235 microversion: 1.1 [pid: 7|app: 0|req: 458/925] 10.0.0.252 () {32 vars in 816 bytes} [Thu Aug 20 02:38:38 2026] GET /resource_providers/323a4376-e2cb-43df-a9de-aa9e3823042d/aggregates => generated 235 bytes in 21 msecs (HTTP/1.1 404) 5 headers in 202 bytes (1 switches on core 0)
2026-08-20 02:38:38.673 8 INFO placement.requestlog [None req-0bdfd57a-921f-4de1-92b8-161fab544d5f 8446e8c9d73f4c7bbbe69ca5ab03952d bef49defce174973881bffe76a8556b3 - - f4cc4284f7664e56849070c578ddc7c9 f4cc4284f7664e56849070c578ddc7c9] 10.0.0.252 "GET /resource_providers/323a4376-e2cb-43df-a9de-aa9e3823042d/aggregates" status: 404 len: 235 microversion: 1.1 [pid: 8|app: 0|req: 468/926] 10.0.0.252 () {32 vars in 816 bytes} [Thu Aug 20 02:38:38 2026] GET /resource_providers/323a4376-e2cb-43df-a9de-aa9e3823042d/aggregates => generated 235 bytes in 25 msecs (HTTP/1.1 404) 5 headers in 202 bytes (1 switches on core 0)
2026-08-20 02:38:38.702 7 INFO placement.requestlog [None req-93b97e8d-99d9-42dd-aa8a-0adb10c49809 8446e8c9d73f4c7bbbe69ca5ab03952d bef49defce174973881bffe76a8556b3 - - f4cc4284f7664e56849070c578ddc7c9 f4cc4284f7664e56849070c578ddc7c9] 10.0.0.252 "DELETE /resource_providers/323a4376-e2cb-43df-a9de-aa9e3823042d" status: 404 len: 246 microversion: 1.1 [pid: 7|app: 0|req: 459/927] 10.0.0.252 () {34 vars in 816 bytes} [Thu Aug 20 02:38:38 2026] DELETE /resource_providers/323a4376-e2cb-43df-a9de-aa9e3823042d => generated 246 bytes in 14 msecs (HTTP/1.1 404) 6 headers in 231 bytes (1 switches on core 0)
2026-08-20 02:38:38.708 8 INFO placement.requestlog [None req-9fb20c20-e64a-4cff-a479-19d69438f059 8446e8c9d73f4c7bbbe69ca5ab03952d bef49defce174973881bffe76a8556b3 - - f4cc4284f7664e56849070c578ddc7c9 f4cc4284f7664e56849070c578ddc7c9] 10.0.0.252 "DELETE /resource_providers/323a4376-e2cb-43df-a9de-aa9e3823042d" status: 404 len: 246 microversion: 1.1 [pid: 8|app: 0|req: 469/928] 10.0.0.252 () {34 vars in 816 bytes} [Thu Aug 20 02:38:38 2026] DELETE /resource_providers/323a4376-e2cb-43df-a9de-aa9e3823042d => generated 246 bytes in 16 msecs (HTTP/1.1 404) 6 headers in 231 bytes (1 switches on core 0)
2026-08-20 02:38:38.728 7 INFO placement.requestlog [None req-319eff06-bc01-47bf-93a2-82524f6e2e5b 8446e8c9d73f4c7bbbe69ca5ab03952d bef49defce174973881bffe76a8556b3 - - f4cc4284f7664e56849070c578ddc7c9 f4cc4284f7664e56849070c578ddc7c9] 10.0.0.252 "GET /resource_providers/db62ac37-a8bb-4c24-a154-7c4954b657a0/aggregates" status: 404 len: 235 microversion: 1.1 [pid: 7|app: 0|req: 460/929] 10.0.0.252 () {32 vars in 816 bytes} [Thu Aug 20 02:38:38 2026] GET /resource_providers/db62ac37-a8bb-4c24-a154-7c4954b657a0/aggregates => generated 235 bytes in 11 msecs (HTTP/1.1 404) 5 headers in 202 bytes (1 switches on core 0)
2026-08-20 02:38:38.732 8 INFO placement.requestlog [None req-8f814d88-6d68-4094-a0d8-341c33c58c28 8446e8c9d73f4c7bbbe69ca5ab03952d bef49defce174973881bffe76a8556b3 - - f4cc4284f7664e56849070c578ddc7c9 f4cc4284f7664e56849070c578ddc7c9] 10.0.0.252 "GET /resource_providers/db62ac37-a8bb-4c24-a154-7c4954b657a0/aggregates" status: 404 len: 235 microversion: 1.1 [pid: 8|app: 0|req: 470/930] 10.0.0.252 () {32 vars in 816 bytes} [Thu Aug 20 02:38:38 2026] GET /resource_providers/db62ac37-a8bb-4c24-a154-7c4954b657a0/aggregates => generated 235 bytes in 15 msecs (HTTP/1.1 404) 5 headers in 202 bytes (1 switches on core 0)
2026-08-20 02:38:38.787 7 INFO placement.requestlog [None req-d39cba98-348f-477a-b37b-1b35f641f851 8446e8c9d73f4c7bbbe69ca5ab03952d bef49defce174973881bffe76a8556b3 - - f4cc4284f7664e56849070c578ddc7c9 f4cc4284f7664e56849070c578ddc7c9] 10.0.0.252 "DELETE /resource_providers/db62ac37-a8bb-4c24-a154-7c4954b657a0" status: 404 len: 246 microversion: 1.1 [pid: 7|app: 0|req: 461/931] 10.0.0.252 () {34 vars in 816 bytes} [Thu Aug 20 02:38:38 2026] DELETE /resource_providers/db62ac37-a8bb-4c24-a154-7c4954b657a0 => generated 246 bytes in 27 msecs (HTTP/1.1 404) 6 headers in 231 bytes (1 switches on core 0)
2026-08-20 02:38:38.800 8 INFO placement.requestlog [None req-a7e314d3-e7af-4e57-a483-6c9c3e5353a3 8446e8c9d73f4c7bbbe69ca5ab03952d bef49defce174973881bffe76a8556b3 - - f4cc4284f7664e56849070c578ddc7c9 f4cc4284f7664e56849070c578ddc7c9] 10.0.0.252 "DELETE /resource_providers/db62ac37-a8bb-4c24-a154-7c4954b657a0" status: 404 len: 246 microversion: 1.1 [pid: 8|app: 0|req: 471/932] 10.0.0.252 () {34 vars in 816 bytes} [Thu Aug 20 02:38:38 2026] DELETE /resource_providers/db62ac37-a8bb-4c24-a154-7c4954b657a0 => generated 246 bytes in 23 msecs (HTTP/1.1 404) 6 headers in 231 bytes (1 switches on core 0)
2026-08-20 02:38:39.214 7 INFO placement.requestlog [None req-9fcb6024-c116-43c8-b6f5-eafe13aaa584 8446e8c9d73f4c7bbbe69ca5ab03952d bef49defce174973881bffe76a8556b3 - - f4cc4284f7664e56849070c578ddc7c9 f4cc4284f7664e56849070c578ddc7c9] 10.0.0.252 "GET /resource_providers/02430f4b-1d97-4fd0-9b51-6335dba6efd8/aggregates" status: 404 len: 235 microversion: 1.1 [pid: 7|app: 0|req: 462/933] 10.0.0.252 () {32 vars in 816 bytes} [Thu Aug 20 02:38:39 2026] GET /resource_providers/02430f4b-1d97-4fd0-9b51-6335dba6efd8/aggregates => generated 235 bytes in 10 msecs (HTTP/1.1 404) 5 headers in 202 bytes (1 switches on core 0)
2026-08-20 02:38:39.223 8 INFO placement.requestlog [None req-1553ad37-c333-44a1-ac03-2fe03d5c9c41 8446e8c9d73f4c7bbbe69ca5ab03952d bef49defce174973881bffe76a8556b3 - - f4cc4284f7664e56849070c578ddc7c9 f4cc4284f7664e56849070c578ddc7c9] 10.0.0.252 "GET /resource_providers/02430f4b-1d97-4fd0-9b51-6335dba6efd8/aggregates" status: 404 len: 235 microversion: 1.1 [pid: 8|app: 0|req: 472/934] 10.0.0.252 () {32 vars in 816 bytes} [Thu Aug 20 02:38:39 2026] GET /resource_providers/02430f4b-1d97-4fd0-9b51-6335dba6efd8/aggregates => generated 235 bytes in 20 msecs (HTTP/1.1 404) 5 headers in 202 bytes (1 switches on core 0)
2026-08-20 02:38:39.246 7 INFO placement.requestlog [None req-2fffc113-af56-4385-9544-7e4c13ea5be7 8446e8c9d73f4c7bbbe69ca5ab03952d bef49defce174973881bffe76a8556b3 - - f4cc4284f7664e56849070c578ddc7c9 f4cc4284f7664e56849070c578ddc7c9] 10.0.0.252 "DELETE /resource_providers/02430f4b-1d97-4fd0-9b51-6335dba6efd8" status: 404 len: 246 microversion: 1.1 [pid: 7|app: 0|req: 463/935] 10.0.0.252 () {34 vars in 816 bytes} [Thu Aug 20 02:38:39 2026] DELETE /resource_providers/02430f4b-1d97-4fd0-9b51-6335dba6efd8 => generated 246 bytes in 17 msecs (HTTP/1.1 404) 6 headers in 231 bytes (1 switches on core 0)
2026-08-20 02:38:39.255 8 INFO placement.requestlog [None req-7281ba30-21c5-44a4-a516-3cdd479be91f 8446e8c9d73f4c7bbbe69ca5ab03952d bef49defce174973881bffe76a8556b3 - - f4cc4284f7664e56849070c578ddc7c9 f4cc4284f7664e56849070c578ddc7c9] 10.0.0.252 "DELETE /resource_providers/02430f4b-1d97-4fd0-9b51-6335dba6efd8" status: 404 len: 246 microversion: 1.1 [pid: 8|app: 0|req: 473/936] 10.0.0.252 () {34 vars in 816 bytes} [Thu Aug 20 02:38:39 2026] DELETE /resource_providers/02430f4b-1d97-4fd0-9b51-6335dba6efd8 => generated 246 bytes in 16 msecs (HTTP/1.1 404) 6 headers in 231 bytes (1 switches on core 0)
2026-08-20 02:38:40.807 7 INFO placement.requestlog [None req-d4806851-bff9-411e-98e8-19098ba099cf 8446e8c9d73f4c7bbbe69ca5ab03952d bef49defce174973881bffe76a8556b3 - - f4cc4284f7664e56849070c578ddc7c9 f4cc4284f7664e56849070c578ddc7c9] 10.0.0.252 "GET /resource_providers/4b5eb7fd-2081-412d-90d4-2142206aee32/aggregates" status: 404 len: 235 microversion: 1.1 [pid: 7|app: 0|req: 464/937] 10.0.0.252 () {32 vars in 816 bytes} [Thu Aug 20 02:38:40 2026] GET /resource_providers/4b5eb7fd-2081-412d-90d4-2142206aee32/aggregates => generated 235 bytes in 11 msecs (HTTP/1.1 404) 5 headers in 202 bytes (1 switches on core 0)
2026-08-20 02:38:40.822 8 INFO placement.requestlog [None req-84e4b78c-6270-4c29-9973-1dc7d40f5aa6 8446e8c9d73f4c7bbbe69ca5ab03952d bef49defce174973881bffe76a8556b3 - - f4cc4284f7664e56849070c578ddc7c9 f4cc4284f7664e56849070c578ddc7c9] 10.0.0.252 "GET /resource_providers/4b5eb7fd-2081-412d-90d4-2142206aee32/aggregates" status: 404 len: 235 microversion: 1.1 [pid: 8|app: 0|req: 474/938] 10.0.0.252 () {32 vars in 816 bytes} [Thu Aug 20 02:38:40 2026] GET /resource_providers/4b5eb7fd-2081-412d-90d4-2142206aee32/aggregates => generated 235 bytes in 10 msecs (HTTP/1.1 404) 5 headers in 202 bytes (1 switches on core 0)
2026-08-20 02:38:40.830 7 INFO placement.requestlog [None req-dd93a4e1-fd1d-477d-a0b8-fee2ebe95dee 8446e8c9d73f4c7bbbe69ca5ab03952d bef49defce174973881bffe76a8556b3 - - f4cc4284f7664e56849070c578ddc7c9 f4cc4284f7664e56849070c578ddc7c9] 10.0.0.252 "DELETE /resource_providers/4b5eb7fd-2081-412d-90d4-2142206aee32" status: 404 len: 246 microversion: 1.1 [pid: 7|app: 0|req: 465/939] 10.0.0.252 () {34 vars in 816 bytes} [Thu Aug 20 02:38:40 2026] DELETE /resource_providers/4b5eb7fd-2081-412d-90d4-2142206aee32 => generated 246 bytes in 10 msecs (HTTP/1.1 404) 6 headers in 231 bytes (1 switches on core 0)
2026-08-20 02:38:40.847 7 INFO placement.requestlog [None req-136a531a-580f-40bd-be4b-a7357012dce9 8446e8c9d73f4c7bbbe69ca5ab03952d bef49defce174973881bffe76a8556b3 - - f4cc4284f7664e56849070c578ddc7c9 f4cc4284f7664e56849070c578ddc7c9] 10.0.0.252 "GET /resource_providers/355a76d6-a748-48bd-894d-75008d9eac0d/aggregates" status: 404 len: 235 microversion: 1.1 [pid: 7|app: 0|req: 466/940] 10.0.0.252 () {32 vars in 816 bytes} [Thu Aug 20 02:38:40 2026] GET /resource_providers/355a76d6-a748-48bd-894d-75008d9eac0d/aggregates => generated 235 bytes in 7 msecs (HTTP/1.1 404) 5 headers in 202 bytes (1 switches on core 0)
2026-08-20 02:38:40.850 8 INFO placement.requestlog [None req-6fe45c91-9d97-454f-ac6b-5404a99591fa 8446e8c9d73f4c7bbbe69ca5ab03952d bef49defce174973881bffe76a8556b3 - - f4cc4284f7664e56849070c578ddc7c9 f4cc4284f7664e56849070c578ddc7c9] 10.0.0.252 "DELETE /resource_providers/4b5eb7fd-2081-412d-90d4-2142206aee32" status: 404 len: 246 microversion: 1.1 [pid: 8|app: 0|req: 475/941] 10.0.0.252 () {34 vars in 816 bytes} [Thu Aug 20 02:38:40 2026] DELETE /resource_providers/4b5eb7fd-2081-412d-90d4-2142206aee32 => generated 246 bytes in 10 msecs (HTTP/1.1 404) 6 headers in 231 bytes (1 switches on core 0)
2026-08-20 02:38:40.870 7 INFO placement.requestlog [None req-3fa07a76-bdfc-473b-b093-14e0d45cd019 8446e8c9d73f4c7bbbe69ca5ab03952d bef49defce174973881bffe76a8556b3 - - f4cc4284f7664e56849070c578ddc7c9 f4cc4284f7664e56849070c578ddc7c9] 10.0.0.252 "GET /resource_providers/355a76d6-a748-48bd-894d-75008d9eac0d/aggregates" status: 404 len: 235 microversion: 1.1 [pid: 7|app: 0|req: 467/942] 10.0.0.252 () {32 vars in 816 bytes} [Thu Aug 20 02:38:40 2026] GET /resource_providers/355a76d6-a748-48bd-894d-75008d9eac0d/aggregates => generated 235 bytes in 8 msecs (HTTP/1.1 404) 5 headers in 202 bytes (1 switches on core 0)
2026-08-20 02:38:40.878 8 INFO placement.requestlog [None req-1ef3038c-7260-4193-be7b-115e671b8cdc 8446e8c9d73f4c7bbbe69ca5ab03952d bef49defce174973881bffe76a8556b3 - - f4cc4284f7664e56849070c578ddc7c9 f4cc4284f7664e56849070c578ddc7c9] 10.0.0.252 "DELETE /resource_providers/355a76d6-a748-48bd-894d-75008d9eac0d" status: 404 len: 246 microversion: 1.1 [pid: 8|app: 0|req: 476/943] 10.0.0.252 () {34 vars in 816 bytes} [Thu Aug 20 02:38:40 2026] DELETE /resource_providers/355a76d6-a748-48bd-894d-75008d9eac0d => generated 246 bytes in 11 msecs (HTTP/1.1 404) 6 headers in 231 bytes (1 switches on core 0)
2026-08-20 02:38:40.887 7 INFO placement.requestlog [None req-10356ee3-9829-4bac-b6c2-382238c8543a 8446e8c9d73f4c7bbbe69ca5ab03952d bef49defce174973881bffe76a8556b3 - - f4cc4284f7664e56849070c578ddc7c9 f4cc4284f7664e56849070c578ddc7c9] 10.0.0.252 "DELETE /resource_providers/355a76d6-a748-48bd-894d-75008d9eac0d" status: 404 len: 246 microversion: 1.1 [pid: 7|app: 0|req: 468/944] 10.0.0.252 () {34 vars in 816 bytes} [Thu Aug 20 02:38:40 2026] DELETE /resource_providers/355a76d6-a748-48bd-894d-75008d9eac0d => generated 246 bytes in 7 msecs (HTTP/1.1 404) 6 headers in 231 bytes (1 switches on core 0)
2026-08-20 02:38:40.906 8 INFO placement.requestlog [None req-f56553c6-0f1f-4286-8ad5-974399a54f0d 8446e8c9d73f4c7bbbe69ca5ab03952d bef49defce174973881bffe76a8556b3 - - f4cc4284f7664e56849070c578ddc7c9 f4cc4284f7664e56849070c578ddc7c9] 10.0.0.252 "GET /resource_providers/81e51f40-1647-4d85-b4cf-e14c9f5da610/aggregates" status: 404 len: 235 microversion: 1.1 [pid: 8|app: 0|req: 477/945] 10.0.0.252 () {32 vars in 816 bytes} [Thu Aug 20 02:38:40 2026] GET /resource_providers/81e51f40-1647-4d85-b4cf-e14c9f5da610/aggregates => generated 235 bytes in 9 msecs (HTTP/1.1 404) 5 headers in 202 bytes (1 switches on core 0)
2026-08-20 02:38:40.908 7 INFO placement.requestlog [None req-2d44878e-7881-49fa-a3e1-870bd3688fef 8446e8c9d73f4c7bbbe69ca5ab03952d bef49defce174973881bffe76a8556b3 - - f4cc4284f7664e56849070c578ddc7c9 f4cc4284f7664e56849070c578ddc7c9] 10.0.0.252 "GET /resource_providers/81e51f40-1647-4d85-b4cf-e14c9f5da610/aggregates" status: 404 len: 235 microversion: 1.1 [pid: 7|app: 0|req: 469/946] 10.0.0.252 () {32 vars in 816 bytes} [Thu Aug 20 02:38:40 2026] GET /resource_providers/81e51f40-1647-4d85-b4cf-e14c9f5da610/aggregates => generated 235 bytes in 10 msecs (HTTP/1.1 404) 5 headers in 202 bytes (1 switches on core 0)
2026-08-20 02:38:40.925 8 INFO placement.requestlog [None req-097cfba9-bae5-4867-b52a-d40dd4fb1b9d 8446e8c9d73f4c7bbbe69ca5ab03952d bef49defce174973881bffe76a8556b3 - - f4cc4284f7664e56849070c578ddc7c9 f4cc4284f7664e56849070c578ddc7c9] 10.0.0.252 "DELETE /resource_providers/81e51f40-1647-4d85-b4cf-e14c9f5da610" status: 404 len: 246 microversion: 1.1 [pid: 8|app: 0|req: 478/947] 10.0.0.252 () {34 vars in 816 bytes} [Thu Aug 20 02:38:40 2026] DELETE /resource_providers/81e51f40-1647-4d85-b4cf-e14c9f5da610 => generated 246 bytes in 12 msecs (HTTP/1.1 404) 6 headers in 231 bytes (1 switches on core 0)
2026-08-20 02:38:40.938 7 INFO placement.requestlog [None req-f3b879fa-1474-4d53-af8d-3b0be922e305 8446e8c9d73f4c7bbbe69ca5ab03952d bef49defce174973881bffe76a8556b3 - - f4cc4284f7664e56849070c578ddc7c9 f4cc4284f7664e56849070c578ddc7c9] 10.0.0.252 "DELETE /resource_providers/81e51f40-1647-4d85-b4cf-e14c9f5da610" status: 404 len: 246 microversion: 1.1 [pid: 7|app: 0|req: 470/948] 10.0.0.252 () {34 vars in 816 bytes} [Thu Aug 20 02:38:40 2026] DELETE /resource_providers/81e51f40-1647-4d85-b4cf-e14c9f5da610 => generated 246 bytes in 13 msecs (HTTP/1.1 404) 6 headers in 231 bytes (1 switches on core 0)
2026-08-20 02:38:41.269 8 INFO placement.requestlog [None req-3f369c35-e3c7-46e2-895e-900e5d5e7dc0 8446e8c9d73f4c7bbbe69ca5ab03952d bef49defce174973881bffe76a8556b3 - - f4cc4284f7664e56849070c578ddc7c9 f4cc4284f7664e56849070c578ddc7c9] 10.0.0.252 "GET /resource_providers/2b8a3c3a-d9f9-4a97-b478-3d45658459bc/aggregates" status: 404 len: 235 microversion: 1.1 [pid: 8|app: 0|req: 479/949] 10.0.0.252 () {32 vars in 816 bytes} [Thu Aug 20 02:38:41 2026] GET /resource_providers/2b8a3c3a-d9f9-4a97-b478-3d45658459bc/aggregates => generated 235 bytes in 11 msecs (HTTP/1.1 404) 5 headers in 202 bytes (1 switches on core 0)
2026-08-20 02:38:41.276 7 INFO placement.requestlog [None req-0e10e681-0a6e-4593-b418-e7b8c9b0cf38 8446e8c9d73f4c7bbbe69ca5ab03952d bef49defce174973881bffe76a8556b3 - - f4cc4284f7664e56849070c578ddc7c9 f4cc4284f7664e56849070c578ddc7c9] 10.0.0.252 "GET /resource_providers/2b8a3c3a-d9f9-4a97-b478-3d45658459bc/aggregates" status: 404 len: 235 microversion: 1.1 [pid: 7|app: 0|req: 471/950] 10.0.0.252 () {32 vars in 816 bytes} [Thu Aug 20 02:38:41 2026] GET /resource_providers/2b8a3c3a-d9f9-4a97-b478-3d45658459bc/aggregates => generated 235 bytes in 11 msecs (HTTP/1.1 404) 5 headers in 202 bytes (1 switches on core 0)
2026-08-20 02:38:41.296 8 INFO placement.requestlog [None req-dd8b9746-555b-41b6-a937-12e646c0401d 8446e8c9d73f4c7bbbe69ca5ab03952d bef49defce174973881bffe76a8556b3 - - f4cc4284f7664e56849070c578ddc7c9 f4cc4284f7664e56849070c578ddc7c9] 10.0.0.252 "DELETE /resource_providers/2b8a3c3a-d9f9-4a97-b478-3d45658459bc" status: 404 len: 246 microversion: 1.1 [pid: 8|app: 0|req: 480/951] 10.0.0.252 () {34 vars in 816 bytes} [Thu Aug 20 02:38:41 2026] DELETE /resource_providers/2b8a3c3a-d9f9-4a97-b478-3d45658459bc => generated 246 bytes in 9 msecs (HTTP/1.1 404) 6 headers in 231 bytes (1 switches on core 0)
2026-08-20 02:38:41.300 7 INFO placement.requestlog [None req-54fe6de8-96ae-422e-9ce9-ae603a8212c8 8446e8c9d73f4c7bbbe69ca5ab03952d bef49defce174973881bffe76a8556b3 - - f4cc4284f7664e56849070c578ddc7c9 f4cc4284f7664e56849070c578ddc7c9] 10.0.0.252 "DELETE /resource_providers/2b8a3c3a-d9f9-4a97-b478-3d45658459bc" status: 404 len: 246 microversion: 1.1 [pid: 7|app: 0|req: 472/952] 10.0.0.252 () {34 vars in 816 bytes} [Thu Aug 20 02:38:41 2026] DELETE /resource_providers/2b8a3c3a-d9f9-4a97-b478-3d45658459bc => generated 246 bytes in 12 msecs (HTTP/1.1 404) 6 headers in 231 bytes (1 switches on core 0)
2026-08-20 02:38:41.330 7 INFO placement.requestlog [None req-c7b7bd25-c359-4c66-abf0-ca8a9b9559c6 8446e8c9d73f4c7bbbe69ca5ab03952d bef49defce174973881bffe76a8556b3 - - f4cc4284f7664e56849070c578ddc7c9 f4cc4284f7664e56849070c578ddc7c9] 10.0.0.252 "GET /resource_providers/965d345f-330a-4d03-926a-98bac7a5e92f/aggregates" status: 404 len: 235 microversion: 1.1 [pid: 7|app: 0|req: 473/953] 10.0.0.252 () {32 vars in 816 bytes} [Thu Aug 20 02:38:41 2026] GET /resource_providers/965d345f-330a-4d03-926a-98bac7a5e92f/aggregates => generated 235 bytes in 10 msecs (HTTP/1.1 404) 5 headers in 202 bytes (1 switches on core 0)
2026-08-20 02:38:41.333 8 INFO placement.requestlog [None req-268d82e6-4ae3-4e73-a842-318482d73457 8446e8c9d73f4c7bbbe69ca5ab03952d bef49defce174973881bffe76a8556b3 - - f4cc4284f7664e56849070c578ddc7c9 f4cc4284f7664e56849070c578ddc7c9] 10.0.0.252 "GET /resource_providers/965d345f-330a-4d03-926a-98bac7a5e92f/aggregates" status: 404 len: 235 microversion: 1.1 [pid: 8|app: 0|req: 481/954] 10.0.0.252 () {32 vars in 816 bytes} [Thu Aug 20 02:38:41 2026] GET /resource_providers/965d345f-330a-4d03-926a-98bac7a5e92f/aggregates => generated 235 bytes in 23 msecs (HTTP/1.1 404) 5 headers in 202 bytes (1 switches on core 0)
2026-08-20 02:38:41.355 7 INFO placement.requestlog [None req-89559e3c-cf78-4949-9890-db925b04ddd8 8446e8c9d73f4c7bbbe69ca5ab03952d bef49defce174973881bffe76a8556b3 - - f4cc4284f7664e56849070c578ddc7c9 f4cc4284f7664e56849070c578ddc7c9] 10.0.0.252 "DELETE /resource_providers/965d345f-330a-4d03-926a-98bac7a5e92f" status: 404 len: 246 microversion: 1.1
2026-08-20 02:38:41.356 8 INFO placement.requestlog [None req-13cb44bc-e976-4311-91ab-b87545428b96 8446e8c9d73f4c7bbbe69ca5ab03952d bef49defce174973881bffe76a8556b3 - - f4cc4284f7664e56849070c578ddc7c9 f4cc4284f7664e56849070c578ddc7c9] 10.0.0.252 "DELETE /resource_providers/965d345f-330a-4d03-926a-98bac7a5e92f" status: 404 len: 246 microversion: 1.1 [pid: 8|app: 0|req: 482/955] 10.0.0.252 () {34 vars in 816 bytes} [Thu Aug 20 02:38:41 2026] DELETE /resource_providers/965d345f-330a-4d03-926a-98bac7a5e92f => generated 246 bytes in 12 msecs (HTTP/1.1 404) 6 headers in 231 bytes (1 switches on core 0) [pid: 7|app: 0|req: 474/956] 10.0.0.252 () {34 vars in 816 bytes} [Thu Aug 20 02:38:41 2026] DELETE /resource_providers/965d345f-330a-4d03-926a-98bac7a5e92f => generated 246 bytes in 16 msecs (HTTP/1.1 404) 6 headers in 231 bytes (1 switches on core 0)
2026-08-20 02:38:41.379 7 INFO placement.requestlog [None req-ef6b24e3-0e10-4fd9-8a2a-e1a25cc64416 8446e8c9d73f4c7bbbe69ca5ab03952d bef49defce174973881bffe76a8556b3 - - f4cc4284f7664e56849070c578ddc7c9 f4cc4284f7664e56849070c578ddc7c9] 10.0.0.252 "GET /resource_providers/f3b8724d-d912-4cef-a7d0-ded6cbf6c0f2/aggregates" status: 404 len: 235 microversion: 1.1 [pid: 7|app: 0|req: 475/957] 10.0.0.252 () {32 vars in 816 bytes} [Thu Aug 20 02:38:41 2026] GET /resource_providers/f3b8724d-d912-4cef-a7d0-ded6cbf6c0f2/aggregates => generated 235 bytes in 11 msecs (HTTP/1.1 404) 5 headers in 202 bytes (1 switches on core 0)
2026-08-20 02:38:41.380 8 INFO placement.requestlog [None req-951460e8-3e01-493f-97ec-a5b36cb6d7e4 8446e8c9d73f4c7bbbe69ca5ab03952d bef49defce174973881bffe76a8556b3 - - f4cc4284f7664e56849070c578ddc7c9 f4cc4284f7664e56849070c578ddc7c9] 10.0.0.252 "GET /resource_providers/f3b8724d-d912-4cef-a7d0-ded6cbf6c0f2/aggregates" status: 404 len: 235 microversion: 1.1 [pid: 8|app: 0|req: 483/958] 10.0.0.252 () {32 vars in 816 bytes} [Thu Aug 20 02:38:41 2026] GET /resource_providers/f3b8724d-d912-4cef-a7d0-ded6cbf6c0f2/aggregates => generated 235 bytes in 13 msecs (HTTP/1.1 404) 5 headers in 202 bytes (1 switches on core 0)
2026-08-20 02:38:41.403 8 INFO placement.requestlog [None req-0ba25bde-fe3c-4d22-97bd-4436e461a2a9 8446e8c9d73f4c7bbbe69ca5ab03952d bef49defce174973881bffe76a8556b3 - - f4cc4284f7664e56849070c578ddc7c9 f4cc4284f7664e56849070c578ddc7c9] 10.0.0.252 "DELETE /resource_providers/f3b8724d-d912-4cef-a7d0-ded6cbf6c0f2" status: 404 len: 246 microversion: 1.1 [pid: 8|app: 0|req: 484/959] 10.0.0.252 () {34 vars in 816 bytes} [Thu Aug 20 02:38:41 2026] DELETE /resource_providers/f3b8724d-d912-4cef-a7d0-ded6cbf6c0f2 => generated 246 bytes in 9 msecs (HTTP/1.1 404) 6 headers in 231 bytes (1 switches on core 0)
2026-08-20 02:38:41.408 7 INFO placement.requestlog [None req-b6668c80-9d5a-4d02-872c-95429efb9677 8446e8c9d73f4c7bbbe69ca5ab03952d bef49defce174973881bffe76a8556b3 - - f4cc4284f7664e56849070c578ddc7c9 f4cc4284f7664e56849070c578ddc7c9] 10.0.0.252 "DELETE /resource_providers/f3b8724d-d912-4cef-a7d0-ded6cbf6c0f2" status: 404 len: 246 microversion: 1.1 [pid: 7|app: 0|req: 476/960] 10.0.0.252 () {34 vars in 816 bytes} [Thu Aug 20 02:38:41 2026] DELETE /resource_providers/f3b8724d-d912-4cef-a7d0-ded6cbf6c0f2 => generated 246 bytes in 17 msecs (HTTP/1.1 404) 6 headers in 231 bytes (1 switches on core 0)
