Apr 06 18:23:02.303148 np0000163569 nova-conductor[109594]: DEBUG cotyledon.oslo_config_glue [-] vmware.serial_port_service_uri = None {{(pid=109594) log_opt_values /opt/stack/data/venv/lib/python3.12/site-packages/oslo_config/cfg.py:3006}}
Apr 06 18:23:02.303182 np0000163569 nova-conductor[109594]: DEBUG cotyledon.oslo_config_glue [-] vmware.task_poll_interval = 0.5 {{(pid=109594) log_opt_values /opt/stack/data/venv/lib/python3.12/site-packages/oslo_config/cfg.py:3006}}
Apr 06 18:23:02.303225 np0000163569 nova-conductor[109594]: DEBUG cotyledon.oslo_config_glue [-] vmware.use_linked_clone = True {{(pid=109594) log_opt_values /opt/stack/data/venv/lib/python3.12/site-packages/oslo_config/cfg.py:3006}}
Apr 06 18:23:02.303278 np0000163569 nova-conductor[109594]: DEBUG cotyledon.oslo_config_glue [-] vmware.vnc_keymap = en-us {{(pid=109594) log_opt_values /opt/stack/data/venv/lib/python3.12/site-packages/oslo_config/cfg.py:3006}}
Apr 06 18:23:02.303308 np0000163569 nova-conductor[109594]: DEBUG cotyledon.oslo_config_glue [-] vmware.vnc_port = 5900 {{(pid=109594) log_opt_values /opt/stack/data/venv/lib/python3.12/site-packages/oslo_config/cfg.py:3006}}
Apr 06 18:23:02.303356 np0000163569 nova-conductor[109594]: DEBUG cotyledon.oslo_config_glue [-] vmware.vnc_port_total = 10000 {{(pid=109594) log_opt_values /opt/stack/data/venv/lib/python3.12/site-packages/oslo_config/cfg.py:3006}}
Apr 06 18:23:02.303412 np0000163569 nova-conductor[109594]: DEBUG cotyledon.oslo_config_glue [-] vnc.auth_schemes = ['none'] {{(pid=109594) log_opt_values /opt/stack/data/venv/lib/python3.12/site-packages/oslo_config/cfg.py:3006}}
Apr 06 18:23:02.303445 np0000163569 nova-conductor[109594]: DEBUG cotyledon.oslo_config_glue [-] vnc.enabled = True {{(pid=109594) log_opt_values /opt/stack/data/venv/lib/python3.12/site-packages/oslo_config/cfg.py:3006}}
Apr 06 18:23:02.303502 np0000163569 nova-conductor[109594]: DEBUG cotyledon.oslo_config_glue [-] vnc.novncproxy_base_url = http://127.0.0.1:6080/vnc_auto.html {{(pid=109594) log_opt_values /opt/stack/data/venv/lib/python3.12/site-packages/oslo_config/cfg.py:3006}}
Apr 06 18:23:02.303533 np0000163569 nova-conductor[109594]: DEBUG cotyledon.oslo_config_glue [-] vnc.novncproxy_host = 0.0.0.0 {{(pid=109594) log_opt_values /opt/stack/data/venv/lib/python3.12/site-packages/oslo_config/cfg.py:3006}}
Apr 06 18:23:02.303575 np0000163569 nova-conductor[109594]: DEBUG cotyledon.oslo_config_glue [-] vnc.novncproxy_port = 6080 {{(pid=109594) log_opt_values /opt/stack/data/venv/lib/python3.12/site-packages/oslo_config/cfg.py:3006}}
Apr 06 18:23:02.303605 np0000163569 nova-conductor[109594]: DEBUG cotyledon.oslo_config_glue [-] vnc.server_listen = 127.0.0.1 {{(pid=109594) log_opt_values /opt/stack/data/venv/lib/python3.12/site-packages/oslo_config/cfg.py:3006}}
Apr 06 18:23:02.303639 np0000163569 nova-conductor[109594]: DEBUG cotyledon.oslo_config_glue [-] vnc.server_proxyclient_address = 127.0.0.1 {{(pid=109594) log_opt_values /opt/stack/data/venv/lib/python3.12/site-packages/oslo_config/cfg.py:3006}}
Apr 06 18:23:02.303687 np0000163569 nova-conductor[109594]: DEBUG cotyledon.oslo_config_glue [-] vnc.vencrypt_ca_certs = None {{(pid=109594) log_opt_values /opt/stack/data/venv/lib/python3.12/site-packages/oslo_config/cfg.py:3006}}
Apr 06 18:23:02.303733 np0000163569 nova-conductor[109594]: DEBUG cotyledon.oslo_config_glue [-] vnc.vencrypt_client_cert = None {{(pid=109594) log_opt_values /opt/stack/data/venv/lib/python3.12/site-packages/oslo_config/cfg.py:3006}}
Apr 06 18:23:02.303767 np0000163569 nova-conductor[109594]: DEBUG cotyledon.oslo_config_glue [-] vnc.vencrypt_client_key = None {{(pid=109594) log_opt_values /opt/stack/data/venv/lib/python3.12/site-packages/oslo_config/cfg.py:3006}}
Apr 06 18:23:02.303826 np0000163569 nova-conductor[109594]: DEBUG cotyledon.oslo_config_glue [-] workarounds.disable_compute_service_check_for_ffu = False {{(pid=109594) log_opt_values /opt/stack/data/venv/lib/python3.12/site-packages/oslo_config/cfg.py:3006}}
Apr 06 18:23:02.303879 np0000163569 nova-conductor[109594]: DEBUG cotyledon.oslo_config_glue [-] workarounds.disable_deep_image_inspection = False {{(pid=109594) log_opt_values /opt/stack/data/venv/lib/python3.12/site-packages/oslo_config/cfg.py:3006}}
Apr 06 18:23:02.303911 np0000163569 nova-conductor[109594]: DEBUG cotyledon.oslo_config_glue [-] workarounds.disable_fallback_pcpu_query = False {{(pid=109594) log_opt_values /opt/stack/data/venv/lib/python3.12/site-packages/oslo_config/cfg.py:3006}}
Apr 06 18:23:02.303958 np0000163569 nova-conductor[109594]: DEBUG cotyledon.oslo_config_glue [-] workarounds.disable_group_policy_check_upcall = False {{(pid=109594) log_opt_values /opt/stack/data/venv/lib/python3.12/site-packages/oslo_config/cfg.py:3006}}
Apr 06 18:23:02.303989 np0000163569 nova-conductor[109594]: DEBUG cotyledon.oslo_config_glue [-] workarounds.disable_libvirt_livesnapshot = False {{(pid=109594) log_opt_values /opt/stack/data/venv/lib/python3.12/site-packages/oslo_config/cfg.py:3006}}
Apr 06 18:23:02.304039 np0000163569 nova-conductor[109594]: DEBUG cotyledon.oslo_config_glue [-] workarounds.disable_rootwrap = False {{(pid=109594) log_opt_values /opt/stack/data/venv/lib/python3.12/site-packages/oslo_config/cfg.py:3006}}
Apr 06 18:23:02.304068 np0000163569 nova-conductor[109594]: DEBUG cotyledon.oslo_config_glue [-] workarounds.enable_numa_live_migration = False {{(pid=109594) log_opt_values /opt/stack/data/venv/lib/python3.12/site-packages/oslo_config/cfg.py:3006}}
Apr 06 18:23:02.304114 np0000163569 nova-conductor[109594]: DEBUG cotyledon.oslo_config_glue [-] workarounds.enable_qemu_monitor_announce_self = False {{(pid=109594) log_opt_values /opt/stack/data/venv/lib/python3.12/site-packages/oslo_config/cfg.py:3006}}
Apr 06 18:23:02.304148 np0000163569 nova-conductor[109594]: DEBUG cotyledon.oslo_config_glue [-] workarounds.ensure_libvirt_rbd_instance_dir_cleanup = False {{(pid=109594) log_opt_values /opt/stack/data/venv/lib/python3.12/site-packages/oslo_config/cfg.py:3006}}
Apr 06 18:23:02.304190 np0000163569 nova-conductor[109594]: DEBUG cotyledon.oslo_config_glue [-] workarounds.handle_virt_lifecycle_events = True {{(pid=109594) log_opt_values /opt/stack/data/venv/lib/python3.12/site-packages/oslo_config/cfg.py:3006}}
Apr 06 18:23:02.304226 np0000163569 nova-conductor[109594]: DEBUG cotyledon.oslo_config_glue [-] workarounds.libvirt_disable_apic = False {{(pid=109594) log_opt_values /opt/stack/data/venv/lib/python3.12/site-packages/oslo_config/cfg.py:3006}}
Apr 06 18:23:02.304255 np0000163569 nova-conductor[109594]: DEBUG cotyledon.oslo_config_glue [-] workarounds.never_download_image_if_on_rbd = False {{(pid=109594) log_opt_values /opt/stack/data/venv/lib/python3.12/site-packages/oslo_config/cfg.py:3006}}
Apr 06 18:23:02.304298 np0000163569 nova-conductor[109594]: DEBUG cotyledon.oslo_config_glue [-] workarounds.qemu_monitor_announce_self_count = 3 {{(pid=109594) log_opt_values /opt/stack/data/venv/lib/python3.12/site-packages/oslo_config/cfg.py:3006}}
Apr 06 18:23:02.304328 np0000163569 nova-conductor[109594]: DEBUG cotyledon.oslo_config_glue [-] workarounds.qemu_monitor_announce_self_interval = 1 {{(pid=109594) log_opt_values /opt/stack/data/venv/lib/python3.12/site-packages/oslo_config/cfg.py:3006}}
Apr 06 18:23:02.304370 np0000163569 nova-conductor[109594]: DEBUG cotyledon.oslo_config_glue [-] workarounds.reserve_disk_resource_for_image_cache = False {{(pid=109594) log_opt_values /opt/stack/data/venv/lib/python3.12/site-packages/oslo_config/cfg.py:3006}}
Apr 06 18:23:02.304399 np0000163569 nova-conductor[109594]: DEBUG cotyledon.oslo_config_glue [-] workarounds.skip_cpu_compare_at_startup = False {{(pid=109594) log_opt_values /opt/stack/data/venv/lib/python3.12/site-packages/oslo_config/cfg.py:3006}}
Apr 06 18:23:02.304445 np0000163569 nova-conductor[109594]: DEBUG cotyledon.oslo_config_glue [-] workarounds.skip_cpu_compare_on_dest = False {{(pid=109594) log_opt_values /opt/stack/data/venv/lib/python3.12/site-packages/oslo_config/cfg.py:3006}}
Apr 06 18:23:02.304474 np0000163569 nova-conductor[109594]: DEBUG cotyledon.oslo_config_glue [-] workarounds.skip_hypervisor_version_check_on_lm = False {{(pid=109594) log_opt_values /opt/stack/data/venv/lib/python3.12/site-packages/oslo_config/cfg.py:3006}}
Apr 06 18:23:02.304521 np0000163569 nova-conductor[109594]: DEBUG cotyledon.oslo_config_glue [-] workarounds.skip_reserve_in_use_ironic_nodes = False {{(pid=109594) log_opt_values /opt/stack/data/venv/lib/python3.12/site-packages/oslo_config/cfg.py:3006}}
Apr 06 18:23:02.304790 np0000163569 nova-conductor[109594]: DEBUG cotyledon.oslo_config_glue [-] workarounds.unified_limits_count_pcpu_as_vcpu = False {{(pid=109594) log_opt_values /opt/stack/data/venv/lib/python3.12/site-packages/oslo_config/cfg.py:3006}}
Apr 06 18:23:02.304790 np0000163569 nova-conductor[109594]: DEBUG cotyledon.oslo_config_glue [-] workarounds.wait_for_vif_plugged_event_during_hard_reboot = [] {{(pid=109594) log_opt_values /opt/stack/data/venv/lib/python3.12/site-packages/oslo_config/cfg.py:3006}}
Apr 06 18:23:02.304919 np0000163569 nova-conductor[109594]: DEBUG cotyledon.oslo_config_glue [-] wsgi.api_paste_config = /etc/nova/api-paste.ini {{(pid=109594) log_opt_values /opt/stack/data/venv/lib/python3.12/site-packages/oslo_config/cfg.py:3006}}
Apr 06 18:23:02.304994 np0000163569 nova-conductor[109594]: DEBUG cotyledon.oslo_config_glue [-] wsgi.secure_proxy_ssl_header = None {{(pid=109594) log_opt_values /opt/stack/data/venv/lib/python3.12/site-packages/oslo_config/cfg.py:3006}}
Apr 06 18:23:02.305071 np0000163569 nova-conductor[109594]: DEBUG cotyledon.oslo_config_glue [-] zvm.ca_file = None {{(pid=109594) log_opt_values /opt/stack/data/venv/lib/python3.12/site-packages/oslo_config/cfg.py:3006}}
Apr 06 18:23:02.305144 np0000163569 nova-conductor[109594]: DEBUG cotyledon.oslo_config_glue [-] zvm.cloud_connector_url = None {{(pid=109594) log_opt_values /opt/stack/data/venv/lib/python3.12/site-packages/oslo_config/cfg.py:3006}}
Apr 06 18:23:02.305216 np0000163569 nova-conductor[109594]: DEBUG cotyledon.oslo_config_glue [-] zvm.image_tmp_path = /opt/stack/data/nova/images {{(pid=109594) log_opt_values /opt/stack/data/venv/lib/python3.12/site-packages/oslo_config/cfg.py:3006}}
Apr 06 18:23:02.305302 np0000163569 nova-conductor[109594]: DEBUG cotyledon.oslo_config_glue [-] zvm.reachable_timeout = 300 {{(pid=109594) log_opt_values /opt/stack/data/venv/lib/python3.12/site-packages/oslo_config/cfg.py:3006}}
Apr 06 18:23:02.305401 np0000163569 nova-conductor[109594]: DEBUG cotyledon.oslo_config_glue [-] oslo_versionedobjects.fatal_exception_format_errors = False {{(pid=109594) log_opt_values /opt/stack/data/venv/lib/python3.12/site-packages/oslo_config/cfg.py:3006}}
Apr 06 18:23:02.305505 np0000163569 nova-conductor[109594]: DEBUG cotyledon.oslo_config_glue [-] oslo_middleware.http_basic_auth_user_file = /etc/htpasswd {{(pid=109594) log_opt_values /opt/stack/data/venv/lib/python3.12/site-packages/oslo_config/cfg.py:3006}}
Apr 06 18:23:02.305581 np0000163569 nova-conductor[109594]: DEBUG cotyledon.oslo_config_glue [-] profiler.connection_string = messaging:// {{(pid=109594) log_opt_values /opt/stack/data/venv/lib/python3.12/site-packages/oslo_config/cfg.py:3006}}
Apr 06 18:23:02.305622 np0000163569 nova-conductor[109594]: DEBUG cotyledon.oslo_config_glue [-] profiler.enabled = False {{(pid=109594) log_opt_values /opt/stack/data/venv/lib/python3.12/site-packages/oslo_config/cfg.py:3006}}
Apr 06 18:23:02.305664 np0000163569 nova-conductor[109594]: DEBUG cotyledon.oslo_config_glue [-] profiler.es_doc_type = notification {{(pid=109594) log_opt_values /opt/stack/data/venv/lib/python3.12/site-packages/oslo_config/cfg.py:3006}}
Apr 06 18:23:02.305711 np0000163569 nova-conductor[109594]: DEBUG cotyledon.oslo_config_glue [-] profiler.es_scroll_size = 10000 {{(pid=109594) log_opt_values /opt/stack/data/venv/lib/python3.12/site-packages/oslo_config/cfg.py:3006}}
Apr 06 18:23:02.305753 np0000163569 nova-conductor[109594]: DEBUG cotyledon.oslo_config_glue [-] profiler.es_scroll_time = 2m {{(pid=109594) log_opt_values /opt/stack/data/venv/lib/python3.12/site-packages/oslo_config/cfg.py:3006}}
Apr 06 18:23:02.305795 np0000163569 nova-conductor[109594]: DEBUG cotyledon.oslo_config_glue [-] profiler.filter_error_trace = False {{(pid=109594) log_opt_values /opt/stack/data/venv/lib/python3.12/site-packages/oslo_config/cfg.py:3006}}
Apr 06 18:23:02.305862 np0000163569 nova-conductor[109594]: DEBUG cotyledon.oslo_config_glue [-] profiler.hmac_keys = **** {{(pid=109594) log_opt_values /opt/stack/data/venv/lib/python3.12/site-packages/oslo_config/cfg.py:3006}}
Apr 06 18:23:02.305918 np0000163569 nova-conductor[109594]: DEBUG cotyledon.oslo_config_glue [-] profiler.sentinel_service_name = mymaster {{(pid=109594) log_opt_values /opt/stack/data/venv/lib/python3.12/site-packages/oslo_config/cfg.py:3006}}
Apr 06 18:23:02.305970 np0000163569 nova-conductor[109594]: DEBUG cotyledon.oslo_config_glue [-] profiler.socket_timeout = 0.1 {{(pid=109594) log_opt_values /opt/stack/data/venv/lib/python3.12/site-packages/oslo_config/cfg.py:3006}}
Apr 06 18:23:02.306015 np0000163569 nova-conductor[109594]: DEBUG cotyledon.oslo_config_glue [-] profiler.trace_requests = False {{(pid=109594) log_opt_values /opt/stack/data/venv/lib/python3.12/site-packages/oslo_config/cfg.py:3006}}
Apr 06 18:23:02.306049 np0000163569 nova-conductor[109594]: DEBUG cotyledon.oslo_config_glue [-] profiler.trace_sqlalchemy = False {{(pid=109594) log_opt_values /opt/stack/data/venv/lib/python3.12/site-packages/oslo_config/cfg.py:3006}}
Apr 06 18:23:02.306148 np0000163569 nova-conductor[109594]: DEBUG cotyledon.oslo_config_glue [-] profiler_jaeger.process_tags = {} {{(pid=109594) log_opt_values /opt/stack/data/venv/lib/python3.12/site-packages/oslo_config/cfg.py:3006}}
Apr 06 18:23:02.306148 np0000163569 nova-conductor[109594]: DEBUG cotyledon.oslo_config_glue [-] profiler_jaeger.service_name_prefix = None {{(pid=109594) log_opt_values /opt/stack/data/venv/lib/python3.12/site-packages/oslo_config/cfg.py:3006}}
Apr 06 18:23:02.306206 np0000163569 nova-conductor[109594]: DEBUG cotyledon.oslo_config_glue [-] profiler_otlp.service_name_prefix = None {{(pid=109594) log_opt_values /opt/stack/data/venv/lib/python3.12/site-packages/oslo_config/cfg.py:3006}}
Apr 06 18:23:02.306276 np0000163569 nova-conductor[109594]: DEBUG cotyledon.oslo_config_glue [-] oslo_messaging_rabbit.amqp_auto_delete = False {{(pid=109594) log_opt_values /opt/stack/data/venv/lib/python3.12/site-packages/oslo_config/cfg.py:3006}}
Apr 06 18:23:02.306312 np0000163569 nova-conductor[109594]: DEBUG cotyledon.oslo_config_glue [-] oslo_messaging_rabbit.amqp_durable_queues = False {{(pid=109594) log_opt_values /opt/stack/data/venv/lib/python3.12/site-packages/oslo_config/cfg.py:3006}}
Apr 06 18:23:02.306392 np0000163569 nova-conductor[109594]: DEBUG cotyledon.oslo_config_glue [-] oslo_messaging_rabbit.conn_pool_min_size = 2 {{(pid=109594) log_opt_values /opt/stack/data/venv/lib/python3.12/site-packages/oslo_config/cfg.py:3006}}
Apr 06 18:23:02.306458 np0000163569 nova-conductor[109594]: DEBUG cotyledon.oslo_config_glue [-] oslo_messaging_rabbit.conn_pool_ttl = 1200 {{(pid=109594) log_opt_values /opt/stack/data/venv/lib/python3.12/site-packages/oslo_config/cfg.py:3006}}
Apr 06 18:23:02.306523 np0000163569 nova-conductor[109594]: DEBUG cotyledon.oslo_config_glue [-] oslo_messaging_rabbit.direct_mandatory_flag = True {{(pid=109594) log_opt_values /opt/stack/data/venv/lib/python3.12/site-packages/oslo_config/cfg.py:3006}}
Apr 06 18:23:02.306583 np0000163569 nova-conductor[109594]: DEBUG cotyledon.oslo_config_glue [-] oslo_messaging_rabbit.enable_cancel_on_failover = False {{(pid=109594) log_opt_values /opt/stack/data/venv/lib/python3.12/site-packages/oslo_config/cfg.py:3006}}
Apr 06 18:23:02.306626 np0000163569 nova-conductor[109594]: DEBUG cotyledon.oslo_config_glue [-] oslo_messaging_rabbit.heartbeat_in_pthread = False {{(pid=109594) log_opt_values /opt/stack/data/venv/lib/python3.12/site-packages/oslo_config/cfg.py:3006}}
Apr 06 18:23:02.306682 np0000163569 nova-conductor[109594]: DEBUG cotyledon.oslo_config_glue [-] oslo_messaging_rabbit.heartbeat_rate = 3 {{(pid=109594) log_opt_values /opt/stack/data/venv/lib/python3.12/site-packages/oslo_config/cfg.py:3006}}
Apr 06 18:23:02.306729 np0000163569 nova-conductor[109594]: DEBUG cotyledon.oslo_config_glue [-] oslo_messaging_rabbit.heartbeat_timeout_threshold = 60 {{(pid=109594) log_opt_values /opt/stack/data/venv/lib/python3.12/site-packages/oslo_config/cfg.py:3006}}
Apr 06 18:23:02.306791 np0000163569 nova-conductor[109594]: DEBUG cotyledon.oslo_config_glue [-] oslo_messaging_rabbit.hostname = np0000163569 {{(pid=109594) log_opt_values /opt/stack/data/venv/lib/python3.12/site-packages/oslo_config/cfg.py:3006}}
Apr 06 18:23:02.306874 np0000163569 nova-conductor[109594]: DEBUG cotyledon.oslo_config_glue [-] oslo_messaging_rabbit.kombu_compression = None {{(pid=109594) log_opt_values /opt/stack/data/venv/lib/python3.12/site-packages/oslo_config/cfg.py:3006}}
Apr 06 18:23:02.306949 np0000163569 nova-conductor[109594]: DEBUG cotyledon.oslo_config_glue [-] oslo_messaging_rabbit.kombu_failover_strategy = round-robin {{(pid=109594) log_opt_values /opt/stack/data/venv/lib/python3.12/site-packages/oslo_config/cfg.py:3006}}
Apr 06 18:23:02.307009 np0000163569 nova-conductor[109594]: DEBUG cotyledon.oslo_config_glue [-] oslo_messaging_rabbit.kombu_missing_consumer_retry_timeout = 60 {{(pid=109594) log_opt_values /opt/stack/data/venv/lib/python3.12/site-packages/oslo_config/cfg.py:3006}}
Apr 06 18:23:02.307080 np0000163569 nova-conductor[109594]: DEBUG cotyledon.oslo_config_glue [-] oslo_messaging_rabbit.kombu_reconnect_delay = 1.0 {{(pid=109594) log_opt_values /opt/stack/data/venv/lib/python3.12/site-packages/oslo_config/cfg.py:3006}}
Apr 06 18:23:02.307138 np0000163569 nova-conductor[109594]: DEBUG cotyledon.oslo_config_glue [-] oslo_messaging_rabbit.kombu_reconnect_splay = 0.0 {{(pid=109594) log_opt_values /opt/stack/data/venv/lib/python3.12/site-packages/oslo_config/cfg.py:3006}}
Apr 06 18:23:02.307208 np0000163569 nova-conductor[109594]: DEBUG cotyledon.oslo_config_glue [-] oslo_messaging_rabbit.processname = nova-conductor {{(pid=109594) log_opt_values /opt/stack/data/venv/lib/python3.12/site-packages/oslo_config/cfg.py:3006}}
Apr 06 18:23:02.307258 np0000163569 nova-conductor[109594]: DEBUG cotyledon.oslo_config_glue [-] oslo_messaging_rabbit.rabbit_ha_queues = False {{(pid=109594) log_opt_values /opt/stack/data/venv/lib/python3.12/site-packages/oslo_config/cfg.py:3006}}
Apr 06 18:23:02.307330 np0000163569 nova-conductor[109594]: DEBUG cotyledon.oslo_config_glue [-] oslo_messaging_rabbit.rabbit_interval_max = 30 {{(pid=109594) log_opt_values /opt/stack/data/venv/lib/python3.12/site-packages/oslo_config/cfg.py:3006}}
Apr 06 18:23:02.307379 np0000163569 nova-conductor[109594]: DEBUG cotyledon.oslo_config_glue [-] oslo_messaging_rabbit.rabbit_login_method = AMQPLAIN {{(pid=109594) log_opt_values /opt/stack/data/venv/lib/python3.12/site-packages/oslo_config/cfg.py:3006}}
Apr 06 18:23:02.307437 np0000163569 nova-conductor[109594]: DEBUG cotyledon.oslo_config_glue [-] oslo_messaging_rabbit.rabbit_qos_prefetch_count = 0 {{(pid=109594) log_opt_values /opt/stack/data/venv/lib/python3.12/site-packages/oslo_config/cfg.py:3006}}
Apr 06 18:23:02.307507 np0000163569 nova-conductor[109594]: DEBUG cotyledon.oslo_config_glue [-] oslo_messaging_rabbit.rabbit_quorum_delivery_limit = 0 {{(pid=109594) log_opt_values /opt/stack/data/venv/lib/python3.12/site-packages/oslo_config/cfg.py:3006}}
Apr 06 18:23:02.307557 np0000163569 nova-conductor[109594]: DEBUG cotyledon.oslo_config_glue [-] oslo_messaging_rabbit.rabbit_quorum_max_memory_bytes = 0 {{(pid=109594) log_opt_values /opt/stack/data/venv/lib/python3.12/site-packages/oslo_config/cfg.py:3006}}
Apr 06 18:23:02.307623 np0000163569 nova-conductor[109594]: DEBUG cotyledon.oslo_config_glue [-] oslo_messaging_rabbit.rabbit_quorum_max_memory_length = 0 {{(pid=109594) log_opt_values /opt/stack/data/venv/lib/python3.12/site-packages/oslo_config/cfg.py:3006}}
Apr 06 18:23:02.307666 np0000163569 nova-conductor[109588]: DEBUG nova.service [None req-d151a4ed-44a8-49bd-870c-f3f785931b5c None None] Creating RPC server for service: nova-conductor on topic: conductor {{(pid=109588) start /opt/stack/nova/nova/service.py:195}}
Apr 06 18:23:02.307703 np0000163569 nova-conductor[109594]: DEBUG cotyledon.oslo_config_glue [-] oslo_messaging_rabbit.rabbit_quorum_queue = False {{(pid=109594) log_opt_values /opt/stack/data/venv/lib/python3.12/site-packages/oslo_config/cfg.py:3006}}
Apr 06 18:23:02.307741 np0000163569 nova-conductor[109594]: DEBUG cotyledon.oslo_config_glue [-] oslo_messaging_rabbit.rabbit_retry_backoff = 2 {{(pid=109594) log_opt_values /opt/stack/data/venv/lib/python3.12/site-packages/oslo_config/cfg.py:3006}}
Apr 06 18:23:02.307769 np0000163569 nova-conductor[109594]: DEBUG cotyledon.oslo_config_glue [-] oslo_messaging_rabbit.rabbit_retry_interval = 1 {{(pid=109594) log_opt_values /opt/stack/data/venv/lib/python3.12/site-packages/oslo_config/cfg.py:3006}}
Apr 06 18:23:02.307798 np0000163569 nova-conductor[109594]: DEBUG cotyledon.oslo_config_glue [-] oslo_messaging_rabbit.rabbit_stream_fanout = False {{(pid=109594) log_opt_values /opt/stack/data/venv/lib/python3.12/site-packages/oslo_config/cfg.py:3006}}
Apr 06 18:23:02.307863 np0000163569 nova-conductor[109594]: DEBUG cotyledon.oslo_config_glue [-] oslo_messaging_rabbit.rabbit_transient_queues_ttl = 1800 {{(pid=109594) log_opt_values /opt/stack/data/venv/lib/python3.12/site-packages/oslo_config/cfg.py:3006}}
Apr 06 18:23:02.307901 np0000163569 nova-conductor[109594]: DEBUG cotyledon.oslo_config_glue [-] oslo_messaging_rabbit.rabbit_transient_quorum_queue = False {{(pid=109594) log_opt_values /opt/stack/data/venv/lib/python3.12/site-packages/oslo_config/cfg.py:3006}}
Apr 06 18:23:02.307933 np0000163569 nova-conductor[109594]: DEBUG cotyledon.oslo_config_glue [-] oslo_messaging_rabbit.rpc_conn_pool_size = 30 {{(pid=109594) log_opt_values /opt/stack/data/venv/lib/python3.12/site-packages/oslo_config/cfg.py:3006}}
Apr 06 18:23:02.307987 np0000163569 nova-conductor[109594]: DEBUG cotyledon.oslo_config_glue [-] oslo_messaging_rabbit.ssl = False {{(pid=109594) log_opt_values /opt/stack/data/venv/lib/python3.12/site-packages/oslo_config/cfg.py:3006}}
Apr 06 18:23:02.308018 np0000163569 nova-conductor[109594]: DEBUG cotyledon.oslo_config_glue [-] oslo_messaging_rabbit.ssl_ca_file = {{(pid=109594) log_opt_values /opt/stack/data/venv/lib/python3.12/site-packages/oslo_config/cfg.py:3006}}
Apr 06 18:23:02.308058 np0000163569 nova-conductor[109594]: DEBUG cotyledon.oslo_config_glue [-] oslo_messaging_rabbit.ssl_cert_file = {{(pid=109594) log_opt_values /opt/stack/data/venv/lib/python3.12/site-packages/oslo_config/cfg.py:3006}}
Apr 06 18:23:02.308111 np0000163569 nova-conductor[109594]: DEBUG cotyledon.oslo_config_glue [-] oslo_messaging_rabbit.ssl_enforce_fips_mode = False {{(pid=109594) log_opt_values /opt/stack/data/venv/lib/python3.12/site-packages/oslo_config/cfg.py:3006}}
Apr 06 18:23:02.308166 np0000163569 nova-conductor[109594]: DEBUG cotyledon.oslo_config_glue [-] oslo_messaging_rabbit.ssl_key_file = {{(pid=109594) log_opt_values /opt/stack/data/venv/lib/python3.12/site-packages/oslo_config/cfg.py:3006}}
Apr 06 18:23:02.308223 np0000163569 nova-conductor[109594]: DEBUG cotyledon.oslo_config_glue [-] oslo_messaging_rabbit.ssl_version = {{(pid=109594) log_opt_values /opt/stack/data/venv/lib/python3.12/site-packages/oslo_config/cfg.py:3006}}
Apr 06 18:23:02.308263 np0000163569 nova-conductor[109594]: DEBUG cotyledon.oslo_config_glue [-] oslo_messaging_rabbit.use_queue_manager = False {{(pid=109594) log_opt_values /opt/stack/data/venv/lib/python3.12/site-packages/oslo_config/cfg.py:3006}}
Apr 06 18:23:02.308331 np0000163569 nova-conductor[109594]: DEBUG cotyledon.oslo_config_glue [-] oslo_messaging_notifications.driver = ['messagingv2'] {{(pid=109594) log_opt_values /opt/stack/data/venv/lib/python3.12/site-packages/oslo_config/cfg.py:3006}}
Apr 06 18:23:02.308385 np0000163569 nova-conductor[109594]: DEBUG cotyledon.oslo_config_glue [-] oslo_messaging_notifications.retry = -1 {{(pid=109594) log_opt_values /opt/stack/data/venv/lib/python3.12/site-packages/oslo_config/cfg.py:3006}}
Apr 06 18:23:02.308416 np0000163569 nova-conductor[109594]: DEBUG cotyledon.oslo_config_glue [-] oslo_messaging_notifications.topics = ['notifications'] {{(pid=109594) log_opt_values /opt/stack/data/venv/lib/python3.12/site-packages/oslo_config/cfg.py:3006}}
Apr 06 18:23:02.308482 np0000163569 nova-conductor[109594]: DEBUG cotyledon.oslo_config_glue [-] oslo_messaging_notifications.transport_url = **** {{(pid=109594) log_opt_values /opt/stack/data/venv/lib/python3.12/site-packages/oslo_config/cfg.py:3006}}
Apr 06 18:23:02.308549 np0000163569 nova-conductor[109594]: DEBUG cotyledon.oslo_config_glue [-] oslo_limit.auth_section = None {{(pid=109594) log_opt_values /opt/stack/data/venv/lib/python3.12/site-packages/oslo_config/cfg.py:3006}}
Apr 06 18:23:02.308590 np0000163569 nova-conductor[109594]: DEBUG cotyledon.oslo_config_glue [-] oslo_limit.auth_type = None {{(pid=109594) log_opt_values /opt/stack/data/venv/lib/python3.12/site-packages/oslo_config/cfg.py:3006}}
Apr 06 18:23:02.308619 np0000163569 nova-conductor[109594]: DEBUG cotyledon.oslo_config_glue [-] oslo_limit.cafile = None {{(pid=109594) log_opt_values /opt/stack/data/venv/lib/python3.12/site-packages/oslo_config/cfg.py:3006}}
Apr 06 18:23:02.308663 np0000163569 nova-conductor[109594]: DEBUG cotyledon.oslo_config_glue [-] oslo_limit.certfile = None {{(pid=109594) log_opt_values /opt/stack/data/venv/lib/python3.12/site-packages/oslo_config/cfg.py:3006}}
Apr 06 18:23:02.308714 np0000163569 nova-conductor[109594]: DEBUG cotyledon.oslo_config_glue [-] oslo_limit.collect_timing = False {{(pid=109594) log_opt_values /opt/stack/data/venv/lib/python3.12/site-packages/oslo_config/cfg.py:3006}}
Apr 06 18:23:02.308760 np0000163569 nova-conductor[109594]: DEBUG cotyledon.oslo_config_glue [-] oslo_limit.connect_retries = None {{(pid=109594) log_opt_values /opt/stack/data/venv/lib/python3.12/site-packages/oslo_config/cfg.py:3006}}
Apr 06 18:23:02.308818 np0000163569 nova-conductor[109594]: DEBUG cotyledon.oslo_config_glue [-] oslo_limit.connect_retry_delay = None {{(pid=109594) log_opt_values /opt/stack/data/venv/lib/python3.12/site-packages/oslo_config/cfg.py:3006}}
Apr 06 18:23:02.308913 np0000163569 nova-conductor[109594]: DEBUG cotyledon.oslo_config_glue [-] oslo_limit.endpoint_id = None {{(pid=109594) log_opt_values /opt/stack/data/venv/lib/python3.12/site-packages/oslo_config/cfg.py:3006}}
Apr 06 18:23:02.308958 np0000163569 nova-conductor[109594]: DEBUG cotyledon.oslo_config_glue [-] oslo_limit.endpoint_interface = public {{(pid=109594) log_opt_values /opt/stack/data/venv/lib/python3.12/site-packages/oslo_config/cfg.py:3006}}
Apr 06 18:23:02.309013 np0000163569 nova-conductor[109594]: DEBUG cotyledon.oslo_config_glue [-] oslo_limit.endpoint_override = None {{(pid=109594) log_opt_values /opt/stack/data/venv/lib/python3.12/site-packages/oslo_config/cfg.py:3006}}
Apr 06 18:23:02.309064 np0000163569 nova-conductor[109594]: DEBUG cotyledon.oslo_config_glue [-] oslo_limit.endpoint_region_name = None {{(pid=109594) log_opt_values /opt/stack/data/venv/lib/python3.12/site-packages/oslo_config/cfg.py:3006}}
Apr 06 18:23:02.309117 np0000163569 nova-conductor[109594]: DEBUG cotyledon.oslo_config_glue [-] oslo_limit.endpoint_service_name = None {{(pid=109594) log_opt_values /opt/stack/data/venv/lib/python3.12/site-packages/oslo_config/cfg.py:3006}}
Apr 06 18:23:02.309164 np0000163569 nova-conductor[109594]: DEBUG cotyledon.oslo_config_glue [-] oslo_limit.endpoint_service_type = None {{(pid=109594) log_opt_values /opt/stack/data/venv/lib/python3.12/site-packages/oslo_config/cfg.py:3006}}
Apr 06 18:23:02.309193 np0000163569 nova-conductor[109594]: DEBUG cotyledon.oslo_config_glue [-] oslo_limit.insecure = False {{(pid=109594) log_opt_values /opt/stack/data/venv/lib/python3.12/site-packages/oslo_config/cfg.py:3006}}
Apr 06 18:23:02.309233 np0000163569 nova-conductor[109594]: DEBUG cotyledon.oslo_config_glue [-] oslo_limit.keyfile = None {{(pid=109594) log_opt_values /opt/stack/data/venv/lib/python3.12/site-packages/oslo_config/cfg.py:3006}}
Apr 06 18:23:02.309270 np0000163569 nova-conductor[109594]: DEBUG cotyledon.oslo_config_glue [-] oslo_limit.max_version = None {{(pid=109594) log_opt_values /opt/stack/data/venv/lib/python3.12/site-packages/oslo_config/cfg.py:3006}}
Apr 06 18:23:02.309300 np0000163569 nova-conductor[109594]: DEBUG cotyledon.oslo_config_glue [-] oslo_limit.min_version = None {{(pid=109594) log_opt_values /opt/stack/data/venv/lib/python3.12/site-packages/oslo_config/cfg.py:3006}}
Apr 06 18:23:02.309349 np0000163569 nova-conductor[109594]: DEBUG cotyledon.oslo_config_glue [-] oslo_limit.region_name = None {{(pid=109594) log_opt_values /opt/stack/data/venv/lib/python3.12/site-packages/oslo_config/cfg.py:3006}}
Apr 06 18:23:02.309378 np0000163569 nova-conductor[109594]: DEBUG cotyledon.oslo_config_glue [-] oslo_limit.retriable_status_codes = None {{(pid=109594) log_opt_values /opt/stack/data/venv/lib/python3.12/site-packages/oslo_config/cfg.py:3006}}
Apr 06 18:23:02.309434 np0000163569 nova-conductor[109594]: DEBUG cotyledon.oslo_config_glue [-] oslo_limit.service_name = None {{(pid=109594) log_opt_values /opt/stack/data/venv/lib/python3.12/site-packages/oslo_config/cfg.py:3006}}
Apr 06 18:23:02.309474 np0000163569 nova-conductor[109594]: DEBUG cotyledon.oslo_config_glue [-] oslo_limit.service_type = None {{(pid=109594) log_opt_values /opt/stack/data/venv/lib/python3.12/site-packages/oslo_config/cfg.py:3006}}
Apr 06 18:23:02.309504 np0000163569 nova-conductor[109594]: DEBUG cotyledon.oslo_config_glue [-] oslo_limit.split_loggers = False {{(pid=109594) log_opt_values /opt/stack/data/venv/lib/python3.12/site-packages/oslo_config/cfg.py:3006}}
Apr 06 18:23:02.309566 np0000163569 nova-conductor[109594]: DEBUG cotyledon.oslo_config_glue [-] oslo_limit.status_code_retries = None {{(pid=109594) log_opt_values /opt/stack/data/venv/lib/python3.12/site-packages/oslo_config/cfg.py:3006}}
Apr 06 18:23:02.309622 np0000163569 nova-conductor[109594]: DEBUG cotyledon.oslo_config_glue [-] oslo_limit.status_code_retry_delay = None {{(pid=109594) log_opt_values /opt/stack/data/venv/lib/python3.12/site-packages/oslo_config/cfg.py:3006}}
Apr 06 18:23:02.309675 np0000163569 nova-conductor[109594]: DEBUG cotyledon.oslo_config_glue [-] oslo_limit.timeout = None {{(pid=109594) log_opt_values /opt/stack/data/venv/lib/python3.12/site-packages/oslo_config/cfg.py:3006}}
Apr 06 18:23:02.309710 np0000163569 nova-conductor[109594]: DEBUG cotyledon.oslo_config_glue [-] oslo_limit.valid_interfaces = None {{(pid=109594) log_opt_values /opt/stack/data/venv/lib/python3.12/site-packages/oslo_config/cfg.py:3006}}
Apr 06 18:23:02.309760 np0000163569 nova-conductor[109594]: DEBUG cotyledon.oslo_config_glue [-] oslo_limit.version = None {{(pid=109594) log_opt_values /opt/stack/data/venv/lib/python3.12/site-packages/oslo_config/cfg.py:3006}}
Apr 06 18:23:02.309856 np0000163569 nova-conductor[109594]: DEBUG cotyledon.oslo_config_glue [-] oslo_reports.file_event_handler = None {{(pid=109594) log_opt_values /opt/stack/data/venv/lib/python3.12/site-packages/oslo_config/cfg.py:3006}}
Apr 06 18:23:02.309907 np0000163569 nova-conductor[109594]: DEBUG cotyledon.oslo_config_glue [-] oslo_reports.file_event_handler_interval = 1 {{(pid=109594) log_opt_values /opt/stack/data/venv/lib/python3.12/site-packages/oslo_config/cfg.py:3006}}
Apr 06 18:23:02.309957 np0000163569 nova-conductor[109594]: DEBUG cotyledon.oslo_config_glue [-] oslo_reports.log_dir = None {{(pid=109594) log_opt_values /opt/stack/data/venv/lib/python3.12/site-packages/oslo_config/cfg.py:3006}}
Apr 06 18:23:02.310054 np0000163569 nova-conductor[109594]: DEBUG cotyledon.oslo_config_glue [-] ******************************************************************************** {{(pid=109594) log_opt_values /opt/stack/data/venv/lib/python3.12/site-packages/oslo_config/cfg.py:3013}}
Apr 06 18:23:02.310310 np0000163569 nova-conductor[109594]: DEBUG cotyledon._service_worker [-] Run service ServiceWrapper(3) [109594] {{(pid=109594) wait_forever /opt/stack/data/venv/lib/python3.12/site-packages/cotyledon/_service_worker.py:218}}
Apr 06 18:23:02.311781 np0000163569 nova-conductor[109594]: INFO nova.service [-] Starting conductor node (version 33.1.0)
Apr 06 18:23:02.320884 np0000163569 nova-conductor[109594]: INFO dbcounter [None req-cf0adce6-cc5e-4ca1-bfd2-406a47dd93b0 None None] Registered counter for database nova_cell0
Apr 06 18:23:02.327009 np0000163569 nova-conductor[109572]: DEBUG nova.service [None req-8dcd9c90-5016-4d09-b582-02d20b24184a None None] Join ServiceGroup membership for this service conductor {{(pid=109572) start /opt/stack/nova/nova/service.py:221}}
Apr 06 18:23:02.327171 np0000163569 nova-conductor[109572]: DEBUG nova.servicegroup.drivers.db [None req-8dcd9c90-5016-4d09-b582-02d20b24184a None None] DB_Driver: join new ServiceGroup member np0000163569 to the conductor group, service = {{(pid=109572) join /opt/stack/nova/nova/servicegroup/drivers/db.py:44}}
Apr 06 18:23:02.330216 np0000163569 nova-conductor[109578]: DEBUG nova.service [None req-757002bd-9189-485f-b036-9a2cb43b6c99 None None] Join ServiceGroup membership for this service conductor {{(pid=109578) start /opt/stack/nova/nova/service.py:221}}
Apr 06 18:23:02.331412 np0000163569 nova-conductor[109578]: DEBUG nova.servicegroup.drivers.db [None req-757002bd-9189-485f-b036-9a2cb43b6c99 None None] DB_Driver: join new ServiceGroup member np0000163569 to the conductor group, service = {{(pid=109578) join /opt/stack/nova/nova/servicegroup/drivers/db.py:44}}
Apr 06 18:23:02.336720 np0000163569 nova-conductor[109594]: DEBUG oslo_db.sqlalchemy.engines [None req-cf0adce6-cc5e-4ca1-bfd2-406a47dd93b0 None None] MySQL server mode set to STRICT_TRANS_TABLES,STRICT_ALL_TABLES,NO_ZERO_IN_DATE,NO_ZERO_DATE,ERROR_FOR_DIVISION_BY_ZERO,TRADITIONAL,NO_ENGINE_SUBSTITUTION {{(pid=109594) _check_effective_sql_mode /opt/stack/data/venv/lib/python3.12/site-packages/oslo_db/sqlalchemy/engines.py:325}}
Apr 06 18:23:02.337440 np0000163569 nova-conductor[109588]: DEBUG nova.service [None req-d151a4ed-44a8-49bd-870c-f3f785931b5c None None] Join ServiceGroup membership for this service conductor {{(pid=109588) start /opt/stack/nova/nova/service.py:221}}
Apr 06 18:23:02.337673 np0000163569 nova-conductor[109588]: DEBUG nova.servicegroup.drivers.db [None req-d151a4ed-44a8-49bd-870c-f3f785931b5c None None] DB_Driver: join new ServiceGroup member np0000163569 to the conductor group, service = {{(pid=109588) join /opt/stack/nova/nova/servicegroup/drivers/db.py:44}}
Apr 06 18:23:02.348871 np0000163569 nova-conductor[109594]: DEBUG dbcounter [-] [109594] Writer thread running {{(pid=109594) stat_writer /opt/stack/data/venv/lib/python3.12/site-packages/dbcounter.py:102}}
Apr 06 18:23:02.352307 np0000163569 nova-conductor[109594]: DEBUG nova.service [None req-cf0adce6-cc5e-4ca1-bfd2-406a47dd93b0 None None] Creating RPC server for service: nova-conductor on topic: conductor {{(pid=109594) start /opt/stack/nova/nova/service.py:195}}
Apr 06 18:23:02.376006 np0000163569 nova-conductor[109594]: DEBUG nova.service [None req-cf0adce6-cc5e-4ca1-bfd2-406a47dd93b0 None None] Join ServiceGroup membership for this service conductor {{(pid=109594) start /opt/stack/nova/nova/service.py:221}}
Apr 06 18:23:02.376272 np0000163569 nova-conductor[109594]: DEBUG nova.servicegroup.drivers.db [None req-cf0adce6-cc5e-4ca1-bfd2-406a47dd93b0 None None] DB_Driver: join new ServiceGroup member np0000163569 to the conductor group, service = {{(pid=109594) join /opt/stack/nova/nova/servicegroup/drivers/db.py:44}}
Apr 06 18:23:06.334440 np0000163569 nova-conductor[109578]: DEBUG oslo.service.backend._threading.loopingcall [None req-ef320973-f2fd-4fbf-8200-85443a06abc1 None None] Dynamic interval looping call 'nova.service.Service.periodic_tasks' sleeping for 60.00 seconds {{(pid=109578) _run_loop /opt/stack/data/venv/lib/python3.12/site-packages/oslo_service/backend/_threading/loopingcall.py:125}}
Apr 06 18:23:07.349078 np0000163569 nova-conductor[109572]: DEBUG oslo.service.backend._threading.loopingcall [-] Fixed interval looping call 'nova.servicegroup.drivers.db.DbDriver._report_state' sleeping for 119.98 seconds {{(pid=109572) _run_loop /opt/stack/data/venv/lib/python3.12/site-packages/oslo_service/backend/_threading/loopingcall.py:125}}
Apr 06 18:23:07.349917 np0000163569 nova-conductor[109578]: DEBUG oslo.service.backend._threading.loopingcall [-] Fixed interval looping call 'nova.servicegroup.drivers.db.DbDriver._report_state' sleeping for 119.98 seconds {{(pid=109578) _run_loop /opt/stack/data/venv/lib/python3.12/site-packages/oslo_service/backend/_threading/loopingcall.py:125}}
Apr 06 18:23:07.354145 np0000163569 nova-conductor[109588]: DEBUG oslo.service.backend._threading.loopingcall [-] Fixed interval looping call 'nova.servicegroup.drivers.db.DbDriver._report_state' sleeping for 119.99 seconds {{(pid=109588) _run_loop /opt/stack/data/venv/lib/python3.12/site-packages/oslo_service/backend/_threading/loopingcall.py:125}}
Apr 06 18:23:07.395233 np0000163569 nova-conductor[109594]: DEBUG oslo.service.backend._threading.loopingcall [-] Fixed interval looping call 'nova.servicegroup.drivers.db.DbDriver._report_state' sleeping for 119.99 seconds {{(pid=109594) _run_loop /opt/stack/data/venv/lib/python3.12/site-packages/oslo_service/backend/_threading/loopingcall.py:125}}
Apr 06 18:23:10.952880 np0000163569 nova-conductor[108799]: DEBUG dbcounter [-] [108799] Writing DB stats nova_api:SELECT=1 {{(pid=108799) stat_writer /opt/stack/data/venv/lib/python3.12/site-packages/dbcounter.py:115}}
Apr 06 18:23:11.049214 np0000163569 nova-conductor[108799]: DEBUG dbcounter [-] [108799] Writing DB stats nova_cell0:SELECT=1 {{(pid=108799) stat_writer /opt/stack/data/venv/lib/python3.12/site-packages/dbcounter.py:115}}
Apr 06 18:23:11.054041 np0000163569 nova-conductor[108799]: DEBUG dbcounter [-] [108799] Writing DB stats nova_cell1:SELECT=1 {{(pid=108799) stat_writer /opt/stack/data/venv/lib/python3.12/site-packages/dbcounter.py:115}}
Apr 06 18:23:17.341865 np0000163569 nova-conductor[109572]: DEBUG dbcounter [-] [109572] Writing DB stats nova_cell0:SELECT=4,nova_cell0:INSERT=1,nova_cell0:UPDATE=1 {{(pid=109572) stat_writer /opt/stack/data/venv/lib/python3.12/site-packages/dbcounter.py:115}}
Apr 06 18:23:17.346469 np0000163569 nova-conductor[109578]: DEBUG dbcounter [-] [109578] Writing DB stats nova_cell0:SELECT=3,nova_cell0:UPDATE=1 {{(pid=109578) stat_writer /opt/stack/data/venv/lib/python3.12/site-packages/dbcounter.py:115}}
Apr 06 18:23:17.350613 np0000163569 nova-conductor[109588]: DEBUG dbcounter [-] [109588] Writing DB stats nova_cell0:SELECT=3 {{(pid=109588) stat_writer /opt/stack/data/venv/lib/python3.12/site-packages/dbcounter.py:115}}
Apr 06 18:23:17.389462 np0000163569 nova-conductor[109594]: DEBUG dbcounter [-] [109594] Writing DB stats nova_cell0:SELECT=3 {{(pid=109594) stat_writer /opt/stack/data/venv/lib/python3.12/site-packages/dbcounter.py:115}}
Apr 06 18:23:38.379507 np0000163569 nova-conductor[109594]: DEBUG oslo.service.backend._threading.loopingcall [None req-a2dfb3bd-804e-413f-b6e7-97650abcdd6f None None] Dynamic interval looping call 'nova.service.Service.periodic_tasks' sleeping for 60.00 seconds {{(pid=109594) _run_loop /opt/stack/data/venv/lib/python3.12/site-packages/oslo_service/backend/_threading/loopingcall.py:125}}
Apr 06 18:23:42.330639 np0000163569 nova-conductor[109572]: DEBUG oslo.service.backend._threading.loopingcall [None req-328cee75-bd2a-4bc5-990e-1073b9c6d3cd None None] Dynamic interval looping call 'nova.service.Service.periodic_tasks' sleeping for 60.00 seconds {{(pid=109572) _run_loop /opt/stack/data/venv/lib/python3.12/site-packages/oslo_service/backend/_threading/loopingcall.py:125}}
Apr 06 18:23:43.341071 np0000163569 nova-conductor[109588]: DEBUG oslo.service.backend._threading.loopingcall [None req-47679aca-bf8d-4784-a918-adddf4e7c62c None None] Dynamic interval looping call 'nova.service.Service.periodic_tasks' sleeping for 60.00 seconds {{(pid=109588) _run_loop /opt/stack/data/venv/lib/python3.12/site-packages/oslo_service/backend/_threading/loopingcall.py:125}}
Apr 06 18:24:06.335388 np0000163569 nova-conductor[109578]: DEBUG oslo.service.backend._threading.loopingcall [None req-ef320973-f2fd-4fbf-8200-85443a06abc1 None None] Dynamic interval looping call 'nova.service.Service.periodic_tasks' sleeping for 60.00 seconds {{(pid=109578) _run_loop /opt/stack/data/venv/lib/python3.12/site-packages/oslo_service/backend/_threading/loopingcall.py:125}}
Apr 06 18:24:38.380472 np0000163569 nova-conductor[109594]: DEBUG oslo.service.backend._threading.loopingcall [None req-a2dfb3bd-804e-413f-b6e7-97650abcdd6f None None] Dynamic interval looping call 'nova.service.Service.periodic_tasks' sleeping for 60.00 seconds {{(pid=109594) _run_loop /opt/stack/data/venv/lib/python3.12/site-packages/oslo_service/backend/_threading/loopingcall.py:125}}
Apr 06 18:24:42.331553 np0000163569 nova-conductor[109572]: DEBUG oslo.service.backend._threading.loopingcall [None req-328cee75-bd2a-4bc5-990e-1073b9c6d3cd None None] Dynamic interval looping call 'nova.service.Service.periodic_tasks' sleeping for 60.00 seconds {{(pid=109572) _run_loop /opt/stack/data/venv/lib/python3.12/site-packages/oslo_service/backend/_threading/loopingcall.py:125}}
Apr 06 18:24:43.341776 np0000163569 nova-conductor[109588]: DEBUG oslo.service.backend._threading.loopingcall [None req-47679aca-bf8d-4784-a918-adddf4e7c62c None None] Dynamic interval looping call 'nova.service.Service.periodic_tasks' sleeping for 60.00 seconds {{(pid=109588) _run_loop /opt/stack/data/venv/lib/python3.12/site-packages/oslo_service/backend/_threading/loopingcall.py:125}}
Apr 06 18:25:06.336320 np0000163569 nova-conductor[109578]: DEBUG oslo.service.backend._threading.loopingcall [None req-ef320973-f2fd-4fbf-8200-85443a06abc1 None None] Dynamic interval looping call 'nova.service.Service.periodic_tasks' sleeping for 60.00 seconds {{(pid=109578) _run_loop /opt/stack/data/venv/lib/python3.12/site-packages/oslo_service/backend/_threading/loopingcall.py:125}}
Apr 06 18:25:07.346876 np0000163569 nova-conductor[109572]: DEBUG oslo.service.backend._threading.loopingcall [-] Fixed interval looping call 'nova.servicegroup.drivers.db.DbDriver._report_state' sleeping for 119.98 seconds {{(pid=109572) _run_loop /opt/stack/data/venv/lib/python3.12/site-packages/oslo_service/backend/_threading/loopingcall.py:125}}
Apr 06 18:25:07.348037 np0000163569 nova-conductor[109578]: DEBUG oslo.service.backend._threading.loopingcall [-] Fixed interval looping call 'nova.servicegroup.drivers.db.DbDriver._report_state' sleeping for 119.98 seconds {{(pid=109578) _run_loop /opt/stack/data/venv/lib/python3.12/site-packages/oslo_service/backend/_threading/loopingcall.py:125}}
Apr 06 18:25:07.353945 np0000163569 nova-conductor[109588]: DEBUG oslo.service.backend._threading.loopingcall [-] Fixed interval looping call 'nova.servicegroup.drivers.db.DbDriver._report_state' sleeping for 119.99 seconds {{(pid=109588) _run_loop /opt/stack/data/venv/lib/python3.12/site-packages/oslo_service/backend/_threading/loopingcall.py:125}}
Apr 06 18:25:07.393843 np0000163569 nova-conductor[109594]: DEBUG oslo.service.backend._threading.loopingcall [-] Fixed interval looping call 'nova.servicegroup.drivers.db.DbDriver._report_state' sleeping for 119.99 seconds {{(pid=109594) _run_loop /opt/stack/data/venv/lib/python3.12/site-packages/oslo_service/backend/_threading/loopingcall.py:125}}
Apr 06 18:25:17.338292 np0000163569 nova-conductor[109572]: DEBUG dbcounter [-] [109572] Writing DB stats nova_cell0:SELECT=1,nova_cell0:UPDATE=1 {{(pid=109572) stat_writer /opt/stack/data/venv/lib/python3.12/site-packages/dbcounter.py:115}}
Apr 06 18:25:17.339257 np0000163569 nova-conductor[109578]: DEBUG dbcounter [-] [109578] Writing DB stats nova_cell0:SELECT=1,nova_cell0:UPDATE=1 {{(pid=109578) stat_writer /opt/stack/data/venv/lib/python3.12/site-packages/dbcounter.py:115}}
Apr 06 18:25:17.351900 np0000163569 nova-conductor[109588]: DEBUG dbcounter [-] [109588] Writing DB stats nova_cell0:SELECT=1 {{(pid=109588) stat_writer /opt/stack/data/venv/lib/python3.12/site-packages/dbcounter.py:115}}
Apr 06 18:25:17.392078 np0000163569 nova-conductor[109594]: DEBUG dbcounter [-] [109594] Writing DB stats nova_cell0:SELECT=1 {{(pid=109594) stat_writer /opt/stack/data/venv/lib/python3.12/site-packages/dbcounter.py:115}}
Apr 06 18:25:38.381220 np0000163569 nova-conductor[109594]: DEBUG oslo.service.backend._threading.loopingcall [None req-a2dfb3bd-804e-413f-b6e7-97650abcdd6f None None] Dynamic interval looping call 'nova.service.Service.periodic_tasks' sleeping for 60.00 seconds {{(pid=109594) _run_loop /opt/stack/data/venv/lib/python3.12/site-packages/oslo_service/backend/_threading/loopingcall.py:125}}
Apr 06 18:25:42.332329 np0000163569 nova-conductor[109572]: DEBUG oslo.service.backend._threading.loopingcall [None req-328cee75-bd2a-4bc5-990e-1073b9c6d3cd None None] Dynamic interval looping call 'nova.service.Service.periodic_tasks' sleeping for 60.00 seconds {{(pid=109572) _run_loop /opt/stack/data/venv/lib/python3.12/site-packages/oslo_service/backend/_threading/loopingcall.py:125}}
Apr 06 18:25:43.342559 np0000163569 nova-conductor[109588]: DEBUG oslo.service.backend._threading.loopingcall [None req-47679aca-bf8d-4784-a918-adddf4e7c62c None None] Dynamic interval looping call 'nova.service.Service.periodic_tasks' sleeping for 60.00 seconds {{(pid=109588) _run_loop /opt/stack/data/venv/lib/python3.12/site-packages/oslo_service/backend/_threading/loopingcall.py:125}}
Apr 06 18:26:06.337100 np0000163569 nova-conductor[109578]: DEBUG oslo.service.backend._threading.loopingcall [None req-ef320973-f2fd-4fbf-8200-85443a06abc1 None None] Dynamic interval looping call 'nova.service.Service.periodic_tasks' sleeping for 60.00 seconds {{(pid=109578) _run_loop /opt/stack/data/venv/lib/python3.12/site-packages/oslo_service/backend/_threading/loopingcall.py:125}}
Apr 06 18:26:38.381678 np0000163569 nova-conductor[109594]: DEBUG oslo.service.backend._threading.loopingcall [None req-a2dfb3bd-804e-413f-b6e7-97650abcdd6f None None] Dynamic interval looping call 'nova.service.Service.periodic_tasks' sleeping for 60.00 seconds {{(pid=109594) _run_loop /opt/stack/data/venv/lib/python3.12/site-packages/oslo_service/backend/_threading/loopingcall.py:125}}
Apr 06 18:26:42.333194 np0000163569 nova-conductor[109572]: DEBUG oslo.service.backend._threading.loopingcall [None req-328cee75-bd2a-4bc5-990e-1073b9c6d3cd None None] Dynamic interval looping call 'nova.service.Service.periodic_tasks' sleeping for 60.00 seconds {{(pid=109572) _run_loop /opt/stack/data/venv/lib/python3.12/site-packages/oslo_service/backend/_threading/loopingcall.py:125}}
Apr 06 18:26:43.343433 np0000163569 nova-conductor[109588]: DEBUG oslo.service.backend._threading.loopingcall [None req-47679aca-bf8d-4784-a918-adddf4e7c62c None None] Dynamic interval looping call 'nova.service.Service.periodic_tasks' sleeping for 60.00 seconds {{(pid=109588) _run_loop /opt/stack/data/venv/lib/python3.12/site-packages/oslo_service/backend/_threading/loopingcall.py:125}}
Apr 06 18:27:06.337960 np0000163569 nova-conductor[109578]: DEBUG oslo.service.backend._threading.loopingcall [None req-ef320973-f2fd-4fbf-8200-85443a06abc1 None None] Dynamic interval looping call 'nova.service.Service.periodic_tasks' sleeping for 60.00 seconds {{(pid=109578) _run_loop /opt/stack/data/venv/lib/python3.12/site-packages/oslo_service/backend/_threading/loopingcall.py:125}}
Apr 06 18:27:07.339040 np0000163569 nova-conductor[109572]: DEBUG oslo.service.backend._threading.loopingcall [-] Fixed interval looping call 'nova.servicegroup.drivers.db.DbDriver._report_state' sleeping for 119.99 seconds {{(pid=109572) _run_loop /opt/stack/data/venv/lib/python3.12/site-packages/oslo_service/backend/_threading/loopingcall.py:125}}
Apr 06 18:27:07.340027 np0000163569 nova-conductor[109578]: DEBUG oslo.service.backend._threading.loopingcall [-] Fixed interval looping call 'nova.servicegroup.drivers.db.DbDriver._report_state' sleeping for 119.99 seconds {{(pid=109578) _run_loop /opt/stack/data/venv/lib/python3.12/site-packages/oslo_service/backend/_threading/loopingcall.py:125}}
Apr 06 18:27:07.350614 np0000163569 nova-conductor[109588]: DEBUG oslo.service.backend._threading.loopingcall [-] Fixed interval looping call 'nova.servicegroup.drivers.db.DbDriver._report_state' sleeping for 119.99 seconds {{(pid=109588) _run_loop /opt/stack/data/venv/lib/python3.12/site-packages/oslo_service/backend/_threading/loopingcall.py:125}}
Apr 06 18:27:07.389138 np0000163569 nova-conductor[109594]: DEBUG oslo.service.backend._threading.loopingcall [-] Fixed interval looping call 'nova.servicegroup.drivers.db.DbDriver._report_state' sleeping for 120.00 seconds {{(pid=109594) _run_loop /opt/stack/data/venv/lib/python3.12/site-packages/oslo_service/backend/_threading/loopingcall.py:125}}
Apr 06 18:27:17.333047 np0000163569 nova-conductor[109572]: DEBUG dbcounter [-] [109572] Writing DB stats nova_cell0:SELECT=1,nova_cell0:UPDATE=1 {{(pid=109572) stat_writer /opt/stack/data/venv/lib/python3.12/site-packages/dbcounter.py:115}}
Apr 06 18:27:17.335396 np0000163569 nova-conductor[109578]: DEBUG dbcounter [-] [109578] Writing DB stats nova_cell0:SELECT=1,nova_cell0:UPDATE=1 {{(pid=109578) stat_writer /opt/stack/data/venv/lib/python3.12/site-packages/dbcounter.py:115}}
