Apr 06 18:22:23.283276 np0000163569 neutron-periodic-workers[103970]: DEBUG cotyledon.oslo_config_glue [-] ml2.type_drivers = ['local', 'flat', 'vlan', 'geneve'] {{(pid=103970) log_opt_values /opt/stack/data/venv/lib/python3.12/site-packages/oslo_config/cfg.py:3006}}
Apr 06 18:22:23.283276 np0000163569 neutron-periodic-workers[103970]: DEBUG cotyledon.oslo_config_glue [-] ml2_type_flat.flat_networks = ['public'] {{(pid=103970) log_opt_values /opt/stack/data/venv/lib/python3.12/site-packages/oslo_config/cfg.py:3006}}
Apr 06 18:22:23.283276 np0000163569 neutron-periodic-workers[103970]: DEBUG cotyledon.oslo_config_glue [-] ml2_type_geneve.max_header_size = 38 {{(pid=103970) log_opt_values /opt/stack/data/venv/lib/python3.12/site-packages/oslo_config/cfg.py:3006}}
Apr 06 18:22:23.283688 np0000163569 neutron-periodic-workers[103970]: DEBUG cotyledon.oslo_config_glue [-] ml2_type_geneve.vni_ranges = ['1:65536'] {{(pid=103970) log_opt_values /opt/stack/data/venv/lib/python3.12/site-packages/oslo_config/cfg.py:3006}}
Apr 06 18:22:23.283688 np0000163569 neutron-periodic-workers[103970]: DEBUG cotyledon.oslo_config_glue [-] ml2_type_vlan.network_vlan_ranges = ['public'] {{(pid=103970) log_opt_values /opt/stack/data/venv/lib/python3.12/site-packages/oslo_config/cfg.py:3006}}
Apr 06 18:22:23.283688 np0000163569 neutron-periodic-workers[103970]: DEBUG cotyledon.oslo_config_glue [-] network_log.burst_limit = 25 {{(pid=103970) log_opt_values /opt/stack/data/venv/lib/python3.12/site-packages/oslo_config/cfg.py:3006}}
Apr 06 18:22:23.283688 np0000163569 neutron-periodic-workers[103970]: DEBUG cotyledon.oslo_config_glue [-] network_log.local_output_log_base = None {{(pid=103970) log_opt_values /opt/stack/data/venv/lib/python3.12/site-packages/oslo_config/cfg.py:3006}}
Apr 06 18:22:23.283688 np0000163569 neutron-periodic-workers[103970]: DEBUG cotyledon.oslo_config_glue [-] network_log.rate_limit = 100 {{(pid=103970) log_opt_values /opt/stack/data/venv/lib/python3.12/site-packages/oslo_config/cfg.py:3006}}
Apr 06 18:22:23.283688 np0000163569 neutron-periodic-workers[103970]: DEBUG cotyledon.oslo_config_glue [-] database.asyncio_connection = **** {{(pid=103970) log_opt_values /opt/stack/data/venv/lib/python3.12/site-packages/oslo_config/cfg.py:3006}}
Apr 06 18:22:23.283688 np0000163569 neutron-periodic-workers[103970]: DEBUG cotyledon.oslo_config_glue [-] database.asyncio_slave_connection = **** {{(pid=103970) log_opt_values /opt/stack/data/venv/lib/python3.12/site-packages/oslo_config/cfg.py:3006}}
Apr 06 18:22:23.283688 np0000163569 neutron-periodic-workers[103970]: DEBUG cotyledon.oslo_config_glue [-] database.backend = sqlalchemy {{(pid=103970) log_opt_values /opt/stack/data/venv/lib/python3.12/site-packages/oslo_config/cfg.py:3006}}
Apr 06 18:22:23.283688 np0000163569 neutron-periodic-workers[103970]: DEBUG cotyledon.oslo_config_glue [-] database.connection = **** {{(pid=103970) log_opt_values /opt/stack/data/venv/lib/python3.12/site-packages/oslo_config/cfg.py:3006}}
Apr 06 18:22:23.283994 np0000163569 neutron-periodic-workers[103970]: DEBUG cotyledon.oslo_config_glue [-] database.connection_debug = 0 {{(pid=103970) log_opt_values /opt/stack/data/venv/lib/python3.12/site-packages/oslo_config/cfg.py:3006}}
Apr 06 18:22:23.283994 np0000163569 neutron-periodic-workers[103970]: DEBUG cotyledon.oslo_config_glue [-] database.connection_parameters = {{(pid=103970) log_opt_values /opt/stack/data/venv/lib/python3.12/site-packages/oslo_config/cfg.py:3006}}
Apr 06 18:22:23.283994 np0000163569 neutron-periodic-workers[103970]: DEBUG cotyledon.oslo_config_glue [-] database.connection_recycle_time = 3600 {{(pid=103970) log_opt_values /opt/stack/data/venv/lib/python3.12/site-packages/oslo_config/cfg.py:3006}}
Apr 06 18:22:23.283994 np0000163569 neutron-periodic-workers[103970]: DEBUG cotyledon.oslo_config_glue [-] database.connection_trace = False {{(pid=103970) log_opt_values /opt/stack/data/venv/lib/python3.12/site-packages/oslo_config/cfg.py:3006}}
Apr 06 18:22:23.283994 np0000163569 neutron-periodic-workers[103970]: DEBUG cotyledon.oslo_config_glue [-] database.db_inc_retry_interval = True {{(pid=103970) log_opt_values /opt/stack/data/venv/lib/python3.12/site-packages/oslo_config/cfg.py:3006}}
Apr 06 18:22:23.283994 np0000163569 neutron-periodic-workers[103970]: DEBUG cotyledon.oslo_config_glue [-] database.db_max_retries = 20 {{(pid=103970) log_opt_values /opt/stack/data/venv/lib/python3.12/site-packages/oslo_config/cfg.py:3006}}
Apr 06 18:22:23.283994 np0000163569 neutron-periodic-workers[103970]: DEBUG cotyledon.oslo_config_glue [-] database.db_max_retry_interval = 10 {{(pid=103970) log_opt_values /opt/stack/data/venv/lib/python3.12/site-packages/oslo_config/cfg.py:3006}}
Apr 06 18:22:23.283994 np0000163569 neutron-periodic-workers[103970]: DEBUG cotyledon.oslo_config_glue [-] database.db_retry_interval = 1 {{(pid=103970) log_opt_values /opt/stack/data/venv/lib/python3.12/site-packages/oslo_config/cfg.py:3006}}
Apr 06 18:22:23.283994 np0000163569 neutron-periodic-workers[103970]: DEBUG cotyledon.oslo_config_glue [-] database.max_overflow = 50 {{(pid=103970) log_opt_values /opt/stack/data/venv/lib/python3.12/site-packages/oslo_config/cfg.py:3006}}
Apr 06 18:22:23.284272 np0000163569 neutron-periodic-workers[103970]: DEBUG cotyledon.oslo_config_glue [-] database.max_pool_size = 5 {{(pid=103970) log_opt_values /opt/stack/data/venv/lib/python3.12/site-packages/oslo_config/cfg.py:3006}}
Apr 06 18:22:23.284272 np0000163569 neutron-periodic-workers[103970]: DEBUG cotyledon.oslo_config_glue [-] database.max_retries = 10 {{(pid=103970) log_opt_values /opt/stack/data/venv/lib/python3.12/site-packages/oslo_config/cfg.py:3006}}
Apr 06 18:22:23.284272 np0000163569 neutron-periodic-workers[103970]: DEBUG cotyledon.oslo_config_glue [-] database.mysql_sql_mode = TRADITIONAL {{(pid=103970) log_opt_values /opt/stack/data/venv/lib/python3.12/site-packages/oslo_config/cfg.py:3006}}
Apr 06 18:22:23.284272 np0000163569 neutron-periodic-workers[103970]: DEBUG cotyledon.oslo_config_glue [-] database.mysql_wsrep_sync_wait = None {{(pid=103970) log_opt_values /opt/stack/data/venv/lib/python3.12/site-packages/oslo_config/cfg.py:3006}}
Apr 06 18:22:23.284272 np0000163569 neutron-periodic-workers[103970]: DEBUG cotyledon.oslo_config_glue [-] database.pool_timeout = None {{(pid=103970) log_opt_values /opt/stack/data/venv/lib/python3.12/site-packages/oslo_config/cfg.py:3006}}
Apr 06 18:22:23.284272 np0000163569 neutron-periodic-workers[103970]: DEBUG cotyledon.oslo_config_glue [-] database.retry_interval = 10 {{(pid=103970) log_opt_values /opt/stack/data/venv/lib/python3.12/site-packages/oslo_config/cfg.py:3006}}
Apr 06 18:22:23.284272 np0000163569 neutron-periodic-workers[103970]: DEBUG cotyledon.oslo_config_glue [-] database.slave_connection = **** {{(pid=103970) log_opt_values /opt/stack/data/venv/lib/python3.12/site-packages/oslo_config/cfg.py:3006}}
Apr 06 18:22:23.284272 np0000163569 neutron-periodic-workers[103970]: DEBUG cotyledon.oslo_config_glue [-] database.sqlite_synchronous = True {{(pid=103970) log_opt_values /opt/stack/data/venv/lib/python3.12/site-packages/oslo_config/cfg.py:3006}}
Apr 06 18:22:23.284272 np0000163569 neutron-periodic-workers[103970]: DEBUG cotyledon.oslo_config_glue [-] database.synchronous_reader = True {{(pid=103970) log_opt_values /opt/stack/data/venv/lib/python3.12/site-packages/oslo_config/cfg.py:3006}}
Apr 06 18:22:23.284524 np0000163569 neutron-periodic-workers[103970]: DEBUG cotyledon.oslo_config_glue [-] database.use_db_reconnect = False {{(pid=103970) log_opt_values /opt/stack/data/venv/lib/python3.12/site-packages/oslo_config/cfg.py:3006}}
Apr 06 18:22:23.284524 np0000163569 neutron-periodic-workers[103970]: DEBUG cotyledon.oslo_config_glue [-] ovn.bfd_min_rx = 1000 {{(pid=103970) log_opt_values /opt/stack/data/venv/lib/python3.12/site-packages/oslo_config/cfg.py:3006}}
Apr 06 18:22:23.284524 np0000163569 neutron-periodic-workers[103970]: DEBUG cotyledon.oslo_config_glue [-] ovn.bfd_min_tx = 100 {{(pid=103970) log_opt_values /opt/stack/data/venv/lib/python3.12/site-packages/oslo_config/cfg.py:3006}}
Apr 06 18:22:23.284524 np0000163569 neutron-periodic-workers[103970]: DEBUG cotyledon.oslo_config_glue [-] ovn.bfd_mult = 3 {{(pid=103970) log_opt_values /opt/stack/data/venv/lib/python3.12/site-packages/oslo_config/cfg.py:3006}}
Apr 06 18:22:23.284524 np0000163569 neutron-periodic-workers[103970]: DEBUG cotyledon.oslo_config_glue [-] ovn.broadcast_arps_to_all_routers = True {{(pid=103970) log_opt_values /opt/stack/data/venv/lib/python3.12/site-packages/oslo_config/cfg.py:3006}}
Apr 06 18:22:23.284524 np0000163569 neutron-periodic-workers[103970]: DEBUG cotyledon.oslo_config_glue [-] ovn.dhcp_default_lease_time = 43200 {{(pid=103970) log_opt_values /opt/stack/data/venv/lib/python3.12/site-packages/oslo_config/cfg.py:3006}}
Apr 06 18:22:23.284524 np0000163569 neutron-periodic-workers[103970]: DEBUG cotyledon.oslo_config_glue [-] ovn.disable_ovn_dhcp_for_baremetal_ports = False {{(pid=103970) log_opt_values /opt/stack/data/venv/lib/python3.12/site-packages/oslo_config/cfg.py:3006}}
Apr 06 18:22:23.284524 np0000163569 neutron-periodic-workers[103970]: DEBUG cotyledon.oslo_config_glue [-] ovn.dns_records_ovn_owned = False {{(pid=103970) log_opt_values /opt/stack/data/venv/lib/python3.12/site-packages/oslo_config/cfg.py:3006}}
Apr 06 18:22:23.284524 np0000163569 neutron-periodic-workers[103970]: DEBUG cotyledon.oslo_config_glue [-] ovn.dns_servers = [] {{(pid=103970) log_opt_values /opt/stack/data/venv/lib/python3.12/site-packages/oslo_config/cfg.py:3006}}
Apr 06 18:22:23.284772 np0000163569 neutron-periodic-workers[103970]: DEBUG cotyledon.oslo_config_glue [-] ovn.enable_distributed_floating_ip = False {{(pid=103970) log_opt_values /opt/stack/data/venv/lib/python3.12/site-packages/oslo_config/cfg.py:3006}}
Apr 06 18:22:23.284772 np0000163569 neutron-periodic-workers[103970]: DEBUG cotyledon.oslo_config_glue [-] ovn.fdb_age_threshold = 300 {{(pid=103970) log_opt_values /opt/stack/data/venv/lib/python3.12/site-packages/oslo_config/cfg.py:3006}}
Apr 06 18:22:23.284772 np0000163569 neutron-periodic-workers[103970]: DEBUG cotyledon.oslo_config_glue [-] ovn.ha_failover_strategy = normal {{(pid=103970) log_opt_values /opt/stack/data/venv/lib/python3.12/site-packages/oslo_config/cfg.py:3006}}
Apr 06 18:22:23.284772 np0000163569 neutron-periodic-workers[103970]: DEBUG cotyledon.oslo_config_glue [-] ovn.live_migration_activation_strategy = rarp {{(pid=103970) log_opt_values /opt/stack/data/venv/lib/python3.12/site-packages/oslo_config/cfg.py:3006}}
Apr 06 18:22:23.284772 np0000163569 neutron-periodic-workers[103970]: DEBUG cotyledon.oslo_config_glue [-] ovn.localnet_learn_fdb = False {{(pid=103970) log_opt_values /opt/stack/data/venv/lib/python3.12/site-packages/oslo_config/cfg.py:3006}}
Apr 06 18:22:23.284772 np0000163569 neutron-periodic-workers[103970]: DEBUG cotyledon.oslo_config_glue [-] ovn.mac_binding_age_threshold = 300 {{(pid=103970) log_opt_values /opt/stack/data/venv/lib/python3.12/site-packages/oslo_config/cfg.py:3006}}
Apr 06 18:22:23.284772 np0000163569 neutron-periodic-workers[103970]: DEBUG cotyledon.oslo_config_glue [-] ovn.neutron_sync_mode = log {{(pid=103970) log_opt_values /opt/stack/data/venv/lib/python3.12/site-packages/oslo_config/cfg.py:3006}}
Apr 06 18:22:23.284772 np0000163569 neutron-periodic-workers[103970]: DEBUG cotyledon.oslo_config_glue [-] ovn.ovn_dhcp4_global_options = {} {{(pid=103970) log_opt_values /opt/stack/data/venv/lib/python3.12/site-packages/oslo_config/cfg.py:3006}}
Apr 06 18:22:23.284772 np0000163569 neutron-periodic-workers[103970]: DEBUG cotyledon.oslo_config_glue [-] ovn.ovn_dhcp6_global_options = {} {{(pid=103970) log_opt_values /opt/stack/data/venv/lib/python3.12/site-packages/oslo_config/cfg.py:3006}}
Apr 06 18:22:23.285033 np0000163569 neutron-periodic-workers[103970]: DEBUG cotyledon.oslo_config_glue [-] ovn.ovn_l3_scheduler = leastloaded {{(pid=103970) log_opt_values /opt/stack/data/venv/lib/python3.12/site-packages/oslo_config/cfg.py:3006}}
Apr 06 18:22:23.285033 np0000163569 neutron-periodic-workers[103970]: DEBUG cotyledon.oslo_config_glue [-] ovn.ovn_metadata_enabled = True {{(pid=103970) log_opt_values /opt/stack/data/venv/lib/python3.12/site-packages/oslo_config/cfg.py:3006}}
Apr 06 18:22:23.285033 np0000163569 neutron-periodic-workers[103970]: DEBUG cotyledon.oslo_config_glue [-] ovn.ovn_nb_ca_cert = /opt/stack/data/CA/int-ca/ca-chain.pem {{(pid=103970) log_opt_values /opt/stack/data/venv/lib/python3.12/site-packages/oslo_config/cfg.py:3006}}
Apr 06 18:22:23.285033 np0000163569 neutron-periodic-workers[103970]: DEBUG cotyledon.oslo_config_glue [-] ovn.ovn_nb_certificate = /opt/stack/data/CA/int-ca/devstack-cert.crt {{(pid=103970) log_opt_values /opt/stack/data/venv/lib/python3.12/site-packages/oslo_config/cfg.py:3006}}
Apr 06 18:22:23.285033 np0000163569 neutron-periodic-workers[103970]: DEBUG cotyledon.oslo_config_glue [-] ovn.ovn_nb_connection = ['ssl:199.204.45.49:6641'] {{(pid=103970) log_opt_values /opt/stack/data/venv/lib/python3.12/site-packages/oslo_config/cfg.py:3006}}
Apr 06 18:22:23.285033 np0000163569 neutron-periodic-workers[103970]: DEBUG cotyledon.oslo_config_glue [-] ovn.ovn_nb_private_key = /opt/stack/data/CA/int-ca/private/devstack-cert.key {{(pid=103970) log_opt_values /opt/stack/data/venv/lib/python3.12/site-packages/oslo_config/cfg.py:3006}}
Apr 06 18:22:23.285033 np0000163569 neutron-periodic-workers[103970]: DEBUG cotyledon.oslo_config_glue [-] ovn.ovn_router_indirect_snat = False {{(pid=103970) log_opt_values /opt/stack/data/venv/lib/python3.12/site-packages/oslo_config/cfg.py:3006}}
Apr 06 18:22:23.285033 np0000163569 neutron-periodic-workers[103970]: DEBUG cotyledon.oslo_config_glue [-] ovn.ovn_sb_ca_cert = /opt/stack/data/CA/int-ca/ca-chain.pem {{(pid=103970) log_opt_values /opt/stack/data/venv/lib/python3.12/site-packages/oslo_config/cfg.py:3006}}
Apr 06 18:22:23.285262 np0000163569 neutron-periodic-workers[103970]: DEBUG cotyledon.oslo_config_glue [-] ovn.ovn_sb_certificate = /opt/stack/data/CA/int-ca/devstack-cert.crt {{(pid=103970) log_opt_values /opt/stack/data/venv/lib/python3.12/site-packages/oslo_config/cfg.py:3006}}
Apr 06 18:22:23.285262 np0000163569 neutron-periodic-workers[103970]: DEBUG cotyledon.oslo_config_glue [-] ovn.ovn_sb_connection = ['ssl:199.204.45.49:6642'] {{(pid=103970) log_opt_values /opt/stack/data/venv/lib/python3.12/site-packages/oslo_config/cfg.py:3006}}
Apr 06 18:22:23.285262 np0000163569 neutron-periodic-workers[103970]: DEBUG cotyledon.oslo_config_glue [-] ovn.ovn_sb_private_key = /opt/stack/data/CA/int-ca/private/devstack-cert.key {{(pid=103970) log_opt_values /opt/stack/data/venv/lib/python3.12/site-packages/oslo_config/cfg.py:3006}}
Apr 06 18:22:23.285262 np0000163569 neutron-periodic-workers[103970]: DEBUG cotyledon.oslo_config_glue [-] ovn.ovs_create_tap = False {{(pid=103970) log_opt_values /opt/stack/data/venv/lib/python3.12/site-packages/oslo_config/cfg.py:3006}}
Apr 06 18:22:23.285262 np0000163569 neutron-periodic-workers[103970]: DEBUG cotyledon.oslo_config_glue [-] ovn.ovsdb_connection_timeout = 180 {{(pid=103970) log_opt_values /opt/stack/data/venv/lib/python3.12/site-packages/oslo_config/cfg.py:3006}}
Apr 06 18:22:23.285262 np0000163569 neutron-periodic-workers[103970]: DEBUG cotyledon.oslo_config_glue [-] ovn.ovsdb_log_level = INFO {{(pid=103970) log_opt_values /opt/stack/data/venv/lib/python3.12/site-packages/oslo_config/cfg.py:3006}}
Apr 06 18:22:23.285262 np0000163569 neutron-periodic-workers[103970]: DEBUG cotyledon.oslo_config_glue [-] ovn.ovsdb_probe_interval = 60000 {{(pid=103970) log_opt_values /opt/stack/data/venv/lib/python3.12/site-packages/oslo_config/cfg.py:3006}}
Apr 06 18:22:23.285262 np0000163569 neutron-periodic-workers[103970]: DEBUG cotyledon.oslo_config_glue [-] ovn.ovsdb_retry_max_interval = 180 {{(pid=103970) log_opt_values /opt/stack/data/venv/lib/python3.12/site-packages/oslo_config/cfg.py:3006}}
Apr 06 18:22:23.285262 np0000163569 neutron-periodic-workers[103970]: DEBUG cotyledon.oslo_config_glue [-] ovn.stateless_nat_enabled = False {{(pid=103970) log_opt_values /opt/stack/data/venv/lib/python3.12/site-packages/oslo_config/cfg.py:3006}}
Apr 06 18:22:23.285513 np0000163569 neutron-periodic-workers[103970]: DEBUG cotyledon.oslo_config_glue [-] ovn.vhost_sock_dir = /var/run/openvswitch {{(pid=103970) log_opt_values /opt/stack/data/venv/lib/python3.12/site-packages/oslo_config/cfg.py:3006}}
Apr 06 18:22:23.285513 np0000163569 neutron-periodic-workers[103970]: DEBUG cotyledon.oslo_config_glue [-] OVS.bridge_mac_table_size = 50000 {{(pid=103970) log_opt_values /opt/stack/data/venv/lib/python3.12/site-packages/oslo_config/cfg.py:3006}}
Apr 06 18:22:23.285513 np0000163569 neutron-periodic-workers[103970]: DEBUG cotyledon.oslo_config_glue [-] OVS.igmp_flood = False {{(pid=103970) log_opt_values /opt/stack/data/venv/lib/python3.12/site-packages/oslo_config/cfg.py:3006}}
Apr 06 18:22:23.285513 np0000163569 neutron-periodic-workers[103970]: DEBUG cotyledon.oslo_config_glue [-] OVS.igmp_flood_reports = True {{(pid=103970) log_opt_values /opt/stack/data/venv/lib/python3.12/site-packages/oslo_config/cfg.py:3006}}
Apr 06 18:22:23.285513 np0000163569 neutron-periodic-workers[103970]: DEBUG cotyledon.oslo_config_glue [-] OVS.igmp_flood_unregistered = False {{(pid=103970) log_opt_values /opt/stack/data/venv/lib/python3.12/site-packages/oslo_config/cfg.py:3006}}
Apr 06 18:22:23.285513 np0000163569 neutron-periodic-workers[103970]: DEBUG cotyledon.oslo_config_glue [-] OVS.igmp_snooping_enable = False {{(pid=103970) log_opt_values /opt/stack/data/venv/lib/python3.12/site-packages/oslo_config/cfg.py:3006}}
Apr 06 18:22:23.285513 np0000163569 neutron-periodic-workers[103970]: DEBUG cotyledon.oslo_config_glue [-] OVS.ovsdb_timeout = 10 {{(pid=103970) log_opt_values /opt/stack/data/venv/lib/python3.12/site-packages/oslo_config/cfg.py:3006}}
Apr 06 18:22:23.285513 np0000163569 neutron-periodic-workers[103970]: DEBUG cotyledon.oslo_config_glue [-] ovn_nb_global.fdb_removal_limit = 0 {{(pid=103970) log_opt_values /opt/stack/data/venv/lib/python3.12/site-packages/oslo_config/cfg.py:3006}}
Apr 06 18:22:23.285513 np0000163569 neutron-periodic-workers[103970]: DEBUG cotyledon.oslo_config_glue [-] ovn_nb_global.ignore_lsp_down = False {{(pid=103970) log_opt_values /opt/stack/data/venv/lib/python3.12/site-packages/oslo_config/cfg.py:3006}}
Apr 06 18:22:23.285764 np0000163569 neutron-periodic-workers[103970]: DEBUG cotyledon.oslo_config_glue [-] ovn_nb_global.mac_binding_removal_limit = 0 {{(pid=103970) log_opt_values /opt/stack/data/venv/lib/python3.12/site-packages/oslo_config/cfg.py:3006}}
Apr 06 18:22:23.285764 np0000163569 neutron-periodic-workers[103970]: DEBUG cotyledon.oslo_config_glue [-] ******************************************************************************** {{(pid=103970) log_opt_values /opt/stack/data/venv/lib/python3.12/site-packages/oslo_config/cfg.py:3013}}
Apr 06 18:22:23.285764 np0000163569 neutron-periodic-workers[103970]: DEBUG cotyledon._service_worker [-] Run service ServiceWrapper(0) [103970] {{(pid=103970) wait_forever /opt/stack/data/venv/lib/python3.12/site-packages/cotyledon/_service_worker.py:218}}
Apr 06 18:22:32.917275 np0000163569 neutron-periodic-workers[103167]: DEBUG dbcounter [-] [103167] Writing DB stats neutron:SELECT=4 {{(pid=103167) stat_writer /opt/stack/data/venv/lib/python3.12/site-packages/dbcounter.py:115}}
Apr 06 18:23:07.263405 np0000163569 neutron-periodic-workers[103944]: DEBUG oslo_db.sqlalchemy.engines [None req-0e22dd2b-aad5-4fe8-a933-4eac6f8ecb73 None None] Parent process 103167 forked (103944) with an open database connection, which is being discarded and recreated. {{(pid=103944) checkout /opt/stack/data/venv/lib/python3.12/site-packages/oslo_db/sqlalchemy/engines.py:402}}
Apr 06 18:23:07.269921 np0000163569 neutron-periodic-workers[103944]: DEBUG dbcounter [-] [103944] Writer thread running {{(pid=103944) stat_writer /opt/stack/data/venv/lib/python3.12/site-packages/dbcounter.py:102}}
Apr 06 18:23:07.278763 np0000163569 neutron-periodic-workers[103944]: DEBUG oslo.service.backend._threading.loopingcall [None req-0e22dd2b-aad5-4fe8-a933-4eac6f8ecb73 None None] Fixed interval looping call 'neutron.plugins.ml2.plugin.DhcpAgentSchedulerDbMixin.remove_networks_from_down_agents' sleeping for 36.98 seconds {{(pid=103944) _run_loop /opt/stack/data/venv/lib/python3.12/site-packages/oslo_service/backend/_threading/loopingcall.py:125}}
Apr 06 18:23:17.276920 np0000163569 neutron-periodic-workers[103944]: DEBUG dbcounter [-] [103944] Writing DB stats neutron:SELECT=3 {{(pid=103944) stat_writer /opt/stack/data/venv/lib/python3.12/site-packages/dbcounter.py:115}}
Apr 06 18:23:17.287978 np0000163569 neutron-periodic-workers[103935]: DEBUG dbcounter [-] [103935] Writer thread running {{(pid=103935) stat_writer /opt/stack/data/venv/lib/python3.12/site-packages/dbcounter.py:102}}
Apr 06 18:23:17.297758 np0000163569 neutron-periodic-workers[103935]: DEBUG oslo.service.backend._threading.loopingcall [None req-bb3fe744-e39a-470e-80a2-6fc67f6cd710 None None] Fixed interval looping call 'neutron.services.ovn_l3.plugin.L3_NAT_dbonly_mixin._clean_garbage' sleeping for 299.96 seconds {{(pid=103935) _run_loop /opt/stack/data/venv/lib/python3.12/site-packages/oslo_service/backend/_threading/loopingcall.py:125}}
Apr 06 18:23:22.288840 np0000163569 neutron-periodic-workers[103954]: DEBUG dbcounter [-] [103954] Writer thread running {{(pid=103954) stat_writer /opt/stack/data/venv/lib/python3.12/site-packages/dbcounter.py:102}}
Apr 06 18:23:22.292108 np0000163569 neutron-periodic-workers[103954]: DEBUG neutron.db.agents_db [None req-a17385ac-ffb8-4185-9de7-ab019e98c194 None None] Agent healthcheck: found 0 active agents {{(pid=103954) agent_health_check /opt/stack/neutron/neutron/db/agents_db.py:317}}
Apr 06 18:23:22.292282 np0000163569 neutron-periodic-workers[103954]: DEBUG oslo.service.backend._threading.loopingcall [None req-a17385ac-ffb8-4185-9de7-ab019e98c194 None None] Fixed interval looping call 'neutron.plugins.ml2.plugin.AgentDbMixin.agent_health_check' sleeping for 36.98 seconds {{(pid=103954) _run_loop /opt/stack/data/venv/lib/python3.12/site-packages/oslo_service/backend/_threading/loopingcall.py:125}}
Apr 06 18:23:27.288633 np0000163569 neutron-periodic-workers[103935]: DEBUG dbcounter [-] [103935] Writing DB stats neutron:SELECT=1 {{(pid=103935) stat_writer /opt/stack/data/venv/lib/python3.12/site-packages/dbcounter.py:115}}
Apr 06 18:23:32.289595 np0000163569 neutron-periodic-workers[103954]: DEBUG dbcounter [-] [103954] Writing DB stats neutron:SELECT=1 {{(pid=103954) stat_writer /opt/stack/data/venv/lib/python3.12/site-packages/dbcounter.py:115}}
Apr 06 18:23:44.267672 np0000163569 neutron-periodic-workers[103944]: DEBUG oslo.service.backend._threading.loopingcall [None req-0e22dd2b-aad5-4fe8-a933-4eac6f8ecb73 None None] Fixed interval looping call 'neutron.plugins.ml2.plugin.DhcpAgentSchedulerDbMixin.remove_networks_from_down_agents' sleeping for 36.99 seconds {{(pid=103944) _run_loop /opt/stack/data/venv/lib/python3.12/site-packages/oslo_service/backend/_threading/loopingcall.py:125}}
Apr 06 18:23:54.267006 np0000163569 neutron-periodic-workers[103944]: DEBUG dbcounter [-] [103944] Writing DB stats neutron:SELECT=3 {{(pid=103944) stat_writer /opt/stack/data/venv/lib/python3.12/site-packages/dbcounter.py:115}}
Apr 06 18:23:59.278744 np0000163569 neutron-periodic-workers[103954]: DEBUG neutron.db.agents_db [None req-a17385ac-ffb8-4185-9de7-ab019e98c194 None None] Agent healthcheck: found 0 active agents {{(pid=103954) agent_health_check /opt/stack/neutron/neutron/db/agents_db.py:317}}
Apr 06 18:23:59.279328 np0000163569 neutron-periodic-workers[103954]: DEBUG oslo.service.backend._threading.loopingcall [None req-a17385ac-ffb8-4185-9de7-ab019e98c194 None None] Fixed interval looping call 'neutron.plugins.ml2.plugin.AgentDbMixin.agent_health_check' sleeping for 36.99 seconds {{(pid=103954) _run_loop /opt/stack/data/venv/lib/python3.12/site-packages/oslo_service/backend/_threading/loopingcall.py:125}}
Apr 06 18:24:09.276346 np0000163569 neutron-periodic-workers[103954]: DEBUG dbcounter [-] [103954] Writing DB stats neutron:SELECT=1 {{(pid=103954) stat_writer /opt/stack/data/venv/lib/python3.12/site-packages/dbcounter.py:115}}
Apr 06 18:24:21.267326 np0000163569 neutron-periodic-workers[103944]: DEBUG oslo.service.backend._threading.loopingcall [None req-0e22dd2b-aad5-4fe8-a933-4eac6f8ecb73 None None] Fixed interval looping call 'neutron.plugins.ml2.plugin.DhcpAgentSchedulerDbMixin.remove_networks_from_down_agents' sleeping for 36.99 seconds {{(pid=103944) _run_loop /opt/stack/data/venv/lib/python3.12/site-packages/oslo_service/backend/_threading/loopingcall.py:125}}
Apr 06 18:24:23.301804 np0000163569 neutron-periodic-workers[103970]: DEBUG dbcounter [-] [103970] Writer thread running {{(pid=103970) stat_writer /opt/stack/data/venv/lib/python3.12/site-packages/dbcounter.py:102}}
Apr 06 18:24:23.304234 np0000163569 neutron-periodic-workers[103970]: DEBUG oslo.service.backend._threading.loopingcall [None req-d7a8987e-b8eb-468c-9686-290c949fdbe8 None None] Fixed interval looping call 'neutron.db.quota.driver_nolock.DbQuotaNoLockDriver._remove_expired_reservations' sleeping for 119.99 seconds {{(pid=103970) _run_loop /opt/stack/data/venv/lib/python3.12/site-packages/oslo_service/backend/_threading/loopingcall.py:125}}
Apr 06 18:24:31.271177 np0000163569 neutron-periodic-workers[103944]: DEBUG dbcounter [-] [103944] Writing DB stats neutron:SELECT=3 {{(pid=103944) stat_writer /opt/stack/data/venv/lib/python3.12/site-packages/dbcounter.py:115}}
Apr 06 18:24:33.302418 np0000163569 neutron-periodic-workers[103970]: DEBUG dbcounter [-] [103970] Writing DB stats neutron:DELETE=1 {{(pid=103970) stat_writer /opt/stack/data/venv/lib/python3.12/site-packages/dbcounter.py:115}}
Apr 06 18:24:36.273228 np0000163569 neutron-periodic-workers[103954]: DEBUG neutron.db.agents_db [None req-a17385ac-ffb8-4185-9de7-ab019e98c194 None None] Agent healthcheck: found 0 active agents {{(pid=103954) agent_health_check /opt/stack/neutron/neutron/db/agents_db.py:317}}
Apr 06 18:24:36.274143 np0000163569 neutron-periodic-workers[103954]: DEBUG oslo.service.backend._threading.loopingcall [None req-a17385ac-ffb8-4185-9de7-ab019e98c194 None None] Fixed interval looping call 'neutron.plugins.ml2.plugin.AgentDbMixin.agent_health_check' sleeping for 37.00 seconds {{(pid=103954) _run_loop /opt/stack/data/venv/lib/python3.12/site-packages/oslo_service/backend/_threading/loopingcall.py:125}}
Apr 06 18:24:46.271797 np0000163569 neutron-periodic-workers[103954]: DEBUG dbcounter [-] [103954] Writing DB stats neutron:SELECT=1 {{(pid=103954) stat_writer /opt/stack/data/venv/lib/python3.12/site-packages/dbcounter.py:115}}
Apr 06 18:24:58.266346 np0000163569 neutron-periodic-workers[103944]: DEBUG oslo.service.backend._threading.loopingcall [None req-0e22dd2b-aad5-4fe8-a933-4eac6f8ecb73 None None] Fixed interval looping call 'neutron.plugins.ml2.plugin.DhcpAgentSchedulerDbMixin.remove_networks_from_down_agents' sleeping for 36.99 seconds {{(pid=103944) _run_loop /opt/stack/data/venv/lib/python3.12/site-packages/oslo_service/backend/_threading/loopingcall.py:125}}
Apr 06 18:25:08.265205 np0000163569 neutron-periodic-workers[103944]: DEBUG dbcounter [-] [103944] Writing DB stats neutron:SELECT=3 {{(pid=103944) stat_writer /opt/stack/data/venv/lib/python3.12/site-packages/dbcounter.py:115}}
Apr 06 18:25:13.278523 np0000163569 neutron-periodic-workers[103954]: DEBUG neutron.db.agents_db [None req-a17385ac-ffb8-4185-9de7-ab019e98c194 None None] Agent healthcheck: found 0 active agents {{(pid=103954) agent_health_check /opt/stack/neutron/neutron/db/agents_db.py:317}}
Apr 06 18:25:13.279138 np0000163569 neutron-periodic-workers[103954]: DEBUG oslo.service.backend._threading.loopingcall [None req-a17385ac-ffb8-4185-9de7-ab019e98c194 None None] Fixed interval looping call 'neutron.plugins.ml2.plugin.AgentDbMixin.agent_health_check' sleeping for 37.00 seconds {{(pid=103954) _run_loop /opt/stack/data/venv/lib/python3.12/site-packages/oslo_service/backend/_threading/loopingcall.py:125}}
Apr 06 18:25:23.277060 np0000163569 neutron-periodic-workers[103954]: DEBUG dbcounter [-] [103954] Writing DB stats neutron:SELECT=1 {{(pid=103954) stat_writer /opt/stack/data/venv/lib/python3.12/site-packages/dbcounter.py:115}}
Apr 06 18:25:35.266552 np0000163569 neutron-periodic-workers[103944]: DEBUG oslo.service.backend._threading.loopingcall [None req-0e22dd2b-aad5-4fe8-a933-4eac6f8ecb73 None None] Fixed interval looping call 'neutron.plugins.ml2.plugin.DhcpAgentSchedulerDbMixin.remove_networks_from_down_agents' sleeping for 36.99 seconds {{(pid=103944) _run_loop /opt/stack/data/venv/lib/python3.12/site-packages/oslo_service/backend/_threading/loopingcall.py:125}}
Apr 06 18:25:45.265715 np0000163569 neutron-periodic-workers[103944]: DEBUG dbcounter [-] [103944] Writing DB stats neutron:SELECT=3 {{(pid=103944) stat_writer /opt/stack/data/venv/lib/python3.12/site-packages/dbcounter.py:115}}
Apr 06 18:25:50.285556 np0000163569 neutron-periodic-workers[103954]: DEBUG neutron.db.agents_db [None req-a17385ac-ffb8-4185-9de7-ab019e98c194 None None] Agent healthcheck: found 0 active agents {{(pid=103954) agent_health_check /opt/stack/neutron/neutron/db/agents_db.py:317}}
Apr 06 18:25:50.286480 np0000163569 neutron-periodic-workers[103954]: DEBUG oslo.service.backend._threading.loopingcall [None req-a17385ac-ffb8-4185-9de7-ab019e98c194 None None] Fixed interval looping call 'neutron.plugins.ml2.plugin.AgentDbMixin.agent_health_check' sleeping for 36.99 seconds {{(pid=103954) _run_loop /opt/stack/data/venv/lib/python3.12/site-packages/oslo_service/backend/_threading/loopingcall.py:125}}
Apr 06 18:26:00.284268 np0000163569 neutron-periodic-workers[103954]: DEBUG dbcounter [-] [103954] Writing DB stats neutron:SELECT=1 {{(pid=103954) stat_writer /opt/stack/data/venv/lib/python3.12/site-packages/dbcounter.py:115}}
Apr 06 18:26:12.266798 np0000163569 neutron-periodic-workers[103944]: DEBUG oslo.service.backend._threading.loopingcall [None req-0e22dd2b-aad5-4fe8-a933-4eac6f8ecb73 None None] Fixed interval looping call 'neutron.plugins.ml2.plugin.DhcpAgentSchedulerDbMixin.remove_networks_from_down_agents' sleeping for 36.99 seconds {{(pid=103944) _run_loop /opt/stack/data/venv/lib/python3.12/site-packages/oslo_service/backend/_threading/loopingcall.py:125}}
Apr 06 18:26:22.265149 np0000163569 neutron-periodic-workers[103944]: DEBUG dbcounter [-] [103944] Writing DB stats neutron:SELECT=3 {{(pid=103944) stat_writer /opt/stack/data/venv/lib/python3.12/site-packages/dbcounter.py:115}}
Apr 06 18:26:23.298764 np0000163569 neutron-periodic-workers[103970]: DEBUG oslo.service.backend._threading.loopingcall [None req-d7a8987e-b8eb-468c-9686-290c949fdbe8 None None] Fixed interval looping call 'neutron.db.quota.driver_nolock.DbQuotaNoLockDriver._remove_expired_reservations' sleeping for 120.00 seconds {{(pid=103970) _run_loop /opt/stack/data/venv/lib/python3.12/site-packages/oslo_service/backend/_threading/loopingcall.py:125}}
Apr 06 18:26:27.281361 np0000163569 neutron-periodic-workers[103954]: DEBUG neutron.db.agents_db [None req-a17385ac-ffb8-4185-9de7-ab019e98c194 None None] Agent healthcheck: found 0 active agents {{(pid=103954) agent_health_check /opt/stack/neutron/neutron/db/agents_db.py:317}}
Apr 06 18:26:27.282090 np0000163569 neutron-periodic-workers[103954]: DEBUG oslo.service.backend._threading.loopingcall [None req-a17385ac-ffb8-4185-9de7-ab019e98c194 None None] Fixed interval looping call 'neutron.plugins.ml2.plugin.AgentDbMixin.agent_health_check' sleeping for 36.99 seconds {{(pid=103954) _run_loop /opt/stack/data/venv/lib/python3.12/site-packages/oslo_service/backend/_threading/loopingcall.py:125}}
Apr 06 18:26:33.297606 np0000163569 neutron-periodic-workers[103970]: DEBUG dbcounter [-] [103970] Writing DB stats neutron:DELETE=1 {{(pid=103970) stat_writer /opt/stack/data/venv/lib/python3.12/site-packages/dbcounter.py:115}}
Apr 06 18:26:37.279758 np0000163569 neutron-periodic-workers[103954]: DEBUG dbcounter [-] [103954] Writing DB stats neutron:SELECT=1 {{(pid=103954) stat_writer /opt/stack/data/venv/lib/python3.12/site-packages/dbcounter.py:115}}
Apr 06 18:26:49.268346 np0000163569 neutron-periodic-workers[103944]: DEBUG oslo.service.backend._threading.loopingcall [None req-0e22dd2b-aad5-4fe8-a933-4eac6f8ecb73 None None] Fixed interval looping call 'neutron.plugins.ml2.plugin.DhcpAgentSchedulerDbMixin.remove_networks_from_down_agents' sleeping for 36.99 seconds {{(pid=103944) _run_loop /opt/stack/data/venv/lib/python3.12/site-packages/oslo_service/backend/_threading/loopingcall.py:125}}
Apr 06 18:26:59.266828 np0000163569 neutron-periodic-workers[103944]: DEBUG dbcounter [-] [103944] Writing DB stats neutron:SELECT=3 {{(pid=103944) stat_writer /opt/stack/data/venv/lib/python3.12/site-packages/dbcounter.py:115}}
Apr 06 18:27:04.277648 np0000163569 neutron-periodic-workers[103954]: DEBUG neutron.db.agents_db [None req-a17385ac-ffb8-4185-9de7-ab019e98c194 None None] Agent healthcheck: found 0 active agents {{(pid=103954) agent_health_check /opt/stack/neutron/neutron/db/agents_db.py:317}}
Apr 06 18:27:04.277648 np0000163569 neutron-periodic-workers[103954]: DEBUG oslo.service.backend._threading.loopingcall [None req-a17385ac-ffb8-4185-9de7-ab019e98c194 None None] Fixed interval looping call 'neutron.plugins.ml2.plugin.AgentDbMixin.agent_health_check' sleeping for 36.99 seconds {{(pid=103954) _run_loop /opt/stack/data/venv/lib/python3.12/site-packages/oslo_service/backend/_threading/loopingcall.py:125}}
Apr 06 18:27:14.275597 np0000163569 neutron-periodic-workers[103954]: DEBUG dbcounter [-] [103954] Writing DB stats neutron:SELECT=1 {{(pid=103954) stat_writer /opt/stack/data/venv/lib/python3.12/site-packages/dbcounter.py:115}}
Apr 06 18:27:26.266657 np0000163569 neutron-periodic-workers[103944]: DEBUG oslo.service.backend._threading.loopingcall [None req-0e22dd2b-aad5-4fe8-a933-4eac6f8ecb73 None None] Fixed interval looping call 'neutron.plugins.ml2.plugin.DhcpAgentSchedulerDbMixin.remove_networks_from_down_agents' sleeping for 36.99 seconds {{(pid=103944) _run_loop /opt/stack/data/venv/lib/python3.12/site-packages/oslo_service/backend/_threading/loopingcall.py:125}}
Apr 06 18:27:36.266025 np0000163569 neutron-periodic-workers[103944]: DEBUG dbcounter [-] [103944] Writing DB stats neutron:SELECT=3 {{(pid=103944) stat_writer /opt/stack/data/venv/lib/python3.12/site-packages/dbcounter.py:115}}
Apr 06 18:27:41.271715 np0000163569 neutron-periodic-workers[103954]: DEBUG neutron.db.agents_db [None req-a17385ac-ffb8-4185-9de7-ab019e98c194 None None] Agent healthcheck: found 0 active agents {{(pid=103954) agent_health_check /opt/stack/neutron/neutron/db/agents_db.py:317}}
Apr 06 18:27:41.272744 np0000163569 neutron-periodic-workers[103954]: DEBUG oslo.service.backend._threading.loopingcall [None req-a17385ac-ffb8-4185-9de7-ab019e98c194 None None] Fixed interval looping call 'neutron.plugins.ml2.plugin.AgentDbMixin.agent_health_check' sleeping for 37.00 seconds {{(pid=103954) _run_loop /opt/stack/data/venv/lib/python3.12/site-packages/oslo_service/backend/_threading/loopingcall.py:125}}
Apr 06 18:27:51.270350 np0000163569 neutron-periodic-workers[103954]: DEBUG dbcounter [-] [103954] Writing DB stats neutron:SELECT=1 {{(pid=103954) stat_writer /opt/stack/data/venv/lib/python3.12/site-packages/dbcounter.py:115}}
Apr 06 18:28:03.304685 np0000163569 neutron-periodic-workers[103944]: DEBUG oslo.service.backend._threading.loopingcall [None req-0e22dd2b-aad5-4fe8-a933-4eac6f8ecb73 None None] Fixed interval looping call 'neutron.plugins.ml2.plugin.DhcpAgentSchedulerDbMixin.remove_networks_from_down_agents' sleeping for 36.95 seconds {{(pid=103944) _run_loop /opt/stack/data/venv/lib/python3.12/site-packages/oslo_service/backend/_threading/loopingcall.py:125}}
Apr 06 18:28:13.303835 np0000163569 neutron-periodic-workers[103944]: DEBUG dbcounter [-] [103944] Writing DB stats neutron:SELECT=3 {{(pid=103944) stat_writer /opt/stack/data/venv/lib/python3.12/site-packages/dbcounter.py:115}}
Apr 06 18:28:17.269785 np0000163569 neutron-periodic-workers[103935]: DEBUG oslo.service.backend._threading.loopingcall [None req-bb3fe744-e39a-470e-80a2-6fc67f6cd710 None None] Fixed interval looping call 'neutron.services.ovn_l3.plugin.L3_NAT_dbonly_mixin._clean_garbage' sleeping for 299.99 seconds {{(pid=103935) _run_loop /opt/stack/data/venv/lib/python3.12/site-packages/oslo_service/backend/_threading/loopingcall.py:125}}
Apr 06 18:28:18.278415 np0000163569 neutron-periodic-workers[103954]: DEBUG neutron.db.agents_db [None req-a17385ac-ffb8-4185-9de7-ab019e98c194 None None] Agent healthcheck: found 0 active agents {{(pid=103954) agent_health_check /opt/stack/neutron/neutron/db/agents_db.py:317}}
Apr 06 18:28:18.278955 np0000163569 neutron-periodic-workers[103954]: DEBUG oslo.service.backend._threading.loopingcall [None req-a17385ac-ffb8-4185-9de7-ab019e98c194 None None] Fixed interval looping call 'neutron.plugins.ml2.plugin.AgentDbMixin.agent_health_check' sleeping for 36.99 seconds {{(pid=103954) _run_loop /opt/stack/data/venv/lib/python3.12/site-packages/oslo_service/backend/_threading/loopingcall.py:125}}
Apr 06 18:28:23.303583 np0000163569 neutron-periodic-workers[103970]: DEBUG oslo.service.backend._threading.loopingcall [None req-d7a8987e-b8eb-468c-9686-290c949fdbe8 None None] Fixed interval looping call 'neutron.db.quota.driver_nolock.DbQuotaNoLockDriver._remove_expired_reservations' sleeping for 120.00 seconds {{(pid=103970) _run_loop /opt/stack/data/venv/lib/python3.12/site-packages/oslo_service/backend/_threading/loopingcall.py:125}}
Apr 06 18:28:27.261894 np0000163569 neutron-periodic-workers[103935]: DEBUG dbcounter [-] [103935] Writing DB stats neutron:SELECT=1 {{(pid=103935) stat_writer /opt/stack/data/venv/lib/python3.12/site-packages/dbcounter.py:115}}
Apr 06 18:28:28.275894 np0000163569 neutron-periodic-workers[103954]: DEBUG dbcounter [-] [103954] Writing DB stats neutron:SELECT=1 {{(pid=103954) stat_writer /opt/stack/data/venv/lib/python3.12/site-packages/dbcounter.py:115}}
Apr 06 18:28:33.303258 np0000163569 neutron-periodic-workers[103970]: DEBUG dbcounter [-] [103970] Writing DB stats neutron:DELETE=1 {{(pid=103970) stat_writer /opt/stack/data/venv/lib/python3.12/site-packages/dbcounter.py:115}}
Apr 06 18:28:40.260703 np0000163569 neutron-periodic-workers[103944]: DEBUG oslo.service.backend._threading.loopingcall [None req-0e22dd2b-aad5-4fe8-a933-4eac6f8ecb73 None None] Fixed interval looping call 'neutron.plugins.ml2.plugin.DhcpAgentSchedulerDbMixin.remove_networks_from_down_agents' sleeping for 36.99 seconds {{(pid=103944) _run_loop /opt/stack/data/venv/lib/python3.12/site-packages/oslo_service/backend/_threading/loopingcall.py:125}}
Apr 06 18:28:50.259960 np0000163569 neutron-periodic-workers[103944]: DEBUG dbcounter [-] [103944] Writing DB stats neutron:SELECT=3 {{(pid=103944) stat_writer /opt/stack/data/venv/lib/python3.12/site-packages/dbcounter.py:115}}
Apr 06 18:28:55.274386 np0000163569 neutron-periodic-workers[103954]: DEBUG neutron.db.agents_db [None req-a17385ac-ffb8-4185-9de7-ab019e98c194 None None] Agent healthcheck: found 0 active agents {{(pid=103954) agent_health_check /opt/stack/neutron/neutron/db/agents_db.py:317}}
Apr 06 18:28:55.275058 np0000163569 neutron-periodic-workers[103954]: DEBUG oslo.service.backend._threading.loopingcall [None req-a17385ac-ffb8-4185-9de7-ab019e98c194 None None] Fixed interval looping call 'neutron.plugins.ml2.plugin.AgentDbMixin.agent_health_check' sleeping for 36.99 seconds {{(pid=103954) _run_loop /opt/stack/data/venv/lib/python3.12/site-packages/oslo_service/backend/_threading/loopingcall.py:125}}
Apr 06 18:29:05.272803 np0000163569 neutron-periodic-workers[103954]: DEBUG dbcounter [-] [103954] Writing DB stats neutron:SELECT=1 {{(pid=103954) stat_writer /opt/stack/data/venv/lib/python3.12/site-packages/dbcounter.py:115}}
Apr 06 18:29:17.261224 np0000163569 neutron-periodic-workers[103944]: DEBUG oslo.service.backend._threading.loopingcall [None req-0e22dd2b-aad5-4fe8-a933-4eac6f8ecb73 None None] Fixed interval looping call 'neutron.plugins.ml2.plugin.DhcpAgentSchedulerDbMixin.remove_networks_from_down_agents' sleeping for 36.99 seconds {{(pid=103944) _run_loop /opt/stack/data/venv/lib/python3.12/site-packages/oslo_service/backend/_threading/loopingcall.py:125}}
Apr 06 18:29:27.259765 np0000163569 neutron-periodic-workers[103944]: DEBUG dbcounter [-] [103944] Writing DB stats neutron:SELECT=3 {{(pid=103944) stat_writer /opt/stack/data/venv/lib/python3.12/site-packages/dbcounter.py:115}}
Apr 06 18:29:32.270259 np0000163569 neutron-periodic-workers[103954]: DEBUG neutron.db.agents_db [None req-a17385ac-ffb8-4185-9de7-ab019e98c194 None None] Agent healthcheck: found 0 active agents {{(pid=103954) agent_health_check /opt/stack/neutron/neutron/db/agents_db.py:317}}
Apr 06 18:29:32.270957 np0000163569 neutron-periodic-workers[103954]: DEBUG oslo.service.backend._threading.loopingcall [None req-a17385ac-ffb8-4185-9de7-ab019e98c194 None None] Fixed interval looping call 'neutron.plugins.ml2.plugin.AgentDbMixin.agent_health_check' sleeping for 36.99 seconds {{(pid=103954) _run_loop /opt/stack/data/venv/lib/python3.12/site-packages/oslo_service/backend/_threading/loopingcall.py:125}}
Apr 06 18:29:42.268469 np0000163569 neutron-periodic-workers[103954]: DEBUG dbcounter [-] [103954] Writing DB stats neutron:SELECT=1 {{(pid=103954) stat_writer /opt/stack/data/venv/lib/python3.12/site-packages/dbcounter.py:115}}
Apr 06 18:29:54.261970 np0000163569 neutron-periodic-workers[103944]: DEBUG oslo.service.backend._threading.loopingcall [None req-0e22dd2b-aad5-4fe8-a933-4eac6f8ecb73 None None] Fixed interval looping call 'neutron.plugins.ml2.plugin.DhcpAgentSchedulerDbMixin.remove_networks_from_down_agents' sleeping for 36.99 seconds {{(pid=103944) _run_loop /opt/stack/data/venv/lib/python3.12/site-packages/oslo_service/backend/_threading/loopingcall.py:125}}
Apr 06 18:30:04.260907 np0000163569 neutron-periodic-workers[103944]: DEBUG dbcounter [-] [103944] Writing DB stats neutron:SELECT=3 {{(pid=103944) stat_writer /opt/stack/data/venv/lib/python3.12/site-packages/dbcounter.py:115}}
Apr 06 18:30:09.267974 np0000163569 neutron-periodic-workers[103954]: DEBUG neutron.db.agents_db [None req-a17385ac-ffb8-4185-9de7-ab019e98c194 None None] Agent healthcheck: found 0 active agents {{(pid=103954) agent_health_check /opt/stack/neutron/neutron/db/agents_db.py:317}}
Apr 06 18:30:09.268939 np0000163569 neutron-periodic-workers[103954]: DEBUG oslo.service.backend._threading.loopingcall [None req-a17385ac-ffb8-4185-9de7-ab019e98c194 None None] Fixed interval looping call 'neutron.plugins.ml2.plugin.AgentDbMixin.agent_health_check' sleeping for 36.99 seconds {{(pid=103954) _run_loop /opt/stack/data/venv/lib/python3.12/site-packages/oslo_service/backend/_threading/loopingcall.py:125}}
Apr 06 18:30:19.266424 np0000163569 neutron-periodic-workers[103954]: DEBUG dbcounter [-] [103954] Writing DB stats neutron:SELECT=1 {{(pid=103954) stat_writer /opt/stack/data/venv/lib/python3.12/site-packages/dbcounter.py:115}}
Apr 06 18:30:23.308625 np0000163569 neutron-periodic-workers[103970]: DEBUG oslo.service.backend._threading.loopingcall [None req-d7a8987e-b8eb-468c-9686-290c949fdbe8 None None] Fixed interval looping call 'neutron.db.quota.driver_nolock.DbQuotaNoLockDriver._remove_expired_reservations' sleeping for 120.00 seconds {{(pid=103970) _run_loop /opt/stack/data/venv/lib/python3.12/site-packages/oslo_service/backend/_threading/loopingcall.py:125}}
Apr 06 18:30:31.264099 np0000163569 neutron-periodic-workers[103944]: DEBUG oslo.service.backend._threading.loopingcall [None req-0e22dd2b-aad5-4fe8-a933-4eac6f8ecb73 None None] Fixed interval looping call 'neutron.plugins.ml2.plugin.DhcpAgentSchedulerDbMixin.remove_networks_from_down_agents' sleeping for 36.99 seconds {{(pid=103944) _run_loop /opt/stack/data/venv/lib/python3.12/site-packages/oslo_service/backend/_threading/loopingcall.py:125}}
Apr 06 18:30:33.307448 np0000163569 neutron-periodic-workers[103970]: DEBUG dbcounter [-] [103970] Writing DB stats neutron:DELETE=1 {{(pid=103970) stat_writer /opt/stack/data/venv/lib/python3.12/site-packages/dbcounter.py:115}}
Apr 06 18:30:41.262392 np0000163569 neutron-periodic-workers[103944]: DEBUG dbcounter [-] [103944] Writing DB stats neutron:SELECT=3 {{(pid=103944) stat_writer /opt/stack/data/venv/lib/python3.12/site-packages/dbcounter.py:115}}
Apr 06 18:30:46.265369 np0000163569 neutron-periodic-workers[103954]: DEBUG neutron.db.agents_db [None req-a17385ac-ffb8-4185-9de7-ab019e98c194 None None] Agent healthcheck: found 0 active agents {{(pid=103954) agent_health_check /opt/stack/neutron/neutron/db/agents_db.py:317}}
Apr 06 18:30:46.266094 np0000163569 neutron-periodic-workers[103954]: DEBUG oslo.service.backend._threading.loopingcall [None req-a17385ac-ffb8-4185-9de7-ab019e98c194 None None] Fixed interval looping call 'neutron.plugins.ml2.plugin.AgentDbMixin.agent_health_check' sleeping for 36.99 seconds {{(pid=103954) _run_loop /opt/stack/data/venv/lib/python3.12/site-packages/oslo_service/backend/_threading/loopingcall.py:125}}
Apr 06 18:30:56.262910 np0000163569 neutron-periodic-workers[103954]: DEBUG dbcounter [-] [103954] Writing DB stats neutron:SELECT=1 {{(pid=103954) stat_writer /opt/stack/data/venv/lib/python3.12/site-packages/dbcounter.py:115}}
Apr 06 18:31:08.265915 np0000163569 neutron-periodic-workers[103944]: DEBUG oslo.service.backend._threading.loopingcall [None req-0e22dd2b-aad5-4fe8-a933-4eac6f8ecb73 None None] Fixed interval looping call 'neutron.plugins.ml2.plugin.DhcpAgentSchedulerDbMixin.remove_networks_from_down_agents' sleeping for 36.99 seconds {{(pid=103944) _run_loop /opt/stack/data/venv/lib/python3.12/site-packages/oslo_service/backend/_threading/loopingcall.py:125}}
Apr 06 18:31:18.265195 np0000163569 neutron-periodic-workers[103944]: DEBUG dbcounter [-] [103944] Writing DB stats neutron:SELECT=3 {{(pid=103944) stat_writer /opt/stack/data/venv/lib/python3.12/site-packages/dbcounter.py:115}}
Apr 06 18:31:23.268130 np0000163569 neutron-periodic-workers[103954]: DEBUG neutron.db.agents_db [None req-a17385ac-ffb8-4185-9de7-ab019e98c194 None None] Agent healthcheck: found 0 active agents {{(pid=103954) agent_health_check /opt/stack/neutron/neutron/db/agents_db.py:317}}
Apr 06 18:31:23.268515 np0000163569 neutron-periodic-workers[103954]: DEBUG oslo.service.backend._threading.loopingcall [None req-a17385ac-ffb8-4185-9de7-ab019e98c194 None None] Fixed interval looping call 'neutron.plugins.ml2.plugin.AgentDbMixin.agent_health_check' sleeping for 36.99 seconds {{(pid=103954) _run_loop /opt/stack/data/venv/lib/python3.12/site-packages/oslo_service/backend/_threading/loopingcall.py:125}}
Apr 06 18:31:33.266638 np0000163569 neutron-periodic-workers[103954]: DEBUG dbcounter [-] [103954] Writing DB stats neutron:SELECT=1 {{(pid=103954) stat_writer /opt/stack/data/venv/lib/python3.12/site-packages/dbcounter.py:115}}
Apr 06 18:31:45.267115 np0000163569 neutron-periodic-workers[103944]: DEBUG oslo.service.backend._threading.loopingcall [None req-0e22dd2b-aad5-4fe8-a933-4eac6f8ecb73 None None] Fixed interval looping call 'neutron.plugins.ml2.plugin.DhcpAgentSchedulerDbMixin.remove_networks_from_down_agents' sleeping for 36.99 seconds {{(pid=103944) _run_loop /opt/stack/data/venv/lib/python3.12/site-packages/oslo_service/backend/_threading/loopingcall.py:125}}
Apr 06 18:31:55.266098 np0000163569 neutron-periodic-workers[103944]: DEBUG dbcounter [-] [103944] Writing DB stats neutron:SELECT=3 {{(pid=103944) stat_writer /opt/stack/data/venv/lib/python3.12/site-packages/dbcounter.py:115}}
Apr 06 18:32:00.263701 np0000163569 neutron-periodic-workers[103954]: DEBUG neutron.db.agents_db [None req-a17385ac-ffb8-4185-9de7-ab019e98c194 None None] Agent healthcheck: found 0 active agents {{(pid=103954) agent_health_check /opt/stack/neutron/neutron/db/agents_db.py:317}}
Apr 06 18:32:00.264092 np0000163569 neutron-periodic-workers[103954]: DEBUG oslo.service.backend._threading.loopingcall [None req-a17385ac-ffb8-4185-9de7-ab019e98c194 None None] Fixed interval looping call 'neutron.plugins.ml2.plugin.AgentDbMixin.agent_health_check' sleeping for 36.99 seconds {{(pid=103954) _run_loop /opt/stack/data/venv/lib/python3.12/site-packages/oslo_service/backend/_threading/loopingcall.py:125}}
Apr 06 18:32:10.261909 np0000163569 neutron-periodic-workers[103954]: DEBUG dbcounter [-] [103954] Writing DB stats neutron:SELECT=1 {{(pid=103954) stat_writer /opt/stack/data/venv/lib/python3.12/site-packages/dbcounter.py:115}}
Apr 06 18:32:22.264848 np0000163569 neutron-periodic-workers[103944]: DEBUG oslo.service.backend._threading.loopingcall [None req-0e22dd2b-aad5-4fe8-a933-4eac6f8ecb73 None None] Fixed interval looping call 'neutron.plugins.ml2.plugin.DhcpAgentSchedulerDbMixin.remove_networks_from_down_agents' sleeping for 36.99 seconds {{(pid=103944) _run_loop /opt/stack/data/venv/lib/python3.12/site-packages/oslo_service/backend/_threading/loopingcall.py:125}}
Apr 06 18:32:23.313614 np0000163569 neutron-periodic-workers[103970]: DEBUG oslo.service.backend._threading.loopingcall [None req-d7a8987e-b8eb-468c-9686-290c949fdbe8 None None] Fixed interval looping call 'neutron.db.quota.driver_nolock.DbQuotaNoLockDriver._remove_expired_reservations' sleeping for 120.00 seconds {{(pid=103970) _run_loop /opt/stack/data/venv/lib/python3.12/site-packages/oslo_service/backend/_threading/loopingcall.py:125}}
