2026-08-15 00:24:13.530 7 INFO neutron.db.l3_db [req-719ae488-52e7-4b9d-a59f-320b26afdec7 req-04cc620f-d7b5-4572-9f64-37e9aa094ad2 f8dbd1b5639549febe907c0374ddcecb 8f3f43aab2be4cc489f4538729cac4c7 - - default default] Floating IP aa2cc0f9-55aa-43b8-860d-948fedbd2864 disassociated. External IP: 10.96.250.210, port: e3bf9281-83bc-4b3c-8f88-e2b52a1cd45d.
2026-08-15 00:24:13.647 8 WARNING neutron.scheduler.dhcp_agent_scheduler [None req-0f9848f2-f22a-4e98-84cc-8046dc574ebd f5176f0daa624a12b9940af8c53126fa 12ea8c4a4cbc428b8b7d099b176ff700 - - default default] No more DHCP agents
2026-08-15 00:24:13.649 8 WARNING neutron.api.rpc.agentnotifiers.dhcp_rpc_agent_api [None req-0f9848f2-f22a-4e98-84cc-8046dc574ebd f5176f0daa624a12b9940af8c53126fa 12ea8c4a4cbc428b8b7d099b176ff700 - - default default] Unable to schedule network c8578489-550d-46f3-8408-bddc2aa47786: no agents available; will retry on subsequent port and subnet creation events. [pid: 7|app: 0|req: 502/1012] 199.204.45.235 () {36 vars in 997 bytes} [Sat Aug 15 00:24:13 2026] DELETE /v2.0/ports/e3bf9281-83bc-4b3c-8f88-e2b52a1cd45d => generated 0 bytes in 577 msecs (HTTP/1.1 204) 3 headers in 131 bytes (1 switches on core 0) /var/lib/openstack/lib/python3.12/site-packages/pycadf/identifier.py:70: UserWarning: Invalid uuid: neutron. To ensure interoperability, identifiers should be a valid uuid. warnings.warn(('Invalid uuid: %s. To ensure interoperability, '
2026-08-15 00:24:13.709 7 INFO neutron.plugins.ml2.drivers.ovn.mech_driver.mech_driver [None req-90544d14-0930-4348-a0fc-be3a6193b6e9 - - - - - -] OVN reports status down for port: 57867fef-01e0-41f1-872b-f10246527b60
2026-08-15 00:24:13.748 8 INFO neutron.db.ovn_revision_numbers_db [None req-0f9848f2-f22a-4e98-84cc-8046dc574ebd f5176f0daa624a12b9940af8c53126fa 12ea8c4a4cbc428b8b7d099b176ff700 - - default default] Successfully bumped revision number for resource 57867fef-01e0-41f1-872b-f10246527b60 (type: ports) to 1 [pid: 7|app: 0|req: 503/1013] 10.0.0.176 () {34 vars in 1040 bytes} [Sat Aug 15 00:24:13 2026] GET /v2.0/security-groups?id=0dbd3990-c4b4-488f-91c7-993b42db2446&fields=id&fields=name => generated 114 bytes in 91 msecs (HTTP/1.1 200) 4 headers in 157 bytes (1 switches on core 0)
2026-08-15 00:24:13.801 8 WARNING neutron.scheduler.dhcp_agent_scheduler [None req-0f9848f2-f22a-4e98-84cc-8046dc574ebd f5176f0daa624a12b9940af8c53126fa 12ea8c4a4cbc428b8b7d099b176ff700 - - default default] No more DHCP agents
2026-08-15 00:24:13.802 8 WARNING neutron.api.rpc.agentnotifiers.dhcp_rpc_agent_api [None req-0f9848f2-f22a-4e98-84cc-8046dc574ebd f5176f0daa624a12b9940af8c53126fa 12ea8c4a4cbc428b8b7d099b176ff700 - - default default] Unable to schedule network edada8d1-5c25-486c-b2e6-8032ea9ea5e1: no agents available; will retry on subsequent port and subnet creation events.
2026-08-15 00:24:13.860 8 INFO neutron.plugins.ml2.drivers.ovn.mech_driver.mech_driver [None req-15743399-00ec-449c-8340-a8d8fc810edc - - - - - -] OVN reports status down for port: 11ef5ab6-f4af-4476-a265-866648e6aa5b [pid: 7|app: 0|req: 504/1014] 10.0.0.176 () {34 vars in 990 bytes} [Sat Aug 15 00:24:13 2026] GET /v2.0/ports?device_id=d430ad3a-aeaf-4dec-a02f-24ad433829c6 => generated 975 bytes in 143 msecs (HTTP/1.1 200) 4 headers in 157 bytes (1 switches on core 0)
2026-08-15 00:24:13.918 8 INFO neutron.db.ovn_revision_numbers_db [None req-0f9848f2-f22a-4e98-84cc-8046dc574ebd f5176f0daa624a12b9940af8c53126fa 12ea8c4a4cbc428b8b7d099b176ff700 - - default default] Successfully bumped revision number for resource 11ef5ab6-f4af-4476-a265-866648e6aa5b (type: ports) to 1 [pid: 7|app: 0|req: 505/1015] 10.0.0.176 () {34 vars in 1040 bytes} [Sat Aug 15 00:24:13 2026] GET /v2.0/security-groups?id=bd1e92d8-1062-46d9-8cbc-d0afe6ab4db7&fields=id&fields=name => generated 114 bytes in 40 msecs (HTTP/1.1 200) 4 headers in 157 bytes (1 switches on core 0) [pid: 8|app: 0|req: 511/1016] 10.0.0.8 () {34 vars in 663 bytes} [Sat Aug 15 00:24:13 2026] POST /v2.0/ports => generated 1506 bytes in 767 msecs (HTTP/1.1 201) 4 headers in 163 bytes (1 switches on core 0) [pid: 7|app: 0|req: 506/1017] 10.0.0.8 () {32 vars in 641 bytes} [Sat Aug 15 00:24:14 2026] GET /v2.0/ports => generated 3018 bytes in 109 msecs (HTTP/1.1 200) 4 headers in 158 bytes (1 switches on core 0) /var/lib/openstack/lib/python3.12/site-packages/pycadf/identifier.py:70: UserWarning: Invalid uuid: neutron. To ensure interoperability, identifiers should be a valid uuid. warnings.warn(('Invalid uuid: %s. To ensure interoperability, '
2026-08-15 00:24:14.266 8 INFO neutron_taas.services.taas.taas_plugin [None req-dcecb843-c1ee-4e6b-b00e-4c7d86aab825 f5176f0daa624a12b9940af8c53126fa 12ea8c4a4cbc428b8b7d099b176ff700 - - default default] TaaS: Handle Delete Port: 57867fef-01e0-41f1-872b-f10246527b60
2026-08-15 00:24:14.270 8 INFO neutron_taas.services.taas.tap_mirror_plugin [None req-dcecb843-c1ee-4e6b-b00e-4c7d86aab825 f5176f0daa624a12b9940af8c53126fa 12ea8c4a4cbc428b8b7d099b176ff700 - - default default] Tap Mirror: Handle Delete Port: 57867fef-01e0-41f1-872b-f10246527b60 [pid: 8|app: 0|req: 512/1018] 10.0.0.8 () {32 vars in 718 bytes} [Sat Aug 15 00:24:14 2026] DELETE /v2.0/ports/57867fef-01e0-41f1-872b-f10246527b60 => generated 0 bytes in 230 msecs (HTTP/1.1 204) 3 headers in 131 bytes (1 switches on core 0)
2026-08-15 00:24:14.520 7 INFO neutron_taas.services.taas.taas_plugin [None req-52da17df-153a-4de8-ac5d-b187669496b0 f5176f0daa624a12b9940af8c53126fa 12ea8c4a4cbc428b8b7d099b176ff700 - - default default] TaaS: Handle Delete Port: 11ef5ab6-f4af-4476-a265-866648e6aa5b
2026-08-15 00:24:14.528 7 INFO neutron_taas.services.taas.tap_mirror_plugin [None req-52da17df-153a-4de8-ac5d-b187669496b0 f5176f0daa624a12b9940af8c53126fa 12ea8c4a4cbc428b8b7d099b176ff700 - - default default] Tap Mirror: Handle Delete Port: 11ef5ab6-f4af-4476-a265-866648e6aa5b
2026-08-15 00:24:14.563 7 INFO neutron.notifiers.nova [-] Nova event matching ['req-8e2ceaee-6867-47fb-a138-0c0509abb3df'] response: {'server_uuid': '784874d5-5a07-4aa8-97da-b63250952d0a', 'name': 'network-vif-unplugged', 'status': 'completed', 'tag': 'e3bf9281-83bc-4b3c-8f88-e2b52a1cd45d', 'code': 200}
2026-08-15 00:24:14.563 7 INFO neutron.notifiers.nova [-] Nova event matching ['req-8e2ceaee-6867-47fb-a138-0c0509abb3df'] response: {'server_uuid': '784874d5-5a07-4aa8-97da-b63250952d0a', 'name': 'network-vif-deleted', 'tag': 'e3bf9281-83bc-4b3c-8f88-e2b52a1cd45d', 'status': 'completed', 'code': 200} [pid: 7|app: 0|req: 507/1019] 10.0.0.8 () {32 vars in 718 bytes} [Sat Aug 15 00:24:14 2026] DELETE /v2.0/ports/11ef5ab6-f4af-4476-a265-866648e6aa5b => generated 0 bytes in 246 msecs (HTTP/1.1 204) 3 headers in 131 bytes (1 switches on core 0) [pid: 7|app: 0|req: 508/1020] 10.0.0.8 () {32 vars in 641 bytes} [Sat Aug 15 00:24:14 2026] GET /v2.0/ports => generated 1523 bytes in 41 msecs (HTTP/1.1 200) 4 headers in 158 bytes (1 switches on core 0)
2026-08-15 00:24:14.786 7 INFO neutron.db.segments_db [None req-41cab9a4-773d-4a0e-908c-a2ba2842a5a5 f5176f0daa624a12b9940af8c53126fa 12ea8c4a4cbc428b8b7d099b176ff700 - - default default] Added segment 1a353411-2317-4473-a957-2d8e16459812 of type geneve for network 47259e31-7faa-4d96-b0c9-87236bd34413
2026-08-15 00:24:14.842 8 INFO neutron.db.ovn_revision_numbers_db [None req-760ec7f5-38cf-43c8-88c5-fce2c84a2a94 19f3329105814711875dfae149200830 de38e109922646edb2b727fdbbeb6ff5 - - default default] Successfully bumped revision number for resource e284acbf-093e-4cdb-9e2a-757505527a04 (type: security_groups) to 1
2026-08-15 00:24:14.858 8 INFO neutron.db.ovn_revision_numbers_db [None req-760ec7f5-38cf-43c8-88c5-fce2c84a2a94 19f3329105814711875dfae149200830 de38e109922646edb2b727fdbbeb6ff5 - - default default] Successfully bumped revision number for resource 39502c54-96cb-46fe-b689-ed12863a911c (type: security_group_rules) to 0
2026-08-15 00:24:14.873 8 INFO neutron.db.ovn_revision_numbers_db [None req-760ec7f5-38cf-43c8-88c5-fce2c84a2a94 19f3329105814711875dfae149200830 de38e109922646edb2b727fdbbeb6ff5 - - default default] Successfully bumped revision number for resource 50f2ab07-837b-4a0e-a3ac-932b8ddb2b90 (type: security_group_rules) to 0
2026-08-15 00:24:14.892 8 INFO neutron.db.ovn_revision_numbers_db [None req-760ec7f5-38cf-43c8-88c5-fce2c84a2a94 19f3329105814711875dfae149200830 de38e109922646edb2b727fdbbeb6ff5 - - default default] Successfully bumped revision number for resource 69012d69-bb0a-445d-9744-a14766ac1f54 (type: security_group_rules) to 0
2026-08-15 00:24:14.903 8 INFO neutron.db.ovn_revision_numbers_db [None req-760ec7f5-38cf-43c8-88c5-fce2c84a2a94 19f3329105814711875dfae149200830 de38e109922646edb2b727fdbbeb6ff5 - - default default] Successfully bumped revision number for resource d946e1d3-7fe4-482c-bd35-c255d25358ad (type: security_group_rules) to 0
2026-08-15 00:24:14.905 7 INFO neutron.db.ovn_revision_numbers_db [None req-41cab9a4-773d-4a0e-908c-a2ba2842a5a5 f5176f0daa624a12b9940af8c53126fa 12ea8c4a4cbc428b8b7d099b176ff700 - - default default] Successfully bumped revision number for resource 47259e31-7faa-4d96-b0c9-87236bd34413 (type: networks) to 1 [pid: 8|app: 0|req: 513/1021] 10.0.0.8 () {32 vars in 772 bytes} [Sat Aug 15 00:24:14 2026] GET /v2.0/security-groups?tenant_id=dacb8dbe5a38426e924ed3c060b3ce8b&name=default => generated 2925 bytes in 397 msecs (HTTP/1.1 200) 4 headers in 158 bytes (1 switches on core 0) [pid: 8|app: 0|req: 514/1022] 10.0.0.176 () {34 vars in 990 bytes} [Sat Aug 15 00:24:14 2026] GET /v2.0/ports?device_id=784874d5-5a07-4aa8-97da-b63250952d0a => generated 12 bytes in 16 msecs (HTTP/1.1 200) 4 headers in 156 bytes (1 switches on core 0)
2026-08-15 00:24:15.067 7 WARNING neutron.scheduler.dhcp_agent_scheduler [None req-41cab9a4-773d-4a0e-908c-a2ba2842a5a5 f5176f0daa624a12b9940af8c53126fa 12ea8c4a4cbc428b8b7d099b176ff700 - - default default] No more DHCP agents
2026-08-15 00:24:15.068 7 WARNING neutron.api.rpc.agentnotifiers.dhcp_rpc_agent_api [None req-41cab9a4-773d-4a0e-908c-a2ba2842a5a5 f5176f0daa624a12b9940af8c53126fa 12ea8c4a4cbc428b8b7d099b176ff700 - - default default] Unable to schedule network 47259e31-7faa-4d96-b0c9-87236bd34413: no agents available; will retry on subsequent port and subnet creation events.
2026-08-15 00:24:15.110 7 INFO neutron.plugins.ml2.drivers.ovn.mech_driver.mech_driver [None req-90544d14-0930-4348-a0fc-be3a6193b6e9 - - - - - -] OVN reports status down for port: 2dd47832-5527-4d4f-9a7c-210ddd491050 [pid: 8|app: 0|req: 515/1023] 10.0.0.8 () {32 vars in 738 bytes} [Sat Aug 15 00:24:14 2026] DELETE /v2.0/security-groups/e284acbf-093e-4cdb-9e2a-757505527a04 => generated 0 bytes in 203 msecs (HTTP/1.1 204) 2 headers in 112 bytes (1 switches on core 0)
2026-08-15 00:24:15.172 7 INFO neutron.db.ovn_revision_numbers_db [None req-41cab9a4-773d-4a0e-908c-a2ba2842a5a5 f5176f0daa624a12b9940af8c53126fa 12ea8c4a4cbc428b8b7d099b176ff700 - - default default] Successfully bumped revision number for resource 2dd47832-5527-4d4f-9a7c-210ddd491050 (type: ports) to 1 [pid: 7|app: 0|req: 509/1024] 10.0.0.8 () {34 vars in 668 bytes} [Sat Aug 15 00:24:14 2026] POST /v2.0/networks => generated 649 bytes in 517 msecs (HTTP/1.1 201) 4 headers in 162 bytes (1 switches on core 0)
2026-08-15 00:24:15.345 8 INFO neutron.db.segments_db [None req-1ea6683b-bf5a-4e4e-b08b-da1f4bc94d04 f5176f0daa624a12b9940af8c53126fa 12ea8c4a4cbc428b8b7d099b176ff700 - - default default] Added segment 90dee40c-f482-4c2d-9915-4bb0e44fd1e1 of type geneve for network 44035bbd-d35b-49d8-a378-6f9703c7d995
2026-08-15 00:24:15.427 7 INFO neutron.db.ovn_revision_numbers_db [None req-e94ddd7f-bd89-4ecd-a983-bf7e8f7cf4bb 19f3329105814711875dfae149200830 de38e109922646edb2b727fdbbeb6ff5 - - default default] Successfully bumped revision number for resource 27f872a5-ee49-4231-96bd-fd4926500fa2 (type: security_groups) to 1
2026-08-15 00:24:15.444 7 INFO neutron.db.ovn_revision_numbers_db [None req-e94ddd7f-bd89-4ecd-a983-bf7e8f7cf4bb 19f3329105814711875dfae149200830 de38e109922646edb2b727fdbbeb6ff5 - - default default] Successfully bumped revision number for resource 21e2f3b6-f51a-4691-9021-2ea4412f13f6 (type: security_group_rules) to 0
2026-08-15 00:24:15.455 7 INFO neutron.db.ovn_revision_numbers_db [None req-e94ddd7f-bd89-4ecd-a983-bf7e8f7cf4bb 19f3329105814711875dfae149200830 de38e109922646edb2b727fdbbeb6ff5 - - default default] Successfully bumped revision number for resource 434f80d4-7896-4a6a-83ef-7b2e66957fc0 (type: security_group_rules) to 0
2026-08-15 00:24:15.468 8 INFO neutron.db.ovn_revision_numbers_db [None req-1ea6683b-bf5a-4e4e-b08b-da1f4bc94d04 f5176f0daa624a12b9940af8c53126fa 12ea8c4a4cbc428b8b7d099b176ff700 - - default default] Successfully bumped revision number for resource 44035bbd-d35b-49d8-a378-6f9703c7d995 (type: networks) to 1
2026-08-15 00:24:15.470 7 INFO neutron.db.ovn_revision_numbers_db [None req-e94ddd7f-bd89-4ecd-a983-bf7e8f7cf4bb 19f3329105814711875dfae149200830 de38e109922646edb2b727fdbbeb6ff5 - - default default] Successfully bumped revision number for resource e01de1a1-32f4-4620-a3a8-5f8e647d9810 (type: security_group_rules) to 0
2026-08-15 00:24:15.484 7 INFO neutron.db.ovn_revision_numbers_db [None req-e94ddd7f-bd89-4ecd-a983-bf7e8f7cf4bb 19f3329105814711875dfae149200830 de38e109922646edb2b727fdbbeb6ff5 - - default default] Successfully bumped revision number for resource e288a5e3-f23d-46fe-b172-be234f469418 (type: security_group_rules) to 0 [pid: 7|app: 0|req: 510/1025] 10.0.0.8 () {32 vars in 772 bytes} [Sat Aug 15 00:24:15 2026] GET /v2.0/security-groups?tenant_id=61d36245973e4e679eda4a0f4a0c38d6&name=default => generated 2925 bytes in 271 msecs (HTTP/1.1 200) 4 headers in 158 bytes (1 switches on core 0)
2026-08-15 00:24:15.634 8 WARNING neutron.scheduler.dhcp_agent_scheduler [None req-1ea6683b-bf5a-4e4e-b08b-da1f4bc94d04 f5176f0daa624a12b9940af8c53126fa 12ea8c4a4cbc428b8b7d099b176ff700 - - default default] No more DHCP agents
2026-08-15 00:24:15.636 8 WARNING neutron.api.rpc.agentnotifiers.dhcp_rpc_agent_api [None req-1ea6683b-bf5a-4e4e-b08b-da1f4bc94d04 f5176f0daa624a12b9940af8c53126fa 12ea8c4a4cbc428b8b7d099b176ff700 - - default default] Unable to schedule network 44035bbd-d35b-49d8-a378-6f9703c7d995: no agents available; will retry on subsequent port and subnet creation events.
2026-08-15 00:24:15.679 8 INFO neutron.plugins.ml2.drivers.ovn.mech_driver.mech_driver [None req-15743399-00ec-449c-8340-a8d8fc810edc - - - - - -] OVN reports status down for port: 239fe005-2c5c-43ee-81cb-9aea85eccc35
2026-08-15 00:24:15.736 8 INFO neutron.db.ovn_revision_numbers_db [None req-1ea6683b-bf5a-4e4e-b08b-da1f4bc94d04 f5176f0daa624a12b9940af8c53126fa 12ea8c4a4cbc428b8b7d099b176ff700 - - default default] Successfully bumped revision number for resource 239fe005-2c5c-43ee-81cb-9aea85eccc35 (type: ports) to 1 [pid: 7|app: 0|req: 511/1026] 10.0.0.8 () {32 vars in 738 bytes} [Sat Aug 15 00:24:15 2026] DELETE /v2.0/security-groups/27f872a5-ee49-4231-96bd-fd4926500fa2 => generated 0 bytes in 212 msecs (HTTP/1.1 204) 2 headers in 112 bytes (1 switches on core 0) [pid: 8|app: 0|req: 516/1027] 10.0.0.8 () {34 vars in 668 bytes} [Sat Aug 15 00:24:15 2026] POST /v2.0/networks => generated 650 bytes in 572 msecs (HTTP/1.1 201) 4 headers in 162 bytes (1 switches on core 0) [pid: 8|app: 0|req: 517/1028] 10.0.0.176 () {34 vars in 990 bytes} [Sat Aug 15 00:24:16 2026] GET /v2.0/ports?device_id=784874d5-5a07-4aa8-97da-b63250952d0a => generated 12 bytes in 27 msecs (HTTP/1.1 200) 4 headers in 156 bytes (1 switches on core 0)
2026-08-15 00:24:16.159 7 WARNING neutron.scheduler.dhcp_agent_scheduler [None req-b4f1b304-bbe9-497a-9227-a55e74de6cfc f5176f0daa624a12b9940af8c53126fa 12ea8c4a4cbc428b8b7d099b176ff700 - - default default] No more DHCP agents
2026-08-15 00:24:16.161 7 WARNING neutron.api.rpc.agentnotifiers.dhcp_rpc_agent_api [None req-b4f1b304-bbe9-497a-9227-a55e74de6cfc f5176f0daa624a12b9940af8c53126fa 12ea8c4a4cbc428b8b7d099b176ff700 - - default default] Unable to schedule network 47259e31-7faa-4d96-b0c9-87236bd34413: no agents available; will retry on subsequent port and subnet creation events.
2026-08-15 00:24:16.635 7 INFO neutron.db.ovn_revision_numbers_db [None req-eb924484-e1a7-454d-9e92-ae8f212b3b50 - - - - - -] Successfully bumped revision number for resource 2dd47832-5527-4d4f-9a7c-210ddd491050 (type: ports) to 2
2026-08-15 00:24:16.676 7 INFO neutron.db.ovn_revision_numbers_db [None req-eb924484-e1a7-454d-9e92-ae8f212b3b50 - - - - - -] Successfully bumped revision number for resource 1797af25-b4ec-4878-827f-c0b393ad5fe6 (type: subnets) to 0
2026-08-15 00:24:16.703 7 WARNING neutron.scheduler.dhcp_agent_scheduler [None req-b4f1b304-bbe9-497a-9227-a55e74de6cfc f5176f0daa624a12b9940af8c53126fa 12ea8c4a4cbc428b8b7d099b176ff700 - - default default] No more DHCP agents
2026-08-15 00:24:16.704 7 WARNING neutron.api.rpc.agentnotifiers.dhcp_rpc_agent_api [None req-b4f1b304-bbe9-497a-9227-a55e74de6cfc f5176f0daa624a12b9940af8c53126fa 12ea8c4a4cbc428b8b7d099b176ff700 - - default default] Unable to schedule network 44035bbd-d35b-49d8-a378-6f9703c7d995: no agents available; will retry on subsequent port and subnet creation events.
2026-08-15 00:24:17.128 7 INFO neutron.db.ovn_revision_numbers_db [None req-f9f3417d-1ecb-4d12-acd1-81118acb3155 - - - - - -] Successfully bumped revision number for resource 239fe005-2c5c-43ee-81cb-9aea85eccc35 (type: ports) to 2
2026-08-15 00:24:17.169 7 INFO neutron.db.ovn_revision_numbers_db [None req-f9f3417d-1ecb-4d12-acd1-81118acb3155 - - - - - -] Successfully bumped revision number for resource a21a7a52-a991-45ab-a130-461d270d273f (type: subnets) to 0 [pid: 7|app: 0|req: 512/1029] 10.0.0.8 () {34 vars in 667 bytes} [Sat Aug 15 00:24:15 2026] POST /v2.0/subnets => generated 1273 bytes in 1363 msecs (HTTP/1.1 201) 4 headers in 163 bytes (1 switches on core 0) [pid: 7|app: 0|req: 513/1030] 10.0.0.8 () {32 vars in 645 bytes} [Sat Aug 15 00:24:17 2026] GET /v2.0/subnets => generated 1909 bytes in 38 msecs (HTTP/1.1 200) 4 headers in 158 bytes (1 switches on core 0) [pid: 8|app: 0|req: 518/1031] 10.0.0.8 () {32 vars in 738 bytes} [Sat Aug 15 00:24:17 2026] DELETE /v2.0/security-groups/0dbd3990-c4b4-488f-91c7-993b42db2446 => generated 0 bytes in 120 msecs (HTTP/1.1 204) 2 headers in 112 bytes (1 switches on core 0)
2026-08-15 00:24:17.260 8 INFO neutron.api.v2.resource [None req-c424a3bc-921b-4d20-b46f-a1c8f9cfe638 f8dbd1b5639549febe907c0374ddcecb 8f3f43aab2be4cc489f4538729cac4c7 - - default default] show failed (client error): The resource could not be found. [pid: 8|app: 0|req: 519/1032] 10.0.0.8 () {32 vars in 735 bytes} [Sat Aug 15 00:24:17 2026] GET /v2.0/security-groups/0dbd3990-c4b4-488f-91c7-993b42db2446 => generated 146 bytes in 9 msecs (HTTP/1.1 404) 4 headers in 164 bytes (1 switches on core 0)
2026-08-15 00:24:17.406 8 INFO neutron_taas.services.taas.taas_plugin [None req-58529091-a875-4984-9e4f-ffe410087281 f8dbd1b5639549febe907c0374ddcecb 8f3f43aab2be4cc489f4538729cac4c7 - - default default] TaaS: Handle Delete Port: 097239ce-004b-4ee8-940a-6a07949eeb88
2026-08-15 00:24:17.408 8 INFO neutron_taas.services.taas.tap_mirror_plugin [None req-58529091-a875-4984-9e4f-ffe410087281 f8dbd1b5639549febe907c0374ddcecb 8f3f43aab2be4cc489f4538729cac4c7 - - default default] Tap Mirror: Handle Delete Port: 097239ce-004b-4ee8-940a-6a07949eeb88 [pid: 7|app: 0|req: 514/1033] 10.0.0.8 () {32 vars in 722 bytes} [Sat Aug 15 00:24:17 2026] DELETE /v2.0/subnets/1797af25-b4ec-4878-827f-c0b393ad5fe6 => generated 0 bytes in 213 msecs (HTTP/1.1 204) 3 headers in 131 bytes (1 switches on core 0) [pid: 8|app: 0|req: 520/1034] 10.0.0.8 () {32 vars in 730 bytes} [Sat Aug 15 00:24:17 2026] DELETE /v2.0/floatingips/aa2cc0f9-55aa-43b8-860d-948fedbd2864 => generated 0 bytes in 324 msecs (HTTP/1.1 204) 2 headers in 112 bytes (1 switches on core 0) [pid: 7|app: 0|req: 515/1035] 10.0.0.8 () {32 vars in 722 bytes} [Sat Aug 15 00:24:17 2026] DELETE /v2.0/subnets/a21a7a52-a991-45ab-a130-461d270d273f => generated 0 bytes in 148 msecs (HTTP/1.1 204) 3 headers in 131 bytes (1 switches on core 0) [pid: 7|app: 0|req: 516/1036] 10.0.0.8 () {32 vars in 645 bytes} [Sat Aug 15 00:24:17 2026] GET /v2.0/subnets => generated 649 bytes in 32 msecs (HTTP/1.1 200) 4 headers in 157 bytes (1 switches on core 0)
2026-08-15 00:24:17.756 7 INFO neutron_taas.services.taas.taas_plugin [None req-6d36ddcd-92fb-467f-aa11-e4d3e273813d f5176f0daa624a12b9940af8c53126fa 12ea8c4a4cbc428b8b7d099b176ff700 - - default default] TaaS: Handle Delete Port: 239fe005-2c5c-43ee-81cb-9aea85eccc35
2026-08-15 00:24:17.758 7 INFO neutron_taas.services.taas.tap_mirror_plugin [None req-6d36ddcd-92fb-467f-aa11-e4d3e273813d f5176f0daa624a12b9940af8c53126fa 12ea8c4a4cbc428b8b7d099b176ff700 - - default default] Tap Mirror: Handle Delete Port: 239fe005-2c5c-43ee-81cb-9aea85eccc35
2026-08-15 00:24:17.852 8 INFO neutron.db.ovn_revision_numbers_db [None req-e824cb6d-5c36-4564-a5a3-40f86ba12af1 19f3329105814711875dfae149200830 de38e109922646edb2b727fdbbeb6ff5 - - default default] Successfully bumped revision number for resource dcf94b40-d352-47a4-8d51-bd89c2d464c9 (type: security_groups) to 1
2026-08-15 00:24:17.863 8 INFO neutron.db.ovn_revision_numbers_db [None req-e824cb6d-5c36-4564-a5a3-40f86ba12af1 19f3329105814711875dfae149200830 de38e109922646edb2b727fdbbeb6ff5 - - default default] Successfully bumped revision number for resource 26a3c608-f327-4191-938c-e785d75eef9d (type: security_group_rules) to 0
2026-08-15 00:24:17.872 8 INFO neutron.db.ovn_revision_numbers_db [None req-e824cb6d-5c36-4564-a5a3-40f86ba12af1 19f3329105814711875dfae149200830 de38e109922646edb2b727fdbbeb6ff5 - - default default] Successfully bumped revision number for resource 5b6f1bc3-0c13-4f57-8016-07dfbdf42ac2 (type: security_group_rules) to 0
2026-08-15 00:24:17.882 8 INFO neutron.db.ovn_revision_numbers_db [None req-e824cb6d-5c36-4564-a5a3-40f86ba12af1 19f3329105814711875dfae149200830 de38e109922646edb2b727fdbbeb6ff5 - - default default] Successfully bumped revision number for resource 7efba303-ec99-4cdf-b76c-bac99c304e90 (type: security_group_rules) to 0
2026-08-15 00:24:17.891 8 INFO neutron.db.ovn_revision_numbers_db [None req-e824cb6d-5c36-4564-a5a3-40f86ba12af1 19f3329105814711875dfae149200830 de38e109922646edb2b727fdbbeb6ff5 - - default default] Successfully bumped revision number for resource cd739fea-711a-4ec9-bb33-3142eed46f7a (type: security_group_rules) to 0
2026-08-15 00:24:17.945 7 INFO neutron.services.segments.plugin [-] Segment 90dee40c-f482-4c2d-9915-4bb0e44fd1e1 resource provider aggregate not found
2026-08-15 00:24:17.949 7 INFO neutron.services.segments.plugin [-] Segment 90dee40c-f482-4c2d-9915-4bb0e44fd1e1 resource provider aggregate not found
2026-08-15 00:24:17.963 7 INFO neutron.services.segments.plugin [-] Client error retrieving segment 90dee40c-f482-4c2d-9915-4bb0e44fd1e1 resource provider; error: Placement Client Error (4xx): {"errors": [{"status": 404, "title": "Not Found", "detail": "The resource could not be found.\n\n No resource provider with uuid 90dee40c-f482-4c2d-9915-4bb0e44fd1e1 found for delete ", "request_id": "req-77853615-f428-4b66-88b5-78f81c2458d7"}]}
2026-08-15 00:24:17.968 7 INFO neutron.services.segments.plugin [-] Client error retrieving segment 90dee40c-f482-4c2d-9915-4bb0e44fd1e1 resource provider; error: Placement Client Error (4xx): {"errors": [{"status": 404, "title": "Not Found", "detail": "The resource could not be found.\n\n No resource provider with uuid 90dee40c-f482-4c2d-9915-4bb0e44fd1e1 found for delete ", "request_id": "req-d57fb440-f0bc-4c9d-8d62-eacdf97dad64"}]} [pid: 7|app: 0|req: 517/1037] 10.0.0.8 () {32 vars in 724 bytes} [Sat Aug 15 00:24:17 2026] DELETE /v2.0/networks/44035bbd-d35b-49d8-a378-6f9703c7d995 => generated 0 bytes in 332 msecs (HTTP/1.1 204) 3 headers in 131 bytes (1 switches on core 0)
2026-08-15 00:24:18.002 8 INFO neutron.db.segments_db [None req-e824cb6d-5c36-4564-a5a3-40f86ba12af1 19f3329105814711875dfae149200830 de38e109922646edb2b727fdbbeb6ff5 - - default default] Added segment 55aa1e1c-522f-498b-b174-eb843c6328f8 of type geneve for network 81755b1d-559c-47dc-af79-6b12db5b1e6d
2026-08-15 00:24:18.110 8 INFO neutron.db.ovn_revision_numbers_db [None req-e824cb6d-5c36-4564-a5a3-40f86ba12af1 19f3329105814711875dfae149200830 de38e109922646edb2b727fdbbeb6ff5 - - default default] Successfully bumped revision number for resource 81755b1d-559c-47dc-af79-6b12db5b1e6d (type: networks) to 1
2026-08-15 00:24:18.225 7 INFO neutron_taas.services.taas.taas_plugin [None req-671ba0d6-77b1-42f1-b940-7e3c587b87da 19f3329105814711875dfae149200830 de38e109922646edb2b727fdbbeb6ff5 - - default default] TaaS: Handle Delete Port: 98417560-ddf8-49d6-8ca5-a5e275c61366
2026-08-15 00:24:18.228 7 INFO neutron_taas.services.taas.tap_mirror_plugin [None req-671ba0d6-77b1-42f1-b940-7e3c587b87da 19f3329105814711875dfae149200830 de38e109922646edb2b727fdbbeb6ff5 - - default default] Tap Mirror: Handle Delete Port: 98417560-ddf8-49d6-8ca5-a5e275c61366
2026-08-15 00:24:18.256 8 WARNING neutron.scheduler.dhcp_agent_scheduler [None req-e824cb6d-5c36-4564-a5a3-40f86ba12af1 19f3329105814711875dfae149200830 de38e109922646edb2b727fdbbeb6ff5 - - default default] No more DHCP agents
2026-08-15 00:24:18.257 8 WARNING neutron.api.rpc.agentnotifiers.dhcp_rpc_agent_api [None req-e824cb6d-5c36-4564-a5a3-40f86ba12af1 19f3329105814711875dfae149200830 de38e109922646edb2b727fdbbeb6ff5 - - default default] Unable to schedule network 81755b1d-559c-47dc-af79-6b12db5b1e6d: no agents available; will retry on subsequent port and subnet creation events.
2026-08-15 00:24:18.303 7 INFO neutron.plugins.ml2.drivers.ovn.mech_driver.mech_driver [None req-90544d14-0930-4348-a0fc-be3a6193b6e9 - - - - - -] OVN reports status down for port: 1dc5f799-338e-4cf6-bfd1-db1de801b3dc
2026-08-15 00:24:18.330 8 INFO neutron.db.ovn_revision_numbers_db [None req-e824cb6d-5c36-4564-a5a3-40f86ba12af1 19f3329105814711875dfae149200830 de38e109922646edb2b727fdbbeb6ff5 - - default default] Successfully bumped revision number for resource 1dc5f799-338e-4cf6-bfd1-db1de801b3dc (type: ports) to 1 [pid: 8|app: 0|req: 521/1038] 10.0.0.8 () {34 vars in 669 bytes} [Sat Aug 15 00:24:17 2026] POST /v2.0/networks => generated 743 bytes in 769 msecs (HTTP/1.1 201) 4 headers in 162 bytes (1 switches on core 0)
2026-08-15 00:24:18.489 8 INFO neutron_taas.services.taas.taas_plugin [None req-745ea73f-a4d3-4484-9a53-9eda789a85d5 f5176f0daa624a12b9940af8c53126fa 12ea8c4a4cbc428b8b7d099b176ff700 - - default default] TaaS: Handle Delete Port: 2dd47832-5527-4d4f-9a7c-210ddd491050
2026-08-15 00:24:18.492 8 INFO neutron_taas.services.taas.tap_mirror_plugin [None req-745ea73f-a4d3-4484-9a53-9eda789a85d5 f5176f0daa624a12b9940af8c53126fa 12ea8c4a4cbc428b8b7d099b176ff700 - - default default] Tap Mirror: Handle Delete Port: 2dd47832-5527-4d4f-9a7c-210ddd491050
2026-08-15 00:24:18.656 8 INFO neutron.services.segments.plugin [-] Segment 1a353411-2317-4473-a957-2d8e16459812 resource provider aggregate not found
2026-08-15 00:24:18.660 8 INFO neutron.services.segments.plugin [-] Segment 1a353411-2317-4473-a957-2d8e16459812 resource provider aggregate not found
2026-08-15 00:24:18.677 8 INFO neutron.services.segments.plugin [-] Client error retrieving segment 1a353411-2317-4473-a957-2d8e16459812 resource provider; error: Placement Client Error (4xx): {"errors": [{"status": 404, "title": "Not Found", "detail": "The resource could not be found.\n\n No resource provider with uuid 1a353411-2317-4473-a957-2d8e16459812 found for delete ", "request_id": "req-f446320e-7eed-4cb5-ae64-ca43fa16e257"}]}
2026-08-15 00:24:18.678 8 INFO neutron.services.segments.plugin [-] Client error retrieving segment 1a353411-2317-4473-a957-2d8e16459812 resource provider; error: Placement Client Error (4xx): {"errors": [{"status": 404, "title": "Not Found", "detail": "The resource could not be found.\n\n No resource provider with uuid 1a353411-2317-4473-a957-2d8e16459812 found for delete ", "request_id": "req-28813413-f857-41bd-a232-a80b1f9f268d"}]} [pid: 8|app: 0|req: 522/1039] 10.0.0.8 () {32 vars in 724 bytes} [Sat Aug 15 00:24:18 2026] DELETE /v2.0/networks/47259e31-7faa-4d96-b0c9-87236bd34413 => generated 0 bytes in 337 msecs (HTTP/1.1 204) 3 headers in 131 bytes (1 switches on core 0)
2026-08-15 00:24:18.815 8 WARNING neutron.scheduler.dhcp_agent_scheduler [None req-b4663a4b-eb44-4021-9a84-ade9c002ef9f 19f3329105814711875dfae149200830 de38e109922646edb2b727fdbbeb6ff5 - - default default] No more DHCP agents
2026-08-15 00:24:18.816 8 WARNING neutron.api.rpc.agentnotifiers.dhcp_rpc_agent_api [None req-b4663a4b-eb44-4021-9a84-ade9c002ef9f 19f3329105814711875dfae149200830 de38e109922646edb2b727fdbbeb6ff5 - - default default] Unable to schedule network 81755b1d-559c-47dc-af79-6b12db5b1e6d: no agents available; will retry on subsequent port and subnet creation events. [pid: 7|app: 0|req: 518/1040] 10.0.0.8 () {34 vars in 787 bytes} [Sat Aug 15 00:24:17 2026] PUT /v2.0/routers/6f0eb515-bdd0-48f3-bad1-15ecaa49b423/remove_router_interface => generated 309 bytes in 906 msecs (HTTP/1.1 200) 4 headers in 157 bytes (1 switches on core 0) /var/lib/openstack/lib/python3.12/site-packages/pycadf/identifier.py:70: UserWarning: Invalid uuid: neutron. To ensure interoperability, identifiers should be a valid uuid. warnings.warn(('Invalid uuid: %s. To ensure interoperability, '
2026-08-15 00:24:19.004 7 INFO neutron_taas.services.taas.taas_plugin [None req-48422920-1aaf-4976-b28e-2fdb57aad80b f5176f0daa624a12b9940af8c53126fa 12ea8c4a4cbc428b8b7d099b176ff700 - - default default] TaaS: Handle Delete Port: 107cb4cf-8b10-4425-b528-547c8beef9c5
2026-08-15 00:24:19.008 7 INFO neutron_taas.services.taas.tap_mirror_plugin [None req-48422920-1aaf-4976-b28e-2fdb57aad80b f5176f0daa624a12b9940af8c53126fa 12ea8c4a4cbc428b8b7d099b176ff700 - - default default] Tap Mirror: Handle Delete Port: 107cb4cf-8b10-4425-b528-547c8beef9c5
2026-08-15 00:24:19.189 8 INFO neutron.db.ovn_revision_numbers_db [None req-29c8c3a6-dff0-465c-84ff-2304a867b7f4 - - - - - -] Successfully bumped revision number for resource 1dc5f799-338e-4cf6-bfd1-db1de801b3dc (type: ports) to 2 [pid: 7|app: 0|req: 519/1041] 10.0.0.8 () {32 vars in 724 bytes} [Sat Aug 15 00:24:18 2026] DELETE /v2.0/networks/edada8d1-5c25-486c-b2e6-8032ea9ea5e1 => generated 0 bytes in 318 msecs (HTTP/1.1 204) 3 headers in 131 bytes (1 switches on core 0)
2026-08-15 00:24:19.222 8 INFO neutron.db.ovn_revision_numbers_db [None req-29c8c3a6-dff0-465c-84ff-2304a867b7f4 - - - - - -] Successfully bumped revision number for resource 76b0c04b-d282-4045-8ea5-e7088904103c (type: subnets) to 0 [pid: 8|app: 0|req: 523/1042] 10.0.0.8 () {34 vars in 667 bytes} [Sat Aug 15 00:24:18 2026] POST /v2.0/subnets => generated 687 bytes in 543 msecs (HTTP/1.1 201) 4 headers in 162 bytes (1 switches on core 0)
2026-08-15 00:24:19.356 8 INFO neutron_taas.services.taas.taas_plugin [None req-5655ece9-02c9-4c1c-bb7c-6d574721a648 f5176f0daa624a12b9940af8c53126fa 12ea8c4a4cbc428b8b7d099b176ff700 - - default default] TaaS: Handle Delete Port: 9676878d-975f-4b19-a368-4d3541283fdf
2026-08-15 00:24:19.360 8 INFO neutron_taas.services.taas.tap_mirror_plugin [None req-5655ece9-02c9-4c1c-bb7c-6d574721a648 f5176f0daa624a12b9940af8c53126fa 12ea8c4a4cbc428b8b7d099b176ff700 - - default default] Tap Mirror: Handle Delete Port: 9676878d-975f-4b19-a368-4d3541283fdf
2026-08-15 00:24:19.576 7 INFO neutron_taas.services.taas.taas_plugin [None req-937a8e6e-7457-4847-8902-23a283307ff7 19f3329105814711875dfae149200830 de38e109922646edb2b727fdbbeb6ff5 - - default default] TaaS: Handle Delete Port: 0e30f7bb-b50c-4ae3-bed6-d896a0afc7c4
2026-08-15 00:24:19.579 7 INFO neutron_taas.services.taas.tap_mirror_plugin [None req-937a8e6e-7457-4847-8902-23a283307ff7 19f3329105814711875dfae149200830 de38e109922646edb2b727fdbbeb6ff5 - - default default] Tap Mirror: Handle Delete Port: 0e30f7bb-b50c-4ae3-bed6-d896a0afc7c4 [pid: 8|app: 0|req: 524/1043] 10.0.0.8 () {32 vars in 724 bytes} [Sat Aug 15 00:24:19 2026] DELETE /v2.0/networks/c8578489-550d-46f3-8408-bddc2aa47786 => generated 0 bytes in 351 msecs (HTTP/1.1 204) 3 headers in 131 bytes (1 switches on core 0)
2026-08-15 00:24:19.985 7 INFO neutron.services.segments.plugin [-] Segment be7cb8f9-b368-4f5e-ad3f-dc4c7e9b61f4 resource provider aggregate not found
2026-08-15 00:24:19.991 7 INFO neutron.services.segments.plugin [-] Segment be7cb8f9-b368-4f5e-ad3f-dc4c7e9b61f4 resource provider aggregate not found
2026-08-15 00:24:20.003 7 INFO neutron.services.segments.plugin [-] Client error retrieving segment be7cb8f9-b368-4f5e-ad3f-dc4c7e9b61f4 resource provider; error: Placement Client Error (4xx): {"errors": [{"status": 404, "title": "Not Found", "detail": "The resource could not be found.\n\n No resource provider with uuid be7cb8f9-b368-4f5e-ad3f-dc4c7e9b61f4 found for delete ", "request_id": "req-0de6e4b5-2881-46a0-a6cf-aa17f8546fb6"}]}
2026-08-15 00:24:20.004 7 INFO neutron.services.segments.plugin [-] Client error retrieving segment be7cb8f9-b368-4f5e-ad3f-dc4c7e9b61f4 resource provider; error: Placement Client Error (4xx): {"errors": [{"status": 404, "title": "Not Found", "detail": "The resource could not be found.\n\n No resource provider with uuid be7cb8f9-b368-4f5e-ad3f-dc4c7e9b61f4 found for delete ", "request_id": "req-35098c50-54cb-4d85-938d-00c674d68b50"}]}
2026-08-15 00:24:20.016 8 WARNING neutron.scheduler.dhcp_agent_scheduler [None req-ad31f387-24c7-41e6-909e-53a5d1e4994e 19f3329105814711875dfae149200830 de38e109922646edb2b727fdbbeb6ff5 - - default default] No more DHCP agents
2026-08-15 00:24:20.017 8 WARNING neutron.api.rpc.agentnotifiers.dhcp_rpc_agent_api [None req-ad31f387-24c7-41e6-909e-53a5d1e4994e 19f3329105814711875dfae149200830 de38e109922646edb2b727fdbbeb6ff5 - - default default] Unable to schedule network bf3ec716-51f1-4132-9dfe-5bf576ba2f42: no agents available; will retry on subsequent port and subnet creation events.
2026-08-15 00:24:20.110 7 INFO neutron.plugins.ml2.drivers.ovn.mech_driver.mech_driver [None req-90544d14-0930-4348-a0fc-be3a6193b6e9 - - - - - -] OVN reports status down for port: da5cd628-ba2d-4317-b211-975bb2bf7ee2
2026-08-15 00:24:20.142 8 INFO neutron.db.ovn_revision_numbers_db [None req-ad31f387-24c7-41e6-909e-53a5d1e4994e 19f3329105814711875dfae149200830 de38e109922646edb2b727fdbbeb6ff5 - - default default] Successfully bumped revision number for resource da5cd628-ba2d-4317-b211-975bb2bf7ee2 (type: ports) to 1 [pid: 7|app: 0|req: 520/1044] 10.0.0.8 () {32 vars in 722 bytes} [Sat Aug 15 00:24:19 2026] DELETE /v2.0/routers/6f0eb515-bdd0-48f3-bad1-15ecaa49b423 => generated 0 bytes in 1360 msecs (HTTP/1.1 204) 2 headers in 112 bytes (1 switches on core 0)
2026-08-15 00:24:20.706 8 INFO neutron.services.segments.plugin [-] Segment 074b399e-0a1d-4739-9e5b-8f2af3b521c2 resource provider aggregate not found [pid: 7|app: 0|req: 521/1045] 10.0.0.8 () {32 vars in 772 bytes} [Sat Aug 15 00:24:20 2026] GET /v2.0/security-groups?tenant_id=12ea8c4a4cbc428b8b7d099b176ff700&name=default => generated 2925 bytes in 143 msecs (HTTP/1.1 200) 4 headers in 158 bytes (1 switches on core 0)
2026-08-15 00:24:20.712 8 INFO neutron.services.segments.plugin [-] Segment 074b399e-0a1d-4739-9e5b-8f2af3b521c2 resource provider aggregate not found
2026-08-15 00:24:20.726 8 INFO neutron.services.segments.plugin [-] Client error retrieving segment 074b399e-0a1d-4739-9e5b-8f2af3b521c2 resource provider; error: Placement Client Error (4xx): {"errors": [{"status": 404, "title": "Not Found", "detail": "The resource could not be found.\n\n No resource provider with uuid 074b399e-0a1d-4739-9e5b-8f2af3b521c2 found for delete ", "request_id": "req-021dbf5e-78dd-4058-bc56-de3cf62a2f65"}]}
2026-08-15 00:24:20.730 8 INFO neutron.services.segments.plugin [-] Client error retrieving segment 074b399e-0a1d-4739-9e5b-8f2af3b521c2 resource provider; error: Placement Client Error (4xx): {"errors": [{"status": 404, "title": "Not Found", "detail": "The resource could not be found.\n\n No resource provider with uuid 074b399e-0a1d-4739-9e5b-8f2af3b521c2 found for delete ", "request_id": "req-b070ea3f-0de1-4e7d-abdc-358048e8731a"}]}
2026-08-15 00:24:20.826 8 INFO neutron.plugins.ml2.drivers.ovn.mech_driver.ovsdb.commands [None req-7ac69fd4-5136-4a10-8f27-01b9928a9a9c - - - - - -] Schedule LRP lrp-da5cd628-ba2d-4317-b211-975bb2bf7ee2 on gateway 085d8b1f-af93-4a80-ab0c-a0a73b38878f with priority 1
2026-08-15 00:24:20.860 7 INFO neutron.plugins.ml2.drivers.ovn.mech_driver.ovsdb.ovsdb_monitor [None req-242029d2-cc71-4a87-99dd-c8929617e663 - - - - - -] Router 4bfc5cf3-7538-489f-8cd4-1e717da13fbd is bound to host instance
2026-08-15 00:24:20.866 7 INFO neutron.plugins.ml2.drivers.ovn.mech_driver.mech_driver [None req-90544d14-0930-4348-a0fc-be3a6193b6e9 - - - - - -] OVN reports status up for port: da5cd628-ba2d-4317-b211-975bb2bf7ee2
2026-08-15 00:24:20.883 8 INFO neutron.db.ovn_revision_numbers_db [None req-ad31f387-24c7-41e6-909e-53a5d1e4994e 19f3329105814711875dfae149200830 de38e109922646edb2b727fdbbeb6ff5 - - default default] Successfully bumped revision number for resource da5cd628-ba2d-4317-b211-975bb2bf7ee2 (type: router_ports) to 1
2026-08-15 00:24:20.896 7 INFO neutron.plugins.ml2.plugin [None req-90544d14-0930-4348-a0fc-be3a6193b6e9 - - - - - -] Attempt 1 to provision port da5cd628-ba2d-4317-b211-975bb2bf7ee2
2026-08-15 00:24:20.956 8 INFO neutron.db.ovn_revision_numbers_db [None req-ad31f387-24c7-41e6-909e-53a5d1e4994e 19f3329105814711875dfae149200830 de38e109922646edb2b727fdbbeb6ff5 - - default default] Successfully bumped revision number for resource 4bfc5cf3-7538-489f-8cd4-1e717da13fbd (type: routers) to 2 [pid: 7|app: 0|req: 522/1046] 10.0.0.8 () {32 vars in 722 bytes} [Sat Aug 15 00:24:20 2026] DELETE /v2.0/subnets/b22e3194-df29-4904-a52c-d0a1485cf0ce => generated 0 bytes in 258 msecs (HTTP/1.1 204) 3 headers in 131 bytes (1 switches on core 0) [pid: 8|app: 0|req: 525/1047] 10.0.0.8 () {34 vars in 667 bytes} [Sat Aug 15 00:24:19 2026] POST /v2.0/routers => generated 965 bytes in 1380 msecs (HTTP/1.1 201) 4 headers in 162 bytes (1 switches on core 0)
2026-08-15 00:24:21.079 8 INFO neutron_taas.services.taas.taas_plugin [None req-6dccbc44-cfc6-430a-abd4-b043ea2520f2 19f3329105814711875dfae149200830 de38e109922646edb2b727fdbbeb6ff5 - - default default] TaaS: Handle Delete Port: 37ced2a7-31c9-46de-9a86-363d0b1fb653
2026-08-15 00:24:21.082 8 INFO neutron_taas.services.taas.tap_mirror_plugin [None req-6dccbc44-cfc6-430a-abd4-b043ea2520f2 19f3329105814711875dfae149200830 de38e109922646edb2b727fdbbeb6ff5 - - default default] Tap Mirror: Handle Delete Port: 37ced2a7-31c9-46de-9a86-363d0b1fb653 [pid: 8|app: 0|req: 526/1048] 10.0.0.8 () {32 vars in 724 bytes} [Sat Aug 15 00:24:20 2026] DELETE /v2.0/networks/a564c0c6-2623-49e3-b6c4-ebc265d2159b => generated 0 bytes in 316 msecs (HTTP/1.1 204) 3 headers in 131 bytes (1 switches on core 0) [pid: 7|app: 0|req: 523/1049] 10.0.0.8 () {32 vars in 738 bytes} [Sat Aug 15 00:24:20 2026] DELETE /v2.0/security-groups/c1459e0e-c693-4c0f-9eed-efdacffe7ecb => generated 0 bytes in 453 msecs (HTTP/1.1 204) 2 headers in 112 bytes (1 switches on core 0) [pid: 7|app: 0|req: 524/1050] 10.0.0.8 () {32 vars in 772 bytes} [Sat Aug 15 00:24:21 2026] GET /v2.0/security-groups?tenant_id=8f3f43aab2be4cc489f4538729cac4c7&name=default => generated 2921 bytes in 51 msecs (HTTP/1.1 200) 4 headers in 158 bytes (1 switches on core 0)
2026-08-15 00:24:21.784 8 WARNING neutron.scheduler.dhcp_agent_scheduler [None req-86e0756e-c8e7-48c4-bd9c-7b94ffbcb467 19f3329105814711875dfae149200830 de38e109922646edb2b727fdbbeb6ff5 - - default default] No more DHCP agents
2026-08-15 00:24:21.786 8 WARNING neutron.api.rpc.agentnotifiers.dhcp_rpc_agent_api [None req-86e0756e-c8e7-48c4-bd9c-7b94ffbcb467 19f3329105814711875dfae149200830 de38e109922646edb2b727fdbbeb6ff5 - - default default] Unable to schedule network 81755b1d-559c-47dc-af79-6b12db5b1e6d: no agents available; will retry on subsequent port and subnet creation events. [pid: 7|app: 0|req: 525/1051] 10.0.0.8 () {32 vars in 738 bytes} [Sat Aug 15 00:24:21 2026] DELETE /v2.0/security-groups/7a8900ad-9590-4db3-8568-0546630acbbf => generated 0 bytes in 392 msecs (HTTP/1.1 204) 2 headers in 112 bytes (1 switches on core 0) [pid: 7|app: 0|req: 526/1052] 10.0.0.59 () {34 vars in 989 bytes} [Sat Aug 15 00:24:21 2026] GET /v2.0/ports?device_id=d430ad3a-aeaf-4dec-a02f-24ad433829c6 => generated 1213 bytes in 69 msecs (HTTP/1.1 200) 4 headers in 158 bytes (1 switches on core 0)
2026-08-15 00:24:21.952 8 INFO neutron.db.ovn_revision_numbers_db [None req-86e0756e-c8e7-48c4-bd9c-7b94ffbcb467 19f3329105814711875dfae149200830 de38e109922646edb2b727fdbbeb6ff5 - - default default] Successfully bumped revision number for resource 5c9af04c-909c-4dbb-a971-0cdad56f197a (type: ports) to 1 [pid: 7|app: 0|req: 527/1053] 10.0.0.59 () {34 vars in 1039 bytes} [Sat Aug 15 00:24:21 2026] GET /v2.0/security-groups?id=bd1e92d8-1062-46d9-8cbc-d0afe6ab4db7&fields=id&fields=name => generated 114 bytes in 53 msecs (HTTP/1.1 200) 4 headers in 157 bytes (1 switches on core 0)
2026-08-15 00:24:22.156 7 INFO neutron.db.ovn_revision_numbers_db [None req-6c6e4f5c-df95-4ed9-b37e-a077b58e0207 - - - - - -] Successfully bumped revision number for resource da5cd628-ba2d-4317-b211-975bb2bf7ee2 (type: ports) to 4
2026-08-15 00:24:22.487 7 INFO neutron.db.ovn_revision_numbers_db [None req-6c6e4f5c-df95-4ed9-b37e-a077b58e0207 - - - - - -] Successfully bumped revision number for resource da5cd628-ba2d-4317-b211-975bb2bf7ee2 (type: ports) to 5
2026-08-15 00:24:22.651 8 WARNING neutron.scheduler.dhcp_agent_scheduler [None req-86e0756e-c8e7-48c4-bd9c-7b94ffbcb467 19f3329105814711875dfae149200830 de38e109922646edb2b727fdbbeb6ff5 - - default default] No more DHCP agents
2026-08-15 00:24:22.652 8 WARNING neutron.api.rpc.agentnotifiers.dhcp_rpc_agent_api [None req-86e0756e-c8e7-48c4-bd9c-7b94ffbcb467 19f3329105814711875dfae149200830 de38e109922646edb2b727fdbbeb6ff5 - - default default] Unable to schedule network 81755b1d-559c-47dc-af79-6b12db5b1e6d: no agents available; will retry on subsequent port and subnet creation events.
2026-08-15 00:24:22.750 8 INFO neutron.services.segments.plugin [-] Segment 6a90cae3-9cee-459e-b510-c8b96f959db8 resource provider aggregate not found
2026-08-15 00:24:22.756 8 INFO neutron.services.segments.plugin [-] Segment 6a90cae3-9cee-459e-b510-c8b96f959db8 resource provider aggregate not found
2026-08-15 00:24:22.764 8 INFO neutron.services.segments.plugin [-] Client error retrieving segment 6a90cae3-9cee-459e-b510-c8b96f959db8 resource provider; error: Placement Client Error (4xx): {"errors": [{"status": 404, "title": "Not Found", "detail": "The resource could not be found.\n\n No resource provider with uuid 6a90cae3-9cee-459e-b510-c8b96f959db8 found for delete ", "request_id": "req-e1a110f4-498d-44df-bb7a-0bad9c9acd71"}]}
2026-08-15 00:24:22.777 8 INFO neutron.services.segments.plugin [-] Client error retrieving segment 6a90cae3-9cee-459e-b510-c8b96f959db8 resource provider; error: Placement Client Error (4xx): {"errors": [{"status": 404, "title": "Not Found", "detail": "The resource could not be found.\n\n No resource provider with uuid 6a90cae3-9cee-459e-b510-c8b96f959db8 found for delete ", "request_id": "req-e31740d1-2aa0-4176-ac86-7dcb63242850"}]}
2026-08-15 00:24:23.495 8 INFO neutron.db.ovn_revision_numbers_db [None req-86e0756e-c8e7-48c4-bd9c-7b94ffbcb467 19f3329105814711875dfae149200830 de38e109922646edb2b727fdbbeb6ff5 - - default default] Successfully bumped revision number for resource 5c9af04c-909c-4dbb-a971-0cdad56f197a (type: router_ports) to 1 [pid: 8|app: 0|req: 527/1054] 10.0.0.8 () {34 vars in 781 bytes} [Sat Aug 15 00:24:21 2026] PUT /v2.0/routers/4bfc5cf3-7538-489f-8cd4-1e717da13fbd/add_router_interface => generated 309 bytes in 2212 msecs (HTTP/1.1 200) 4 headers in 157 bytes (1 switches on core 0)
2026-08-15 00:24:23.566 7 INFO neutron.plugins.ml2.drivers.ovn.mech_driver.mech_driver [None req-90544d14-0930-4348-a0fc-be3a6193b6e9 - - - - - -] OVN reports status down for port: 5c9af04c-909c-4dbb-a971-0cdad56f197a
2026-08-15 00:24:23.664 7 INFO neutron.plugins.ml2.drivers.ovn.mech_driver.mech_driver [None req-90544d14-0930-4348-a0fc-be3a6193b6e9 - - - - - -] OVN reports status up for port: 5c9af04c-909c-4dbb-a971-0cdad56f197a
2026-08-15 00:24:23.688 7 INFO neutron.plugins.ml2.plugin [None req-90544d14-0930-4348-a0fc-be3a6193b6e9 - - - - - -] Attempt 1 to provision port 5c9af04c-909c-4dbb-a971-0cdad56f197a
2026-08-15 00:24:23.801 7 INFO neutron.db.ovn_revision_numbers_db [None req-8aea5992-c244-44e7-9abc-6104cb93c91b f97b69153b4941698f1cb14ef897d115 9b7ec3731a284cdcb092543bd71f0857 - - default default] Successfully bumped revision number for resource 988be58c-d9b4-488f-985d-a27834544a98 (type: security_groups) to 1
2026-08-15 00:24:23.832 7 INFO neutron.db.ovn_revision_numbers_db [None req-8aea5992-c244-44e7-9abc-6104cb93c91b f97b69153b4941698f1cb14ef897d115 9b7ec3731a284cdcb092543bd71f0857 - - default default] Successfully bumped revision number for resource 0220ca20-dd0d-46a3-8f1e-c4d1bc678738 (type: security_group_rules) to 0
2026-08-15 00:24:23.844 8 INFO neutron.db.ovn_revision_numbers_db [None req-cac2526d-241b-4c39-a49f-c9991d136c45 19f3329105814711875dfae149200830 de38e109922646edb2b727fdbbeb6ff5 - - default default] Successfully bumped revision number for resource 1577742c-2a44-4183-98f4-24517546caed (type: security_groups) to 1
2026-08-15 00:24:23.858 8 INFO neutron.db.ovn_revision_numbers_db [None req-cac2526d-241b-4c39-a49f-c9991d136c45 19f3329105814711875dfae149200830 de38e109922646edb2b727fdbbeb6ff5 - - default default] Successfully bumped revision number for resource 48a2a66a-617e-4ec7-a4ee-7eabb94ac46a (type: security_group_rules) to 0
2026-08-15 00:24:23.862 7 INFO neutron.db.ovn_revision_numbers_db [None req-8aea5992-c244-44e7-9abc-6104cb93c91b f97b69153b4941698f1cb14ef897d115 9b7ec3731a284cdcb092543bd71f0857 - - default default] Successfully bumped revision number for resource 2a14a5f5-08ff-4e1d-86bf-52046e237361 (type: security_group_rules) to 0
2026-08-15 00:24:23.873 8 INFO neutron.db.ovn_revision_numbers_db [None req-cac2526d-241b-4c39-a49f-c9991d136c45 19f3329105814711875dfae149200830 de38e109922646edb2b727fdbbeb6ff5 - - default default] Successfully bumped revision number for resource 878aa519-8824-4ff3-96d2-3647845b90d8 (type: security_group_rules) to 0
2026-08-15 00:24:23.884 7 INFO neutron.db.ovn_revision_numbers_db [None req-8aea5992-c244-44e7-9abc-6104cb93c91b f97b69153b4941698f1cb14ef897d115 9b7ec3731a284cdcb092543bd71f0857 - - default default] Successfully bumped revision number for resource 935cb492-3f90-4ae0-980d-d98951750ed7 (type: security_group_rules) to 0
2026-08-15 00:24:23.887 8 INFO neutron.db.ovn_revision_numbers_db [None req-cac2526d-241b-4c39-a49f-c9991d136c45 19f3329105814711875dfae149200830 de38e109922646edb2b727fdbbeb6ff5 - - default default] Successfully bumped revision number for resource 999c1bee-ec7b-4baa-9669-a553e8486713 (type: security_group_rules) to 0
2026-08-15 00:24:23.896 8 INFO neutron.db.ovn_revision_numbers_db [None req-cac2526d-241b-4c39-a49f-c9991d136c45 19f3329105814711875dfae149200830 de38e109922646edb2b727fdbbeb6ff5 - - default default] Successfully bumped revision number for resource c7c47d7f-eecd-4a49-bfb2-e65aaf07e69e (type: security_group_rules) to 0
2026-08-15 00:24:23.915 7 INFO neutron.db.ovn_revision_numbers_db [None req-8aea5992-c244-44e7-9abc-6104cb93c91b f97b69153b4941698f1cb14ef897d115 9b7ec3731a284cdcb092543bd71f0857 - - default default] Successfully bumped revision number for resource df3555b2-8531-4e69-bdc3-7e050041b176 (type: security_group_rules) to 0
2026-08-15 00:24:23.966 8 INFO neutron.db.segments_db [None req-cac2526d-241b-4c39-a49f-c9991d136c45 19f3329105814711875dfae149200830 de38e109922646edb2b727fdbbeb6ff5 - - default default] Added segment 1c45df0a-ea71-48cc-8f7a-8a14829fa9d2 of type geneve for network a1753880-52dc-4844-8c09-ce6165471617
2026-08-15 00:24:24.010 7 INFO neutron.db.segments_db [None req-8aea5992-c244-44e7-9abc-6104cb93c91b f97b69153b4941698f1cb14ef897d115 9b7ec3731a284cdcb092543bd71f0857 - - default default] Added segment 4f2fbe8a-be1b-4a5c-aa51-d411ce1d3181 of type geneve for network 7f8fb1e9-4b10-433f-8e9e-36edfc1e57ed
2026-08-15 00:24:24.077 8 INFO neutron.db.ovn_revision_numbers_db [None req-cac2526d-241b-4c39-a49f-c9991d136c45 19f3329105814711875dfae149200830 de38e109922646edb2b727fdbbeb6ff5 - - default default] Successfully bumped revision number for resource a1753880-52dc-4844-8c09-ce6165471617 (type: networks) to 1
2026-08-15 00:24:24.215 7 INFO neutron.db.ovn_revision_numbers_db [None req-8aea5992-c244-44e7-9abc-6104cb93c91b f97b69153b4941698f1cb14ef897d115 9b7ec3731a284cdcb092543bd71f0857 - - default default] Successfully bumped revision number for resource 7f8fb1e9-4b10-433f-8e9e-36edfc1e57ed (type: networks) to 1
2026-08-15 00:24:24.239 8 WARNING neutron.scheduler.dhcp_agent_scheduler [None req-cac2526d-241b-4c39-a49f-c9991d136c45 19f3329105814711875dfae149200830 de38e109922646edb2b727fdbbeb6ff5 - - default default] No more DHCP agents
2026-08-15 00:24:24.241 8 WARNING neutron.api.rpc.agentnotifiers.dhcp_rpc_agent_api [None req-cac2526d-241b-4c39-a49f-c9991d136c45 19f3329105814711875dfae149200830 de38e109922646edb2b727fdbbeb6ff5 - - default default] Unable to schedule network a1753880-52dc-4844-8c09-ce6165471617: no agents available; will retry on subsequent port and subnet creation events.
