2026-08-15 00:23:58.484 8 INFO neutron.services.segments.plugin [-] Segment a5393483-4d33-4cfa-ab69-bbb028554236 resource provider aggregate not found
2026-08-15 00:23:58.504 8 INFO neutron.services.segments.plugin [-] Client error retrieving segment a5393483-4d33-4cfa-ab69-bbb028554236 resource provider; error: Placement Client Error (4xx): {"errors": [{"status": 404, "title": "Not Found", "detail": "The resource could not be found.\n\n No resource provider with uuid a5393483-4d33-4cfa-ab69-bbb028554236 found for delete ", "request_id": "req-68d0f6e1-0765-4680-a27e-d3405844934c"}]}
2026-08-15 00:23:58.506 8 INFO neutron.services.segments.plugin [-] Client error retrieving segment a5393483-4d33-4cfa-ab69-bbb028554236 resource provider; error: Placement Client Error (4xx): {"errors": [{"status": 404, "title": "Not Found", "detail": "The resource could not be found.\n\n No resource provider with uuid a5393483-4d33-4cfa-ab69-bbb028554236 found for delete ", "request_id": "req-941f7b5f-45a8-4710-be30-b1c7397033a6"}]} [pid: 8|app: 0|req: 435/867] 10.0.0.8 () {32 vars in 724 bytes} [Sat Aug 15 00:23:58 2026] DELETE /v2.0/networks/cb73cf47-fe29-4152-bad3-4b75eddae00b => generated 0 bytes in 418 msecs (HTTP/1.1 204) 3 headers in 131 bytes (1 switches on core 0) [pid: 7|app: 0|req: 433/868] 10.0.0.8 () {32 vars in 647 bytes} [Sat Aug 15 00:23:58 2026] GET /v2.0/networks => generated 651 bytes in 56 msecs (HTTP/1.1 200) 4 headers in 157 bytes (1 switches on core 0)
2026-08-15 00:23:58.631 7 INFO neutron.services.segments.plugin [-] Segment 45562bb0-2c2d-4931-a7a5-4aefb38d4758 resource provider aggregate not found
2026-08-15 00:23:58.647 7 INFO neutron.services.segments.plugin [-] Client error retrieving segment 45562bb0-2c2d-4931-a7a5-4aefb38d4758 resource provider; error: Placement Client Error (4xx): {"errors": [{"status": 404, "title": "Not Found", "detail": "The resource could not be found.\n\n No resource provider with uuid 45562bb0-2c2d-4931-a7a5-4aefb38d4758 found for delete ", "request_id": "req-93720c4f-12b7-4265-be64-cfaf4ab35e26"}]}
2026-08-15 00:23:58.655 7 INFO neutron.services.segments.plugin [-] Segment 45562bb0-2c2d-4931-a7a5-4aefb38d4758 resource provider aggregate not found
2026-08-15 00:23:58.674 7 INFO neutron.services.segments.plugin [-] Client error retrieving segment 45562bb0-2c2d-4931-a7a5-4aefb38d4758 resource provider; error: Placement Client Error (4xx): {"errors": [{"status": 404, "title": "Not Found", "detail": "The resource could not be found.\n\n No resource provider with uuid 45562bb0-2c2d-4931-a7a5-4aefb38d4758 found for delete ", "request_id": "req-907479b2-e8fa-4af4-9140-586990455802"}]}
2026-08-15 00:23:58.694 8 INFO neutron.db.segments_db [None req-79b04a19-b5f4-4d5d-a4de-7ed8c7adb465 eac75a4bb7424d718e0378a6fa2e828f 48911fc9e6004598abd8dd35323cb26e - - default default] Added segment 3150493d-9aee-4c74-844e-30de9d9a9cff of type geneve for network 18923040-6a34-4ae1-ae50-92c66052fcfd
2026-08-15 00:23:58.802 8 INFO neutron.db.ovn_revision_numbers_db [None req-79b04a19-b5f4-4d5d-a4de-7ed8c7adb465 eac75a4bb7424d718e0378a6fa2e828f 48911fc9e6004598abd8dd35323cb26e - - default default] Successfully bumped revision number for resource 18923040-6a34-4ae1-ae50-92c66052fcfd (type: networks) to 1
2026-08-15 00:23:58.970 8 WARNING neutron.scheduler.dhcp_agent_scheduler [None req-79b04a19-b5f4-4d5d-a4de-7ed8c7adb465 eac75a4bb7424d718e0378a6fa2e828f 48911fc9e6004598abd8dd35323cb26e - - default default] No more DHCP agents
2026-08-15 00:23:58.971 8 WARNING neutron.api.rpc.agentnotifiers.dhcp_rpc_agent_api [None req-79b04a19-b5f4-4d5d-a4de-7ed8c7adb465 eac75a4bb7424d718e0378a6fa2e828f 48911fc9e6004598abd8dd35323cb26e - - default default] Unable to schedule network 18923040-6a34-4ae1-ae50-92c66052fcfd: no agents available; will retry on subsequent port and subnet creation events.
2026-08-15 00:23:59.028 7 INFO neutron.plugins.ml2.drivers.ovn.mech_driver.mech_driver [None req-83a71bcf-4598-41cf-b313-9ad232a8a0d7 - - - - - -] OVN reports status down for port: 84303758-e888-4710-82bc-ae0ce5986f50
2026-08-15 00:23:59.072 8 INFO neutron.db.ovn_revision_numbers_db [None req-79b04a19-b5f4-4d5d-a4de-7ed8c7adb465 eac75a4bb7424d718e0378a6fa2e828f 48911fc9e6004598abd8dd35323cb26e - - default default] Successfully bumped revision number for resource 84303758-e888-4710-82bc-ae0ce5986f50 (type: ports) to 1 [pid: 8|app: 0|req: 436/869] 10.0.0.8 () {34 vars in 668 bytes} [Sat Aug 15 00:23:58 2026] POST /v2.0/networks => generated 654 bytes in 500 msecs (HTTP/1.1 201) 4 headers in 162 bytes (1 switches on core 0)
2026-08-15 00:23:59.207 7 INFO neutron.db.segments_db [None req-cc99c47b-4f1c-445c-89b7-03068a8d6628 eac75a4bb7424d718e0378a6fa2e828f 48911fc9e6004598abd8dd35323cb26e - - default default] Added segment 3894da41-6b77-4e3b-89aa-2e7983f1eef7 of type geneve for network 85a96d25-01b3-4e71-8de8-288db7c1cb5e
2026-08-15 00:23:59.330 7 INFO neutron.db.ovn_revision_numbers_db [None req-cc99c47b-4f1c-445c-89b7-03068a8d6628 eac75a4bb7424d718e0378a6fa2e828f 48911fc9e6004598abd8dd35323cb26e - - default default] Successfully bumped revision number for resource 85a96d25-01b3-4e71-8de8-288db7c1cb5e (type: networks) to 1
2026-08-15 00:23:59.515 7 WARNING neutron.scheduler.dhcp_agent_scheduler [None req-cc99c47b-4f1c-445c-89b7-03068a8d6628 eac75a4bb7424d718e0378a6fa2e828f 48911fc9e6004598abd8dd35323cb26e - - default default] No more DHCP agents
2026-08-15 00:23:59.517 7 WARNING neutron.api.rpc.agentnotifiers.dhcp_rpc_agent_api [None req-cc99c47b-4f1c-445c-89b7-03068a8d6628 eac75a4bb7424d718e0378a6fa2e828f 48911fc9e6004598abd8dd35323cb26e - - default default] Unable to schedule network 85a96d25-01b3-4e71-8de8-288db7c1cb5e: no agents available; will retry on subsequent port and subnet creation events.
2026-08-15 00:23:59.570 7 INFO neutron.plugins.ml2.drivers.ovn.mech_driver.mech_driver [None req-83a71bcf-4598-41cf-b313-9ad232a8a0d7 - - - - - -] OVN reports status down for port: 1f9b5bf4-8106-4f4c-9ab3-6832a60c84c1
2026-08-15 00:23:59.614 8 INFO neutron.db.ovn_revision_numbers_db [None req-7722abcc-5843-4a00-abb8-d57da812751d 0c81e273d1ef47d2bb97600010a95153 3978a06ed23e45d8b6de3b0b0b410443 - - default default] Successfully bumped revision number for resource 0c7591eb-ecf3-46f6-b98b-d9067da4a138 (type: security_groups) to 1
2026-08-15 00:23:59.626 8 INFO neutron.db.ovn_revision_numbers_db [None req-7722abcc-5843-4a00-abb8-d57da812751d 0c81e273d1ef47d2bb97600010a95153 3978a06ed23e45d8b6de3b0b0b410443 - - default default] Successfully bumped revision number for resource 4f1062eb-de17-470e-ad3e-ef61c50d1a45 (type: security_group_rules) to 0
2026-08-15 00:23:59.638 8 INFO neutron.db.ovn_revision_numbers_db [None req-7722abcc-5843-4a00-abb8-d57da812751d 0c81e273d1ef47d2bb97600010a95153 3978a06ed23e45d8b6de3b0b0b410443 - - default default] Successfully bumped revision number for resource 80c4392f-e269-4eaf-9d1d-2f1ac2906579 (type: security_group_rules) to 0
2026-08-15 00:23:59.647 7 INFO neutron.db.ovn_revision_numbers_db [None req-cc99c47b-4f1c-445c-89b7-03068a8d6628 eac75a4bb7424d718e0378a6fa2e828f 48911fc9e6004598abd8dd35323cb26e - - default default] Successfully bumped revision number for resource 1f9b5bf4-8106-4f4c-9ab3-6832a60c84c1 (type: ports) to 1
2026-08-15 00:23:59.651 8 INFO neutron.db.ovn_revision_numbers_db [None req-7722abcc-5843-4a00-abb8-d57da812751d 0c81e273d1ef47d2bb97600010a95153 3978a06ed23e45d8b6de3b0b0b410443 - - default default] Successfully bumped revision number for resource bdfafc37-ce1d-4c73-9d20-cb18aa5e2798 (type: security_group_rules) to 0
2026-08-15 00:23:59.663 8 INFO neutron.db.ovn_revision_numbers_db [None req-7722abcc-5843-4a00-abb8-d57da812751d 0c81e273d1ef47d2bb97600010a95153 3978a06ed23e45d8b6de3b0b0b410443 - - default default] Successfully bumped revision number for resource f4c90f7e-6019-41c1-8d3e-691791bd31aa (type: security_group_rules) to 0 [pid: 7|app: 0|req: 434/870] 10.0.0.8 () {34 vars in 668 bytes} [Sat Aug 15 00:23:59 2026] POST /v2.0/networks => generated 653 bytes in 587 msecs (HTTP/1.1 201) 4 headers in 162 bytes (1 switches on core 0)
2026-08-15 00:23:59.736 8 INFO neutron.db.segments_db [None req-7722abcc-5843-4a00-abb8-d57da812751d 0c81e273d1ef47d2bb97600010a95153 3978a06ed23e45d8b6de3b0b0b410443 - - default default] Added segment 538ad92c-14ac-4564-80b9-8b1fdf9d14b8 of type geneve for network 49fe4ac1-a1df-4638-bf7b-6ae488bb41e2
2026-08-15 00:23:59.850 8 INFO neutron.db.ovn_revision_numbers_db [None req-7722abcc-5843-4a00-abb8-d57da812751d 0c81e273d1ef47d2bb97600010a95153 3978a06ed23e45d8b6de3b0b0b410443 - - default default] Successfully bumped revision number for resource 49fe4ac1-a1df-4638-bf7b-6ae488bb41e2 (type: networks) to 1
2026-08-15 00:23:59.990 8 WARNING neutron.scheduler.dhcp_agent_scheduler [None req-7722abcc-5843-4a00-abb8-d57da812751d 0c81e273d1ef47d2bb97600010a95153 3978a06ed23e45d8b6de3b0b0b410443 - - default default] No more DHCP agents
2026-08-15 00:23:59.991 8 WARNING neutron.api.rpc.agentnotifiers.dhcp_rpc_agent_api [None req-7722abcc-5843-4a00-abb8-d57da812751d 0c81e273d1ef47d2bb97600010a95153 3978a06ed23e45d8b6de3b0b0b410443 - - default default] Unable to schedule network 49fe4ac1-a1df-4638-bf7b-6ae488bb41e2: no agents available; will retry on subsequent port and subnet creation events.
2026-08-15 00:24:00.050 7 INFO neutron.plugins.ml2.drivers.ovn.mech_driver.mech_driver [None req-83a71bcf-4598-41cf-b313-9ad232a8a0d7 - - - - - -] OVN reports status down for port: c7f31609-5656-4731-a6fa-887daea866ab
2026-08-15 00:24:00.062 8 INFO neutron.db.ovn_revision_numbers_db [None req-7722abcc-5843-4a00-abb8-d57da812751d 0c81e273d1ef47d2bb97600010a95153 3978a06ed23e45d8b6de3b0b0b410443 - - default default] Successfully bumped revision number for resource c7f31609-5656-4731-a6fa-887daea866ab (type: ports) to 1 [pid: 8|app: 0|req: 437/871] 10.0.0.8 () {34 vars in 668 bytes} [Sat Aug 15 00:23:59 2026] POST /v2.0/networks => generated 644 bytes in 802 msecs (HTTP/1.1 201) 4 headers in 162 bytes (1 switches on core 0)
2026-08-15 00:24:00.112 7 WARNING neutron.scheduler.dhcp_agent_scheduler [None req-de8c99c7-4c6d-4a50-8f32-57df25837df9 eac75a4bb7424d718e0378a6fa2e828f 48911fc9e6004598abd8dd35323cb26e - - default default] No more DHCP agents
2026-08-15 00:24:00.114 7 WARNING neutron.api.rpc.agentnotifiers.dhcp_rpc_agent_api [None req-de8c99c7-4c6d-4a50-8f32-57df25837df9 eac75a4bb7424d718e0378a6fa2e828f 48911fc9e6004598abd8dd35323cb26e - - default default] Unable to schedule network 18923040-6a34-4ae1-ae50-92c66052fcfd: no agents available; will retry on subsequent port and subnet creation events.
2026-08-15 00:24:00.181 7 INFO neutron.plugins.ml2.drivers.ovn.mech_driver.mech_driver [None req-83a71bcf-4598-41cf-b313-9ad232a8a0d7 - - - - - -] OVN reports status down for port: a2a08a91-2459-425f-a014-7a3131dda69e
2026-08-15 00:24:00.241 7 INFO neutron.db.ovn_revision_numbers_db [None req-de8c99c7-4c6d-4a50-8f32-57df25837df9 eac75a4bb7424d718e0378a6fa2e828f 48911fc9e6004598abd8dd35323cb26e - - default default] Successfully bumped revision number for resource a2a08a91-2459-425f-a014-7a3131dda69e (type: ports) to 1
2026-08-15 00:24:00.314 7 WARNING neutron.scheduler.dhcp_agent_scheduler [None req-de8c99c7-4c6d-4a50-8f32-57df25837df9 eac75a4bb7424d718e0378a6fa2e828f 48911fc9e6004598abd8dd35323cb26e - - default default] No more DHCP agents
2026-08-15 00:24:00.317 7 WARNING neutron.api.rpc.agentnotifiers.dhcp_rpc_agent_api [None req-de8c99c7-4c6d-4a50-8f32-57df25837df9 eac75a4bb7424d718e0378a6fa2e828f 48911fc9e6004598abd8dd35323cb26e - - default default] Unable to schedule network 85a96d25-01b3-4e71-8de8-288db7c1cb5e: no agents available; will retry on subsequent port and subnet creation events.
2026-08-15 00:24:00.331 8 WARNING neutron.scheduler.dhcp_agent_scheduler [None req-c2928901-78c2-4c95-aa05-640d23967a55 0c81e273d1ef47d2bb97600010a95153 3978a06ed23e45d8b6de3b0b0b410443 - - default default] No more DHCP agents
2026-08-15 00:24:00.334 8 WARNING neutron.api.rpc.agentnotifiers.dhcp_rpc_agent_api [None req-c2928901-78c2-4c95-aa05-640d23967a55 0c81e273d1ef47d2bb97600010a95153 3978a06ed23e45d8b6de3b0b0b410443 - - default default] Unable to schedule network 49fe4ac1-a1df-4638-bf7b-6ae488bb41e2: no agents available; will retry on subsequent port and subnet creation events.
2026-08-15 00:24:00.379 7 INFO neutron.plugins.ml2.drivers.ovn.mech_driver.mech_driver [None req-83a71bcf-4598-41cf-b313-9ad232a8a0d7 - - - - - -] OVN reports status down for port: 1faadc5b-97a5-42f7-a3fe-043c82f1cde6
2026-08-15 00:24:00.446 8 INFO neutron.db.ovn_revision_numbers_db [None req-c2928901-78c2-4c95-aa05-640d23967a55 0c81e273d1ef47d2bb97600010a95153 3978a06ed23e45d8b6de3b0b0b410443 - - default default] Successfully bumped revision number for resource 32692228-3a08-464e-b88e-b2b263da4c37 (type: ports) to 1 [pid: 8|app: 0|req: 438/872] 10.0.0.8 () {34 vars in 663 bytes} [Sat Aug 15 00:24:00 2026] POST /v2.0/ports => generated 774 bytes in 396 msecs (HTTP/1.1 201) 4 headers in 162 bytes (1 switches on core 0)
2026-08-15 00:24:00.494 7 INFO neutron.db.ovn_revision_numbers_db [None req-de8c99c7-4c6d-4a50-8f32-57df25837df9 eac75a4bb7424d718e0378a6fa2e828f 48911fc9e6004598abd8dd35323cb26e - - default default] Successfully bumped revision number for resource 1faadc5b-97a5-42f7-a3fe-043c82f1cde6 (type: ports) to 1 /var/lib/openstack/lib/python3.12/site-packages/pycadf/identifier.py:70: UserWarning: Invalid uuid: neutron. To ensure interoperability, identifiers should be a valid uuid. warnings.warn(('Invalid uuid: %s. To ensure interoperability, '
2026-08-15 00:24:00.532 7 INFO neutron.plugins.ml2.drivers.ovn.mech_driver.mech_driver [None req-83a71bcf-4598-41cf-b313-9ad232a8a0d7 - - - - - -] OVN reports status down for port: 32692228-3a08-464e-b88e-b2b263da4c37
2026-08-15 00:24:00.576 8 INFO neutron.db.segments_db [None req-377e012a-0048-4422-acc0-ca19c3719481 0c81e273d1ef47d2bb97600010a95153 3978a06ed23e45d8b6de3b0b0b410443 - - default default] Added segment 23d3f172-b48e-4131-a20d-feff8f1ed033 of type geneve for network 01c6dfd1-222f-4d11-819d-9588f5b74977 [pid: 7|app: 0|req: 435/873] 10.0.0.8 () {34 vars in 663 bytes} [Sat Aug 15 00:23:59 2026] POST /v2.0/ports => generated 1506 bytes in 933 msecs (HTTP/1.1 201) 4 headers in 163 bytes (1 switches on core 0) /var/lib/openstack/lib/python3.12/site-packages/pycadf/identifier.py:70: UserWarning: Invalid uuid: neutron. To ensure interoperability, identifiers should be a valid uuid. warnings.warn(('Invalid uuid: %s. To ensure interoperability, '
2026-08-15 00:24:00.688 8 INFO neutron.db.ovn_revision_numbers_db [None req-377e012a-0048-4422-acc0-ca19c3719481 0c81e273d1ef47d2bb97600010a95153 3978a06ed23e45d8b6de3b0b0b410443 - - default default] Successfully bumped revision number for resource 01c6dfd1-222f-4d11-819d-9588f5b74977 (type: networks) to 1 [pid: 7|app: 0|req: 436/874] 10.0.0.8 () {32 vars in 641 bytes} [Sat Aug 15 00:24:00 2026] GET /v2.0/ports => generated 3018 bytes in 56 msecs (HTTP/1.1 200) 4 headers in 158 bytes (1 switches on core 0)
2026-08-15 00:24:00.821 7 INFO neutron_taas.services.taas.taas_plugin [None req-d8865ce0-3d67-40ef-8f73-41f3c773ab0a eac75a4bb7424d718e0378a6fa2e828f 48911fc9e6004598abd8dd35323cb26e - - default default] TaaS: Handle Delete Port: a2a08a91-2459-425f-a014-7a3131dda69e
2026-08-15 00:24:00.826 7 INFO neutron_taas.services.taas.tap_mirror_plugin [None req-d8865ce0-3d67-40ef-8f73-41f3c773ab0a eac75a4bb7424d718e0378a6fa2e828f 48911fc9e6004598abd8dd35323cb26e - - default default] Tap Mirror: Handle Delete Port: a2a08a91-2459-425f-a014-7a3131dda69e
2026-08-15 00:24:00.845 8 WARNING neutron.scheduler.dhcp_agent_scheduler [None req-377e012a-0048-4422-acc0-ca19c3719481 0c81e273d1ef47d2bb97600010a95153 3978a06ed23e45d8b6de3b0b0b410443 - - default default] No more DHCP agents
2026-08-15 00:24:00.847 8 WARNING neutron.api.rpc.agentnotifiers.dhcp_rpc_agent_api [None req-377e012a-0048-4422-acc0-ca19c3719481 0c81e273d1ef47d2bb97600010a95153 3978a06ed23e45d8b6de3b0b0b410443 - - default default] Unable to schedule network 01c6dfd1-222f-4d11-819d-9588f5b74977: no agents available; will retry on subsequent port and subnet creation events.
2026-08-15 00:24:00.895 8 INFO neutron.plugins.ml2.drivers.ovn.mech_driver.mech_driver [None req-15743399-00ec-449c-8340-a8d8fc810edc - - - - - -] OVN reports status down for port: 2c1007c7-4d43-406e-b12e-43c5ece933d6 [pid: 7|app: 0|req: 437/875] 10.0.0.8 () {32 vars in 718 bytes} [Sat Aug 15 00:24:00 2026] DELETE /v2.0/ports/a2a08a91-2459-425f-a014-7a3131dda69e => generated 0 bytes in 244 msecs (HTTP/1.1 204) 3 headers in 131 bytes (1 switches on core 0)
2026-08-15 00:24:00.961 8 INFO neutron.db.ovn_revision_numbers_db [None req-377e012a-0048-4422-acc0-ca19c3719481 0c81e273d1ef47d2bb97600010a95153 3978a06ed23e45d8b6de3b0b0b410443 - - default default] Successfully bumped revision number for resource 2c1007c7-4d43-406e-b12e-43c5ece933d6 (type: ports) to 1 [pid: 8|app: 0|req: 439/876] 10.0.0.8 () {34 vars in 668 bytes} [Sat Aug 15 00:24:00 2026] POST /v2.0/networks => generated 631 bytes in 506 msecs (HTTP/1.1 201) 4 headers in 162 bytes (1 switches on core 0)
2026-08-15 00:24:01.079 7 INFO neutron_taas.services.taas.taas_plugin [None req-8254ffa4-6cd3-4f38-bbc9-891fe2df5a52 eac75a4bb7424d718e0378a6fa2e828f 48911fc9e6004598abd8dd35323cb26e - - default default] TaaS: Handle Delete Port: 1faadc5b-97a5-42f7-a3fe-043c82f1cde6
2026-08-15 00:24:01.082 7 INFO neutron_taas.services.taas.tap_mirror_plugin [None req-8254ffa4-6cd3-4f38-bbc9-891fe2df5a52 eac75a4bb7424d718e0378a6fa2e828f 48911fc9e6004598abd8dd35323cb26e - - default default] Tap Mirror: Handle Delete Port: 1faadc5b-97a5-42f7-a3fe-043c82f1cde6 [pid: 7|app: 0|req: 438/877] 10.0.0.8 () {32 vars in 718 bytes} [Sat Aug 15 00:24:00 2026] DELETE /v2.0/ports/1faadc5b-97a5-42f7-a3fe-043c82f1cde6 => generated 0 bytes in 246 msecs (HTTP/1.1 204) 3 headers in 131 bytes (1 switches on core 0)
2026-08-15 00:24:01.214 8 WARNING neutron.scheduler.dhcp_agent_scheduler [None req-119d91cb-f564-4624-b7b6-a288cf3d783f 0c81e273d1ef47d2bb97600010a95153 3978a06ed23e45d8b6de3b0b0b410443 - - default default] No more DHCP agents
2026-08-15 00:24:01.215 8 WARNING neutron.api.rpc.agentnotifiers.dhcp_rpc_agent_api [None req-119d91cb-f564-4624-b7b6-a288cf3d783f 0c81e273d1ef47d2bb97600010a95153 3978a06ed23e45d8b6de3b0b0b410443 - - default default] Unable to schedule network 01c6dfd1-222f-4d11-819d-9588f5b74977: no agents available; will retry on subsequent port and subnet creation events. [pid: 7|app: 0|req: 439/878] 10.0.0.8 () {32 vars in 641 bytes} [Sat Aug 15 00:24:01 2026] GET /v2.0/ports => generated 1523 bytes in 42 msecs (HTTP/1.1 200) 4 headers in 158 bytes (1 switches on core 0)
2026-08-15 00:24:01.365 7 INFO neutron.db.segments_db [None req-585f9b7c-b24b-48ac-aed7-e5cb4009b9e2 eac75a4bb7424d718e0378a6fa2e828f 48911fc9e6004598abd8dd35323cb26e - - default default] Added segment b6923423-0cc6-4853-ab33-3a81a0142f02 of type geneve for network b65052f7-0ea4-4d51-b00a-6a7fa59b801f
2026-08-15 00:24:01.483 7 INFO neutron.db.ovn_revision_numbers_db [None req-585f9b7c-b24b-48ac-aed7-e5cb4009b9e2 eac75a4bb7424d718e0378a6fa2e828f 48911fc9e6004598abd8dd35323cb26e - - default default] Successfully bumped revision number for resource b65052f7-0ea4-4d51-b00a-6a7fa59b801f (type: networks) to 1
2026-08-15 00:24:01.662 7 WARNING neutron.scheduler.dhcp_agent_scheduler [None req-585f9b7c-b24b-48ac-aed7-e5cb4009b9e2 eac75a4bb7424d718e0378a6fa2e828f 48911fc9e6004598abd8dd35323cb26e - - default default] No more DHCP agents
2026-08-15 00:24:01.664 7 WARNING neutron.api.rpc.agentnotifiers.dhcp_rpc_agent_api [None req-585f9b7c-b24b-48ac-aed7-e5cb4009b9e2 eac75a4bb7424d718e0378a6fa2e828f 48911fc9e6004598abd8dd35323cb26e - - default default] Unable to schedule network b65052f7-0ea4-4d51-b00a-6a7fa59b801f: no agents available; will retry on subsequent port and subnet creation events.
2026-08-15 00:24:01.711 8 INFO neutron.db.ovn_revision_numbers_db [None req-238dfa9a-7f57-4b64-843d-e7f32fca509c - - - - - -] Successfully bumped revision number for resource 2c1007c7-4d43-406e-b12e-43c5ece933d6 (type: ports) to 2
2026-08-15 00:24:01.715 7 INFO neutron.plugins.ml2.drivers.ovn.mech_driver.mech_driver [None req-83a71bcf-4598-41cf-b313-9ad232a8a0d7 - - - - - -] OVN reports status down for port: 24839ccc-7924-4783-851a-3e1c20e96caa
2026-08-15 00:24:01.751 8 INFO neutron.db.ovn_revision_numbers_db [None req-238dfa9a-7f57-4b64-843d-e7f32fca509c - - - - - -] Successfully bumped revision number for resource f5aa945d-06c6-4c75-93ca-fbd4e56bf5fe (type: subnets) to 0 [pid: 8|app: 0|req: 440/879] 10.0.0.8 () {34 vars in 667 bytes} [Sat Aug 15 00:24:01 2026] POST /v2.0/subnets => generated 626 bytes in 763 msecs (HTTP/1.1 201) 4 headers in 162 bytes (1 switches on core 0)
2026-08-15 00:24:01.775 7 INFO neutron.db.ovn_revision_numbers_db [None req-585f9b7c-b24b-48ac-aed7-e5cb4009b9e2 eac75a4bb7424d718e0378a6fa2e828f 48911fc9e6004598abd8dd35323cb26e - - default default] Successfully bumped revision number for resource 24839ccc-7924-4783-851a-3e1c20e96caa (type: ports) to 1 [pid: 7|app: 0|req: 440/880] 10.0.0.8 () {34 vars in 668 bytes} [Sat Aug 15 00:24:01 2026] POST /v2.0/networks => generated 654 bytes in 550 msecs (HTTP/1.1 201) 4 headers in 162 bytes (1 switches on core 0) [pid: 7|app: 0|req: 441/881] 10.0.0.176 () {34 vars in 990 bytes} [Sat Aug 15 00:24:01 2026] GET /v2.0/ports?device_id=d430ad3a-aeaf-4dec-a02f-24ad433829c6 => generated 975 bytes in 91 msecs (HTTP/1.1 200) 4 headers in 157 bytes (1 switches on core 0)
2026-08-15 00:24:01.981 7 INFO neutron.db.segments_db [None req-75c654c6-9787-4e0c-aa9b-7d2b8a8774dd eac75a4bb7424d718e0378a6fa2e828f 48911fc9e6004598abd8dd35323cb26e - - default default] Added segment c188c164-c8b4-4521-88e7-6d7bf6ee1520 of type geneve for network 14ea576a-37ba-4768-bd9e-86e8eece550a
2026-08-15 00:24:02.013 8 WARNING neutron.scheduler.dhcp_agent_scheduler [None req-2ed7e0b3-0566-4317-bc23-aa4c9219ccf0 0c81e273d1ef47d2bb97600010a95153 3978a06ed23e45d8b6de3b0b0b410443 - - default default] No more DHCP agents
2026-08-15 00:24:02.015 8 WARNING neutron.api.rpc.agentnotifiers.dhcp_rpc_agent_api [None req-2ed7e0b3-0566-4317-bc23-aa4c9219ccf0 0c81e273d1ef47d2bb97600010a95153 3978a06ed23e45d8b6de3b0b0b410443 - - default default] Unable to schedule network 01c6dfd1-222f-4d11-819d-9588f5b74977: no agents available; will retry on subsequent port and subnet creation events.
2026-08-15 00:24:02.094 7 INFO neutron.db.ovn_revision_numbers_db [None req-75c654c6-9787-4e0c-aa9b-7d2b8a8774dd eac75a4bb7424d718e0378a6fa2e828f 48911fc9e6004598abd8dd35323cb26e - - default default] Successfully bumped revision number for resource 14ea576a-37ba-4768-bd9e-86e8eece550a (type: networks) to 1
2026-08-15 00:24:02.133 8 INFO neutron.plugins.ml2.drivers.ovn.mech_driver.mech_driver [None req-15743399-00ec-449c-8340-a8d8fc810edc - - - - - -] OVN reports status down for port: 14039437-bd36-44fe-bb4e-506954caf55b
2026-08-15 00:24:02.186 8 INFO neutron.db.ovn_revision_numbers_db [None req-2ed7e0b3-0566-4317-bc23-aa4c9219ccf0 0c81e273d1ef47d2bb97600010a95153 3978a06ed23e45d8b6de3b0b0b410443 - - default default] Successfully bumped revision number for resource 14039437-bd36-44fe-bb4e-506954caf55b (type: ports) to 1 [pid: 8|app: 0|req: 441/882] 10.0.0.8 () {34 vars in 663 bytes} [Sat Aug 15 00:24:01 2026] POST /v2.0/ports => generated 948 bytes in 463 msecs (HTTP/1.1 201) 4 headers in 162 bytes (1 switches on core 0) /var/lib/openstack/lib/python3.12/site-packages/pycadf/identifier.py:70: UserWarning: Invalid uuid: neutron. To ensure interoperability, identifiers should be a valid uuid. warnings.warn(('Invalid uuid: %s. To ensure interoperability, ' [pid: 8|app: 0|req: 442/883] 10.0.0.176 () {34 vars in 1040 bytes} [Sat Aug 15 00:24:02 2026] GET /v2.0/security-groups?id=bd1e92d8-1062-46d9-8cbc-d0afe6ab4db7&fields=id&fields=name => generated 114 bytes in 27 msecs (HTTP/1.1 200) 4 headers in 157 bytes (1 switches on core 0)
2026-08-15 00:24:02.281 7 WARNING neutron.scheduler.dhcp_agent_scheduler [None req-75c654c6-9787-4e0c-aa9b-7d2b8a8774dd eac75a4bb7424d718e0378a6fa2e828f 48911fc9e6004598abd8dd35323cb26e - - default default] No more DHCP agents
2026-08-15 00:24:02.283 7 WARNING neutron.api.rpc.agentnotifiers.dhcp_rpc_agent_api [None req-75c654c6-9787-4e0c-aa9b-7d2b8a8774dd eac75a4bb7424d718e0378a6fa2e828f 48911fc9e6004598abd8dd35323cb26e - - default default] Unable to schedule network 14ea576a-37ba-4768-bd9e-86e8eece550a: no agents available; will retry on subsequent port and subnet creation events.
2026-08-15 00:24:02.354 8 INFO neutron.plugins.ml2.drivers.ovn.mech_driver.mech_driver [None req-15743399-00ec-449c-8340-a8d8fc810edc - - - - - -] OVN reports status down for port: b18fac78-5297-4c2f-9925-17674b18054d
2026-08-15 00:24:02.373 7 INFO neutron.db.ovn_revision_numbers_db [None req-75c654c6-9787-4e0c-aa9b-7d2b8a8774dd eac75a4bb7424d718e0378a6fa2e828f 48911fc9e6004598abd8dd35323cb26e - - default default] Successfully bumped revision number for resource b18fac78-5297-4c2f-9925-17674b18054d (type: ports) to 1 [pid: 7|app: 0|req: 442/884] 10.0.0.8 () {34 vars in 668 bytes} [Sat Aug 15 00:24:01 2026] POST /v2.0/networks => generated 653 bytes in 508 msecs (HTTP/1.1 201) 4 headers in 162 bytes (1 switches on core 0) [pid: 7|app: 0|req: 443/885] 10.0.0.176 () {34 vars in 990 bytes} [Sat Aug 15 00:24:02 2026] GET /v2.0/ports?device_id=d430ad3a-aeaf-4dec-a02f-24ad433829c6 => generated 975 bytes in 39 msecs (HTTP/1.1 200) 4 headers in 157 bytes (1 switches on core 0)
2026-08-15 00:24:02.491 8 INFO neutron_taas.services.taas.taas_plugin [None req-bacd7b0a-ae4e-46c0-a6e8-847db4b4d905 0c81e273d1ef47d2bb97600010a95153 3978a06ed23e45d8b6de3b0b0b410443 - - default default] TaaS: Handle Delete Port: 14039437-bd36-44fe-bb4e-506954caf55b
2026-08-15 00:24:02.494 8 INFO neutron_taas.services.taas.tap_mirror_plugin [None req-bacd7b0a-ae4e-46c0-a6e8-847db4b4d905 0c81e273d1ef47d2bb97600010a95153 3978a06ed23e45d8b6de3b0b0b410443 - - default default] Tap Mirror: Handle Delete Port: 14039437-bd36-44fe-bb4e-506954caf55b [pid: 7|app: 0|req: 444/886] 10.0.0.176 () {34 vars in 990 bytes} [Sat Aug 15 00:24:02 2026] GET /v2.0/ports?device_id=784874d5-5a07-4aa8-97da-b63250952d0a => generated 975 bytes in 70 msecs (HTTP/1.1 200) 4 headers in 157 bytes (1 switches on core 0) [pid: 7|app: 0|req: 445/887] 10.0.0.176 () {34 vars in 1040 bytes} [Sat Aug 15 00:24:02 2026] GET /v2.0/security-groups?id=bd1e92d8-1062-46d9-8cbc-d0afe6ab4db7&fields=id&fields=name => generated 114 bytes in 36 msecs (HTTP/1.1 200) 4 headers in 157 bytes (1 switches on core 0) [pid: 7|app: 0|req: 446/888] 10.0.0.176 () {34 vars in 971 bytes} [Sat Aug 15 00:24:02 2026] GET /v2.0/ports/e3bf9281-83bc-4b3c-8f88-e2b52a1cd45d => generated 972 bytes in 36 msecs (HTTP/1.1 200) 4 headers in 157 bytes (1 switches on core 0) [pid: 8|app: 0|req: 443/889] 10.0.0.8 () {32 vars in 718 bytes} [Sat Aug 15 00:24:02 2026] DELETE /v2.0/ports/14039437-bd36-44fe-bb4e-506954caf55b => generated 0 bytes in 420 msecs (HTTP/1.1 204) 3 headers in 131 bytes (1 switches on core 0)
2026-08-15 00:24:02.707 7 INFO neutron.pecan_wsgi.hooks.translation [None req-15d8cec5-492e-4eb4-a960-835e25fd21dc 0c81e273d1ef47d2bb97600010a95153 3978a06ed23e45d8b6de3b0b0b410443 - - default default] DELETE failed (client error): The resource could not be found. [pid: 7|app: 0|req: 447/890] 10.0.0.8 () {32 vars in 718 bytes} [Sat Aug 15 00:24:02 2026] DELETE /v2.0/ports/14039437-bd36-44fe-bb4e-506954caf55b => generated 132 bytes in 19 msecs (HTTP/1.1 404) 4 headers in 164 bytes (1 switches on core 0)
2026-08-15 00:24:02.748 8 INFO neutron.pecan_wsgi.hooks.translation [None req-db96f7f8-4efc-4478-a8a4-d3e49c308589 0c81e273d1ef47d2bb97600010a95153 3978a06ed23e45d8b6de3b0b0b410443 - - default default] GET failed (client error): The resource could not be found. [pid: 8|app: 0|req: 444/891] 10.0.0.8 () {32 vars in 715 bytes} [Sat Aug 15 00:24:02 2026] GET /v2.0/ports/14039437-bd36-44fe-bb4e-506954caf55b => generated 132 bytes in 21 msecs (HTTP/1.1 404) 4 headers in 164 bytes (1 switches on core 0) [pid: 7|app: 0|req: 448/892] 10.0.0.8 () {32 vars in 722 bytes} [Sat Aug 15 00:24:02 2026] DELETE /v2.0/subnets/f5aa945d-06c6-4c75-93ca-fbd4e56bf5fe => generated 0 bytes in 158 msecs (HTTP/1.1 204) 3 headers in 131 bytes (1 switches on core 0) [pid: 7|app: 0|req: 449/893] 10.0.0.176 () {34 vars in 990 bytes} [Sat Aug 15 00:24:02 2026] GET /v2.0/ports?device_id=d430ad3a-aeaf-4dec-a02f-24ad433829c6 => generated 975 bytes in 34 msecs (HTTP/1.1 200) 4 headers in 157 bytes (1 switches on core 0)
2026-08-15 00:24:03.059 7 INFO neutron_taas.services.taas.taas_plugin [None req-5a1e53c7-f7d2-4012-853f-daeb5e8239de 0c81e273d1ef47d2bb97600010a95153 3978a06ed23e45d8b6de3b0b0b410443 - - default default] TaaS: Handle Delete Port: 2c1007c7-4d43-406e-b12e-43c5ece933d6
2026-08-15 00:24:03.062 7 INFO neutron_taas.services.taas.tap_mirror_plugin [None req-5a1e53c7-f7d2-4012-853f-daeb5e8239de 0c81e273d1ef47d2bb97600010a95153 3978a06ed23e45d8b6de3b0b0b410443 - - default default] Tap Mirror: Handle Delete Port: 2c1007c7-4d43-406e-b12e-43c5ece933d6
2026-08-15 00:24:03.220 8 WARNING neutron.scheduler.dhcp_agent_scheduler [None req-5c8834eb-fa4d-4460-a338-7331ea524462 eac75a4bb7424d718e0378a6fa2e828f 48911fc9e6004598abd8dd35323cb26e - - default default] No more DHCP agents
2026-08-15 00:24:03.221 8 WARNING neutron.api.rpc.agentnotifiers.dhcp_rpc_agent_api [None req-5c8834eb-fa4d-4460-a338-7331ea524462 eac75a4bb7424d718e0378a6fa2e828f 48911fc9e6004598abd8dd35323cb26e - - default default] Unable to schedule network b65052f7-0ea4-4d51-b00a-6a7fa59b801f: no agents available; will retry on subsequent port and subnet creation events.
2026-08-15 00:24:03.238 7 INFO neutron.services.segments.plugin [-] Segment 23d3f172-b48e-4131-a20d-feff8f1ed033 resource provider aggregate not found
2026-08-15 00:24:03.241 7 INFO neutron.services.segments.plugin [-] Segment 23d3f172-b48e-4131-a20d-feff8f1ed033 resource provider aggregate not found
2026-08-15 00:24:03.252 8 INFO neutron.db.ovn_revision_numbers_db [None req-5c8834eb-fa4d-4460-a338-7331ea524462 eac75a4bb7424d718e0378a6fa2e828f 48911fc9e6004598abd8dd35323cb26e - - default default] Successfully bumped revision number for resource 2706ab02-e9c6-44ec-a95a-8a8e400ad15e (type: subnets) to 0
2026-08-15 00:24:03.258 7 INFO neutron.services.segments.plugin [-] Client error retrieving segment 23d3f172-b48e-4131-a20d-feff8f1ed033 resource provider; error: Placement Client Error (4xx): {"errors": [{"status": 404, "title": "Not Found", "detail": "The resource could not be found.\n\n No resource provider with uuid 23d3f172-b48e-4131-a20d-feff8f1ed033 found for delete ", "request_id": "req-02f208c0-d27b-402f-bc50-3f4134f64d12"}]}
2026-08-15 00:24:03.261 7 INFO neutron.services.segments.plugin [-] Client error retrieving segment 23d3f172-b48e-4131-a20d-feff8f1ed033 resource provider; error: Placement Client Error (4xx): {"errors": [{"status": 404, "title": "Not Found", "detail": "The resource could not be found.\n\n No resource provider with uuid 23d3f172-b48e-4131-a20d-feff8f1ed033 found for delete ", "request_id": "req-a6396d5f-f47c-42f7-9c45-31571f4397d5"}]}
2026-08-15 00:24:03.287 8 WARNING neutron.scheduler.dhcp_agent_scheduler [None req-5c8834eb-fa4d-4460-a338-7331ea524462 eac75a4bb7424d718e0378a6fa2e828f 48911fc9e6004598abd8dd35323cb26e - - default default] No more DHCP agents
2026-08-15 00:24:03.288 8 WARNING neutron.api.rpc.agentnotifiers.dhcp_rpc_agent_api [None req-5c8834eb-fa4d-4460-a338-7331ea524462 eac75a4bb7424d718e0378a6fa2e828f 48911fc9e6004598abd8dd35323cb26e - - default default] Unable to schedule network 14ea576a-37ba-4768-bd9e-86e8eece550a: no agents available; will retry on subsequent port and subnet creation events. [pid: 7|app: 0|req: 450/894] 10.0.0.8 () {32 vars in 724 bytes} [Sat Aug 15 00:24:02 2026] DELETE /v2.0/networks/01c6dfd1-222f-4d11-819d-9588f5b74977 => generated 0 bytes in 345 msecs (HTTP/1.1 204) 3 headers in 131 bytes (1 switches on core 0)
2026-08-15 00:24:03.320 8 INFO neutron.db.ovn_revision_numbers_db [None req-5c8834eb-fa4d-4460-a338-7331ea524462 eac75a4bb7424d718e0378a6fa2e828f 48911fc9e6004598abd8dd35323cb26e - - default default] Successfully bumped revision number for resource fc6b8c59-1671-4c83-968d-ae4d1f71c010 (type: subnets) to 0 [pid: 7|app: 0|req: 451/895] 10.0.0.176 () {34 vars in 1040 bytes} [Sat Aug 15 00:24:03 2026] GET /v2.0/security-groups?id=bd1e92d8-1062-46d9-8cbc-d0afe6ab4db7&fields=id&fields=name => generated 114 bytes in 42 msecs (HTTP/1.1 200) 4 headers in 157 bytes (1 switches on core 0) [pid: 8|app: 0|req: 445/896] 10.0.0.8 () {34 vars in 667 bytes} [Sat Aug 15 00:24:02 2026] POST /v2.0/subnets => generated 1323 bytes in 455 msecs (HTTP/1.1 201) 4 headers in 163 bytes (1 switches on core 0) [pid: 7|app: 0|req: 452/897] 199.204.45.235 () {34 vars in 1000 bytes} [Sat Aug 15 00:24:03 2026] GET /v2.0/subnets?network_id=a564c0c6-2623-49e3-b6c4-ebc265d2159b => generated 684 bytes in 54 msecs (HTTP/1.1 200) 4 headers in 157 bytes (1 switches on core 0)
2026-08-15 00:24:03.440 8 INFO neutron.db.segments_db [None req-b9fb2e15-19ac-4c6c-98b3-651ed57ae98e 0c81e273d1ef47d2bb97600010a95153 3978a06ed23e45d8b6de3b0b0b410443 - - default default] Added segment af91bead-7351-46fa-ab5c-14cae900e641 of type geneve for network f9034c66-2a33-4e9f-b883-163192fcea59 [pid: 7|app: 0|req: 453/898] 10.0.0.8 () {32 vars in 645 bytes} [Sat Aug 15 00:24:03 2026] GET /v2.0/subnets => generated 1959 bytes in 48 msecs (HTTP/1.1 200) 4 headers in 158 bytes (1 switches on core 0) [pid: 7|app: 0|req: 454/899] 199.204.45.235 () {34 vars in 1146 bytes} [Sat Aug 15 00:24:03 2026] GET /v2.0/ports?device_id=784874d5-5a07-4aa8-97da-b63250952d0a&device_owner=compute%3Anova&network_id=a564c0c6-2623-49e3-b6c4-ebc265d2159b => generated 975 bytes in 51 msecs (HTTP/1.1 200) 4 headers in 157 bytes (1 switches on core 0)
2026-08-15 00:24:03.556 8 INFO neutron.db.ovn_revision_numbers_db [None req-b9fb2e15-19ac-4c6c-98b3-651ed57ae98e 0c81e273d1ef47d2bb97600010a95153 3978a06ed23e45d8b6de3b0b0b410443 - - default default] Successfully bumped revision number for resource f9034c66-2a33-4e9f-b883-163192fcea59 (type: networks) to 1 [pid: 7|app: 0|req: 455/900] 10.0.0.8 () {32 vars in 722 bytes} [Sat Aug 15 00:24:03 2026] DELETE /v2.0/subnets/2706ab02-e9c6-44ec-a95a-8a8e400ad15e => generated 0 bytes in 138 msecs (HTTP/1.1 204) 3 headers in 131 bytes (1 switches on core 0)
2026-08-15 00:24:03.727 8 WARNING neutron.scheduler.dhcp_agent_scheduler [None req-b9fb2e15-19ac-4c6c-98b3-651ed57ae98e 0c81e273d1ef47d2bb97600010a95153 3978a06ed23e45d8b6de3b0b0b410443 - - default default] No more DHCP agents
2026-08-15 00:24:03.729 8 WARNING neutron.api.rpc.agentnotifiers.dhcp_rpc_agent_api [None req-b9fb2e15-19ac-4c6c-98b3-651ed57ae98e 0c81e273d1ef47d2bb97600010a95153 3978a06ed23e45d8b6de3b0b0b410443 - - default default] Unable to schedule network f9034c66-2a33-4e9f-b883-163192fcea59: no agents available; will retry on subsequent port and subnet creation events.
2026-08-15 00:24:03.806 8 INFO neutron.db.ovn_revision_numbers_db [None req-b9fb2e15-19ac-4c6c-98b3-651ed57ae98e 0c81e273d1ef47d2bb97600010a95153 3978a06ed23e45d8b6de3b0b0b410443 - - default default] Successfully bumped revision number for resource 5b6c83ac-25c4-468c-bc7c-b55075dfafef (type: ports) to 1
2026-08-15 00:24:03.806 7 INFO neutron.plugins.ml2.drivers.ovn.mech_driver.mech_driver [None req-83a71bcf-4598-41cf-b313-9ad232a8a0d7 - - - - - -] OVN reports status down for port: 5b6c83ac-25c4-468c-bc7c-b55075dfafef [pid: 8|app: 0|req: 446/901] 10.0.0.8 () {34 vars in 668 bytes} [Sat Aug 15 00:24:03 2026] POST /v2.0/networks => generated 632 bytes in 481 msecs (HTTP/1.1 201) 4 headers in 162 bytes (1 switches on core 0) [pid: 8|app: 0|req: 447/902] 10.0.0.8 () {32 vars in 722 bytes} [Sat Aug 15 00:24:03 2026] DELETE /v2.0/subnets/fc6b8c59-1671-4c83-968d-ae4d1f71c010 => generated 0 bytes in 126 msecs (HTTP/1.1 204) 3 headers in 131 bytes (1 switches on core 0)
2026-08-15 00:24:04.139 8 WARNING neutron.scheduler.dhcp_agent_scheduler [None req-6d09adfb-d627-42f7-9c94-e64859368c7a 0c81e273d1ef47d2bb97600010a95153 3978a06ed23e45d8b6de3b0b0b410443 - - default default] No more DHCP agents
2026-08-15 00:24:04.140 8 WARNING neutron.api.rpc.agentnotifiers.dhcp_rpc_agent_api [None req-6d09adfb-d627-42f7-9c94-e64859368c7a 0c81e273d1ef47d2bb97600010a95153 3978a06ed23e45d8b6de3b0b0b410443 - - default default] Unable to schedule network f9034c66-2a33-4e9f-b883-163192fcea59: no agents available; will retry on subsequent port and subnet creation events.
2026-08-15 00:24:04.145 7 INFO neutron.db.ovn_revision_numbers_db [req-99557293-dd3f-4065-83ea-65102876c300 req-987e49a4-e269-462d-a501-f1e145688e73 f8dbd1b5639549febe907c0374ddcecb 8f3f43aab2be4cc489f4538729cac4c7 - - default default] Successfully bumped revision number for resource e3bf9281-83bc-4b3c-8f88-e2b52a1cd45d (type: ports) to 6 [pid: 7|app: 0|req: 456/903] 199.204.45.235 () {38 vars in 1028 bytes} [Sat Aug 15 00:24:03 2026] PUT /v2.0/ports/e3bf9281-83bc-4b3c-8f88-e2b52a1cd45d => generated 1149 bytes in 529 msecs (HTTP/1.1 200) 4 headers in 158 bytes (1 switches on core 0) /var/lib/openstack/lib/python3.12/site-packages/pycadf/identifier.py:70: UserWarning: Invalid uuid: neutron. To ensure interoperability, identifiers should be a valid uuid. warnings.warn(('Invalid uuid: %s. To ensure interoperability, ' [pid: 7|app: 0|req: 457/904] 10.0.0.8 () {32 vars in 645 bytes} [Sat Aug 15 00:24:04 2026] GET /v2.0/subnets => generated 649 bytes in 40 msecs (HTTP/1.1 200) 4 headers in 157 bytes (1 switches on core 0)
2026-08-15 00:24:04.203 7 INFO neutron.notifiers.nova [-] Nova event matching ['req-f450fe73-4323-405e-9293-077142db123d'] response: {'name': 'network-changed', 'server_uuid': '784874d5-5a07-4aa8-97da-b63250952d0a', 'tag': 'e3bf9281-83bc-4b3c-8f88-e2b52a1cd45d', 'status': 'completed', 'code': 200}
2026-08-15 00:24:04.613 8 INFO neutron.db.ovn_revision_numbers_db [None req-7c6e93a5-c020-48d5-9042-2646fb4e0c35 - - - - - -] Successfully bumped revision number for resource 5b6c83ac-25c4-468c-bc7c-b55075dfafef (type: ports) to 2
2026-08-15 00:24:04.646 8 INFO neutron.db.ovn_revision_numbers_db [None req-7c6e93a5-c020-48d5-9042-2646fb4e0c35 - - - - - -] Successfully bumped revision number for resource 46a472d9-dfac-4b29-b44c-53209c8636f1 (type: subnets) to 0 [pid: 8|app: 0|req: 448/905] 10.0.0.8 () {34 vars in 667 bytes} [Sat Aug 15 00:24:03 2026] POST /v2.0/subnets => generated 626 bytes in 706 msecs (HTTP/1.1 201) 4 headers in 162 bytes (1 switches on core 0) [pid: 8|app: 0|req: 449/906] 10.0.0.176 () {34 vars in 990 bytes} [Sat Aug 15 00:24:04 2026] GET /v2.0/ports?device_id=d430ad3a-aeaf-4dec-a02f-24ad433829c6 => generated 975 bytes in 75 msecs (HTTP/1.1 200) 4 headers in 157 bytes (1 switches on core 0)
2026-08-15 00:24:04.771 7 INFO neutron_taas.services.taas.taas_plugin [None req-ed7f22d5-d5a5-40cf-b0a8-8e63fb5ac890 eac75a4bb7424d718e0378a6fa2e828f 48911fc9e6004598abd8dd35323cb26e - - default default] TaaS: Handle Delete Port: b18fac78-5297-4c2f-9925-17674b18054d
2026-08-15 00:24:04.774 7 INFO neutron_taas.services.taas.tap_mirror_plugin [None req-ed7f22d5-d5a5-40cf-b0a8-8e63fb5ac890 eac75a4bb7424d718e0378a6fa2e828f 48911fc9e6004598abd8dd35323cb26e - - default default] Tap Mirror: Handle Delete Port: b18fac78-5297-4c2f-9925-17674b18054d [pid: 8|app: 0|req: 450/907] 199.204.45.235 () {34 vars in 1080 bytes} [Sat Aug 15 00:24:04 2026] GET /v2.0/ports?tenant_id=7a2758d497924ffbbb26b2844f73dd6f&device_id=d430ad3a-aeaf-4dec-a02f-24ad433829c6 => generated 1213 bytes in 37 msecs (HTTP/1.1 200) 4 headers in 158 bytes (1 switches on core 0) [pid: 7|app: 0|req: 458/908] 10.0.0.8 () {32 vars in 724 bytes} [Sat Aug 15 00:24:04 2026] DELETE /v2.0/networks/14ea576a-37ba-4768-bd9e-86e8eece550a => generated 0 bytes in 789 msecs (HTTP/1.1 204) 3 headers in 131 bytes (1 switches on core 0) [pid: 7|app: 0|req: 459/909] 199.204.45.235 () {34 vars in 1080 bytes} [Sat Aug 15 00:24:04 2026] GET /v2.0/ports?tenant_id=8f3f43aab2be4cc489f4538729cac4c7&device_id=784874d5-5a07-4aa8-97da-b63250952d0a => generated 1390 bytes in 41 msecs (HTTP/1.1 200) 4 headers in 158 bytes (1 switches on core 0)
2026-08-15 00:24:05.046 8 WARNING neutron.scheduler.dhcp_agent_scheduler [None req-364dbce8-fd99-47b5-b596-d2b0c702eb80 0c81e273d1ef47d2bb97600010a95153 3978a06ed23e45d8b6de3b0b0b410443 - - default default] No more DHCP agents
2026-08-15 00:24:05.047 8 WARNING neutron.api.rpc.agentnotifiers.dhcp_rpc_agent_api [None req-364dbce8-fd99-47b5-b596-d2b0c702eb80 0c81e273d1ef47d2bb97600010a95153 3978a06ed23e45d8b6de3b0b0b410443 - - default default] Unable to schedule network f9034c66-2a33-4e9f-b883-163192fcea59: no agents available; will retry on subsequent port and subnet creation events. [pid: 7|app: 0|req: 460/910] 10.0.0.176 () {34 vars in 1040 bytes} [Sat Aug 15 00:24:05 2026] GET /v2.0/security-groups?id=bd1e92d8-1062-46d9-8cbc-d0afe6ab4db7&fields=id&fields=name => generated 114 bytes in 39 msecs (HTTP/1.1 200) 4 headers in 157 bytes (1 switches on core 0) [pid: 7|app: 0|req: 461/911] 199.204.45.235 () {34 vars in 986 bytes} [Sat Aug 15 00:24:05 2026] GET /v2.0/networks?id=a800798c-c95b-4c9a-9dda-20ccd94aa781 => generated 775 bytes in 38 msecs (HTTP/1.1 200) 4 headers in 157 bytes (1 switches on core 0)
2026-08-15 00:24:05.166 7 INFO neutron.plugins.ml2.drivers.ovn.mech_driver.mech_driver [None req-83a71bcf-4598-41cf-b313-9ad232a8a0d7 - - - - - -] OVN reports status down for port: 63dcf6cb-0248-47e4-9f53-b10a269713ac
2026-08-15 00:24:05.182 8 INFO neutron.db.ovn_revision_numbers_db [None req-364dbce8-fd99-47b5-b596-d2b0c702eb80 0c81e273d1ef47d2bb97600010a95153 3978a06ed23e45d8b6de3b0b0b410443 - - default default] Successfully bumped revision number for resource 63dcf6cb-0248-47e4-9f53-b10a269713ac (type: ports) to 1 [pid: 8|app: 0|req: 451/912] 10.0.0.8 () {34 vars in 663 bytes} [Sat Aug 15 00:24:04 2026] POST /v2.0/ports => generated 916 bytes in 438 msecs (HTTP/1.1 201) 4 headers in 162 bytes (1 switches on core 0) [pid: 8|app: 0|req: 452/913] 199.204.45.235 () {34 vars in 986 bytes} [Sat Aug 15 00:24:05 2026] GET /v2.0/networks?id=a564c0c6-2623-49e3-b6c4-ebc265d2159b => generated 783 bytes in 52 msecs (HTTP/1.1 200) 4 headers in 157 bytes (1 switches on core 0)
2026-08-15 00:24:05.289 7 INFO neutron.services.segments.plugin [-] Segment c188c164-c8b4-4521-88e7-6d7bf6ee1520 resource provider aggregate not found
2026-08-15 00:24:05.296 7 INFO neutron.services.segments.plugin [-] Segment c188c164-c8b4-4521-88e7-6d7bf6ee1520 resource provider aggregate not found [pid: 8|app: 0|req: 453/914] 199.204.45.235 () {34 vars in 1060 bytes} [Sat Aug 15 00:24:05 2026] GET /v2.0/floatingips?fixed_ip_address=10.100.0.12&port_id=9444cb14-b9f5-4578-a1de-5a5dd555e709 => generated 861 bytes in 47 msecs (HTTP/1.1 200) 4 headers in 157 bytes (1 switches on core 0)
2026-08-15 00:24:05.317 7 INFO neutron.services.segments.plugin [-] Client error retrieving segment c188c164-c8b4-4521-88e7-6d7bf6ee1520 resource provider; error: Placement Client Error (4xx): {"errors": [{"status": 404, "title": "Not Found", "detail": "The resource could not be found.\n\n No resource provider with uuid c188c164-c8b4-4521-88e7-6d7bf6ee1520 found for delete ", "request_id": "req-3e977d6d-1351-4ea5-b2c2-f46a077bb1db"}]}
2026-08-15 00:24:05.324 7 INFO neutron.services.segments.plugin [-] Client error retrieving segment c188c164-c8b4-4521-88e7-6d7bf6ee1520 resource provider; error: Placement Client Error (4xx): {"errors": [{"status": 404, "title": "Not Found", "detail": "The resource could not be found.\n\n No resource provider with uuid c188c164-c8b4-4521-88e7-6d7bf6ee1520 found for delete ", "request_id": "req-7e826512-5568-429b-9860-0718ecc0028d"}]}
2026-08-15 00:24:05.353 7 INFO neutron_taas.services.taas.taas_plugin [None req-26b5df92-555e-4a30-84ea-733713ab1da2 eac75a4bb7424d718e0378a6fa2e828f 48911fc9e6004598abd8dd35323cb26e - - default default] TaaS: Handle Delete Port: 24839ccc-7924-4783-851a-3e1c20e96caa
2026-08-15 00:24:05.356 7 INFO neutron_taas.services.taas.tap_mirror_plugin [None req-26b5df92-555e-4a30-84ea-733713ab1da2 eac75a4bb7424d718e0378a6fa2e828f 48911fc9e6004598abd8dd35323cb26e - - default default] Tap Mirror: Handle Delete Port: 24839ccc-7924-4783-851a-3e1c20e96caa
2026-08-15 00:24:05.485 8 INFO neutron_taas.services.taas.taas_plugin [None req-0ab9447c-80f3-4d54-87a6-fbbd9b85d22a 0c81e273d1ef47d2bb97600010a95153 3978a06ed23e45d8b6de3b0b0b410443 - - default default] TaaS: Handle Delete Port: 63dcf6cb-0248-47e4-9f53-b10a269713ac
2026-08-15 00:24:05.488 8 INFO neutron_taas.services.taas.tap_mirror_plugin [None req-0ab9447c-80f3-4d54-87a6-fbbd9b85d22a 0c81e273d1ef47d2bb97600010a95153 3978a06ed23e45d8b6de3b0b0b410443 - - default default] Tap Mirror: Handle Delete Port: 63dcf6cb-0248-47e4-9f53-b10a269713ac [pid: 7|app: 0|req: 462/915] 10.0.0.8 () {32 vars in 724 bytes} [Sat Aug 15 00:24:05 2026] DELETE /v2.0/networks/b65052f7-0ea4-4d51-b00a-6a7fa59b801f => generated 0 bytes in 466 msecs (HTTP/1.1 204) 3 headers in 131 bytes (1 switches on core 0) [pid: 7|app: 0|req: 463/916] 199.204.45.235 () {34 vars in 1060 bytes} [Sat Aug 15 00:24:05 2026] GET /v2.0/floatingips?fixed_ip_address=10.100.0.14&port_id=e3bf9281-83bc-4b3c-8f88-e2b52a1cd45d => generated 861 bytes in 32 msecs (HTTP/1.1 200) 4 headers in 157 bytes (1 switches on core 0) [pid: 8|app: 0|req: 454/917] 10.0.0.8 () {32 vars in 718 bytes} [Sat Aug 15 00:24:05 2026] DELETE /v2.0/ports/63dcf6cb-0248-47e4-9f53-b10a269713ac => generated 0 bytes in 341 msecs (HTTP/1.1 204) 3 headers in 131 bytes (1 switches on core 0) [pid: 7|app: 0|req: 464/918] 199.204.45.235 () {34 vars in 984 bytes} [Sat Aug 15 00:24:05 2026] GET /v2.0/subnets?id=592e7420-4d24-4610-9a49-bdb1b664047a => generated 694 bytes in 41 msecs (HTTP/1.1 200) 4 headers in 157 bytes (1 switches on core 0) [pid: 7|app: 0|req: 465/919] 199.204.45.235 () {34 vars in 1058 bytes} [Sat Aug 15 00:24:05 2026] GET /v2.0/floatingips?fixed_ip_address=10.100.0.9&port_id=e3bf9281-83bc-4b3c-8f88-e2b52a1cd45d => generated 19 bytes in 23 msecs (HTTP/1.1 200) 4 headers in 156 bytes (1 switches on core 0)
2026-08-15 00:24:05.695 7 INFO neutron.pecan_wsgi.hooks.translation [None req-3caf63ad-08e6-487e-9a29-447af41bffa3 0c81e273d1ef47d2bb97600010a95153 3978a06ed23e45d8b6de3b0b0b410443 - - default default] GET failed (client error): The resource could not be found. [pid: 7|app: 0|req: 466/920] 10.0.0.8 () {32 vars in 715 bytes} [Sat Aug 15 00:24:05 2026] GET /v2.0/ports/63dcf6cb-0248-47e4-9f53-b10a269713ac => generated 132 bytes in 16 msecs (HTTP/1.1 404) 4 headers in 164 bytes (1 switches on core 0) [pid: 7|app: 0|req: 467/921] 199.204.45.235 () {34 vars in 1052 bytes} [Sat Aug 15 00:24:05 2026] GET /v2.0/ports?network_id=a800798c-c95b-4c9a-9dda-20ccd94aa781&device_owner=network%3Adhcp => generated 12 bytes in 25 msecs (HTTP/1.1 200) 4 headers in 156 bytes (1 switches on core 0) [pid: 7|app: 0|req: 468/922] 199.204.45.235 () {34 vars in 984 bytes} [Sat Aug 15 00:24:05 2026] GET /v2.0/subnets?id=b22e3194-df29-4904-a52c-d0a1485cf0ce => generated 702 bytes in 24 msecs (HTTP/1.1 200) 4 headers in 157 bytes (1 switches on core 0)
2026-08-15 00:24:05.766 8 INFO neutron_taas.services.taas.taas_plugin [None req-eb643688-cf23-4ef4-9a30-f9e3f3d70004 eac75a4bb7424d718e0378a6fa2e828f 48911fc9e6004598abd8dd35323cb26e - - default default] TaaS: Handle Delete Port: 1f9b5bf4-8106-4f4c-9ab3-6832a60c84c1
2026-08-15 00:24:05.769 8 INFO neutron_taas.services.taas.tap_mirror_plugin [None req-eb643688-cf23-4ef4-9a30-f9e3f3d70004 eac75a4bb7424d718e0378a6fa2e828f 48911fc9e6004598abd8dd35323cb26e - - default default] Tap Mirror: Handle Delete Port: 1f9b5bf4-8106-4f4c-9ab3-6832a60c84c1 [pid: 7|app: 0|req: 469/923] 10.0.0.8 () {32 vars in 722 bytes} [Sat Aug 15 00:24:05 2026] DELETE /v2.0/subnets/46a472d9-dfac-4b29-b44c-53209c8636f1 => generated 0 bytes in 174 msecs (HTTP/1.1 204) 3 headers in 131 bytes (1 switches on core 0)
2026-08-15 00:24:05.941 8 INFO neutron.services.segments.plugin [-] Segment 3894da41-6b77-4e3b-89aa-2e7983f1eef7 resource provider aggregate not found
2026-08-15 00:24:05.945 8 INFO neutron.services.segments.plugin [-] Segment 3894da41-6b77-4e3b-89aa-2e7983f1eef7 resource provider aggregate not found [pid: 7|app: 0|req: 470/924] 199.204.45.235 () {34 vars in 1012 bytes} [Sat Aug 15 00:24:05 2026] GET /v2.0/networks/a800798c-c95b-4c9a-9dda-20ccd94aa781?fields=segments => generated 14 bytes in 35 msecs (HTTP/1.1 200) 4 headers in 156 bytes (1 switches on core 0)
2026-08-15 00:24:05.960 8 INFO neutron.services.segments.plugin [-] Client error retrieving segment 3894da41-6b77-4e3b-89aa-2e7983f1eef7 resource provider; error: Placement Client Error (4xx): {"errors": [{"status": 404, "title": "Not Found", "detail": "The resource could not be found.\n\n No resource provider with uuid 3894da41-6b77-4e3b-89aa-2e7983f1eef7 found for delete ", "request_id": "req-85ff4d8d-fc5c-4436-85bc-f3ef0cceadc4"}]}
