2026-05-09 18:05:36.110 9 INFO neutron.wsgi [req-e8d7c8f8-c642-40fb-87b8-95f7682809c0 req-8c889288-78ad-477b-a3f6-97e27bd6cd73 9cad54d526fa4de69bb647b8510d2e3b 44af381e3afe421c9e9f3df2ab085c80 - - default default] 10.0.0.125 "GET /v2.0/security-groups?id=194e726f-f39b-46ad-b597-eb958cc13570&fields=id&fields=name HTTP/1.1" status: 200 len: 286 time: 0.0581174
2026-05-09 18:05:36.121 10 INFO neutron.wsgi [req-360e5370-fe91-4f27-afcf-1b66252d81fa req-b8d17336-0c46-43e3-b7cd-eec671af4fcb 3d1b48234bfb4456b74d607c2fb6e92d dba2a123c14b4227baa0394d4f676523 - - default default] 10.0.0.125 "GET /v2.0/security-groups?id=117f2e87-e2f6-4a14-b85b-0e2b536599cb&fields=id&fields=name HTTP/1.1" status: 200 len: 286 time: 0.0389314
2026-05-09 18:05:36.142 9 INFO neutron.wsgi [None req-caa3b3cb-f18e-43d1-9bf5-c9db66819c49 b0c879c99dad44d09219c314d35f57e4 a5452024624c4173a9384ae077addd82 - - default default] 10.0.0.99 "GET /v2.0/networks HTTP/1.1" status: 200 len: 4633 time: 0.1586881
2026-05-09 18:05:36.218 9 INFO neutron.wsgi [None req-bb72ad84-0c93-42b6-8c34-6db860c94941 b0c879c99dad44d09219c314d35f57e4 a5452024624c4173a9384ae077addd82 - - default default] 10.0.0.99 "GET /v2.0/subnets HTTP/1.1" status: 200 len: 3360 time: 0.0726540
2026-05-09 18:05:36.579 9 INFO neutron.wsgi [None req-0b06d07c-66e0-443e-96e6-8f28033daca2 b0c879c99dad44d09219c314d35f57e4 a5452024624c4173a9384ae077addd82 - - default default] 10.0.0.99 "GET /v2.0/routers HTTP/1.1" status: 200 len: 3080 time: 0.3597372
2026-05-09 18:05:36.595 9 INFO neutron.wsgi [None req-b432029e-41c7-4131-baa6-edbe7b2848ef b0c879c99dad44d09219c314d35f57e4 a5452024624c4173a9384ae077addd82 - - default default] 10.0.0.99 "GET /v2.0/agents?binary=ovn-controller HTTP/1.1" status: 200 len: 591 time: 0.0143745
2026-05-09 18:05:36.613 9 INFO neutron.wsgi [None req-f2afea10-f8b6-4563-ad3f-9465c1d2ed27 b0c879c99dad44d09219c314d35f57e4 a5452024624c4173a9384ae077addd82 - - default default] 10.0.0.99 "GET /v2.0/network-ip-availabilities HTTP/1.1" status: 200 len: 2665 time: 0.0166771
2026-05-09 18:05:36.669 10 INFO neutron.wsgi [-] 10.0.0.98 "GET / HTTP/1.1" status: 200 len: 247 time: 0.0027659
2026-05-09 18:05:36.673 10 INFO neutron.wsgi [-] 10.0.0.98 "GET / HTTP/1.1" status: 200 len: 247 time: 0.0022376
2026-05-09 18:05:36.715 9 INFO neutron.wsgi [None req-28d70998-1105-401d-b381-f9ee73b435a1 b0c879c99dad44d09219c314d35f57e4 a5452024624c4173a9384ae077addd82 - - default default] 10.0.0.99 "GET /v2.0/ports HTTP/1.1" status: 200 len: 16071 time: 0.1014702
2026-05-09 18:05:36.775 9 INFO neutron.wsgi [None req-f69132e3-b8e1-4b03-a348-988c5ae3804f b0c879c99dad44d09219c314d35f57e4 a5452024624c4173a9384ae077addd82 - - default default] 10.0.0.99 "GET /v2.0/subnets HTTP/1.1" status: 200 len: 3360 time: 0.0437977
2026-05-09 18:05:36.793 9 INFO neutron.wsgi [None req-91cefa68-eb94-4919-8240-2bedc24b9a1b b0c879c99dad44d09219c314d35f57e4 a5452024624c4173a9384ae077addd82 - - default default] 10.0.0.99 "GET /v2.0/subnetpools HTTP/1.1" status: 200 len: 193 time: 0.0164382
2026-05-09 18:05:36.954 9 INFO neutron.wsgi [None req-6643d36b-fe82-40e8-b8b4-7d577932bb64 df22907461a74e3e82f2d180376ef1c3 31065f576e024c9bb2929f2a74db98e2 - - default default] 10.0.0.133 "PUT /v2.0/routers/48581759-eb9a-405c-905f-9d37bb4931f2/remove_router_interface HTTP/1.1" status: 200 len: 503 time: 1.5781841 /var/lib/openstack/lib/python3.10/site-packages/pycadf/identifier.py:71: UserWarning: Invalid uuid: neutron. To ensure interoperability, identifiers should be a valid uuid. warnings.warn(('Invalid uuid: %s. To ensure interoperability, '
2026-05-09 18:05:37.148 9 WARNING neutron.plugins.ml2.drivers.ovn.mech_driver.ovsdb.ovn_client [None req-92ca9d30-b5f6-46a0-83a6-a6bebe0da3ef - - - - - -] No hosting information found for port 064bc2e5-fc06-4416-95c5-78a9874e478d: RuntimeError: No hosting information found for port 064bc2e5-fc06-4416-95c5-78a9874e478d
2026-05-09 18:05:37.148 9 INFO neutron.plugins.ml2.drivers.ovn.mech_driver.mech_driver [None req-92ca9d30-b5f6-46a0-83a6-a6bebe0da3ef - - - - - -] OVN reports status up for port: 0c57e031-f55a-4eca-8033-5cc0c3f65326
2026-05-09 18:05:37.177 9 INFO neutron.plugins.ml2.plugin [None req-92ca9d30-b5f6-46a0-83a6-a6bebe0da3ef - - - - - -] Attempt 1 to provision port 0c57e031-f55a-4eca-8033-5cc0c3f65326
2026-05-09 18:05:37.234 10 INFO neutron.wsgi [req-0a85662b-a89d-4782-b019-bfbffe3249bd req-08400def-7e29-42ec-a5ee-b371241c8148 3d1b48234bfb4456b74d607c2fb6e92d dba2a123c14b4227baa0394d4f676523 - - default default] 10.0.0.125 "GET /v2.0/ports?device_id=e932c4c5-94f3-4492-94a2-a7a3a6ee0d81 HTTP/1.1" status: 200 len: 1168 time: 0.0422256
2026-05-09 18:05:37.239 9 INFO neutron.wsgi [req-44278508-f8a9-4a44-aa75-73dd13806134 req-9a0c7ca6-725b-4605-8ef5-1146f9206982 9cad54d526fa4de69bb647b8510d2e3b 44af381e3afe421c9e9f3df2ab085c80 - - default default] 10.0.0.125 "GET /v2.0/ports?device_id=8ce76f50-4971-405a-93ca-319fb2483df1 HTTP/1.1" status: 200 len: 1172 time: 0.0644186
2026-05-09 18:05:37.281 10 INFO neutron.wsgi [req-0a85662b-a89d-4782-b019-bfbffe3249bd req-62aaaa55-5708-4278-8c96-4c5a19dc5ed2 3d1b48234bfb4456b74d607c2fb6e92d dba2a123c14b4227baa0394d4f676523 - - default default] 10.0.0.125 "GET /v2.0/security-groups?id=117f2e87-e2f6-4a14-b85b-0e2b536599cb&fields=id&fields=name HTTP/1.1" status: 200 len: 286 time: 0.0409145
2026-05-09 18:05:37.319 9 INFO neutron.wsgi [req-44278508-f8a9-4a44-aa75-73dd13806134 req-05d5d0ec-4a0c-4c8f-88b3-84de4e0d8ed8 9cad54d526fa4de69bb647b8510d2e3b 44af381e3afe421c9e9f3df2ab085c80 - - default default] 10.0.0.125 "GET /v2.0/security-groups?id=194e726f-f39b-46ad-b597-eb958cc13570&fields=id&fields=name HTTP/1.1" status: 200 len: 286 time: 0.0752053
2026-05-09 18:05:37.329 9 INFO neutron.plugins.ml2.drivers.ovn.mech_driver.mech_driver [None req-92ca9d30-b5f6-46a0-83a6-a6bebe0da3ef - - - - - -] OVN reports status up for port: 1c958f9c-55b3-469d-9c23-da9e15bc539b
2026-05-09 18:05:37.345 9 INFO neutron.plugins.ml2.plugin [None req-92ca9d30-b5f6-46a0-83a6-a6bebe0da3ef - - - - - -] Attempt 1 to provision port 1c958f9c-55b3-469d-9c23-da9e15bc539b
2026-05-09 18:05:37.705 9 INFO neutron.notifiers.nova [-] Nova event matching ['req-e6651e84-0829-45e9-9c2e-72ed33d378ec'] response: {'server_uuid': 'e932c4c5-94f3-4492-94a2-a7a3a6ee0d81', 'name': 'network-vif-plugged', 'status': 'completed', 'tag': '1c958f9c-55b3-469d-9c23-da9e15bc539b', 'code': 200}
2026-05-09 18:05:37.963 9 INFO neutron.db.ovn_revision_numbers_db [None req-92ca9d30-b5f6-46a0-83a6-a6bebe0da3ef - - - - - -] Successfully bumped revision number for resource 1c958f9c-55b3-469d-9c23-da9e15bc539b (type: ports) to 4
2026-05-09 18:05:38.049 9 INFO neutron.plugins.ml2.drivers.ovn.mech_driver.mech_driver [None req-92ca9d30-b5f6-46a0-83a6-a6bebe0da3ef - - - - - -] OVN reports status up for port: 06ba5f4f-773b-4c30-ad39-4d3740d9e1ed
2026-05-09 18:05:38.069 9 INFO neutron.plugins.ml2.plugin [None req-92ca9d30-b5f6-46a0-83a6-a6bebe0da3ef - - - - - -] Attempt 1 to provision port 06ba5f4f-773b-4c30-ad39-4d3740d9e1ed
2026-05-09 18:05:38.167 9 INFO neutron.wsgi [None req-9060a6b0-a4a8-4537-b722-d185d9b6239b df22907461a74e3e82f2d180376ef1c3 31065f576e024c9bb2929f2a74db98e2 - - default default] 10.0.0.133 "DELETE /v2.0/routers/48581759-eb9a-405c-905f-9d37bb4931f2 HTTP/1.1" status: 204 len: 168 time: 1.2071626
2026-05-09 18:05:38.347 10 INFO neutron.wsgi [None req-736d30ab-950b-4d22-b713-693d335d2af0 df22907461a74e3e82f2d180376ef1c3 31065f576e024c9bb2929f2a74db98e2 - - default default] 10.0.0.133 "DELETE /v2.0/subnets/bc365db7-c252-4c96-8d22-46505f48796c HTTP/1.1" status: 204 len: 168 time: 0.1750443 /var/lib/openstack/lib/python3.10/site-packages/pycadf/identifier.py:71: UserWarning: Invalid uuid: neutron. To ensure interoperability, identifiers should be a valid uuid. warnings.warn(('Invalid uuid: %s. To ensure interoperability, '
2026-05-09 18:05:38.485 10 INFO neutron.wsgi [req-e9fac9b1-6654-44cb-8125-39fdf27bdfc5 req-66edcfc6-855f-4d5b-95cd-cbe451621007 9cad54d526fa4de69bb647b8510d2e3b 44af381e3afe421c9e9f3df2ab085c80 - - default default] 10.0.0.125 "GET /v2.0/ports?device_id=8ce76f50-4971-405a-93ca-319fb2483df1 HTTP/1.1" status: 200 len: 1172 time: 0.0947497
2026-05-09 18:05:38.489 9 INFO neutron.wsgi [req-2c57cf5a-1503-4a16-b61d-4e17b8500a06 req-0b8eb615-13fb-439a-ba7d-bdb2f8b21bf6 3d1b48234bfb4456b74d607c2fb6e92d dba2a123c14b4227baa0394d4f676523 - - default default] 10.0.0.125 "GET /v2.0/ports?device_id=e932c4c5-94f3-4492-94a2-a7a3a6ee0d81 HTTP/1.1" status: 200 len: 1170 time: 0.1354661
2026-05-09 18:05:38.540 9 INFO neutron.wsgi [req-2c57cf5a-1503-4a16-b61d-4e17b8500a06 req-2cab0d34-40a9-41f5-823f-a9d267fc790a 3d1b48234bfb4456b74d607c2fb6e92d dba2a123c14b4227baa0394d4f676523 - - default default] 10.0.0.125 "GET /v2.0/security-groups?id=117f2e87-e2f6-4a14-b85b-0e2b536599cb&fields=id&fields=name HTTP/1.1" status: 200 len: 286 time: 0.0454063
2026-05-09 18:05:38.556 9 INFO neutron.db.ovn_revision_numbers_db [None req-92ca9d30-b5f6-46a0-83a6-a6bebe0da3ef - - - - - -] Successfully bumped revision number for resource 06ba5f4f-773b-4c30-ad39-4d3740d9e1ed (type: ports) to 2
2026-05-09 18:05:38.558 10 INFO neutron.wsgi [req-e9fac9b1-6654-44cb-8125-39fdf27bdfc5 req-4baf4de6-730c-4a4c-a50e-f719cb5312f7 9cad54d526fa4de69bb647b8510d2e3b 44af381e3afe421c9e9f3df2ab085c80 - - default default] 10.0.0.125 "GET /v2.0/security-groups?id=194e726f-f39b-46ad-b597-eb958cc13570&fields=id&fields=name HTTP/1.1" status: 200 len: 286 time: 0.0660138
2026-05-09 18:05:38.698 9 INFO neutron.db.ovn_revision_numbers_db [None req-92ca9d30-b5f6-46a0-83a6-a6bebe0da3ef - - - - - -] Successfully bumped revision number for resource 06ba5f4f-773b-4c30-ad39-4d3740d9e1ed (type: router_ports) to 2
2026-05-09 18:05:38.785 10 INFO neutron.services.segments.plugin [-] Segment 8cea8669-0c88-4a65-86ec-5bc7ecbf726f resource provider aggregate not found
2026-05-09 18:05:38.789 10 INFO neutron.services.segments.plugin [-] Segment 8cea8669-0c88-4a65-86ec-5bc7ecbf726f resource provider aggregate not found
2026-05-09 18:05:38.806 10 INFO neutron.services.segments.plugin [-] Segment 8cea8669-0c88-4a65-86ec-5bc7ecbf726f resource provider not found; error: Placement Client Error (4xx): {"errors": [{"status": 404, "title": "Not Found", "detail": "The resource could not be found.\n\n No resource provider with uuid 8cea8669-0c88-4a65-86ec-5bc7ecbf726f found for delete ", "request_id": "req-44c6f2ad-99ad-408c-86a4-ff257843e950"}]}
2026-05-09 18:05:38.807 10 INFO neutron.services.segments.plugin [-] Segment 8cea8669-0c88-4a65-86ec-5bc7ecbf726f resource provider not found; error: Placement Client Error (4xx): {"errors": [{"status": 404, "title": "Not Found", "detail": "The resource could not be found.\n\n No resource provider with uuid 8cea8669-0c88-4a65-86ec-5bc7ecbf726f found for delete ", "request_id": "req-94ac3715-06f2-461a-9249-501cd1cd4c35"}]}
2026-05-09 18:05:38.825 10 INFO neutron.wsgi [None req-cd6a7bcf-b452-418e-bab0-0651c5f8269f df22907461a74e3e82f2d180376ef1c3 31065f576e024c9bb2929f2a74db98e2 - - default default] 10.0.0.133 "DELETE /v2.0/networks/dcce5a27-29a3-4192-825c-d4000ecd2345 HTTP/1.1" status: 204 len: 168 time: 0.4721253
2026-05-09 18:05:38.854 9 INFO neutron.wsgi [req-488d7776-54b9-41ee-ab1c-5eed99bfc94c req-4da90bd7-1ed1-495f-9222-d6bd867a4b29 3d1b48234bfb4456b74d607c2fb6e92d dba2a123c14b4227baa0394d4f676523 - - default default] 10.0.0.125 "GET /v2.0/ports?device_id=e932c4c5-94f3-4492-94a2-a7a3a6ee0d81 HTTP/1.1" status: 200 len: 1170 time: 0.0377321
2026-05-09 18:05:38.906 9 INFO neutron.wsgi [req-488d7776-54b9-41ee-ab1c-5eed99bfc94c req-2b357fef-231e-4071-9846-933ce57569a3 3d1b48234bfb4456b74d607c2fb6e92d dba2a123c14b4227baa0394d4f676523 - - default default] 10.0.0.125 "GET /v2.0/security-groups?id=117f2e87-e2f6-4a14-b85b-0e2b536599cb&fields=id&fields=name HTTP/1.1" status: 200 len: 286 time: 0.0448411
2026-05-09 18:05:39.182 10 INFO neutron.wsgi [req-3cbe645f-0cf4-4328-b382-f313d80657a8 req-de8fccf5-9e89-43d6-8310-a0abb660214a 3d1b48234bfb4456b74d607c2fb6e92d dba2a123c14b4227baa0394d4f676523 - - default default] 199.204.45.222 "GET /v2.0/ports?device_id=e932c4c5-94f3-4492-94a2-a7a3a6ee0d81 HTTP/1.1" status: 200 len: 1170 time: 0.0400217
2026-05-09 18:05:39.432 9 INFO neutron.wsgi [None req-dccf3ac0-ad9f-464b-a31c-67e6eec72d41 b0c879c99dad44d09219c314d35f57e4 a5452024624c4173a9384ae077addd82 - - default default] 10.0.0.133 "GET /v2.0/security-groups?tenant_id=31065f576e024c9bb2929f2a74db98e2&name=default HTTP/1.1" status: 200 len: 3120 time: 0.1390035
2026-05-09 18:05:39.493 10 INFO neutron.wsgi [req-3cbe645f-0cf4-4328-b382-f313d80657a8 req-9c397eb7-fcef-438a-8154-87cde14713b0 3d1b48234bfb4456b74d607c2fb6e92d dba2a123c14b4227baa0394d4f676523 - - default default] 199.204.45.222 "DELETE /v2.0/ports/1c958f9c-55b3-469d-9c23-da9e15bc539b HTTP/1.1" status: 204 len: 173 time: 0.3063278
2026-05-09 18:05:39.528 10 INFO neutron.notifiers.nova [-] Nova event matching ['req-34ad72f7-55de-443c-b9e5-e56b606b1dcc'] response: {'server_uuid': 'e932c4c5-94f3-4492-94a2-a7a3a6ee0d81', 'name': 'network-vif-deleted', 'tag': '1c958f9c-55b3-469d-9c23-da9e15bc539b', 'status': 'completed', 'code': 200}
2026-05-09 18:05:39.671 9 INFO neutron.wsgi [req-56d43d92-b5fb-4f1c-8f8c-3294be4d586a req-8b46a0fa-18fb-4694-aaad-d4004e6c2a16 9cad54d526fa4de69bb647b8510d2e3b 44af381e3afe421c9e9f3df2ab085c80 - - default default] 10.0.0.125 "GET /v2.0/ports?device_id=8ce76f50-4971-405a-93ca-319fb2483df1 HTTP/1.1" status: 200 len: 1172 time: 0.0465839
2026-05-09 18:05:39.720 9 INFO neutron.wsgi [None req-8799bfd9-fa01-45c1-be20-bb0c8375fa8a b0c879c99dad44d09219c314d35f57e4 a5452024624c4173a9384ae077addd82 - - default default] 10.0.0.133 "DELETE /v2.0/security-groups/3708904f-bf84-4538-9c99-f2010c1741f7 HTTP/1.1" status: 204 len: 168 time: 0.2815902
2026-05-09 18:05:39.734 9 INFO neutron.wsgi [req-56d43d92-b5fb-4f1c-8f8c-3294be4d586a req-83b15b7b-cbe7-45a7-8470-5449b72a28e0 9cad54d526fa4de69bb647b8510d2e3b 44af381e3afe421c9e9f3df2ab085c80 - - default default] 10.0.0.125 "GET /v2.0/security-groups?id=194e726f-f39b-46ad-b597-eb958cc13570&fields=id&fields=name HTTP/1.1" status: 200 len: 286 time: 0.0570362
2026-05-09 18:05:39.744 9 INFO neutron.notifiers.nova [-] Nova event matching ['req-bd5b6e3a-6d36-44d3-b96f-31b1d8c48ae8'] response: {'server_uuid': 'e932c4c5-94f3-4492-94a2-a7a3a6ee0d81', 'name': 'network-vif-plugged', 'status': 'completed', 'tag': '1c958f9c-55b3-469d-9c23-da9e15bc539b', 'code': 200}
2026-05-09 18:05:40.905 9 INFO neutron.wsgi [req-3fa72f60-7226-427c-8c48-2b407185dc3b req-ae9641a1-44d3-4709-8d5d-9d1eacc8835e 9cad54d526fa4de69bb647b8510d2e3b 44af381e3afe421c9e9f3df2ab085c80 - - default default] 10.0.0.125 "GET /v2.0/ports?device_id=8ce76f50-4971-405a-93ca-319fb2483df1 HTTP/1.1" status: 200 len: 1172 time: 0.1035211
2026-05-09 18:05:40.954 9 INFO neutron.wsgi [req-3fa72f60-7226-427c-8c48-2b407185dc3b req-4ff84eb5-8b08-4121-9b52-11d3d27ee52f 9cad54d526fa4de69bb647b8510d2e3b 44af381e3afe421c9e9f3df2ab085c80 - - default default] 10.0.0.125 "GET /v2.0/security-groups?id=194e726f-f39b-46ad-b597-eb958cc13570&fields=id&fields=name HTTP/1.1" status: 200 len: 286 time: 0.0441148
2026-05-09 18:05:41.088 10 INFO neutron.wsgi [None req-176125f5-3598-4837-aa53-3fd5c41f7585 b0c879c99dad44d09219c314d35f57e4 a5452024624c4173a9384ae077addd82 - - default default] 10.0.0.133 "PUT /v2.0/routers/874251ab-1cca-4943-ad66-bf62f6e5b387/remove_router_interface HTTP/1.1" status: 200 len: 503 time: 1.1305399 /var/lib/openstack/lib/python3.10/site-packages/pycadf/identifier.py:71: UserWarning: Invalid uuid: neutron. To ensure interoperability, identifiers should be a valid uuid. warnings.warn(('Invalid uuid: %s. To ensure interoperability, '
2026-05-09 18:05:41.535 10 WARNING neutron_lib.context [None req-cdf1d43d-1e3a-48d9-8d9c-8b4b70fe0eb8 3b9d40c5c44c4388ad2897ac31b54501 08a88edd565548338e5f98f1d404d530 - - default default] Method 'is_advsvc' is deprecated since 2023.2 release (neutron-lib 3.8.0) and will be removed once support for the old RBAC API policies will be removed from Neutron. Please use method 'is_service_role' instead.
2026-05-09 18:05:41.536 10 WARNING neutron_lib.context [None req-cdf1d43d-1e3a-48d9-8d9c-8b4b70fe0eb8 3b9d40c5c44c4388ad2897ac31b54501 08a88edd565548338e5f98f1d404d530 - - default default] Method 'is_advsvc' is deprecated since 2023.2 release (neutron-lib 3.8.0) and will be removed once support for the old RBAC API policies will be removed from Neutron. Please use method 'is_service_role' instead.
2026-05-09 18:05:41.691 10 INFO neutron.db.ovn_revision_numbers_db [None req-cdf1d43d-1e3a-48d9-8d9c-8b4b70fe0eb8 3b9d40c5c44c4388ad2897ac31b54501 08a88edd565548338e5f98f1d404d530 - - default default] Successfully bumped revision number for resource 4c41dc8c-aae1-49ac-839e-61b951133d90 (type: security_groups) to 1
2026-05-09 18:05:41.705 10 INFO neutron.db.ovn_revision_numbers_db [None req-cdf1d43d-1e3a-48d9-8d9c-8b4b70fe0eb8 3b9d40c5c44c4388ad2897ac31b54501 08a88edd565548338e5f98f1d404d530 - - default default] Successfully bumped revision number for resource 239a9bf1-bee8-4c29-950d-47f17f08e434 (type: security_group_rules) to 0
2026-05-09 18:05:41.719 10 INFO neutron.db.ovn_revision_numbers_db [None req-cdf1d43d-1e3a-48d9-8d9c-8b4b70fe0eb8 3b9d40c5c44c4388ad2897ac31b54501 08a88edd565548338e5f98f1d404d530 - - default default] Successfully bumped revision number for resource 374f8ee6-8c45-495a-91bf-209d506d737c (type: security_group_rules) to 0
2026-05-09 18:05:41.735 10 INFO neutron.db.ovn_revision_numbers_db [None req-cdf1d43d-1e3a-48d9-8d9c-8b4b70fe0eb8 3b9d40c5c44c4388ad2897ac31b54501 08a88edd565548338e5f98f1d404d530 - - default default] Successfully bumped revision number for resource 7964ba01-a265-4c9d-8adb-ea353f611062 (type: security_group_rules) to 0
2026-05-09 18:05:41.751 10 INFO neutron.db.ovn_revision_numbers_db [None req-cdf1d43d-1e3a-48d9-8d9c-8b4b70fe0eb8 3b9d40c5c44c4388ad2897ac31b54501 08a88edd565548338e5f98f1d404d530 - - default default] Successfully bumped revision number for resource a97b89b1-bd47-4fd9-8c01-30360b4b9bef (type: security_group_rules) to 0
2026-05-09 18:05:41.826 10 INFO neutron.db.segments_db [None req-cdf1d43d-1e3a-48d9-8d9c-8b4b70fe0eb8 3b9d40c5c44c4388ad2897ac31b54501 08a88edd565548338e5f98f1d404d530 - - default default] Added segment 1653d298-3746-4171-ac7a-168612ff4608 of type geneve for network 4b02fadb-f60e-4a3f-97ed-df63c4e4728d
2026-05-09 18:05:41.948 10 INFO neutron.db.segments_db [None req-cdf1d43d-1e3a-48d9-8d9c-8b4b70fe0eb8 3b9d40c5c44c4388ad2897ac31b54501 08a88edd565548338e5f98f1d404d530 - - default default] Added segment 2719fc56-7128-4897-a5bd-593efb332f3e of type geneve for network 9c3c5d10-08d2-45dc-a428-6122f4d2e0d5
2026-05-09 18:05:42.137 9 INFO neutron.wsgi [None req-87488b54-7075-4005-93b1-91041b747849 b0c879c99dad44d09219c314d35f57e4 a5452024624c4173a9384ae077addd82 - - default default] 10.0.0.133 "DELETE /v2.0/routers/874251ab-1cca-4943-ad66-bf62f6e5b387 HTTP/1.1" status: 204 len: 168 time: 1.0431170
2026-05-09 18:05:42.266 10 INFO neutron.wsgi [req-13eea417-eb7c-4962-b303-e163cdd74c19 req-45db5071-fba9-4b0a-b125-8421a9b64306 9cad54d526fa4de69bb647b8510d2e3b 44af381e3afe421c9e9f3df2ab085c80 - - default default] 10.0.0.125 "GET /v2.0/ports?device_id=8ce76f50-4971-405a-93ca-319fb2483df1 HTTP/1.1" status: 200 len: 1172 time: 0.0389304
2026-05-09 18:05:42.336 9 INFO neutron.wsgi [None req-807ebffc-d150-4caa-8eef-dcc3fc74752e b0c879c99dad44d09219c314d35f57e4 a5452024624c4173a9384ae077addd82 - - default default] 10.0.0.133 "DELETE /v2.0/subnets/cb63b4ad-e124-40a3-bd87-a6726f1495fd HTTP/1.1" status: 204 len: 168 time: 0.1950123
2026-05-09 18:05:42.345 10 INFO neutron.wsgi [req-13eea417-eb7c-4962-b303-e163cdd74c19 req-97625c9c-2b2f-473a-8013-49322cfa0fe3 9cad54d526fa4de69bb647b8510d2e3b 44af381e3afe421c9e9f3df2ab085c80 - - default default] 10.0.0.125 "GET /v2.0/security-groups?id=194e726f-f39b-46ad-b597-eb958cc13570&fields=id&fields=name HTTP/1.1" status: 200 len: 286 time: 0.0697353
2026-05-09 18:05:42.351 10 INFO neutron.db.ovn_revision_numbers_db [None req-cdf1d43d-1e3a-48d9-8d9c-8b4b70fe0eb8 3b9d40c5c44c4388ad2897ac31b54501 08a88edd565548338e5f98f1d404d530 - - default default] Successfully bumped revision number for resource 4b02fadb-f60e-4a3f-97ed-df63c4e4728d (type: networks) to 1
2026-05-09 18:05:42.519 10 WARNING neutron.scheduler.dhcp_agent_scheduler [None req-cdf1d43d-1e3a-48d9-8d9c-8b4b70fe0eb8 3b9d40c5c44c4388ad2897ac31b54501 08a88edd565548338e5f98f1d404d530 - - default default] No more DHCP agents
2026-05-09 18:05:42.521 10 WARNING neutron.api.rpc.agentnotifiers.dhcp_rpc_agent_api [None req-cdf1d43d-1e3a-48d9-8d9c-8b4b70fe0eb8 3b9d40c5c44c4388ad2897ac31b54501 08a88edd565548338e5f98f1d404d530 - - default default] Unable to schedule network 4b02fadb-f60e-4a3f-97ed-df63c4e4728d: no agents available; will retry on subsequent port and subnet creation events.
2026-05-09 18:05:42.599 10 INFO neutron.db.ovn_revision_numbers_db [None req-cdf1d43d-1e3a-48d9-8d9c-8b4b70fe0eb8 3b9d40c5c44c4388ad2897ac31b54501 08a88edd565548338e5f98f1d404d530 - - default default] Successfully bumped revision number for resource 3fae5926-7ed3-43f6-bd9f-5383de9fcc02 (type: ports) to 1
2026-05-09 18:05:42.682 10 INFO neutron.db.ovn_revision_numbers_db [None req-cdf1d43d-1e3a-48d9-8d9c-8b4b70fe0eb8 3b9d40c5c44c4388ad2897ac31b54501 08a88edd565548338e5f98f1d404d530 - - default default] Successfully bumped revision number for resource 9c3c5d10-08d2-45dc-a428-6122f4d2e0d5 (type: networks) to 1
2026-05-09 18:05:42.727 9 INFO neutron.services.segments.plugin [-] Segment e3484308-1489-4d06-9253-f7d8bdafdfc0 resource provider aggregate not found
2026-05-09 18:05:42.734 9 INFO neutron.services.segments.plugin [-] Segment e3484308-1489-4d06-9253-f7d8bdafdfc0 resource provider aggregate not found
2026-05-09 18:05:42.742 9 INFO neutron.wsgi [None req-14025712-15b6-4f36-bb19-37b62d14fbdd b0c879c99dad44d09219c314d35f57e4 a5452024624c4173a9384ae077addd82 - - default default] 10.0.0.133 "DELETE /v2.0/networks/382520e3-a56b-4b32-b7e1-3103e2676ea7 HTTP/1.1" status: 204 len: 168 time: 0.4005952
2026-05-09 18:05:42.748 9 INFO neutron.services.segments.plugin [-] Segment e3484308-1489-4d06-9253-f7d8bdafdfc0 resource provider not found; error: Placement Client Error (4xx): {"errors": [{"status": 404, "title": "Not Found", "detail": "The resource could not be found.\n\n No resource provider with uuid e3484308-1489-4d06-9253-f7d8bdafdfc0 found for delete ", "request_id": "req-b6e6d10e-1ca9-4bab-b84c-feb3a0637e3a"}]}
2026-05-09 18:05:42.753 9 INFO neutron.services.segments.plugin [-] Segment e3484308-1489-4d06-9253-f7d8bdafdfc0 resource provider not found; error: Placement Client Error (4xx): {"errors": [{"status": 404, "title": "Not Found", "detail": "The resource could not be found.\n\n No resource provider with uuid e3484308-1489-4d06-9253-f7d8bdafdfc0 found for delete ", "request_id": "req-5aa40c2c-7993-4aac-89f8-2fbe6aceaf54"}]}
2026-05-09 18:05:42.898 10 WARNING neutron.scheduler.dhcp_agent_scheduler [None req-cdf1d43d-1e3a-48d9-8d9c-8b4b70fe0eb8 3b9d40c5c44c4388ad2897ac31b54501 08a88edd565548338e5f98f1d404d530 - - default default] No more DHCP agents
2026-05-09 18:05:42.900 10 WARNING neutron.api.rpc.agentnotifiers.dhcp_rpc_agent_api [None req-cdf1d43d-1e3a-48d9-8d9c-8b4b70fe0eb8 3b9d40c5c44c4388ad2897ac31b54501 08a88edd565548338e5f98f1d404d530 - - default default] Unable to schedule network 9c3c5d10-08d2-45dc-a428-6122f4d2e0d5: no agents available; will retry on subsequent port and subnet creation events.
2026-05-09 18:05:42.955 9 INFO neutron.wsgi [None req-d3e54a85-53f7-49a4-af67-b0cac8121828 b0c879c99dad44d09219c314d35f57e4 a5452024624c4173a9384ae077addd82 - - default default] 10.0.0.133 "GET /v2.0/security-groups?tenant_id=dba2a123c14b4227baa0394d4f676523&name=default HTTP/1.1" status: 200 len: 3120 time: 0.0527847
2026-05-09 18:05:43.008 10 INFO neutron.db.ovn_revision_numbers_db [None req-cdf1d43d-1e3a-48d9-8d9c-8b4b70fe0eb8 3b9d40c5c44c4388ad2897ac31b54501 08a88edd565548338e5f98f1d404d530 - - default default] Successfully bumped revision number for resource e675c3ad-8018-42c1-93c8-85b064b5add6 (type: ports) to 1
2026-05-09 18:05:43.043 10 INFO neutron.wsgi [None req-cdf1d43d-1e3a-48d9-8d9c-8b4b70fe0eb8 3b9d40c5c44c4388ad2897ac31b54501 08a88edd565548338e5f98f1d404d530 - - default default] 10.0.0.133 "POST /v2.0/networks HTTP/1.1" status: 201 len: 1446 time: 1.6773684
2026-05-09 18:05:43.150 9 INFO neutron.wsgi [None req-7b0c7161-c323-4476-b35c-2f96c5333cb1 3b9d40c5c44c4388ad2897ac31b54501 08a88edd565548338e5f98f1d404d530 - - default default] 10.0.0.133 "GET /v2.0/networks HTTP/1.1" status: 200 len: 2052 time: 0.1012814
2026-05-09 18:05:43.195 10 INFO neutron.wsgi [None req-e0b67d14-8736-4b79-94a4-baca3c7015d1 b0c879c99dad44d09219c314d35f57e4 a5452024624c4173a9384ae077addd82 - - default default] 10.0.0.133 "DELETE /v2.0/security-groups/117f2e87-e2f6-4a14-b85b-0e2b536599cb HTTP/1.1" status: 204 len: 168 time: 0.2336903
2026-05-09 18:05:43.467 9 INFO neutron.wsgi [req-96d3772d-e55f-42a2-b244-990bed58076d req-f1b4f4a6-fd8f-4030-9e23-3ef11f0c946c 9cad54d526fa4de69bb647b8510d2e3b 44af381e3afe421c9e9f3df2ab085c80 - - default default] 10.0.0.125 "GET /v2.0/ports?device_id=8ce76f50-4971-405a-93ca-319fb2483df1 HTTP/1.1" status: 200 len: 1172 time: 0.0651233
2026-05-09 18:05:43.533 9 INFO neutron.wsgi [req-96d3772d-e55f-42a2-b244-990bed58076d req-c87f7642-6231-4221-ac36-0d10db0f8846 9cad54d526fa4de69bb647b8510d2e3b 44af381e3afe421c9e9f3df2ab085c80 - - default default] 10.0.0.125 "GET /v2.0/security-groups?id=194e726f-f39b-46ad-b597-eb958cc13570&fields=id&fields=name HTTP/1.1" status: 200 len: 286 time: 0.0568640
2026-05-09 18:05:43.565 9 WARNING neutron.plugins.ml2.drivers.ovn.mech_driver.ovsdb.ovn_client [None req-92ca9d30-b5f6-46a0-83a6-a6bebe0da3ef - - - - - -] No hosting information found for port 06ba5f4f-773b-4c30-ad39-4d3740d9e1ed: RuntimeError: No hosting information found for port 06ba5f4f-773b-4c30-ad39-4d3740d9e1ed
2026-05-09 18:05:43.608 9 INFO neutron.plugins.ml2.drivers.ovn.mech_driver.mech_driver [None req-92ca9d30-b5f6-46a0-83a6-a6bebe0da3ef - - - - - -] OVN reports status up for port: 43af435c-f817-400a-96b0-67b295dca649
2026-05-09 18:05:43.634 9 INFO neutron.plugins.ml2.plugin [None req-92ca9d30-b5f6-46a0-83a6-a6bebe0da3ef - - - - - -] Attempt 1 to provision port 43af435c-f817-400a-96b0-67b295dca649
2026-05-09 18:05:43.669 9 INFO neutron.wsgi [None req-3461f24b-0047-4e90-b63a-4546c73bd5c7 3b9d40c5c44c4388ad2897ac31b54501 08a88edd565548338e5f98f1d404d530 - - default default] 10.0.0.133 "DELETE /v2.0/networks/4b02fadb-f60e-4a3f-97ed-df63c4e4728d HTTP/1.1" status: 204 len: 168 time: 0.5145810
2026-05-09 18:05:43.772 9 INFO neutron.notifiers.nova [-] Nova event matching ['req-b83b1fb2-dd5f-4752-a112-1211027c9d4f'] response: {'server_uuid': '8ce76f50-4971-405a-93ca-319fb2483df1', 'name': 'network-vif-plugged', 'status': 'completed', 'tag': '43af435c-f817-400a-96b0-67b295dca649', 'code': 200}
2026-05-09 18:05:43.929 9 INFO neutron.db.ovn_revision_numbers_db [None req-92ca9d30-b5f6-46a0-83a6-a6bebe0da3ef - - - - - -] Successfully bumped revision number for resource 43af435c-f817-400a-96b0-67b295dca649 (type: ports) to 4
2026-05-09 18:05:43.973 9 INFO neutron.plugins.ml2.drivers.ovn.mech_driver.mech_driver [None req-92ca9d30-b5f6-46a0-83a6-a6bebe0da3ef - - - - - -] OVN reports status down for port: 1c958f9c-55b3-469d-9c23-da9e15bc539b
2026-05-09 18:05:44.065 10 INFO neutron.services.segments.plugin [-] Segment 2719fc56-7128-4897-a5bd-593efb332f3e resource provider aggregate not found
2026-05-09 18:05:44.071 10 INFO neutron.services.segments.plugin [-] Segment 2719fc56-7128-4897-a5bd-593efb332f3e resource provider aggregate not found
2026-05-09 18:05:44.084 10 INFO neutron.wsgi [None req-c90a64d8-0f7a-4e3f-9212-e3b9bb0e955c 3b9d40c5c44c4388ad2897ac31b54501 08a88edd565548338e5f98f1d404d530 - - default default] 10.0.0.133 "DELETE /v2.0/networks/9c3c5d10-08d2-45dc-a428-6122f4d2e0d5 HTTP/1.1" status: 204 len: 168 time: 0.4096973
2026-05-09 18:05:44.090 10 INFO neutron.services.segments.plugin [-] Segment 2719fc56-7128-4897-a5bd-593efb332f3e resource provider not found; error: Placement Client Error (4xx): {"errors": [{"status": 404, "title": "Not Found", "detail": "The resource could not be found.\n\n No resource provider with uuid 2719fc56-7128-4897-a5bd-593efb332f3e found for delete ", "request_id": "req-21e93f87-f11a-4f38-8a74-46664ac965e4"}]}
2026-05-09 18:05:44.091 10 INFO neutron.services.segments.plugin [-] Segment 2719fc56-7128-4897-a5bd-593efb332f3e resource provider not found; error: Placement Client Error (4xx): {"errors": [{"status": 404, "title": "Not Found", "detail": "The resource could not be found.\n\n No resource provider with uuid 2719fc56-7128-4897-a5bd-593efb332f3e found for delete ", "request_id": "req-b156a546-2202-4feb-bd77-32e867fc6419"}]} /var/lib/openstack/lib/python3.10/site-packages/pycadf/identifier.py:71: UserWarning: Invalid uuid: neutron. To ensure interoperability, identifiers should be a valid uuid. warnings.warn(('Invalid uuid: %s. To ensure interoperability, '
2026-05-09 18:05:44.162 9 INFO neutron.wsgi [None req-bff42f73-9544-4da8-b1bc-99f645c5cd62 3b9d40c5c44c4388ad2897ac31b54501 08a88edd565548338e5f98f1d404d530 - - default default] 10.0.0.133 "GET /v2.0/networks HTTP/1.1" status: 200 len: 845 time: 0.0724442
2026-05-09 18:05:44.172 9 WARNING neutron_lib.context [None req-672dedca-4b5b-4014-a19c-ed9832d02648 3b9d40c5c44c4388ad2897ac31b54501 08a88edd565548338e5f98f1d404d530 - - default default] Method 'is_advsvc' is deprecated since 2023.2 release (neutron-lib 3.8.0) and will be removed once support for the old RBAC API policies will be removed from Neutron. Please use method 'is_service_role' instead.
2026-05-09 18:05:44.273 9 INFO neutron.db.segments_db [None req-672dedca-4b5b-4014-a19c-ed9832d02648 3b9d40c5c44c4388ad2897ac31b54501 08a88edd565548338e5f98f1d404d530 - - default default] Added segment 994397df-f23b-44d0-907a-d8a7ac26d98e of type geneve for network e0ade17d-ab2e-48a9-b3ec-19df7af7b817
2026-05-09 18:05:44.653 9 INFO neutron.db.ovn_revision_numbers_db [None req-672dedca-4b5b-4014-a19c-ed9832d02648 3b9d40c5c44c4388ad2897ac31b54501 08a88edd565548338e5f98f1d404d530 - - default default] Successfully bumped revision number for resource e0ade17d-ab2e-48a9-b3ec-19df7af7b817 (type: networks) to 1
2026-05-09 18:05:44.769 9 INFO neutron.services.segments.plugin [-] Segment 1653d298-3746-4171-ac7a-168612ff4608 resource provider aggregate not found
2026-05-09 18:05:44.779 9 INFO neutron.services.segments.plugin [-] Segment 1653d298-3746-4171-ac7a-168612ff4608 resource provider aggregate not found
2026-05-09 18:05:44.786 9 INFO neutron.services.segments.plugin [-] Segment 1653d298-3746-4171-ac7a-168612ff4608 resource provider not found; error: Placement Client Error (4xx): {"errors": [{"status": 404, "title": "Not Found", "detail": "The resource could not be found.\n\n No resource provider with uuid 1653d298-3746-4171-ac7a-168612ff4608 found for delete ", "request_id": "req-f4975aa2-64b8-4b1c-8178-9f92b64ab527"}]}
2026-05-09 18:05:44.801 9 INFO neutron.services.segments.plugin [-] Segment 1653d298-3746-4171-ac7a-168612ff4608 resource provider not found; error: Placement Client Error (4xx): {"errors": [{"status": 404, "title": "Not Found", "detail": "The resource could not be found.\n\n No resource provider with uuid 1653d298-3746-4171-ac7a-168612ff4608 found for delete ", "request_id": "req-175866dd-4a34-4fc5-a84d-f49225a3ba4c"}]}
2026-05-09 18:05:44.841 9 INFO neutron.wsgi [req-d09dfd4a-1f51-468a-92bb-1bc82b9b5e66 req-428ea9a2-720d-422c-8de6-b16638a4a49f 9cad54d526fa4de69bb647b8510d2e3b 44af381e3afe421c9e9f3df2ab085c80 - - default default] 10.0.0.125 "GET /v2.0/ports?device_id=8ce76f50-4971-405a-93ca-319fb2483df1 HTTP/1.1" status: 200 len: 1174 time: 0.0579839
2026-05-09 18:05:44.923 9 INFO neutron.wsgi [req-d09dfd4a-1f51-468a-92bb-1bc82b9b5e66 req-21926e26-a960-4d57-95a4-f161ff635702 9cad54d526fa4de69bb647b8510d2e3b 44af381e3afe421c9e9f3df2ab085c80 - - default default] 10.0.0.125 "GET /v2.0/security-groups?id=194e726f-f39b-46ad-b597-eb958cc13570&fields=id&fields=name HTTP/1.1" status: 200 len: 286 time: 0.0740976
2026-05-09 18:05:44.935 9 WARNING neutron.scheduler.dhcp_agent_scheduler [None req-672dedca-4b5b-4014-a19c-ed9832d02648 3b9d40c5c44c4388ad2897ac31b54501 08a88edd565548338e5f98f1d404d530 - - default default] No more DHCP agents
2026-05-09 18:05:44.937 9 WARNING neutron.api.rpc.agentnotifiers.dhcp_rpc_agent_api [None req-672dedca-4b5b-4014-a19c-ed9832d02648 3b9d40c5c44c4388ad2897ac31b54501 08a88edd565548338e5f98f1d404d530 - - default default] Unable to schedule network e0ade17d-ab2e-48a9-b3ec-19df7af7b817: no agents available; will retry on subsequent port and subnet creation events.
2026-05-09 18:05:45.043 9 INFO neutron.db.ovn_revision_numbers_db [None req-672dedca-4b5b-4014-a19c-ed9832d02648 3b9d40c5c44c4388ad2897ac31b54501 08a88edd565548338e5f98f1d404d530 - - default default] Successfully bumped revision number for resource b52c6d2a-252a-462e-8414-333b0cb52ebf (type: ports) to 1
2026-05-09 18:05:45.064 9 INFO neutron.wsgi [None req-672dedca-4b5b-4014-a19c-ed9832d02648 3b9d40c5c44c4388ad2897ac31b54501 08a88edd565548338e5f98f1d404d530 - - default default] 10.0.0.133 "POST /v2.0/networks HTTP/1.1" status: 201 len: 853 time: 0.8969371
2026-05-09 18:05:45.076 9 WARNING neutron_lib.context [None req-fc26d77b-378a-4629-8abf-8cee704ce17b 3b9d40c5c44c4388ad2897ac31b54501 08a88edd565548338e5f98f1d404d530 - - default default] Method 'is_advsvc' is deprecated since 2023.2 release (neutron-lib 3.8.0) and will be removed once support for the old RBAC API policies will be removed from Neutron. Please use method 'is_service_role' instead.
2026-05-09 18:05:45.164 9 INFO neutron.db.segments_db [None req-fc26d77b-378a-4629-8abf-8cee704ce17b 3b9d40c5c44c4388ad2897ac31b54501 08a88edd565548338e5f98f1d404d530 - - default default] Added segment 0e335d66-b6e3-402c-94b8-5bec94b1eb40 of type geneve for network b5d650f7-6ec7-4244-ad05-f67e138900d5
2026-05-09 18:05:45.314 9 INFO neutron.db.ovn_revision_numbers_db [None req-fc26d77b-378a-4629-8abf-8cee704ce17b 3b9d40c5c44c4388ad2897ac31b54501 08a88edd565548338e5f98f1d404d530 - - default default] Successfully bumped revision number for resource b5d650f7-6ec7-4244-ad05-f67e138900d5 (type: networks) to 1
2026-05-09 18:05:45.440 9 INFO neutron.plugins.ml2.drivers.ovn.mech_driver.mech_driver [None req-92ca9d30-b5f6-46a0-83a6-a6bebe0da3ef - - - - - -] OVN reports status down for port: 43af435c-f817-400a-96b0-67b295dca649
2026-05-09 18:05:45.464 9 INFO neutron.wsgi [req-1b758369-2882-4e74-8b9c-727e60dcad8e req-b40a2af8-4374-4f2e-aa58-6bd71831a9bb 9cad54d526fa4de69bb647b8510d2e3b 44af381e3afe421c9e9f3df2ab085c80 - - default default] 10.0.0.125 "GET /v2.0/ports?device_id=8ce76f50-4971-405a-93ca-319fb2483df1 HTTP/1.1" status: 200 len: 1174 time: 0.0803154
2026-05-09 18:05:45.537 9 INFO neutron.wsgi [req-1b758369-2882-4e74-8b9c-727e60dcad8e req-69c9cc00-f96f-4580-8a41-7c3e1c409490 9cad54d526fa4de69bb647b8510d2e3b 44af381e3afe421c9e9f3df2ab085c80 - - default default] 10.0.0.125 "GET /v2.0/security-groups?id=194e726f-f39b-46ad-b597-eb958cc13570&fields=id&fields=name HTTP/1.1" status: 200 len: 286 time: 0.0663378
2026-05-09 18:05:45.577 9 WARNING neutron.scheduler.dhcp_agent_scheduler [None req-fc26d77b-378a-4629-8abf-8cee704ce17b 3b9d40c5c44c4388ad2897ac31b54501 08a88edd565548338e5f98f1d404d530 - - default default] No more DHCP agents
2026-05-09 18:05:45.583 9 WARNING neutron.api.rpc.agentnotifiers.dhcp_rpc_agent_api [None req-fc26d77b-378a-4629-8abf-8cee704ce17b 3b9d40c5c44c4388ad2897ac31b54501 08a88edd565548338e5f98f1d404d530 - - default default] Unable to schedule network b5d650f7-6ec7-4244-ad05-f67e138900d5: no agents available; will retry on subsequent port and subnet creation events.
2026-05-09 18:05:45.684 9 INFO neutron.db.ovn_revision_numbers_db [None req-fc26d77b-378a-4629-8abf-8cee704ce17b 3b9d40c5c44c4388ad2897ac31b54501 08a88edd565548338e5f98f1d404d530 - - default default] Successfully bumped revision number for resource 69e6d11c-e26b-4232-a7d4-d4bf8d99a84b (type: ports) to 1
2026-05-09 18:05:45.709 9 INFO neutron.wsgi [None req-fc26d77b-378a-4629-8abf-8cee704ce17b 3b9d40c5c44c4388ad2897ac31b54501 08a88edd565548338e5f98f1d404d530 - - default default] 10.0.0.133 "POST /v2.0/networks HTTP/1.1" status: 201 len: 852 time: 0.6375980
2026-05-09 18:05:45.722 10 WARNING neutron_lib.context [None req-1a0684f3-3bb4-4f52-826d-03b4441c2513 3b9d40c5c44c4388ad2897ac31b54501 08a88edd565548338e5f98f1d404d530 - - default default] Method 'is_advsvc' is deprecated since 2023.2 release (neutron-lib 3.8.0) and will be removed once support for the old RBAC API policies will be removed from Neutron. Please use method 'is_service_role' instead.
2026-05-09 18:05:45.778 10 WARNING neutron_lib.context [None req-1a0684f3-3bb4-4f52-826d-03b4441c2513 3b9d40c5c44c4388ad2897ac31b54501 08a88edd565548338e5f98f1d404d530 - - default default] Method 'is_advsvc' is deprecated since 2023.2 release (neutron-lib 3.8.0) and will be removed once support for the old RBAC API policies will be removed from Neutron. Please use method 'is_service_role' instead.
2026-05-09 18:05:45.814 9 INFO neutron.notifiers.nova [-] Nova event matching ['req-fbf4a176-7144-406b-a181-160420b94f81'] response: {'server_uuid': '8ce76f50-4971-405a-93ca-319fb2483df1', 'name': 'network-vif-plugged', 'status': 'completed', 'tag': '43af435c-f817-400a-96b0-67b295dca649', 'code': 200}
2026-05-09 18:05:45.814 9 INFO neutron.notifiers.nova [-] Nova event matching ['req-fbf4a176-7144-406b-a181-160420b94f81'] response: {'server_uuid': '8ce76f50-4971-405a-93ca-319fb2483df1', 'name': 'network-vif-unplugged', 'status': 'completed', 'tag': '43af435c-f817-400a-96b0-67b295dca649', 'code': 200}
2026-05-09 18:05:45.832 9 INFO neutron.db.ovn_revision_numbers_db [None req-92ca9d30-b5f6-46a0-83a6-a6bebe0da3ef - - - - - -] Successfully bumped revision number for resource 43af435c-f817-400a-96b0-67b295dca649 (type: ports) to 5
2026-05-09 18:05:45.857 10 INFO neutron.wsgi [req-93bc145f-3212-4030-8010-2ab2eda98ab3 req-e2cf8803-a0eb-4d82-b6a4-be73e7a56423 9cad54d526fa4de69bb647b8510d2e3b 44af381e3afe421c9e9f3df2ab085c80 - - default default] 199.204.45.222 "GET /v2.0/ports?device_id=8ce76f50-4971-405a-93ca-319fb2483df1 HTTP/1.1" status: 200 len: 1172 time: 0.1423299
2026-05-09 18:05:46.266 10 INFO neutron.wsgi [req-93bc145f-3212-4030-8010-2ab2eda98ab3 req-c959af89-0c8f-4f69-8c27-4c47fd61f1c9 9cad54d526fa4de69bb647b8510d2e3b 44af381e3afe421c9e9f3df2ab085c80 - - default default] 199.204.45.222 "DELETE /v2.0/ports/43af435c-f817-400a-96b0-67b295dca649 HTTP/1.1" status: 204 len: 173 time: 0.3992434
2026-05-09 18:05:46.293 10 INFO neutron.db.ovn_revision_numbers_db [None req-a8a644d0-a09b-4609-9c56-0bece3216080 b0c879c99dad44d09219c314d35f57e4 a5452024624c4173a9384ae077addd82 - - default default] Successfully bumped revision number for resource c2f3d9b2-d071-4735-b702-c7915abb0b9f (type: security_groups) to 1
2026-05-09 18:05:46.296 10 INFO neutron.notifiers.nova [-] Nova event matching ['req-628e2e2c-4f4a-4e72-95a9-141d85847a9f'] response: {'server_uuid': '8ce76f50-4971-405a-93ca-319fb2483df1', 'name': 'network-vif-deleted', 'tag': '43af435c-f817-400a-96b0-67b295dca649', 'status': 'completed', 'code': 200}
2026-05-09 18:05:46.312 10 INFO neutron.db.ovn_revision_numbers_db [None req-a8a644d0-a09b-4609-9c56-0bece3216080 b0c879c99dad44d09219c314d35f57e4 a5452024624c4173a9384ae077addd82 - - default default] Successfully bumped revision number for resource 037fa09d-7407-47ae-9864-ece635d6bd23 (type: security_group_rules) to 0
2026-05-09 18:05:46.338 10 INFO neutron.db.ovn_revision_numbers_db [None req-a8a644d0-a09b-4609-9c56-0bece3216080 b0c879c99dad44d09219c314d35f57e4 a5452024624c4173a9384ae077addd82 - - default default] Successfully bumped revision number for resource 1b131b71-bc52-4a4e-be9c-6ab02fa58319 (type: security_group_rules) to 0
2026-05-09 18:05:46.363 10 INFO neutron.db.ovn_revision_numbers_db [None req-a8a644d0-a09b-4609-9c56-0bece3216080 b0c879c99dad44d09219c314d35f57e4 a5452024624c4173a9384ae077addd82 - - default default] Successfully bumped revision number for resource 5b3a9d54-a42f-4859-bb2f-f0335726ce5b (type: security_group_rules) to 0
2026-05-09 18:05:46.371 10 WARNING neutron.scheduler.dhcp_agent_scheduler [None req-1a0684f3-3bb4-4f52-826d-03b4441c2513 3b9d40c5c44c4388ad2897ac31b54501 08a88edd565548338e5f98f1d404d530 - - default default] No more DHCP agents
2026-05-09 18:05:46.374 10 WARNING neutron.api.rpc.agentnotifiers.dhcp_rpc_agent_api [None req-1a0684f3-3bb4-4f52-826d-03b4441c2513 3b9d40c5c44c4388ad2897ac31b54501 08a88edd565548338e5f98f1d404d530 - - default default] Unable to schedule network e0ade17d-ab2e-48a9-b3ec-19df7af7b817: no agents available; will retry on subsequent port and subnet creation events.
2026-05-09 18:05:46.388 10 INFO neutron.db.ovn_revision_numbers_db [None req-a8a644d0-a09b-4609-9c56-0bece3216080 b0c879c99dad44d09219c314d35f57e4 a5452024624c4173a9384ae077addd82 - - default default] Successfully bumped revision number for resource bf50693e-1c80-40d2-bfc1-474dc02faa2d (type: security_group_rules) to 0
2026-05-09 18:05:46.422 10 INFO neutron.wsgi [None req-a8a644d0-a09b-4609-9c56-0bece3216080 b0c879c99dad44d09219c314d35f57e4 a5452024624c4173a9384ae077addd82 - - default default] 10.0.0.133 "GET /v2.0/security-groups?tenant_id=98a54d2889f745b0801ce820cbca7aa1&name=default HTTP/1.1" status: 200 len: 3120 time: 0.5410953 /var/lib/openstack/lib/python3.10/site-packages/pycadf/identifier.py:71: UserWarning: Invalid uuid: neutron. To ensure interoperability, identifiers should be a valid uuid. warnings.warn(('Invalid uuid: %s. To ensure interoperability, '
2026-05-09 18:05:46.486 10 INFO neutron.db.ovn_revision_numbers_db [None req-1a0684f3-3bb4-4f52-826d-03b4441c2513 3b9d40c5c44c4388ad2897ac31b54501 08a88edd565548338e5f98f1d404d530 - - default default] Successfully bumped revision number for resource 944d3d88-0839-4432-a49d-567f354aa6a1 (type: ports) to 1
2026-05-09 18:05:46.541 10 WARNING neutron.scheduler.dhcp_agent_scheduler [None req-1a0684f3-3bb4-4f52-826d-03b4441c2513 3b9d40c5c44c4388ad2897ac31b54501 08a88edd565548338e5f98f1d404d530 - - default default] No more DHCP agents
2026-05-09 18:05:46.545 10 WARNING neutron.api.rpc.agentnotifiers.dhcp_rpc_agent_api [None req-1a0684f3-3bb4-4f52-826d-03b4441c2513 3b9d40c5c44c4388ad2897ac31b54501 08a88edd565548338e5f98f1d404d530 - - default default] Unable to schedule network b5d650f7-6ec7-4244-ad05-f67e138900d5: no agents available; will retry on subsequent port and subnet creation events. /var/lib/openstack/lib/python3.10/site-packages/pycadf/identifier.py:71: UserWarning: Invalid uuid: neutron. To ensure interoperability, identifiers should be a valid uuid. warnings.warn(('Invalid uuid: %s. To ensure interoperability, '
2026-05-09 18:05:46.665 10 INFO neutron.wsgi [req-56ed77f5-d3c3-476f-a30d-183f4b02137d req-9039c3bd-cd1f-423c-9480-d6dd1c6a9909 9cad54d526fa4de69bb647b8510d2e3b 44af381e3afe421c9e9f3df2ab085c80 - - default default] 10.0.0.125 "GET /v2.0/ports?device_id=8ce76f50-4971-405a-93ca-319fb2483df1 HTTP/1.1" status: 200 len: 210 time: 0.0257254
2026-05-09 18:05:46.670 10 INFO neutron.db.ovn_revision_numbers_db [None req-1a0684f3-3bb4-4f52-826d-03b4441c2513 3b9d40c5c44c4388ad2897ac31b54501 08a88edd565548338e5f98f1d404d530 - - default default] Successfully bumped revision number for resource 04f5a0b8-6097-4ebb-a909-479bc4cfa7cb (type: ports) to 1
2026-05-09 18:05:46.699 10 INFO neutron.wsgi [None req-1a0684f3-3bb4-4f52-826d-03b4441c2513 3b9d40c5c44c4388ad2897ac31b54501 08a88edd565548338e5f98f1d404d530 - - default default] 10.0.0.133 "POST /v2.0/ports HTTP/1.1" status: 201 len: 1706 time: 0.9839156 /var/lib/openstack/lib/python3.10/site-packages/pycadf/identifier.py:71: UserWarning: Invalid uuid: neutron. To ensure interoperability, identifiers should be a valid uuid. warnings.warn(('Invalid uuid: %s. To ensure interoperability, '
2026-05-09 18:05:46.765 10 INFO neutron.wsgi [None req-ee9b8362-4d17-4c81-bcca-1d3fd92802b5 b0c879c99dad44d09219c314d35f57e4 a5452024624c4173a9384ae077addd82 - - default default] 10.0.0.133 "DELETE /v2.0/security-groups/c2f3d9b2-d071-4735-b702-c7915abb0b9f HTTP/1.1" status: 204 len: 168 time: 0.3238695
2026-05-09 18:05:46.845 9 INFO neutron.wsgi [None req-7a30a949-89fa-4b70-91a3-3839aee6faeb 3b9d40c5c44c4388ad2897ac31b54501 08a88edd565548338e5f98f1d404d530 - - default default] 10.0.0.133 "GET /v2.0/ports HTTP/1.1" status: 200 len: 3213 time: 0.1410329
2026-05-09 18:05:47.085 9 INFO neutron.wsgi [None req-3cbc38c6-292d-4e4a-8245-ce00adfc029e 3b9d40c5c44c4388ad2897ac31b54501 08a88edd565548338e5f98f1d404d530 - - default default] 10.0.0.133 "DELETE /v2.0/ports/944d3d88-0839-4432-a49d-567f354aa6a1 HTTP/1.1" status: 204 len: 168 time: 0.2359688
2026-05-09 18:05:47.352 9 INFO neutron.wsgi [None req-4e9ad742-447d-47bd-9dbf-726e3a32c238 3b9d40c5c44c4388ad2897ac31b54501 08a88edd565548338e5f98f1d404d530 - - default default] 10.0.0.133 "DELETE /v2.0/ports/04f5a0b8-6097-4ebb-a909-479bc4cfa7cb HTTP/1.1" status: 204 len: 168 time: 0.2627084
2026-05-09 18:05:47.399 9 INFO neutron.wsgi [None req-0a597fb7-924f-4fe5-8e0c-d04c7843141e 3b9d40c5c44c4388ad2897ac31b54501 08a88edd565548338e5f98f1d404d530 - - default default] 10.0.0.133 "GET /v2.0/ports HTTP/1.1" status: 200 len: 1718 time: 0.0417993
2026-05-09 18:05:47.408 9 WARNING neutron_lib.context [None req-d0ba7cdd-e237-43d3-bcc7-23dc822816ff 3b9d40c5c44c4388ad2897ac31b54501 08a88edd565548338e5f98f1d404d530 - - default default] Method 'is_advsvc' is deprecated since 2023.2 release (neutron-lib 3.8.0) and will be removed once support for the old RBAC API policies will be removed from Neutron. Please use method 'is_service_role' instead.
2026-05-09 18:05:47.494 9 INFO neutron.db.segments_db [None req-d0ba7cdd-e237-43d3-bcc7-23dc822816ff 3b9d40c5c44c4388ad2897ac31b54501 08a88edd565548338e5f98f1d404d530 - - default default] Added segment ddf39ed3-b9f7-4dfa-9706-bd60defc35fc of type geneve for network 54dabb72-3b92-4325-a0a9-d35fd0cf6aad
2026-05-09 18:05:47.631 9 INFO neutron.db.ovn_revision_numbers_db [None req-d0ba7cdd-e237-43d3-bcc7-23dc822816ff 3b9d40c5c44c4388ad2897ac31b54501 08a88edd565548338e5f98f1d404d530 - - default default] Successfully bumped revision number for resource 54dabb72-3b92-4325-a0a9-d35fd0cf6aad (type: networks) to 1
2026-05-09 18:05:47.828 9 WARNING neutron.scheduler.dhcp_agent_scheduler [None req-d0ba7cdd-e237-43d3-bcc7-23dc822816ff 3b9d40c5c44c4388ad2897ac31b54501 08a88edd565548338e5f98f1d404d530 - - default default] No more DHCP agents
2026-05-09 18:05:47.828 9 WARNING neutron.api.rpc.agentnotifiers.dhcp_rpc_agent_api [None req-d0ba7cdd-e237-43d3-bcc7-23dc822816ff 3b9d40c5c44c4388ad2897ac31b54501 08a88edd565548338e5f98f1d404d530 - - default default] Unable to schedule network 54dabb72-3b92-4325-a0a9-d35fd0cf6aad: no agents available; will retry on subsequent port and subnet creation events.
2026-05-09 18:05:47.862 9 INFO neutron.notifiers.nova [-] Nova event matching ['req-2d282663-9e28-4cfb-b600-d55a5d9c1761'] response: {'server_uuid': '8ce76f50-4971-405a-93ca-319fb2483df1', 'name': 'network-vif-unplugged', 'status': 'completed', 'tag': '43af435c-f817-400a-96b0-67b295dca649', 'code': 200}
2026-05-09 18:05:47.905 9 INFO neutron.db.ovn_revision_numbers_db [None req-d0ba7cdd-e237-43d3-bcc7-23dc822816ff 3b9d40c5c44c4388ad2897ac31b54501 08a88edd565548338e5f98f1d404d530 - - default default] Successfully bumped revision number for resource e2580b98-77a6-49fd-86ba-5562f7847ced (type: ports) to 1
2026-05-09 18:05:47.934 9 INFO neutron.wsgi [None req-d0ba7cdd-e237-43d3-bcc7-23dc822816ff 3b9d40c5c44c4388ad2897ac31b54501 08a88edd565548338e5f98f1d404d530 - - default default] 10.0.0.133 "POST /v2.0/networks HTTP/1.1" status: 201 len: 853 time: 0.5308089
2026-05-09 18:05:47.944 9 WARNING neutron_lib.context [None req-913676b4-83f1-4e0d-88d8-29d64cfdd184 3b9d40c5c44c4388ad2897ac31b54501 08a88edd565548338e5f98f1d404d530 - - default default] Method 'is_advsvc' is deprecated since 2023.2 release (neutron-lib 3.8.0) and will be removed once support for the old RBAC API policies will be removed from Neutron. Please use method 'is_service_role' instead.
2026-05-09 18:05:48.023 9 INFO neutron.db.segments_db [None req-913676b4-83f1-4e0d-88d8-29d64cfdd184 3b9d40c5c44c4388ad2897ac31b54501 08a88edd565548338e5f98f1d404d530 - - default default] Added segment c0dc46b9-ea2d-4698-a16d-acbf0fb0935e of type geneve for network 0320b55b-e7a1-4465-a762-608c2300d995
2026-05-09 18:05:48.190 9 INFO neutron.db.ovn_revision_numbers_db [None req-913676b4-83f1-4e0d-88d8-29d64cfdd184 3b9d40c5c44c4388ad2897ac31b54501 08a88edd565548338e5f98f1d404d530 - - default default] Successfully bumped revision number for resource 0320b55b-e7a1-4465-a762-608c2300d995 (type: networks) to 1
2026-05-09 18:05:48.371 9 WARNING neutron.scheduler.dhcp_agent_scheduler [None req-913676b4-83f1-4e0d-88d8-29d64cfdd184 3b9d40c5c44c4388ad2897ac31b54501 08a88edd565548338e5f98f1d404d530 - - default default] No more DHCP agents
2026-05-09 18:05:48.373 9 WARNING neutron.api.rpc.agentnotifiers.dhcp_rpc_agent_api [None req-913676b4-83f1-4e0d-88d8-29d64cfdd184 3b9d40c5c44c4388ad2897ac31b54501 08a88edd565548338e5f98f1d404d530 - - default default] Unable to schedule network 0320b55b-e7a1-4465-a762-608c2300d995: no agents available; will retry on subsequent port and subnet creation events.
2026-05-09 18:05:48.466 9 INFO neutron.db.ovn_revision_numbers_db [None req-913676b4-83f1-4e0d-88d8-29d64cfdd184 3b9d40c5c44c4388ad2897ac31b54501 08a88edd565548338e5f98f1d404d530 - - default default] Successfully bumped revision number for resource 9d138780-794d-4fd0-b7f1-daf8924dbc82 (type: ports) to 1
