2026-05-09 18:05:19.887 10 ERROR neutron_lib.callbacks.manager callback.method(resource, event, trigger, payload=payload)
2026-05-09 18:05:19.887 10 ERROR neutron_lib.callbacks.manager
File "/var/lib/openstack/lib/python3.10/site-packages/neutron/services/ovn_l3/plugin.py", line 391, in _port_update
2026-05-09 18:05:19.887 10 ERROR neutron_lib.callbacks.manager l3plugin._ovn_client.update_router_port(context,
2026-05-09 18:05:19.887 10 ERROR neutron_lib.callbacks.manager
File "/var/lib/openstack/lib/python3.10/site-packages/neutron/plugins/ml2/drivers/ovn/mech_driver/ovsdb/ovn_client.py", line 1878, in update_router_port
2026-05-09 18:05:19.887 10 ERROR neutron_lib.callbacks.manager self._update_lrouter_port(context, port, if_exists=if_exists,
2026-05-09 18:05:19.887 10 ERROR neutron_lib.callbacks.manager
File "/var/lib/openstack/lib/python3.10/site-packages/neutron/plugins/ml2/drivers/ovn/mech_driver/ovsdb/ovn_client.py", line 1855, in _update_lrouter_port
2026-05-09 18:05:19.887 10 ERROR neutron_lib.callbacks.manager external_ids = self._nb_idl.db_get(
2026-05-09 18:05:19.887 10 ERROR neutron_lib.callbacks.manager
File "/var/lib/openstack/lib/python3.10/site-packages/ovsdbapp/backend/ovs_idl/command.py", line 47, in execute
2026-05-09 18:05:19.887 10 ERROR neutron_lib.callbacks.manager self.run_idl(None)
2026-05-09 18:05:19.887 10 ERROR neutron_lib.callbacks.manager
File "/var/lib/openstack/lib/python3.10/site-packages/ovsdbapp/backend/ovs_idl/command.py", line 235, in run_idl
2026-05-09 18:05:19.887 10 ERROR neutron_lib.callbacks.manager record = self.api.lookup(self.table, self.record)
2026-05-09 18:05:19.887 10 ERROR neutron_lib.callbacks.manager
File "/var/lib/openstack/lib/python3.10/site-packages/ovsdbapp/backend/ovs_idl/__init__.py", line 184, in lookup
2026-05-09 18:05:19.887 10 ERROR neutron_lib.callbacks.manager return self._lookup(table, record)
2026-05-09 18:05:19.887 10 ERROR neutron_lib.callbacks.manager
File "/var/lib/openstack/lib/python3.10/site-packages/ovsdbapp/backend/ovs_idl/__init__.py", line 235, in _lookup
2026-05-09 18:05:19.887 10 ERROR neutron_lib.callbacks.manager row = idlutils.row_by_value(self, rl.table, rl.column, record)
2026-05-09 18:05:19.887 10 ERROR neutron_lib.callbacks.manager
File "/var/lib/openstack/lib/python3.10/site-packages/ovsdbapp/backend/ovs_idl/idlutils.py", line 114, in row_by_value
2026-05-09 18:05:19.887 10 ERROR neutron_lib.callbacks.manager raise RowNotFound(table=table, col=column, match=match)
2026-05-09 18:05:19.887 10 ERROR neutron_lib.callbacks.manager ovsdbapp.backend.ovs_idl.idlutils.RowNotFound: Cannot find Logical_Router_Port with name=lrp-0e6c2212-6953-471b-84f0-52e512cb42f8
2026-05-09 18:05:19.887 10 ERROR neutron_lib.callbacks.manager 
2026-05-09 18:05:20.090 10 INFO neutron.wsgi [None req-a8415f2e-9c16-407f-93bf-d638b0621993 b0c879c99dad44d09219c314d35f57e4 a5452024624c4173a9384ae077addd82 - - default default] 10.0.0.133 "DELETE /v2.0/security-groups/3ddeb5b7-b95e-4ea3-8380-04aa395ec747 HTTP/1.1" status: 204 len: 168 time: 0.4640453
2026-05-09 18:05:20.105 9 INFO neutron.db.ovn_revision_numbers_db [None req-92ca9d30-b5f6-46a0-83a6-a6bebe0da3ef - - - - - -] Successfully bumped revision number for resource 36d3c3ec-20b3-422c-8bc4-ef597dba25b5 (type: router_ports) to 4
2026-05-09 18:05:20.193 9 INFO neutron.plugins.ml2.drivers.ovn.mech_driver.mech_driver [None req-92ca9d30-b5f6-46a0-83a6-a6bebe0da3ef - - - - - -] OVN reports status up for port: d9e2c088-0dbe-48b3-8262-0212f833742c
2026-05-09 18:05:20.197 10 WARNING neutron.scheduler.dhcp_agent_scheduler [None req-505444b9-cb8a-492d-9f7b-04222c2ef85f df22907461a74e3e82f2d180376ef1c3 31065f576e024c9bb2929f2a74db98e2 - - default default] No more DHCP agents
2026-05-09 18:05:20.199 10 INFO neutron.db.ovn_revision_numbers_db [None req-4f31ec16-7439-4fd6-9fd9-d190c9a4cd5a b0c879c99dad44d09219c314d35f57e4 a5452024624c4173a9384ae077addd82 - - default default] Successfully bumped revision number for resource 0e6c2212-6953-471b-84f0-52e512cb42f8 (type: ports) to 1
2026-05-09 18:05:20.200 9 INFO neutron.plugins.ml2.plugin [None req-92ca9d30-b5f6-46a0-83a6-a6bebe0da3ef - - - - - -] Attempt 1 to provision port d9e2c088-0dbe-48b3-8262-0212f833742c
2026-05-09 18:05:20.202 10 WARNING neutron.api.rpc.agentnotifiers.dhcp_rpc_agent_api [None req-505444b9-cb8a-492d-9f7b-04222c2ef85f df22907461a74e3e82f2d180376ef1c3 31065f576e024c9bb2929f2a74db98e2 - - default default] Unable to schedule network dcce5a27-29a3-4192-825c-d4000ecd2345: no agents available; will retry on subsequent port and subnet creation events.
2026-05-09 18:05:20.234 10 INFO neutron.db.ovn_revision_numbers_db [None req-505444b9-cb8a-492d-9f7b-04222c2ef85f df22907461a74e3e82f2d180376ef1c3 31065f576e024c9bb2929f2a74db98e2 - - default default] Successfully bumped revision number for resource bc365db7-c252-4c96-8d22-46505f48796c (type: subnets) to 0
2026-05-09 18:05:20.252 10 INFO neutron.wsgi [None req-505444b9-cb8a-492d-9f7b-04222c2ef85f df22907461a74e3e82f2d180376ef1c3 31065f576e024c9bb2929f2a74db98e2 - - default default] 10.0.0.133 "POST /v2.0/subnets HTTP/1.1" status: 201 len: 802 time: 0.4146364
2026-05-09 18:05:20.260 10 WARNING neutron_lib.context [None req-b98c27c6-5c12-41eb-9f78-907cf76408e7 df22907461a74e3e82f2d180376ef1c3 31065f576e024c9bb2929f2a74db98e2 - - default default] Method 'is_advsvc' is deprecated since 2023.2 release (neutron-lib 3.8.0) and will be removed once support for the old RBAC API policies will be removed from Neutron. Please use method 'is_service_role' instead.
2026-05-09 18:05:20.279 10 WARNING neutron.scheduler.dhcp_agent_scheduler [None req-4f31ec16-7439-4fd6-9fd9-d190c9a4cd5a b0c879c99dad44d09219c314d35f57e4 a5452024624c4173a9384ae077addd82 - - default default] No more DHCP agents
2026-05-09 18:05:20.282 10 WARNING neutron.api.rpc.agentnotifiers.dhcp_rpc_agent_api [None req-4f31ec16-7439-4fd6-9fd9-d190c9a4cd5a b0c879c99dad44d09219c314d35f57e4 a5452024624c4173a9384ae077addd82 - - default default] Unable to schedule network 382520e3-a56b-4b32-b7e1-3103e2676ea7: no agents available; will retry on subsequent port and subnet creation events.
2026-05-09 18:05:20.584 9 INFO neutron.wsgi [None req-42413302-a33a-46d6-b7f5-d90c0b1af227 078e035f812d4e9ca1e339292547f33a ea2587a54edc462da52012de4396b473 - - default default] 10.0.0.133 "DELETE /v2.0/routers/73c0ecc0-ad0e-4e1e-a996-529eb44c0f85 HTTP/1.1" status: 204 len: 168 time: 1.0081279
2026-05-09 18:05:20.610 9 INFO neutron.wsgi [None req-f3792769-121d-43c2-9503-4b46f914dbff 078e035f812d4e9ca1e339292547f33a ea2587a54edc462da52012de4396b473 - - default default] 10.0.0.133 "GET /v2.0/ports?device_id=73c0ecc0-ad0e-4e1e-a996-529eb44c0f85 HTTP/1.1" status: 200 len: 205 time: 0.0196347
2026-05-09 18:05:20.640 9 INFO neutron.api.v2.resource [None req-2a6fa557-a9d6-4524-9571-532eb25df3a5 078e035f812d4e9ca1e339292547f33a ea2587a54edc462da52012de4396b473 - - default default] delete failed (client error): The resource could not be found.
2026-05-09 18:05:20.641 9 INFO neutron.wsgi [None req-2a6fa557-a9d6-4524-9571-532eb25df3a5 078e035f812d4e9ca1e339292547f33a ea2587a54edc462da52012de4396b473 - - default default] 10.0.0.133 "DELETE /v2.0/routers/73c0ecc0-ad0e-4e1e-a996-529eb44c0f85 HTTP/1.1" status: 404 len: 336 time: 0.0261972
2026-05-09 18:05:20.663 9 INFO neutron.wsgi [None req-38d834fa-81cd-43ad-ba38-312c848c6dfb 078e035f812d4e9ca1e339292547f33a ea2587a54edc462da52012de4396b473 - - default default] 10.0.0.133 "GET /v2.0/ports?device_id=46fceeab-e12d-4643-a909-9b9079f15b12 HTTP/1.1" status: 200 len: 205 time: 0.0181742
2026-05-09 18:05:20.687 9 INFO neutron.api.v2.resource [None req-47c521a4-88b5-430e-9ad5-d3f64e4a6e00 078e035f812d4e9ca1e339292547f33a ea2587a54edc462da52012de4396b473 - - default default] delete failed (client error): The resource could not be found.
2026-05-09 18:05:20.688 9 INFO neutron.wsgi [None req-47c521a4-88b5-430e-9ad5-d3f64e4a6e00 078e035f812d4e9ca1e339292547f33a ea2587a54edc462da52012de4396b473 - - default default] 10.0.0.133 "DELETE /v2.0/routers/46fceeab-e12d-4643-a909-9b9079f15b12 HTTP/1.1" status: 404 len: 336 time: 0.0214877
2026-05-09 18:05:20.710 9 INFO neutron.pecan_wsgi.hooks.translation [None req-ba05ba24-1fae-41d7-bfa5-25b97b1553ee 078e035f812d4e9ca1e339292547f33a ea2587a54edc462da52012de4396b473 - - default default] DELETE failed (client error): The resource could not be found.
2026-05-09 18:05:20.713 9 INFO neutron.wsgi [None req-ba05ba24-1fae-41d7-bfa5-25b97b1553ee 078e035f812d4e9ca1e339292547f33a ea2587a54edc462da52012de4396b473 - - default default] 10.0.0.133 "DELETE /v2.0/subnets/61bfdf99-a18f-4408-84c5-c016a185d4d2 HTTP/1.1" status: 404 len: 337 time: 0.0201139
2026-05-09 18:05:20.756 10 INFO neutron.wsgi [None req-4db2752c-ae82-44eb-90e8-eca2c8fe7a3a 078e035f812d4e9ca1e339292547f33a ea2587a54edc462da52012de4396b473 - - default default] 10.0.0.133 "GET /v2.0/ports?device_id=45704af1-fb9f-405f-8790-2dffec507764 HTTP/1.1" status: 200 len: 205 time: 0.0366516
2026-05-09 18:05:20.786 9 INFO neutron.api.v2.resource [None req-86941ab5-cd92-4b0f-b270-b2699c5b077b 078e035f812d4e9ca1e339292547f33a ea2587a54edc462da52012de4396b473 - - default default] delete failed (client error): The resource could not be found.
2026-05-09 18:05:20.788 9 INFO neutron.wsgi [None req-86941ab5-cd92-4b0f-b270-b2699c5b077b 078e035f812d4e9ca1e339292547f33a ea2587a54edc462da52012de4396b473 - - default default] 10.0.0.133 "DELETE /v2.0/routers/45704af1-fb9f-405f-8790-2dffec507764 HTTP/1.1" status: 404 len: 336 time: 0.0280757
2026-05-09 18:05:20.806 9 INFO neutron.pecan_wsgi.hooks.translation [None req-f844ebc2-4636-421d-91e7-062346daba6d 078e035f812d4e9ca1e339292547f33a ea2587a54edc462da52012de4396b473 - - default default] DELETE failed (client error): The resource could not be found.
2026-05-09 18:05:20.810 9 INFO neutron.wsgi [None req-f844ebc2-4636-421d-91e7-062346daba6d 078e035f812d4e9ca1e339292547f33a ea2587a54edc462da52012de4396b473 - - default default] 10.0.0.133 "DELETE /v2.0/subnets/1fa0c6a6-d2a1-430b-b295-af260ee67c30 HTTP/1.1" status: 404 len: 337 time: 0.0188346
2026-05-09 18:05:20.830 9 INFO neutron.wsgi [None req-9c2fbbea-4597-4a26-81a1-dc30bce3878c 078e035f812d4e9ca1e339292547f33a ea2587a54edc462da52012de4396b473 - - default default] 10.0.0.133 "GET /v2.0/ports?device_id=d39798c2-d7e1-4ff3-b7e4-a2536b0b425c HTTP/1.1" status: 200 len: 205 time: 0.0155432
2026-05-09 18:05:20.854 9 INFO neutron.api.v2.resource [None req-0686b26f-f733-4566-9920-79cbb9a9611f 078e035f812d4e9ca1e339292547f33a ea2587a54edc462da52012de4396b473 - - default default] delete failed (client error): The resource could not be found.
2026-05-09 18:05:20.855 9 INFO neutron.wsgi [None req-0686b26f-f733-4566-9920-79cbb9a9611f 078e035f812d4e9ca1e339292547f33a ea2587a54edc462da52012de4396b473 - - default default] 10.0.0.133 "DELETE /v2.0/routers/d39798c2-d7e1-4ff3-b7e4-a2536b0b425c HTTP/1.1" status: 404 len: 336 time: 0.0208664
2026-05-09 18:05:20.871 9 INFO neutron.pecan_wsgi.hooks.translation [None req-e0c44a36-8197-40f8-b1c2-c5b418442380 078e035f812d4e9ca1e339292547f33a ea2587a54edc462da52012de4396b473 - - default default] DELETE failed (client error): The resource could not be found.
2026-05-09 18:05:20.873 9 INFO neutron.wsgi [None req-e0c44a36-8197-40f8-b1c2-c5b418442380 078e035f812d4e9ca1e339292547f33a ea2587a54edc462da52012de4396b473 - - default default] 10.0.0.133 "DELETE /v2.0/subnets/cc8f0290-60f3-4db6-a9c9-14f237aea6b2 HTTP/1.1" status: 404 len: 337 time: 0.0135415
2026-05-09 18:05:20.889 9 INFO neutron.pecan_wsgi.hooks.translation [None req-8b66e370-9fea-4678-bcab-b888676d08f8 078e035f812d4e9ca1e339292547f33a ea2587a54edc462da52012de4396b473 - - default default] DELETE failed (client error): The resource could not be found.
2026-05-09 18:05:20.891 9 INFO neutron.wsgi [None req-8b66e370-9fea-4678-bcab-b888676d08f8 078e035f812d4e9ca1e339292547f33a ea2587a54edc462da52012de4396b473 - - default default] 10.0.0.133 "DELETE /v2.0/subnets/8fc76938-63b4-4b6d-8c7e-cbbc74b9142a HTTP/1.1" status: 404 len: 337 time: 0.0140295
2026-05-09 18:05:21.151 10 WARNING neutron.scheduler.dhcp_agent_scheduler [None req-b98c27c6-5c12-41eb-9f78-907cf76408e7 df22907461a74e3e82f2d180376ef1c3 31065f576e024c9bb2929f2a74db98e2 - - default default] No more DHCP agents
2026-05-09 18:05:21.153 10 WARNING neutron.api.rpc.agentnotifiers.dhcp_rpc_agent_api [None req-b98c27c6-5c12-41eb-9f78-907cf76408e7 df22907461a74e3e82f2d180376ef1c3 31065f576e024c9bb2929f2a74db98e2 - - default default] Unable to schedule network 08539ba2-fb25-4466-881c-5e4218d9c7d2: no agents available; will retry on subsequent port and subnet creation events.
2026-05-09 18:05:21.207 10 INFO neutron.db.ovn_revision_numbers_db [None req-4f31ec16-7439-4fd6-9fd9-d190c9a4cd5a b0c879c99dad44d09219c314d35f57e4 a5452024624c4173a9384ae077addd82 - - default default] Successfully bumped revision number for resource 0e6c2212-6953-471b-84f0-52e512cb42f8 (type: router_ports) to 1
2026-05-09 18:05:21.212 10 INFO neutron.wsgi [None req-4f31ec16-7439-4fd6-9fd9-d190c9a4cd5a b0c879c99dad44d09219c314d35f57e4 a5452024624c4173a9384ae077addd82 - - default default] 10.0.0.133 "PUT /v2.0/routers/874251ab-1cca-4943-ad66-bf62f6e5b387/add_router_interface HTTP/1.1" status: 200 len: 503 time: 3.4239879
2026-05-09 18:05:21.314 10 INFO neutron.db.ovn_revision_numbers_db [None req-b98c27c6-5c12-41eb-9f78-907cf76408e7 df22907461a74e3e82f2d180376ef1c3 31065f576e024c9bb2929f2a74db98e2 - - default default] Successfully bumped revision number for resource 064bc2e5-fc06-4416-95c5-78a9874e478d (type: ports) to 1
2026-05-09 18:05:21.590 9 INFO neutron.wsgi [None req-7ec6f5fa-818e-49f8-95c4-f0194ab5984b b0c879c99dad44d09219c314d35f57e4 a5452024624c4173a9384ae077addd82 - - default default] 10.0.0.133 "GET /v2.0/security-groups?tenant_id=ea2587a54edc462da52012de4396b473&name=default HTTP/1.1" status: 200 len: 3120 time: 0.2469428
2026-05-09 18:05:21.668 9 INFO neutron.wsgi [-] 10.0.0.98 "GET / HTTP/1.1" status: 200 len: 247 time: 0.0016634
2026-05-09 18:05:21.670 9 INFO neutron.wsgi [-] 10.0.0.98 "GET / HTTP/1.1" status: 200 len: 247 time: 0.0012369
2026-05-09 18:05:21.887 9 INFO neutron.wsgi [None req-64f973c0-c94b-4134-9291-e28d11bad09f b0c879c99dad44d09219c314d35f57e4 a5452024624c4173a9384ae077addd82 - - default default] 10.0.0.133 "DELETE /v2.0/security-groups/9a073bc1-213a-4c49-8603-34f72b1a6884 HTTP/1.1" status: 204 len: 168 time: 0.2870362
2026-05-09 18:05:21.930 9 INFO neutron.db.ovn_revision_numbers_db [None req-0df3b6e5-b4cc-4864-8ddc-5a08b61a2c26 b0c879c99dad44d09219c314d35f57e4 a5452024624c4173a9384ae077addd82 - - default default] Successfully bumped revision number for resource 194e726f-f39b-46ad-b597-eb958cc13570 (type: security_groups) to 1
2026-05-09 18:05:21.942 9 INFO neutron.db.ovn_revision_numbers_db [None req-0df3b6e5-b4cc-4864-8ddc-5a08b61a2c26 b0c879c99dad44d09219c314d35f57e4 a5452024624c4173a9384ae077addd82 - - default default] Successfully bumped revision number for resource 2c698780-3c15-4da9-abc4-0870d77c6e6d (type: security_group_rules) to 0
2026-05-09 18:05:21.956 9 INFO neutron.db.ovn_revision_numbers_db [None req-0df3b6e5-b4cc-4864-8ddc-5a08b61a2c26 b0c879c99dad44d09219c314d35f57e4 a5452024624c4173a9384ae077addd82 - - default default] Successfully bumped revision number for resource 75361191-46cc-4957-a36a-d7f9e6a80243 (type: security_group_rules) to 0
2026-05-09 18:05:21.968 9 INFO neutron.db.ovn_revision_numbers_db [None req-0df3b6e5-b4cc-4864-8ddc-5a08b61a2c26 b0c879c99dad44d09219c314d35f57e4 a5452024624c4173a9384ae077addd82 - - default default] Successfully bumped revision number for resource 7698be0b-3a77-45c1-a8ee-1e59d44c759c (type: security_group_rules) to 0
2026-05-09 18:05:21.971 10 INFO neutron.plugins.ml2.drivers.ovn.mech_driver.ovsdb.commands [None req-cf13bb61-e05b-4855-a2bb-df1a8855c940 - - - - - -] Schedule LRP lrp-064bc2e5-fc06-4416-95c5-78a9874e478d on gateway eb62f7fb-7d9c-4b15-8d25-46a9ae4e9234 with priority 1
2026-05-09 18:05:21.986 9 INFO neutron.db.ovn_revision_numbers_db [None req-0df3b6e5-b4cc-4864-8ddc-5a08b61a2c26 b0c879c99dad44d09219c314d35f57e4 a5452024624c4173a9384ae077addd82 - - default default] Successfully bumped revision number for resource ff7881e8-38e7-4d2c-970d-14f83742f31e (type: security_group_rules) to 0
2026-05-09 18:05:22.010 10 INFO neutron.db.ovn_revision_numbers_db [None req-b98c27c6-5c12-41eb-9f78-907cf76408e7 df22907461a74e3e82f2d180376ef1c3 31065f576e024c9bb2929f2a74db98e2 - - default default] Successfully bumped revision number for resource 064bc2e5-fc06-4416-95c5-78a9874e478d (type: router_ports) to 1
2026-05-09 18:05:22.030 9 INFO neutron.db.segments_db [None req-0df3b6e5-b4cc-4864-8ddc-5a08b61a2c26 b0c879c99dad44d09219c314d35f57e4 a5452024624c4173a9384ae077addd82 - - default default] Added segment 13fd9c21-70ee-45d5-9e8e-4b108ebc46f8 of type geneve for network a1c434d8-3596-4eea-a627-bfbe17889dfc
2026-05-09 18:05:22.073 10 INFO neutron.db.ovn_revision_numbers_db [None req-b98c27c6-5c12-41eb-9f78-907cf76408e7 df22907461a74e3e82f2d180376ef1c3 31065f576e024c9bb2929f2a74db98e2 - - default default] Successfully bumped revision number for resource 48581759-eb9a-405c-905f-9d37bb4931f2 (type: routers) to 2
2026-05-09 18:05:22.088 10 INFO neutron.wsgi [None req-b98c27c6-5c12-41eb-9f78-907cf76408e7 df22907461a74e3e82f2d180376ef1c3 31065f576e024c9bb2929f2a74db98e2 - - default default] 10.0.0.133 "POST /v2.0/routers HTTP/1.1" status: 201 len: 1154 time: 1.8319545
2026-05-09 18:05:22.297 10 INFO neutron.wsgi [req-5942e5f6-beae-4472-a56b-b820798c0c59 req-f8bcda40-28da-4e49-a840-7ea58ae98037 3d1b48234bfb4456b74d607c2fb6e92d dba2a123c14b4227baa0394d4f676523 - - default default] 10.0.0.125 "GET /v2.0/networks?id=382520e3-a56b-4b32-b7e1-3103e2676ea7 HTTP/1.1" status: 200 len: 877 time: 0.1123118
2026-05-09 18:05:22.316 10 INFO neutron.wsgi [req-5942e5f6-beae-4472-a56b-b820798c0c59 req-3c5bc843-6d56-429b-9842-fff1af8dd9a6 3d1b48234bfb4456b74d607c2fb6e92d dba2a123c14b4227baa0394d4f676523 - - default default] 10.0.0.125 "GET /v2.0/quotas/dba2a123c14b4227baa0394d4f676523 HTTP/1.1" status: 200 len: 491 time: 0.0120435
2026-05-09 18:05:22.367 9 INFO neutron.db.ovn_revision_numbers_db [None req-0df3b6e5-b4cc-4864-8ddc-5a08b61a2c26 b0c879c99dad44d09219c314d35f57e4 a5452024624c4173a9384ae077addd82 - - default default] Successfully bumped revision number for resource a1c434d8-3596-4eea-a627-bfbe17889dfc (type: networks) to 1
2026-05-09 18:05:22.451 10 INFO neutron.wsgi [req-5942e5f6-beae-4472-a56b-b820798c0c59 req-0dc51f29-2c99-4e60-8477-4e9a7c48351f 3d1b48234bfb4456b74d607c2fb6e92d dba2a123c14b4227baa0394d4f676523 - - default default] 10.0.0.125 "GET /v2.0/ports?tenant_id=dba2a123c14b4227baa0394d4f676523&fields=id HTTP/1.1" status: 200 len: 302 time: 0.1233063
2026-05-09 18:05:22.543 10 INFO neutron.wsgi [req-5942e5f6-beae-4472-a56b-b820798c0c59 req-d54a7acb-a5b7-40b0-977e-456789d63846 776ac5e4cd6f477687a5c90a4c2cab46 1666ee8a17de480aa8f1b766b50213a0 - - f43ab4a669114995b6803f08d09f0240 f43ab4a669114995b6803f08d09f0240] 10.0.0.125 "GET /v2.0/networks/382520e3-a56b-4b32-b7e1-3103e2676ea7?fields=segments HTTP/1.1" status: 200 len: 212 time: 0.0828824
2026-05-09 18:05:22.548 9 WARNING neutron.scheduler.dhcp_agent_scheduler [None req-0df3b6e5-b4cc-4864-8ddc-5a08b61a2c26 b0c879c99dad44d09219c314d35f57e4 a5452024624c4173a9384ae077addd82 - - default default] No more DHCP agents
2026-05-09 18:05:22.549 9 WARNING neutron.api.rpc.agentnotifiers.dhcp_rpc_agent_api [None req-0df3b6e5-b4cc-4864-8ddc-5a08b61a2c26 b0c879c99dad44d09219c314d35f57e4 a5452024624c4173a9384ae077addd82 - - default default] Unable to schedule network a1c434d8-3596-4eea-a627-bfbe17889dfc: no agents available; will retry on subsequent port and subnet creation events.
2026-05-09 18:05:22.627 10 INFO neutron.wsgi [req-5942e5f6-beae-4472-a56b-b820798c0c59 req-a99bbbd5-9db2-4708-8d41-002601838f78 776ac5e4cd6f477687a5c90a4c2cab46 1666ee8a17de480aa8f1b766b50213a0 - - f43ab4a669114995b6803f08d09f0240 f43ab4a669114995b6803f08d09f0240] 10.0.0.125 "GET /v2.0/networks/382520e3-a56b-4b32-b7e1-3103e2676ea7?fields=provider%3Aphysical_network&fields=provider%3Anetwork_type HTTP/1.1" status: 200 len: 277 time: 0.0757046
2026-05-09 18:05:22.629 9 INFO neutron.db.ovn_revision_numbers_db [None req-0df3b6e5-b4cc-4864-8ddc-5a08b61a2c26 b0c879c99dad44d09219c314d35f57e4 a5452024624c4173a9384ae077addd82 - - default default] Successfully bumped revision number for resource 78b9141c-7521-4469-8f7c-7c0260c457ff (type: ports) to 1
2026-05-09 18:05:22.660 9 INFO neutron.wsgi [None req-0df3b6e5-b4cc-4864-8ddc-5a08b61a2c26 b0c879c99dad44d09219c314d35f57e4 a5452024624c4173a9384ae077addd82 - - default default] 10.0.0.133 "POST /v2.0/networks HTTP/1.1" status: 201 len: 942 time: 0.9211333
2026-05-09 18:05:22.766 9 INFO neutron.wsgi [req-7cf4b5fa-a379-48f6-86f8-8a47244a1968 req-f898eee5-788e-4c35-a32b-7afdc3e14437 3d1b48234bfb4456b74d607c2fb6e92d dba2a123c14b4227baa0394d4f676523 - - default default] 10.0.0.125 "GET /v2.0/ports?device_id=e932c4c5-94f3-4492-94a2-a7a3a6ee0d81 HTTP/1.1" status: 200 len: 210 time: 0.0244343
2026-05-09 18:05:23.179 10 WARNING neutron.scheduler.dhcp_agent_scheduler [None req-6dc8fe04-64ce-4b76-9cab-d6739c54e693 b0c879c99dad44d09219c314d35f57e4 a5452024624c4173a9384ae077addd82 - - default default] No more DHCP agents
2026-05-09 18:05:23.184 10 WARNING neutron.api.rpc.agentnotifiers.dhcp_rpc_agent_api [None req-6dc8fe04-64ce-4b76-9cab-d6739c54e693 b0c879c99dad44d09219c314d35f57e4 a5452024624c4173a9384ae077addd82 - - default default] Unable to schedule network a1c434d8-3596-4eea-a627-bfbe17889dfc: no agents available; will retry on subsequent port and subnet creation events.
2026-05-09 18:05:23.187 10 WARNING neutron.scheduler.dhcp_agent_scheduler [None req-c4776747-9371-47c7-b68a-c7749b3bd034 df22907461a74e3e82f2d180376ef1c3 31065f576e024c9bb2929f2a74db98e2 - - default default] No more DHCP agents
2026-05-09 18:05:23.189 10 WARNING neutron.api.rpc.agentnotifiers.dhcp_rpc_agent_api [None req-c4776747-9371-47c7-b68a-c7749b3bd034 df22907461a74e3e82f2d180376ef1c3 31065f576e024c9bb2929f2a74db98e2 - - default default] Unable to schedule network dcce5a27-29a3-4192-825c-d4000ecd2345: no agents available; will retry on subsequent port and subnet creation events.
2026-05-09 18:05:23.383 10 INFO neutron.db.ovn_revision_numbers_db [None req-c4776747-9371-47c7-b68a-c7749b3bd034 df22907461a74e3e82f2d180376ef1c3 31065f576e024c9bb2929f2a74db98e2 - - default default] Successfully bumped revision number for resource 2b854475-dc7b-46c4-a950-cf71e9027af2 (type: ports) to 1
2026-05-09 18:05:23.505 10 INFO neutron.wsgi [req-5942e5f6-beae-4472-a56b-b820798c0c59 req-e58a6b2e-6935-4ea3-a597-eff3ca0e5513 3d1b48234bfb4456b74d607c2fb6e92d dba2a123c14b4227baa0394d4f676523 - - default default] 199.204.45.222 "GET /v2.0/networks?id=382520e3-a56b-4b32-b7e1-3103e2676ea7 HTTP/1.1" status: 200 len: 877 time: 0.0998204
2026-05-09 18:05:23.525 10 WARNING neutron_lib.context [req-5942e5f6-beae-4472-a56b-b820798c0c59 req-92f8f87b-6fcd-4a85-9aee-2c80b2cfd1bf 3d1b48234bfb4456b74d607c2fb6e92d dba2a123c14b4227baa0394d4f676523 - - default default] Method 'is_advsvc' is deprecated since 2023.2 release (neutron-lib 3.8.0) and will be removed once support for the old RBAC API policies will be removed from Neutron. Please use method 'is_service_role' instead.
2026-05-09 18:05:23.846 10 WARNING neutron_lib.context [None req-6ed52042-ec61-439d-9fc6-dcc6ab4c314d 480150290c3644b4b5a187f2693b4990 3aabbcf46c16479aaa13ef87d98f0017 - - default default] Method 'is_advsvc' is deprecated since 2023.2 release (neutron-lib 3.8.0) and will be removed once support for the old RBAC API policies will be removed from Neutron. Please use method 'is_service_role' instead.
2026-05-09 18:05:23.886 10 INFO neutron.wsgi [req-d20f71b2-21ae-4596-9caa-e5ab123b4cda req-9e327dd9-e67d-476a-87f5-ea87f6a13864 3d1b48234bfb4456b74d607c2fb6e92d dba2a123c14b4227baa0394d4f676523 - - default default] 10.0.0.125 "GET /v2.0/ports?device_id=e932c4c5-94f3-4492-94a2-a7a3a6ee0d81 HTTP/1.1" status: 200 len: 210 time: 0.0559964
2026-05-09 18:05:24.001 10 INFO neutron.wsgi [None req-6ed52042-ec61-439d-9fc6-dcc6ab4c314d 480150290c3644b4b5a187f2693b4990 3aabbcf46c16479aaa13ef87d98f0017 - - default default] 10.0.0.133 "POST /v2.0/subnetpools HTTP/1.1" status: 201 len: 748 time: 0.4113793
2026-05-09 18:05:24.037 9 INFO neutron.wsgi [None req-d1724a89-2d0f-4d64-825a-0ef2fd6928a6 480150290c3644b4b5a187f2693b4990 3aabbcf46c16479aaa13ef87d98f0017 - - default default] 10.0.0.133 "GET /v2.0/subnetpools/f8748103-9f5d-42f9-850d-5bb880acbb88 HTTP/1.1" status: 200 len: 743 time: 0.0283246
2026-05-09 18:05:24.086 10 INFO neutron.db.ovn_revision_numbers_db [None req-6dc8fe04-64ce-4b76-9cab-d6739c54e693 b0c879c99dad44d09219c314d35f57e4 a5452024624c4173a9384ae077addd82 - - default default] Successfully bumped revision number for resource 78b9141c-7521-4469-8f7c-7c0260c457ff (type: ports) to 2
2026-05-09 18:05:24.097 9 INFO neutron.wsgi [None req-1d4def3f-85ba-4ef1-8000-81f655e168bc 480150290c3644b4b5a187f2693b4990 3aabbcf46c16479aaa13ef87d98f0017 - - default default] 10.0.0.133 "PUT /v2.0/subnetpools/f8748103-9f5d-42f9-850d-5bb880acbb88 HTTP/1.1" status: 200 len: 695 time: 0.0516658
2026-05-09 18:05:24.157 9 INFO neutron.wsgi [None req-52404128-4d18-465f-9eab-0958f331b9b1 480150290c3644b4b5a187f2693b4990 3aabbcf46c16479aaa13ef87d98f0017 - - default default] 10.0.0.133 "DELETE /v2.0/subnetpools/f8748103-9f5d-42f9-850d-5bb880acbb88 HTTP/1.1" status: 204 len: 168 time: 0.0551074
2026-05-09 18:05:24.161 10 INFO neutron.db.ovn_revision_numbers_db [None req-6dc8fe04-64ce-4b76-9cab-d6739c54e693 b0c879c99dad44d09219c314d35f57e4 a5452024624c4173a9384ae077addd82 - - default default] Successfully bumped revision number for resource 4e873027-16d3-45c8-aabd-1b2b02131663 (type: subnets) to 0
2026-05-09 18:05:24.170 9 INFO neutron.api.v2.resource [None req-4d9fd637-a571-4344-9ca4-244a8ccb2845 480150290c3644b4b5a187f2693b4990 3aabbcf46c16479aaa13ef87d98f0017 - - default default] show failed (client error): The resource could not be found.
2026-05-09 18:05:24.171 9 INFO neutron.wsgi [None req-4d9fd637-a571-4344-9ca4-244a8ccb2845 480150290c3644b4b5a187f2693b4990 3aabbcf46c16479aaa13ef87d98f0017 - - default default] 10.0.0.133 "GET /v2.0/subnetpools/f8748103-9f5d-42f9-850d-5bb880acbb88 HTTP/1.1" status: 404 len: 346 time: 0.0097768
2026-05-09 18:05:24.177 10 WARNING neutron.scheduler.dhcp_agent_scheduler [req-5942e5f6-beae-4472-a56b-b820798c0c59 req-92f8f87b-6fcd-4a85-9aee-2c80b2cfd1bf 3d1b48234bfb4456b74d607c2fb6e92d dba2a123c14b4227baa0394d4f676523 - - default default] No more DHCP agents
2026-05-09 18:05:24.180 10 WARNING neutron.api.rpc.agentnotifiers.dhcp_rpc_agent_api [req-5942e5f6-beae-4472-a56b-b820798c0c59 req-92f8f87b-6fcd-4a85-9aee-2c80b2cfd1bf 3d1b48234bfb4456b74d607c2fb6e92d dba2a123c14b4227baa0394d4f676523 - - default default] Unable to schedule network 382520e3-a56b-4b32-b7e1-3103e2676ea7: no agents available; will retry on subsequent port and subnet creation events.
2026-05-09 18:05:24.183 10 INFO neutron.wsgi [None req-6dc8fe04-64ce-4b76-9cab-d6739c54e693 b0c879c99dad44d09219c314d35f57e4 a5452024624c4173a9384ae077addd82 - - default default] 10.0.0.133 "POST /v2.0/subnets HTTP/1.1" status: 201 len: 862 time: 1.5179894
2026-05-09 18:05:24.194 9 INFO neutron.api.v2.resource [None req-f5c33106-8757-4d86-94ed-30ea62750cdd 480150290c3644b4b5a187f2693b4990 3aabbcf46c16479aaa13ef87d98f0017 - - default default] delete failed (client error): The resource could not be found.
2026-05-09 18:05:24.196 9 INFO neutron.wsgi [None req-f5c33106-8757-4d86-94ed-30ea62750cdd 480150290c3644b4b5a187f2693b4990 3aabbcf46c16479aaa13ef87d98f0017 - - default default] 10.0.0.133 "DELETE /v2.0/subnetpools/f8748103-9f5d-42f9-850d-5bb880acbb88 HTTP/1.1" status: 404 len: 346 time: 0.0177844
2026-05-09 18:05:24.539 10 ERROR ovsdbapp.backend.ovs_idl.command [None req-c4776747-9371-47c7-b68a-c7749b3bd034 df22907461a74e3e82f2d180376ef1c3 31065f576e024c9bb2929f2a74db98e2 - - default default] Error executing command (DbGetCommand): ovsdbapp.backend.ovs_idl.idlutils.RowNotFound: Cannot find Logical_Router_Port with name=lrp-2b854475-dc7b-46c4-a950-cf71e9027af2
2026-05-09 18:05:24.539 10 ERROR ovsdbapp.backend.ovs_idl.command
Traceback (most recent call last):
2026-05-09 18:05:24.539 10 ERROR ovsdbapp.backend.ovs_idl.command
File "/var/lib/openstack/lib/python3.10/site-packages/ovsdbapp/backend/ovs_idl/command.py", line 47, in execute
2026-05-09 18:05:24.539 10 ERROR ovsdbapp.backend.ovs_idl.command self.run_idl(None)
2026-05-09 18:05:24.539 10 ERROR ovsdbapp.backend.ovs_idl.command
File "/var/lib/openstack/lib/python3.10/site-packages/ovsdbapp/backend/ovs_idl/command.py", line 235, in run_idl
2026-05-09 18:05:24.539 10 ERROR ovsdbapp.backend.ovs_idl.command record = self.api.lookup(self.table, self.record)
2026-05-09 18:05:24.539 10 ERROR ovsdbapp.backend.ovs_idl.command
File "/var/lib/openstack/lib/python3.10/site-packages/ovsdbapp/backend/ovs_idl/__init__.py", line 184, in lookup
2026-05-09 18:05:24.539 10 ERROR ovsdbapp.backend.ovs_idl.command return self._lookup(table, record)
2026-05-09 18:05:24.539 10 ERROR ovsdbapp.backend.ovs_idl.command
File "/var/lib/openstack/lib/python3.10/site-packages/ovsdbapp/backend/ovs_idl/__init__.py", line 235, in _lookup
2026-05-09 18:05:24.539 10 ERROR ovsdbapp.backend.ovs_idl.command row = idlutils.row_by_value(self, rl.table, rl.column, record)
2026-05-09 18:05:24.539 10 ERROR ovsdbapp.backend.ovs_idl.command
File "/var/lib/openstack/lib/python3.10/site-packages/ovsdbapp/backend/ovs_idl/idlutils.py", line 114, in row_by_value
2026-05-09 18:05:24.539 10 ERROR ovsdbapp.backend.ovs_idl.command raise RowNotFound(table=table, col=column, match=match)
2026-05-09 18:05:24.539 10 ERROR ovsdbapp.backend.ovs_idl.command ovsdbapp.backend.ovs_idl.idlutils.RowNotFound: Cannot find Logical_Router_Port with name=lrp-2b854475-dc7b-46c4-a950-cf71e9027af2
2026-05-09 18:05:24.539 10 ERROR ovsdbapp.backend.ovs_idl.command 
2026-05-09 18:05:24.540 10 ERROR neutron_lib.callbacks.manager [None req-c4776747-9371-47c7-b68a-c7749b3bd034 df22907461a74e3e82f2d180376ef1c3 31065f576e024c9bb2929f2a74db98e2 - - default default] Error during notification for neutron.services.ovn_l3.plugin.OVNL3RouterPlugin._port_update-8794724286182 port, after_update: ovsdbapp.backend.ovs_idl.idlutils.RowNotFound: Cannot find Logical_Router_Port with name=lrp-2b854475-dc7b-46c4-a950-cf71e9027af2
2026-05-09 18:05:24.540 10 ERROR neutron_lib.callbacks.manager
Traceback (most recent call last):
2026-05-09 18:05:24.540 10 ERROR neutron_lib.callbacks.manager
File "/var/lib/openstack/lib/python3.10/site-packages/neutron_lib/callbacks/manager.py", line 189, in _notify_loop
2026-05-09 18:05:24.540 10 ERROR neutron_lib.callbacks.manager callback.method(resource, event, trigger, payload=payload)
2026-05-09 18:05:24.540 10 ERROR neutron_lib.callbacks.manager
File "/var/lib/openstack/lib/python3.10/site-packages/neutron/services/ovn_l3/plugin.py", line 391, in _port_update
2026-05-09 18:05:24.540 10 ERROR neutron_lib.callbacks.manager l3plugin._ovn_client.update_router_port(context,
2026-05-09 18:05:24.540 10 ERROR neutron_lib.callbacks.manager
File "/var/lib/openstack/lib/python3.10/site-packages/neutron/plugins/ml2/drivers/ovn/mech_driver/ovsdb/ovn_client.py", line 1878, in update_router_port
2026-05-09 18:05:24.540 10 ERROR neutron_lib.callbacks.manager self._update_lrouter_port(context, port, if_exists=if_exists,
2026-05-09 18:05:24.540 10 ERROR neutron_lib.callbacks.manager
File "/var/lib/openstack/lib/python3.10/site-packages/neutron/plugins/ml2/drivers/ovn/mech_driver/ovsdb/ovn_client.py", line 1855, in _update_lrouter_port
2026-05-09 18:05:24.540 10 ERROR neutron_lib.callbacks.manager external_ids = self._nb_idl.db_get(
2026-05-09 18:05:24.540 10 ERROR neutron_lib.callbacks.manager
File "/var/lib/openstack/lib/python3.10/site-packages/ovsdbapp/backend/ovs_idl/command.py", line 47, in execute
2026-05-09 18:05:24.540 10 ERROR neutron_lib.callbacks.manager self.run_idl(None)
2026-05-09 18:05:24.540 10 ERROR neutron_lib.callbacks.manager
File "/var/lib/openstack/lib/python3.10/site-packages/ovsdbapp/backend/ovs_idl/command.py", line 235, in run_idl
2026-05-09 18:05:24.540 10 ERROR neutron_lib.callbacks.manager record = self.api.lookup(self.table, self.record)
2026-05-09 18:05:24.540 10 ERROR neutron_lib.callbacks.manager
File "/var/lib/openstack/lib/python3.10/site-packages/ovsdbapp/backend/ovs_idl/__init__.py", line 184, in lookup
2026-05-09 18:05:24.540 10 ERROR neutron_lib.callbacks.manager return self._lookup(table, record)
2026-05-09 18:05:24.540 10 ERROR neutron_lib.callbacks.manager
File "/var/lib/openstack/lib/python3.10/site-packages/ovsdbapp/backend/ovs_idl/__init__.py", line 235, in _lookup
2026-05-09 18:05:24.540 10 ERROR neutron_lib.callbacks.manager row = idlutils.row_by_value(self, rl.table, rl.column, record)
2026-05-09 18:05:24.540 10 ERROR neutron_lib.callbacks.manager
File "/var/lib/openstack/lib/python3.10/site-packages/ovsdbapp/backend/ovs_idl/idlutils.py", line 114, in row_by_value
2026-05-09 18:05:24.540 10 ERROR neutron_lib.callbacks.manager raise RowNotFound(table=table, col=column, match=match)
2026-05-09 18:05:24.540 10 ERROR neutron_lib.callbacks.manager ovsdbapp.backend.ovs_idl.idlutils.RowNotFound: Cannot find Logical_Router_Port with name=lrp-2b854475-dc7b-46c4-a950-cf71e9027af2
2026-05-09 18:05:24.540 10 ERROR neutron_lib.callbacks.manager 
2026-05-09 18:05:24.578 10 INFO neutron.db.ovn_revision_numbers_db [req-5942e5f6-beae-4472-a56b-b820798c0c59 req-92f8f87b-6fcd-4a85-9aee-2c80b2cfd1bf 3d1b48234bfb4456b74d607c2fb6e92d dba2a123c14b4227baa0394d4f676523 - - default default] Successfully bumped revision number for resource 1c958f9c-55b3-469d-9c23-da9e15bc539b (type: ports) to 1
2026-05-09 18:05:24.603 10 INFO neutron.wsgi [req-5942e5f6-beae-4472-a56b-b820798c0c59 req-92f8f87b-6fcd-4a85-9aee-2c80b2cfd1bf 3d1b48234bfb4456b74d607c2fb6e92d dba2a123c14b4227baa0394d4f676523 - - default default] 199.204.45.222 "POST /v2.0/ports HTTP/1.1" status: 201 len: 1158 time: 1.0855694 /var/lib/openstack/lib/python3.10/site-packages/pycadf/identifier.py:71: UserWarning: Invalid uuid: neutron. To ensure interoperability, identifiers should be a valid uuid. warnings.warn(('Invalid uuid: %s. To ensure interoperability, '
2026-05-09 18:05:24.636 9 WARNING neutron.scheduler.dhcp_agent_scheduler [None req-c27e15b6-9853-4369-be2e-9665d77618ba b0c879c99dad44d09219c314d35f57e4 a5452024624c4173a9384ae077addd82 - - default default] No more DHCP agents
2026-05-09 18:05:24.638 9 WARNING neutron.api.rpc.agentnotifiers.dhcp_rpc_agent_api [None req-c27e15b6-9853-4369-be2e-9665d77618ba b0c879c99dad44d09219c314d35f57e4 a5452024624c4173a9384ae077addd82 - - default default] Unable to schedule network 08539ba2-fb25-4466-881c-5e4218d9c7d2: no agents available; will retry on subsequent port and subnet creation events.
2026-05-09 18:05:24.797 9 INFO neutron.db.ovn_revision_numbers_db [None req-c27e15b6-9853-4369-be2e-9665d77618ba b0c879c99dad44d09219c314d35f57e4 a5452024624c4173a9384ae077addd82 - - default default] Successfully bumped revision number for resource 0c57e031-f55a-4eca-8033-5cc0c3f65326 (type: ports) to 1
2026-05-09 18:05:24.806 10 INFO neutron.plugins.ml2.drivers.ovn.mech_driver.mech_driver [None req-a850ca9e-322b-40b9-b2ae-a04d5e93768d - - - - - -] OVN reports status up for port: 2b854475-dc7b-46c4-a950-cf71e9027af2
2026-05-09 18:05:24.828 10 INFO neutron.plugins.ml2.plugin [None req-a850ca9e-322b-40b9-b2ae-a04d5e93768d - - - - - -] Attempt 1 to provision port 2b854475-dc7b-46c4-a950-cf71e9027af2
2026-05-09 18:05:24.869 10 INFO neutron.db.ovn_revision_numbers_db [None req-c4776747-9371-47c7-b68a-c7749b3bd034 df22907461a74e3e82f2d180376ef1c3 31065f576e024c9bb2929f2a74db98e2 - - default default] Successfully bumped revision number for resource 2b854475-dc7b-46c4-a950-cf71e9027af2 (type: ports) to 1
2026-05-09 18:05:25.022 10 WARNING neutron.scheduler.dhcp_agent_scheduler [None req-c4776747-9371-47c7-b68a-c7749b3bd034 df22907461a74e3e82f2d180376ef1c3 31065f576e024c9bb2929f2a74db98e2 - - default default] No more DHCP agents
2026-05-09 18:05:25.028 10 WARNING neutron.api.rpc.agentnotifiers.dhcp_rpc_agent_api [None req-c4776747-9371-47c7-b68a-c7749b3bd034 df22907461a74e3e82f2d180376ef1c3 31065f576e024c9bb2929f2a74db98e2 - - default default] Unable to schedule network dcce5a27-29a3-4192-825c-d4000ecd2345: no agents available; will retry on subsequent port and subnet creation events.
2026-05-09 18:05:25.062 9 INFO neutron.db.ovn_revision_numbers_db [None req-b060e336-682b-4283-ad9b-af7990636556 b0c879c99dad44d09219c314d35f57e4 a5452024624c4173a9384ae077addd82 - - default default] Successfully bumped revision number for resource 670c0014-42ce-4bb9-8ab4-4ddd508b763e (type: security_groups) to 1
2026-05-09 18:05:25.083 9 INFO neutron.db.ovn_revision_numbers_db [None req-b060e336-682b-4283-ad9b-af7990636556 b0c879c99dad44d09219c314d35f57e4 a5452024624c4173a9384ae077addd82 - - default default] Successfully bumped revision number for resource a40fb21d-2e89-4a77-bb07-9b2ba093abb8 (type: security_group_rules) to 0
2026-05-09 18:05:25.107 9 INFO neutron.wsgi [req-9a7fc8cd-6016-429b-ac58-73a4caadd922 req-eaeb3122-8dfa-43a0-ad4d-3ed16552265d 3d1b48234bfb4456b74d607c2fb6e92d dba2a123c14b4227baa0394d4f676523 - - default default] 10.0.0.125 "GET /v2.0/ports?device_id=e932c4c5-94f3-4492-94a2-a7a3a6ee0d81 HTTP/1.1" status: 200 len: 1156 time: 0.1551099
2026-05-09 18:05:25.108 9 INFO neutron.db.ovn_revision_numbers_db [None req-b060e336-682b-4283-ad9b-af7990636556 b0c879c99dad44d09219c314d35f57e4 a5452024624c4173a9384ae077addd82 - - default default] Successfully bumped revision number for resource b596465b-a537-4169-b1b3-2d939bdcb0d7 (type: security_group_rules) to 0
2026-05-09 18:05:25.142 9 INFO neutron.db.ovn_revision_numbers_db [None req-b060e336-682b-4283-ad9b-af7990636556 b0c879c99dad44d09219c314d35f57e4 a5452024624c4173a9384ae077addd82 - - default default] Successfully bumped revision number for resource bbaa3e52-71a2-46f9-86d5-7f8b8ec30578 (type: security_group_rules) to 0
2026-05-09 18:05:25.175 9 INFO neutron.db.ovn_revision_numbers_db [None req-b060e336-682b-4283-ad9b-af7990636556 b0c879c99dad44d09219c314d35f57e4 a5452024624c4173a9384ae077addd82 - - default default] Successfully bumped revision number for resource e0deabcd-e8de-4af4-a6d1-852704e0d925 (type: security_group_rules) to 0
2026-05-09 18:05:25.204 9 INFO neutron.wsgi [req-9a7fc8cd-6016-429b-ac58-73a4caadd922 req-94a68218-5fb6-47b2-9006-e12b88bd32a4 3d1b48234bfb4456b74d607c2fb6e92d dba2a123c14b4227baa0394d4f676523 - - default default] 10.0.0.125 "GET /v2.0/security-groups?id=117f2e87-e2f6-4a14-b85b-0e2b536599cb&fields=id&fields=name HTTP/1.1" status: 200 len: 286 time: 0.0860310
2026-05-09 18:05:25.211 9 INFO neutron.wsgi [None req-b060e336-682b-4283-ad9b-af7990636556 b0c879c99dad44d09219c314d35f57e4 a5452024624c4173a9384ae077addd82 - - default default] 10.0.0.133 "GET /v2.0/security-groups?tenant_id=3aabbcf46c16479aaa13ef87d98f0017&name=default HTTP/1.1" status: 200 len: 3120 time: 0.5165062
2026-05-09 18:05:25.326 9 WARNING neutron.plugins.ml2.drivers.ovn.mech_driver.ovsdb.ovn_client [None req-92ca9d30-b5f6-46a0-83a6-a6bebe0da3ef - - - - - -] No port found with ID d9e2c088-0dbe-48b3-8262-0212f833742c: RuntimeError: No port found with ID d9e2c088-0dbe-48b3-8262-0212f833742c
2026-05-09 18:05:25.326 9 INFO neutron.plugins.ml2.drivers.ovn.mech_driver.mech_driver [None req-92ca9d30-b5f6-46a0-83a6-a6bebe0da3ef - - - - - -] OVN reports status up for port: 0e6c2212-6953-471b-84f0-52e512cb42f8
2026-05-09 18:05:25.342 10 INFO neutron.db.ovn_revision_numbers_db [req-5942e5f6-beae-4472-a56b-b820798c0c59 req-c07741fd-00bc-42fe-a388-20f999e55ab3 776ac5e4cd6f477687a5c90a4c2cab46 1666ee8a17de480aa8f1b766b50213a0 - - f43ab4a669114995b6803f08d09f0240 f43ab4a669114995b6803f08d09f0240] Successfully bumped revision number for resource 1c958f9c-55b3-469d-9c23-da9e15bc539b (type: ports) to 2
2026-05-09 18:05:25.351 9 INFO neutron.plugins.ml2.plugin [None req-92ca9d30-b5f6-46a0-83a6-a6bebe0da3ef - - - - - -] Attempt 1 to provision port 0e6c2212-6953-471b-84f0-52e512cb42f8
2026-05-09 18:05:25.606 9 INFO neutron.wsgi [None req-5d0f29c9-9376-4e21-ba1c-2805a84ebd09 b0c879c99dad44d09219c314d35f57e4 a5452024624c4173a9384ae077addd82 - - default default] 10.0.0.133 "DELETE /v2.0/security-groups/670c0014-42ce-4bb9-8ab4-4ddd508b763e HTTP/1.1" status: 204 len: 168 time: 0.3868060
2026-05-09 18:05:25.772 10 INFO neutron.db.ovn_revision_numbers_db [None req-a850ca9e-322b-40b9-b2ae-a04d5e93768d - - - - - -] Successfully bumped revision number for resource 2b854475-dc7b-46c4-a950-cf71e9027af2 (type: ports) to 2
2026-05-09 18:05:25.805 10 INFO neutron.db.ovn_revision_numbers_db [None req-c4776747-9371-47c7-b68a-c7749b3bd034 df22907461a74e3e82f2d180376ef1c3 31065f576e024c9bb2929f2a74db98e2 - - default default] Successfully bumped revision number for resource 2b854475-dc7b-46c4-a950-cf71e9027af2 (type: router_ports) to 1
2026-05-09 18:05:25.810 10 INFO neutron.wsgi [None req-c4776747-9371-47c7-b68a-c7749b3bd034 df22907461a74e3e82f2d180376ef1c3 31065f576e024c9bb2929f2a74db98e2 - - default default] 10.0.0.133 "PUT /v2.0/routers/48581759-eb9a-405c-905f-9d37bb4931f2/add_router_interface HTTP/1.1" status: 200 len: 503 time: 3.7165835 /var/lib/openstack/lib/python3.10/site-packages/pycadf/identifier.py:71: UserWarning: Invalid uuid: neutron. To ensure interoperability, identifiers should be a valid uuid. warnings.warn(('Invalid uuid: %s. To ensure interoperability, '
2026-05-09 18:05:25.837 10 WARNING neutron_lib.context [None req-b4b42ee3-ac68-45f9-879e-cb5a175d3c33 df22907461a74e3e82f2d180376ef1c3 31065f576e024c9bb2929f2a74db98e2 - - default default] Method 'is_advsvc' is deprecated since 2023.2 release (neutron-lib 3.8.0) and will be removed once support for the old RBAC API policies will be removed from Neutron. Please use method 'is_service_role' instead.
2026-05-09 18:05:25.931 9 INFO neutron.plugins.ml2.drivers.ovn.mech_driver.ovsdb.commands [None req-91cd2453-1e13-47a7-bb5a-be6a95c476c7 - - - - - -] Schedule LRP lrp-0c57e031-f55a-4eca-8033-5cc0c3f65326 on gateway eb62f7fb-7d9c-4b15-8d25-46a9ae4e9234 with priority 1
2026-05-09 18:05:25.955 10 INFO neutron.db.ovn_revision_numbers_db [req-5942e5f6-beae-4472-a56b-b820798c0c59 req-c07741fd-00bc-42fe-a388-20f999e55ab3 776ac5e4cd6f477687a5c90a4c2cab46 1666ee8a17de480aa8f1b766b50213a0 - - f43ab4a669114995b6803f08d09f0240 f43ab4a669114995b6803f08d09f0240] Successfully bumped revision number for resource 1c958f9c-55b3-469d-9c23-da9e15bc539b (type: ports) to 2
2026-05-09 18:05:25.961 10 INFO neutron.plugins.ml2.drivers.ovn.mech_driver.ovsdb.ovsdb_monitor [None req-54ed5cd4-35db-48dc-9541-fb32d1f95c00 - - - - - -] Router f655604a-1ed8-4c43-84fa-c9855ea8108b is bound to host instance
2026-05-09 18:05:25.981 9 INFO neutron.db.ovn_revision_numbers_db [None req-c27e15b6-9853-4369-be2e-9665d77618ba b0c879c99dad44d09219c314d35f57e4 a5452024624c4173a9384ae077addd82 - - default default] Successfully bumped revision number for resource 0c57e031-f55a-4eca-8033-5cc0c3f65326 (type: router_ports) to 1
2026-05-09 18:05:26.018 10 INFO neutron.wsgi [req-5942e5f6-beae-4472-a56b-b820798c0c59 req-c07741fd-00bc-42fe-a388-20f999e55ab3 776ac5e4cd6f477687a5c90a4c2cab46 1666ee8a17de480aa8f1b766b50213a0 - - f43ab4a669114995b6803f08d09f0240 f43ab4a669114995b6803f08d09f0240] 199.204.45.222 "PUT /v2.0/ports/1c958f9c-55b3-469d-9c23-da9e15bc539b HTTP/1.1" status: 200 len: 1376 time: 1.4068503
2026-05-09 18:05:26.071 10 INFO neutron.notifiers.nova [-] Nova event matching ['req-279dbf0d-90b9-484c-8fa5-d0d66ac06b34'] response: {'name': 'network-changed', 'server_uuid': 'e932c4c5-94f3-4492-94a2-a7a3a6ee0d81', 'tag': '1c958f9c-55b3-469d-9c23-da9e15bc539b', 'status': 'completed', 'code': 200}
2026-05-09 18:05:26.075 9 INFO neutron.db.ovn_revision_numbers_db [None req-c27e15b6-9853-4369-be2e-9665d77618ba b0c879c99dad44d09219c314d35f57e4 a5452024624c4173a9384ae077addd82 - - default default] Successfully bumped revision number for resource f655604a-1ed8-4c43-84fa-c9855ea8108b (type: routers) to 2
2026-05-09 18:05:26.091 10 INFO neutron.db.ovn_revision_numbers_db [None req-a850ca9e-322b-40b9-b2ae-a04d5e93768d - - - - - -] Successfully bumped revision number for resource 2b854475-dc7b-46c4-a950-cf71e9027af2 (type: router_ports) to 2
2026-05-09 18:05:26.099 9 INFO neutron.wsgi [None req-c27e15b6-9853-4369-be2e-9665d77618ba b0c879c99dad44d09219c314d35f57e4 a5452024624c4173a9384ae077addd82 - - default default] 10.0.0.133 "POST /v2.0/routers HTTP/1.1" status: 201 len: 1164 time: 1.9097013
2026-05-09 18:05:26.129 9 INFO neutron.db.ovn_revision_numbers_db [None req-92ca9d30-b5f6-46a0-83a6-a6bebe0da3ef - - - - - -] Successfully bumped revision number for resource 0e6c2212-6953-471b-84f0-52e512cb42f8 (type: ports) to 2
2026-05-09 18:05:26.147 10 INFO neutron.wsgi [req-5942e5f6-beae-4472-a56b-b820798c0c59 req-0521d03c-a26e-47ff-961a-e74d2ab09b6e 776ac5e4cd6f477687a5c90a4c2cab46 1666ee8a17de480aa8f1b766b50213a0 - - f43ab4a669114995b6803f08d09f0240 f43ab4a669114995b6803f08d09f0240] 199.204.45.222 "GET /v2.0/ports?tenant_id=dba2a123c14b4227baa0394d4f676523&device_id=e932c4c5-94f3-4492-94a2-a7a3a6ee0d81 HTTP/1.1" status: 200 len: 1407 time: 0.0899024
2026-05-09 18:05:26.216 10 INFO neutron.wsgi [req-5942e5f6-beae-4472-a56b-b820798c0c59 req-36d6a8a1-56f7-4d12-aa02-b453a2c8fcb2 776ac5e4cd6f477687a5c90a4c2cab46 1666ee8a17de480aa8f1b766b50213a0 - - f43ab4a669114995b6803f08d09f0240 f43ab4a669114995b6803f08d09f0240] 199.204.45.222 "GET /v2.0/floatingips?fixed_ip_address=10.100.0.7&port_id=1c958f9c-55b3-469d-9c23-da9e15bc539b HTTP/1.1" status: 200 len: 217 time: 0.0582805
2026-05-09 18:05:26.299 10 INFO neutron.wsgi [req-5942e5f6-beae-4472-a56b-b820798c0c59 req-adee2aeb-5012-4b63-9e65-d47908a8de72 776ac5e4cd6f477687a5c90a4c2cab46 1666ee8a17de480aa8f1b766b50213a0 - - f43ab4a669114995b6803f08d09f0240 f43ab4a669114995b6803f08d09f0240] 199.204.45.222 "GET /v2.0/subnets?id=cb63b4ad-e124-40a3-bd87-a6726f1495fd HTTP/1.1" status: 200 len: 871 time: 0.0758562
2026-05-09 18:05:26.332 9 INFO neutron.wsgi [req-6cb9a4b2-ea67-4e31-a8c4-f1f80a52f22b req-9fa7e067-3e46-4f89-88b5-c8c15cf80058 3d1b48234bfb4456b74d607c2fb6e92d dba2a123c14b4227baa0394d4f676523 - - default default] 10.0.0.125 "GET /v2.0/ports?device_id=e932c4c5-94f3-4492-94a2-a7a3a6ee0d81 HTTP/1.1" status: 200 len: 1168 time: 0.0592225
2026-05-09 18:05:26.345 10 INFO neutron.wsgi [req-5942e5f6-beae-4472-a56b-b820798c0c59 req-465a9255-dd51-4e60-bea0-4d9d79fe09bd 776ac5e4cd6f477687a5c90a4c2cab46 1666ee8a17de480aa8f1b766b50213a0 - - f43ab4a669114995b6803f08d09f0240 f43ab4a669114995b6803f08d09f0240] 199.204.45.222 "GET /v2.0/ports?network_id=382520e3-a56b-4b32-b7e1-3103e2676ea7&device_owner=network%3Adhcp HTTP/1.1" status: 200 len: 210 time: 0.0363834
2026-05-09 18:05:26.352 9 INFO neutron.db.ovn_revision_numbers_db [None req-92ca9d30-b5f6-46a0-83a6-a6bebe0da3ef - - - - - -] Successfully bumped revision number for resource 0e6c2212-6953-471b-84f0-52e512cb42f8 (type: router_ports) to 2
2026-05-09 18:05:26.404 9 INFO neutron.wsgi [req-6cb9a4b2-ea67-4e31-a8c4-f1f80a52f22b req-f2dbd810-49f6-4434-831c-ebca65913409 3d1b48234bfb4456b74d607c2fb6e92d dba2a123c14b4227baa0394d4f676523 - - default default] 10.0.0.125 "GET /v2.0/security-groups?id=117f2e87-e2f6-4a14-b85b-0e2b536599cb&fields=id&fields=name HTTP/1.1" status: 200 len: 286 time: 0.0638196
2026-05-09 18:05:26.442 10 INFO neutron.wsgi [req-5942e5f6-beae-4472-a56b-b820798c0c59 req-9c3e7faa-c5b4-44e3-aac1-c1e8ab4f8f19 776ac5e4cd6f477687a5c90a4c2cab46 1666ee8a17de480aa8f1b766b50213a0 - - f43ab4a669114995b6803f08d09f0240 f43ab4a669114995b6803f08d09f0240] 199.204.45.222 "GET /v2.0/networks/382520e3-a56b-4b32-b7e1-3103e2676ea7?fields=segments HTTP/1.1" status: 200 len: 212 time: 0.0915971
2026-05-09 18:05:26.540 10 WARNING neutron.scheduler.dhcp_agent_scheduler [None req-b4b42ee3-ac68-45f9-879e-cb5a175d3c33 df22907461a74e3e82f2d180376ef1c3 31065f576e024c9bb2929f2a74db98e2 - - default default] No more DHCP agents
2026-05-09 18:05:26.545 10 INFO neutron.wsgi [req-5942e5f6-beae-4472-a56b-b820798c0c59 req-7003385e-b69c-42cf-a54d-5505e29f9e15 776ac5e4cd6f477687a5c90a4c2cab46 1666ee8a17de480aa8f1b766b50213a0 - - f43ab4a669114995b6803f08d09f0240 f43ab4a669114995b6803f08d09f0240] 199.204.45.222 "GET /v2.0/networks/382520e3-a56b-4b32-b7e1-3103e2676ea7?fields=provider%3Aphysical_network&fields=provider%3Anetwork_type HTTP/1.1" status: 200 len: 277 time: 0.0958376
2026-05-09 18:05:26.556 10 WARNING neutron.api.rpc.agentnotifiers.dhcp_rpc_agent_api [None req-b4b42ee3-ac68-45f9-879e-cb5a175d3c33 df22907461a74e3e82f2d180376ef1c3 31065f576e024c9bb2929f2a74db98e2 - - default default] Unable to schedule network dcce5a27-29a3-4192-825c-d4000ecd2345: no agents available; will retry on subsequent port and subnet creation events. /var/lib/openstack/lib/python3.10/site-packages/pycadf/identifier.py:71: UserWarning: Invalid uuid: neutron. To ensure interoperability, identifiers should be a valid uuid. warnings.warn(('Invalid uuid: %s. To ensure interoperability, '
2026-05-09 18:05:26.710 9 WARNING neutron.scheduler.dhcp_agent_scheduler [None req-124028ec-fecf-4128-95aa-1f1a8a0c8a9a b0c879c99dad44d09219c314d35f57e4 a5452024624c4173a9384ae077addd82 - - default default] No more DHCP agents
2026-05-09 18:05:26.711 9 WARNING neutron.api.rpc.agentnotifiers.dhcp_rpc_agent_api [None req-124028ec-fecf-4128-95aa-1f1a8a0c8a9a b0c879c99dad44d09219c314d35f57e4 a5452024624c4173a9384ae077addd82 - - default default] Unable to schedule network a1c434d8-3596-4eea-a627-bfbe17889dfc: no agents available; will retry on subsequent port and subnet creation events.
