2026-05-09 18:04:01.273 9 INFO neutron.wsgi [req-da7f34fb-9d4b-46c5-9fe6-293363d9260b req-316df21a-82fe-46a6-9ccf-3abf36014a57 776ac5e4cd6f477687a5c90a4c2cab46 1666ee8a17de480aa8f1b766b50213a0 - - f43ab4a669114995b6803f08d09f0240 f43ab4a669114995b6803f08d09f0240] 199.204.45.222 "GET /v2.0/ports?network_id=97490127-f09b-4746-b92f-5a1f9bc0c807&device_owner=network%3Adhcp HTTP/1.1" status: 200 len: 210 time: 0.0237994
2026-05-09 18:04:01.306 9 INFO neutron.wsgi [req-3606af1f-10f4-49f4-91ee-bfe7d3e2d8ff req-c0d5b239-5609-4269-86a1-853854e2259d 53bb2e45c05c4d9d8814b4361dbf0452 18415b2c6608495a8f02053d15ecd4ef - - default default] 10.0.0.125 "GET /v2.0/security-groups?id=e24bfa7f-7660-47b5-a172-57aa2258c9cc&fields=id&fields=name HTTP/1.1" status: 200 len: 313 time: 0.0707734
2026-05-09 18:04:01.354 9 INFO neutron.wsgi [req-da7f34fb-9d4b-46c5-9fe6-293363d9260b req-5c3be449-6d02-47fd-b138-13d2bbfc9b00 776ac5e4cd6f477687a5c90a4c2cab46 1666ee8a17de480aa8f1b766b50213a0 - - f43ab4a669114995b6803f08d09f0240 f43ab4a669114995b6803f08d09f0240] 199.204.45.222 "GET /v2.0/networks/97490127-f09b-4746-b92f-5a1f9bc0c807?fields=segments HTTP/1.1" status: 200 len: 212 time: 0.0758476
2026-05-09 18:04:01.426 9 INFO neutron.wsgi [req-da7f34fb-9d4b-46c5-9fe6-293363d9260b req-d5b18b33-574f-46f7-a0e0-dca4b4fefccf 776ac5e4cd6f477687a5c90a4c2cab46 1666ee8a17de480aa8f1b766b50213a0 - - f43ab4a669114995b6803f08d09f0240 f43ab4a669114995b6803f08d09f0240] 199.204.45.222 "GET /v2.0/networks/97490127-f09b-4746-b92f-5a1f9bc0c807?fields=provider%3Aphysical_network&fields=provider%3Anetwork_type HTTP/1.1" status: 200 len: 277 time: 0.0650904
2026-05-09 18:04:01.464 10 INFO neutron.wsgi [req-d30ae6c4-3610-477e-9a63-2e5905e419d2 req-6ac94be8-5b04-493b-b641-75a7f5649c34 5aa48831c7094f6f8760bc448ae8a919 2d6a318392d44a4fb3b3403bd45579b8 - - default default] 10.0.0.125 "GET /v2.0/security-groups?id=95219fe1-439d-4437-b14a-88187843db13&fields=id&fields=name HTTP/1.1" status: 200 len: 313 time: 0.1923084
2026-05-09 18:04:01.542 10 WARNING neutron.scheduler.dhcp_agent_scheduler [None req-f5299c0d-0618-4af5-982c-f2d660f6ff00 b0c879c99dad44d09219c314d35f57e4 a5452024624c4173a9384ae077addd82 - - default default] No more DHCP agents
2026-05-09 18:04:01.545 10 WARNING neutron.api.rpc.agentnotifiers.dhcp_rpc_agent_api [None req-f5299c0d-0618-4af5-982c-f2d660f6ff00 b0c879c99dad44d09219c314d35f57e4 a5452024624c4173a9384ae077addd82 - - default default] Unable to schedule network dcc26441-6524-4bf8-b080-8920e7733631: no agents available; will retry on subsequent port and subnet creation events.
2026-05-09 18:04:01.610 10 INFO neutron.plugins.ml2.drivers.ovn.mech_driver.mech_driver [None req-a850ca9e-322b-40b9-b2ae-a04d5e93768d - - - - - -] OVN reports status up for port: 87dc4996-e8e5-42db-a1ab-b26c0fa9959f
2026-05-09 18:04:01.642 10 INFO neutron.plugins.ml2.plugin [None req-a850ca9e-322b-40b9-b2ae-a04d5e93768d - - - - - -] Attempt 1 to provision port 87dc4996-e8e5-42db-a1ab-b26c0fa9959f
2026-05-09 18:04:01.692 9 INFO neutron.wsgi [None req-b588ec31-92d2-4368-bfa8-18b67ffcd513 b0c879c99dad44d09219c314d35f57e4 a5452024624c4173a9384ae077addd82 - - default default] 10.0.0.133 "DELETE /v2.0/routers/e2bd62e6-5051-4ca8-935b-261f1336eba4 HTTP/1.1" status: 204 len: 168 time: 1.0098264
2026-05-09 18:04:01.847 10 INFO neutron.notifiers.nova [-] Nova event matching ['req-4837062c-b6e6-4e7b-be2d-e8aa6520dc48'] response: {'server_uuid': '1a9b2025-f39d-4cf4-b3e8-724c7dcce087', 'name': 'network-vif-plugged', 'status': 'completed', 'tag': '87dc4996-e8e5-42db-a1ab-b26c0fa9959f', 'code': 200}
2026-05-09 18:04:01.892 9 INFO neutron.wsgi [None req-0c4874c3-987d-4108-a727-02cfb62ca57b b0c879c99dad44d09219c314d35f57e4 a5452024624c4173a9384ae077addd82 - - default default] 10.0.0.133 "DELETE /v2.0/subnets/e7e028fd-8279-4f6b-a4d9-9f19be17af88 HTTP/1.1" status: 204 len: 168 time: 0.1954691
2026-05-09 18:04:02.071 10 INFO neutron.db.ovn_revision_numbers_db [None req-a850ca9e-322b-40b9-b2ae-a04d5e93768d - - - - - -] Successfully bumped revision number for resource 87dc4996-e8e5-42db-a1ab-b26c0fa9959f (type: ports) to 4
2026-05-09 18:04:02.306 10 INFO neutron.db.ovn_revision_numbers_db [None req-f5299c0d-0618-4af5-982c-f2d660f6ff00 b0c879c99dad44d09219c314d35f57e4 a5452024624c4173a9384ae077addd82 - - default default] Successfully bumped revision number for resource 08ff854d-658f-4f76-bc3a-dc180be84a7d (type: ports) to 2
2026-05-09 18:04:02.341 10 INFO neutron.db.ovn_revision_numbers_db [None req-f5299c0d-0618-4af5-982c-f2d660f6ff00 b0c879c99dad44d09219c314d35f57e4 a5452024624c4173a9384ae077addd82 - - default default] Successfully bumped revision number for resource 282d3f74-d420-45da-99cc-69164fcd8b3c (type: subnets) to 0
2026-05-09 18:04:02.373 10 INFO neutron.wsgi [None req-f5299c0d-0618-4af5-982c-f2d660f6ff00 b0c879c99dad44d09219c314d35f57e4 a5452024624c4173a9384ae077addd82 - - default default] 10.0.0.133 "POST /v2.0/subnets HTTP/1.1" status: 201 len: 873 time: 1.1322243 /var/lib/openstack/lib/python3.10/site-packages/pycadf/identifier.py:71: UserWarning: Invalid uuid: neutron. To ensure interoperability, identifiers should be a valid uuid. warnings.warn(('Invalid uuid: %s. To ensure interoperability, '
2026-05-09 18:04:02.495 10 INFO neutron.wsgi [req-d94f80bc-08be-455d-821c-9e2d60e90db5 req-7725c27c-4e45-477a-8081-1cbb1aa0fb94 53bb2e45c05c4d9d8814b4361dbf0452 18415b2c6608495a8f02053d15ecd4ef - - default default] 10.0.0.125 "GET /v2.0/ports?device_id=1a9b2025-f39d-4cf4-b3e8-724c7dcce087 HTTP/1.1" status: 200 len: 1170 time: 0.1102192
2026-05-09 18:04:02.506 10 INFO neutron.services.segments.plugin [-] Segment 9c206afd-5362-4ff4-9448-7fbf6a39ba53 resource provider aggregate not found
2026-05-09 18:04:02.512 10 INFO neutron.services.segments.plugin [-] Segment 9c206afd-5362-4ff4-9448-7fbf6a39ba53 resource provider aggregate not found
2026-05-09 18:04:02.520 10 INFO neutron.services.segments.plugin [-] Segment 9c206afd-5362-4ff4-9448-7fbf6a39ba53 resource provider not found; error: Placement Client Error (4xx): {"errors": [{"status": 404, "title": "Not Found", "detail": "The resource could not be found.\n\n No resource provider with uuid 9c206afd-5362-4ff4-9448-7fbf6a39ba53 found for delete ", "request_id": "req-b70d5731-30f9-4218-8c7a-5c3b75dc0bfc"}]}
2026-05-09 18:04:02.531 10 INFO neutron.services.segments.plugin [-] Segment 9c206afd-5362-4ff4-9448-7fbf6a39ba53 resource provider not found; error: Placement Client Error (4xx): {"errors": [{"status": 404, "title": "Not Found", "detail": "The resource could not be found.\n\n No resource provider with uuid 9c206afd-5362-4ff4-9448-7fbf6a39ba53 found for delete ", "request_id": "req-2853814b-a991-4f29-9d96-226cf50e0236"}]}
2026-05-09 18:04:02.561 10 INFO neutron.wsgi [None req-a1a0e7a4-6104-4737-818f-e9c868b8542d b0c879c99dad44d09219c314d35f57e4 a5452024624c4173a9384ae077addd82 - - default default] 10.0.0.133 "DELETE /v2.0/networks/c4f4adbf-b867-4d4a-964f-d5afe268ccc0 HTTP/1.1" status: 204 len: 168 time: 0.6625934
2026-05-09 18:04:02.576 10 INFO neutron.wsgi [req-d94f80bc-08be-455d-821c-9e2d60e90db5 req-8a55ba03-41db-4474-ac6c-17219787fedb 53bb2e45c05c4d9d8814b4361dbf0452 18415b2c6608495a8f02053d15ecd4ef - - default default] 10.0.0.125 "GET /v2.0/security-groups?id=e24bfa7f-7660-47b5-a172-57aa2258c9cc&fields=id&fields=name HTTP/1.1" status: 200 len: 313 time: 0.0620873
2026-05-09 18:04:02.760 10 INFO neutron.wsgi [None req-4969e3d6-8684-487a-b9ad-b4f1a901724d b0c879c99dad44d09219c314d35f57e4 a5452024624c4173a9384ae077addd82 - - default default] 10.0.0.133 "GET /v2.0/security-groups?tenant_id=533aef0f380a4873a6bcaded266f10f3&name=default HTTP/1.1" status: 200 len: 3116 time: 0.0445113
2026-05-09 18:04:02.830 9 INFO neutron.wsgi [req-8449acfc-563b-4307-96aa-79fa1d4f3164 req-34787b55-9aa9-4034-b432-24dc1f05ae07 5aa48831c7094f6f8760bc448ae8a919 2d6a318392d44a4fb3b3403bd45579b8 - - default default] 10.0.0.125 "GET /v2.0/ports?device_id=64ffc594-a7bd-4ee6-8ba4-ff23d085a22e HTTP/1.1" status: 200 len: 1172 time: 0.1240082
2026-05-09 18:04:02.909 9 INFO neutron.wsgi [req-8449acfc-563b-4307-96aa-79fa1d4f3164 req-1dd3f6be-9f00-45b8-9291-93d8415150e5 5aa48831c7094f6f8760bc448ae8a919 2d6a318392d44a4fb3b3403bd45579b8 - - default default] 10.0.0.125 "GET /v2.0/security-groups?id=95219fe1-439d-4437-b14a-88187843db13&fields=id&fields=name HTTP/1.1" status: 200 len: 313 time: 0.0722787
2026-05-09 18:04:02.982 10 INFO neutron.wsgi [None req-a9f1b0d9-ada4-4173-b0a2-c8ae6955ce5e b0c879c99dad44d09219c314d35f57e4 a5452024624c4173a9384ae077addd82 - - default default] 10.0.0.133 "DELETE /v2.0/security-groups/b239f5b0-70dc-4a33-ab76-ff383cd78a02 HTTP/1.1" status: 204 len: 168 time: 0.2164369
2026-05-09 18:04:03.148 9 WARNING neutron.plugins.ml2.drivers.ovn.mech_driver.ovsdb.ovn_client [None req-92ca9d30-b5f6-46a0-83a6-a6bebe0da3ef - - - - - -] No hosting information found for port 5076f7a2-5048-4283-945f-e9a5c4067eaa: RuntimeError: No hosting information found for port 5076f7a2-5048-4283-945f-e9a5c4067eaa
2026-05-09 18:04:03.149 9 INFO neutron.plugins.ml2.drivers.ovn.mech_driver.mech_driver [None req-92ca9d30-b5f6-46a0-83a6-a6bebe0da3ef - - - - - -] OVN reports status up for port: c280b290-00f9-4af1-8f2b-f7e845c7cbb3
2026-05-09 18:04:03.165 9 WARNING neutron.scheduler.dhcp_agent_scheduler [None req-50a8612a-fe9c-4939-8258-560ad9bfc19a b0c879c99dad44d09219c314d35f57e4 a5452024624c4173a9384ae077addd82 - - default default] No more DHCP agents
2026-05-09 18:04:03.176 9 WARNING neutron.api.rpc.agentnotifiers.dhcp_rpc_agent_api [None req-50a8612a-fe9c-4939-8258-560ad9bfc19a b0c879c99dad44d09219c314d35f57e4 a5452024624c4173a9384ae077addd82 - - default default] Unable to schedule network 08539ba2-fb25-4466-881c-5e4218d9c7d2: no agents available; will retry on subsequent port and subnet creation events.
2026-05-09 18:04:03.178 9 INFO neutron.plugins.ml2.drivers.ovn.mech_driver.mech_driver [None req-92ca9d30-b5f6-46a0-83a6-a6bebe0da3ef - - - - - -] OVN reports status up for port: 76ec738c-699b-44c7-8d75-3a95ff5d875e
2026-05-09 18:04:03.205 9 INFO neutron.plugins.ml2.plugin [None req-92ca9d30-b5f6-46a0-83a6-a6bebe0da3ef - - - - - -] Attempt 1 to provision port 76ec738c-699b-44c7-8d75-3a95ff5d875e
2026-05-09 18:04:03.362 9 INFO neutron.db.ovn_revision_numbers_db [None req-50a8612a-fe9c-4939-8258-560ad9bfc19a b0c879c99dad44d09219c314d35f57e4 a5452024624c4173a9384ae077addd82 - - default default] Successfully bumped revision number for resource d4145e0f-de78-48c8-8c89-c66ae82b1e5e (type: ports) to 1
2026-05-09 18:04:03.386 9 INFO neutron.notifiers.nova [-] Nova event matching ['req-17ed642b-b17a-4e41-bb44-492246535f04'] response: {'server_uuid': '64ffc594-a7bd-4ee6-8ba4-ff23d085a22e', 'name': 'network-vif-plugged', 'status': 'completed', 'tag': '76ec738c-699b-44c7-8d75-3a95ff5d875e', 'code': 200}
2026-05-09 18:04:03.618 9 INFO neutron.db.ovn_revision_numbers_db [None req-92ca9d30-b5f6-46a0-83a6-a6bebe0da3ef - - - - - -] Successfully bumped revision number for resource 76ec738c-699b-44c7-8d75-3a95ff5d875e (type: ports) to 4
2026-05-09 18:04:03.726 9 INFO neutron.wsgi [req-94ef8ddf-43d3-44cf-b6d5-eda0062c89b0 req-dfa21474-a117-46b4-87e6-fe4fff335398 53bb2e45c05c4d9d8814b4361dbf0452 18415b2c6608495a8f02053d15ecd4ef - - default default] 10.0.0.125 "GET /v2.0/ports?device_id=1a9b2025-f39d-4cf4-b3e8-724c7dcce087 HTTP/1.1" status: 200 len: 1170 time: 0.0801618 /var/lib/openstack/lib/python3.10/site-packages/pycadf/identifier.py:71: UserWarning: Invalid uuid: neutron. To ensure interoperability, identifiers should be a valid uuid. warnings.warn(('Invalid uuid: %s. To ensure interoperability, '
2026-05-09 18:04:03.805 9 INFO neutron.wsgi [req-94ef8ddf-43d3-44cf-b6d5-eda0062c89b0 req-c406ef97-095b-4649-8e6a-d42d5052e623 53bb2e45c05c4d9d8814b4361dbf0452 18415b2c6608495a8f02053d15ecd4ef - - default default] 10.0.0.125 "GET /v2.0/security-groups?id=e24bfa7f-7660-47b5-a172-57aa2258c9cc&fields=id&fields=name HTTP/1.1" status: 200 len: 313 time: 0.0672095
2026-05-09 18:04:03.891 10 INFO neutron.notifiers.nova [-] Nova event matching ['req-b9fccec8-1a8c-4cd1-aea3-b24e5e5416ab'] response: {'server_uuid': '1a9b2025-f39d-4cf4-b3e8-724c7dcce087', 'name': 'network-vif-plugged', 'status': 'completed', 'tag': '87dc4996-e8e5-42db-a1ab-b26c0fa9959f', 'code': 200}
2026-05-09 18:04:03.953 10 INFO neutron.wsgi [req-a1592fcd-699c-4ee9-8c94-81aeeb034a5c req-f88d4214-ab39-4c12-b85d-79120c2f893f 53bb2e45c05c4d9d8814b4361dbf0452 18415b2c6608495a8f02053d15ecd4ef - - default default] 10.0.0.125 "GET /v2.0/ports?device_id=1a9b2025-f39d-4cf4-b3e8-724c7dcce087 HTTP/1.1" status: 200 len: 1170 time: 0.0455191
2026-05-09 18:04:04.020 9 INFO neutron.wsgi [req-4eec1e7e-c2b0-440b-9361-e986a00b0807 req-e646cfcb-4417-491c-b0ea-3ee6b6444cbc 5aa48831c7094f6f8760bc448ae8a919 2d6a318392d44a4fb3b3403bd45579b8 - - default default] 10.0.0.125 "GET /v2.0/ports?device_id=64ffc594-a7bd-4ee6-8ba4-ff23d085a22e HTTP/1.1" status: 200 len: 1174 time: 0.0465031
2026-05-09 18:04:04.082 9 INFO neutron.wsgi [req-4eec1e7e-c2b0-440b-9361-e986a00b0807 req-0cc3ccdf-211b-439e-8cb7-d1a85dc21cf3 5aa48831c7094f6f8760bc448ae8a919 2d6a318392d44a4fb3b3403bd45579b8 - - default default] 10.0.0.125 "GET /v2.0/security-groups?id=95219fe1-439d-4437-b14a-88187843db13&fields=id&fields=name HTTP/1.1" status: 200 len: 313 time: 0.0507283
2026-05-09 18:04:04.229 10 INFO neutron.wsgi [req-12cf4f99-61c8-4465-a7db-e9e61a964ab9 req-b31630fc-c368-4eb4-ac39-9de648bce68f 5aa48831c7094f6f8760bc448ae8a919 2d6a318392d44a4fb3b3403bd45579b8 - - default default] 10.0.0.125 "GET /v2.0/ports?device_id=64ffc594-a7bd-4ee6-8ba4-ff23d085a22e HTTP/1.1" status: 200 len: 1174 time: 0.0923917
2026-05-09 18:04:04.247 9 INFO neutron.plugins.ml2.drivers.ovn.mech_driver.ovsdb.commands [None req-91cd2453-1e13-47a7-bb5a-be6a95c476c7 - - - - - -] Schedule LRP lrp-d4145e0f-de78-48c8-8c89-c66ae82b1e5e on gateway eb62f7fb-7d9c-4b15-8d25-46a9ae4e9234 with priority 1
2026-05-09 18:04:04.290 9 INFO neutron.db.ovn_revision_numbers_db [None req-50a8612a-fe9c-4939-8258-560ad9bfc19a b0c879c99dad44d09219c314d35f57e4 a5452024624c4173a9384ae077addd82 - - default default] Successfully bumped revision number for resource d4145e0f-de78-48c8-8c89-c66ae82b1e5e (type: router_ports) to 1
2026-05-09 18:04:04.308 10 INFO neutron.plugins.ml2.drivers.ovn.mech_driver.mech_driver [None req-a850ca9e-322b-40b9-b2ae-a04d5e93768d - - - - - -] OVN reports status up for port: d4145e0f-de78-48c8-8c89-c66ae82b1e5e
2026-05-09 18:04:04.314 10 INFO neutron.plugins.ml2.drivers.ovn.mech_driver.ovsdb.ovsdb_monitor [None req-54ed5cd4-35db-48dc-9541-fb32d1f95c00 - - - - - -] Router 437b1ac4-8999-4572-b5a8-107c5c31d84d is bound to host instance
2026-05-09 18:04:04.367 9 INFO neutron.db.ovn_revision_numbers_db [None req-50a8612a-fe9c-4939-8258-560ad9bfc19a b0c879c99dad44d09219c314d35f57e4 a5452024624c4173a9384ae077addd82 - - default default] Successfully bumped revision number for resource 437b1ac4-8999-4572-b5a8-107c5c31d84d (type: routers) to 2
2026-05-09 18:04:04.384 9 INFO neutron.wsgi [None req-50a8612a-fe9c-4939-8258-560ad9bfc19a b0c879c99dad44d09219c314d35f57e4 a5452024624c4173a9384ae077addd82 - - default default] 10.0.0.133 "POST /v2.0/routers HTTP/1.1" status: 201 len: 1175 time: 1.9942331
2026-05-09 18:04:04.507 10 INFO neutron.plugins.ml2.plugin [None req-a850ca9e-322b-40b9-b2ae-a04d5e93768d - - - - - -] Attempt 1 to provision port d4145e0f-de78-48c8-8c89-c66ae82b1e5e
2026-05-09 18:04:05.009 9 WARNING neutron.scheduler.dhcp_agent_scheduler [None req-9fccf6d2-db93-4392-99c7-fccbe5dd8f16 b0c879c99dad44d09219c314d35f57e4 a5452024624c4173a9384ae077addd82 - - default default] No more DHCP agents
2026-05-09 18:04:05.012 9 WARNING neutron.api.rpc.agentnotifiers.dhcp_rpc_agent_api [None req-9fccf6d2-db93-4392-99c7-fccbe5dd8f16 b0c879c99dad44d09219c314d35f57e4 a5452024624c4173a9384ae077addd82 - - default default] Unable to schedule network dcc26441-6524-4bf8-b080-8920e7733631: no agents available; will retry on subsequent port and subnet creation events.
2026-05-09 18:04:05.132 9 INFO neutron.db.ovn_revision_numbers_db [None req-9fccf6d2-db93-4392-99c7-fccbe5dd8f16 b0c879c99dad44d09219c314d35f57e4 a5452024624c4173a9384ae077addd82 - - default default] Successfully bumped revision number for resource 73afdb0e-80d9-4ec8-a58a-6ff74c6b8393 (type: ports) to 1
2026-05-09 18:04:05.436 9 INFO neutron.notifiers.nova [-] Nova event matching ['req-d3ab8b89-7251-4eb0-b6ee-cc0b8e691bcf'] response: {'server_uuid': '64ffc594-a7bd-4ee6-8ba4-ff23d085a22e', 'name': 'network-vif-plugged', 'status': 'completed', 'tag': '76ec738c-699b-44c7-8d75-3a95ff5d875e', 'code': 200}
2026-05-09 18:04:05.458 10 INFO neutron.db.ovn_revision_numbers_db [None req-7fb16d99-bb06-4fcf-970a-0a5fd3720ceb 53bb2e45c05c4d9d8814b4361dbf0452 18415b2c6608495a8f02053d15ecd4ef - - default default] Successfully bumped revision number for resource 352c0da1-69ba-4b2f-9539-7376e5fde9c2 (type: floatingips) to 1
2026-05-09 18:04:05.601 10 INFO neutron.db.ovn_revision_numbers_db [None req-afe1ae8d-977a-4150-a327-addeae20fdcf 5aa48831c7094f6f8760bc448ae8a919 2d6a318392d44a4fb3b3403bd45579b8 - - default default] Successfully bumped revision number for resource b9b17115-05cb-4163-9788-9b6d2371f825 (type: floatingips) to 1
2026-05-09 18:04:05.677 9 ERROR ovsdbapp.backend.ovs_idl.command [None req-9fccf6d2-db93-4392-99c7-fccbe5dd8f16 b0c879c99dad44d09219c314d35f57e4 a5452024624c4173a9384ae077addd82 - - default default] Error executing command (DbGetCommand): ovsdbapp.backend.ovs_idl.idlutils.RowNotFound: Cannot find Logical_Router_Port with name=lrp-73afdb0e-80d9-4ec8-a58a-6ff74c6b8393
2026-05-09 18:04:05.677 9 ERROR ovsdbapp.backend.ovs_idl.command
Traceback (most recent call last):
2026-05-09 18:04:05.677 9 ERROR ovsdbapp.backend.ovs_idl.command
File "/var/lib/openstack/lib/python3.10/site-packages/ovsdbapp/backend/ovs_idl/command.py", line 47, in execute
2026-05-09 18:04:05.677 9 ERROR ovsdbapp.backend.ovs_idl.command self.run_idl(None)
2026-05-09 18:04:05.677 9 ERROR ovsdbapp.backend.ovs_idl.command
File "/var/lib/openstack/lib/python3.10/site-packages/ovsdbapp/backend/ovs_idl/command.py", line 235, in run_idl
2026-05-09 18:04:05.677 9 ERROR ovsdbapp.backend.ovs_idl.command record = self.api.lookup(self.table, self.record)
2026-05-09 18:04:05.677 9 ERROR ovsdbapp.backend.ovs_idl.command
File "/var/lib/openstack/lib/python3.10/site-packages/ovsdbapp/backend/ovs_idl/__init__.py", line 184, in lookup
2026-05-09 18:04:05.677 9 ERROR ovsdbapp.backend.ovs_idl.command return self._lookup(table, record)
2026-05-09 18:04:05.677 9 ERROR ovsdbapp.backend.ovs_idl.command
File "/var/lib/openstack/lib/python3.10/site-packages/ovsdbapp/backend/ovs_idl/__init__.py", line 235, in _lookup
2026-05-09 18:04:05.677 9 ERROR ovsdbapp.backend.ovs_idl.command row = idlutils.row_by_value(self, rl.table, rl.column, record)
2026-05-09 18:04:05.677 9 ERROR ovsdbapp.backend.ovs_idl.command
File "/var/lib/openstack/lib/python3.10/site-packages/ovsdbapp/backend/ovs_idl/idlutils.py", line 114, in row_by_value
2026-05-09 18:04:05.677 9 ERROR ovsdbapp.backend.ovs_idl.command raise RowNotFound(table=table, col=column, match=match)
2026-05-09 18:04:05.677 9 ERROR ovsdbapp.backend.ovs_idl.command ovsdbapp.backend.ovs_idl.idlutils.RowNotFound: Cannot find Logical_Router_Port with name=lrp-73afdb0e-80d9-4ec8-a58a-6ff74c6b8393
2026-05-09 18:04:05.677 9 ERROR ovsdbapp.backend.ovs_idl.command 
2026-05-09 18:04:05.678 9 ERROR neutron_lib.callbacks.manager [None req-9fccf6d2-db93-4392-99c7-fccbe5dd8f16 b0c879c99dad44d09219c314d35f57e4 a5452024624c4173a9384ae077addd82 - - default default] Error during notification for neutron.services.ovn_l3.plugin.OVNL3RouterPlugin._port_update-8794724286182 port, after_update: ovsdbapp.backend.ovs_idl.idlutils.RowNotFound: Cannot find Logical_Router_Port with name=lrp-73afdb0e-80d9-4ec8-a58a-6ff74c6b8393
2026-05-09 18:04:05.678 9 ERROR neutron_lib.callbacks.manager
Traceback (most recent call last):
2026-05-09 18:04:05.678 9 ERROR neutron_lib.callbacks.manager
File "/var/lib/openstack/lib/python3.10/site-packages/neutron_lib/callbacks/manager.py", line 189, in _notify_loop
2026-05-09 18:04:05.678 9 ERROR neutron_lib.callbacks.manager callback.method(resource, event, trigger, payload=payload)
2026-05-09 18:04:05.678 9 ERROR neutron_lib.callbacks.manager
File "/var/lib/openstack/lib/python3.10/site-packages/neutron/services/ovn_l3/plugin.py", line 391, in _port_update
2026-05-09 18:04:05.678 9 ERROR neutron_lib.callbacks.manager l3plugin._ovn_client.update_router_port(context,
2026-05-09 18:04:05.678 9 ERROR neutron_lib.callbacks.manager
File "/var/lib/openstack/lib/python3.10/site-packages/neutron/plugins/ml2/drivers/ovn/mech_driver/ovsdb/ovn_client.py", line 1878, in update_router_port
2026-05-09 18:04:05.678 9 ERROR neutron_lib.callbacks.manager self._update_lrouter_port(context, port, if_exists=if_exists,
2026-05-09 18:04:05.678 9 ERROR neutron_lib.callbacks.manager
File "/var/lib/openstack/lib/python3.10/site-packages/neutron/plugins/ml2/drivers/ovn/mech_driver/ovsdb/ovn_client.py", line 1855, in _update_lrouter_port
2026-05-09 18:04:05.678 9 ERROR neutron_lib.callbacks.manager external_ids = self._nb_idl.db_get(
2026-05-09 18:04:05.678 9 ERROR neutron_lib.callbacks.manager
File "/var/lib/openstack/lib/python3.10/site-packages/ovsdbapp/backend/ovs_idl/command.py", line 47, in execute
2026-05-09 18:04:05.678 9 ERROR neutron_lib.callbacks.manager self.run_idl(None)
2026-05-09 18:04:05.678 9 ERROR neutron_lib.callbacks.manager
File "/var/lib/openstack/lib/python3.10/site-packages/ovsdbapp/backend/ovs_idl/command.py", line 235, in run_idl
2026-05-09 18:04:05.678 9 ERROR neutron_lib.callbacks.manager record = self.api.lookup(self.table, self.record)
2026-05-09 18:04:05.678 9 ERROR neutron_lib.callbacks.manager
File "/var/lib/openstack/lib/python3.10/site-packages/ovsdbapp/backend/ovs_idl/__init__.py", line 184, in lookup
2026-05-09 18:04:05.678 9 ERROR neutron_lib.callbacks.manager return self._lookup(table, record)
2026-05-09 18:04:05.678 9 ERROR neutron_lib.callbacks.manager
File "/var/lib/openstack/lib/python3.10/site-packages/ovsdbapp/backend/ovs_idl/__init__.py", line 235, in _lookup
2026-05-09 18:04:05.678 9 ERROR neutron_lib.callbacks.manager row = idlutils.row_by_value(self, rl.table, rl.column, record)
2026-05-09 18:04:05.678 9 ERROR neutron_lib.callbacks.manager
File "/var/lib/openstack/lib/python3.10/site-packages/ovsdbapp/backend/ovs_idl/idlutils.py", line 114, in row_by_value
2026-05-09 18:04:05.678 9 ERROR neutron_lib.callbacks.manager raise RowNotFound(table=table, col=column, match=match)
2026-05-09 18:04:05.678 9 ERROR neutron_lib.callbacks.manager ovsdbapp.backend.ovs_idl.idlutils.RowNotFound: Cannot find Logical_Router_Port with name=lrp-73afdb0e-80d9-4ec8-a58a-6ff74c6b8393
2026-05-09 18:04:05.678 9 ERROR neutron_lib.callbacks.manager 
2026-05-09 18:04:05.698 10 INFO neutron.db.ovn_revision_numbers_db [None req-7fb16d99-bb06-4fcf-970a-0a5fd3720ceb 53bb2e45c05c4d9d8814b4361dbf0452 18415b2c6608495a8f02053d15ecd4ef - - default default] Successfully bumped revision number for resource 352c0da1-69ba-4b2f-9539-7376e5fde9c2 (type: floatingips) to 2
2026-05-09 18:04:05.699 10 INFO neutron.db.l3_db [None req-7fb16d99-bb06-4fcf-970a-0a5fd3720ceb 53bb2e45c05c4d9d8814b4361dbf0452 18415b2c6608495a8f02053d15ecd4ef - - default default] Floating IP 352c0da1-69ba-4b2f-9539-7376e5fde9c2 associated. External IP: 10.96.250.215, port: 87dc4996-e8e5-42db-a1ab-b26c0fa9959f.
2026-05-09 18:04:05.736 10 INFO neutron.wsgi [None req-7fb16d99-bb06-4fcf-970a-0a5fd3720ceb 53bb2e45c05c4d9d8814b4361dbf0452 18415b2c6608495a8f02053d15ecd4ef - - default default] 10.0.0.133 "PUT /v2.0/floatingips/352c0da1-69ba-4b2f-9539-7376e5fde9c2 HTTP/1.1" status: 200 len: 1049 time: 1.7687156
2026-05-09 18:04:05.805 10 INFO neutron.db.ovn_revision_numbers_db [None req-afe1ae8d-977a-4150-a327-addeae20fdcf 5aa48831c7094f6f8760bc448ae8a919 2d6a318392d44a4fb3b3403bd45579b8 - - default default] Successfully bumped revision number for resource b9b17115-05cb-4163-9788-9b6d2371f825 (type: floatingips) to 2
2026-05-09 18:04:05.806 10 INFO neutron.db.l3_db [None req-afe1ae8d-977a-4150-a327-addeae20fdcf 5aa48831c7094f6f8760bc448ae8a919 2d6a318392d44a4fb3b3403bd45579b8 - - default default] Floating IP b9b17115-05cb-4163-9788-9b6d2371f825 associated. External IP: 10.96.250.205, port: 76ec738c-699b-44c7-8d75-3a95ff5d875e.
2026-05-09 18:04:05.830 10 INFO neutron.wsgi [req-50cddea9-2053-4060-a33d-4c0599468342 req-456aa9c7-224e-428c-8670-923ab2199185 53bb2e45c05c4d9d8814b4361dbf0452 18415b2c6608495a8f02053d15ecd4ef - - default default] 10.0.0.125 "GET /v2.0/ports?device_id=1a9b2025-f39d-4cf4-b3e8-724c7dcce087 HTTP/1.1" status: 200 len: 1170 time: 0.0521777
2026-05-09 18:04:05.865 10 INFO neutron.wsgi [None req-afe1ae8d-977a-4150-a327-addeae20fdcf 5aa48831c7094f6f8760bc448ae8a919 2d6a318392d44a4fb3b3403bd45579b8 - - default default] 10.0.0.133 "PUT /v2.0/floatingips/b9b17115-05cb-4163-9788-9b6d2371f825 HTTP/1.1" status: 200 len: 1050 time: 1.6251261
2026-05-09 18:04:05.900 10 INFO neutron.wsgi [req-50cddea9-2053-4060-a33d-4c0599468342 req-8ae57188-439f-4d5f-afb0-5f8cbc252d1c 53bb2e45c05c4d9d8814b4361dbf0452 18415b2c6608495a8f02053d15ecd4ef - - default default] 10.0.0.125 "GET /v2.0/security-groups?id=e24bfa7f-7660-47b5-a172-57aa2258c9cc&fields=id&fields=name HTTP/1.1" status: 200 len: 313 time: 0.0622602
2026-05-09 18:04:05.900 9 INFO neutron.db.ovn_revision_numbers_db [None req-9fccf6d2-db93-4392-99c7-fccbe5dd8f16 b0c879c99dad44d09219c314d35f57e4 a5452024624c4173a9384ae077addd82 - - default default] Successfully bumped revision number for resource 73afdb0e-80d9-4ec8-a58a-6ff74c6b8393 (type: ports) to 1 /var/lib/openstack/lib/python3.10/site-packages/pycadf/identifier.py:71: UserWarning: Invalid uuid: neutron. To ensure interoperability, identifiers should be a valid uuid. warnings.warn(('Invalid uuid: %s. To ensure interoperability, '
2026-05-09 18:04:05.952 10 INFO neutron.notifiers.nova [-] Nova event matching ['req-7038783a-3f8e-4144-8e16-0b09cfca8292'] response: {'name': 'network-changed', 'server_uuid': '1a9b2025-f39d-4cf4-b3e8-724c7dcce087', 'tag': '87dc4996-e8e5-42db-a1ab-b26c0fa9959f', 'status': 'completed', 'code': 200}
2026-05-09 18:04:05.952 10 INFO neutron.notifiers.nova [-] Nova event matching ['req-7038783a-3f8e-4144-8e16-0b09cfca8292'] response: {'name': 'network-changed', 'server_uuid': '64ffc594-a7bd-4ee6-8ba4-ff23d085a22e', 'tag': '76ec738c-699b-44c7-8d75-3a95ff5d875e', 'status': 'completed', 'code': 200}
2026-05-09 18:04:06.003 9 INFO neutron.wsgi [req-5059ec9d-4763-4fbc-b4bf-039cc59cb6a2 req-1b5064ba-ed7e-4816-8103-b4de7243a352 5aa48831c7094f6f8760bc448ae8a919 2d6a318392d44a4fb3b3403bd45579b8 - - default default] 10.0.0.125 "GET /v2.0/ports?device_id=64ffc594-a7bd-4ee6-8ba4-ff23d085a22e HTTP/1.1" status: 200 len: 1174 time: 0.0749056
2026-05-09 18:04:06.026 10 INFO neutron.db.ovn_revision_numbers_db [None req-54ed5cd4-35db-48dc-9541-fb32d1f95c00 - - - - - -] Successfully bumped revision number for resource d4145e0f-de78-48c8-8c89-c66ae82b1e5e (type: ports) to 1
2026-05-09 18:04:06.056 9 INFO neutron.wsgi [req-dcbd5372-4bd4-40a3-8f3c-d02480d7669d req-7e97fbfa-f7fe-489a-9feb-b4931b8d3257 776ac5e4cd6f477687a5c90a4c2cab46 1666ee8a17de480aa8f1b766b50213a0 - - f43ab4a669114995b6803f08d09f0240 f43ab4a669114995b6803f08d09f0240] 199.204.45.222 "GET /v2.0/ports?tenant_id=18415b2c6608495a8f02053d15ecd4ef&device_id=1a9b2025-f39d-4cf4-b3e8-724c7dcce087 HTTP/1.1" status: 200 len: 1409 time: 0.0868099
2026-05-09 18:04:06.084 9 WARNING neutron.scheduler.dhcp_agent_scheduler [None req-9fccf6d2-db93-4392-99c7-fccbe5dd8f16 b0c879c99dad44d09219c314d35f57e4 a5452024624c4173a9384ae077addd82 - - default default] No more DHCP agents
2026-05-09 18:04:06.088 9 WARNING neutron.api.rpc.agentnotifiers.dhcp_rpc_agent_api [None req-9fccf6d2-db93-4392-99c7-fccbe5dd8f16 b0c879c99dad44d09219c314d35f57e4 a5452024624c4173a9384ae077addd82 - - default default] Unable to schedule network dcc26441-6524-4bf8-b080-8920e7733631: no agents available; will retry on subsequent port and subnet creation events.
2026-05-09 18:04:06.103 9 INFO neutron.wsgi [req-5059ec9d-4763-4fbc-b4bf-039cc59cb6a2 req-833c31d6-98d5-4fee-8427-f974e4487d40 5aa48831c7094f6f8760bc448ae8a919 2d6a318392d44a4fb3b3403bd45579b8 - - default default] 10.0.0.125 "GET /v2.0/security-groups?id=95219fe1-439d-4437-b14a-88187843db13&fields=id&fields=name HTTP/1.1" status: 200 len: 313 time: 0.0909278
2026-05-09 18:04:06.204 9 INFO neutron.wsgi [req-dcbd5372-4bd4-40a3-8f3c-d02480d7669d req-316d04dd-0797-4dcc-9d20-381e3e9c15de 776ac5e4cd6f477687a5c90a4c2cab46 1666ee8a17de480aa8f1b766b50213a0 - - f43ab4a669114995b6803f08d09f0240 f43ab4a669114995b6803f08d09f0240] 199.204.45.222 "GET /v2.0/networks?id=97490127-f09b-4746-b92f-5a1f9bc0c807 HTTP/1.1" status: 200 len: 976 time: 0.1396234
2026-05-09 18:04:06.320 9 INFO neutron.db.ovn_revision_numbers_db [None req-6d028a77-4f09-4fde-a688-20e7591a56a3 b0c879c99dad44d09219c314d35f57e4 a5452024624c4173a9384ae077addd82 - - default default] Successfully bumped revision number for resource 83ef7ea3-2338-4662-9594-94e19431a1bf (type: security_groups) to 1
2026-05-09 18:04:06.337 9 INFO neutron.wsgi [req-dcbd5372-4bd4-40a3-8f3c-d02480d7669d req-00fd8c1b-2650-4685-ae77-ff4fa9d43902 776ac5e4cd6f477687a5c90a4c2cab46 1666ee8a17de480aa8f1b766b50213a0 - - f43ab4a669114995b6803f08d09f0240 f43ab4a669114995b6803f08d09f0240] 199.204.45.222 "GET /v2.0/floatingips?fixed_ip_address=10.100.0.3&port_id=87dc4996-e8e5-42db-a1ab-b26c0fa9959f HTTP/1.1" status: 200 len: 1059 time: 0.1279471
2026-05-09 18:04:06.389 9 INFO neutron.db.ovn_revision_numbers_db [None req-6d028a77-4f09-4fde-a688-20e7591a56a3 b0c879c99dad44d09219c314d35f57e4 a5452024624c4173a9384ae077addd82 - - default default] Successfully bumped revision number for resource 28152198-2e0b-4ea9-9823-3cd0e597f231 (type: security_group_rules) to 0
2026-05-09 18:04:06.406 9 INFO neutron.wsgi [req-dcbd5372-4bd4-40a3-8f3c-d02480d7669d req-7066ea4a-afcc-434f-b28c-ba1976496f5f 776ac5e4cd6f477687a5c90a4c2cab46 1666ee8a17de480aa8f1b766b50213a0 - - f43ab4a669114995b6803f08d09f0240 f43ab4a669114995b6803f08d09f0240] 199.204.45.222 "GET /v2.0/subnets?id=6a8d7a47-4022-4d3f-b1af-cdbb8b02193a HTTP/1.1" status: 200 len: 871 time: 0.0579133
2026-05-09 18:04:06.439 9 INFO neutron.db.ovn_revision_numbers_db [None req-6d028a77-4f09-4fde-a688-20e7591a56a3 b0c879c99dad44d09219c314d35f57e4 a5452024624c4173a9384ae077addd82 - - default default] Successfully bumped revision number for resource 2dc20cfe-758a-45f9-bfa3-8bdf54ef0f29 (type: security_group_rules) to 0
2026-05-09 18:04:06.442 9 INFO neutron.wsgi [req-dcbd5372-4bd4-40a3-8f3c-d02480d7669d req-c6f2971a-ab69-492e-a11c-25745b4bc116 776ac5e4cd6f477687a5c90a4c2cab46 1666ee8a17de480aa8f1b766b50213a0 - - f43ab4a669114995b6803f08d09f0240 f43ab4a669114995b6803f08d09f0240] 199.204.45.222 "GET /v2.0/ports?network_id=97490127-f09b-4746-b92f-5a1f9bc0c807&device_owner=network%3Adhcp HTTP/1.1" status: 200 len: 210 time: 0.0252891
2026-05-09 18:04:06.488 9 INFO neutron.db.ovn_revision_numbers_db [None req-6d028a77-4f09-4fde-a688-20e7591a56a3 b0c879c99dad44d09219c314d35f57e4 a5452024624c4173a9384ae077addd82 - - default default] Successfully bumped revision number for resource 37c8b600-258f-4d67-a709-a331a0f26504 (type: security_group_rules) to 0
2026-05-09 18:04:06.498 9 INFO neutron.plugins.ml2.drivers.ovn.mech_driver.mech_driver [None req-92ca9d30-b5f6-46a0-83a6-a6bebe0da3ef - - - - - -] OVN reports status down for port: 76ec738c-699b-44c7-8d75-3a95ff5d875e
2026-05-09 18:04:06.532 9 INFO neutron.db.ovn_revision_numbers_db [None req-6d028a77-4f09-4fde-a688-20e7591a56a3 b0c879c99dad44d09219c314d35f57e4 a5452024624c4173a9384ae077addd82 - - default default] Successfully bumped revision number for resource cab7f501-668e-48bd-8c92-993c6ba313ae (type: security_group_rules) to 0
2026-05-09 18:04:06.640 10 INFO neutron.wsgi [req-aee5c90c-342d-4363-bd24-f62bcdff2ec4 req-40cc55cd-004b-42f1-8034-2de2013ffc86 5aa48831c7094f6f8760bc448ae8a919 2d6a318392d44a4fb3b3403bd45579b8 - - default default] 10.0.0.125 "GET /v2.0/ports?device_id=64ffc594-a7bd-4ee6-8ba4-ff23d085a22e HTTP/1.1" status: 200 len: 1174 time: 0.1196213
2026-05-09 18:04:06.668 10 INFO neutron.wsgi [-] 10.0.0.98 "GET / HTTP/1.1" status: 200 len: 247 time: 0.0013053
2026-05-09 18:04:06.670 10 INFO neutron.wsgi [-] 10.0.0.98 "GET / HTTP/1.1" status: 200 len: 247 time: 0.0012755
2026-05-09 18:04:06.730 10 INFO neutron.db.ovn_revision_numbers_db [None req-54ed5cd4-35db-48dc-9541-fb32d1f95c00 - - - - - -] Successfully bumped revision number for resource d4145e0f-de78-48c8-8c89-c66ae82b1e5e (type: router_ports) to 3
2026-05-09 18:04:06.751 10 INFO neutron.wsgi [req-aee5c90c-342d-4363-bd24-f62bcdff2ec4 req-d42b4896-a58d-4567-bad5-262672844ab8 5aa48831c7094f6f8760bc448ae8a919 2d6a318392d44a4fb3b3403bd45579b8 - - default default] 10.0.0.125 "GET /v2.0/security-groups?id=95219fe1-439d-4437-b14a-88187843db13&fields=id&fields=name HTTP/1.1" status: 200 len: 313 time: 0.1047325
2026-05-09 18:04:06.758 9 INFO neutron.wsgi [req-779801c2-15f3-457b-ab66-2d4dc56fb608 req-2ed1b47d-2f48-4b36-b91c-4b7103ffa50a 53bb2e45c05c4d9d8814b4361dbf0452 18415b2c6608495a8f02053d15ecd4ef - - default default] 10.0.0.125 "GET /v2.0/ports?device_id=1a9b2025-f39d-4cf4-b3e8-724c7dcce087 HTTP/1.1" status: 200 len: 1170 time: 0.4277165
2026-05-09 18:04:06.759 10 INFO neutron.wsgi [req-a15364e1-f709-4ea3-bbeb-26d25472f4fa req-4f1c28ed-39c0-433e-b155-9895bd6aa6eb 53bb2e45c05c4d9d8814b4361dbf0452 18415b2c6608495a8f02053d15ecd4ef - - default default] 199.204.45.222 "GET /v2.0/ports?device_id=1a9b2025-f39d-4cf4-b3e8-724c7dcce087 HTTP/1.1" status: 200 len: 1170 time: 0.0578413
2026-05-09 18:04:06.770 9 INFO neutron.wsgi [None req-6d028a77-4f09-4fde-a688-20e7591a56a3 b0c879c99dad44d09219c314d35f57e4 a5452024624c4173a9384ae077addd82 - - default default] 10.0.0.133 "GET /v2.0/security-groups?tenant_id=56b4222c2afa471bad94b37562525d01&name=default HTTP/1.1" status: 200 len: 3120 time: 0.9894490
2026-05-09 18:04:06.772 9 INFO neutron.wsgi [req-dcbd5372-4bd4-40a3-8f3c-d02480d7669d req-8e210d64-9cd4-4525-aa4e-6ed3158e1096 776ac5e4cd6f477687a5c90a4c2cab46 1666ee8a17de480aa8f1b766b50213a0 - - f43ab4a669114995b6803f08d09f0240 f43ab4a669114995b6803f08d09f0240] 199.204.45.222 "GET /v2.0/networks/97490127-f09b-4746-b92f-5a1f9bc0c807?fields=segments HTTP/1.1" status: 200 len: 212 time: 0.3127398
2026-05-09 18:04:06.885 9 INFO neutron.wsgi [req-779801c2-15f3-457b-ab66-2d4dc56fb608 req-3f937fa0-c083-474f-814d-0621267f7a5c 53bb2e45c05c4d9d8814b4361dbf0452 18415b2c6608495a8f02053d15ecd4ef - - default default] 10.0.0.125 "GET /v2.0/security-groups?id=e24bfa7f-7660-47b5-a172-57aa2258c9cc&fields=id&fields=name HTTP/1.1" status: 200 len: 313 time: 0.1196880
2026-05-09 18:04:06.885 10 INFO neutron.wsgi [req-c8f99062-0eaa-4345-9e8b-6266ce43dce1 req-50d1da3d-0f8b-4903-a2ee-2490a407e7bc 5aa48831c7094f6f8760bc448ae8a919 2d6a318392d44a4fb3b3403bd45579b8 - - default default] 199.204.45.222 "GET /v2.0/ports?device_id=64ffc594-a7bd-4ee6-8ba4-ff23d085a22e HTTP/1.1" status: 200 len: 1174 time: 0.0762057
2026-05-09 18:04:06.895 9 INFO neutron.wsgi [req-dcbd5372-4bd4-40a3-8f3c-d02480d7669d req-aeeb8383-52ec-4f0a-b10a-d1c68f157f02 776ac5e4cd6f477687a5c90a4c2cab46 1666ee8a17de480aa8f1b766b50213a0 - - f43ab4a669114995b6803f08d09f0240 f43ab4a669114995b6803f08d09f0240] 199.204.45.222 "GET /v2.0/networks/97490127-f09b-4746-b92f-5a1f9bc0c807?fields=provider%3Aphysical_network&fields=provider%3Anetwork_type HTTP/1.1" status: 200 len: 277 time: 0.1140270
2026-05-09 18:04:06.980 9 INFO neutron.wsgi [req-dcbd5372-4bd4-40a3-8f3c-d02480d7669d req-fe665a9e-2f90-4369-a68c-75d1d62fbb99 776ac5e4cd6f477687a5c90a4c2cab46 1666ee8a17de480aa8f1b766b50213a0 - - f43ab4a669114995b6803f08d09f0240 f43ab4a669114995b6803f08d09f0240] 199.204.45.222 "GET /v2.0/ports?tenant_id=2d6a318392d44a4fb3b3403bd45579b8&device_id=64ffc594-a7bd-4ee6-8ba4-ff23d085a22e HTTP/1.1" status: 200 len: 1413 time: 0.0534027
2026-05-09 18:04:07.090 9 INFO neutron.wsgi [req-dcbd5372-4bd4-40a3-8f3c-d02480d7669d req-26f565bf-1ca0-4083-89e7-5235ceedb703 776ac5e4cd6f477687a5c90a4c2cab46 1666ee8a17de480aa8f1b766b50213a0 - - f43ab4a669114995b6803f08d09f0240 f43ab4a669114995b6803f08d09f0240] 199.204.45.222 "GET /v2.0/networks?id=f32c2d58-6ffe-4185-82a9-2b8040931ba9 HTTP/1.1" status: 200 len: 968 time: 0.1014166
2026-05-09 18:04:07.157 10 INFO neutron.plugins.ml2.drivers.ovn.mech_driver.mech_driver [None req-a850ca9e-322b-40b9-b2ae-a04d5e93768d - - - - - -] OVN reports status up for port: 73afdb0e-80d9-4ec8-a58a-6ff74c6b8393
2026-05-09 18:04:07.162 9 INFO neutron.wsgi [req-dcbd5372-4bd4-40a3-8f3c-d02480d7669d req-b524972b-a806-4ca2-b13b-c954e1e2cedc 776ac5e4cd6f477687a5c90a4c2cab46 1666ee8a17de480aa8f1b766b50213a0 - - f43ab4a669114995b6803f08d09f0240 f43ab4a669114995b6803f08d09f0240] 199.204.45.222 "GET /v2.0/floatingips?fixed_ip_address=10.100.0.11&port_id=76ec738c-699b-44c7-8d75-3a95ff5d875e HTTP/1.1" status: 200 len: 1058 time: 0.0651493
2026-05-09 18:04:07.196 10 INFO neutron.plugins.ml2.plugin [None req-a850ca9e-322b-40b9-b2ae-a04d5e93768d - - - - - -] Attempt 1 to provision port 73afdb0e-80d9-4ec8-a58a-6ff74c6b8393
2026-05-09 18:04:07.242 9 INFO neutron.wsgi [req-dcbd5372-4bd4-40a3-8f3c-d02480d7669d req-c06184f4-b4e6-4fb6-8e03-76835aa7eba6 776ac5e4cd6f477687a5c90a4c2cab46 1666ee8a17de480aa8f1b766b50213a0 - - f43ab4a669114995b6803f08d09f0240 f43ab4a669114995b6803f08d09f0240] 199.204.45.222 "GET /v2.0/subnets?id=72af02e4-3435-47dd-af0a-5ae410106812 HTTP/1.1" status: 200 len: 863 time: 0.0660548
2026-05-09 18:04:07.288 9 INFO neutron.wsgi [req-dcbd5372-4bd4-40a3-8f3c-d02480d7669d req-415c2c81-f3bf-4ff9-8dfd-721bd22295d4 776ac5e4cd6f477687a5c90a4c2cab46 1666ee8a17de480aa8f1b766b50213a0 - - f43ab4a669114995b6803f08d09f0240 f43ab4a669114995b6803f08d09f0240] 199.204.45.222 "GET /v2.0/ports?network_id=f32c2d58-6ffe-4185-82a9-2b8040931ba9&device_owner=network%3Adhcp HTTP/1.1" status: 200 len: 210 time: 0.0389166
2026-05-09 18:04:07.325 9 INFO neutron.db.ovn_revision_numbers_db [None req-92ca9d30-b5f6-46a0-83a6-a6bebe0da3ef - - - - - -] Successfully bumped revision number for resource 76ec738c-699b-44c7-8d75-3a95ff5d875e (type: ports) to 5
2026-05-09 18:04:07.352 10 INFO neutron.db.ovn_revision_numbers_db [None req-54ed5cd4-35db-48dc-9541-fb32d1f95c00 - - - - - -] Successfully bumped revision number for resource d4145e0f-de78-48c8-8c89-c66ae82b1e5e (type: ports) to 2
2026-05-09 18:04:07.386 9 INFO neutron.wsgi [req-dcbd5372-4bd4-40a3-8f3c-d02480d7669d req-66e6e913-6e3e-44d7-a95c-a1806200aa96 776ac5e4cd6f477687a5c90a4c2cab46 1666ee8a17de480aa8f1b766b50213a0 - - f43ab4a669114995b6803f08d09f0240 f43ab4a669114995b6803f08d09f0240] 199.204.45.222 "GET /v2.0/networks/f32c2d58-6ffe-4185-82a9-2b8040931ba9?fields=segments HTTP/1.1" status: 200 len: 212 time: 0.0893602
2026-05-09 18:04:07.472 9 INFO neutron.notifiers.nova [-] Nova event matching ['req-1b16c774-21b6-4d54-abf8-859ab2d301f3'] response: {'server_uuid': '64ffc594-a7bd-4ee6-8ba4-ff23d085a22e', 'name': 'network-vif-unplugged', 'status': 'completed', 'tag': '76ec738c-699b-44c7-8d75-3a95ff5d875e', 'code': 200}
2026-05-09 18:04:07.472 9 INFO neutron.notifiers.nova [-] Nova event matching ['req-1b16c774-21b6-4d54-abf8-859ab2d301f3'] response: {'server_uuid': '64ffc594-a7bd-4ee6-8ba4-ff23d085a22e', 'name': 'network-vif-unplugged', 'status': 'completed', 'tag': '76ec738c-699b-44c7-8d75-3a95ff5d875e', 'code': 200}
2026-05-09 18:04:07.476 9 INFO neutron.wsgi [req-dcbd5372-4bd4-40a3-8f3c-d02480d7669d req-3833dbb7-ea23-48e8-8379-a85dd970f9c7 776ac5e4cd6f477687a5c90a4c2cab46 1666ee8a17de480aa8f1b766b50213a0 - - f43ab4a669114995b6803f08d09f0240 f43ab4a669114995b6803f08d09f0240] 199.204.45.222 "GET /v2.0/networks/f32c2d58-6ffe-4185-82a9-2b8040931ba9?fields=provider%3Aphysical_network&fields=provider%3Anetwork_type HTTP/1.1" status: 200 len: 277 time: 0.0848296
2026-05-09 18:04:07.544 9 INFO neutron.db.ovn_revision_numbers_db [None req-9fccf6d2-db93-4392-99c7-fccbe5dd8f16 b0c879c99dad44d09219c314d35f57e4 a5452024624c4173a9384ae077addd82 - - default default] Successfully bumped revision number for resource 73afdb0e-80d9-4ec8-a58a-6ff74c6b8393 (type: router_ports) to 1
2026-05-09 18:04:07.550 9 INFO neutron.wsgi [None req-9fccf6d2-db93-4392-99c7-fccbe5dd8f16 b0c879c99dad44d09219c314d35f57e4 a5452024624c4173a9384ae077addd82 - - default default] 10.0.0.133 "PUT /v2.0/routers/437b1ac4-8999-4572-b5a8-107c5c31d84d/add_router_interface HTTP/1.1" status: 200 len: 503 time: 3.1624763
2026-05-09 18:04:07.698 10 INFO neutron.wsgi [None req-70882154-ce2d-4515-9229-9bc7dadf771e b0c879c99dad44d09219c314d35f57e4 a5452024624c4173a9384ae077addd82 - - default default] 10.0.0.133 "DELETE /v2.0/security-groups/83ef7ea3-2338-4662-9594-94e19431a1bf HTTP/1.1" status: 204 len: 168 time: 0.9220819
2026-05-09 18:04:07.812 10 INFO neutron.db.l3_db [req-a15364e1-f709-4ea3-bbeb-26d25472f4fa req-308265f7-d341-45fc-acfe-ad6162d2a6b5 53bb2e45c05c4d9d8814b4361dbf0452 18415b2c6608495a8f02053d15ecd4ef - - default default] Floating IP 352c0da1-69ba-4b2f-9539-7376e5fde9c2 disassociated. External IP: 10.96.250.215, port: 87dc4996-e8e5-42db-a1ab-b26c0fa9959f. /var/lib/openstack/lib/python3.10/site-packages/pycadf/identifier.py:71: UserWarning: Invalid uuid: neutron. To ensure interoperability, identifiers should be a valid uuid. warnings.warn(('Invalid uuid: %s. To ensure interoperability, '
2026-05-09 18:04:07.915 9 INFO neutron.wsgi [req-f28e6383-8246-4ba0-a3b0-c8dbf7e33dcb req-71e4a26b-728e-466d-a2ca-95fef59b319b 5aa48831c7094f6f8760bc448ae8a919 2d6a318392d44a4fb3b3403bd45579b8 - - default default] 10.0.0.125 "GET /v2.0/ports?device_id=64ffc594-a7bd-4ee6-8ba4-ff23d085a22e HTTP/1.1" status: 200 len: 1172 time: 0.1031771
2026-05-09 18:04:07.949 10 INFO neutron.db.l3_db [req-c8f99062-0eaa-4345-9e8b-6266ce43dce1 req-65fea0f0-9153-43c6-80d0-f8a2d548baef 5aa48831c7094f6f8760bc448ae8a919 2d6a318392d44a4fb3b3403bd45579b8 - - default default] Floating IP b9b17115-05cb-4163-9788-9b6d2371f825 disassociated. External IP: 10.96.250.205, port: 76ec738c-699b-44c7-8d75-3a95ff5d875e.
2026-05-09 18:04:07.955 9 INFO neutron.wsgi [req-f28e6383-8246-4ba0-a3b0-c8dbf7e33dcb req-325788d7-1dc5-4c53-8a3a-55d3dd1a1c84 5aa48831c7094f6f8760bc448ae8a919 2d6a318392d44a4fb3b3403bd45579b8 - - default default] 10.0.0.125 "GET /v2.0/security-groups?id=95219fe1-439d-4437-b14a-88187843db13&fields=id&fields=name HTTP/1.1" status: 200 len: 313 time: 0.0345504 /var/lib/openstack/lib/python3.10/site-packages/pycadf/identifier.py:71: UserWarning: Invalid uuid: neutron. To ensure interoperability, identifiers should be a valid uuid. warnings.warn(('Invalid uuid: %s. To ensure interoperability, '
2026-05-09 18:04:08.181 9 WARNING neutron_lib.context [None req-6da4b187-f26a-4693-ba57-570b9edeb857 6ba2e1fec5004914a6096f609ffcdc1e 071ce8ded5524f468ffb900422794d9f - - default default] Method 'is_advsvc' is deprecated since 2023.2 release (neutron-lib 3.8.0) and will be removed once support for the old RBAC API policies will be removed from Neutron. Please use method 'is_service_role' instead.
2026-05-09 18:04:08.183 10 INFO neutron.wsgi [req-31247852-7605-4d97-90b9-1819930a6c07 req-7fac0a5b-2b69-4b76-926d-2194c3fdce8f 53bb2e45c05c4d9d8814b4361dbf0452 18415b2c6608495a8f02053d15ecd4ef - - default default] 10.0.0.125 "GET /v2.0/ports?device_id=1a9b2025-f39d-4cf4-b3e8-724c7dcce087 HTTP/1.1" status: 200 len: 1170 time: 0.2325449
2026-05-09 18:04:08.194 10 INFO neutron.wsgi [req-a15364e1-f709-4ea3-bbeb-26d25472f4fa req-308265f7-d341-45fc-acfe-ad6162d2a6b5 53bb2e45c05c4d9d8814b4361dbf0452 18415b2c6608495a8f02053d15ecd4ef - - default default] 199.204.45.222 "DELETE /v2.0/ports/87dc4996-e8e5-42db-a1ab-b26c0fa9959f HTTP/1.1" status: 204 len: 173 time: 1.4259622
2026-05-09 18:04:08.246 10 INFO neutron.notifiers.nova [-] Nova event matching ['req-4e32d6cc-fed0-4e4d-9ec4-19036f83fdfc'] response: {'server_uuid': '1a9b2025-f39d-4cf4-b3e8-724c7dcce087', 'name': 'network-vif-deleted', 'tag': '87dc4996-e8e5-42db-a1ab-b26c0fa9959f', 'status': 'completed', 'code': 200}
2026-05-09 18:04:08.309 10 INFO neutron.wsgi [req-31247852-7605-4d97-90b9-1819930a6c07 req-4c983d4e-f2d0-4531-887e-7efa0c62a2fb 53bb2e45c05c4d9d8814b4361dbf0452 18415b2c6608495a8f02053d15ecd4ef - - default default] 10.0.0.125 "GET /v2.0/security-groups?id=e24bfa7f-7660-47b5-a172-57aa2258c9cc&fields=id&fields=name HTTP/1.1" status: 200 len: 313 time: 0.1092393
2026-05-09 18:04:08.338 9 INFO neutron.db.ovn_revision_numbers_db [None req-6da4b187-f26a-4693-ba57-570b9edeb857 6ba2e1fec5004914a6096f609ffcdc1e 071ce8ded5524f468ffb900422794d9f - - default default] Successfully bumped revision number for resource 7265188f-64f4-4317-8d75-81eb39264448 (type: security_groups) to 1
2026-05-09 18:04:08.341 10 INFO neutron.wsgi [req-c8f99062-0eaa-4345-9e8b-6266ce43dce1 req-65fea0f0-9153-43c6-80d0-f8a2d548baef 5aa48831c7094f6f8760bc448ae8a919 2d6a318392d44a4fb3b3403bd45579b8 - - default default] 199.204.45.222 "DELETE /v2.0/ports/76ec738c-699b-44c7-8d75-3a95ff5d875e HTTP/1.1" status: 204 len: 173 time: 1.4488888
2026-05-09 18:04:08.354 9 INFO neutron.db.ovn_revision_numbers_db [None req-6da4b187-f26a-4693-ba57-570b9edeb857 6ba2e1fec5004914a6096f609ffcdc1e 071ce8ded5524f468ffb900422794d9f - - default default] Successfully bumped revision number for resource 3fd9d272-1c72-46f1-a7d9-79362b0341d4 (type: security_group_rules) to 0
2026-05-09 18:04:08.368 9 INFO neutron.db.ovn_revision_numbers_db [None req-6da4b187-f26a-4693-ba57-570b9edeb857 6ba2e1fec5004914a6096f609ffcdc1e 071ce8ded5524f468ffb900422794d9f - - default default] Successfully bumped revision number for resource c14c6cb3-a712-48b0-8deb-950fc69c3fa6 (type: security_group_rules) to 0
2026-05-09 18:04:08.387 9 INFO neutron.wsgi [None req-6da4b187-f26a-4693-ba57-570b9edeb857 6ba2e1fec5004914a6096f609ffcdc1e 071ce8ded5524f468ffb900422794d9f - - default default] 10.0.0.133 "POST /v2.0/security-groups HTTP/1.1" status: 201 len: 1860 time: 0.2117414
2026-05-09 18:04:08.398 9 WARNING neutron_lib.context [None req-6af51c94-d56c-4d48-821a-94f8e18e55bb 6ba2e1fec5004914a6096f609ffcdc1e 071ce8ded5524f468ffb900422794d9f - - default default] Method 'is_advsvc' is deprecated since 2023.2 release (neutron-lib 3.8.0) and will be removed once support for the old RBAC API policies will be removed from Neutron. Please use method 'is_service_role' instead.
2026-05-09 18:04:08.426 10 INFO neutron.db.ovn_revision_numbers_db [None req-54ed5cd4-35db-48dc-9541-fb32d1f95c00 - - - - - -] Successfully bumped revision number for resource d4145e0f-de78-48c8-8c89-c66ae82b1e5e (type: ports) to 4
2026-05-09 18:04:08.528 9 INFO neutron.db.ovn_revision_numbers_db [None req-6af51c94-d56c-4d48-821a-94f8e18e55bb 6ba2e1fec5004914a6096f609ffcdc1e 071ce8ded5524f468ffb900422794d9f - - default default] Successfully bumped revision number for resource 31430487-21a8-4cb0-a333-e8fce35b8035 (type: security_group_rules) to 0
2026-05-09 18:04:08.533 10 INFO neutron.db.ovn_revision_numbers_db [None req-a850ca9e-322b-40b9-b2ae-a04d5e93768d - - - - - -] Successfully bumped revision number for resource 73afdb0e-80d9-4ec8-a58a-6ff74c6b8393 (type: ports) to 2
2026-05-09 18:04:08.572 9 INFO neutron.wsgi [None req-6af51c94-d56c-4d48-821a-94f8e18e55bb 6ba2e1fec5004914a6096f609ffcdc1e 071ce8ded5524f468ffb900422794d9f - - default default] 10.0.0.133 "POST /v2.0/security-group-rules HTTP/1.1" status: 201 len: 796 time: 0.1781805
2026-05-09 18:04:08.582 9 WARNING neutron_lib.context [None req-6f6ddb4a-bf79-426c-8fca-2f53e3a1b21f 6ba2e1fec5004914a6096f609ffcdc1e 071ce8ded5524f468ffb900422794d9f - - default default] Method 'is_advsvc' is deprecated since 2023.2 release (neutron-lib 3.8.0) and will be removed once support for the old RBAC API policies will be removed from Neutron. Please use method 'is_service_role' instead.
2026-05-09 18:04:08.721 9 INFO neutron.db.ovn_revision_numbers_db [None req-6f6ddb4a-bf79-426c-8fca-2f53e3a1b21f 6ba2e1fec5004914a6096f609ffcdc1e 071ce8ded5524f468ffb900422794d9f - - default default] Successfully bumped revision number for resource 1510d561-473e-4e54-8f89-335f01c86273 (type: security_group_rules) to 0
2026-05-09 18:04:08.752 9 INFO neutron.wsgi [None req-6f6ddb4a-bf79-426c-8fca-2f53e3a1b21f 6ba2e1fec5004914a6096f609ffcdc1e 071ce8ded5524f468ffb900422794d9f - - default default] 10.0.0.133 "POST /v2.0/security-group-rules HTTP/1.1" status: 201 len: 801 time: 0.1750765
2026-05-09 18:04:08.769 9 WARNING neutron_lib.context [None req-51bba721-56d5-472b-ab6d-affec0ed8c63 6ba2e1fec5004914a6096f609ffcdc1e 071ce8ded5524f468ffb900422794d9f - - default default] Method 'is_advsvc' is deprecated since 2023.2 release (neutron-lib 3.8.0) and will be removed once support for the old RBAC API policies will be removed from Neutron. Please use method 'is_service_role' instead.
2026-05-09 18:04:08.962 10 INFO neutron.db.ovn_revision_numbers_db [None req-a850ca9e-322b-40b9-b2ae-a04d5e93768d - - - - - -] Successfully bumped revision number for resource 73afdb0e-80d9-4ec8-a58a-6ff74c6b8393 (type: router_ports) to 2
2026-05-09 18:04:09.033 9 WARNING neutron.scheduler.dhcp_agent_scheduler [None req-51bba721-56d5-472b-ab6d-affec0ed8c63 6ba2e1fec5004914a6096f609ffcdc1e 071ce8ded5524f468ffb900422794d9f - - default default] No more DHCP agents
2026-05-09 18:04:09.036 9 WARNING neutron.api.rpc.agentnotifiers.dhcp_rpc_agent_api [None req-51bba721-56d5-472b-ab6d-affec0ed8c63 6ba2e1fec5004914a6096f609ffcdc1e 071ce8ded5524f468ffb900422794d9f - - default default] Unable to schedule network 08539ba2-fb25-4466-881c-5e4218d9c7d2: no agents available; will retry on subsequent port and subnet creation events.
