2026-05-09 18:08:07.153 9 INFO neutron.db.ovn_revision_numbers_db [None req-92ca9d30-b5f6-46a0-83a6-a6bebe0da3ef - - - - - -] Successfully bumped revision number for resource e2616093-0f2a-466f-84b6-51eabb6e1937 (type: router_ports) to 2
2026-05-09 18:08:07.798 10 WARNING neutron.scheduler.dhcp_agent_scheduler [None req-47a4f701-0635-467a-963e-132b3432fe69 991ebf526bca475cb8874d6187b8d65f 1d5b65bd15204fe0a6dd25a903c97672 - - default default] No more DHCP agents
2026-05-09 18:08:07.800 10 WARNING neutron.api.rpc.agentnotifiers.dhcp_rpc_agent_api [None req-47a4f701-0635-467a-963e-132b3432fe69 991ebf526bca475cb8874d6187b8d65f 1d5b65bd15204fe0a6dd25a903c97672 - - default default] Unable to schedule network 7f0ca07a-fc6a-49ce-98c0-9101fc33b224: no agents available; will retry on subsequent port and subnet creation events.
2026-05-09 18:08:07.885 9 INFO neutron.db.ovn_revision_numbers_db [None req-3c38dd19-588f-4bc6-b60a-caa52f25be5d b0c879c99dad44d09219c314d35f57e4 a5452024624c4173a9384ae077addd82 - - default default] Successfully bumped revision number for resource 4f44db8d-97a3-47a7-bc47-05bb86d49934 (type: security_groups) to 1
2026-05-09 18:08:07.898 9 INFO neutron.db.ovn_revision_numbers_db [None req-3c38dd19-588f-4bc6-b60a-caa52f25be5d b0c879c99dad44d09219c314d35f57e4 a5452024624c4173a9384ae077addd82 - - default default] Successfully bumped revision number for resource 11846057-cea6-41c6-8d9d-9303ef8e201b (type: security_group_rules) to 0
2026-05-09 18:08:07.911 9 INFO neutron.db.ovn_revision_numbers_db [None req-3c38dd19-588f-4bc6-b60a-caa52f25be5d b0c879c99dad44d09219c314d35f57e4 a5452024624c4173a9384ae077addd82 - - default default] Successfully bumped revision number for resource 4190a09b-67d4-4fd4-885e-69583551c51e (type: security_group_rules) to 0
2026-05-09 18:08:07.925 9 INFO neutron.db.ovn_revision_numbers_db [None req-3c38dd19-588f-4bc6-b60a-caa52f25be5d b0c879c99dad44d09219c314d35f57e4 a5452024624c4173a9384ae077addd82 - - default default] Successfully bumped revision number for resource 654939ee-b1e6-4534-aba1-1673a80b15ab (type: security_group_rules) to 0
2026-05-09 18:08:07.943 9 INFO neutron.db.ovn_revision_numbers_db [None req-3c38dd19-588f-4bc6-b60a-caa52f25be5d b0c879c99dad44d09219c314d35f57e4 a5452024624c4173a9384ae077addd82 - - default default] Successfully bumped revision number for resource e38efbe0-d409-46fa-be82-283d95045175 (type: security_group_rules) to 0
2026-05-09 18:08:07.960 9 INFO neutron.wsgi [None req-3c38dd19-588f-4bc6-b60a-caa52f25be5d b0c879c99dad44d09219c314d35f57e4 a5452024624c4173a9384ae077addd82 - - default default] 10.0.0.133 "GET /v2.0/security-groups?tenant_id=843644b1b5e04416866ba7e94d1d526f&name=default HTTP/1.1" status: 200 len: 3123 time: 0.3559639
2026-05-09 18:08:07.983 10 INFO neutron.db.ovn_revision_numbers_db [None req-47a4f701-0635-467a-963e-132b3432fe69 991ebf526bca475cb8874d6187b8d65f 1d5b65bd15204fe0a6dd25a903c97672 - - default default] Successfully bumped revision number for resource 117359bc-d714-4ee7-80fb-3dcca8952425 (type: ports) to 1
2026-05-09 18:08:08.248 10 INFO neutron.wsgi [None req-580d3fcb-9767-41c8-ba6c-b049e6bd4706 b0c879c99dad44d09219c314d35f57e4 a5452024624c4173a9384ae077addd82 - - default default] 10.0.0.133 "DELETE /v2.0/security-groups/4f44db8d-97a3-47a7-bc47-05bb86d49934 HTTP/1.1" status: 204 len: 168 time: 0.2812810
2026-05-09 18:08:08.379 9 INFO neutron.wsgi [None req-29af36f0-f87a-4cc6-995c-8d76ba986332 b0c879c99dad44d09219c314d35f57e4 a5452024624c4173a9384ae077addd82 - - default default] 10.0.0.133 "GET /v2.0/security-groups?tenant_id=fec44c1e77604dcfbd10fa89f21ea373&name=default HTTP/1.1" status: 200 len: 3120 time: 0.0326951
2026-05-09 18:08:08.598 9 INFO neutron.wsgi [None req-384be2d2-d1f3-4618-b82a-2b48b079c982 b0c879c99dad44d09219c314d35f57e4 a5452024624c4173a9384ae077addd82 - - default default] 10.0.0.133 "DELETE /v2.0/security-groups/dc38c2eb-d35a-495b-aef2-40f01bb8e479 HTTP/1.1" status: 204 len: 168 time: 0.2145941
2026-05-09 18:08:08.617 9 INFO neutron.services.segments.plugin [-] Segment ba6405bb-eae3-4d28-9ad3-7ef696ab6888 resource provider aggregate not found
2026-05-09 18:08:08.636 9 INFO neutron.services.segments.plugin [-] Segment ba6405bb-eae3-4d28-9ad3-7ef696ab6888 resource provider not found; error: Placement Client Error (4xx): {"errors": [{"status": 404, "title": "Not Found", "detail": "The resource could not be found.\n\n No resource provider with uuid ba6405bb-eae3-4d28-9ad3-7ef696ab6888 found for delete ", "request_id": "req-1daa8f99-ee58-415a-be17-46d92e8d0cef"}]}
2026-05-09 18:08:08.636 9 INFO neutron.services.segments.plugin [-] Segment ba6405bb-eae3-4d28-9ad3-7ef696ab6888 resource provider aggregate not found
2026-05-09 18:08:08.642 10 ERROR ovsdbapp.backend.ovs_idl.command [None req-47a4f701-0635-467a-963e-132b3432fe69 991ebf526bca475cb8874d6187b8d65f 1d5b65bd15204fe0a6dd25a903c97672 - - default default] Error executing command (DbGetCommand): ovsdbapp.backend.ovs_idl.idlutils.RowNotFound: Cannot find Logical_Router_Port with name=lrp-117359bc-d714-4ee7-80fb-3dcca8952425
2026-05-09 18:08:08.642 10 ERROR ovsdbapp.backend.ovs_idl.command
Traceback (most recent call last):
2026-05-09 18:08:08.642 10 ERROR ovsdbapp.backend.ovs_idl.command
File "/var/lib/openstack/lib/python3.10/site-packages/ovsdbapp/backend/ovs_idl/command.py", line 47, in execute
2026-05-09 18:08:08.642 10 ERROR ovsdbapp.backend.ovs_idl.command self.run_idl(None)
2026-05-09 18:08:08.642 10 ERROR ovsdbapp.backend.ovs_idl.command
File "/var/lib/openstack/lib/python3.10/site-packages/ovsdbapp/backend/ovs_idl/command.py", line 235, in run_idl
2026-05-09 18:08:08.642 10 ERROR ovsdbapp.backend.ovs_idl.command record = self.api.lookup(self.table, self.record)
2026-05-09 18:08:08.642 10 ERROR ovsdbapp.backend.ovs_idl.command
File "/var/lib/openstack/lib/python3.10/site-packages/ovsdbapp/backend/ovs_idl/__init__.py", line 184, in lookup
2026-05-09 18:08:08.642 10 ERROR ovsdbapp.backend.ovs_idl.command return self._lookup(table, record)
2026-05-09 18:08:08.642 10 ERROR ovsdbapp.backend.ovs_idl.command
File "/var/lib/openstack/lib/python3.10/site-packages/ovsdbapp/backend/ovs_idl/__init__.py", line 235, in _lookup
2026-05-09 18:08:08.642 10 ERROR ovsdbapp.backend.ovs_idl.command row = idlutils.row_by_value(self, rl.table, rl.column, record)
2026-05-09 18:08:08.642 10 ERROR ovsdbapp.backend.ovs_idl.command
File "/var/lib/openstack/lib/python3.10/site-packages/ovsdbapp/backend/ovs_idl/idlutils.py", line 114, in row_by_value
2026-05-09 18:08:08.642 10 ERROR ovsdbapp.backend.ovs_idl.command raise RowNotFound(table=table, col=column, match=match)
2026-05-09 18:08:08.642 10 ERROR ovsdbapp.backend.ovs_idl.command ovsdbapp.backend.ovs_idl.idlutils.RowNotFound: Cannot find Logical_Router_Port with name=lrp-117359bc-d714-4ee7-80fb-3dcca8952425
2026-05-09 18:08:08.642 10 ERROR ovsdbapp.backend.ovs_idl.command 
2026-05-09 18:08:08.643 10 ERROR neutron_lib.callbacks.manager [None req-47a4f701-0635-467a-963e-132b3432fe69 991ebf526bca475cb8874d6187b8d65f 1d5b65bd15204fe0a6dd25a903c97672 - - default default] Error during notification for neutron.services.ovn_l3.plugin.OVNL3RouterPlugin._port_update-8794724286182 port, after_update: ovsdbapp.backend.ovs_idl.idlutils.RowNotFound: Cannot find Logical_Router_Port with name=lrp-117359bc-d714-4ee7-80fb-3dcca8952425
2026-05-09 18:08:08.643 10 ERROR neutron_lib.callbacks.manager
Traceback (most recent call last):
2026-05-09 18:08:08.643 10 ERROR neutron_lib.callbacks.manager
File "/var/lib/openstack/lib/python3.10/site-packages/neutron_lib/callbacks/manager.py", line 189, in _notify_loop
2026-05-09 18:08:08.643 10 ERROR neutron_lib.callbacks.manager callback.method(resource, event, trigger, payload=payload)
2026-05-09 18:08:08.643 10 ERROR neutron_lib.callbacks.manager
File "/var/lib/openstack/lib/python3.10/site-packages/neutron/services/ovn_l3/plugin.py", line 391, in _port_update
2026-05-09 18:08:08.643 10 ERROR neutron_lib.callbacks.manager l3plugin._ovn_client.update_router_port(context,
2026-05-09 18:08:08.643 10 ERROR neutron_lib.callbacks.manager
File "/var/lib/openstack/lib/python3.10/site-packages/neutron/plugins/ml2/drivers/ovn/mech_driver/ovsdb/ovn_client.py", line 1878, in update_router_port
2026-05-09 18:08:08.643 10 ERROR neutron_lib.callbacks.manager self._update_lrouter_port(context, port, if_exists=if_exists,
2026-05-09 18:08:08.643 10 ERROR neutron_lib.callbacks.manager
File "/var/lib/openstack/lib/python3.10/site-packages/neutron/plugins/ml2/drivers/ovn/mech_driver/ovsdb/ovn_client.py", line 1855, in _update_lrouter_port
2026-05-09 18:08:08.643 10 ERROR neutron_lib.callbacks.manager external_ids = self._nb_idl.db_get(
2026-05-09 18:08:08.643 10 ERROR neutron_lib.callbacks.manager
File "/var/lib/openstack/lib/python3.10/site-packages/ovsdbapp/backend/ovs_idl/command.py", line 47, in execute
2026-05-09 18:08:08.643 10 ERROR neutron_lib.callbacks.manager self.run_idl(None)
2026-05-09 18:08:08.643 10 ERROR neutron_lib.callbacks.manager
File "/var/lib/openstack/lib/python3.10/site-packages/ovsdbapp/backend/ovs_idl/command.py", line 235, in run_idl
2026-05-09 18:08:08.643 10 ERROR neutron_lib.callbacks.manager record = self.api.lookup(self.table, self.record)
2026-05-09 18:08:08.643 10 ERROR neutron_lib.callbacks.manager
File "/var/lib/openstack/lib/python3.10/site-packages/ovsdbapp/backend/ovs_idl/__init__.py", line 184, in lookup
2026-05-09 18:08:08.643 10 ERROR neutron_lib.callbacks.manager return self._lookup(table, record)
2026-05-09 18:08:08.643 10 ERROR neutron_lib.callbacks.manager
File "/var/lib/openstack/lib/python3.10/site-packages/ovsdbapp/backend/ovs_idl/__init__.py", line 235, in _lookup
2026-05-09 18:08:08.643 10 ERROR neutron_lib.callbacks.manager row = idlutils.row_by_value(self, rl.table, rl.column, record)
2026-05-09 18:08:08.643 10 ERROR neutron_lib.callbacks.manager
File "/var/lib/openstack/lib/python3.10/site-packages/ovsdbapp/backend/ovs_idl/idlutils.py", line 114, in row_by_value
2026-05-09 18:08:08.643 10 ERROR neutron_lib.callbacks.manager raise RowNotFound(table=table, col=column, match=match)
2026-05-09 18:08:08.643 10 ERROR neutron_lib.callbacks.manager ovsdbapp.backend.ovs_idl.idlutils.RowNotFound: Cannot find Logical_Router_Port with name=lrp-117359bc-d714-4ee7-80fb-3dcca8952425
2026-05-09 18:08:08.643 10 ERROR neutron_lib.callbacks.manager 
2026-05-09 18:08:08.653 9 INFO neutron.services.segments.plugin [-] Segment ba6405bb-eae3-4d28-9ad3-7ef696ab6888 resource provider not found; error: Placement Client Error (4xx): {"errors": [{"status": 404, "title": "Not Found", "detail": "The resource could not be found.\n\n No resource provider with uuid ba6405bb-eae3-4d28-9ad3-7ef696ab6888 found for delete ", "request_id": "req-3e6f9811-8164-4d44-acd9-32a0ec609ea6"}]}
2026-05-09 18:08:08.873 10 INFO neutron.plugins.ml2.drivers.ovn.mech_driver.mech_driver [None req-a850ca9e-322b-40b9-b2ae-a04d5e93768d - - - - - -] OVN reports status up for port: 117359bc-d714-4ee7-80fb-3dcca8952425
2026-05-09 18:08:08.897 10 INFO neutron.plugins.ml2.plugin [None req-a850ca9e-322b-40b9-b2ae-a04d5e93768d - - - - - -] Attempt 1 to provision port 117359bc-d714-4ee7-80fb-3dcca8952425
2026-05-09 18:08:08.924 10 INFO neutron.db.ovn_revision_numbers_db [None req-47a4f701-0635-467a-963e-132b3432fe69 991ebf526bca475cb8874d6187b8d65f 1d5b65bd15204fe0a6dd25a903c97672 - - default default] Successfully bumped revision number for resource 117359bc-d714-4ee7-80fb-3dcca8952425 (type: ports) to 1
2026-05-09 18:08:08.941 10 INFO neutron.db.ovn_revision_numbers_db [None req-74f05ff8-e710-4886-87fa-a0351ec7ddc1 b0c879c99dad44d09219c314d35f57e4 a5452024624c4173a9384ae077addd82 - - default default] Successfully bumped revision number for resource a7552c82-5430-49f7-b80c-e73def3d3478 (type: security_groups) to 1
2026-05-09 18:08:08.969 10 INFO neutron.db.ovn_revision_numbers_db [None req-74f05ff8-e710-4886-87fa-a0351ec7ddc1 b0c879c99dad44d09219c314d35f57e4 a5452024624c4173a9384ae077addd82 - - default default] Successfully bumped revision number for resource 38ab6d5e-f844-4397-9e5e-3f4ada109427 (type: security_group_rules) to 0
2026-05-09 18:08:08.995 10 INFO neutron.db.ovn_revision_numbers_db [None req-74f05ff8-e710-4886-87fa-a0351ec7ddc1 b0c879c99dad44d09219c314d35f57e4 a5452024624c4173a9384ae077addd82 - - default default] Successfully bumped revision number for resource 619fb3ee-8686-42fb-aaab-edbbff511094 (type: security_group_rules) to 0
2026-05-09 18:08:09.016 10 INFO neutron.db.ovn_revision_numbers_db [None req-74f05ff8-e710-4886-87fa-a0351ec7ddc1 b0c879c99dad44d09219c314d35f57e4 a5452024624c4173a9384ae077addd82 - - default default] Successfully bumped revision number for resource 86be0597-ad3f-42d2-a934-bedb64f28121 (type: security_group_rules) to 0
2026-05-09 18:08:09.026 10 WARNING neutron.scheduler.dhcp_agent_scheduler [None req-47a4f701-0635-467a-963e-132b3432fe69 991ebf526bca475cb8874d6187b8d65f 1d5b65bd15204fe0a6dd25a903c97672 - - default default] No more DHCP agents
2026-05-09 18:08:09.029 10 WARNING neutron.api.rpc.agentnotifiers.dhcp_rpc_agent_api [None req-47a4f701-0635-467a-963e-132b3432fe69 991ebf526bca475cb8874d6187b8d65f 1d5b65bd15204fe0a6dd25a903c97672 - - default default] Unable to schedule network 7f0ca07a-fc6a-49ce-98c0-9101fc33b224: no agents available; will retry on subsequent port and subnet creation events.
2026-05-09 18:08:09.044 10 INFO neutron.db.ovn_revision_numbers_db [None req-74f05ff8-e710-4886-87fa-a0351ec7ddc1 b0c879c99dad44d09219c314d35f57e4 a5452024624c4173a9384ae077addd82 - - default default] Successfully bumped revision number for resource 9b30e0b6-a411-4173-938e-15493e35f7c1 (type: security_group_rules) to 0
2026-05-09 18:08:09.083 10 INFO neutron.wsgi [None req-74f05ff8-e710-4886-87fa-a0351ec7ddc1 b0c879c99dad44d09219c314d35f57e4 a5452024624c4173a9384ae077addd82 - - default default] 10.0.0.133 "GET /v2.0/security-groups?tenant_id=7b3ba605de464243b73a1d92fc54d374&name=default HTTP/1.1" status: 200 len: 3124 time: 0.3360307
2026-05-09 18:08:09.309 9 INFO neutron.wsgi [None req-74e6533b-4060-4fc0-b7c1-8c21973b55f2 b0c879c99dad44d09219c314d35f57e4 a5452024624c4173a9384ae077addd82 - - default default] 10.0.0.133 "DELETE /v2.0/security-groups/a7552c82-5430-49f7-b80c-e73def3d3478 HTTP/1.1" status: 204 len: 168 time: 0.2198536
2026-05-09 18:08:09.445 10 INFO neutron.db.ovn_revision_numbers_db [None req-a850ca9e-322b-40b9-b2ae-a04d5e93768d - - - - - -] Successfully bumped revision number for resource 117359bc-d714-4ee7-80fb-3dcca8952425 (type: ports) to 2
2026-05-09 18:08:09.473 10 INFO neutron.db.ovn_revision_numbers_db [None req-47a4f701-0635-467a-963e-132b3432fe69 991ebf526bca475cb8874d6187b8d65f 1d5b65bd15204fe0a6dd25a903c97672 - - default default] Successfully bumped revision number for resource 117359bc-d714-4ee7-80fb-3dcca8952425 (type: router_ports) to 1
2026-05-09 18:08:09.479 10 INFO neutron.wsgi [None req-47a4f701-0635-467a-963e-132b3432fe69 991ebf526bca475cb8874d6187b8d65f 1d5b65bd15204fe0a6dd25a903c97672 - - default default] 10.0.0.133 "PUT /v2.0/routers/bb367a9f-9448-4dac-a438-40eb0142602c/add_router_interface HTTP/1.1" status: 200 len: 503 time: 2.4533005
2026-05-09 18:08:09.570 10 INFO neutron.db.ovn_revision_numbers_db [None req-a850ca9e-322b-40b9-b2ae-a04d5e93768d - - - - - -] Successfully bumped revision number for resource 117359bc-d714-4ee7-80fb-3dcca8952425 (type: router_ports) to 2
2026-05-09 18:08:10.391 9 WARNING neutron.scheduler.dhcp_agent_scheduler [None req-8aaa22c3-ae5f-46fa-a2f7-6d28cd5a8b61 991ebf526bca475cb8874d6187b8d65f 1d5b65bd15204fe0a6dd25a903c97672 - - default default] No more DHCP agents
2026-05-09 18:08:10.392 9 WARNING neutron.api.rpc.agentnotifiers.dhcp_rpc_agent_api [None req-8aaa22c3-ae5f-46fa-a2f7-6d28cd5a8b61 991ebf526bca475cb8874d6187b8d65f 1d5b65bd15204fe0a6dd25a903c97672 - - default default] Unable to schedule network 4a9164bc-7b85-4edf-8e58-ec3201d939f8: no agents available; will retry on subsequent port and subnet creation events.
2026-05-09 18:08:10.569 9 INFO neutron.db.ovn_revision_numbers_db [None req-8aaa22c3-ae5f-46fa-a2f7-6d28cd5a8b61 991ebf526bca475cb8874d6187b8d65f 1d5b65bd15204fe0a6dd25a903c97672 - - default default] Successfully bumped revision number for resource 6c4033be-045d-42e1-b6da-dc4ca289ff50 (type: ports) to 1
2026-05-09 18:08:11.261 9 ERROR ovsdbapp.backend.ovs_idl.command [None req-8aaa22c3-ae5f-46fa-a2f7-6d28cd5a8b61 991ebf526bca475cb8874d6187b8d65f 1d5b65bd15204fe0a6dd25a903c97672 - - default default] Error executing command (DbGetCommand): ovsdbapp.backend.ovs_idl.idlutils.RowNotFound: Cannot find Logical_Router_Port with name=lrp-6c4033be-045d-42e1-b6da-dc4ca289ff50
2026-05-09 18:08:11.261 9 ERROR ovsdbapp.backend.ovs_idl.command
Traceback (most recent call last):
2026-05-09 18:08:11.261 9 ERROR ovsdbapp.backend.ovs_idl.command
File "/var/lib/openstack/lib/python3.10/site-packages/ovsdbapp/backend/ovs_idl/command.py", line 47, in execute
2026-05-09 18:08:11.261 9 ERROR ovsdbapp.backend.ovs_idl.command self.run_idl(None)
2026-05-09 18:08:11.261 9 ERROR ovsdbapp.backend.ovs_idl.command
File "/var/lib/openstack/lib/python3.10/site-packages/ovsdbapp/backend/ovs_idl/command.py", line 235, in run_idl
2026-05-09 18:08:11.261 9 ERROR ovsdbapp.backend.ovs_idl.command record = self.api.lookup(self.table, self.record)
2026-05-09 18:08:11.261 9 ERROR ovsdbapp.backend.ovs_idl.command
File "/var/lib/openstack/lib/python3.10/site-packages/ovsdbapp/backend/ovs_idl/__init__.py", line 184, in lookup
2026-05-09 18:08:11.261 9 ERROR ovsdbapp.backend.ovs_idl.command return self._lookup(table, record)
2026-05-09 18:08:11.261 9 ERROR ovsdbapp.backend.ovs_idl.command
File "/var/lib/openstack/lib/python3.10/site-packages/ovsdbapp/backend/ovs_idl/__init__.py", line 235, in _lookup
2026-05-09 18:08:11.261 9 ERROR ovsdbapp.backend.ovs_idl.command row = idlutils.row_by_value(self, rl.table, rl.column, record)
2026-05-09 18:08:11.261 9 ERROR ovsdbapp.backend.ovs_idl.command
File "/var/lib/openstack/lib/python3.10/site-packages/ovsdbapp/backend/ovs_idl/idlutils.py", line 114, in row_by_value
2026-05-09 18:08:11.261 9 ERROR ovsdbapp.backend.ovs_idl.command raise RowNotFound(table=table, col=column, match=match)
2026-05-09 18:08:11.261 9 ERROR ovsdbapp.backend.ovs_idl.command ovsdbapp.backend.ovs_idl.idlutils.RowNotFound: Cannot find Logical_Router_Port with name=lrp-6c4033be-045d-42e1-b6da-dc4ca289ff50
2026-05-09 18:08:11.261 9 ERROR ovsdbapp.backend.ovs_idl.command 
2026-05-09 18:08:11.262 9 ERROR neutron_lib.callbacks.manager [None req-8aaa22c3-ae5f-46fa-a2f7-6d28cd5a8b61 991ebf526bca475cb8874d6187b8d65f 1d5b65bd15204fe0a6dd25a903c97672 - - default default] Error during notification for neutron.services.ovn_l3.plugin.OVNL3RouterPlugin._port_update-8794724286182 port, after_update: ovsdbapp.backend.ovs_idl.idlutils.RowNotFound: Cannot find Logical_Router_Port with name=lrp-6c4033be-045d-42e1-b6da-dc4ca289ff50
2026-05-09 18:08:11.262 9 ERROR neutron_lib.callbacks.manager
Traceback (most recent call last):
2026-05-09 18:08:11.262 9 ERROR neutron_lib.callbacks.manager
File "/var/lib/openstack/lib/python3.10/site-packages/neutron_lib/callbacks/manager.py", line 189, in _notify_loop
2026-05-09 18:08:11.262 9 ERROR neutron_lib.callbacks.manager callback.method(resource, event, trigger, payload=payload)
2026-05-09 18:08:11.262 9 ERROR neutron_lib.callbacks.manager
File "/var/lib/openstack/lib/python3.10/site-packages/neutron/services/ovn_l3/plugin.py", line 391, in _port_update
2026-05-09 18:08:11.262 9 ERROR neutron_lib.callbacks.manager l3plugin._ovn_client.update_router_port(context,
2026-05-09 18:08:11.262 9 ERROR neutron_lib.callbacks.manager
File "/var/lib/openstack/lib/python3.10/site-packages/neutron/plugins/ml2/drivers/ovn/mech_driver/ovsdb/ovn_client.py", line 1878, in update_router_port
2026-05-09 18:08:11.262 9 ERROR neutron_lib.callbacks.manager self._update_lrouter_port(context, port, if_exists=if_exists,
2026-05-09 18:08:11.262 9 ERROR neutron_lib.callbacks.manager
File "/var/lib/openstack/lib/python3.10/site-packages/neutron/plugins/ml2/drivers/ovn/mech_driver/ovsdb/ovn_client.py", line 1855, in _update_lrouter_port
2026-05-09 18:08:11.262 9 ERROR neutron_lib.callbacks.manager external_ids = self._nb_idl.db_get(
2026-05-09 18:08:11.262 9 ERROR neutron_lib.callbacks.manager
File "/var/lib/openstack/lib/python3.10/site-packages/ovsdbapp/backend/ovs_idl/command.py", line 47, in execute
2026-05-09 18:08:11.262 9 ERROR neutron_lib.callbacks.manager self.run_idl(None)
2026-05-09 18:08:11.262 9 ERROR neutron_lib.callbacks.manager
File "/var/lib/openstack/lib/python3.10/site-packages/ovsdbapp/backend/ovs_idl/command.py", line 235, in run_idl
2026-05-09 18:08:11.262 9 ERROR neutron_lib.callbacks.manager record = self.api.lookup(self.table, self.record)
2026-05-09 18:08:11.262 9 ERROR neutron_lib.callbacks.manager
File "/var/lib/openstack/lib/python3.10/site-packages/ovsdbapp/backend/ovs_idl/__init__.py", line 184, in lookup
2026-05-09 18:08:11.262 9 ERROR neutron_lib.callbacks.manager return self._lookup(table, record)
2026-05-09 18:08:11.262 9 ERROR neutron_lib.callbacks.manager
File "/var/lib/openstack/lib/python3.10/site-packages/ovsdbapp/backend/ovs_idl/__init__.py", line 235, in _lookup
2026-05-09 18:08:11.262 9 ERROR neutron_lib.callbacks.manager row = idlutils.row_by_value(self, rl.table, rl.column, record)
2026-05-09 18:08:11.262 9 ERROR neutron_lib.callbacks.manager
File "/var/lib/openstack/lib/python3.10/site-packages/ovsdbapp/backend/ovs_idl/idlutils.py", line 114, in row_by_value
2026-05-09 18:08:11.262 9 ERROR neutron_lib.callbacks.manager raise RowNotFound(table=table, col=column, match=match)
2026-05-09 18:08:11.262 9 ERROR neutron_lib.callbacks.manager ovsdbapp.backend.ovs_idl.idlutils.RowNotFound: Cannot find Logical_Router_Port with name=lrp-6c4033be-045d-42e1-b6da-dc4ca289ff50
2026-05-09 18:08:11.262 9 ERROR neutron_lib.callbacks.manager 
2026-05-09 18:08:11.727 9 WARNING neutron.plugins.ml2.drivers.ovn.mech_driver.ovsdb.ovn_client [None req-92ca9d30-b5f6-46a0-83a6-a6bebe0da3ef - - - - - -] No hosting information found for port e2616093-0f2a-466f-84b6-51eabb6e1937: RuntimeError: No hosting information found for port e2616093-0f2a-466f-84b6-51eabb6e1937
2026-05-09 18:08:11.727 9 INFO neutron.plugins.ml2.drivers.ovn.mech_driver.mech_driver [None req-92ca9d30-b5f6-46a0-83a6-a6bebe0da3ef - - - - - -] OVN reports status up for port: 6c4033be-045d-42e1-b6da-dc4ca289ff50
2026-05-09 18:08:11.737 9 INFO neutron.plugins.ml2.plugin [None req-92ca9d30-b5f6-46a0-83a6-a6bebe0da3ef - - - - - -] Attempt 1 to provision port 6c4033be-045d-42e1-b6da-dc4ca289ff50
2026-05-09 18:08:11.742 9 INFO neutron.db.ovn_revision_numbers_db [None req-8aaa22c3-ae5f-46fa-a2f7-6d28cd5a8b61 991ebf526bca475cb8874d6187b8d65f 1d5b65bd15204fe0a6dd25a903c97672 - - default default] Successfully bumped revision number for resource 6c4033be-045d-42e1-b6da-dc4ca289ff50 (type: ports) to 1
2026-05-09 18:08:11.836 9 WARNING neutron.scheduler.dhcp_agent_scheduler [None req-8aaa22c3-ae5f-46fa-a2f7-6d28cd5a8b61 991ebf526bca475cb8874d6187b8d65f 1d5b65bd15204fe0a6dd25a903c97672 - - default default] No more DHCP agents
2026-05-09 18:08:11.838 9 WARNING neutron.api.rpc.agentnotifiers.dhcp_rpc_agent_api [None req-8aaa22c3-ae5f-46fa-a2f7-6d28cd5a8b61 991ebf526bca475cb8874d6187b8d65f 1d5b65bd15204fe0a6dd25a903c97672 - - default default] Unable to schedule network 4a9164bc-7b85-4edf-8e58-ec3201d939f8: no agents available; will retry on subsequent port and subnet creation events.
2026-05-09 18:08:12.303 9 INFO neutron.db.ovn_revision_numbers_db [None req-8aaa22c3-ae5f-46fa-a2f7-6d28cd5a8b61 991ebf526bca475cb8874d6187b8d65f 1d5b65bd15204fe0a6dd25a903c97672 - - default default] Successfully bumped revision number for resource 6c4033be-045d-42e1-b6da-dc4ca289ff50 (type: router_ports) to 1
2026-05-09 18:08:12.308 9 INFO neutron.wsgi [None req-8aaa22c3-ae5f-46fa-a2f7-6d28cd5a8b61 991ebf526bca475cb8874d6187b8d65f 1d5b65bd15204fe0a6dd25a903c97672 - - default default] 10.0.0.133 "PUT /v2.0/routers/bb367a9f-9448-4dac-a438-40eb0142602c/add_router_interface HTTP/1.1" status: 200 len: 503 time: 2.8222463
2026-05-09 18:08:12.338 9 INFO neutron.db.ovn_revision_numbers_db [None req-92ca9d30-b5f6-46a0-83a6-a6bebe0da3ef - - - - - -] Successfully bumped revision number for resource 6c4033be-045d-42e1-b6da-dc4ca289ff50 (type: ports) to 2
2026-05-09 18:08:12.367 10 WARNING neutron_lib.context [None req-7a72db8f-9ee3-49d9-8383-41bad92be9aa 991ebf526bca475cb8874d6187b8d65f 1d5b65bd15204fe0a6dd25a903c97672 - - default default] Method 'is_advsvc' is deprecated since 2023.2 release (neutron-lib 3.8.0) and will be removed once support for the old RBAC API policies will be removed from Neutron. Please use method 'is_service_role' instead.
2026-05-09 18:08:12.477 9 INFO neutron.db.ovn_revision_numbers_db [None req-92ca9d30-b5f6-46a0-83a6-a6bebe0da3ef - - - - - -] Successfully bumped revision number for resource 6c4033be-045d-42e1-b6da-dc4ca289ff50 (type: router_ports) to 2
2026-05-09 18:08:12.712 10 INFO neutron.db.ovn_revision_numbers_db [None req-7a72db8f-9ee3-49d9-8383-41bad92be9aa 991ebf526bca475cb8874d6187b8d65f 1d5b65bd15204fe0a6dd25a903c97672 - - default default] Successfully bumped revision number for resource bebdd797-3bc2-47ba-ad00-a87ed9f3b82b (type: security_groups) to 1
2026-05-09 18:08:12.723 10 INFO neutron.db.ovn_revision_numbers_db [None req-7a72db8f-9ee3-49d9-8383-41bad92be9aa 991ebf526bca475cb8874d6187b8d65f 1d5b65bd15204fe0a6dd25a903c97672 - - default default] Successfully bumped revision number for resource 20c76242-50e5-4dcb-9738-fc6b155bed54 (type: security_group_rules) to 0
2026-05-09 18:08:12.735 10 INFO neutron.db.ovn_revision_numbers_db [None req-7a72db8f-9ee3-49d9-8383-41bad92be9aa 991ebf526bca475cb8874d6187b8d65f 1d5b65bd15204fe0a6dd25a903c97672 - - default default] Successfully bumped revision number for resource e69e2426-0711-416d-bbf3-f58e72ad4fa5 (type: security_group_rules) to 0
2026-05-09 18:08:12.753 10 INFO neutron.wsgi [None req-7a72db8f-9ee3-49d9-8383-41bad92be9aa 991ebf526bca475cb8874d6187b8d65f 1d5b65bd15204fe0a6dd25a903c97672 - - default default] 10.0.0.133 "POST /v2.0/security-groups HTTP/1.1" status: 201 len: 1829 time: 0.3920183
2026-05-09 18:08:12.763 10 WARNING neutron_lib.context [None req-4a94b2d8-0769-4e9b-bd64-e102c17c331d 991ebf526bca475cb8874d6187b8d65f 1d5b65bd15204fe0a6dd25a903c97672 - - default default] Method 'is_advsvc' is deprecated since 2023.2 release (neutron-lib 3.8.0) and will be removed once support for the old RBAC API policies will be removed from Neutron. Please use method 'is_service_role' instead.
2026-05-09 18:08:12.886 10 INFO neutron.db.ovn_revision_numbers_db [None req-4a94b2d8-0769-4e9b-bd64-e102c17c331d 991ebf526bca475cb8874d6187b8d65f 1d5b65bd15204fe0a6dd25a903c97672 - - default default] Successfully bumped revision number for resource f17a714e-ca41-4730-a759-5a99d455ab2f (type: security_group_rules) to 0
2026-05-09 18:08:12.910 10 INFO neutron.wsgi [None req-4a94b2d8-0769-4e9b-bd64-e102c17c331d 991ebf526bca475cb8874d6187b8d65f 1d5b65bd15204fe0a6dd25a903c97672 - - default default] 10.0.0.133 "POST /v2.0/security-group-rules HTTP/1.1" status: 201 len: 796 time: 0.1503034
2026-05-09 18:08:12.921 10 WARNING neutron_lib.context [None req-3c5c0e35-b070-4646-926a-fb032ce38714 991ebf526bca475cb8874d6187b8d65f 1d5b65bd15204fe0a6dd25a903c97672 - - default default] Method 'is_advsvc' is deprecated since 2023.2 release (neutron-lib 3.8.0) and will be removed once support for the old RBAC API policies will be removed from Neutron. Please use method 'is_service_role' instead.
2026-05-09 18:08:13.035 10 INFO neutron.db.ovn_revision_numbers_db [None req-3c5c0e35-b070-4646-926a-fb032ce38714 991ebf526bca475cb8874d6187b8d65f 1d5b65bd15204fe0a6dd25a903c97672 - - default default] Successfully bumped revision number for resource bd648c7b-8159-4626-adf1-f1c072880688 (type: security_group_rules) to 0
2026-05-09 18:08:13.057 10 INFO neutron.wsgi [None req-3c5c0e35-b070-4646-926a-fb032ce38714 991ebf526bca475cb8874d6187b8d65f 1d5b65bd15204fe0a6dd25a903c97672 - - default default] 10.0.0.133 "POST /v2.0/security-group-rules HTTP/1.1" status: 201 len: 796 time: 0.1430612
2026-05-09 18:08:13.068 10 WARNING neutron_lib.context [None req-ba7f1306-13dc-4618-8baa-b39d1ae94ef3 991ebf526bca475cb8874d6187b8d65f 1d5b65bd15204fe0a6dd25a903c97672 - - default default] Method 'is_advsvc' is deprecated since 2023.2 release (neutron-lib 3.8.0) and will be removed once support for the old RBAC API policies will be removed from Neutron. Please use method 'is_service_role' instead.
2026-05-09 18:08:13.186 10 INFO neutron.db.ovn_revision_numbers_db [None req-ba7f1306-13dc-4618-8baa-b39d1ae94ef3 991ebf526bca475cb8874d6187b8d65f 1d5b65bd15204fe0a6dd25a903c97672 - - default default] Successfully bumped revision number for resource aaeb0953-81e2-49ac-9a98-9a0463e82112 (type: security_group_rules) to 0
2026-05-09 18:08:13.210 10 INFO neutron.wsgi [None req-ba7f1306-13dc-4618-8baa-b39d1ae94ef3 991ebf526bca475cb8874d6187b8d65f 1d5b65bd15204fe0a6dd25a903c97672 - - default default] 10.0.0.133 "POST /v2.0/security-group-rules HTTP/1.1" status: 201 len: 798 time: 0.1476431
2026-05-09 18:08:13.219 10 WARNING neutron_lib.context [None req-6760c56e-0a72-479f-a790-c2c20f8dfc17 991ebf526bca475cb8874d6187b8d65f 1d5b65bd15204fe0a6dd25a903c97672 - - default default] Method 'is_advsvc' is deprecated since 2023.2 release (neutron-lib 3.8.0) and will be removed once support for the old RBAC API policies will be removed from Neutron. Please use method 'is_service_role' instead.
2026-05-09 18:08:13.359 10 INFO neutron.db.ovn_revision_numbers_db [None req-6760c56e-0a72-479f-a790-c2c20f8dfc17 991ebf526bca475cb8874d6187b8d65f 1d5b65bd15204fe0a6dd25a903c97672 - - default default] Successfully bumped revision number for resource 63d4dae0-8b1b-499b-8043-a5637e73cbb5 (type: security_group_rules) to 0
2026-05-09 18:08:13.385 10 INFO neutron.wsgi [None req-6760c56e-0a72-479f-a790-c2c20f8dfc17 991ebf526bca475cb8874d6187b8d65f 1d5b65bd15204fe0a6dd25a903c97672 - - default default] 10.0.0.133 "POST /v2.0/security-group-rules HTTP/1.1" status: 201 len: 800 time: 0.1703281
2026-05-09 18:08:13.386 9 WARNING neutron_lib.context [None req-407bf701-19ed-44ab-abe7-fa7e95317398 04dc77cbef394b9caff6863a39ab5bfb bac6f18a445946de9114c328eb4fc719 - - default default] Method 'is_advsvc' is deprecated since 2023.2 release (neutron-lib 3.8.0) and will be removed once support for the old RBAC API policies will be removed from Neutron. Please use method 'is_service_role' instead.
2026-05-09 18:08:13.394 10 WARNING neutron_lib.context [None req-c4b9c7ed-80f2-46f4-9487-f1fcf5336a2c 991ebf526bca475cb8874d6187b8d65f 1d5b65bd15204fe0a6dd25a903c97672 - - default default] Method 'is_advsvc' is deprecated since 2023.2 release (neutron-lib 3.8.0) and will be removed once support for the old RBAC API policies will be removed from Neutron. Please use method 'is_service_role' instead.
2026-05-09 18:08:13.517 9 INFO neutron.db.ovn_revision_numbers_db [None req-407bf701-19ed-44ab-abe7-fa7e95317398 04dc77cbef394b9caff6863a39ab5bfb bac6f18a445946de9114c328eb4fc719 - - default default] Successfully bumped revision number for resource bdbdcdf0-9cf1-49da-9ca4-46e9c99254c1 (type: security_groups) to 1
2026-05-09 18:08:13.532 9 INFO neutron.db.ovn_revision_numbers_db [None req-407bf701-19ed-44ab-abe7-fa7e95317398 04dc77cbef394b9caff6863a39ab5bfb bac6f18a445946de9114c328eb4fc719 - - default default] Successfully bumped revision number for resource 2ca67d53-b66e-4f29-b9a0-e3631c209f45 (type: security_group_rules) to 0
2026-05-09 18:08:13.535 10 INFO neutron.db.ovn_revision_numbers_db [None req-c4b9c7ed-80f2-46f4-9487-f1fcf5336a2c 991ebf526bca475cb8874d6187b8d65f 1d5b65bd15204fe0a6dd25a903c97672 - - default default] Successfully bumped revision number for resource 6a99c409-5e3c-4e30-aa85-e7e8df3284c3 (type: security_group_rules) to 0
2026-05-09 18:08:13.544 9 INFO neutron.db.ovn_revision_numbers_db [None req-407bf701-19ed-44ab-abe7-fa7e95317398 04dc77cbef394b9caff6863a39ab5bfb bac6f18a445946de9114c328eb4fc719 - - default default] Successfully bumped revision number for resource 6b4012c9-d092-4552-ab11-2b95b3009910 (type: security_group_rules) to 0
2026-05-09 18:08:13.554 9 INFO neutron.db.ovn_revision_numbers_db [None req-407bf701-19ed-44ab-abe7-fa7e95317398 04dc77cbef394b9caff6863a39ab5bfb bac6f18a445946de9114c328eb4fc719 - - default default] Successfully bumped revision number for resource 6e145ca3-afa1-45f0-b1bf-01eba81e414d (type: security_group_rules) to 0
2026-05-09 18:08:13.560 10 INFO neutron.wsgi [None req-c4b9c7ed-80f2-46f4-9487-f1fcf5336a2c 991ebf526bca475cb8874d6187b8d65f 1d5b65bd15204fe0a6dd25a903c97672 - - default default] 10.0.0.133 "POST /v2.0/security-group-rules HTTP/1.1" status: 201 len: 800 time: 0.1696970
2026-05-09 18:08:13.567 9 INFO neutron.db.ovn_revision_numbers_db [None req-407bf701-19ed-44ab-abe7-fa7e95317398 04dc77cbef394b9caff6863a39ab5bfb bac6f18a445946de9114c328eb4fc719 - - default default] Successfully bumped revision number for resource dc1d9942-7175-4a53-a682-3c55d4b552e7 (type: security_group_rules) to 0
2026-05-09 18:08:13.569 10 WARNING neutron_lib.context [None req-3df61bd2-5f31-4b8b-b9ad-0cf54249c5aa 991ebf526bca475cb8874d6187b8d65f 1d5b65bd15204fe0a6dd25a903c97672 - - default default] Method 'is_advsvc' is deprecated since 2023.2 release (neutron-lib 3.8.0) and will be removed once support for the old RBAC API policies will be removed from Neutron. Please use method 'is_service_role' instead.
2026-05-09 18:08:13.618 9 INFO neutron.db.segments_db [None req-407bf701-19ed-44ab-abe7-fa7e95317398 04dc77cbef394b9caff6863a39ab5bfb bac6f18a445946de9114c328eb4fc719 - - default default] Added segment c634ee67-3ffd-4239-91b7-e08ca8dbc551 of type geneve for network 347f620c-2149-4641-9fa1-52a79639a269
2026-05-09 18:08:13.696 10 INFO neutron.db.ovn_revision_numbers_db [None req-3df61bd2-5f31-4b8b-b9ad-0cf54249c5aa 991ebf526bca475cb8874d6187b8d65f 1d5b65bd15204fe0a6dd25a903c97672 - - default default] Successfully bumped revision number for resource 500e3366-0017-4d15-a366-604669050746 (type: security_group_rules) to 0
2026-05-09 18:08:13.721 10 INFO neutron.wsgi [None req-3df61bd2-5f31-4b8b-b9ad-0cf54249c5aa 991ebf526bca475cb8874d6187b8d65f 1d5b65bd15204fe0a6dd25a903c97672 - - default default] 10.0.0.133 "POST /v2.0/security-group-rules HTTP/1.1" status: 201 len: 796 time: 0.1567388
2026-05-09 18:08:13.729 10 WARNING neutron_lib.context [None req-acf3ecda-ab70-4cb2-aca6-729be53f60be 991ebf526bca475cb8874d6187b8d65f 1d5b65bd15204fe0a6dd25a903c97672 - - default default] Method 'is_advsvc' is deprecated since 2023.2 release (neutron-lib 3.8.0) and will be removed once support for the old RBAC API policies will be removed from Neutron. Please use method 'is_service_role' instead.
2026-05-09 18:08:13.768 9 INFO neutron.db.ovn_revision_numbers_db [None req-407bf701-19ed-44ab-abe7-fa7e95317398 04dc77cbef394b9caff6863a39ab5bfb bac6f18a445946de9114c328eb4fc719 - - default default] Successfully bumped revision number for resource 347f620c-2149-4641-9fa1-52a79639a269 (type: networks) to 1
2026-05-09 18:08:13.868 10 INFO neutron.db.ovn_revision_numbers_db [None req-acf3ecda-ab70-4cb2-aca6-729be53f60be 991ebf526bca475cb8874d6187b8d65f 1d5b65bd15204fe0a6dd25a903c97672 - - default default] Successfully bumped revision number for resource cd149c08-6d0c-40f0-89cb-2974abbbde81 (type: security_group_rules) to 0
2026-05-09 18:08:13.894 10 INFO neutron.wsgi [None req-acf3ecda-ab70-4cb2-aca6-729be53f60be 991ebf526bca475cb8874d6187b8d65f 1d5b65bd15204fe0a6dd25a903c97672 - - default default] 10.0.0.133 "POST /v2.0/security-group-rules HTTP/1.1" status: 201 len: 796 time: 0.1685405
2026-05-09 18:08:13.902 10 WARNING neutron_lib.context [None req-211eb2af-ce91-44e8-a19b-45de7d0cb000 991ebf526bca475cb8874d6187b8d65f 1d5b65bd15204fe0a6dd25a903c97672 - - default default] Method 'is_advsvc' is deprecated since 2023.2 release (neutron-lib 3.8.0) and will be removed once support for the old RBAC API policies will be removed from Neutron. Please use method 'is_service_role' instead.
2026-05-09 18:08:13.933 9 WARNING neutron.scheduler.dhcp_agent_scheduler [None req-407bf701-19ed-44ab-abe7-fa7e95317398 04dc77cbef394b9caff6863a39ab5bfb bac6f18a445946de9114c328eb4fc719 - - default default] No more DHCP agents
2026-05-09 18:08:13.934 9 WARNING neutron.api.rpc.agentnotifiers.dhcp_rpc_agent_api [None req-407bf701-19ed-44ab-abe7-fa7e95317398 04dc77cbef394b9caff6863a39ab5bfb bac6f18a445946de9114c328eb4fc719 - - default default] Unable to schedule network 347f620c-2149-4641-9fa1-52a79639a269: no agents available; will retry on subsequent port and subnet creation events.
2026-05-09 18:08:14.016 9 INFO neutron.db.ovn_revision_numbers_db [None req-407bf701-19ed-44ab-abe7-fa7e95317398 04dc77cbef394b9caff6863a39ab5bfb bac6f18a445946de9114c328eb4fc719 - - default default] Successfully bumped revision number for resource 26cacf6e-bfc6-46d6-9e07-60c23eaa7214 (type: ports) to 1
2026-05-09 18:08:14.048 9 INFO neutron.wsgi [None req-407bf701-19ed-44ab-abe7-fa7e95317398 04dc77cbef394b9caff6863a39ab5bfb bac6f18a445946de9114c328eb4fc719 - - default default] 10.0.0.133 "POST /v2.0/networks HTTP/1.1" status: 201 len: 830 time: 0.8182807
2026-05-09 18:08:14.053 10 INFO neutron.db.ovn_revision_numbers_db [None req-211eb2af-ce91-44e8-a19b-45de7d0cb000 991ebf526bca475cb8874d6187b8d65f 1d5b65bd15204fe0a6dd25a903c97672 - - default default] Successfully bumped revision number for resource 47e20d07-4a72-48b5-86bb-3222bd759050 (type: security_group_rules) to 0
2026-05-09 18:08:14.058 10 WARNING neutron_lib.context [None req-f98bed1b-1ff9-461c-8db4-e6ff6fc23b02 04dc77cbef394b9caff6863a39ab5bfb bac6f18a445946de9114c328eb4fc719 - - default default] Method 'is_advsvc' is deprecated since 2023.2 release (neutron-lib 3.8.0) and will be removed once support for the old RBAC API policies will be removed from Neutron. Please use method 'is_service_role' instead.
2026-05-09 18:08:14.097 10 INFO neutron.wsgi [None req-211eb2af-ce91-44e8-a19b-45de7d0cb000 991ebf526bca475cb8874d6187b8d65f 1d5b65bd15204fe0a6dd25a903c97672 - - default default] 10.0.0.133 "POST /v2.0/security-group-rules HTTP/1.1" status: 201 len: 796 time: 0.1987259
2026-05-09 18:08:14.110 9 WARNING neutron_lib.context [None req-4337f15e-0f65-4937-9461-e2b07500d70a 991ebf526bca475cb8874d6187b8d65f 1d5b65bd15204fe0a6dd25a903c97672 - - default default] Method 'is_advsvc' is deprecated since 2023.2 release (neutron-lib 3.8.0) and will be removed once support for the old RBAC API policies will be removed from Neutron. Please use method 'is_service_role' instead.
2026-05-09 18:08:14.287 9 INFO neutron.db.ovn_revision_numbers_db [None req-4337f15e-0f65-4937-9461-e2b07500d70a 991ebf526bca475cb8874d6187b8d65f 1d5b65bd15204fe0a6dd25a903c97672 - - default default] Successfully bumped revision number for resource 38c5cbdf-3e85-4e08-907f-a984291e43f7 (type: security_group_rules) to 0
2026-05-09 18:08:14.307 10 WARNING neutron.scheduler.dhcp_agent_scheduler [None req-f98bed1b-1ff9-461c-8db4-e6ff6fc23b02 04dc77cbef394b9caff6863a39ab5bfb bac6f18a445946de9114c328eb4fc719 - - default default] No more DHCP agents
2026-05-09 18:08:14.309 10 WARNING neutron.api.rpc.agentnotifiers.dhcp_rpc_agent_api [None req-f98bed1b-1ff9-461c-8db4-e6ff6fc23b02 04dc77cbef394b9caff6863a39ab5bfb bac6f18a445946de9114c328eb4fc719 - - default default] Unable to schedule network 347f620c-2149-4641-9fa1-52a79639a269: no agents available; will retry on subsequent port and subnet creation events.
2026-05-09 18:08:14.314 9 INFO neutron.wsgi [None req-4337f15e-0f65-4937-9461-e2b07500d70a 991ebf526bca475cb8874d6187b8d65f 1d5b65bd15204fe0a6dd25a903c97672 - - default default] 10.0.0.133 "POST /v2.0/security-group-rules HTTP/1.1" status: 201 len: 798 time: 0.2112298
2026-05-09 18:08:14.323 9 WARNING neutron_lib.context [None req-c08ce5d7-6327-4fe7-848a-1f7890586ab6 991ebf526bca475cb8874d6187b8d65f 1d5b65bd15204fe0a6dd25a903c97672 - - default default] Method 'is_advsvc' is deprecated since 2023.2 release (neutron-lib 3.8.0) and will be removed once support for the old RBAC API policies will be removed from Neutron. Please use method 'is_service_role' instead.
2026-05-09 18:08:14.401 10 INFO neutron.db.ovn_revision_numbers_db [None req-f98bed1b-1ff9-461c-8db4-e6ff6fc23b02 04dc77cbef394b9caff6863a39ab5bfb bac6f18a445946de9114c328eb4fc719 - - default default] Successfully bumped revision number for resource 985582fc-5e4e-4eb7-9e4c-32f528c0cd52 (type: ports) to 1
2026-05-09 18:08:14.426 10 INFO neutron.wsgi [None req-f98bed1b-1ff9-461c-8db4-e6ff6fc23b02 04dc77cbef394b9caff6863a39ab5bfb bac6f18a445946de9114c328eb4fc719 - - default default] 10.0.0.133 "POST /v2.0/ports HTTP/1.1" status: 201 len: 942 time: 0.3741806
2026-05-09 18:08:14.439 9 WARNING neutron_lib.context [None req-fff881aa-e0a7-4357-8e93-a8ab5b3297b4 04dc77cbef394b9caff6863a39ab5bfb bac6f18a445946de9114c328eb4fc719 - - default default] Method 'is_advsvc' is deprecated since 2023.2 release (neutron-lib 3.8.0) and will be removed once support for the old RBAC API policies will be removed from Neutron. Please use method 'is_service_role' instead.
2026-05-09 18:08:14.498 9 INFO neutron.db.ovn_revision_numbers_db [None req-c08ce5d7-6327-4fe7-848a-1f7890586ab6 991ebf526bca475cb8874d6187b8d65f 1d5b65bd15204fe0a6dd25a903c97672 - - default default] Successfully bumped revision number for resource ef36187d-844b-48c1-831d-ff1e58220181 (type: security_group_rules) to 0
2026-05-09 18:08:14.523 9 INFO neutron.wsgi [None req-c08ce5d7-6327-4fe7-848a-1f7890586ab6 991ebf526bca475cb8874d6187b8d65f 1d5b65bd15204fe0a6dd25a903c97672 - - default default] 10.0.0.133 "POST /v2.0/security-group-rules HTTP/1.1" status: 201 len: 800 time: 0.2048008
2026-05-09 18:08:14.529 9 INFO neutron.db.segments_db [None req-fff881aa-e0a7-4357-8e93-a8ab5b3297b4 04dc77cbef394b9caff6863a39ab5bfb bac6f18a445946de9114c328eb4fc719 - - default default] Added segment 0f704133-2fd4-4327-9767-5da306583943 of type geneve for network 6cc152a1-fdc7-478b-86ee-a5185c15f212 /var/lib/openstack/lib/python3.10/site-packages/pycadf/identifier.py:71: UserWarning: Invalid uuid: neutron. To ensure interoperability, identifiers should be a valid uuid. warnings.warn(('Invalid uuid: %s. To ensure interoperability, '
2026-05-09 18:08:14.536 10 WARNING neutron_lib.context [None req-97351d50-ba91-4e97-93b7-5f49f0d8a9df 991ebf526bca475cb8874d6187b8d65f 1d5b65bd15204fe0a6dd25a903c97672 - - default default] Method 'is_advsvc' is deprecated since 2023.2 release (neutron-lib 3.8.0) and will be removed once support for the old RBAC API policies will be removed from Neutron. Please use method 'is_service_role' instead.
2026-05-09 18:08:14.658 9 INFO neutron.db.ovn_revision_numbers_db [None req-fff881aa-e0a7-4357-8e93-a8ab5b3297b4 04dc77cbef394b9caff6863a39ab5bfb bac6f18a445946de9114c328eb4fc719 - - default default] Successfully bumped revision number for resource 6cc152a1-fdc7-478b-86ee-a5185c15f212 (type: networks) to 1
2026-05-09 18:08:14.697 10 INFO neutron.db.ovn_revision_numbers_db [None req-97351d50-ba91-4e97-93b7-5f49f0d8a9df 991ebf526bca475cb8874d6187b8d65f 1d5b65bd15204fe0a6dd25a903c97672 - - default default] Successfully bumped revision number for resource ac6962a7-9f4c-4fb4-a1c7-3008c6a76b44 (type: security_group_rules) to 0
2026-05-09 18:08:14.720 10 INFO neutron.wsgi [None req-97351d50-ba91-4e97-93b7-5f49f0d8a9df 991ebf526bca475cb8874d6187b8d65f 1d5b65bd15204fe0a6dd25a903c97672 - - default default] 10.0.0.133 "POST /v2.0/security-group-rules HTTP/1.1" status: 201 len: 796 time: 0.1916666
2026-05-09 18:08:14.807 9 WARNING neutron.scheduler.dhcp_agent_scheduler [None req-fff881aa-e0a7-4357-8e93-a8ab5b3297b4 04dc77cbef394b9caff6863a39ab5bfb bac6f18a445946de9114c328eb4fc719 - - default default] No more DHCP agents
2026-05-09 18:08:14.809 9 WARNING neutron.api.rpc.agentnotifiers.dhcp_rpc_agent_api [None req-fff881aa-e0a7-4357-8e93-a8ab5b3297b4 04dc77cbef394b9caff6863a39ab5bfb bac6f18a445946de9114c328eb4fc719 - - default default] Unable to schedule network 6cc152a1-fdc7-478b-86ee-a5185c15f212: no agents available; will retry on subsequent port and subnet creation events.
2026-05-09 18:08:14.874 10 WARNING neutron.plugins.ml2.drivers.ovn.mech_driver.ovsdb.ovn_client [None req-a850ca9e-322b-40b9-b2ae-a04d5e93768d - - - - - -] No hosting information found for port 117359bc-d714-4ee7-80fb-3dcca8952425: RuntimeError: No hosting information found for port 117359bc-d714-4ee7-80fb-3dcca8952425
2026-05-09 18:08:14.878 9 INFO neutron.db.ovn_revision_numbers_db [None req-fff881aa-e0a7-4357-8e93-a8ab5b3297b4 04dc77cbef394b9caff6863a39ab5bfb bac6f18a445946de9114c328eb4fc719 - - default default] Successfully bumped revision number for resource b3b84f03-c9f3-4619-8041-87d69e54e764 (type: ports) to 1
2026-05-09 18:08:14.895 9 INFO neutron.wsgi [None req-fff881aa-e0a7-4357-8e93-a8ab5b3297b4 04dc77cbef394b9caff6863a39ab5bfb bac6f18a445946de9114c328eb4fc719 - - default default] 10.0.0.133 "POST /v2.0/networks HTTP/1.1" status: 201 len: 831 time: 0.4635308
2026-05-09 18:08:14.902 9 WARNING neutron_lib.context [None req-0cdceb4c-4beb-41cf-adda-9533ac5c8548 04dc77cbef394b9caff6863a39ab5bfb bac6f18a445946de9114c328eb4fc719 - - default default] Method 'is_advsvc' is deprecated since 2023.2 release (neutron-lib 3.8.0) and will be removed once support for the old RBAC API policies will be removed from Neutron. Please use method 'is_service_role' instead.
2026-05-09 18:08:15.133 9 INFO neutron.wsgi [req-d92d8793-0cfe-4b7a-abcc-568f02e90d74 req-5a937747-68b1-4ab1-ae77-b31ff5a235fc 991ebf526bca475cb8874d6187b8d65f 1d5b65bd15204fe0a6dd25a903c97672 - - default default] 10.0.0.125 "GET /v2.0/security-groups?name=tempest-lb_member_SG-389701092&fields=id&tenant_id=1d5b65bd15204fe0a6dd25a903c97672 HTTP/1.1" status: 200 len: 267 time: 0.0503016
2026-05-09 18:08:15.194 9 WARNING neutron.scheduler.dhcp_agent_scheduler [None req-0cdceb4c-4beb-41cf-adda-9533ac5c8548 04dc77cbef394b9caff6863a39ab5bfb bac6f18a445946de9114c328eb4fc719 - - default default] No more DHCP agents
2026-05-09 18:08:15.199 9 WARNING neutron.api.rpc.agentnotifiers.dhcp_rpc_agent_api [None req-0cdceb4c-4beb-41cf-adda-9533ac5c8548 04dc77cbef394b9caff6863a39ab5bfb bac6f18a445946de9114c328eb4fc719 - - default default] Unable to schedule network 6cc152a1-fdc7-478b-86ee-a5185c15f212: no agents available; will retry on subsequent port and subnet creation events.
2026-05-09 18:08:15.221 9 INFO neutron.wsgi [req-d92d8793-0cfe-4b7a-abcc-568f02e90d74 req-cc4f4b67-ef6c-4340-9cd5-5151a5819a5f 991ebf526bca475cb8874d6187b8d65f 1d5b65bd15204fe0a6dd25a903c97672 - - default default] 10.0.0.125 "GET /v2.0/networks?id=7f0ca07a-fc6a-49ce-98c0-9101fc33b224 HTTP/1.1" status: 200 len: 903 time: 0.0803466 /var/lib/openstack/lib/python3.10/site-packages/pycadf/identifier.py:71: UserWarning: Invalid uuid: neutron. To ensure interoperability, identifiers should be a valid uuid. warnings.warn(('Invalid uuid: %s. To ensure interoperability, '
2026-05-09 18:08:15.242 9 INFO neutron.wsgi [req-d92d8793-0cfe-4b7a-abcc-568f02e90d74 req-5b27c084-0f1a-43ed-a2cc-1addd9b5c141 991ebf526bca475cb8874d6187b8d65f 1d5b65bd15204fe0a6dd25a903c97672 - - default default] 10.0.0.125 "GET /v2.0/quotas/1d5b65bd15204fe0a6dd25a903c97672 HTTP/1.1" status: 200 len: 491 time: 0.0128121
2026-05-09 18:08:15.304 9 INFO neutron.db.ovn_revision_numbers_db [None req-0cdceb4c-4beb-41cf-adda-9533ac5c8548 04dc77cbef394b9caff6863a39ab5bfb bac6f18a445946de9114c328eb4fc719 - - default default] Successfully bumped revision number for resource 2eba830e-463c-4a7f-9637-e86531f5cf13 (type: ports) to 1
2026-05-09 18:08:15.328 9 INFO neutron.wsgi [None req-0cdceb4c-4beb-41cf-adda-9533ac5c8548 04dc77cbef394b9caff6863a39ab5bfb bac6f18a445946de9114c328eb4fc719 - - default default] 10.0.0.133 "POST /v2.0/ports HTTP/1.1" status: 201 len: 942 time: 0.4295380
2026-05-09 18:08:15.337 10 WARNING neutron_lib.context [None req-997fba90-1c86-454b-a18f-4d8b116c45d7 04dc77cbef394b9caff6863a39ab5bfb bac6f18a445946de9114c328eb4fc719 - - default default] Method 'is_advsvc' is deprecated since 2023.2 release (neutron-lib 3.8.0) and will be removed once support for the old RBAC API policies will be removed from Neutron. Please use method 'is_service_role' instead.
2026-05-09 18:08:15.420 9 INFO neutron.wsgi [req-d92d8793-0cfe-4b7a-abcc-568f02e90d74 req-8337c4b5-b055-4cfa-999a-b6d1a7e82993 991ebf526bca475cb8874d6187b8d65f 1d5b65bd15204fe0a6dd25a903c97672 - - default default] 10.0.0.125 "GET /v2.0/ports?tenant_id=1d5b65bd15204fe0a6dd25a903c97672&fields=id HTTP/1.1" status: 200 len: 486 time: 0.1701541
2026-05-09 18:08:15.420 10 INFO neutron.db.segments_db [None req-997fba90-1c86-454b-a18f-4d8b116c45d7 04dc77cbef394b9caff6863a39ab5bfb bac6f18a445946de9114c328eb4fc719 - - default default] Added segment eb2ed370-e1d7-45e0-b711-801b73852e6e of type geneve for network 45917acc-3bf9-4f1c-9bd5-f8bc36fec1e0
2026-05-09 18:08:15.483 9 INFO neutron.wsgi [req-d92d8793-0cfe-4b7a-abcc-568f02e90d74 req-7ec537df-460c-493c-af38-bd4211db7a6b 776ac5e4cd6f477687a5c90a4c2cab46 1666ee8a17de480aa8f1b766b50213a0 - - f43ab4a669114995b6803f08d09f0240 f43ab4a669114995b6803f08d09f0240] 10.0.0.125 "GET /v2.0/networks/7f0ca07a-fc6a-49ce-98c0-9101fc33b224?fields=segments HTTP/1.1" status: 200 len: 212 time: 0.0450141
2026-05-09 18:08:15.548 9 INFO neutron.wsgi [req-d92d8793-0cfe-4b7a-abcc-568f02e90d74 req-a03268dc-b83c-4c25-8042-7919d533955d 776ac5e4cd6f477687a5c90a4c2cab46 1666ee8a17de480aa8f1b766b50213a0 - - f43ab4a669114995b6803f08d09f0240 f43ab4a669114995b6803f08d09f0240] 10.0.0.125 "GET /v2.0/networks/7f0ca07a-fc6a-49ce-98c0-9101fc33b224?fields=provider%3Aphysical_network&fields=provider%3Anetwork_type HTTP/1.1" status: 200 len: 277 time: 0.0577233
