2026-05-09 18:06:48.692 10 INFO neutron.db.ovn_revision_numbers_db [None req-b8093dae-9659-4de2-b550-3cd71b053a53 b0c879c99dad44d09219c314d35f57e4 a5452024624c4173a9384ae077addd82 - - default default] Successfully bumped revision number for resource 44e981f7-773b-44aa-89ee-9f881310766b (type: security_group_rules) to 0
2026-05-09 18:06:48.707 10 INFO neutron.db.ovn_revision_numbers_db [None req-b8093dae-9659-4de2-b550-3cd71b053a53 b0c879c99dad44d09219c314d35f57e4 a5452024624c4173a9384ae077addd82 - - default default] Successfully bumped revision number for resource 601afcc2-8c68-4b2e-a47d-1664845e83fd (type: security_group_rules) to 0
2026-05-09 18:06:48.721 10 INFO neutron.db.ovn_revision_numbers_db [None req-b8093dae-9659-4de2-b550-3cd71b053a53 b0c879c99dad44d09219c314d35f57e4 a5452024624c4173a9384ae077addd82 - - default default] Successfully bumped revision number for resource 73e74257-0e28-4edc-b9c9-03cb048918d4 (type: security_group_rules) to 0
2026-05-09 18:06:48.736 10 INFO neutron.db.ovn_revision_numbers_db [None req-b8093dae-9659-4de2-b550-3cd71b053a53 b0c879c99dad44d09219c314d35f57e4 a5452024624c4173a9384ae077addd82 - - default default] Successfully bumped revision number for resource f178789d-0b25-4f9e-8d69-06486418f5fc (type: security_group_rules) to 0
2026-05-09 18:06:48.759 10 INFO neutron.wsgi [None req-b8093dae-9659-4de2-b550-3cd71b053a53 b0c879c99dad44d09219c314d35f57e4 a5452024624c4173a9384ae077addd82 - - default default] 10.0.0.133 "GET /v2.0/security-groups?tenant_id=759335b9e67c44b3aee6c0d21e69a701&name=default HTTP/1.1" status: 200 len: 3120 time: 0.4099648
2026-05-09 18:06:48.996 10 INFO neutron.wsgi [None req-3139edad-b7fc-4b2c-a966-381cf897d4d3 b0c879c99dad44d09219c314d35f57e4 a5452024624c4173a9384ae077addd82 - - default default] 10.0.0.133 "DELETE /v2.0/security-groups/1a11edf1-c0b2-46ed-ada2-b6916ffbb3ac HTTP/1.1" status: 204 len: 168 time: 0.2313631
2026-05-09 18:06:49.399 9 INFO neutron.wsgi [None req-20725efe-bd92-4248-b678-f77a50f9f0af b0c879c99dad44d09219c314d35f57e4 a5452024624c4173a9384ae077addd82 - - default default] 10.0.0.133 "DELETE /v2.0/routers/de2ba5fd-3ff3-49ad-876c-4d1766372711 HTTP/1.1" status: 204 len: 168 time: 1.0745268
2026-05-09 18:06:49.623 9 INFO neutron.wsgi [None req-e5d49756-a1c5-44b9-9df6-642172c7f370 b0c879c99dad44d09219c314d35f57e4 a5452024624c4173a9384ae077addd82 - - default default] 10.0.0.133 "DELETE /v2.0/subnets/65930c32-818e-471b-aa18-c9f1ab229859 HTTP/1.1" status: 204 len: 168 time: 0.2188628
2026-05-09 18:06:50.021 9 INFO neutron.services.segments.plugin [-] Segment 6cebe614-dc33-4f6f-a049-dd0fe42a5165 resource provider aggregate not found
2026-05-09 18:06:50.030 9 INFO neutron.services.segments.plugin [-] Segment 6cebe614-dc33-4f6f-a049-dd0fe42a5165 resource provider aggregate not found
2026-05-09 18:06:50.041 9 INFO neutron.services.segments.plugin [-] Segment 6cebe614-dc33-4f6f-a049-dd0fe42a5165 resource provider not found; error: Placement Client Error (4xx): {"errors": [{"status": 404, "title": "Not Found", "detail": "The resource could not be found.\n\n No resource provider with uuid 6cebe614-dc33-4f6f-a049-dd0fe42a5165 found for delete ", "request_id": "req-914688e9-4f3d-4493-82ef-41356ec4a339"}]}
2026-05-09 18:06:50.051 9 INFO neutron.wsgi [None req-c8a200a4-34b1-4769-bc2e-dacf173f07ee b0c879c99dad44d09219c314d35f57e4 a5452024624c4173a9384ae077addd82 - - default default] 10.0.0.133 "DELETE /v2.0/networks/bd088993-eba4-4412-8bbb-5d5163442590 HTTP/1.1" status: 204 len: 168 time: 0.4223366
2026-05-09 18:06:50.052 9 INFO neutron.services.segments.plugin [-] Segment 6cebe614-dc33-4f6f-a049-dd0fe42a5165 resource provider not found; error: Placement Client Error (4xx): {"errors": [{"status": 404, "title": "Not Found", "detail": "The resource could not be found.\n\n No resource provider with uuid 6cebe614-dc33-4f6f-a049-dd0fe42a5165 found for delete ", "request_id": "req-84a83ab7-78ac-403d-ae87-17bf0e1949e0"}]}
2026-05-09 18:06:50.380 9 WARNING neutron_lib.context [None req-48e5b450-9d33-472f-b386-811cdcd012a7 a63e84229e2e43c88780c98de3f6eba1 f00d81cc384141f1a4d4de839dd95130 - - default default] Method 'is_advsvc' is deprecated since 2023.2 release (neutron-lib 3.8.0) and will be removed once support for the old RBAC API policies will be removed from Neutron. Please use method 'is_service_role' instead.
2026-05-09 18:06:50.502 9 INFO neutron.db.ovn_revision_numbers_db [None req-48e5b450-9d33-472f-b386-811cdcd012a7 a63e84229e2e43c88780c98de3f6eba1 f00d81cc384141f1a4d4de839dd95130 - - default default] Successfully bumped revision number for resource 80681704-8fbd-4916-baeb-a1bd603aedf1 (type: security_groups) to 1
2026-05-09 18:06:50.514 9 INFO neutron.db.ovn_revision_numbers_db [None req-48e5b450-9d33-472f-b386-811cdcd012a7 a63e84229e2e43c88780c98de3f6eba1 f00d81cc384141f1a4d4de839dd95130 - - default default] Successfully bumped revision number for resource a68d1769-26e6-462d-9410-6bcea299bc2d (type: security_group_rules) to 0
2026-05-09 18:06:50.526 9 INFO neutron.db.ovn_revision_numbers_db [None req-48e5b450-9d33-472f-b386-811cdcd012a7 a63e84229e2e43c88780c98de3f6eba1 f00d81cc384141f1a4d4de839dd95130 - - default default] Successfully bumped revision number for resource ac669a04-d82c-4a1b-8e23-7244f99e6b0c (type: security_group_rules) to 0
2026-05-09 18:06:50.539 9 INFO neutron.db.ovn_revision_numbers_db [None req-48e5b450-9d33-472f-b386-811cdcd012a7 a63e84229e2e43c88780c98de3f6eba1 f00d81cc384141f1a4d4de839dd95130 - - default default] Successfully bumped revision number for resource fb55ae09-5667-4d25-aaab-3a56ad93a189 (type: security_group_rules) to 0
2026-05-09 18:06:50.552 9 INFO neutron.db.ovn_revision_numbers_db [None req-48e5b450-9d33-472f-b386-811cdcd012a7 a63e84229e2e43c88780c98de3f6eba1 f00d81cc384141f1a4d4de839dd95130 - - default default] Successfully bumped revision number for resource fcb25e03-cbf8-44ae-bf6e-8fe10ca93535 (type: security_group_rules) to 0
2026-05-09 18:06:50.650 9 INFO neutron.db.ovn_revision_numbers_db [None req-48e5b450-9d33-472f-b386-811cdcd012a7 a63e84229e2e43c88780c98de3f6eba1 f00d81cc384141f1a4d4de839dd95130 - - default default] Successfully bumped revision number for resource 6bec07bf-886f-41e8-90af-6a63e60b4aac (type: security_groups) to 1
2026-05-09 18:06:50.662 9 INFO neutron.db.ovn_revision_numbers_db [None req-48e5b450-9d33-472f-b386-811cdcd012a7 a63e84229e2e43c88780c98de3f6eba1 f00d81cc384141f1a4d4de839dd95130 - - default default] Successfully bumped revision number for resource 85e70b1e-5624-4b05-9054-16dab259e9d4 (type: security_group_rules) to 0
2026-05-09 18:06:50.674 9 INFO neutron.db.ovn_revision_numbers_db [None req-48e5b450-9d33-472f-b386-811cdcd012a7 a63e84229e2e43c88780c98de3f6eba1 f00d81cc384141f1a4d4de839dd95130 - - default default] Successfully bumped revision number for resource d10febf9-84bd-47a2-a2df-7522f8c3f4fa (type: security_group_rules) to 0
2026-05-09 18:06:50.695 9 INFO neutron.wsgi [None req-48e5b450-9d33-472f-b386-811cdcd012a7 a63e84229e2e43c88780c98de3f6eba1 f00d81cc384141f1a4d4de839dd95130 - - default default] 10.0.0.133 "POST /v2.0/security-groups HTTP/1.1" status: 201 len: 1801 time: 0.4703243
2026-05-09 18:06:50.703 9 WARNING neutron_lib.context [None req-347d7486-479d-40be-9ab8-1e5c25b29ce2 a63e84229e2e43c88780c98de3f6eba1 f00d81cc384141f1a4d4de839dd95130 - - default default] Method 'is_advsvc' is deprecated since 2023.2 release (neutron-lib 3.8.0) and will be removed once support for the old RBAC API policies will be removed from Neutron. Please use method 'is_service_role' instead.
2026-05-09 18:06:50.807 9 INFO neutron.db.ovn_revision_numbers_db [None req-347d7486-479d-40be-9ab8-1e5c25b29ce2 a63e84229e2e43c88780c98de3f6eba1 f00d81cc384141f1a4d4de839dd95130 - - default default] Successfully bumped revision number for resource 692ce2cb-2a2a-414c-89c7-a13752ec72f8 (type: security_groups) to 1
2026-05-09 18:06:50.821 9 INFO neutron.db.ovn_revision_numbers_db [None req-347d7486-479d-40be-9ab8-1e5c25b29ce2 a63e84229e2e43c88780c98de3f6eba1 f00d81cc384141f1a4d4de839dd95130 - - default default] Successfully bumped revision number for resource 9018d9f2-99dc-479a-b45f-31ea47c4a44f (type: security_group_rules) to 0
2026-05-09 18:06:50.834 9 INFO neutron.db.ovn_revision_numbers_db [None req-347d7486-479d-40be-9ab8-1e5c25b29ce2 a63e84229e2e43c88780c98de3f6eba1 f00d81cc384141f1a4d4de839dd95130 - - default default] Successfully bumped revision number for resource e9215586-b704-4ae8-9ce0-04ef9c3744c4 (type: security_group_rules) to 0
2026-05-09 18:06:50.857 9 INFO neutron.wsgi [None req-347d7486-479d-40be-9ab8-1e5c25b29ce2 a63e84229e2e43c88780c98de3f6eba1 f00d81cc384141f1a4d4de839dd95130 - - default default] 10.0.0.133 "POST /v2.0/security-groups HTTP/1.1" status: 201 len: 1801 time: 0.1578474
2026-05-09 18:06:50.868 10 WARNING neutron_lib.context [None req-158a546e-d30c-42ca-8b24-486a23c5bf1d a63e84229e2e43c88780c98de3f6eba1 f00d81cc384141f1a4d4de839dd95130 - - default default] Method 'is_advsvc' is deprecated since 2023.2 release (neutron-lib 3.8.0) and will be removed once support for the old RBAC API policies will be removed from Neutron. Please use method 'is_service_role' instead.
2026-05-09 18:06:51.069 10 INFO neutron.db.ovn_revision_numbers_db [None req-158a546e-d30c-42ca-8b24-486a23c5bf1d a63e84229e2e43c88780c98de3f6eba1 f00d81cc384141f1a4d4de839dd95130 - - default default] Successfully bumped revision number for resource 9ae2f592-9a03-475b-91bd-ee7bc918e2cd (type: security_groups) to 1
2026-05-09 18:06:51.095 10 INFO neutron.wsgi [None req-bfaed53d-3497-4aa2-ac4d-7b725d285d80 b0c879c99dad44d09219c314d35f57e4 a5452024624c4173a9384ae077addd82 - - default default] 10.0.0.133 "PUT /v2.0/routers/d55ba540-89a3-480e-9c2c-2b8ee9811112/remove_router_interface HTTP/1.1" status: 200 len: 503 time: 1.0405984 /var/lib/openstack/lib/python3.10/site-packages/pycadf/identifier.py:71: UserWarning: Invalid uuid: neutron. To ensure interoperability, identifiers should be a valid uuid. warnings.warn(('Invalid uuid: %s. To ensure interoperability, '
2026-05-09 18:06:51.108 10 INFO neutron.db.ovn_revision_numbers_db [None req-158a546e-d30c-42ca-8b24-486a23c5bf1d a63e84229e2e43c88780c98de3f6eba1 f00d81cc384141f1a4d4de839dd95130 - - default default] Successfully bumped revision number for resource 1f89cb9a-d906-4076-8b6e-62a244aa6a5e (type: security_group_rules) to 0
2026-05-09 18:06:51.139 10 INFO neutron.db.ovn_revision_numbers_db [None req-158a546e-d30c-42ca-8b24-486a23c5bf1d a63e84229e2e43c88780c98de3f6eba1 f00d81cc384141f1a4d4de839dd95130 - - default default] Successfully bumped revision number for resource 2b97679f-3d2e-4156-9fe5-965fde939a84 (type: security_group_rules) to 0
2026-05-09 18:06:51.175 10 INFO neutron.wsgi [None req-158a546e-d30c-42ca-8b24-486a23c5bf1d a63e84229e2e43c88780c98de3f6eba1 f00d81cc384141f1a4d4de839dd95130 - - default default] 10.0.0.133 "POST /v2.0/security-groups HTTP/1.1" status: 201 len: 1801 time: 0.3125691
2026-05-09 18:06:51.186 10 WARNING neutron_lib.context [None req-50391ea7-efac-42d0-a7d3-c06940b4b62c a63e84229e2e43c88780c98de3f6eba1 f00d81cc384141f1a4d4de839dd95130 - - default default] Method 'is_advsvc' is deprecated since 2023.2 release (neutron-lib 3.8.0) and will be removed once support for the old RBAC API policies will be removed from Neutron. Please use method 'is_service_role' instead.
2026-05-09 18:06:51.395 10 INFO neutron.db.ovn_revision_numbers_db [None req-50391ea7-efac-42d0-a7d3-c06940b4b62c a63e84229e2e43c88780c98de3f6eba1 f00d81cc384141f1a4d4de839dd95130 - - default default] Successfully bumped revision number for resource 348c92f9-c85f-48dc-a505-bf7fc3fced13 (type: security_groups) to 1
2026-05-09 18:06:51.414 10 INFO neutron.db.ovn_revision_numbers_db [None req-50391ea7-efac-42d0-a7d3-c06940b4b62c a63e84229e2e43c88780c98de3f6eba1 f00d81cc384141f1a4d4de839dd95130 - - default default] Successfully bumped revision number for resource 743ce06e-f1f4-4ca7-bc5c-4637ad3979d9 (type: security_group_rules) to 0
2026-05-09 18:06:51.428 10 INFO neutron.db.ovn_revision_numbers_db [None req-50391ea7-efac-42d0-a7d3-c06940b4b62c a63e84229e2e43c88780c98de3f6eba1 f00d81cc384141f1a4d4de839dd95130 - - default default] Successfully bumped revision number for resource d6313f33-d6c9-4bd5-907a-547a1999c0d2 (type: security_group_rules) to 0
2026-05-09 18:06:51.454 10 INFO neutron.wsgi [None req-50391ea7-efac-42d0-a7d3-c06940b4b62c a63e84229e2e43c88780c98de3f6eba1 f00d81cc384141f1a4d4de839dd95130 - - default default] 10.0.0.133 "POST /v2.0/security-groups HTTP/1.1" status: 201 len: 1801 time: 0.2743590
2026-05-09 18:06:51.473 9 WARNING neutron_lib.context [None req-e52dc162-ade7-46ef-9e8d-ea3a184c1286 a63e84229e2e43c88780c98de3f6eba1 f00d81cc384141f1a4d4de839dd95130 - - default default] Method 'is_advsvc' is deprecated since 2023.2 release (neutron-lib 3.8.0) and will be removed once support for the old RBAC API policies will be removed from Neutron. Please use method 'is_service_role' instead.
2026-05-09 18:06:51.592 9 INFO neutron.db.ovn_revision_numbers_db [None req-e52dc162-ade7-46ef-9e8d-ea3a184c1286 a63e84229e2e43c88780c98de3f6eba1 f00d81cc384141f1a4d4de839dd95130 - - default default] Successfully bumped revision number for resource 6fdda04e-c74e-47fa-9066-4c4d5bb54ec4 (type: security_groups) to 1
2026-05-09 18:06:51.605 9 INFO neutron.db.ovn_revision_numbers_db [None req-e52dc162-ade7-46ef-9e8d-ea3a184c1286 a63e84229e2e43c88780c98de3f6eba1 f00d81cc384141f1a4d4de839dd95130 - - default default] Successfully bumped revision number for resource 2e320c8a-2871-40e3-bc4f-8d4d01dfaf6c (type: security_group_rules) to 0
2026-05-09 18:06:51.619 9 INFO neutron.db.ovn_revision_numbers_db [None req-e52dc162-ade7-46ef-9e8d-ea3a184c1286 a63e84229e2e43c88780c98de3f6eba1 f00d81cc384141f1a4d4de839dd95130 - - default default] Successfully bumped revision number for resource 3e4db9db-0aed-421f-a0aa-a03eabad124b (type: security_group_rules) to 0
2026-05-09 18:06:51.639 9 INFO neutron.wsgi [None req-e52dc162-ade7-46ef-9e8d-ea3a184c1286 a63e84229e2e43c88780c98de3f6eba1 f00d81cc384141f1a4d4de839dd95130 - - default default] 10.0.0.133 "POST /v2.0/security-groups HTTP/1.1" status: 201 len: 1801 time: 0.1734416
2026-05-09 18:06:51.670 9 INFO neutron.wsgi [-] 10.0.0.98 "GET / HTTP/1.1" status: 200 len: 247 time: 0.0026708
2026-05-09 18:06:51.673 9 INFO neutron.wsgi [-] 10.0.0.98 "GET / HTTP/1.1" status: 200 len: 247 time: 0.0020554
2026-05-09 18:06:51.714 10 INFO neutron.wsgi [None req-82b5b7f8-ec6c-4491-a233-ffd00520b3e2 a63e84229e2e43c88780c98de3f6eba1 f00d81cc384141f1a4d4de839dd95130 - - default default] 10.0.0.133 "PUT /v2.0/security-groups/6bec07bf-886f-41e8-90af-6a63e60b4aac/tags HTTP/1.1" status: 200 len: 210 time: 0.0644634
2026-05-09 18:06:51.761 9 INFO neutron.wsgi [None req-4239906f-3789-40b3-9c2e-00a77d3643d5 a63e84229e2e43c88780c98de3f6eba1 f00d81cc384141f1a4d4de839dd95130 - - default default] 10.0.0.133 "PUT /v2.0/security-groups/692ce2cb-2a2a-414c-89c7-a13752ec72f8/tags HTTP/1.1" status: 200 len: 218 time: 0.0421541
2026-05-09 18:06:51.799 9 INFO neutron.wsgi [None req-f4aa4169-2c25-426e-804a-408f11aa486c a63e84229e2e43c88780c98de3f6eba1 f00d81cc384141f1a4d4de839dd95130 - - default default] 10.0.0.133 "PUT /v2.0/security-groups/9ae2f592-9a03-475b-91bd-ee7bc918e2cd/tags HTTP/1.1" status: 200 len: 227 time: 0.0335910
2026-05-09 18:06:51.840 9 INFO neutron.wsgi [None req-1efe6492-07ac-490a-a602-19ecb6fd999c a63e84229e2e43c88780c98de3f6eba1 f00d81cc384141f1a4d4de839dd95130 - - default default] 10.0.0.133 "PUT /v2.0/security-groups/348c92f9-c85f-48dc-a505-bf7fc3fced13/tags HTTP/1.1" status: 200 len: 212 time: 0.0359356
2026-05-09 18:06:51.887 9 INFO neutron.wsgi [None req-18ae2aec-b5fe-42c4-8820-e4310cb0c596 a63e84229e2e43c88780c98de3f6eba1 f00d81cc384141f1a4d4de839dd95130 - - default default] 10.0.0.133 "GET /v2.0/security-groups?tags=red HTTP/1.1" status: 200 len: 4999 time: 0.0415189
2026-05-09 18:06:51.924 9 INFO neutron.wsgi [None req-5df6fb69-3dfb-4dac-a2d7-c6fb645e8d6f cb3d761e9c4b43a3b72ef7711e4ebae3 4c287feb58b64c818ea17ddb083ef194 - - default default] 10.0.0.201 "GET /v2.0/extensions HTTP/1.1" status: 200 len: 18683 time: 0.0925708
2026-05-09 18:06:51.934 9 INFO neutron.wsgi [None req-0967b36b-cf87-463f-90f8-f9e4a1ca7ab7 a63e84229e2e43c88780c98de3f6eba1 f00d81cc384141f1a4d4de839dd95130 - - default default] 10.0.0.133 "GET /v2.0/security-groups?tags=red%2Cblue HTTP/1.1" status: 200 len: 3413 time: 0.0422471
2026-05-09 18:06:51.990 9 INFO neutron.wsgi [None req-329395bd-523c-423d-80d9-3dfa0999145f a63e84229e2e43c88780c98de3f6eba1 f00d81cc384141f1a4d4de839dd95130 - - default default] 10.0.0.133 "GET /v2.0/security-groups?tags-any=blue HTTP/1.1" status: 200 len: 3413 time: 0.0475380
2026-05-09 18:06:52.035 9 INFO neutron.wsgi [None req-1515f82e-90be-4b23-96a2-d3dfcab31727 a63e84229e2e43c88780c98de3f6eba1 f00d81cc384141f1a4d4de839dd95130 - - default default] 10.0.0.133 "GET /v2.0/security-groups?tags-any=red%2Cblue HTTP/1.1" status: 200 len: 4999 time: 0.0387988
2026-05-09 18:06:52.080 10 INFO neutron.wsgi [None req-c68dbcf0-a089-4cf4-ad00-793663b75759 b0c879c99dad44d09219c314d35f57e4 a5452024624c4173a9384ae077addd82 - - default default] 10.0.0.133 "DELETE /v2.0/routers/d55ba540-89a3-480e-9c2c-2b8ee9811112 HTTP/1.1" status: 204 len: 168 time: 0.9793639
2026-05-09 18:06:52.089 9 INFO neutron.wsgi [None req-81a31869-538e-4c80-bee9-a88de33d33a7 a63e84229e2e43c88780c98de3f6eba1 f00d81cc384141f1a4d4de839dd95130 - - default default] 10.0.0.133 "GET /v2.0/security-groups?not-tags=red HTTP/1.1" status: 200 len: 6289 time: 0.0485842
2026-05-09 18:06:52.104 9 INFO neutron.wsgi [None req-11433585-5a33-4c93-8d50-ee126b714c17 cb3d761e9c4b43a3b72ef7711e4ebae3 4c287feb58b64c818ea17ddb083ef194 - - default default] 10.0.0.201 "GET /v2.0/quotas/4c287feb58b64c818ea17ddb083ef194/details HTTP/1.1" status: 200 len: 1046 time: 0.1663885
2026-05-09 18:06:52.145 9 INFO neutron.wsgi [None req-d5b93fac-cc8f-41fd-ba8b-df02a577bf9f a63e84229e2e43c88780c98de3f6eba1 f00d81cc384141f1a4d4de839dd95130 - - default default] 10.0.0.133 "GET /v2.0/security-groups?not-tags=red%2Cblue HTTP/1.1" status: 200 len: 7875 time: 0.0509255
2026-05-09 18:06:52.194 9 INFO neutron.wsgi [None req-fe0f6873-dbbf-43d2-97e8-aa12b34a1376 a63e84229e2e43c88780c98de3f6eba1 f00d81cc384141f1a4d4de839dd95130 - - default default] 10.0.0.133 "GET /v2.0/security-groups?not-tags-any=blue HTTP/1.1" status: 200 len: 7875 time: 0.0426195
2026-05-09 18:06:52.234 9 INFO neutron.wsgi [None req-21a377d8-12dd-4dfb-add0-8f46e64421b8 a63e84229e2e43c88780c98de3f6eba1 f00d81cc384141f1a4d4de839dd95130 - - default default] 10.0.0.133 "GET /v2.0/security-groups?not-tags-any=red%2Cblue HTTP/1.1" status: 200 len: 6289 time: 0.0352936
2026-05-09 18:06:52.287 10 INFO neutron.wsgi [None req-109b6157-473c-4059-bc92-c638b9aaa736 b0c879c99dad44d09219c314d35f57e4 a5452024624c4173a9384ae077addd82 - - default default] 10.0.0.133 "DELETE /v2.0/subnets/8bb8920b-e51c-4b50-9dd7-b48b16423e7e HTTP/1.1" status: 204 len: 168 time: 0.2025316
2026-05-09 18:06:52.332 9 INFO neutron.wsgi [None req-49445de9-3406-4cc6-a32d-36cdbf0ad835 a63e84229e2e43c88780c98de3f6eba1 f00d81cc384141f1a4d4de839dd95130 - - default default] 10.0.0.133 "DELETE /v2.0/security-groups/6bec07bf-886f-41e8-90af-6a63e60b4aac HTTP/1.1" status: 204 len: 168 time: 0.0916862
2026-05-09 18:06:52.480 9 INFO neutron.wsgi [None req-2146ebaa-7c3d-4d4a-b344-6e8a8993236b a63e84229e2e43c88780c98de3f6eba1 f00d81cc384141f1a4d4de839dd95130 - - default default] 10.0.0.133 "DELETE /v2.0/security-groups/692ce2cb-2a2a-414c-89c7-a13752ec72f8 HTTP/1.1" status: 204 len: 168 time: 0.1434507
2026-05-09 18:06:52.595 9 INFO neutron.wsgi [None req-d4dd9dbf-9830-4756-98b3-c469ae1df2dc a63e84229e2e43c88780c98de3f6eba1 f00d81cc384141f1a4d4de839dd95130 - - default default] 10.0.0.133 "DELETE /v2.0/security-groups/9ae2f592-9a03-475b-91bd-ee7bc918e2cd HTTP/1.1" status: 204 len: 168 time: 0.1103172
2026-05-09 18:06:52.678 10 INFO neutron.services.segments.plugin [-] Segment 3527729b-8372-4baa-8c7e-c93e175781ae resource provider aggregate not found
2026-05-09 18:06:52.684 10 INFO neutron.services.segments.plugin [-] Segment 3527729b-8372-4baa-8c7e-c93e175781ae resource provider aggregate not found
2026-05-09 18:06:52.699 10 INFO neutron.services.segments.plugin [-] Segment 3527729b-8372-4baa-8c7e-c93e175781ae resource provider not found; error: Placement Client Error (4xx): {"errors": [{"status": 404, "title": "Not Found", "detail": "The resource could not be found.\n\n No resource provider with uuid 3527729b-8372-4baa-8c7e-c93e175781ae found for delete ", "request_id": "req-23ec93ae-bf1c-4b3f-87b4-595c7729f8d2"}]}
2026-05-09 18:06:52.700 10 INFO neutron.services.segments.plugin [-] Segment 3527729b-8372-4baa-8c7e-c93e175781ae resource provider not found; error: Placement Client Error (4xx): {"errors": [{"status": 404, "title": "Not Found", "detail": "The resource could not be found.\n\n No resource provider with uuid 3527729b-8372-4baa-8c7e-c93e175781ae found for delete ", "request_id": "req-cdd679cc-fcee-4ea9-8bb0-6a0ea6650c47"}]}
2026-05-09 18:06:52.709 10 INFO neutron.wsgi [None req-a4b2874f-005e-46a6-9fa4-cb5ac4f831b2 b0c879c99dad44d09219c314d35f57e4 a5452024624c4173a9384ae077addd82 - - default default] 10.0.0.133 "DELETE /v2.0/networks/1978d38c-6978-4dfe-9c93-3132c44d4003 HTTP/1.1" status: 204 len: 168 time: 0.4177103
2026-05-09 18:06:52.712 9 INFO neutron.wsgi [None req-e5f51ad5-2177-42a1-8888-62db5c3ae6c7 a63e84229e2e43c88780c98de3f6eba1 f00d81cc384141f1a4d4de839dd95130 - - default default] 10.0.0.133 "DELETE /v2.0/security-groups/348c92f9-c85f-48dc-a505-bf7fc3fced13 HTTP/1.1" status: 204 len: 168 time: 0.1125515
2026-05-09 18:06:52.834 9 INFO neutron.wsgi [None req-c0868568-ac33-4073-b300-750435eedf73 a63e84229e2e43c88780c98de3f6eba1 f00d81cc384141f1a4d4de839dd95130 - - default default] 10.0.0.133 "DELETE /v2.0/security-groups/6fdda04e-c74e-47fa-9066-4c4d5bb54ec4 HTTP/1.1" status: 204 len: 168 time: 0.1053214
2026-05-09 18:06:53.102 10 INFO neutron.wsgi [None req-c09903be-68ca-4e5d-89c3-049c94fb5142 b0c879c99dad44d09219c314d35f57e4 a5452024624c4173a9384ae077addd82 - - default default] 10.0.0.133 "GET /v2.0/security-groups?tenant_id=c132468cd94844ce9c0f83226fb20f9d&name=default HTTP/1.1" status: 200 len: 3120 time: 0.0424206
2026-05-09 18:06:53.539 10 INFO neutron.wsgi [None req-1f576a8d-33ec-4c2a-b6fd-148528221065 b0c879c99dad44d09219c314d35f57e4 a5452024624c4173a9384ae077addd82 - - default default] 10.0.0.133 "DELETE /v2.0/security-groups/89fde236-a3d9-4313-9c48-3ea2068d7c02 HTTP/1.1" status: 204 len: 168 time: 0.4312928
2026-05-09 18:06:53.764 10 INFO neutron.wsgi [None req-69d61979-1bf6-41d5-ad63-49a47dd1dc20 b0c879c99dad44d09219c314d35f57e4 a5452024624c4173a9384ae077addd82 - - default default] 10.0.0.133 "GET /v2.0/security-groups?tenant_id=6ac193bfd8624f65b71369121d42b741&name=default HTTP/1.1" status: 200 len: 3120 time: 0.0384951
2026-05-09 18:06:54.008 10 INFO neutron.wsgi [None req-653ef82d-ec71-4947-8264-b9c21f233f90 b0c879c99dad44d09219c314d35f57e4 a5452024624c4173a9384ae077addd82 - - default default] 10.0.0.133 "DELETE /v2.0/security-groups/6c07e734-c449-4fd7-ab99-3c035daaadc8 HTTP/1.1" status: 204 len: 168 time: 0.2393148
2026-05-09 18:06:54.015 10 INFO neutron.db.ovn_revision_numbers_db [None req-8288bc14-6581-4912-8a2f-c7e10aa1c458 b0c879c99dad44d09219c314d35f57e4 a5452024624c4173a9384ae077addd82 - - default default] Successfully bumped revision number for resource 7db530c9-ddc4-4ca9-84c9-57192d7a3246 (type: security_groups) to 1
2026-05-09 18:06:54.027 10 INFO neutron.db.ovn_revision_numbers_db [None req-8288bc14-6581-4912-8a2f-c7e10aa1c458 b0c879c99dad44d09219c314d35f57e4 a5452024624c4173a9384ae077addd82 - - default default] Successfully bumped revision number for resource 0b3e7749-d670-4658-8538-423f91b73211 (type: security_group_rules) to 0
2026-05-09 18:06:54.040 10 INFO neutron.db.ovn_revision_numbers_db [None req-8288bc14-6581-4912-8a2f-c7e10aa1c458 b0c879c99dad44d09219c314d35f57e4 a5452024624c4173a9384ae077addd82 - - default default] Successfully bumped revision number for resource 53f297fc-b264-4083-a882-41113fdb0c65 (type: security_group_rules) to 0
2026-05-09 18:06:54.053 10 INFO neutron.db.ovn_revision_numbers_db [None req-8288bc14-6581-4912-8a2f-c7e10aa1c458 b0c879c99dad44d09219c314d35f57e4 a5452024624c4173a9384ae077addd82 - - default default] Successfully bumped revision number for resource 69d1a0b8-724c-47ed-9032-2c098ff9d6cc (type: security_group_rules) to 0
2026-05-09 18:06:54.064 10 INFO neutron.db.ovn_revision_numbers_db [None req-8288bc14-6581-4912-8a2f-c7e10aa1c458 b0c879c99dad44d09219c314d35f57e4 a5452024624c4173a9384ae077addd82 - - default default] Successfully bumped revision number for resource ec81c01b-8b74-4833-983d-fff559dd72f5 (type: security_group_rules) to 0
2026-05-09 18:06:54.093 10 INFO neutron.wsgi [None req-8288bc14-6581-4912-8a2f-c7e10aa1c458 b0c879c99dad44d09219c314d35f57e4 a5452024624c4173a9384ae077addd82 - - default default] 10.0.0.133 "GET /v2.0/security-groups?tenant_id=31d1c1fbcde64e33b5aab6e7f11bd73e&name=default HTTP/1.1" status: 200 len: 3120 time: 0.4089613
2026-05-09 18:06:54.324 9 INFO neutron.wsgi [None req-faae357a-0e38-4c11-a63d-0426a68486be b0c879c99dad44d09219c314d35f57e4 a5452024624c4173a9384ae077addd82 - - default default] 10.0.0.133 "DELETE /v2.0/security-groups/7db530c9-ddc4-4ca9-84c9-57192d7a3246 HTTP/1.1" status: 204 len: 168 time: 0.2258945
2026-05-09 18:06:54.526 10 INFO neutron.wsgi [None req-acb4de3d-84cc-41b8-bf02-648651219bcc b0c879c99dad44d09219c314d35f57e4 a5452024624c4173a9384ae077addd82 - - default default] 10.0.0.133 "GET /v2.0/security-groups?tenant_id=f00d81cc384141f1a4d4de839dd95130&name=default HTTP/1.1" status: 200 len: 3120 time: 0.0431836
2026-05-09 18:06:54.633 9 INFO neutron.wsgi [None req-a72ca6b2-58d6-4030-acf7-791ae4909cbe cb3d761e9c4b43a3b72ef7711e4ebae3 4c287feb58b64c818ea17ddb083ef194 - - default default] 10.0.0.201 "GET /v2.0/extensions HTTP/1.1" status: 200 len: 18683 time: 0.0087233
2026-05-09 18:06:54.748 9 INFO neutron.wsgi [None req-7dbe1300-2952-46bc-b2a5-39b60f287e65 cb3d761e9c4b43a3b72ef7711e4ebae3 4c287feb58b64c818ea17ddb083ef194 - - default default] 10.0.0.201 "GET /v2.0/quotas/4c287feb58b64c818ea17ddb083ef194/details HTTP/1.1" status: 200 len: 1046 time: 0.0993166
2026-05-09 18:06:54.766 10 INFO neutron.wsgi [None req-5f171be6-1781-4344-b486-9967da04bc40 b0c879c99dad44d09219c314d35f57e4 a5452024624c4173a9384ae077addd82 - - default default] 10.0.0.133 "DELETE /v2.0/security-groups/80681704-8fbd-4916-baeb-a1bd603aedf1 HTTP/1.1" status: 204 len: 168 time: 0.2341835
2026-05-09 18:06:54.973 9 INFO neutron.db.ovn_revision_numbers_db [None req-a15fda60-aa40-46be-b4e3-33e48b95d82f b0c879c99dad44d09219c314d35f57e4 a5452024624c4173a9384ae077addd82 - - default default] Successfully bumped revision number for resource 0a2d681a-fd81-4903-bcaf-540dcdc632e6 (type: security_groups) to 1
2026-05-09 18:06:54.986 9 INFO neutron.db.ovn_revision_numbers_db [None req-a15fda60-aa40-46be-b4e3-33e48b95d82f b0c879c99dad44d09219c314d35f57e4 a5452024624c4173a9384ae077addd82 - - default default] Successfully bumped revision number for resource 48d9eb84-cba7-4f5d-bb3d-62cd942855fd (type: security_group_rules) to 0
2026-05-09 18:06:54.998 9 INFO neutron.db.ovn_revision_numbers_db [None req-a15fda60-aa40-46be-b4e3-33e48b95d82f b0c879c99dad44d09219c314d35f57e4 a5452024624c4173a9384ae077addd82 - - default default] Successfully bumped revision number for resource 7480d9ed-c88c-4ec0-a5ea-5c6e3e9fd9a8 (type: security_group_rules) to 0
2026-05-09 18:06:55.012 9 INFO neutron.db.ovn_revision_numbers_db [None req-a15fda60-aa40-46be-b4e3-33e48b95d82f b0c879c99dad44d09219c314d35f57e4 a5452024624c4173a9384ae077addd82 - - default default] Successfully bumped revision number for resource a0d616fb-9003-45d5-9865-1945a32b5130 (type: security_group_rules) to 0
2026-05-09 18:06:55.026 9 INFO neutron.db.ovn_revision_numbers_db [None req-a15fda60-aa40-46be-b4e3-33e48b95d82f b0c879c99dad44d09219c314d35f57e4 a5452024624c4173a9384ae077addd82 - - default default] Successfully bumped revision number for resource f7c0df42-5a4f-427d-a263-ca1dec7f7acf (type: security_group_rules) to 0
2026-05-09 18:06:55.046 9 INFO neutron.wsgi [None req-a15fda60-aa40-46be-b4e3-33e48b95d82f b0c879c99dad44d09219c314d35f57e4 a5452024624c4173a9384ae077addd82 - - default default] 10.0.0.133 "GET /v2.0/security-groups?tenant_id=e69575d224514f1391643e89fdaefd36&name=default HTTP/1.1" status: 200 len: 3120 time: 0.1924887
2026-05-09 18:06:55.274 10 INFO neutron.wsgi [None req-9f016c16-1aa4-496d-91c7-e2ce0198b720 b0c879c99dad44d09219c314d35f57e4 a5452024624c4173a9384ae077addd82 - - default default] 10.0.0.133 "DELETE /v2.0/security-groups/0a2d681a-fd81-4903-bcaf-540dcdc632e6 HTTP/1.1" status: 204 len: 168 time: 0.2224593
2026-05-09 18:06:57.414 10 INFO neutron.db.ovn_revision_numbers_db [None req-70e52823-2561-4399-8d62-1212ecc6c7c5 b0c879c99dad44d09219c314d35f57e4 a5452024624c4173a9384ae077addd82 - - default default] Successfully bumped revision number for resource 5346a6df-9f1d-4af5-9b5c-ee7a7cf80cb6 (type: security_groups) to 1
2026-05-09 18:06:57.429 10 INFO neutron.db.ovn_revision_numbers_db [None req-70e52823-2561-4399-8d62-1212ecc6c7c5 b0c879c99dad44d09219c314d35f57e4 a5452024624c4173a9384ae077addd82 - - default default] Successfully bumped revision number for resource 18cff49d-a2b6-4161-9bf1-98da811e2bba (type: security_group_rules) to 0
2026-05-09 18:06:57.442 10 INFO neutron.db.ovn_revision_numbers_db [None req-70e52823-2561-4399-8d62-1212ecc6c7c5 b0c879c99dad44d09219c314d35f57e4 a5452024624c4173a9384ae077addd82 - - default default] Successfully bumped revision number for resource a345aa0f-8a3e-43bc-8a8d-d27591626578 (type: security_group_rules) to 0
2026-05-09 18:06:57.454 10 INFO neutron.db.ovn_revision_numbers_db [None req-70e52823-2561-4399-8d62-1212ecc6c7c5 b0c879c99dad44d09219c314d35f57e4 a5452024624c4173a9384ae077addd82 - - default default] Successfully bumped revision number for resource c56e364c-d815-448d-bdb7-e9310b1612d6 (type: security_group_rules) to 0
2026-05-09 18:06:57.480 10 INFO neutron.db.ovn_revision_numbers_db [None req-70e52823-2561-4399-8d62-1212ecc6c7c5 b0c879c99dad44d09219c314d35f57e4 a5452024624c4173a9384ae077addd82 - - default default] Successfully bumped revision number for resource ca72fcee-5f78-43ed-a37f-eae81b761a73 (type: security_group_rules) to 0
2026-05-09 18:06:57.500 10 INFO neutron.wsgi [None req-70e52823-2561-4399-8d62-1212ecc6c7c5 b0c879c99dad44d09219c314d35f57e4 a5452024624c4173a9384ae077addd82 - - default default] 10.0.0.133 "GET /v2.0/security-groups?tenant_id=4c287feb58b64c818ea17ddb083ef194&name=default HTTP/1.1" status: 200 len: 3120 time: 0.3041000
2026-05-09 18:06:57.720 9 INFO neutron.wsgi [None req-cf296a4d-b9c5-4e58-b925-ab3fe35db833 b0c879c99dad44d09219c314d35f57e4 a5452024624c4173a9384ae077addd82 - - default default] 10.0.0.133 "DELETE /v2.0/security-groups/5346a6df-9f1d-4af5-9b5c-ee7a7cf80cb6 HTTP/1.1" status: 204 len: 168 time: 0.2153246
2026-05-09 18:06:58.165 9 INFO neutron.db.ovn_revision_numbers_db [None req-236fe0b6-583a-4892-ba50-c207449a60da 21bfb3f7fe5a465d8972fa9b1da33624 3c52d5e516474507a7edf96eb61f50c3 - - default default] Successfully bumped revision number for resource 84412bb0-bed3-4eca-980b-6280a53ee1e6 (type: security_groups) to 1
2026-05-09 18:06:58.178 9 INFO neutron.db.ovn_revision_numbers_db [None req-236fe0b6-583a-4892-ba50-c207449a60da 21bfb3f7fe5a465d8972fa9b1da33624 3c52d5e516474507a7edf96eb61f50c3 - - default default] Successfully bumped revision number for resource a348ff7b-3163-4d95-98c8-66f3bdd07170 (type: security_group_rules) to 0
2026-05-09 18:06:58.191 9 INFO neutron.db.ovn_revision_numbers_db [None req-236fe0b6-583a-4892-ba50-c207449a60da 21bfb3f7fe5a465d8972fa9b1da33624 3c52d5e516474507a7edf96eb61f50c3 - - default default] Successfully bumped revision number for resource bf410cb1-0551-48ad-9d1e-cc755dc9f602 (type: security_group_rules) to 0
2026-05-09 18:06:58.203 9 INFO neutron.db.ovn_revision_numbers_db [None req-236fe0b6-583a-4892-ba50-c207449a60da 21bfb3f7fe5a465d8972fa9b1da33624 3c52d5e516474507a7edf96eb61f50c3 - - default default] Successfully bumped revision number for resource da8efaaa-d856-442f-9469-da6918acd6a9 (type: security_group_rules) to 0
2026-05-09 18:06:58.217 9 INFO neutron.db.ovn_revision_numbers_db [None req-236fe0b6-583a-4892-ba50-c207449a60da 21bfb3f7fe5a465d8972fa9b1da33624 3c52d5e516474507a7edf96eb61f50c3 - - default default] Successfully bumped revision number for resource e1722982-9044-455d-8033-3f3aeca0e2a6 (type: security_group_rules) to 0
2026-05-09 18:06:58.269 9 INFO neutron.db.segments_db [None req-236fe0b6-583a-4892-ba50-c207449a60da 21bfb3f7fe5a465d8972fa9b1da33624 3c52d5e516474507a7edf96eb61f50c3 - - default default] Added segment 3eabf789-f831-4e01-a39b-507148b3fbb3 of type geneve for network b16cd6e1-a201-4ce0-b45d-90569a4bbe3b
2026-05-09 18:06:58.413 9 INFO neutron.db.ovn_revision_numbers_db [None req-236fe0b6-583a-4892-ba50-c207449a60da 21bfb3f7fe5a465d8972fa9b1da33624 3c52d5e516474507a7edf96eb61f50c3 - - default default] Successfully bumped revision number for resource b16cd6e1-a201-4ce0-b45d-90569a4bbe3b (type: networks) to 1
2026-05-09 18:06:58.600 9 WARNING neutron.scheduler.dhcp_agent_scheduler [None req-236fe0b6-583a-4892-ba50-c207449a60da 21bfb3f7fe5a465d8972fa9b1da33624 3c52d5e516474507a7edf96eb61f50c3 - - default default] No more DHCP agents
2026-05-09 18:06:58.601 9 WARNING neutron.api.rpc.agentnotifiers.dhcp_rpc_agent_api [None req-236fe0b6-583a-4892-ba50-c207449a60da 21bfb3f7fe5a465d8972fa9b1da33624 3c52d5e516474507a7edf96eb61f50c3 - - default default] Unable to schedule network b16cd6e1-a201-4ce0-b45d-90569a4bbe3b: no agents available; will retry on subsequent port and subnet creation events.
2026-05-09 18:06:58.689 9 INFO neutron.db.ovn_revision_numbers_db [None req-236fe0b6-583a-4892-ba50-c207449a60da 21bfb3f7fe5a465d8972fa9b1da33624 3c52d5e516474507a7edf96eb61f50c3 - - default default] Successfully bumped revision number for resource 5f215828-b665-44ff-9f94-46458fdd2b4d (type: ports) to 1
2026-05-09 18:06:58.713 9 INFO neutron.wsgi [None req-236fe0b6-583a-4892-ba50-c207449a60da 21bfb3f7fe5a465d8972fa9b1da33624 3c52d5e516474507a7edf96eb61f50c3 - - default default] 10.0.0.133 "POST /v2.0/networks HTTP/1.1" status: 201 len: 928 time: 0.7744267
2026-05-09 18:06:59.078 9 WARNING neutron.scheduler.dhcp_agent_scheduler [None req-113718e6-d3ca-4e0f-87fb-fcaf79dbdcab 21bfb3f7fe5a465d8972fa9b1da33624 3c52d5e516474507a7edf96eb61f50c3 - - default default] No more DHCP agents
2026-05-09 18:06:59.081 9 WARNING neutron.api.rpc.agentnotifiers.dhcp_rpc_agent_api [None req-113718e6-d3ca-4e0f-87fb-fcaf79dbdcab 21bfb3f7fe5a465d8972fa9b1da33624 3c52d5e516474507a7edf96eb61f50c3 - - default default] Unable to schedule network b16cd6e1-a201-4ce0-b45d-90569a4bbe3b: no agents available; will retry on subsequent port and subnet creation events.
2026-05-09 18:06:59.587 9 INFO neutron.db.ovn_revision_numbers_db [None req-113718e6-d3ca-4e0f-87fb-fcaf79dbdcab 21bfb3f7fe5a465d8972fa9b1da33624 3c52d5e516474507a7edf96eb61f50c3 - - default default] Successfully bumped revision number for resource 5f215828-b665-44ff-9f94-46458fdd2b4d (type: ports) to 2
2026-05-09 18:06:59.634 9 INFO neutron.db.ovn_revision_numbers_db [None req-113718e6-d3ca-4e0f-87fb-fcaf79dbdcab 21bfb3f7fe5a465d8972fa9b1da33624 3c52d5e516474507a7edf96eb61f50c3 - - default default] Successfully bumped revision number for resource 7943257b-8d62-49ed-bc4a-3e1e8261bb47 (type: subnets) to 0
2026-05-09 18:06:59.652 9 INFO neutron.wsgi [None req-113718e6-d3ca-4e0f-87fb-fcaf79dbdcab 21bfb3f7fe5a465d8972fa9b1da33624 3c52d5e516474507a7edf96eb61f50c3 - - default default] 10.0.0.133 "POST /v2.0/subnets HTTP/1.1" status: 201 len: 819 time: 0.9356651
2026-05-09 18:06:59.661 9 WARNING neutron.api.v2.base [None req-1dfcd759-3bdd-4ac5-9167-747564964d35 21bfb3f7fe5a465d8972fa9b1da33624 3c52d5e516474507a7edf96eb61f50c3 - - default default] An exception happened while processing the request body. The exception message is [Invalid input for target_tenant. Reason: 'None' is not a valid string.].: webob.exc.HTTPBadRequest: Invalid input for target_tenant. Reason: 'None' is not a valid string.
2026-05-09 18:06:59.662 9 INFO neutron.api.v2.resource [None req-1dfcd759-3bdd-4ac5-9167-747564964d35 21bfb3f7fe5a465d8972fa9b1da33624 3c52d5e516474507a7edf96eb61f50c3 - - default default] create failed (client error): Invalid input for target_tenant. Reason: 'None' is not a valid string.
2026-05-09 18:06:59.664 9 INFO neutron.wsgi [None req-1dfcd759-3bdd-4ac5-9167-747564964d35 21bfb3f7fe5a465d8972fa9b1da33624 3c52d5e516474507a7edf96eb61f50c3 - - default default] 10.0.0.133 "POST /v2.0/rbac-policies HTTP/1.1" status: 400 len: 346 time: 0.0076475
2026-05-09 18:06:59.732 9 WARNING neutron_lib.context [None req-75a447da-5f49-4057-9c9a-e3c452ebac41 5d36d32be82140adac3963a1f6d1ada7 9f6e4e434db24181bf9e677f911b1e93 - - default default] Method 'is_advsvc' is deprecated since 2023.2 release (neutron-lib 3.8.0) and will be removed once support for the old RBAC API policies will be removed from Neutron. Please use method 'is_service_role' instead.
2026-05-09 18:06:59.786 9 INFO neutron.wsgi [None req-75a447da-5f49-4057-9c9a-e3c452ebac41 5d36d32be82140adac3963a1f6d1ada7 9f6e4e434db24181bf9e677f911b1e93 - - default default] 10.0.0.133 "POST /v2.0/subnetpools HTTP/1.1" status: 201 len: 715 time: 0.2643900
2026-05-09 18:06:59.796 9 WARNING neutron_lib.context [None req-476c90a5-8709-4919-ae41-45257bf0993b 5d36d32be82140adac3963a1f6d1ada7 9f6e4e434db24181bf9e677f911b1e93 - - default default] Method 'is_advsvc' is deprecated since 2023.2 release (neutron-lib 3.8.0) and will be removed once support for the old RBAC API policies will be removed from Neutron. Please use method 'is_service_role' instead.
2026-05-09 18:06:59.847 9 INFO neutron.wsgi [None req-476c90a5-8709-4919-ae41-45257bf0993b 5d36d32be82140adac3963a1f6d1ada7 9f6e4e434db24181bf9e677f911b1e93 - - default default] 10.0.0.133 "POST /v2.0/subnetpools HTTP/1.1" status: 201 len: 715 time: 0.0564747
2026-05-09 18:06:59.856 9 WARNING neutron_lib.context [None req-c093ea04-2f5c-4aeb-a69b-8c93e406c6cb 5d36d32be82140adac3963a1f6d1ada7 9f6e4e434db24181bf9e677f911b1e93 - - default default] Method 'is_advsvc' is deprecated since 2023.2 release (neutron-lib 3.8.0) and will be removed once support for the old RBAC API policies will be removed from Neutron. Please use method 'is_service_role' instead.
2026-05-09 18:06:59.902 9 INFO neutron.wsgi [None req-c093ea04-2f5c-4aeb-a69b-8c93e406c6cb 5d36d32be82140adac3963a1f6d1ada7 9f6e4e434db24181bf9e677f911b1e93 - - default default] 10.0.0.133 "POST /v2.0/subnetpools HTTP/1.1" status: 201 len: 715 time: 0.0510125
2026-05-09 18:06:59.912 10 WARNING neutron_lib.context [None req-fa7c357e-0963-4fe7-a849-697aab51381b 5d36d32be82140adac3963a1f6d1ada7 9f6e4e434db24181bf9e677f911b1e93 - - default default] Method 'is_advsvc' is deprecated since 2023.2 release (neutron-lib 3.8.0) and will be removed once support for the old RBAC API policies will be removed from Neutron. Please use method 'is_service_role' instead.
2026-05-09 18:06:59.978 10 INFO neutron.wsgi [None req-fa7c357e-0963-4fe7-a849-697aab51381b 5d36d32be82140adac3963a1f6d1ada7 9f6e4e434db24181bf9e677f911b1e93 - - default default] 10.0.0.133 "POST /v2.0/subnetpools HTTP/1.1" status: 201 len: 715 time: 0.0711901
2026-05-09 18:06:59.990 9 WARNING neutron_lib.context [None req-aa7306b1-9d02-422b-b859-8a2aa100ff74 5d36d32be82140adac3963a1f6d1ada7 9f6e4e434db24181bf9e677f911b1e93 - - default default] Method 'is_advsvc' is deprecated since 2023.2 release (neutron-lib 3.8.0) and will be removed once support for the old RBAC API policies will be removed from Neutron. Please use method 'is_service_role' instead.
2026-05-09 18:07:00.037 9 INFO neutron.wsgi [None req-aa7306b1-9d02-422b-b859-8a2aa100ff74 5d36d32be82140adac3963a1f6d1ada7 9f6e4e434db24181bf9e677f911b1e93 - - default default] 10.0.0.133 "POST /v2.0/subnetpools HTTP/1.1" status: 201 len: 715 time: 0.0542281
2026-05-09 18:07:00.084 9 INFO neutron.wsgi [None req-81c82400-437d-467a-af10-5d4499c90289 5d36d32be82140adac3963a1f6d1ada7 9f6e4e434db24181bf9e677f911b1e93 - - default default] 10.0.0.133 "PUT /v2.0/subnetpools/94bb83bc-74b1-476f-a277-4f4858dc0712/tags HTTP/1.1" status: 200 len: 210 time: 0.0425017
2026-05-09 18:07:00.132 9 INFO neutron.wsgi [None req-b97e05ae-a08f-4c58-983e-b2f5dd04d8e2 5d36d32be82140adac3963a1f6d1ada7 9f6e4e434db24181bf9e677f911b1e93 - - default default] 10.0.0.133 "PUT /v2.0/subnetpools/6319d50f-241f-49f5-9614-917a48c4ae45/tags HTTP/1.1" status: 200 len: 218 time: 0.0436270
2026-05-09 18:07:00.173 9 INFO neutron.wsgi [None req-709ca700-c40c-47ad-bb6a-0a1cf55b4fbc 5d36d32be82140adac3963a1f6d1ada7 9f6e4e434db24181bf9e677f911b1e93 - - default default] 10.0.0.133 "PUT /v2.0/subnetpools/be69d1de-b103-4750-8908-1a2684b84aea/tags HTTP/1.1" status: 200 len: 227 time: 0.0360169
2026-05-09 18:07:00.189 10 INFO neutron.services.segments.plugin [-] Segment 3eabf789-f831-4e01-a39b-507148b3fbb3 resource provider aggregate not found
2026-05-09 18:07:00.192 10 INFO neutron.services.segments.plugin [-] Segment 3eabf789-f831-4e01-a39b-507148b3fbb3 resource provider aggregate not found
2026-05-09 18:07:00.206 10 INFO neutron.services.segments.plugin [-] Segment 3eabf789-f831-4e01-a39b-507148b3fbb3 resource provider not found; error: Placement Client Error (4xx): {"errors": [{"status": 404, "title": "Not Found", "detail": "The resource could not be found.\n\n No resource provider with uuid 3eabf789-f831-4e01-a39b-507148b3fbb3 found for delete ", "request_id": "req-3ddf257f-f69c-4e1e-a7c5-675c6d5baca4"}]}
2026-05-09 18:07:00.209 10 INFO neutron.services.segments.plugin [-] Segment 3eabf789-f831-4e01-a39b-507148b3fbb3 resource provider not found; error: Placement Client Error (4xx): {"errors": [{"status": 404, "title": "Not Found", "detail": "The resource could not be found.\n\n No resource provider with uuid 3eabf789-f831-4e01-a39b-507148b3fbb3 found for delete ", "request_id": "req-5a24cb92-6316-475a-90c9-3654913308e1"}]}
2026-05-09 18:07:00.214 9 INFO neutron.wsgi [None req-1480ec7d-ec45-4938-893c-88d2640acede 5d36d32be82140adac3963a1f6d1ada7 9f6e4e434db24181bf9e677f911b1e93 - - default default] 10.0.0.133 "PUT /v2.0/subnetpools/97a570d3-c419-4f45-aa17-7005e4e16259/tags HTTP/1.1" status: 200 len: 212 time: 0.0352721
2026-05-09 18:07:00.229 10 INFO neutron.wsgi [None req-408106c3-216f-4fa6-a0ae-dca3fe051bbf 21bfb3f7fe5a465d8972fa9b1da33624 3c52d5e516474507a7edf96eb61f50c3 - - default default] 10.0.0.133 "DELETE /v2.0/networks/b16cd6e1-a201-4ce0-b45d-90569a4bbe3b HTTP/1.1" status: 204 len: 168 time: 0.5602179
2026-05-09 18:07:00.246 9 INFO neutron.wsgi [None req-f721edcb-a31b-4f71-812b-4ab731771c37 5d36d32be82140adac3963a1f6d1ada7 9f6e4e434db24181bf9e677f911b1e93 - - default default] 10.0.0.133 "GET /v2.0/subnetpools?tags=red HTTP/1.1" status: 200 len: 1758 time: 0.0258543
2026-05-09 18:07:00.285 10 INFO neutron.wsgi [None req-5d2fd5ad-da52-4847-85fa-bc62ea6e2df0 5d36d32be82140adac3963a1f6d1ada7 9f6e4e434db24181bf9e677f911b1e93 - - default default] 10.0.0.133 "GET /v2.0/subnetpools?tags=red%2Cblue HTTP/1.1" status: 200 len: 1251 time: 0.0327435
2026-05-09 18:07:00.312 10 INFO neutron.wsgi [None req-00328447-e27c-4153-8eff-67f567ac0deb 5d36d32be82140adac3963a1f6d1ada7 9f6e4e434db24181bf9e677f911b1e93 - - default default] 10.0.0.133 "GET /v2.0/subnetpools?tags-any=blue HTTP/1.1" status: 200 len: 1251 time: 0.0222178
2026-05-09 18:07:00.347 10 INFO neutron.wsgi [None req-792790e8-68fb-47f5-990c-d714c507cac0 5d36d32be82140adac3963a1f6d1ada7 9f6e4e434db24181bf9e677f911b1e93 - - default default] 10.0.0.133 "GET /v2.0/subnetpools?tags-any=red%2Cblue HTTP/1.1" status: 200 len: 1758 time: 0.0306146
2026-05-09 18:07:00.349 10 INFO neutron.db.segments_db [None req-4e46ecc2-44f4-4f51-8c2d-87d2ab61e020 21bfb3f7fe5a465d8972fa9b1da33624 3c52d5e516474507a7edf96eb61f50c3 - - default default] Added segment e27c9780-8d96-41a4-9d11-24d96b02f5bc of type geneve for network 6979c198-ca22-42c1-a548-16fef686e412
2026-05-09 18:07:00.378 9 INFO neutron.wsgi [None req-6752bc0b-d7b2-46b1-8cea-6ebe6b4b5a78 5d36d32be82140adac3963a1f6d1ada7 9f6e4e434db24181bf9e677f911b1e93 - - default default] 10.0.0.133 "GET /v2.0/subnetpools?not-tags=red HTTP/1.1" status: 200 len: 1223 time: 0.0253539
2026-05-09 18:07:00.418 9 INFO neutron.wsgi [None req-5c178bd4-7988-4498-9381-4e1c28f9fdee 5d36d32be82140adac3963a1f6d1ada7 9f6e4e434db24181bf9e677f911b1e93 - - default default] 10.0.0.133 "GET /v2.0/subnetpools?not-tags=red%2Cblue HTTP/1.1" status: 200 len: 1730 time: 0.0345235
2026-05-09 18:07:00.455 9 INFO neutron.wsgi [None req-d036e959-d744-4d74-bafa-6c8280fb21be 5d36d32be82140adac3963a1f6d1ada7 9f6e4e434db24181bf9e677f911b1e93 - - default default] 10.0.0.133 "GET /v2.0/subnetpools?not-tags-any=blue HTTP/1.1" status: 200 len: 1730 time: 0.0313904
2026-05-09 18:07:00.489 9 INFO neutron.wsgi [None req-898e78c6-def3-44c1-abf9-1c395e5672c6 5d36d32be82140adac3963a1f6d1ada7 9f6e4e434db24181bf9e677f911b1e93 - - default default] 10.0.0.133 "GET /v2.0/subnetpools?not-tags-any=red%2Cblue HTTP/1.1" status: 200 len: 1223 time: 0.0278914
2026-05-09 18:07:00.512 10 INFO neutron.db.ovn_revision_numbers_db [None req-4e46ecc2-44f4-4f51-8c2d-87d2ab61e020 21bfb3f7fe5a465d8972fa9b1da33624 3c52d5e516474507a7edf96eb61f50c3 - - default default] Successfully bumped revision number for resource 6979c198-ca22-42c1-a548-16fef686e412 (type: networks) to 1
2026-05-09 18:07:00.559 9 INFO neutron.wsgi [None req-4d2f74f2-9f86-4aaa-a398-25fcd0ce583f 5d36d32be82140adac3963a1f6d1ada7 9f6e4e434db24181bf9e677f911b1e93 - - default default] 10.0.0.133 "DELETE /v2.0/subnetpools/94bb83bc-74b1-476f-a277-4f4858dc0712 HTTP/1.1" status: 204 len: 168 time: 0.0642757
2026-05-09 18:07:00.612 9 INFO neutron.wsgi [None req-987e2b25-9f99-4f30-a335-6dff722c7f1d 5d36d32be82140adac3963a1f6d1ada7 9f6e4e434db24181bf9e677f911b1e93 - - default default] 10.0.0.133 "DELETE /v2.0/subnetpools/6319d50f-241f-49f5-9614-917a48c4ae45 HTTP/1.1" status: 204 len: 168 time: 0.0473764
2026-05-09 18:07:00.674 9 INFO neutron.wsgi [None req-0013ae5a-f084-4059-afad-fbe2ce066043 5d36d32be82140adac3963a1f6d1ada7 9f6e4e434db24181bf9e677f911b1e93 - - default default] 10.0.0.133 "DELETE /v2.0/subnetpools/be69d1de-b103-4750-8908-1a2684b84aea HTTP/1.1" status: 204 len: 168 time: 0.0569439
2026-05-09 18:07:00.699 10 WARNING neutron_lib.context [None req-20f1a010-9894-4179-910f-7c6e7280e985 726f2cfae86c4ab6b41190e3b7a26223 5ba0753cc44d40aa84941b3ad22b43a8 - - default default] Method 'is_advsvc' is deprecated since 2023.2 release (neutron-lib 3.8.0) and will be removed once support for the old RBAC API policies will be removed from Neutron. Please use method 'is_service_role' instead.
2026-05-09 18:07:00.708 10 WARNING neutron.scheduler.dhcp_agent_scheduler [None req-4e46ecc2-44f4-4f51-8c2d-87d2ab61e020 21bfb3f7fe5a465d8972fa9b1da33624 3c52d5e516474507a7edf96eb61f50c3 - - default default] No more DHCP agents
2026-05-09 18:07:00.712 10 WARNING neutron.api.rpc.agentnotifiers.dhcp_rpc_agent_api [None req-4e46ecc2-44f4-4f51-8c2d-87d2ab61e020 21bfb3f7fe5a465d8972fa9b1da33624 3c52d5e516474507a7edf96eb61f50c3 - - default default] Unable to schedule network 6979c198-ca22-42c1-a548-16fef686e412: no agents available; will retry on subsequent port and subnet creation events.
2026-05-09 18:07:00.726 9 INFO neutron.wsgi [None req-d86aef73-16de-4590-a57d-4dc394cd11f2 5d36d32be82140adac3963a1f6d1ada7 9f6e4e434db24181bf9e677f911b1e93 - - default default] 10.0.0.133 "DELETE /v2.0/subnetpools/97a570d3-c419-4f45-aa17-7005e4e16259 HTTP/1.1" status: 204 len: 168 time: 0.0460110
2026-05-09 18:07:00.802 9 INFO neutron.wsgi [None req-cb4c93b6-d12b-4090-be95-aefcdbf8731c 5d36d32be82140adac3963a1f6d1ada7 9f6e4e434db24181bf9e677f911b1e93 - - default default] 10.0.0.133 "DELETE /v2.0/subnetpools/3d4c7ff4-a068-45ef-9465-dfe5661fc877 HTTP/1.1" status: 204 len: 168 time: 0.0710957
2026-05-09 18:07:00.815 10 INFO neutron.db.ovn_revision_numbers_db [None req-4e46ecc2-44f4-4f51-8c2d-87d2ab61e020 21bfb3f7fe5a465d8972fa9b1da33624 3c52d5e516474507a7edf96eb61f50c3 - - default default] Successfully bumped revision number for resource 69cc8263-fa38-471d-b571-7ccc6b575b42 (type: ports) to 1
2026-05-09 18:07:00.843 10 INFO neutron.wsgi [None req-4e46ecc2-44f4-4f51-8c2d-87d2ab61e020 21bfb3f7fe5a465d8972fa9b1da33624 3c52d5e516474507a7edf96eb61f50c3 - - default default] 10.0.0.133 "POST /v2.0/networks HTTP/1.1" status: 201 len: 928 time: 0.6069489
2026-05-09 18:07:00.900 10 INFO neutron.db.ovn_revision_numbers_db [None req-20f1a010-9894-4179-910f-7c6e7280e985 726f2cfae86c4ab6b41190e3b7a26223 5ba0753cc44d40aa84941b3ad22b43a8 - - default default] Successfully bumped revision number for resource 1f77edf8-54d2-4578-8823-045cfb25ef2a (type: security_groups) to 1
2026-05-09 18:07:00.929 10 INFO neutron.db.ovn_revision_numbers_db [None req-20f1a010-9894-4179-910f-7c6e7280e985 726f2cfae86c4ab6b41190e3b7a26223 5ba0753cc44d40aa84941b3ad22b43a8 - - default default] Successfully bumped revision number for resource 6c24c2b4-2554-4676-b745-7b1a7c829d1d (type: security_group_rules) to 0
2026-05-09 18:07:00.946 10 INFO neutron.db.ovn_revision_numbers_db [None req-20f1a010-9894-4179-910f-7c6e7280e985 726f2cfae86c4ab6b41190e3b7a26223 5ba0753cc44d40aa84941b3ad22b43a8 - - default default] Successfully bumped revision number for resource 91714006-21aa-4d3e-be77-377929de0f36 (type: security_group_rules) to 0
