File "/var/lib/openstack/lib/python3.10/site-packages/ovsdbapp/backend/ovs_idl/command.py", line 47, in execute
2026-05-09 18:06:36.935 10 ERROR neutron_lib.callbacks.manager self.run_idl(None)
2026-05-09 18:06:36.935 10 ERROR neutron_lib.callbacks.manager
File "/var/lib/openstack/lib/python3.10/site-packages/ovsdbapp/backend/ovs_idl/command.py", line 235, in run_idl
2026-05-09 18:06:36.935 10 ERROR neutron_lib.callbacks.manager record = self.api.lookup(self.table, self.record)
2026-05-09 18:06:36.935 10 ERROR neutron_lib.callbacks.manager
File "/var/lib/openstack/lib/python3.10/site-packages/ovsdbapp/backend/ovs_idl/__init__.py", line 184, in lookup
2026-05-09 18:06:36.935 10 ERROR neutron_lib.callbacks.manager return self._lookup(table, record)
2026-05-09 18:06:36.935 10 ERROR neutron_lib.callbacks.manager
File "/var/lib/openstack/lib/python3.10/site-packages/ovsdbapp/backend/ovs_idl/__init__.py", line 235, in _lookup
2026-05-09 18:06:36.935 10 ERROR neutron_lib.callbacks.manager row = idlutils.row_by_value(self, rl.table, rl.column, record)
2026-05-09 18:06:36.935 10 ERROR neutron_lib.callbacks.manager
File "/var/lib/openstack/lib/python3.10/site-packages/ovsdbapp/backend/ovs_idl/idlutils.py", line 114, in row_by_value
2026-05-09 18:06:36.935 10 ERROR neutron_lib.callbacks.manager raise RowNotFound(table=table, col=column, match=match)
2026-05-09 18:06:36.935 10 ERROR neutron_lib.callbacks.manager ovsdbapp.backend.ovs_idl.idlutils.RowNotFound: Cannot find Logical_Router_Port with name=lrp-e4960c76-2ec4-451f-b555-5660d4dd2ee9
2026-05-09 18:06:36.935 10 ERROR neutron_lib.callbacks.manager 
2026-05-09 18:06:37.074 10 INFO neutron.plugins.ml2.drivers.ovn.mech_driver.mech_driver [None req-a850ca9e-322b-40b9-b2ae-a04d5e93768d - - - - - -] OVN reports status up for port: e4960c76-2ec4-451f-b555-5660d4dd2ee9
2026-05-09 18:06:37.090 10 INFO neutron.plugins.ml2.plugin [None req-a850ca9e-322b-40b9-b2ae-a04d5e93768d - - - - - -] Attempt 1 to provision port e4960c76-2ec4-451f-b555-5660d4dd2ee9
2026-05-09 18:06:37.112 10 WARNING neutron_lib.context [None req-42cdfe44-8284-4c4d-8999-84608697eb95 4047042cb5f94adaacf1dd94abf3b8a4 9cfe5e1797c1481cbc4a96265fca48d1 - - default default] Method 'is_advsvc' is deprecated since 2023.2 release (neutron-lib 3.8.0) and will be removed once support for the old RBAC API policies will be removed from Neutron. Please use method 'is_service_role' instead.
2026-05-09 18:06:37.119 10 INFO neutron.db.ovn_revision_numbers_db [None req-2e4c1432-d15a-4d6c-a917-aa98c8e11ce4 1cb785ec686c4cb2a40e8aef8a0b1224 28be4ec2de5a4cdba24ff7b4be535e88 - - default default] Successfully bumped revision number for resource e4960c76-2ec4-451f-b555-5660d4dd2ee9 (type: ports) to 1
2026-05-09 18:06:37.254 10 WARNING neutron.scheduler.dhcp_agent_scheduler [None req-2e4c1432-d15a-4d6c-a917-aa98c8e11ce4 1cb785ec686c4cb2a40e8aef8a0b1224 28be4ec2de5a4cdba24ff7b4be535e88 - - default default] No more DHCP agents
2026-05-09 18:06:37.268 10 WARNING neutron.api.rpc.agentnotifiers.dhcp_rpc_agent_api [None req-2e4c1432-d15a-4d6c-a917-aa98c8e11ce4 1cb785ec686c4cb2a40e8aef8a0b1224 28be4ec2de5a4cdba24ff7b4be535e88 - - default default] Unable to schedule network 8153eb40-380b-4f7c-b557-72532108429c: no agents available; will retry on subsequent port and subnet creation events.
2026-05-09 18:06:37.294 10 INFO neutron.db.ovn_revision_numbers_db [None req-42cdfe44-8284-4c4d-8999-84608697eb95 4047042cb5f94adaacf1dd94abf3b8a4 9cfe5e1797c1481cbc4a96265fca48d1 - - default default] Successfully bumped revision number for resource 6f3b761f-7199-43ee-9ca1-67945c9d21b2 (type: routers) to 1
2026-05-09 18:06:37.338 10 INFO neutron.wsgi [None req-42cdfe44-8284-4c4d-8999-84608697eb95 4047042cb5f94adaacf1dd94abf3b8a4 9cfe5e1797c1481cbc4a96265fca48d1 - - default default] 10.0.0.133 "POST /v2.0/routers HTTP/1.1" status: 201 len: 769 time: 0.4111266
2026-05-09 18:06:37.350 9 WARNING neutron_lib.context [None req-d5c22007-a6c0-43c1-8eb8-59629363e9c1 4047042cb5f94adaacf1dd94abf3b8a4 9cfe5e1797c1481cbc4a96265fca48d1 - - default default] Method 'is_advsvc' is deprecated since 2023.2 release (neutron-lib 3.8.0) and will be removed once support for the old RBAC API policies will be removed from Neutron. Please use method 'is_service_role' instead.
2026-05-09 18:06:37.462 9 INFO neutron.db.ovn_revision_numbers_db [None req-d5c22007-a6c0-43c1-8eb8-59629363e9c1 4047042cb5f94adaacf1dd94abf3b8a4 9cfe5e1797c1481cbc4a96265fca48d1 - - default default] Successfully bumped revision number for resource ce30a7b7-a611-4257-b274-dc3583f7804c (type: routers) to 1
2026-05-09 18:06:37.476 9 INFO neutron.wsgi [None req-d5c22007-a6c0-43c1-8eb8-59629363e9c1 4047042cb5f94adaacf1dd94abf3b8a4 9cfe5e1797c1481cbc4a96265fca48d1 - - default default] 10.0.0.133 "POST /v2.0/routers HTTP/1.1" status: 201 len: 769 time: 0.1325994
2026-05-09 18:06:37.486 9 WARNING neutron_lib.context [None req-35ed4c71-a5da-460b-b956-aac119e31a37 4047042cb5f94adaacf1dd94abf3b8a4 9cfe5e1797c1481cbc4a96265fca48d1 - - default default] Method 'is_advsvc' is deprecated since 2023.2 release (neutron-lib 3.8.0) and will be removed once support for the old RBAC API policies will be removed from Neutron. Please use method 'is_service_role' instead.
2026-05-09 18:06:37.492 10 INFO neutron.db.ovn_revision_numbers_db [None req-2e4c1432-d15a-4d6c-a917-aa98c8e11ce4 1cb785ec686c4cb2a40e8aef8a0b1224 28be4ec2de5a4cdba24ff7b4be535e88 - - default default] Successfully bumped revision number for resource e4960c76-2ec4-451f-b555-5660d4dd2ee9 (type: router_ports) to 1
2026-05-09 18:06:37.498 10 INFO neutron.wsgi [None req-2e4c1432-d15a-4d6c-a917-aa98c8e11ce4 1cb785ec686c4cb2a40e8aef8a0b1224 28be4ec2de5a4cdba24ff7b4be535e88 - - default default] 10.0.0.133 "PUT /v2.0/routers/49ebd5f6-1b5d-4372-ad39-65124363738f/add_router_interface HTTP/1.1" status: 200 len: 503 time: 1.9217608
2026-05-09 18:06:37.629 9 INFO neutron.wsgi [None req-dd764390-6f08-4f19-bcb0-6a8f501b1826 1cb785ec686c4cb2a40e8aef8a0b1224 28be4ec2de5a4cdba24ff7b4be535e88 - - default default] 10.0.0.133 "GET /v2.0/ports/e4960c76-2ec4-451f-b555-5660d4dd2ee9 HTTP/1.1" status: 200 len: 1141 time: 0.1239493
2026-05-09 18:06:37.655 9 INFO neutron.db.ovn_revision_numbers_db [None req-35ed4c71-a5da-460b-b956-aac119e31a37 4047042cb5f94adaacf1dd94abf3b8a4 9cfe5e1797c1481cbc4a96265fca48d1 - - default default] Successfully bumped revision number for resource 755f745a-7f9a-4a5b-895e-d809f23162f3 (type: routers) to 1
2026-05-09 18:06:37.670 9 INFO neutron.wsgi [None req-35ed4c71-a5da-460b-b956-aac119e31a37 4047042cb5f94adaacf1dd94abf3b8a4 9cfe5e1797c1481cbc4a96265fca48d1 - - default default] 10.0.0.133 "POST /v2.0/routers HTTP/1.1" status: 201 len: 769 time: 0.1880715
2026-05-09 18:06:37.675 9 INFO neutron.wsgi [None req-3173c84d-a9cc-45b6-b61d-4d4c63a03c5d 1cb785ec686c4cb2a40e8aef8a0b1224 28be4ec2de5a4cdba24ff7b4be535e88 - - default default] 10.0.0.133 "GET /v2.0/ports/e4960c76-2ec4-451f-b555-5660d4dd2ee9 HTTP/1.1" status: 200 len: 1141 time: 0.0384068
2026-05-09 18:06:37.679 9 WARNING neutron_lib.context [None req-c4c6e5aa-e3a2-4baf-be92-fd1925b82864 4047042cb5f94adaacf1dd94abf3b8a4 9cfe5e1797c1481cbc4a96265fca48d1 - - default default] Method 'is_advsvc' is deprecated since 2023.2 release (neutron-lib 3.8.0) and will be removed once support for the old RBAC API policies will be removed from Neutron. Please use method 'is_service_role' instead.
2026-05-09 18:06:37.848 10 INFO neutron.db.ovn_revision_numbers_db [None req-a850ca9e-322b-40b9-b2ae-a04d5e93768d - - - - - -] Successfully bumped revision number for resource e4960c76-2ec4-451f-b555-5660d4dd2ee9 (type: ports) to 2
2026-05-09 18:06:37.976 10 INFO neutron.db.ovn_revision_numbers_db [None req-a850ca9e-322b-40b9-b2ae-a04d5e93768d - - - - - -] Successfully bumped revision number for resource e4960c76-2ec4-451f-b555-5660d4dd2ee9 (type: router_ports) to 2
2026-05-09 18:06:38.058 9 INFO neutron.db.ovn_revision_numbers_db [None req-c4c6e5aa-e3a2-4baf-be92-fd1925b82864 4047042cb5f94adaacf1dd94abf3b8a4 9cfe5e1797c1481cbc4a96265fca48d1 - - default default] Successfully bumped revision number for resource 7e6b6a65-4c3d-4ab7-9baa-dc264b472da2 (type: routers) to 1
2026-05-09 18:06:38.075 9 INFO neutron.wsgi [None req-c4c6e5aa-e3a2-4baf-be92-fd1925b82864 4047042cb5f94adaacf1dd94abf3b8a4 9cfe5e1797c1481cbc4a96265fca48d1 - - default default] 10.0.0.133 "POST /v2.0/routers HTTP/1.1" status: 201 len: 769 time: 0.3997281
2026-05-09 18:06:38.087 10 WARNING neutron_lib.context [None req-c75b99d8-1dc0-4b23-ba1e-a0a47a8bf9ff 4047042cb5f94adaacf1dd94abf3b8a4 9cfe5e1797c1481cbc4a96265fca48d1 - - default default] Method 'is_advsvc' is deprecated since 2023.2 release (neutron-lib 3.8.0) and will be removed once support for the old RBAC API policies will be removed from Neutron. Please use method 'is_service_role' instead.
2026-05-09 18:06:38.214 10 INFO neutron.db.ovn_revision_numbers_db [None req-c75b99d8-1dc0-4b23-ba1e-a0a47a8bf9ff 4047042cb5f94adaacf1dd94abf3b8a4 9cfe5e1797c1481cbc4a96265fca48d1 - - default default] Successfully bumped revision number for resource 92fab2ef-3504-4466-b19e-b78788ea2060 (type: routers) to 1
2026-05-09 18:06:38.233 10 INFO neutron.wsgi [None req-c75b99d8-1dc0-4b23-ba1e-a0a47a8bf9ff 4047042cb5f94adaacf1dd94abf3b8a4 9cfe5e1797c1481cbc4a96265fca48d1 - - default default] 10.0.0.133 "POST /v2.0/routers HTTP/1.1" status: 201 len: 769 time: 0.1510103
2026-05-09 18:06:38.315 10 INFO neutron.wsgi [None req-ba47185d-cfa6-4ef4-a334-ded7ebcd3a31 4047042cb5f94adaacf1dd94abf3b8a4 9cfe5e1797c1481cbc4a96265fca48d1 - - default default] 10.0.0.133 "PUT /v2.0/routers/6f3b761f-7199-43ee-9ca1-67945c9d21b2/tags HTTP/1.1" status: 200 len: 210 time: 0.0781720
2026-05-09 18:06:38.389 10 INFO neutron.wsgi [None req-3c9d689e-077d-4d10-aa47-c821a7b753d5 4047042cb5f94adaacf1dd94abf3b8a4 9cfe5e1797c1481cbc4a96265fca48d1 - - default default] 10.0.0.133 "PUT /v2.0/routers/ce30a7b7-a611-4257-b274-dc3583f7804c/tags HTTP/1.1" status: 200 len: 218 time: 0.0687363
2026-05-09 18:06:38.457 10 INFO neutron.wsgi [None req-a33e34ae-24d2-4bb3-add7-1172157f31a5 4047042cb5f94adaacf1dd94abf3b8a4 9cfe5e1797c1481cbc4a96265fca48d1 - - default default] 10.0.0.133 "PUT /v2.0/routers/755f745a-7f9a-4a5b-895e-d809f23162f3/tags HTTP/1.1" status: 200 len: 227 time: 0.0629697
2026-05-09 18:06:38.522 10 INFO neutron.wsgi [None req-b0f54dc4-67e2-4701-81b8-45757aa5afb2 4047042cb5f94adaacf1dd94abf3b8a4 9cfe5e1797c1481cbc4a96265fca48d1 - - default default] 10.0.0.133 "PUT /v2.0/routers/7e6b6a65-4c3d-4ab7-9baa-dc264b472da2/tags HTTP/1.1" status: 200 len: 212 time: 0.0604181
2026-05-09 18:06:38.581 9 INFO neutron.wsgi [None req-4912098e-b690-4022-ae95-f10a523296f8 1cb785ec686c4cb2a40e8aef8a0b1224 28be4ec2de5a4cdba24ff7b4be535e88 - - default default] 10.0.0.133 "PUT /v2.0/routers/49ebd5f6-1b5d-4372-ad39-65124363738f/remove_router_interface HTTP/1.1" status: 200 len: 503 time: 0.8990135 /var/lib/openstack/lib/python3.10/site-packages/pycadf/identifier.py:71: UserWarning: Invalid uuid: neutron. To ensure interoperability, identifiers should be a valid uuid. warnings.warn(('Invalid uuid: %s. To ensure interoperability, '
2026-05-09 18:06:38.598 10 INFO neutron.wsgi [None req-bf4c634a-6e25-49cd-92f6-2cba8bcea1ae 4047042cb5f94adaacf1dd94abf3b8a4 9cfe5e1797c1481cbc4a96265fca48d1 - - default default] 10.0.0.133 "GET /v2.0/routers?tags=red HTTP/1.1" status: 200 len: 1946 time: 0.0715666
2026-05-09 18:06:38.609 9 INFO neutron.wsgi [None req-8ad9f406-a0c4-4e25-a905-bc54c1f4117f 1cb785ec686c4cb2a40e8aef8a0b1224 28be4ec2de5a4cdba24ff7b4be535e88 - - default default] 10.0.0.133 "GET /v2.0/ports?device_id=49ebd5f6-1b5d-4372-ad39-65124363738f HTTP/1.1" status: 200 len: 205 time: 0.0218799
2026-05-09 18:06:38.676 10 INFO neutron.wsgi [None req-30a4a5fb-4613-4da7-9bff-60a0e14e9b0a 4047042cb5f94adaacf1dd94abf3b8a4 9cfe5e1797c1481cbc4a96265fca48d1 - - default default] 10.0.0.133 "GET /v2.0/routers?tags=red%2Cblue HTTP/1.1" status: 200 len: 1375 time: 0.0724294
2026-05-09 18:06:38.774 9 INFO neutron.wsgi [None req-cfa36b94-269e-44e1-94a0-3f8031b329cc 4047042cb5f94adaacf1dd94abf3b8a4 9cfe5e1797c1481cbc4a96265fca48d1 - - default default] 10.0.0.133 "GET /v2.0/routers?tags-any=blue HTTP/1.1" status: 200 len: 1375 time: 0.0933764
2026-05-09 18:06:38.858 10 INFO neutron.wsgi [None req-a45be7fb-d17f-43d1-9296-c71a57ba7f77 4047042cb5f94adaacf1dd94abf3b8a4 9cfe5e1797c1481cbc4a96265fca48d1 - - default default] 10.0.0.133 "GET /v2.0/routers?tags-any=red%2Cblue HTTP/1.1" status: 200 len: 1946 time: 0.0779831
2026-05-09 18:06:38.885 9 INFO neutron.wsgi [None req-d0f9d59b-0b02-4784-b448-4d8651db8c33 1cb785ec686c4cb2a40e8aef8a0b1224 28be4ec2de5a4cdba24ff7b4be535e88 - - default default] 10.0.0.133 "DELETE /v2.0/routers/49ebd5f6-1b5d-4372-ad39-65124363738f HTTP/1.1" status: 204 len: 168 time: 0.2714531
2026-05-09 18:06:38.925 10 INFO neutron.wsgi [None req-40a9b746-d07d-4124-8e7b-c52489428591 4047042cb5f94adaacf1dd94abf3b8a4 9cfe5e1797c1481cbc4a96265fca48d1 - - default default] 10.0.0.133 "GET /v2.0/routers?not-tags=red HTTP/1.1" status: 200 len: 1347 time: 0.0629289
2026-05-09 18:06:38.990 10 INFO neutron.wsgi [None req-5bfb71b5-a3d4-4128-8dd2-73dc7d7f2f02 4047042cb5f94adaacf1dd94abf3b8a4 9cfe5e1797c1481cbc4a96265fca48d1 - - default default] 10.0.0.133 "GET /v2.0/routers?not-tags=red%2Cblue HTTP/1.1" status: 200 len: 1918 time: 0.0608079
2026-05-09 18:06:39.057 9 INFO neutron.wsgi [None req-a7139564-e7a6-4c01-b762-0d643d91b145 1cb785ec686c4cb2a40e8aef8a0b1224 28be4ec2de5a4cdba24ff7b4be535e88 - - default default] 10.0.0.133 "DELETE /v2.0/subnets/e72a1e60-7651-4bee-b448-257866a57b86 HTTP/1.1" status: 204 len: 168 time: 0.1670177
2026-05-09 18:06:39.264 10 INFO neutron.wsgi [None req-4ca4565a-b54c-4ba7-9245-35fff4ddfa30 4047042cb5f94adaacf1dd94abf3b8a4 9cfe5e1797c1481cbc4a96265fca48d1 - - default default] 10.0.0.133 "GET /v2.0/routers?not-tags-any=blue HTTP/1.1" status: 200 len: 1918 time: 0.2697821
2026-05-09 18:06:39.315 10 INFO neutron.wsgi [None req-5e53d6a9-b860-489f-90f2-0d9941e4cbee 4047042cb5f94adaacf1dd94abf3b8a4 9cfe5e1797c1481cbc4a96265fca48d1 - - default default] 10.0.0.133 "GET /v2.0/routers?not-tags-any=red%2Cblue HTTP/1.1" status: 200 len: 1347 time: 0.0456686
2026-05-09 18:06:39.370 10 INFO neutron.wsgi [None req-11c84a8c-0b2d-4f44-84be-5d48cf005ba0 4047042cb5f94adaacf1dd94abf3b8a4 9cfe5e1797c1481cbc4a96265fca48d1 - - default default] 10.0.0.133 "GET /v2.0/routers/6f3b761f-7199-43ee-9ca1-67945c9d21b2 HTTP/1.1" status: 200 len: 775 time: 0.0492988
2026-05-09 18:06:39.405 9 INFO neutron.services.segments.plugin [-] Segment 3e17d142-7e92-487f-97e6-6093dd073567 resource provider aggregate not found
2026-05-09 18:06:39.410 9 INFO neutron.services.segments.plugin [-] Segment 3e17d142-7e92-487f-97e6-6093dd073567 resource provider aggregate not found
2026-05-09 18:06:39.424 9 INFO neutron.services.segments.plugin [-] Segment 3e17d142-7e92-487f-97e6-6093dd073567 resource provider not found; error: Placement Client Error (4xx): {"errors": [{"status": 404, "title": "Not Found", "detail": "The resource could not be found.\n\n No resource provider with uuid 3e17d142-7e92-487f-97e6-6093dd073567 found for delete ", "request_id": "req-5858be71-86cf-4f29-b010-d709ad200802"}]}
2026-05-09 18:06:39.426 9 INFO neutron.services.segments.plugin [-] Segment 3e17d142-7e92-487f-97e6-6093dd073567 resource provider not found; error: Placement Client Error (4xx): {"errors": [{"status": 404, "title": "Not Found", "detail": "The resource could not be found.\n\n No resource provider with uuid 3e17d142-7e92-487f-97e6-6093dd073567 found for delete ", "request_id": "req-be1af472-d41e-4fb8-9a77-b1d36618cddc"}]}
2026-05-09 18:06:39.444 9 INFO neutron.wsgi [None req-8a852861-a570-478a-ba11-24ad6efbe481 1cb785ec686c4cb2a40e8aef8a0b1224 28be4ec2de5a4cdba24ff7b4be535e88 - - default default] 10.0.0.133 "DELETE /v2.0/networks/8153eb40-380b-4f7c-b557-72532108429c HTTP/1.1" status: 204 len: 168 time: 0.3823540
2026-05-09 18:06:39.455 9 WARNING neutron_lib.context [None req-779076e7-d567-448f-8dd7-746d79b6deff 1cb785ec686c4cb2a40e8aef8a0b1224 28be4ec2de5a4cdba24ff7b4be535e88 - - default default] Method 'is_advsvc' is deprecated since 2023.2 release (neutron-lib 3.8.0) and will be removed once support for the old RBAC API policies will be removed from Neutron. Please use method 'is_service_role' instead.
2026-05-09 18:06:39.724 10 INFO neutron.db.ovn_revision_numbers_db [None req-55b2437a-ddb2-44a8-a8f0-9b4d7d3ab899 4047042cb5f94adaacf1dd94abf3b8a4 9cfe5e1797c1481cbc4a96265fca48d1 - - default default] Successfully bumped revision number for resource 6f3b761f-7199-43ee-9ca1-67945c9d21b2 (type: routers) to 2
2026-05-09 18:06:39.730 10 INFO neutron.wsgi [None req-55b2437a-ddb2-44a8-a8f0-9b4d7d3ab899 4047042cb5f94adaacf1dd94abf3b8a4 9cfe5e1797c1481cbc4a96265fca48d1 - - default default] 10.0.0.133 "PUT /v2.0/routers/6f3b761f-7199-43ee-9ca1-67945c9d21b2 HTTP/1.1" status: 200 len: 775 time: 0.3554556
2026-05-09 18:06:39.765 9 INFO neutron.wsgi [None req-8633c595-9bca-4988-9fea-c0952117d023 4047042cb5f94adaacf1dd94abf3b8a4 9cfe5e1797c1481cbc4a96265fca48d1 - - default default] 10.0.0.133 "GET /v2.0/ports?device_id=6f3b761f-7199-43ee-9ca1-67945c9d21b2 HTTP/1.1" status: 200 len: 205 time: 0.0305078
2026-05-09 18:06:39.982 9 WARNING neutron.scheduler.dhcp_agent_scheduler [None req-779076e7-d567-448f-8dd7-746d79b6deff 1cb785ec686c4cb2a40e8aef8a0b1224 28be4ec2de5a4cdba24ff7b4be535e88 - - default default] No more DHCP agents
2026-05-09 18:06:39.985 9 WARNING neutron.api.rpc.agentnotifiers.dhcp_rpc_agent_api [None req-779076e7-d567-448f-8dd7-746d79b6deff 1cb785ec686c4cb2a40e8aef8a0b1224 28be4ec2de5a4cdba24ff7b4be535e88 - - default default] Unable to schedule network 08539ba2-fb25-4466-881c-5e4218d9c7d2: no agents available; will retry on subsequent port and subnet creation events.
2026-05-09 18:06:40.018 10 INFO neutron.wsgi [None req-f006c320-5981-4f80-a147-98c22b742762 4047042cb5f94adaacf1dd94abf3b8a4 9cfe5e1797c1481cbc4a96265fca48d1 - - default default] 10.0.0.133 "DELETE /v2.0/routers/6f3b761f-7199-43ee-9ca1-67945c9d21b2 HTTP/1.1" status: 204 len: 168 time: 0.2477794
2026-05-09 18:06:40.064 10 INFO neutron.wsgi [None req-e5d5cd7f-bbdd-4528-ae2f-aa724a834de6 4047042cb5f94adaacf1dd94abf3b8a4 9cfe5e1797c1481cbc4a96265fca48d1 - - default default] 10.0.0.133 "GET /v2.0/routers/ce30a7b7-a611-4257-b274-dc3583f7804c HTTP/1.1" status: 200 len: 783 time: 0.0414906
2026-05-09 18:06:40.149 9 INFO neutron.db.ovn_revision_numbers_db [None req-779076e7-d567-448f-8dd7-746d79b6deff 1cb785ec686c4cb2a40e8aef8a0b1224 28be4ec2de5a4cdba24ff7b4be535e88 - - default default] Successfully bumped revision number for resource 19c98e9d-9e9b-4a09-87ad-18e4858510b9 (type: ports) to 1
2026-05-09 18:06:40.421 10 INFO neutron.db.ovn_revision_numbers_db [None req-1dbc1f93-7dfd-4999-a93c-1a0c661809ea 4047042cb5f94adaacf1dd94abf3b8a4 9cfe5e1797c1481cbc4a96265fca48d1 - - default default] Successfully bumped revision number for resource ce30a7b7-a611-4257-b274-dc3583f7804c (type: routers) to 2
2026-05-09 18:06:40.427 10 INFO neutron.wsgi [None req-1dbc1f93-7dfd-4999-a93c-1a0c661809ea 4047042cb5f94adaacf1dd94abf3b8a4 9cfe5e1797c1481cbc4a96265fca48d1 - - default default] 10.0.0.133 "PUT /v2.0/routers/ce30a7b7-a611-4257-b274-dc3583f7804c HTTP/1.1" status: 200 len: 783 time: 0.3588331
2026-05-09 18:06:40.457 10 INFO neutron.wsgi [None req-779d240c-a910-4333-a63e-6cb55ccb9c4d 4047042cb5f94adaacf1dd94abf3b8a4 9cfe5e1797c1481cbc4a96265fca48d1 - - default default] 10.0.0.133 "GET /v2.0/ports?device_id=ce30a7b7-a611-4257-b274-dc3583f7804c HTTP/1.1" status: 200 len: 205 time: 0.0236382
2026-05-09 18:06:40.914 10 INFO neutron.wsgi [req-7c84186e-20ba-4181-8ca9-a79aaa2e8f45 req-6e43bb1d-b871-4e16-a49e-a7b27cf5d9df c7253c8ec3af45d482d8ac12a924f79b c132468cd94844ce9c0f83226fb20f9d - - default default] 10.0.0.125 "GET /v2.0/ports?device_id=5585552a-2f98-4e87-b164-c11fc92175e6 HTTP/1.1" status: 200 len: 1214 time: 0.3669508
2026-05-09 18:06:40.946 10 INFO neutron.wsgi [None req-d41dcf9f-6c75-42d9-8d2c-252dbd4aa562 4047042cb5f94adaacf1dd94abf3b8a4 9cfe5e1797c1481cbc4a96265fca48d1 - - default default] 10.0.0.133 "DELETE /v2.0/routers/ce30a7b7-a611-4257-b274-dc3583f7804c HTTP/1.1" status: 204 len: 168 time: 0.4813976
2026-05-09 18:06:40.981 10 INFO neutron.wsgi [req-7c84186e-20ba-4181-8ca9-a79aaa2e8f45 req-e7a0e652-c425-47cd-987b-89bddbebd0fe c7253c8ec3af45d482d8ac12a924f79b c132468cd94844ce9c0f83226fb20f9d - - default default] 10.0.0.125 "GET /v2.0/security-groups?id=c2e6eff8-ebfa-4324-bee3-85e43ad74c62&id=e87f33fe-92f6-47f3-8bf7-78c968b56f9c&fields=id&fields=name HTTP/1.1" status: 200 len: 406 time: 0.0610006
2026-05-09 18:06:41.006 10 INFO neutron.wsgi [None req-cf914328-512d-43b1-b868-12aa850aead6 4047042cb5f94adaacf1dd94abf3b8a4 9cfe5e1797c1481cbc4a96265fca48d1 - - default default] 10.0.0.133 "GET /v2.0/routers/755f745a-7f9a-4a5b-895e-d809f23162f3 HTTP/1.1" status: 200 len: 792 time: 0.0550985
2026-05-09 18:06:41.111 9 INFO neutron.plugins.ml2.drivers.ovn.mech_driver.ovsdb.commands [None req-91cd2453-1e13-47a7-bb5a-be6a95c476c7 - - - - - -] Schedule LRP lrp-19c98e9d-9e9b-4a09-87ad-18e4858510b9 on gateway eb62f7fb-7d9c-4b15-8d25-46a9ae4e9234 with priority 1
2026-05-09 18:06:41.131 9 INFO neutron.plugins.ml2.drivers.ovn.mech_driver.mech_driver [None req-92ca9d30-b5f6-46a0-83a6-a6bebe0da3ef - - - - - -] OVN reports status up for port: 19c98e9d-9e9b-4a09-87ad-18e4858510b9
2026-05-09 18:06:41.139 9 INFO neutron.plugins.ml2.plugin [None req-92ca9d30-b5f6-46a0-83a6-a6bebe0da3ef - - - - - -] Attempt 1 to provision port 19c98e9d-9e9b-4a09-87ad-18e4858510b9
2026-05-09 18:06:41.156 10 INFO neutron.wsgi [None req-24af253b-dc71-40a4-9f86-52b3a9bef16e 8181b625d7c441c68502368aa16d4fe0 6ac193bfd8624f65b71369121d42b741 - - default default] 10.0.0.133 "GET /v2.0/ports?device_id=5585552a-2f98-4e87-b164-c11fc92175e6 HTTP/1.1" status: 200 len: 1447 time: 0.1484931
2026-05-09 18:06:41.160 9 INFO neutron.db.ovn_revision_numbers_db [None req-779076e7-d567-448f-8dd7-746d79b6deff 1cb785ec686c4cb2a40e8aef8a0b1224 28be4ec2de5a4cdba24ff7b4be535e88 - - default default] Successfully bumped revision number for resource 19c98e9d-9e9b-4a09-87ad-18e4858510b9 (type: router_ports) to 1
2026-05-09 18:06:41.264 9 INFO neutron.wsgi [None req-70d7bc08-bf99-411c-9943-c21c5b0bac32 c7253c8ec3af45d482d8ac12a924f79b c132468cd94844ce9c0f83226fb20f9d - - default default] 10.0.0.133 "GET /v2.0/floatingips?floating_network_id=08539ba2-fb25-4466-881c-5e4218d9c7d2&port_id=d61e436e-33e8-4034-9d12-740c746f1bd1 HTTP/1.1" status: 200 len: 1055 time: 0.1015599
2026-05-09 18:06:41.282 9 INFO neutron.db.ovn_revision_numbers_db [None req-779076e7-d567-448f-8dd7-746d79b6deff 1cb785ec686c4cb2a40e8aef8a0b1224 28be4ec2de5a4cdba24ff7b4be535e88 - - default default] Successfully bumped revision number for resource cf7afa82-280a-4dad-b468-6fb160f6145b (type: routers) to 2
2026-05-09 18:06:41.299 9 INFO neutron.wsgi [None req-779076e7-d567-448f-8dd7-746d79b6deff 1cb785ec686c4cb2a40e8aef8a0b1224 28be4ec2de5a4cdba24ff7b4be535e88 - - default default] 10.0.0.133 "POST /v2.0/routers HTTP/1.1" status: 201 len: 1149 time: 1.8495507
2026-05-09 18:06:41.381 9 INFO neutron.wsgi [None req-f1bfb900-9631-4dee-b582-02e0611ad063 1cb785ec686c4cb2a40e8aef8a0b1224 28be4ec2de5a4cdba24ff7b4be535e88 - - default default] 10.0.0.133 "GET /v2.0/routers/cf7afa82-280a-4dad-b468-6fb160f6145b HTTP/1.1" status: 200 len: 1150 time: 0.0778656
2026-05-09 18:06:41.428 10 INFO neutron.db.ovn_revision_numbers_db [None req-f6d94939-e22e-4cc3-a9c4-cd1083cdb07b 4047042cb5f94adaacf1dd94abf3b8a4 9cfe5e1797c1481cbc4a96265fca48d1 - - default default] Successfully bumped revision number for resource 755f745a-7f9a-4a5b-895e-d809f23162f3 (type: routers) to 2
2026-05-09 18:06:41.434 10 INFO neutron.wsgi [None req-f6d94939-e22e-4cc3-a9c4-cd1083cdb07b 4047042cb5f94adaacf1dd94abf3b8a4 9cfe5e1797c1481cbc4a96265fca48d1 - - default default] 10.0.0.133 "PUT /v2.0/routers/755f745a-7f9a-4a5b-895e-d809f23162f3 HTTP/1.1" status: 200 len: 792 time: 0.4222171
2026-05-09 18:06:41.463 9 INFO neutron.wsgi [None req-0860b45f-0400-4e02-bf2a-4b59e76ce751 4047042cb5f94adaacf1dd94abf3b8a4 9cfe5e1797c1481cbc4a96265fca48d1 - - default default] 10.0.0.133 "GET /v2.0/ports?device_id=755f745a-7f9a-4a5b-895e-d809f23162f3 HTTP/1.1" status: 200 len: 205 time: 0.0241580
2026-05-09 18:06:41.512 9 INFO neutron.wsgi [None req-4f7fda94-5d2d-45e2-ad84-65e6d044143d 1cb785ec686c4cb2a40e8aef8a0b1224 28be4ec2de5a4cdba24ff7b4be535e88 - - default default] 10.0.0.133 "GET /v2.0/routers HTTP/1.1" status: 200 len: 1153 time: 0.1252656
2026-05-09 18:06:41.604 10 INFO neutron.wsgi [req-bd74ffda-3037-48ad-9ffb-dd0848465e24 req-24138b29-a4fa-4809-b36d-47f0f920afd6 776ac5e4cd6f477687a5c90a4c2cab46 1666ee8a17de480aa8f1b766b50213a0 - - f43ab4a669114995b6803f08d09f0240 f43ab4a669114995b6803f08d09f0240] 10.0.0.85 "GET /v2.0/ports?device_id=5585552a-2f98-4e87-b164-c11fc92175e6 HTTP/1.1" status: 200 len: 1452 time: 0.0630670
2026-05-09 18:06:41.687 10 INFO neutron.wsgi [req-bd74ffda-3037-48ad-9ffb-dd0848465e24 req-dc2778b0-af1d-4ca5-a5fa-91898f29fa83 776ac5e4cd6f477687a5c90a4c2cab46 1666ee8a17de480aa8f1b766b50213a0 - - f43ab4a669114995b6803f08d09f0240 f43ab4a669114995b6803f08d09f0240] 10.0.0.85 "GET /v2.0/security-groups?id=c2e6eff8-ebfa-4324-bee3-85e43ad74c62&id=e87f33fe-92f6-47f3-8bf7-78c968b56f9c&fields=id&fields=name HTTP/1.1" status: 200 len: 406 time: 0.0720677
2026-05-09 18:06:41.723 10 INFO neutron.wsgi [None req-e3908a34-3c41-469b-8047-6b3098592b2d 4047042cb5f94adaacf1dd94abf3b8a4 9cfe5e1797c1481cbc4a96265fca48d1 - - default default] 10.0.0.133 "DELETE /v2.0/routers/755f745a-7f9a-4a5b-895e-d809f23162f3 HTTP/1.1" status: 204 len: 168 time: 0.2553391
2026-05-09 18:06:41.774 10 INFO neutron.wsgi [None req-64e2449b-9301-40e8-8429-2ede061704d6 4047042cb5f94adaacf1dd94abf3b8a4 9cfe5e1797c1481cbc4a96265fca48d1 - - default default] 10.0.0.133 "GET /v2.0/routers/7e6b6a65-4c3d-4ab7-9baa-dc264b472da2 HTTP/1.1" status: 200 len: 777 time: 0.0469618
2026-05-09 18:06:42.138 10 INFO neutron.db.ovn_revision_numbers_db [None req-68c2b7a1-0c4f-4d82-b9ef-d940a2d219a6 4047042cb5f94adaacf1dd94abf3b8a4 9cfe5e1797c1481cbc4a96265fca48d1 - - default default] Successfully bumped revision number for resource 7e6b6a65-4c3d-4ab7-9baa-dc264b472da2 (type: routers) to 2
2026-05-09 18:06:42.144 10 INFO neutron.wsgi [None req-68c2b7a1-0c4f-4d82-b9ef-d940a2d219a6 4047042cb5f94adaacf1dd94abf3b8a4 9cfe5e1797c1481cbc4a96265fca48d1 - - default default] 10.0.0.133 "PUT /v2.0/routers/7e6b6a65-4c3d-4ab7-9baa-dc264b472da2 HTTP/1.1" status: 200 len: 777 time: 0.3644114
2026-05-09 18:06:42.167 10 INFO neutron.wsgi [None req-9fbaef24-277a-4738-8d0c-4773787fd71c 4047042cb5f94adaacf1dd94abf3b8a4 9cfe5e1797c1481cbc4a96265fca48d1 - - default default] 10.0.0.133 "GET /v2.0/ports?device_id=7e6b6a65-4c3d-4ab7-9baa-dc264b472da2 HTTP/1.1" status: 200 len: 205 time: 0.0179734
2026-05-09 18:06:42.199 9 INFO neutron.db.ovn_revision_numbers_db [None req-336cb88c-e571-4bee-a6c5-74286e95a153 1cb785ec686c4cb2a40e8aef8a0b1224 28be4ec2de5a4cdba24ff7b4be535e88 - - default default] Successfully bumped revision number for resource cf7afa82-280a-4dad-b468-6fb160f6145b (type: routers) to 3
2026-05-09 18:06:42.213 9 INFO neutron.wsgi [None req-336cb88c-e571-4bee-a6c5-74286e95a153 1cb785ec686c4cb2a40e8aef8a0b1224 28be4ec2de5a4cdba24ff7b4be535e88 - - default default] 10.0.0.133 "PUT /v2.0/routers/cf7afa82-280a-4dad-b468-6fb160f6145b HTTP/1.1" status: 200 len: 1157 time: 0.6956027
2026-05-09 18:06:42.623 10 INFO neutron.wsgi [None req-c6076a3c-5f62-4bcc-994d-a894c81db776 1cb785ec686c4cb2a40e8aef8a0b1224 28be4ec2de5a4cdba24ff7b4be535e88 - - default default] 10.0.0.133 "GET /v2.0/routers/cf7afa82-280a-4dad-b468-6fb160f6145b HTTP/1.1" status: 200 len: 1157 time: 0.4060442
2026-05-09 18:06:42.647 9 INFO neutron.wsgi [None req-b6f47dfd-b038-4f8f-8fbb-136eb0360c7d 1cb785ec686c4cb2a40e8aef8a0b1224 28be4ec2de5a4cdba24ff7b4be535e88 - - default default] 10.0.0.133 "GET /v2.0/ports?device_id=cf7afa82-280a-4dad-b468-6fb160f6145b HTTP/1.1" status: 200 len: 205 time: 0.0188725
2026-05-09 18:06:42.668 10 INFO neutron.wsgi [None req-8dc3a15f-08fb-45e6-a0cc-2347e2d61cdf 4047042cb5f94adaacf1dd94abf3b8a4 9cfe5e1797c1481cbc4a96265fca48d1 - - default default] 10.0.0.133 "DELETE /v2.0/routers/7e6b6a65-4c3d-4ab7-9baa-dc264b472da2 HTTP/1.1" status: 204 len: 168 time: 0.4958518
2026-05-09 18:06:42.722 10 INFO neutron.wsgi [None req-239ca918-41e9-4242-b558-aa30c6cdcad7 4047042cb5f94adaacf1dd94abf3b8a4 9cfe5e1797c1481cbc4a96265fca48d1 - - default default] 10.0.0.133 "GET /v2.0/routers/92fab2ef-3504-4466-b19e-b78788ea2060 HTTP/1.1" status: 200 len: 770 time: 0.0500274
2026-05-09 18:06:42.987 10 WARNING neutron.plugins.ml2.drivers.ovn.mech_driver.ovsdb.ovn_client [None req-a850ca9e-322b-40b9-b2ae-a04d5e93768d - - - - - -] No port found with ID e4960c76-2ec4-451f-b555-5660d4dd2ee9: RuntimeError: No port found with ID e4960c76-2ec4-451f-b555-5660d4dd2ee9
2026-05-09 18:06:43.096 10 INFO neutron.wsgi [None req-81401e93-a5be-4d12-8d62-1e8779e61956 4047042cb5f94adaacf1dd94abf3b8a4 9cfe5e1797c1481cbc4a96265fca48d1 - - default default] 10.0.0.133 "PUT /v2.0/routers/92fab2ef-3504-4466-b19e-b78788ea2060 HTTP/1.1" status: 200 len: 770 time: 0.3691192
2026-05-09 18:06:43.124 10 INFO neutron.wsgi [None req-e682f9aa-273c-45e7-9941-b297f1f27bde 4047042cb5f94adaacf1dd94abf3b8a4 9cfe5e1797c1481cbc4a96265fca48d1 - - default default] 10.0.0.133 "GET /v2.0/ports?device_id=92fab2ef-3504-4466-b19e-b78788ea2060 HTTP/1.1" status: 200 len: 205 time: 0.0225291
2026-05-09 18:06:43.460 9 INFO neutron.wsgi [None req-36a67cac-05bb-4bfa-b7ad-1b7c75a2459a 4047042cb5f94adaacf1dd94abf3b8a4 9cfe5e1797c1481cbc4a96265fca48d1 - - default default] 10.0.0.133 "DELETE /v2.0/routers/92fab2ef-3504-4466-b19e-b78788ea2060 HTTP/1.1" status: 204 len: 168 time: 0.3303347
2026-05-09 18:06:43.551 9 INFO neutron.wsgi [None req-a8be0a2c-3914-4b69-8863-e79cd08e27f7 1cb785ec686c4cb2a40e8aef8a0b1224 28be4ec2de5a4cdba24ff7b4be535e88 - - default default] 10.0.0.133 "DELETE /v2.0/routers/cf7afa82-280a-4dad-b468-6fb160f6145b HTTP/1.1" status: 204 len: 168 time: 0.8963542
2026-05-09 18:06:43.579 9 INFO neutron.wsgi [None req-a04a26b3-8ff9-4df5-ae74-5c04f849836f 1cb785ec686c4cb2a40e8aef8a0b1224 28be4ec2de5a4cdba24ff7b4be535e88 - - default default] 10.0.0.133 "GET /v2.0/ports?device_id=cf7afa82-280a-4dad-b468-6fb160f6145b HTTP/1.1" status: 200 len: 205 time: 0.0217817
2026-05-09 18:06:43.615 9 INFO neutron.api.v2.resource [None req-37bca50a-9e58-4038-a71b-15c2a74f20e1 1cb785ec686c4cb2a40e8aef8a0b1224 28be4ec2de5a4cdba24ff7b4be535e88 - - default default] delete failed (client error): The resource could not be found.
2026-05-09 18:06:43.617 9 INFO neutron.wsgi [None req-37bca50a-9e58-4038-a71b-15c2a74f20e1 1cb785ec686c4cb2a40e8aef8a0b1224 28be4ec2de5a4cdba24ff7b4be535e88 - - default default] 10.0.0.133 "DELETE /v2.0/routers/cf7afa82-280a-4dad-b468-6fb160f6145b HTTP/1.1" status: 404 len: 336 time: 0.0299761
2026-05-09 18:06:43.643 9 INFO neutron.wsgi [None req-85a4d808-b26e-463a-84bf-e533ac277239 1cb785ec686c4cb2a40e8aef8a0b1224 28be4ec2de5a4cdba24ff7b4be535e88 - - default default] 10.0.0.133 "GET /v2.0/ports?device_id=49ebd5f6-1b5d-4372-ad39-65124363738f HTTP/1.1" status: 200 len: 205 time: 0.0216572
2026-05-09 18:06:43.676 9 INFO neutron.api.v2.resource [None req-68a60e85-e5de-4b1f-a57a-fccbe4f5f023 1cb785ec686c4cb2a40e8aef8a0b1224 28be4ec2de5a4cdba24ff7b4be535e88 - - default default] delete failed (client error): The resource could not be found.
2026-05-09 18:06:43.677 9 INFO neutron.wsgi [None req-68a60e85-e5de-4b1f-a57a-fccbe4f5f023 1cb785ec686c4cb2a40e8aef8a0b1224 28be4ec2de5a4cdba24ff7b4be535e88 - - default default] 10.0.0.133 "DELETE /v2.0/routers/49ebd5f6-1b5d-4372-ad39-65124363738f HTTP/1.1" status: 404 len: 336 time: 0.0247622
2026-05-09 18:06:43.710 9 INFO neutron.pecan_wsgi.hooks.translation [None req-a130e687-22d8-4e81-baf0-e6f861f1a334 1cb785ec686c4cb2a40e8aef8a0b1224 28be4ec2de5a4cdba24ff7b4be535e88 - - default default] DELETE failed (client error): The resource could not be found.
2026-05-09 18:06:43.713 9 INFO neutron.wsgi [None req-a130e687-22d8-4e81-baf0-e6f861f1a334 1cb785ec686c4cb2a40e8aef8a0b1224 28be4ec2de5a4cdba24ff7b4be535e88 - - default default] 10.0.0.133 "DELETE /v2.0/subnets/e72a1e60-7651-4bee-b448-257866a57b86 HTTP/1.1" status: 404 len: 337 time: 0.0259519
2026-05-09 18:06:43.738 9 INFO neutron.wsgi [None req-a6791841-e048-4c9c-be91-195be7fee8b5 1cb785ec686c4cb2a40e8aef8a0b1224 28be4ec2de5a4cdba24ff7b4be535e88 - - default default] 10.0.0.133 "GET /v2.0/ports?device_id=120a1f16-5f2e-40a5-9a4e-0ebe8c94665e HTTP/1.1" status: 200 len: 205 time: 0.0204186
2026-05-09 18:06:43.946 10 INFO neutron.plugins.ml2.drivers.ovn.mech_driver.mech_driver [None req-a850ca9e-322b-40b9-b2ae-a04d5e93768d - - - - - -] OVN reports status down for port: d61e436e-33e8-4034-9d12-740c746f1bd1
2026-05-09 18:06:43.973 9 INFO neutron.api.v2.resource [None req-3f5078ea-1cc4-4b77-a273-1dd19bff47b5 1cb785ec686c4cb2a40e8aef8a0b1224 28be4ec2de5a4cdba24ff7b4be535e88 - - default default] delete failed (client error): The resource could not be found.
2026-05-09 18:06:43.974 9 INFO neutron.wsgi [None req-3f5078ea-1cc4-4b77-a273-1dd19bff47b5 1cb785ec686c4cb2a40e8aef8a0b1224 28be4ec2de5a4cdba24ff7b4be535e88 - - default default] 10.0.0.133 "DELETE /v2.0/routers/120a1f16-5f2e-40a5-9a4e-0ebe8c94665e HTTP/1.1" status: 404 len: 336 time: 0.2313890
2026-05-09 18:06:43.998 10 INFO neutron.pecan_wsgi.hooks.translation [None req-fe4742ab-9b5b-468e-a5e2-9954d0cc2125 1cb785ec686c4cb2a40e8aef8a0b1224 28be4ec2de5a4cdba24ff7b4be535e88 - - default default] DELETE failed (client error): The resource could not be found.
2026-05-09 18:06:44.001 10 INFO neutron.wsgi [None req-fe4742ab-9b5b-468e-a5e2-9954d0cc2125 1cb785ec686c4cb2a40e8aef8a0b1224 28be4ec2de5a4cdba24ff7b4be535e88 - - default default] 10.0.0.133 "DELETE /v2.0/subnets/fccebfdb-ab32-4fc4-b34c-071c32c2b393 HTTP/1.1" status: 404 len: 337 time: 0.0209250
2026-05-09 18:06:44.031 10 INFO neutron.wsgi [None req-64c89d98-b601-42e8-97b6-fc4b8b39c6dd 1cb785ec686c4cb2a40e8aef8a0b1224 28be4ec2de5a4cdba24ff7b4be535e88 - - default default] 10.0.0.133 "GET /v2.0/ports?device_id=899ca689-cd8d-426a-aeba-88717516349b HTTP/1.1" status: 200 len: 205 time: 0.0260456
2026-05-09 18:06:44.060 9 INFO neutron.api.v2.resource [None req-8fe03203-8ff8-46b7-87f1-a553b624dab9 1cb785ec686c4cb2a40e8aef8a0b1224 28be4ec2de5a4cdba24ff7b4be535e88 - - default default] delete failed (client error): The resource could not be found.
2026-05-09 18:06:44.061 9 INFO neutron.wsgi [None req-8fe03203-8ff8-46b7-87f1-a553b624dab9 1cb785ec686c4cb2a40e8aef8a0b1224 28be4ec2de5a4cdba24ff7b4be535e88 - - default default] 10.0.0.133 "DELETE /v2.0/routers/899ca689-cd8d-426a-aeba-88717516349b HTTP/1.1" status: 404 len: 336 time: 0.0259626
2026-05-09 18:06:44.088 9 INFO neutron.pecan_wsgi.hooks.translation [None req-0417718a-bb28-4706-a688-cbb6329a1797 1cb785ec686c4cb2a40e8aef8a0b1224 28be4ec2de5a4cdba24ff7b4be535e88 - - default default] DELETE failed (client error): The resource could not be found.
2026-05-09 18:06:44.091 9 INFO neutron.wsgi [None req-0417718a-bb28-4706-a688-cbb6329a1797 1cb785ec686c4cb2a40e8aef8a0b1224 28be4ec2de5a4cdba24ff7b4be535e88 - - default default] 10.0.0.133 "DELETE /v2.0/subnets/07fedbe2-6a84-446f-a457-ae17251d3791 HTTP/1.1" status: 404 len: 337 time: 0.0221694
2026-05-09 18:06:44.095 9 INFO neutron.wsgi [req-1ba0b9d8-da36-4e7b-a1e0-a1cedcf4ebf2 req-b383d1d4-f255-474c-8918-03e55b307be3 c7253c8ec3af45d482d8ac12a924f79b c132468cd94844ce9c0f83226fb20f9d - - default default] 10.0.0.125 "GET /v2.0/ports?device_id=5585552a-2f98-4e87-b164-c11fc92175e6 HTTP/1.1" status: 200 len: 1214 time: 0.1247661
2026-05-09 18:06:44.111 10 INFO neutron.notifiers.nova [-] Nova event matching ['req-8c1b1084-6e3e-4304-aa20-9a81ae77daf6'] response: {'server_uuid': '5585552a-2f98-4e87-b164-c11fc92175e6', 'name': 'network-vif-unplugged', 'status': 'completed', 'tag': 'd61e436e-33e8-4034-9d12-740c746f1bd1', 'code': 200}
2026-05-09 18:06:44.121 10 INFO neutron.pecan_wsgi.hooks.translation [None req-885b1a60-3ad2-427d-8301-06011e69b41a 1cb785ec686c4cb2a40e8aef8a0b1224 28be4ec2de5a4cdba24ff7b4be535e88 - - default default] DELETE failed (client error): The resource could not be found.
2026-05-09 18:06:44.124 10 INFO neutron.wsgi [None req-885b1a60-3ad2-427d-8301-06011e69b41a 1cb785ec686c4cb2a40e8aef8a0b1224 28be4ec2de5a4cdba24ff7b4be535e88 - - default default] 10.0.0.133 "DELETE /v2.0/subnets/d5ec3b5e-fbeb-4c49-8ba9-ecb75b48a7ea HTTP/1.1" status: 404 len: 337 time: 0.0284357
2026-05-09 18:06:44.154 9 INFO neutron.wsgi [req-1ba0b9d8-da36-4e7b-a1e0-a1cedcf4ebf2 req-7c0d0104-3eae-4d8d-a1ae-dae2738fd186 c7253c8ec3af45d482d8ac12a924f79b c132468cd94844ce9c0f83226fb20f9d - - default default] 10.0.0.125 "GET /v2.0/security-groups?id=c2e6eff8-ebfa-4324-bee3-85e43ad74c62&id=e87f33fe-92f6-47f3-8bf7-78c968b56f9c&fields=id&fields=name HTTP/1.1" status: 200 len: 406 time: 0.0518334
2026-05-09 18:06:44.265 10 INFO neutron.wsgi [req-f1322284-7507-482b-b81f-13386750951d req-41050c04-5d7f-4fae-a1d0-a3a4b6c228af c7253c8ec3af45d482d8ac12a924f79b c132468cd94844ce9c0f83226fb20f9d - - default default] 199.204.45.222 "GET /v2.0/ports?device_id=5585552a-2f98-4e87-b164-c11fc92175e6 HTTP/1.1" status: 200 len: 1212 time: 0.0526078
2026-05-09 18:06:44.305 10 INFO neutron.db.ovn_revision_numbers_db [None req-a850ca9e-322b-40b9-b2ae-a04d5e93768d - - - - - -] Successfully bumped revision number for resource d61e436e-33e8-4034-9d12-740c746f1bd1 (type: ports) to 5
2026-05-09 18:06:44.665 9 INFO neutron.db.ovn_revision_numbers_db [None req-b95b5e9f-3cff-4295-bc45-401cd9097355 b0c879c99dad44d09219c314d35f57e4 a5452024624c4173a9384ae077addd82 - - default default] Successfully bumped revision number for resource 8e32b50a-8c0f-4eb4-b4d3-45d6ebf46467 (type: security_groups) to 1
2026-05-09 18:06:44.684 9 INFO neutron.wsgi [None req-863e6b94-8d19-4194-9651-dd36bd18c784 b0c879c99dad44d09219c314d35f57e4 a5452024624c4173a9384ae077addd82 - - default default] 10.0.0.133 "GET /v2.0/security-groups?tenant_id=28be4ec2de5a4cdba24ff7b4be535e88&name=default HTTP/1.1" status: 200 len: 3120 time: 0.0761881
2026-05-09 18:06:44.685 9 INFO neutron.db.ovn_revision_numbers_db [None req-b95b5e9f-3cff-4295-bc45-401cd9097355 b0c879c99dad44d09219c314d35f57e4 a5452024624c4173a9384ae077addd82 - - default default] Successfully bumped revision number for resource 1879e008-3687-44d6-843c-ff3e93a6f121 (type: security_group_rules) to 0
2026-05-09 18:06:44.710 9 INFO neutron.db.ovn_revision_numbers_db [None req-b95b5e9f-3cff-4295-bc45-401cd9097355 b0c879c99dad44d09219c314d35f57e4 a5452024624c4173a9384ae077addd82 - - default default] Successfully bumped revision number for resource 6ee33f44-2254-463c-9298-c55f78f9f4c0 (type: security_group_rules) to 0
2026-05-09 18:06:44.728 9 INFO neutron.db.ovn_revision_numbers_db [None req-b95b5e9f-3cff-4295-bc45-401cd9097355 b0c879c99dad44d09219c314d35f57e4 a5452024624c4173a9384ae077addd82 - - default default] Successfully bumped revision number for resource b37d25ed-4f2e-46cc-83e7-121dbbc781b4 (type: security_group_rules) to 0
2026-05-09 18:06:44.744 9 INFO neutron.db.ovn_revision_numbers_db [None req-b95b5e9f-3cff-4295-bc45-401cd9097355 b0c879c99dad44d09219c314d35f57e4 a5452024624c4173a9384ae077addd82 - - default default] Successfully bumped revision number for resource f91609ae-2431-4064-a082-ab5e85690c32 (type: security_group_rules) to 0
2026-05-09 18:06:44.771 9 INFO neutron.wsgi [None req-b95b5e9f-3cff-4295-bc45-401cd9097355 b0c879c99dad44d09219c314d35f57e4 a5452024624c4173a9384ae077addd82 - - default default] 10.0.0.133 "GET /v2.0/security-groups?tenant_id=7407df7b3cb6488b80a5cd57a6938e2f&name=default HTTP/1.1" status: 200 len: 3120 time: 0.4100668
2026-05-09 18:06:44.959 10 INFO neutron.db.l3_db [req-f1322284-7507-482b-b81f-13386750951d req-b357f2f6-7962-4be7-b720-4673a0d8e89d c7253c8ec3af45d482d8ac12a924f79b c132468cd94844ce9c0f83226fb20f9d - - default default] Floating IP 1f566ec7-4b2f-4400-8078-d81606ac6708 disassociated. External IP: 10.96.250.205, port: d61e436e-33e8-4034-9d12-740c746f1bd1.
2026-05-09 18:06:44.971 9 INFO neutron.wsgi [None req-28266cac-d0aa-4d03-8e2b-2e5d7b2bdc63 b0c879c99dad44d09219c314d35f57e4 a5452024624c4173a9384ae077addd82 - - default default] 10.0.0.133 "DELETE /v2.0/security-groups/e5e95b3d-27a5-4878-be17-ad807052d716 HTTP/1.1" status: 204 len: 168 time: 0.2807026
2026-05-09 18:06:45.029 9 INFO neutron.wsgi [None req-906bcd89-bfd2-45ef-ae7f-fe8c04975e85 b0c879c99dad44d09219c314d35f57e4 a5452024624c4173a9384ae077addd82 - - default default] 10.0.0.133 "DELETE /v2.0/security-groups/8e32b50a-8c0f-4eb4-b4d3-45d6ebf46467 HTTP/1.1" status: 204 len: 168 time: 0.2518086
2026-05-09 18:06:45.074 10 INFO neutron.wsgi [req-f1322284-7507-482b-b81f-13386750951d req-b357f2f6-7962-4be7-b720-4673a0d8e89d c7253c8ec3af45d482d8ac12a924f79b c132468cd94844ce9c0f83226fb20f9d - - default default] 199.204.45.222 "DELETE /v2.0/ports/d61e436e-33e8-4034-9d12-740c746f1bd1 HTTP/1.1" status: 204 len: 173 time: 0.8013623 /var/lib/openstack/lib/python3.10/site-packages/pycadf/identifier.py:71: UserWarning: Invalid uuid: neutron. To ensure interoperability, identifiers should be a valid uuid. warnings.warn(('Invalid uuid: %s. To ensure interoperability, '
2026-05-09 18:06:45.278 10 INFO neutron.wsgi [req-dd7127fe-a3cf-48aa-b20f-f8939a018c28 req-4fb73598-0ad9-45ba-8259-7b56f0c56b1d c7253c8ec3af45d482d8ac12a924f79b c132468cd94844ce9c0f83226fb20f9d - - default default] 10.0.0.125 "GET /v2.0/ports?device_id=5585552a-2f98-4e87-b164-c11fc92175e6 HTTP/1.1" status: 200 len: 210 time: 0.0227118
2026-05-09 18:06:45.294 9 INFO neutron.db.ovn_revision_numbers_db [None req-0f4ca6fc-94e0-4952-9af8-8ba4440a2ca5 b0c879c99dad44d09219c314d35f57e4 a5452024624c4173a9384ae077addd82 - - default default] Successfully bumped revision number for resource e88ed35f-1584-459b-9b9d-32f6890caa31 (type: security_groups) to 1
2026-05-09 18:06:45.312 9 INFO neutron.db.ovn_revision_numbers_db [None req-0f4ca6fc-94e0-4952-9af8-8ba4440a2ca5 b0c879c99dad44d09219c314d35f57e4 a5452024624c4173a9384ae077addd82 - - default default] Successfully bumped revision number for resource 2cc9b28b-0030-456a-a886-9d1782e1af8c (type: security_group_rules) to 0
2026-05-09 18:06:45.326 9 INFO neutron.db.ovn_revision_numbers_db [None req-0f4ca6fc-94e0-4952-9af8-8ba4440a2ca5 b0c879c99dad44d09219c314d35f57e4 a5452024624c4173a9384ae077addd82 - - default default] Successfully bumped revision number for resource 8820d1ec-1ed9-477b-ae9b-8622c0f7ba99 (type: security_group_rules) to 0
2026-05-09 18:06:45.341 9 INFO neutron.db.ovn_revision_numbers_db [None req-0f4ca6fc-94e0-4952-9af8-8ba4440a2ca5 b0c879c99dad44d09219c314d35f57e4 a5452024624c4173a9384ae077addd82 - - default default] Successfully bumped revision number for resource b4ed333e-fc54-4251-b850-342254706263 (type: security_group_rules) to 0
2026-05-09 18:06:45.356 9 INFO neutron.db.ovn_revision_numbers_db [None req-0f4ca6fc-94e0-4952-9af8-8ba4440a2ca5 b0c879c99dad44d09219c314d35f57e4 a5452024624c4173a9384ae077addd82 - - default default] Successfully bumped revision number for resource e551a4f5-56b0-4e3f-80c5-69c7ee4884e4 (type: security_group_rules) to 0
2026-05-09 18:06:45.380 9 INFO neutron.wsgi [None req-0f4ca6fc-94e0-4952-9af8-8ba4440a2ca5 b0c879c99dad44d09219c314d35f57e4 a5452024624c4173a9384ae077addd82 - - default default] 10.0.0.133 "GET /v2.0/security-groups?tenant_id=9b9fa2f74a1c424c909a6a20fa96df5a&name=default HTTP/1.1" status: 200 len: 3120 time: 0.2109561
2026-05-09 18:06:45.613 9 WARNING neutron.plugins.ml2.drivers.ovn.mech_driver.ovsdb.ovn_client [None req-92ca9d30-b5f6-46a0-83a6-a6bebe0da3ef - - - - - -] No port found with ID 19c98e9d-9e9b-4a09-87ad-18e4858510b9: RuntimeError: No port found with ID 19c98e9d-9e9b-4a09-87ad-18e4858510b9
2026-05-09 18:06:45.620 10 INFO neutron.wsgi [None req-de9c08cb-db65-4aee-8747-dfca618aefd7 b0c879c99dad44d09219c314d35f57e4 a5452024624c4173a9384ae077addd82 - - default default] 10.0.0.133 "DELETE /v2.0/security-groups/e88ed35f-1584-459b-9b9d-32f6890caa31 HTTP/1.1" status: 204 len: 168 time: 0.2337816
2026-05-09 18:06:45.853 10 INFO neutron.db.ovn_revision_numbers_db [None req-df329995-9d2e-4d48-bc8d-b2e9cf3f18ab b0c879c99dad44d09219c314d35f57e4 a5452024624c4173a9384ae077addd82 - - default default] Successfully bumped revision number for resource adc4791f-f642-4c53-9706-de3f03e0506e (type: security_groups) to 1
2026-05-09 18:06:45.864 10 INFO neutron.db.ovn_revision_numbers_db [None req-df329995-9d2e-4d48-bc8d-b2e9cf3f18ab b0c879c99dad44d09219c314d35f57e4 a5452024624c4173a9384ae077addd82 - - default default] Successfully bumped revision number for resource 7e390780-69f6-4f71-aeef-67d5b376a6fa (type: security_group_rules) to 0
2026-05-09 18:06:45.878 10 INFO neutron.db.ovn_revision_numbers_db [None req-df329995-9d2e-4d48-bc8d-b2e9cf3f18ab b0c879c99dad44d09219c314d35f57e4 a5452024624c4173a9384ae077addd82 - - default default] Successfully bumped revision number for resource a812f10a-a4e7-43b3-9783-08da4163e980 (type: security_group_rules) to 0
2026-05-09 18:06:45.895 10 INFO neutron.db.ovn_revision_numbers_db [None req-df329995-9d2e-4d48-bc8d-b2e9cf3f18ab b0c879c99dad44d09219c314d35f57e4 a5452024624c4173a9384ae077addd82 - - default default] Successfully bumped revision number for resource ae274991-4c6c-498c-a74d-aab11ba4c379 (type: security_group_rules) to 0
2026-05-09 18:06:45.911 10 INFO neutron.db.ovn_revision_numbers_db [None req-df329995-9d2e-4d48-bc8d-b2e9cf3f18ab b0c879c99dad44d09219c314d35f57e4 a5452024624c4173a9384ae077addd82 - - default default] Successfully bumped revision number for resource b7b85000-1a28-4afc-9108-57c8f368d6f4 (type: security_group_rules) to 0
2026-05-09 18:06:45.941 10 INFO neutron.wsgi [None req-df329995-9d2e-4d48-bc8d-b2e9cf3f18ab b0c879c99dad44d09219c314d35f57e4 a5452024624c4173a9384ae077addd82 - - default default] 10.0.0.133 "GET /v2.0/security-groups?tenant_id=9cfe5e1797c1481cbc4a96265fca48d1&name=default HTTP/1.1" status: 200 len: 3120 time: 0.2072616 /var/lib/openstack/lib/python3.10/site-packages/pycadf/identifier.py:71: UserWarning: Invalid uuid: neutron. To ensure interoperability, identifiers should be a valid uuid. warnings.warn(('Invalid uuid: %s. To ensure interoperability, '
2026-05-09 18:06:46.139 9 INFO neutron.wsgi [None req-4fc71b88-e944-4ce5-903f-1fd158884c16 b0c879c99dad44d09219c314d35f57e4 a5452024624c4173a9384ae077addd82 - - default default] 10.0.0.133 "DELETE /v2.0/security-groups/adc4791f-f642-4c53-9706-de3f03e0506e HTTP/1.1" status: 204 len: 168 time: 0.1914735
2026-05-09 18:06:46.158 10 INFO neutron.notifiers.nova [-] Nova event matching ['req-8d735fe8-15fe-4428-87b9-0e71e97b82d5'] response: {'server_uuid': '5585552a-2f98-4e87-b164-c11fc92175e6', 'name': 'network-vif-unplugged', 'status': 'completed', 'tag': 'd61e436e-33e8-4034-9d12-740c746f1bd1', 'code': 200}
2026-05-09 18:06:46.159 10 INFO neutron.notifiers.nova [-] Nova event matching ['req-8d735fe8-15fe-4428-87b9-0e71e97b82d5'] response: {'server_uuid': '5585552a-2f98-4e87-b164-c11fc92175e6', 'name': 'network-vif-deleted', 'tag': 'd61e436e-33e8-4034-9d12-740c746f1bd1', 'status': 'completed', 'code': 200}
2026-05-09 18:06:46.579 10 INFO neutron.wsgi [None req-2ff8059e-3930-489f-8508-3b5d7711b95f c7253c8ec3af45d482d8ac12a924f79b c132468cd94844ce9c0f83226fb20f9d - - default default] 10.0.0.133 "DELETE /v2.0/security-groups/e87f33fe-92f6-47f3-8bf7-78c968b56f9c HTTP/1.1" status: 204 len: 168 time: 0.1452956
2026-05-09 18:06:46.608 9 INFO neutron.api.v2.resource [None req-e0d331d2-c6b6-4c6c-9bc2-77d263fa991c c7253c8ec3af45d482d8ac12a924f79b c132468cd94844ce9c0f83226fb20f9d - - default default] show failed (client error): The resource could not be found.
2026-05-09 18:06:46.610 9 INFO neutron.wsgi [None req-e0d331d2-c6b6-4c6c-9bc2-77d263fa991c c7253c8ec3af45d482d8ac12a924f79b c132468cd94844ce9c0f83226fb20f9d - - default default] 10.0.0.133 "GET /v2.0/security-groups/e87f33fe-92f6-47f3-8bf7-78c968b56f9c HTTP/1.1" status: 404 len: 347 time: 0.0229034
2026-05-09 18:06:46.974 9 INFO neutron.wsgi [None req-b2f65169-9412-489c-b3a6-9f7e0510a455 c7253c8ec3af45d482d8ac12a924f79b c132468cd94844ce9c0f83226fb20f9d - - default default] 10.0.0.133 "DELETE /v2.0/floatingips/1f566ec7-4b2f-4400-8078-d81606ac6708 HTTP/1.1" status: 204 len: 168 time: 0.3604331
2026-05-09 18:06:47.140 9 INFO neutron.wsgi [None req-da52e7cc-0239-4a3e-bb1f-34a051830af0 c7253c8ec3af45d482d8ac12a924f79b c132468cd94844ce9c0f83226fb20f9d - - default default] 10.0.0.133 "DELETE /v2.0/security-groups/c2e6eff8-ebfa-4324-bee3-85e43ad74c62 HTTP/1.1" status: 204 len: 168 time: 0.1603999
2026-05-09 18:06:48.320 9 INFO neutron.wsgi [None req-aecad6e7-afd4-4b4e-88a6-398092a0fdc9 b0c879c99dad44d09219c314d35f57e4 a5452024624c4173a9384ae077addd82 - - default default] 10.0.0.133 "PUT /v2.0/routers/de2ba5fd-3ff3-49ad-876c-4d1766372711/remove_router_interface HTTP/1.1" status: 200 len: 503 time: 1.1398256 /var/lib/openstack/lib/python3.10/site-packages/pycadf/identifier.py:71: UserWarning: Invalid uuid: neutron. To ensure interoperability, identifiers should be a valid uuid. warnings.warn(('Invalid uuid: %s. To ensure interoperability, '
2026-05-09 18:06:48.677 10 INFO neutron.db.ovn_revision_numbers_db [None req-b8093dae-9659-4de2-b550-3cd71b053a53 b0c879c99dad44d09219c314d35f57e4 a5452024624c4173a9384ae077addd82 - - default default] Successfully bumped revision number for resource 1a11edf1-c0b2-46ed-ada2-b6916ffbb3ac (type: security_groups) to 1
