2026-05-09 18:07:08.722 10 INFO neutron.wsgi [None req-8e4d3134-795c-426b-8c05-a46e6f5920bc c7c4a8e92fc44f2cb5551a9fd89fcf0e d0877ddb420e4341961d8bd1ba0df261 - - default default] 10.0.0.133 "GET /v2.0/subnets HTTP/1.1" status: 200 len: 2097 time: 0.0614529
2026-05-09 18:07:08.836 9 INFO neutron.wsgi [None req-7bff8bf2-6a53-4eff-8a57-05f908e6087d c7c4a8e92fc44f2cb5551a9fd89fcf0e d0877ddb420e4341961d8bd1ba0df261 - - default default] 10.0.0.133 "GET /v2.0/routers HTTP/1.1" status: 200 len: 1169 time: 0.1084311
2026-05-09 18:07:08.908 9 WARNING neutron_lib.context [None req-52b2b03c-566e-41bf-833f-34e98aa11e3a 726f2cfae86c4ab6b41190e3b7a26223 5ba0753cc44d40aa84941b3ad22b43a8 - - default default] Method 'is_advsvc' is deprecated since 2023.2 release (neutron-lib 3.8.0) and will be removed once support for the old RBAC API policies will be removed from Neutron. Please use method 'is_service_role' instead.
2026-05-09 18:07:08.930 10 INFO neutron.wsgi [None req-f99a0558-5c3d-4959-aa71-26f03d1ac6d3 b0c879c99dad44d09219c314d35f57e4 a5452024624c4173a9384ae077addd82 - - default default] 10.0.0.133 "DELETE /v2.0/security-groups/84412bb0-bed3-4eca-980b-6280a53ee1e6 HTTP/1.1" status: 204 len: 168 time: 0.3841476
2026-05-09 18:07:08.949 10 INFO neutron.wsgi [None req-ade01b84-b928-4b32-9f2f-ee070c0af8f4 adf6a7f09ca043d88aff6f1a4a2a2aa2 2244defd540b406a97684710557f7420 - - default default] 10.0.0.133 "DELETE /v2.0/floatingips/85584364-7633-46cd-bf5f-7ccd1d3c5b5f HTTP/1.1" status: 204 len: 168 time: 0.4779000
2026-05-09 18:07:09.017 9 INFO neutron.db.ovn_revision_numbers_db [None req-52b2b03c-566e-41bf-833f-34e98aa11e3a 726f2cfae86c4ab6b41190e3b7a26223 5ba0753cc44d40aa84941b3ad22b43a8 - - default default] Successfully bumped revision number for resource bccfb5c4-8047-4115-b771-26e6b2da1460 (type: security_groups) to 1
2026-05-09 18:07:09.030 9 INFO neutron.db.ovn_revision_numbers_db [None req-52b2b03c-566e-41bf-833f-34e98aa11e3a 726f2cfae86c4ab6b41190e3b7a26223 5ba0753cc44d40aa84941b3ad22b43a8 - - default default] Successfully bumped revision number for resource 0905a995-acb9-4128-b5a8-51c3f5332b48 (type: security_group_rules) to 0
2026-05-09 18:07:09.043 9 INFO neutron.db.ovn_revision_numbers_db [None req-52b2b03c-566e-41bf-833f-34e98aa11e3a 726f2cfae86c4ab6b41190e3b7a26223 5ba0753cc44d40aa84941b3ad22b43a8 - - default default] Successfully bumped revision number for resource 3f229082-387f-44b4-9636-ebb804d5c831 (type: security_group_rules) to 0
2026-05-09 18:07:09.062 9 INFO neutron.wsgi [None req-52b2b03c-566e-41bf-833f-34e98aa11e3a 726f2cfae86c4ab6b41190e3b7a26223 5ba0753cc44d40aa84941b3ad22b43a8 - - default default] 10.0.0.133 "POST /v2.0/security-groups HTTP/1.1" status: 201 len: 1873 time: 0.1600728
2026-05-09 18:07:09.075 10 WARNING neutron_lib.context [None req-57b56285-8a0f-4923-8fdb-2e164f54b88d 726f2cfae86c4ab6b41190e3b7a26223 5ba0753cc44d40aa84941b3ad22b43a8 - - default default] Method 'is_advsvc' is deprecated since 2023.2 release (neutron-lib 3.8.0) and will be removed once support for the old RBAC API policies will be removed from Neutron. Please use method 'is_service_role' instead.
2026-05-09 18:07:09.213 10 INFO neutron.db.ovn_revision_numbers_db [None req-57b56285-8a0f-4923-8fdb-2e164f54b88d 726f2cfae86c4ab6b41190e3b7a26223 5ba0753cc44d40aa84941b3ad22b43a8 - - default default] Successfully bumped revision number for resource 1ec3a860-2798-4570-a410-7cf88485d64e (type: security_group_rules) to 0
2026-05-09 18:07:09.241 10 INFO neutron.wsgi [None req-57b56285-8a0f-4923-8fdb-2e164f54b88d 726f2cfae86c4ab6b41190e3b7a26223 5ba0753cc44d40aa84941b3ad22b43a8 - - default default] 10.0.0.133 "POST /v2.0/security-group-rules HTTP/1.1" status: 201 len: 796 time: 0.1739721
2026-05-09 18:07:09.250 10 WARNING neutron_lib.context [None req-6b7f5d43-1ed5-4a63-9f47-ff29a5a6f4fd 726f2cfae86c4ab6b41190e3b7a26223 5ba0753cc44d40aa84941b3ad22b43a8 - - default default] Method 'is_advsvc' is deprecated since 2023.2 release (neutron-lib 3.8.0) and will be removed once support for the old RBAC API policies will be removed from Neutron. Please use method 'is_service_role' instead.
2026-05-09 18:07:09.376 10 INFO neutron.db.ovn_revision_numbers_db [None req-6b7f5d43-1ed5-4a63-9f47-ff29a5a6f4fd 726f2cfae86c4ab6b41190e3b7a26223 5ba0753cc44d40aa84941b3ad22b43a8 - - default default] Successfully bumped revision number for resource 503bde44-0cc6-4ddc-93d6-d553875c7c7f (type: security_group_rules) to 0
2026-05-09 18:07:09.400 10 INFO neutron.wsgi [None req-6b7f5d43-1ed5-4a63-9f47-ff29a5a6f4fd 726f2cfae86c4ab6b41190e3b7a26223 5ba0753cc44d40aa84941b3ad22b43a8 - - default default] 10.0.0.133 "POST /v2.0/security-group-rules HTTP/1.1" status: 201 len: 795 time: 0.1546624
2026-05-09 18:07:09.410 10 WARNING neutron_lib.context [None req-56b24ccd-916c-48c3-8845-a1a2e6bfd507 726f2cfae86c4ab6b41190e3b7a26223 5ba0753cc44d40aa84941b3ad22b43a8 - - default default] Method 'is_advsvc' is deprecated since 2023.2 release (neutron-lib 3.8.0) and will be removed once support for the old RBAC API policies will be removed from Neutron. Please use method 'is_service_role' instead.
2026-05-09 18:07:09.604 10 INFO neutron.db.ovn_revision_numbers_db [None req-56b24ccd-916c-48c3-8845-a1a2e6bfd507 726f2cfae86c4ab6b41190e3b7a26223 5ba0753cc44d40aa84941b3ad22b43a8 - - default default] Successfully bumped revision number for resource e382db35-3f14-4421-9263-e2bb0c8a6f00 (type: security_group_rules) to 0
2026-05-09 18:07:09.626 10 INFO neutron.wsgi [None req-56b24ccd-916c-48c3-8845-a1a2e6bfd507 726f2cfae86c4ab6b41190e3b7a26223 5ba0753cc44d40aa84941b3ad22b43a8 - - default default] 10.0.0.133 "POST /v2.0/security-group-rules HTTP/1.1" status: 201 len: 801 time: 0.2207739
2026-05-09 18:07:09.634 10 WARNING neutron_lib.context [None req-2ab1cc3a-987f-49d8-be53-825dfaf5ed2f 726f2cfae86c4ab6b41190e3b7a26223 5ba0753cc44d40aa84941b3ad22b43a8 - - default default] Method 'is_advsvc' is deprecated since 2023.2 release (neutron-lib 3.8.0) and will be removed once support for the old RBAC API policies will be removed from Neutron. Please use method 'is_service_role' instead.
2026-05-09 18:07:09.771 10 INFO neutron.db.ovn_revision_numbers_db [None req-2ab1cc3a-987f-49d8-be53-825dfaf5ed2f 726f2cfae86c4ab6b41190e3b7a26223 5ba0753cc44d40aa84941b3ad22b43a8 - - default default] Successfully bumped revision number for resource ef8943f0-4eab-446e-b7ac-d0e51ed16d88 (type: security_group_rules) to 0
2026-05-09 18:07:09.800 10 INFO neutron.wsgi [None req-2ab1cc3a-987f-49d8-be53-825dfaf5ed2f 726f2cfae86c4ab6b41190e3b7a26223 5ba0753cc44d40aa84941b3ad22b43a8 - - default default] 10.0.0.133 "POST /v2.0/security-group-rules HTTP/1.1" status: 201 len: 800 time: 0.1701944
2026-05-09 18:07:09.804 9 INFO neutron.db.ovn_revision_numbers_db [None req-7eeb7708-d771-409f-9c84-0560a99c38f0 b0c879c99dad44d09219c314d35f57e4 a5452024624c4173a9384ae077addd82 - - default default] Successfully bumped revision number for resource 2adc7393-5cd0-456d-b1a2-c5907d821897 (type: security_groups) to 1
2026-05-09 18:07:09.813 10 WARNING neutron_lib.context [None req-336d2689-a0c8-4a91-b42f-9023f02e39b6 726f2cfae86c4ab6b41190e3b7a26223 5ba0753cc44d40aa84941b3ad22b43a8 - - default default] Method 'is_advsvc' is deprecated since 2023.2 release (neutron-lib 3.8.0) and will be removed once support for the old RBAC API policies will be removed from Neutron. Please use method 'is_service_role' instead.
2026-05-09 18:07:09.822 9 INFO neutron.db.ovn_revision_numbers_db [None req-7eeb7708-d771-409f-9c84-0560a99c38f0 b0c879c99dad44d09219c314d35f57e4 a5452024624c4173a9384ae077addd82 - - default default] Successfully bumped revision number for resource 111e7b7a-d332-4c8b-ac99-f786be338a58 (type: security_group_rules) to 0
2026-05-09 18:07:09.834 9 INFO neutron.db.ovn_revision_numbers_db [None req-7eeb7708-d771-409f-9c84-0560a99c38f0 b0c879c99dad44d09219c314d35f57e4 a5452024624c4173a9384ae077addd82 - - default default] Successfully bumped revision number for resource 2c2e1a69-c02d-49be-ac77-4c4c95c81041 (type: security_group_rules) to 0
2026-05-09 18:07:09.848 10 INFO neutron.db.securitygroups_db [None req-336d2689-a0c8-4a91-b42f-9023f02e39b6 726f2cfae86c4ab6b41190e3b7a26223 5ba0753cc44d40aa84941b3ad22b43a8 - - default default] Project 5ba0753cc44d40aa84941b3ad22b43a8 added a security group rule with legacy IPv6 ICMP protocol name icmp, ipv6-icmp should be used instead. It was automatically converted.
2026-05-09 18:07:09.850 9 INFO neutron.db.ovn_revision_numbers_db [None req-7eeb7708-d771-409f-9c84-0560a99c38f0 b0c879c99dad44d09219c314d35f57e4 a5452024624c4173a9384ae077addd82 - - default default] Successfully bumped revision number for resource 97cd0e66-f875-4302-9997-79d062074997 (type: security_group_rules) to 0
2026-05-09 18:07:09.870 9 INFO neutron.db.ovn_revision_numbers_db [None req-7eeb7708-d771-409f-9c84-0560a99c38f0 b0c879c99dad44d09219c314d35f57e4 a5452024624c4173a9384ae077addd82 - - default default] Successfully bumped revision number for resource dab1d252-6710-4565-91a2-9c26c4bc9276 (type: security_group_rules) to 0
2026-05-09 18:07:09.907 9 INFO neutron.wsgi [None req-7eeb7708-d771-409f-9c84-0560a99c38f0 b0c879c99dad44d09219c314d35f57e4 a5452024624c4173a9384ae077addd82 - - default default] 10.0.0.133 "GET /v2.0/security-groups?tenant_id=2244defd540b406a97684710557f7420&name=default HTTP/1.1" status: 200 len: 3120 time: 0.3597548
2026-05-09 18:07:09.973 10 INFO neutron.db.ovn_revision_numbers_db [None req-336d2689-a0c8-4a91-b42f-9023f02e39b6 726f2cfae86c4ab6b41190e3b7a26223 5ba0753cc44d40aa84941b3ad22b43a8 - - default default] Successfully bumped revision number for resource ce1884c3-a005-40a6-a825-11a794dff03b (type: security_group_rules) to 0
2026-05-09 18:07:10.008 10 INFO neutron.wsgi [None req-336d2689-a0c8-4a91-b42f-9023f02e39b6 726f2cfae86c4ab6b41190e3b7a26223 5ba0753cc44d40aa84941b3ad22b43a8 - - default default] 10.0.0.133 "POST /v2.0/security-group-rules HTTP/1.1" status: 201 len: 806 time: 0.2032037
2026-05-09 18:07:10.023 9 WARNING neutron_lib.context [None req-56aaf66a-576d-45ad-a03c-f2eeabfac53c 726f2cfae86c4ab6b41190e3b7a26223 5ba0753cc44d40aa84941b3ad22b43a8 - - default default] Method 'is_advsvc' is deprecated since 2023.2 release (neutron-lib 3.8.0) and will be removed once support for the old RBAC API policies will be removed from Neutron. Please use method 'is_service_role' instead.
2026-05-09 18:07:10.068 9 INFO neutron.db.securitygroups_db [None req-56aaf66a-576d-45ad-a03c-f2eeabfac53c 726f2cfae86c4ab6b41190e3b7a26223 5ba0753cc44d40aa84941b3ad22b43a8 - - default default] Project 5ba0753cc44d40aa84941b3ad22b43a8 added a security group rule with legacy IPv6 ICMP protocol name icmp, ipv6-icmp should be used instead. It was automatically converted.
2026-05-09 18:07:10.137 10 INFO neutron.wsgi [None req-1f16e5b4-993e-44b1-9230-c915049febce b0c879c99dad44d09219c314d35f57e4 a5452024624c4173a9384ae077addd82 - - default default] 10.0.0.133 "DELETE /v2.0/security-groups/2adc7393-5cd0-456d-b1a2-c5907d821897 HTTP/1.1" status: 204 len: 168 time: 0.2256291
2026-05-09 18:07:10.169 9 INFO neutron.db.ovn_revision_numbers_db [None req-56aaf66a-576d-45ad-a03c-f2eeabfac53c 726f2cfae86c4ab6b41190e3b7a26223 5ba0753cc44d40aa84941b3ad22b43a8 - - default default] Successfully bumped revision number for resource 0232c398-7343-4432-b65a-b46a112a74fb (type: security_group_rules) to 0
2026-05-09 18:07:10.198 9 INFO neutron.wsgi [None req-56aaf66a-576d-45ad-a03c-f2eeabfac53c 726f2cfae86c4ab6b41190e3b7a26223 5ba0753cc44d40aa84941b3ad22b43a8 - - default default] 10.0.0.133 "POST /v2.0/security-group-rules HTTP/1.1" status: 201 len: 805 time: 0.1839874
2026-05-09 18:07:10.355 10 INFO neutron.db.ovn_revision_numbers_db [None req-c79e33ed-1264-4adb-a9f7-a612aad37fc7 b0c879c99dad44d09219c314d35f57e4 a5452024624c4173a9384ae077addd82 - - default default] Successfully bumped revision number for resource bb636272-40ac-4ef3-b457-d94deaba30b9 (type: security_groups) to 1
2026-05-09 18:07:10.370 10 INFO neutron.db.ovn_revision_numbers_db [None req-c79e33ed-1264-4adb-a9f7-a612aad37fc7 b0c879c99dad44d09219c314d35f57e4 a5452024624c4173a9384ae077addd82 - - default default] Successfully bumped revision number for resource 204a96bc-8fd1-40c0-9a55-24e5c286210f (type: security_group_rules) to 0
2026-05-09 18:07:10.386 10 INFO neutron.db.ovn_revision_numbers_db [None req-c79e33ed-1264-4adb-a9f7-a612aad37fc7 b0c879c99dad44d09219c314d35f57e4 a5452024624c4173a9384ae077addd82 - - default default] Successfully bumped revision number for resource 60c61904-ef2e-4ced-b640-4b9d00bc504a (type: security_group_rules) to 0
2026-05-09 18:07:10.405 10 INFO neutron.db.ovn_revision_numbers_db [None req-c79e33ed-1264-4adb-a9f7-a612aad37fc7 b0c879c99dad44d09219c314d35f57e4 a5452024624c4173a9384ae077addd82 - - default default] Successfully bumped revision number for resource 7fccfaca-254c-440f-a754-623f4e8c458e (type: security_group_rules) to 0
2026-05-09 18:07:10.421 10 INFO neutron.db.ovn_revision_numbers_db [None req-c79e33ed-1264-4adb-a9f7-a612aad37fc7 b0c879c99dad44d09219c314d35f57e4 a5452024624c4173a9384ae077addd82 - - default default] Successfully bumped revision number for resource ad3db1bb-4381-452b-a5e2-92a055703dcd (type: security_group_rules) to 0
2026-05-09 18:07:10.442 10 INFO neutron.wsgi [None req-c79e33ed-1264-4adb-a9f7-a612aad37fc7 b0c879c99dad44d09219c314d35f57e4 a5452024624c4173a9384ae077addd82 - - default default] 10.0.0.133 "GET /v2.0/security-groups?tenant_id=cc6cb442e2de42f2a1fb87492b39c657&name=default HTTP/1.1" status: 200 len: 3120 time: 0.2033820
2026-05-09 18:07:10.653 9 INFO neutron.wsgi [None req-aa75bc98-97be-4004-a5c2-bd8214d3b946 b0c879c99dad44d09219c314d35f57e4 a5452024624c4173a9384ae077addd82 - - default default] 10.0.0.133 "DELETE /v2.0/security-groups/bb636272-40ac-4ef3-b457-d94deaba30b9 HTTP/1.1" status: 204 len: 168 time: 0.2049413
2026-05-09 18:07:10.813 10 INFO neutron.wsgi [None req-165dae32-1667-4550-810b-908f502877dc 726f2cfae86c4ab6b41190e3b7a26223 5ba0753cc44d40aa84941b3ad22b43a8 - - default default] 10.0.0.133 "GET /v2.0/networks HTTP/1.1" status: 200 len: 1492 time: 0.2462473
2026-05-09 18:07:11.176 10 INFO neutron.wsgi [req-b1ae1d4f-6fbe-4076-9666-3774ff6e4a75 req-9c50dc98-9fae-476f-959f-951b4758801b 726f2cfae86c4ab6b41190e3b7a26223 5ba0753cc44d40aa84941b3ad22b43a8 - - default default] 10.0.0.125 "GET /v2.0/security-groups?name=tempest-secgroup-smoke-427753760&fields=id&tenant_id=5ba0753cc44d40aa84941b3ad22b43a8 HTTP/1.1" status: 200 len: 267 time: 0.2883770
2026-05-09 18:07:11.282 10 INFO neutron.wsgi [req-b1ae1d4f-6fbe-4076-9666-3774ff6e4a75 req-93bbcfb6-2d79-42d9-9884-7f2766532989 726f2cfae86c4ab6b41190e3b7a26223 5ba0753cc44d40aa84941b3ad22b43a8 - - default default] 10.0.0.125 "GET /v2.0/networks?id=5dc7174a-0384-46e2-8c22-b0baf3bf538c HTTP/1.1" status: 200 len: 859 time: 0.0976508
2026-05-09 18:07:11.302 10 INFO neutron.wsgi [req-b1ae1d4f-6fbe-4076-9666-3774ff6e4a75 req-06401e93-7ac1-4811-8f1f-0993a32afb23 726f2cfae86c4ab6b41190e3b7a26223 5ba0753cc44d40aa84941b3ad22b43a8 - - default default] 10.0.0.125 "GET /v2.0/quotas/5ba0753cc44d40aa84941b3ad22b43a8 HTTP/1.1" status: 200 len: 491 time: 0.0122070
2026-05-09 18:07:11.411 10 INFO neutron.wsgi [req-b1ae1d4f-6fbe-4076-9666-3774ff6e4a75 req-b390a0ba-e831-45c2-9188-1ca9393759f0 726f2cfae86c4ab6b41190e3b7a26223 5ba0753cc44d40aa84941b3ad22b43a8 - - default default] 10.0.0.125 "GET /v2.0/ports?tenant_id=5ba0753cc44d40aa84941b3ad22b43a8&fields=id HTTP/1.1" status: 200 len: 302 time: 0.1011429
2026-05-09 18:07:11.478 10 INFO neutron.wsgi [req-b1ae1d4f-6fbe-4076-9666-3774ff6e4a75 req-5be505f0-ab90-477d-8480-5e4c046cccb0 776ac5e4cd6f477687a5c90a4c2cab46 1666ee8a17de480aa8f1b766b50213a0 - - f43ab4a669114995b6803f08d09f0240 f43ab4a669114995b6803f08d09f0240] 10.0.0.125 "GET /v2.0/networks/5dc7174a-0384-46e2-8c22-b0baf3bf538c?fields=segments HTTP/1.1" status: 200 len: 212 time: 0.0560892
2026-05-09 18:07:11.553 10 INFO neutron.wsgi [req-b1ae1d4f-6fbe-4076-9666-3774ff6e4a75 req-10520ef1-0e37-4d27-9a39-c3bc4c19e0dc 776ac5e4cd6f477687a5c90a4c2cab46 1666ee8a17de480aa8f1b766b50213a0 - - f43ab4a669114995b6803f08d09f0240 f43ab4a669114995b6803f08d09f0240] 10.0.0.125 "GET /v2.0/networks/5dc7174a-0384-46e2-8c22-b0baf3bf538c?fields=provider%3Aphysical_network&fields=provider%3Anetwork_type HTTP/1.1" status: 200 len: 277 time: 0.0666430
2026-05-09 18:07:11.710 9 INFO neutron.wsgi [req-9ceddb7b-eb61-4445-8882-025f45747e53 req-323ba7cd-bca5-433a-ad0d-983c8c385048 726f2cfae86c4ab6b41190e3b7a26223 5ba0753cc44d40aa84941b3ad22b43a8 - - default default] 10.0.0.125 "GET /v2.0/ports?device_id=a8d9757c-8530-4752-9870-ec4496913a80 HTTP/1.1" status: 200 len: 210 time: 0.0451381
2026-05-09 18:07:12.366 10 INFO neutron.wsgi [req-b1ae1d4f-6fbe-4076-9666-3774ff6e4a75 req-6bf4ff6e-f873-41d4-9f9d-078f724c4960 726f2cfae86c4ab6b41190e3b7a26223 5ba0753cc44d40aa84941b3ad22b43a8 - - default default] 199.204.45.222 "GET /v2.0/networks?id=5dc7174a-0384-46e2-8c22-b0baf3bf538c HTTP/1.1" status: 200 len: 859 time: 0.0567322
2026-05-09 18:07:12.417 10 INFO neutron.wsgi [req-b1ae1d4f-6fbe-4076-9666-3774ff6e4a75 req-0ed36d46-fc5a-4423-9d90-3027e85cbcc5 726f2cfae86c4ab6b41190e3b7a26223 5ba0753cc44d40aa84941b3ad22b43a8 - - default default] 199.204.45.222 "GET /v2.0/security-groups?fields=id&fields=name&tenant_id=5ba0753cc44d40aa84941b3ad22b43a8 HTTP/1.1" status: 200 len: 379 time: 0.0457394
2026-05-09 18:07:12.424 10 WARNING neutron_lib.context [req-b1ae1d4f-6fbe-4076-9666-3774ff6e4a75 req-9725dacc-c9b1-4e67-9b4a-d0d4926e911f 726f2cfae86c4ab6b41190e3b7a26223 5ba0753cc44d40aa84941b3ad22b43a8 - - default default] Method 'is_advsvc' is deprecated since 2023.2 release (neutron-lib 3.8.0) and will be removed once support for the old RBAC API policies will be removed from Neutron. Please use method 'is_service_role' instead.
2026-05-09 18:07:12.501 10 WARNING neutron_lib.context [None req-bab87679-d3c2-4b64-9c3e-c148f90531f2 75cb29a0f26749018d727d0a8c54a289 8c17bb59b08c470d8c473a94ee09f97e - - default default] Method 'is_advsvc' is deprecated since 2023.2 release (neutron-lib 3.8.0) and will be removed once support for the old RBAC API policies will be removed from Neutron. Please use method 'is_service_role' instead.
2026-05-09 18:07:12.732 10 INFO neutron.db.ovn_revision_numbers_db [None req-bab87679-d3c2-4b64-9c3e-c148f90531f2 75cb29a0f26749018d727d0a8c54a289 8c17bb59b08c470d8c473a94ee09f97e - - default default] Successfully bumped revision number for resource b21ca19e-cca8-4355-979e-8d1aadb3989c (type: security_groups) to 1
2026-05-09 18:07:12.757 10 INFO neutron.db.ovn_revision_numbers_db [None req-bab87679-d3c2-4b64-9c3e-c148f90531f2 75cb29a0f26749018d727d0a8c54a289 8c17bb59b08c470d8c473a94ee09f97e - - default default] Successfully bumped revision number for resource 09dcc069-80a4-471a-9e34-43bcece45ab0 (type: security_group_rules) to 0
2026-05-09 18:07:12.790 10 INFO neutron.db.ovn_revision_numbers_db [None req-bab87679-d3c2-4b64-9c3e-c148f90531f2 75cb29a0f26749018d727d0a8c54a289 8c17bb59b08c470d8c473a94ee09f97e - - default default] Successfully bumped revision number for resource 52dc82bd-9a4e-4c9c-b414-64ba798b5c7c (type: security_group_rules) to 0
2026-05-09 18:07:12.793 10 INFO neutron.wsgi [req-f197d981-84ab-46de-80ca-d03e18bede50 req-8888f1bd-416d-4728-8a1b-0518ecd80736 726f2cfae86c4ab6b41190e3b7a26223 5ba0753cc44d40aa84941b3ad22b43a8 - - default default] 10.0.0.125 "GET /v2.0/ports?device_id=a8d9757c-8530-4752-9870-ec4496913a80 HTTP/1.1" status: 200 len: 210 time: 0.0228102
2026-05-09 18:07:12.813 10 INFO neutron.db.ovn_revision_numbers_db [None req-bab87679-d3c2-4b64-9c3e-c148f90531f2 75cb29a0f26749018d727d0a8c54a289 8c17bb59b08c470d8c473a94ee09f97e - - default default] Successfully bumped revision number for resource b276b048-2595-43ea-8c3d-7f65032def29 (type: security_group_rules) to 0
2026-05-09 18:07:12.841 10 INFO neutron.db.ovn_revision_numbers_db [None req-bab87679-d3c2-4b64-9c3e-c148f90531f2 75cb29a0f26749018d727d0a8c54a289 8c17bb59b08c470d8c473a94ee09f97e - - default default] Successfully bumped revision number for resource f969bb24-3efc-4651-bb4f-c915b446a3e4 (type: security_group_rules) to 0
2026-05-09 18:07:12.864 10 WARNING neutron.scheduler.dhcp_agent_scheduler [req-b1ae1d4f-6fbe-4076-9666-3774ff6e4a75 req-9725dacc-c9b1-4e67-9b4a-d0d4926e911f 726f2cfae86c4ab6b41190e3b7a26223 5ba0753cc44d40aa84941b3ad22b43a8 - - default default] No more DHCP agents
2026-05-09 18:07:12.871 10 WARNING neutron.api.rpc.agentnotifiers.dhcp_rpc_agent_api [req-b1ae1d4f-6fbe-4076-9666-3774ff6e4a75 req-9725dacc-c9b1-4e67-9b4a-d0d4926e911f 726f2cfae86c4ab6b41190e3b7a26223 5ba0753cc44d40aa84941b3ad22b43a8 - - default default] Unable to schedule network 5dc7174a-0384-46e2-8c22-b0baf3bf538c: no agents available; will retry on subsequent port and subnet creation events.
2026-05-09 18:07:12.908 10 INFO neutron.db.segments_db [None req-bab87679-d3c2-4b64-9c3e-c148f90531f2 75cb29a0f26749018d727d0a8c54a289 8c17bb59b08c470d8c473a94ee09f97e - - default default] Added segment 890a71d2-a60b-4897-a4ce-251400e566d8 of type geneve for network 131c964d-7460-4023-b870-c0b74ba07a2a
2026-05-09 18:07:13.026 9 WARNING neutron.plugins.ml2.drivers.ovn.mech_driver.ovsdb.ovn_client [None req-92ca9d30-b5f6-46a0-83a6-a6bebe0da3ef - - - - - -] No hosting information found for port ec99fb8a-8ec8-4f6e-afa5-d2170787e1b8: RuntimeError: No hosting information found for port ec99fb8a-8ec8-4f6e-afa5-d2170787e1b8
2026-05-09 18:07:13.099 10 INFO neutron.db.ovn_revision_numbers_db [None req-bab87679-d3c2-4b64-9c3e-c148f90531f2 75cb29a0f26749018d727d0a8c54a289 8c17bb59b08c470d8c473a94ee09f97e - - default default] Successfully bumped revision number for resource 131c964d-7460-4023-b870-c0b74ba07a2a (type: networks) to 1
2026-05-09 18:07:13.131 10 INFO neutron.db.ovn_revision_numbers_db [req-b1ae1d4f-6fbe-4076-9666-3774ff6e4a75 req-9725dacc-c9b1-4e67-9b4a-d0d4926e911f 726f2cfae86c4ab6b41190e3b7a26223 5ba0753cc44d40aa84941b3ad22b43a8 - - default default] Successfully bumped revision number for resource 8d94814b-4226-4a37-b1a9-091216ef094e (type: ports) to 1
2026-05-09 18:07:13.158 10 INFO neutron.wsgi [req-b1ae1d4f-6fbe-4076-9666-3774ff6e4a75 req-9725dacc-c9b1-4e67-9b4a-d0d4926e911f 726f2cfae86c4ab6b41190e3b7a26223 5ba0753cc44d40aa84941b3ad22b43a8 - - default default] 199.204.45.222 "POST /v2.0/ports HTTP/1.1" status: 201 len: 1158 time: 0.7369969 /var/lib/openstack/lib/python3.10/site-packages/pycadf/identifier.py:71: UserWarning: Invalid uuid: neutron. To ensure interoperability, identifiers should be a valid uuid. warnings.warn(('Invalid uuid: %s. To ensure interoperability, '
2026-05-09 18:07:13.317 10 WARNING neutron.scheduler.dhcp_agent_scheduler [None req-bab87679-d3c2-4b64-9c3e-c148f90531f2 75cb29a0f26749018d727d0a8c54a289 8c17bb59b08c470d8c473a94ee09f97e - - default default] No more DHCP agents
2026-05-09 18:07:13.322 10 WARNING neutron.api.rpc.agentnotifiers.dhcp_rpc_agent_api [None req-bab87679-d3c2-4b64-9c3e-c148f90531f2 75cb29a0f26749018d727d0a8c54a289 8c17bb59b08c470d8c473a94ee09f97e - - default default] Unable to schedule network 131c964d-7460-4023-b870-c0b74ba07a2a: no agents available; will retry on subsequent port and subnet creation events.
2026-05-09 18:07:13.421 10 INFO neutron.db.ovn_revision_numbers_db [None req-bab87679-d3c2-4b64-9c3e-c148f90531f2 75cb29a0f26749018d727d0a8c54a289 8c17bb59b08c470d8c473a94ee09f97e - - default default] Successfully bumped revision number for resource d5fcc15d-9d55-4f3c-ae5e-058cd91a9ac3 (type: ports) to 1
2026-05-09 18:07:13.449 10 INFO neutron.wsgi [None req-bab87679-d3c2-4b64-9c3e-c148f90531f2 75cb29a0f26749018d727d0a8c54a289 8c17bb59b08c470d8c473a94ee09f97e - - default default] 10.0.0.133 "POST /v2.0/networks HTTP/1.1" status: 201 len: 831 time: 1.2137794
2026-05-09 18:07:13.540 10 INFO neutron.wsgi [None req-2609f23a-3526-4468-9246-70cdb72414e7 75cb29a0f26749018d727d0a8c54a289 8c17bb59b08c470d8c473a94ee09f97e - - default default] 10.0.0.133 "PUT /v2.0/networks/131c964d-7460-4023-b870-c0b74ba07a2a/tags HTTP/1.1" status: 200 len: 218 time: 0.0878694
2026-05-09 18:07:13.590 9 INFO neutron.wsgi [None req-e78a798a-2208-485e-ba20-5f965b888777 75cb29a0f26749018d727d0a8c54a289 8c17bb59b08c470d8c473a94ee09f97e - - default default] 10.0.0.133 "GET /v2.0/networks/131c964d-7460-4023-b870-c0b74ba07a2a/tags HTTP/1.1" status: 200 len: 218 time: 0.0452816
2026-05-09 18:07:13.661 10 INFO neutron.db.ovn_revision_numbers_db [req-b1ae1d4f-6fbe-4076-9666-3774ff6e4a75 req-41405b93-abee-410a-812d-ac13f6354ed6 776ac5e4cd6f477687a5c90a4c2cab46 1666ee8a17de480aa8f1b766b50213a0 - - f43ab4a669114995b6803f08d09f0240 f43ab4a669114995b6803f08d09f0240] Successfully bumped revision number for resource 8d94814b-4226-4a37-b1a9-091216ef094e (type: ports) to 2
2026-05-09 18:07:13.662 9 INFO neutron.wsgi [None req-cbf9f206-7365-4f49-9846-c4f3979d366c 75cb29a0f26749018d727d0a8c54a289 8c17bb59b08c470d8c473a94ee09f97e - - default default] 10.0.0.133 "PUT /v2.0/networks/131c964d-7460-4023-b870-c0b74ba07a2a/tags/green HTTP/1.1" status: 201 len: 201 time: 0.0580325 /var/lib/openstack/lib/python3.10/site-packages/pycadf/identifier.py:71: UserWarning: Invalid uuid: neutron. To ensure interoperability, identifiers should be a valid uuid. warnings.warn(('Invalid uuid: %s. To ensure interoperability, '
2026-05-09 18:07:13.725 10 INFO neutron.wsgi [None req-bf6a8bb0-e8a0-44ee-8ff9-b68c6282d681 75cb29a0f26749018d727d0a8c54a289 8c17bb59b08c470d8c473a94ee09f97e - - default default] 10.0.0.133 "GET /v2.0/networks/131c964d-7460-4023-b870-c0b74ba07a2a/tags HTTP/1.1" status: 200 len: 227 time: 0.0583715
2026-05-09 18:07:13.776 10 INFO neutron.wsgi [None req-376712d9-199c-49cb-a040-bb09d15dd7d4 75cb29a0f26749018d727d0a8c54a289 8c17bb59b08c470d8c473a94ee09f97e - - default default] 10.0.0.133 "PUT /v2.0/networks/131c964d-7460-4023-b870-c0b74ba07a2a/tags/red HTTP/1.1" status: 201 len: 201 time: 0.0460050
2026-05-09 18:07:13.844 9 INFO neutron.wsgi [None req-f5b543ea-9bb3-46be-814d-0a789ffc7ea8 75cb29a0f26749018d727d0a8c54a289 8c17bb59b08c470d8c473a94ee09f97e - - default default] 10.0.0.133 "GET /v2.0/networks/131c964d-7460-4023-b870-c0b74ba07a2a/tags HTTP/1.1" status: 200 len: 227 time: 0.0623343
2026-05-09 18:07:13.926 10 INFO neutron.wsgi [None req-595d13a0-8115-436b-8b14-4336af3a86b4 75cb29a0f26749018d727d0a8c54a289 8c17bb59b08c470d8c473a94ee09f97e - - default default] 10.0.0.133 "PUT /v2.0/networks/131c964d-7460-4023-b870-c0b74ba07a2a/tags/black.or.white HTTP/1.1" status: 201 len: 201 time: 0.0769086 /var/lib/openstack/lib/python3.10/site-packages/pycadf/identifier.py:71: UserWarning: Invalid uuid: neutron. To ensure interoperability, identifiers should be a valid uuid. warnings.warn(('Invalid uuid: %s. To ensure interoperability, '
2026-05-09 18:07:13.948 10 INFO neutron.db.ovn_revision_numbers_db [req-b1ae1d4f-6fbe-4076-9666-3774ff6e4a75 req-41405b93-abee-410a-812d-ac13f6354ed6 776ac5e4cd6f477687a5c90a4c2cab46 1666ee8a17de480aa8f1b766b50213a0 - - f43ab4a669114995b6803f08d09f0240 f43ab4a669114995b6803f08d09f0240] Successfully bumped revision number for resource 8d94814b-4226-4a37-b1a9-091216ef094e (type: ports) to 2
2026-05-09 18:07:13.950 9 INFO neutron.wsgi [req-8ae1306f-8698-41a6-8b2e-f27c1067b254 req-ae16bf5b-752d-4e5e-862b-ad145c2ba9d4 726f2cfae86c4ab6b41190e3b7a26223 5ba0753cc44d40aa84941b3ad22b43a8 - - default default] 10.0.0.125 "GET /v2.0/ports?device_id=a8d9757c-8530-4752-9870-ec4496913a80 HTTP/1.1" status: 200 len: 1168 time: 0.1033807
2026-05-09 18:07:13.975 10 INFO neutron.wsgi [req-b1ae1d4f-6fbe-4076-9666-3774ff6e4a75 req-41405b93-abee-410a-812d-ac13f6354ed6 776ac5e4cd6f477687a5c90a4c2cab46 1666ee8a17de480aa8f1b766b50213a0 - - f43ab4a669114995b6803f08d09f0240 f43ab4a669114995b6803f08d09f0240] 199.204.45.222 "PUT /v2.0/ports/8d94814b-4226-4a37-b1a9-091216ef094e HTTP/1.1" status: 200 len: 1376 time: 0.8114753
2026-05-09 18:07:13.986 9 INFO neutron.wsgi [None req-6b339b36-9a24-4ae4-afdd-7bd56a19610d 75cb29a0f26749018d727d0a8c54a289 8c17bb59b08c470d8c473a94ee09f97e - - default default] 10.0.0.133 "GET /v2.0/networks/131c964d-7460-4023-b870-c0b74ba07a2a/tags HTTP/1.1" status: 200 len: 245 time: 0.0550506
2026-05-09 18:07:13.999 10 INFO neutron.wsgi [None req-bfeb5776-1027-4589-b554-0843df57dd84 c572f58c1d77452bb5b1692fdfebc06d 5dc984d747294a5bb2baabbf3dacb6dc - - default default] 10.0.0.133 "POST /v2.0/qos/policies HTTP/1.1" status: 201 len: 558 time: 0.2156289
2026-05-09 18:07:14.011 9 INFO neutron.wsgi [req-8ae1306f-8698-41a6-8b2e-f27c1067b254 req-39e86a80-7c71-40bc-a41b-0c02cd968073 726f2cfae86c4ab6b41190e3b7a26223 5ba0753cc44d40aa84941b3ad22b43a8 - - default default] 10.0.0.125 "GET /v2.0/security-groups?id=bccfb5c4-8047-4115-b771-26e6b2da1460&fields=id&fields=name HTTP/1.1" status: 200 len: 312 time: 0.0540421
2026-05-09 18:07:14.021 10 INFO neutron.notifiers.nova [-] Nova event matching ['req-6c6d199d-66c0-4086-a489-6186b85d5ecf'] response: {'name': 'network-changed', 'server_uuid': 'a8d9757c-8530-4752-9870-ec4496913a80', 'tag': '8d94814b-4226-4a37-b1a9-091216ef094e', 'status': 'completed', 'code': 200}
2026-05-09 18:07:14.038 10 INFO neutron.wsgi [None req-2e71e108-a45c-46c6-aace-e63883be8412 c572f58c1d77452bb5b1692fdfebc06d 5dc984d747294a5bb2baabbf3dacb6dc - - default default] 10.0.0.133 "PUT /v2.0/policies/70dd9b1b-14e1-4588-95f7-b1f8a1e0900f/tags HTTP/1.1" status: 200 len: 218 time: 0.0349493
2026-05-09 18:07:14.055 9 INFO neutron.wsgi [None req-b2a238d8-3f3f-4ce5-aa85-8bdeba1fd399 75cb29a0f26749018d727d0a8c54a289 8c17bb59b08c470d8c473a94ee09f97e - - default default] 10.0.0.133 "PUT /v2.0/networks/131c964d-7460-4023-b870-c0b74ba07a2a/tags HTTP/1.1" status: 200 len: 230 time: 0.0633056
2026-05-09 18:07:14.070 9 INFO neutron.wsgi [None req-b79cfde7-7158-4dc6-9ee5-b2cb7248826f c572f58c1d77452bb5b1692fdfebc06d 5dc984d747294a5bb2baabbf3dacb6dc - - default default] 10.0.0.133 "GET /v2.0/policies/70dd9b1b-14e1-4588-95f7-b1f8a1e0900f/tags HTTP/1.1" status: 200 len: 218 time: 0.0269973
2026-05-09 18:07:14.107 9 INFO neutron.wsgi [None req-5ebc28b2-f66d-4e84-8c12-a5bf10d6d6a4 75cb29a0f26749018d727d0a8c54a289 8c17bb59b08c470d8c473a94ee09f97e - - default default] 10.0.0.133 "GET /v2.0/networks/131c964d-7460-4023-b870-c0b74ba07a2a/tags HTTP/1.1" status: 200 len: 230 time: 0.0475464
2026-05-09 18:07:14.119 9 INFO neutron.wsgi [None req-1c99fabd-b3f4-4f95-bbaf-caba51f50ca2 c572f58c1d77452bb5b1692fdfebc06d 5dc984d747294a5bb2baabbf3dacb6dc - - default default] 10.0.0.133 "PUT /v2.0/policies/70dd9b1b-14e1-4588-95f7-b1f8a1e0900f/tags/green HTTP/1.1" status: 201 len: 201 time: 0.0446377
2026-05-09 18:07:14.155 9 INFO neutron.wsgi [None req-82f24419-3a39-4b4a-8e30-77bbb6da613e c572f58c1d77452bb5b1692fdfebc06d 5dc984d747294a5bb2baabbf3dacb6dc - - default default] 10.0.0.133 "GET /v2.0/policies/70dd9b1b-14e1-4588-95f7-b1f8a1e0900f/tags HTTP/1.1" status: 200 len: 227 time: 0.0297101
2026-05-09 18:07:14.164 9 INFO neutron.wsgi [None req-19d49129-19e7-4523-923c-87e0b0488f5a 75cb29a0f26749018d727d0a8c54a289 8c17bb59b08c470d8c473a94ee09f97e - - default default] 10.0.0.133 "GET /v2.0/networks/131c964d-7460-4023-b870-c0b74ba07a2a/tags/red HTTP/1.1" status: 204 len: 168 time: 0.0521963
2026-05-09 18:07:14.179 9 INFO neutron.wsgi [None req-e794a029-9cf9-41fc-8ec6-72e781f4ec72 c572f58c1d77452bb5b1692fdfebc06d 5dc984d747294a5bb2baabbf3dacb6dc - - default default] 10.0.0.133 "PUT /v2.0/policies/70dd9b1b-14e1-4588-95f7-b1f8a1e0900f/tags/red HTTP/1.1" status: 201 len: 201 time: 0.0199151
2026-05-09 18:07:14.212 9 INFO neutron.wsgi [None req-505556e4-9cd3-49ce-966f-9dcff129cd54 c572f58c1d77452bb5b1692fdfebc06d 5dc984d747294a5bb2baabbf3dacb6dc - - default default] 10.0.0.133 "GET /v2.0/policies/70dd9b1b-14e1-4588-95f7-b1f8a1e0900f/tags HTTP/1.1" status: 200 len: 227 time: 0.0255468
2026-05-09 18:07:14.213 9 INFO neutron.api.v2.resource [None req-d295de1d-3cd0-48ec-9d8b-8565db07f365 75cb29a0f26749018d727d0a8c54a289 8c17bb59b08c470d8c473a94ee09f97e - - default default] show failed (client error): The resource could not be found.
2026-05-09 18:07:14.214 9 INFO neutron.wsgi [None req-d295de1d-3cd0-48ec-9d8b-8565db07f365 75cb29a0f26749018d727d0a8c54a289 8c17bb59b08c470d8c473a94ee09f97e - - default default] 10.0.0.133 "GET /v2.0/networks/131c964d-7460-4023-b870-c0b74ba07a2a/tags/green HTTP/1.1" status: 404 len: 299 time: 0.0455718
2026-05-09 18:07:14.260 9 INFO neutron.wsgi [None req-89a7120a-fbad-489d-a619-9d9f4782717d c572f58c1d77452bb5b1692fdfebc06d 5dc984d747294a5bb2baabbf3dacb6dc - - default default] 10.0.0.133 "PUT /v2.0/policies/70dd9b1b-14e1-4588-95f7-b1f8a1e0900f/tags/black.or.white HTTP/1.1" status: 201 len: 201 time: 0.0431762
2026-05-09 18:07:14.266 10 INFO neutron.wsgi [req-b1ae1d4f-6fbe-4076-9666-3774ff6e4a75 req-c4e28f4e-4f33-4071-865f-e0a1b571a71d 776ac5e4cd6f477687a5c90a4c2cab46 1666ee8a17de480aa8f1b766b50213a0 - - f43ab4a669114995b6803f08d09f0240 f43ab4a669114995b6803f08d09f0240] 199.204.45.222 "GET /v2.0/ports?tenant_id=5ba0753cc44d40aa84941b3ad22b43a8&device_id=a8d9757c-8530-4752-9870-ec4496913a80 HTTP/1.1" status: 200 len: 1407 time: 0.2373843
2026-05-09 18:07:14.283 9 INFO neutron.wsgi [None req-fa73d74a-ee0a-4759-90a4-ff31e2012927 75cb29a0f26749018d727d0a8c54a289 8c17bb59b08c470d8c473a94ee09f97e - - default default] 10.0.0.133 "DELETE /v2.0/networks/131c964d-7460-4023-b870-c0b74ba07a2a/tags/red HTTP/1.1" status: 204 len: 168 time: 0.0608902
2026-05-09 18:07:14.286 9 INFO neutron.wsgi [None req-b93c9712-bb85-46e3-9962-c4723a7a37b5 c572f58c1d77452bb5b1692fdfebc06d 5dc984d747294a5bb2baabbf3dacb6dc - - default default] 10.0.0.133 "GET /v2.0/policies/70dd9b1b-14e1-4588-95f7-b1f8a1e0900f/tags HTTP/1.1" status: 200 len: 245 time: 0.0196657
2026-05-09 18:07:14.300 10 INFO neutron.wsgi [req-b1ae1d4f-6fbe-4076-9666-3774ff6e4a75 req-64fad4ba-7083-44f7-8d38-57ca7f766cd4 776ac5e4cd6f477687a5c90a4c2cab46 1666ee8a17de480aa8f1b766b50213a0 - - f43ab4a669114995b6803f08d09f0240 f43ab4a669114995b6803f08d09f0240] 199.204.45.222 "GET /v2.0/floatingips?fixed_ip_address=10.100.0.8&port_id=8d94814b-4226-4a37-b1a9-091216ef094e HTTP/1.1" status: 200 len: 217 time: 0.0276480
2026-05-09 18:07:14.332 9 INFO neutron.wsgi [None req-11ff1c6c-ccad-4d06-803f-98fb2bc017d8 75cb29a0f26749018d727d0a8c54a289 8c17bb59b08c470d8c473a94ee09f97e - - default default] 10.0.0.133 "GET /v2.0/networks/131c964d-7460-4023-b870-c0b74ba07a2a/tags HTTP/1.1" status: 200 len: 223 time: 0.0428638
2026-05-09 18:07:14.335 10 INFO neutron.wsgi [req-b1ae1d4f-6fbe-4076-9666-3774ff6e4a75 req-2f635ce3-6862-4d45-8195-82ea95ae58d3 776ac5e4cd6f477687a5c90a4c2cab46 1666ee8a17de480aa8f1b766b50213a0 - - f43ab4a669114995b6803f08d09f0240 f43ab4a669114995b6803f08d09f0240] 199.204.45.222 "GET /v2.0/subnets?id=90908f61-9d54-475e-8cbf-81071bac1ebf HTTP/1.1" status: 200 len: 853 time: 0.0303607
2026-05-09 18:07:14.344 9 INFO neutron.wsgi [None req-092483cb-903c-41fa-9d59-0f262ea88f65 c572f58c1d77452bb5b1692fdfebc06d 5dc984d747294a5bb2baabbf3dacb6dc - - default default] 10.0.0.133 "PUT /v2.0/policies/70dd9b1b-14e1-4588-95f7-b1f8a1e0900f/tags HTTP/1.1" status: 200 len: 230 time: 0.0504725
2026-05-09 18:07:14.371 10 INFO neutron.wsgi [req-b1ae1d4f-6fbe-4076-9666-3774ff6e4a75 req-3e239688-12b6-4860-b5f2-1711394d6c20 776ac5e4cd6f477687a5c90a4c2cab46 1666ee8a17de480aa8f1b766b50213a0 - - f43ab4a669114995b6803f08d09f0240 f43ab4a669114995b6803f08d09f0240] 199.204.45.222 "GET /v2.0/ports?network_id=5dc7174a-0384-46e2-8c22-b0baf3bf538c&device_owner=network%3Adhcp HTTP/1.1" status: 200 len: 210 time: 0.0294399
2026-05-09 18:07:14.378 9 INFO neutron.wsgi [None req-c7513048-d496-4a5e-8b4a-25ae5f842139 c572f58c1d77452bb5b1692fdfebc06d 5dc984d747294a5bb2baabbf3dacb6dc - - default default] 10.0.0.133 "GET /v2.0/policies/70dd9b1b-14e1-4588-95f7-b1f8a1e0900f/tags HTTP/1.1" status: 200 len: 230 time: 0.0276074
2026-05-09 18:07:14.387 9 INFO neutron.api.v2.resource [None req-a62257c0-1733-4019-9d27-38dd1aa00f58 75cb29a0f26749018d727d0a8c54a289 8c17bb59b08c470d8c473a94ee09f97e - - default default] delete failed (client error): The resource could not be found.
2026-05-09 18:07:14.389 9 INFO neutron.wsgi [None req-a62257c0-1733-4019-9d27-38dd1aa00f58 75cb29a0f26749018d727d0a8c54a289 8c17bb59b08c470d8c473a94ee09f97e - - default default] 10.0.0.133 "DELETE /v2.0/networks/131c964d-7460-4023-b870-c0b74ba07a2a/tags/green HTTP/1.1" status: 404 len: 299 time: 0.0505033
2026-05-09 18:07:14.399 9 INFO neutron.wsgi [None req-bafc6b4e-7717-4358-8132-410e806fa30d c572f58c1d77452bb5b1692fdfebc06d 5dc984d747294a5bb2baabbf3dacb6dc - - default default] 10.0.0.133 "GET /v2.0/policies/70dd9b1b-14e1-4588-95f7-b1f8a1e0900f/tags/red HTTP/1.1" status: 204 len: 168 time: 0.0157931
2026-05-09 18:07:14.419 9 INFO neutron.api.v2.resource [None req-fa0658a0-fdae-4422-b198-6acb55ee4a0d c572f58c1d77452bb5b1692fdfebc06d 5dc984d747294a5bb2baabbf3dacb6dc - - default default] show failed (client error): The resource could not be found.
2026-05-09 18:07:14.420 9 INFO neutron.wsgi [None req-fa0658a0-fdae-4422-b198-6acb55ee4a0d c572f58c1d77452bb5b1692fdfebc06d 5dc984d747294a5bb2baabbf3dacb6dc - - default default] 10.0.0.133 "GET /v2.0/policies/70dd9b1b-14e1-4588-95f7-b1f8a1e0900f/tags/green HTTP/1.1" status: 404 len: 299 time: 0.0158691
2026-05-09 18:07:14.450 9 INFO neutron.wsgi [None req-b3068f38-8658-40ec-947e-2fc00b9723cc c572f58c1d77452bb5b1692fdfebc06d 5dc984d747294a5bb2baabbf3dacb6dc - - default default] 10.0.0.133 "DELETE /v2.0/policies/70dd9b1b-14e1-4588-95f7-b1f8a1e0900f/tags/red HTTP/1.1" status: 204 len: 168 time: 0.0258660
2026-05-09 18:07:14.460 10 INFO neutron.wsgi [req-b1ae1d4f-6fbe-4076-9666-3774ff6e4a75 req-6f830a6a-5f53-4b87-a96e-342cce3958f6 776ac5e4cd6f477687a5c90a4c2cab46 1666ee8a17de480aa8f1b766b50213a0 - - f43ab4a669114995b6803f08d09f0240 f43ab4a669114995b6803f08d09f0240] 199.204.45.222 "GET /v2.0/networks/5dc7174a-0384-46e2-8c22-b0baf3bf538c?fields=segments HTTP/1.1" status: 200 len: 212 time: 0.0819592
2026-05-09 18:07:14.467 10 INFO neutron.wsgi [None req-47f5ff0c-2329-4bb0-a7ff-05aeda666440 75cb29a0f26749018d727d0a8c54a289 8c17bb59b08c470d8c473a94ee09f97e - - default default] 10.0.0.133 "DELETE /v2.0/networks/131c964d-7460-4023-b870-c0b74ba07a2a/tags HTTP/1.1" status: 204 len: 168 time: 0.0731997
2026-05-09 18:07:14.475 9 INFO neutron.wsgi [None req-88f77e5d-45df-484c-8e2f-bf2b0334b7b2 c572f58c1d77452bb5b1692fdfebc06d 5dc984d747294a5bb2baabbf3dacb6dc - - default default] 10.0.0.133 "GET /v2.0/policies/70dd9b1b-14e1-4588-95f7-b1f8a1e0900f/tags HTTP/1.1" status: 200 len: 223 time: 0.0198331
2026-05-09 18:07:14.505 10 INFO neutron.api.v2.resource [None req-5f578751-5acf-4087-9ba3-6f7784819ce6 c572f58c1d77452bb5b1692fdfebc06d 5dc984d747294a5bb2baabbf3dacb6dc - - default default] delete failed (client error): The resource could not be found.
2026-05-09 18:07:14.506 10 INFO neutron.wsgi [None req-5f578751-5acf-4087-9ba3-6f7784819ce6 c572f58c1d77452bb5b1692fdfebc06d 5dc984d747294a5bb2baabbf3dacb6dc - - default default] 10.0.0.133 "DELETE /v2.0/policies/70dd9b1b-14e1-4588-95f7-b1f8a1e0900f/tags/green HTTP/1.1" status: 404 len: 299 time: 0.0271447
2026-05-09 18:07:14.506 9 INFO neutron.wsgi [None req-da90cba8-de83-4b03-96e7-ee435e4b4763 75cb29a0f26749018d727d0a8c54a289 8c17bb59b08c470d8c473a94ee09f97e - - default default] 10.0.0.133 "GET /v2.0/networks/131c964d-7460-4023-b870-c0b74ba07a2a/tags HTTP/1.1" status: 200 len: 205 time: 0.0361590
2026-05-09 18:07:14.541 10 INFO neutron.wsgi [req-b1ae1d4f-6fbe-4076-9666-3774ff6e4a75 req-4848caf2-74ba-4807-b94d-6cace08c4bf0 776ac5e4cd6f477687a5c90a4c2cab46 1666ee8a17de480aa8f1b766b50213a0 - - f43ab4a669114995b6803f08d09f0240 f43ab4a669114995b6803f08d09f0240] 199.204.45.222 "GET /v2.0/networks/5dc7174a-0384-46e2-8c22-b0baf3bf538c?fields=provider%3Aphysical_network&fields=provider%3Anetwork_type HTTP/1.1" status: 200 len: 277 time: 0.0738754
2026-05-09 18:07:14.553 9 INFO neutron.wsgi [None req-f921c417-eef7-4225-b099-c64311a56846 c572f58c1d77452bb5b1692fdfebc06d 5dc984d747294a5bb2baabbf3dacb6dc - - default default] 10.0.0.133 "DELETE /v2.0/policies/70dd9b1b-14e1-4588-95f7-b1f8a1e0900f/tags HTTP/1.1" status: 204 len: 168 time: 0.0441496
2026-05-09 18:07:14.581 9 INFO neutron.wsgi [None req-ca893476-f7c3-478d-ab45-a2defbc60cc9 c572f58c1d77452bb5b1692fdfebc06d 5dc984d747294a5bb2baabbf3dacb6dc - - default default] 10.0.0.133 "GET /v2.0/policies/70dd9b1b-14e1-4588-95f7-b1f8a1e0900f/tags HTTP/1.1" status: 200 len: 205 time: 0.0218096
2026-05-09 18:07:14.625 10 INFO neutron.wsgi [req-eceb4fe4-f4ba-4d35-a233-ff199fbbc06c req-c2246c09-dcd3-403e-8eb1-b7b1714ed764 776ac5e4cd6f477687a5c90a4c2cab46 1666ee8a17de480aa8f1b766b50213a0 - - f43ab4a669114995b6803f08d09f0240 f43ab4a669114995b6803f08d09f0240] 199.204.45.222 "GET /v2.0/ports?tenant_id=5ba0753cc44d40aa84941b3ad22b43a8&device_id=a8d9757c-8530-4752-9870-ec4496913a80 HTTP/1.1" status: 200 len: 1407 time: 0.0429673
2026-05-09 18:07:14.659 9 INFO neutron.wsgi [None req-6fcd2af4-ce93-4cf9-8124-7a8bc3749239 c572f58c1d77452bb5b1692fdfebc06d 5dc984d747294a5bb2baabbf3dacb6dc - - default default] 10.0.0.133 "DELETE /v2.0/qos/policies/70dd9b1b-14e1-4588-95f7-b1f8a1e0900f HTTP/1.1" status: 204 len: 168 time: 0.0718381
2026-05-09 18:07:14.723 10 INFO neutron.wsgi [req-eceb4fe4-f4ba-4d35-a233-ff199fbbc06c req-43f48419-6575-4d67-9ac1-6649f6e6d8e1 776ac5e4cd6f477687a5c90a4c2cab46 1666ee8a17de480aa8f1b766b50213a0 - - f43ab4a669114995b6803f08d09f0240 f43ab4a669114995b6803f08d09f0240] 199.204.45.222 "GET /v2.0/networks?id=5dc7174a-0384-46e2-8c22-b0baf3bf538c HTTP/1.1" status: 200 len: 958 time: 0.0946414
2026-05-09 18:07:14.742 9 INFO neutron.plugins.ml2.drivers.ovn.mech_driver.mech_driver [None req-92ca9d30-b5f6-46a0-83a6-a6bebe0da3ef - - - - - -] OVN reports status up for port: 8d94814b-4226-4a37-b1a9-091216ef094e
2026-05-09 18:07:14.758 9 INFO neutron.plugins.ml2.plugin [None req-92ca9d30-b5f6-46a0-83a6-a6bebe0da3ef - - - - - -] Attempt 1 to provision port 8d94814b-4226-4a37-b1a9-091216ef094e
2026-05-09 18:07:14.778 10 INFO neutron.wsgi [req-eceb4fe4-f4ba-4d35-a233-ff199fbbc06c req-9a5ef9db-ad74-4380-9bf5-546a56ede2bf 776ac5e4cd6f477687a5c90a4c2cab46 1666ee8a17de480aa8f1b766b50213a0 - - f43ab4a669114995b6803f08d09f0240 f43ab4a669114995b6803f08d09f0240] 199.204.45.222 "GET /v2.0/floatingips?fixed_ip_address=10.100.0.8&port_id=8d94814b-4226-4a37-b1a9-091216ef094e HTTP/1.1" status: 200 len: 217 time: 0.0491655
2026-05-09 18:07:14.842 10 INFO neutron.wsgi [req-eceb4fe4-f4ba-4d35-a233-ff199fbbc06c req-ec98b55b-c15c-4fed-8658-062ac29a3ccd 776ac5e4cd6f477687a5c90a4c2cab46 1666ee8a17de480aa8f1b766b50213a0 - - f43ab4a669114995b6803f08d09f0240 f43ab4a669114995b6803f08d09f0240] 199.204.45.222 "GET /v2.0/subnets?id=90908f61-9d54-475e-8cbf-81071bac1ebf HTTP/1.1" status: 200 len: 853 time: 0.0574436
2026-05-09 18:07:14.873 10 INFO neutron.wsgi [req-eceb4fe4-f4ba-4d35-a233-ff199fbbc06c req-015da2d3-779d-4e41-8da1-67b8a78f7aa4 776ac5e4cd6f477687a5c90a4c2cab46 1666ee8a17de480aa8f1b766b50213a0 - - f43ab4a669114995b6803f08d09f0240 f43ab4a669114995b6803f08d09f0240] 199.204.45.222 "GET /v2.0/ports?network_id=5dc7174a-0384-46e2-8c22-b0baf3bf538c&device_owner=network%3Adhcp HTTP/1.1" status: 200 len: 210 time: 0.0228784
2026-05-09 18:07:14.929 9 INFO neutron.notifiers.nova [-] Nova event matching ['req-b175a693-4455-44c5-a13e-b98353b63bdc'] response: {'server_uuid': 'a8d9757c-8530-4752-9870-ec4496913a80', 'name': 'network-vif-plugged', 'status': 'completed', 'tag': '8d94814b-4226-4a37-b1a9-091216ef094e', 'code': 200}
2026-05-09 18:07:14.992 10 INFO neutron.wsgi [req-eceb4fe4-f4ba-4d35-a233-ff199fbbc06c req-bec1ab88-cbea-4e41-b2f8-ea623c894449 776ac5e4cd6f477687a5c90a4c2cab46 1666ee8a17de480aa8f1b766b50213a0 - - f43ab4a669114995b6803f08d09f0240 f43ab4a669114995b6803f08d09f0240] 199.204.45.222 "GET /v2.0/networks/5dc7174a-0384-46e2-8c22-b0baf3bf538c?fields=segments HTTP/1.1" status: 200 len: 212 time: 0.1047883
2026-05-09 18:07:15.065 9 INFO neutron.db.ovn_revision_numbers_db [None req-92ca9d30-b5f6-46a0-83a6-a6bebe0da3ef - - - - - -] Successfully bumped revision number for resource 8d94814b-4226-4a37-b1a9-091216ef094e (type: ports) to 4
2026-05-09 18:07:15.072 10 INFO neutron.services.segments.plugin [-] Segment 890a71d2-a60b-4897-a4ce-251400e566d8 resource provider aggregate not found
2026-05-09 18:07:15.078 10 INFO neutron.services.segments.plugin [-] Segment 890a71d2-a60b-4897-a4ce-251400e566d8 resource provider aggregate not found
2026-05-09 18:07:15.090 10 INFO neutron.wsgi [req-eceb4fe4-f4ba-4d35-a233-ff199fbbc06c req-83a962fd-4270-43b4-a754-ab18b24d3816 776ac5e4cd6f477687a5c90a4c2cab46 1666ee8a17de480aa8f1b766b50213a0 - - f43ab4a669114995b6803f08d09f0240 f43ab4a669114995b6803f08d09f0240] 199.204.45.222 "GET /v2.0/networks/5dc7174a-0384-46e2-8c22-b0baf3bf538c?fields=provider%3Aphysical_network&fields=provider%3Anetwork_type HTTP/1.1" status: 200 len: 277 time: 0.0889161
2026-05-09 18:07:15.095 10 INFO neutron.services.segments.plugin [-] Segment 890a71d2-a60b-4897-a4ce-251400e566d8 resource provider not found; error: Placement Client Error (4xx): {"errors": [{"status": 404, "title": "Not Found", "detail": "The resource could not be found.\n\n No resource provider with uuid 890a71d2-a60b-4897-a4ce-251400e566d8 found for delete ", "request_id": "req-f31e96f3-3fec-4821-9793-c66e322eb18e"}]}
2026-05-09 18:07:15.097 10 INFO neutron.services.segments.plugin [-] Segment 890a71d2-a60b-4897-a4ce-251400e566d8 resource provider not found; error: Placement Client Error (4xx): {"errors": [{"status": 404, "title": "Not Found", "detail": "The resource could not be found.\n\n No resource provider with uuid 890a71d2-a60b-4897-a4ce-251400e566d8 found for delete ", "request_id": "req-f2dbbf4e-3d89-4553-8d46-8ecc3b5469c2"}]}
2026-05-09 18:07:15.121 10 INFO neutron.wsgi [None req-06fc7e0e-8e52-4ed5-84e3-3e687cd8e67e 75cb29a0f26749018d727d0a8c54a289 8c17bb59b08c470d8c473a94ee09f97e - - default default] 10.0.0.133 "DELETE /v2.0/networks/131c964d-7460-4023-b870-c0b74ba07a2a HTTP/1.1" status: 204 len: 168 time: 0.6105702
2026-05-09 18:07:15.137 9 INFO neutron.wsgi [req-888f9921-f951-41ae-8999-5bacc7f5dcd9 req-057c7c04-2b48-4e7a-bd3e-be1b1f539121 726f2cfae86c4ab6b41190e3b7a26223 5ba0753cc44d40aa84941b3ad22b43a8 - - default default] 10.0.0.125 "GET /v2.0/ports?device_id=a8d9757c-8530-4752-9870-ec4496913a80 HTTP/1.1" status: 200 len: 1170 time: 0.0572367 /var/lib/openstack/lib/python3.10/site-packages/pycadf/identifier.py:71: UserWarning: Invalid uuid: neutron. To ensure interoperability, identifiers should be a valid uuid. warnings.warn(('Invalid uuid: %s. To ensure interoperability, '
2026-05-09 18:07:15.178 9 INFO neutron.wsgi [req-888f9921-f951-41ae-8999-5bacc7f5dcd9 req-56363629-8ef3-4906-a507-7975f2e3cbd8 726f2cfae86c4ab6b41190e3b7a26223 5ba0753cc44d40aa84941b3ad22b43a8 - - default default] 10.0.0.125 "GET /v2.0/security-groups?id=bccfb5c4-8047-4115-b771-26e6b2da1460&fields=id&fields=name HTTP/1.1" status: 200 len: 312 time: 0.0346045
2026-05-09 18:07:15.794 10 INFO neutron.db.ovn_revision_numbers_db [None req-ed66b45d-1180-449b-9754-46e870cdcd11 b0c879c99dad44d09219c314d35f57e4 a5452024624c4173a9384ae077addd82 - - default default] Successfully bumped revision number for resource cadd93a2-f92d-4b39-8611-1809f91b3c6f (type: security_groups) to 1
2026-05-09 18:07:15.808 10 INFO neutron.db.ovn_revision_numbers_db [None req-ed66b45d-1180-449b-9754-46e870cdcd11 b0c879c99dad44d09219c314d35f57e4 a5452024624c4173a9384ae077addd82 - - default default] Successfully bumped revision number for resource 770bfb71-0c1d-45ac-ae9b-8e9fb12f79bf (type: security_group_rules) to 0
2026-05-09 18:07:15.821 10 INFO neutron.db.ovn_revision_numbers_db [None req-ed66b45d-1180-449b-9754-46e870cdcd11 b0c879c99dad44d09219c314d35f57e4 a5452024624c4173a9384ae077addd82 - - default default] Successfully bumped revision number for resource 7cb2604e-690c-4bd6-8923-597ef56f803b (type: security_group_rules) to 0
2026-05-09 18:07:15.833 10 INFO neutron.db.ovn_revision_numbers_db [None req-ed66b45d-1180-449b-9754-46e870cdcd11 b0c879c99dad44d09219c314d35f57e4 a5452024624c4173a9384ae077addd82 - - default default] Successfully bumped revision number for resource d02c1769-c23b-49be-b33e-4662155020e7 (type: security_group_rules) to 0
2026-05-09 18:07:15.845 10 INFO neutron.db.ovn_revision_numbers_db [None req-ed66b45d-1180-449b-9754-46e870cdcd11 b0c879c99dad44d09219c314d35f57e4 a5452024624c4173a9384ae077addd82 - - default default] Successfully bumped revision number for resource dbbafb56-a953-4a97-b77c-5b129ccb3f90 (type: security_group_rules) to 0
2026-05-09 18:07:15.867 10 INFO neutron.wsgi [None req-ed66b45d-1180-449b-9754-46e870cdcd11 b0c879c99dad44d09219c314d35f57e4 a5452024624c4173a9384ae077addd82 - - default default] 10.0.0.133 "GET /v2.0/security-groups?tenant_id=5dc984d747294a5bb2baabbf3dacb6dc&name=default HTTP/1.1" status: 200 len: 3120 time: 0.4452333
2026-05-09 18:07:15.957 9 INFO neutron.wsgi [None req-40e432b4-5e97-4dbb-b94f-854367bc0dea b0c879c99dad44d09219c314d35f57e4 a5452024624c4173a9384ae077addd82 - - default default] 10.0.0.133 "GET /v2.0/security-groups?tenant_id=8c17bb59b08c470d8c473a94ee09f97e&name=default HTTP/1.1" status: 200 len: 3120 time: 0.1657393
2026-05-09 18:07:16.099 9 INFO neutron.wsgi [None req-0241ee15-5737-4757-b0b0-a7e757653763 b0c879c99dad44d09219c314d35f57e4 a5452024624c4173a9384ae077addd82 - - default default] 10.0.0.133 "DELETE /v2.0/security-groups/cadd93a2-f92d-4b39-8611-1809f91b3c6f HTTP/1.1" status: 204 len: 168 time: 0.2264948
2026-05-09 18:07:16.178 10 INFO neutron.wsgi [None req-260b3eed-45d7-44ef-8bff-3310c4f7eab1 b0c879c99dad44d09219c314d35f57e4 a5452024624c4173a9384ae077addd82 - - default default] 10.0.0.133 "DELETE /v2.0/security-groups/b21ca19e-cca8-4355-979e-8d1aadb3989c HTTP/1.1" status: 204 len: 168 time: 0.2161148
