2026-05-09 18:08:56.051 10 WARNING neutron_lib.context [None req-ed2aac9d-afa2-4649-8f43-c42223988f24 1b7e643e9fbb4033aa9dd5758f21a26b c4ef198d3e5e4bb984bf714d662bee2a - - default default] Method 'is_advsvc' is deprecated since 2023.2 release (neutron-lib 3.8.0) and will be removed once support for the old RBAC API policies will be removed from Neutron. Please use method 'is_service_role' instead.
2026-05-09 18:08:56.151 9 INFO neutron.wsgi [req-7ff4bc96-a2b8-4505-b485-d1c44d1303c3 req-8aa3da89-3c10-46cf-bf11-825a34ee48a7 776ac5e4cd6f477687a5c90a4c2cab46 1666ee8a17de480aa8f1b766b50213a0 - - f43ab4a669114995b6803f08d09f0240 f43ab4a669114995b6803f08d09f0240] 10.0.0.125 "GET /v2.0/networks/6d79d844-6043-4a97-81ad-d55fc25af787?fields=segments HTTP/1.1" status: 200 len: 212 time: 0.1578510
2026-05-09 18:08:56.183 10 INFO neutron.db.ovn_revision_numbers_db [None req-ed2aac9d-afa2-4649-8f43-c42223988f24 1b7e643e9fbb4033aa9dd5758f21a26b c4ef198d3e5e4bb984bf714d662bee2a - - default default] Successfully bumped revision number for resource 71d4748d-0b1b-4013-8e30-15155f2157f1 (type: security_groups) to 1
2026-05-09 18:08:56.198 10 INFO neutron.db.ovn_revision_numbers_db [None req-ed2aac9d-afa2-4649-8f43-c42223988f24 1b7e643e9fbb4033aa9dd5758f21a26b c4ef198d3e5e4bb984bf714d662bee2a - - default default] Successfully bumped revision number for resource 71abbb86-e844-4737-944b-9bbb71dd151a (type: security_group_rules) to 0
2026-05-09 18:08:56.211 9 INFO neutron.wsgi [req-7ff4bc96-a2b8-4505-b485-d1c44d1303c3 req-d60167ba-a87a-41e8-a7b8-cfff3b699e59 776ac5e4cd6f477687a5c90a4c2cab46 1666ee8a17de480aa8f1b766b50213a0 - - f43ab4a669114995b6803f08d09f0240 f43ab4a669114995b6803f08d09f0240] 10.0.0.125 "GET /v2.0/networks/6d79d844-6043-4a97-81ad-d55fc25af787?fields=provider%3Aphysical_network&fields=provider%3Anetwork_type HTTP/1.1" status: 200 len: 277 time: 0.0551333
2026-05-09 18:08:56.213 10 INFO neutron.db.ovn_revision_numbers_db [None req-ed2aac9d-afa2-4649-8f43-c42223988f24 1b7e643e9fbb4033aa9dd5758f21a26b c4ef198d3e5e4bb984bf714d662bee2a - - default default] Successfully bumped revision number for resource a80bfd02-08ff-4fcb-8850-7573edb7d22b (type: security_group_rules) to 0
2026-05-09 18:08:56.230 10 INFO neutron.db.ovn_revision_numbers_db [None req-ed2aac9d-afa2-4649-8f43-c42223988f24 1b7e643e9fbb4033aa9dd5758f21a26b c4ef198d3e5e4bb984bf714d662bee2a - - default default] Successfully bumped revision number for resource eaeeb770-44e4-41a8-80b3-643895fbb8c4 (type: security_group_rules) to 0
2026-05-09 18:08:56.243 10 INFO neutron.db.ovn_revision_numbers_db [None req-ed2aac9d-afa2-4649-8f43-c42223988f24 1b7e643e9fbb4033aa9dd5758f21a26b c4ef198d3e5e4bb984bf714d662bee2a - - default default] Successfully bumped revision number for resource f4dabe26-c2ed-4114-8f94-db23fa45d202 (type: security_group_rules) to 0
2026-05-09 18:08:56.293 10 INFO neutron.db.segments_db [None req-ed2aac9d-afa2-4649-8f43-c42223988f24 1b7e643e9fbb4033aa9dd5758f21a26b c4ef198d3e5e4bb984bf714d662bee2a - - default default] Added segment 00aacba8-4219-4613-9ce3-b79eb9d843ef of type geneve for network b4e0828a-a23e-436e-81fc-fbec35194dec
2026-05-09 18:08:56.448 10 INFO neutron.db.ovn_revision_numbers_db [None req-ed2aac9d-afa2-4649-8f43-c42223988f24 1b7e643e9fbb4033aa9dd5758f21a26b c4ef198d3e5e4bb984bf714d662bee2a - - default default] Successfully bumped revision number for resource b4e0828a-a23e-436e-81fc-fbec35194dec (type: networks) to 1
2026-05-09 18:08:56.657 10 WARNING neutron.scheduler.dhcp_agent_scheduler [None req-ed2aac9d-afa2-4649-8f43-c42223988f24 1b7e643e9fbb4033aa9dd5758f21a26b c4ef198d3e5e4bb984bf714d662bee2a - - default default] No more DHCP agents
2026-05-09 18:08:56.658 10 WARNING neutron.api.rpc.agentnotifiers.dhcp_rpc_agent_api [None req-ed2aac9d-afa2-4649-8f43-c42223988f24 1b7e643e9fbb4033aa9dd5758f21a26b c4ef198d3e5e4bb984bf714d662bee2a - - default default] Unable to schedule network b4e0828a-a23e-436e-81fc-fbec35194dec: no agents available; will retry on subsequent port and subnet creation events.
2026-05-09 18:08:56.735 10 INFO neutron.wsgi [req-2bc64b88-cde0-442f-951f-779b7ea4be14 req-b14a2796-a9f3-403c-945b-9b1ac68b9b6e b0c879c99dad44d09219c314d35f57e4 a5452024624c4173a9384ae077addd82 - - default default] 10.0.0.125 "GET /v2.0/ports?device_id=8a4abd5d-4d89-4b90-b50c-b5d6491278ba HTTP/1.1" status: 200 len: 210 time: 0.0672357
2026-05-09 18:08:56.761 10 INFO neutron.db.ovn_revision_numbers_db [None req-ed2aac9d-afa2-4649-8f43-c42223988f24 1b7e643e9fbb4033aa9dd5758f21a26b c4ef198d3e5e4bb984bf714d662bee2a - - default default] Successfully bumped revision number for resource 240d0b43-17f2-4e99-9657-8a95bd691e8d (type: ports) to 1
2026-05-09 18:08:56.784 10 INFO neutron.wsgi [None req-ed2aac9d-afa2-4649-8f43-c42223988f24 1b7e643e9fbb4033aa9dd5758f21a26b c4ef198d3e5e4bb984bf714d662bee2a - - default default] 10.0.0.133 "POST /v2.0/networks HTTP/1.1" status: 201 len: 831 time: 0.8352396
2026-05-09 18:08:56.798 10 WARNING neutron_lib.context [None req-3b9d5b76-c885-45d3-8f6f-0435e516a768 1b7e643e9fbb4033aa9dd5758f21a26b c4ef198d3e5e4bb984bf714d662bee2a - - default default] Method 'is_advsvc' is deprecated since 2023.2 release (neutron-lib 3.8.0) and will be removed once support for the old RBAC API policies will be removed from Neutron. Please use method 'is_service_role' instead.
2026-05-09 18:08:56.809 9 INFO neutron.wsgi [req-059f6210-06de-45bd-b280-1ff1edbd8f31 req-db44639d-d8b6-4d64-8d10-9f0e88173443 b0c879c99dad44d09219c314d35f57e4 a5452024624c4173a9384ae077addd82 - - default default] 10.0.0.125 "GET /v2.0/ports?device_id=8a4abd5d-4d89-4b90-b50c-b5d6491278ba HTTP/1.1" status: 200 len: 210 time: 0.0237372
2026-05-09 18:08:57.046 10 WARNING neutron.scheduler.dhcp_agent_scheduler [None req-3b9d5b76-c885-45d3-8f6f-0435e516a768 1b7e643e9fbb4033aa9dd5758f21a26b c4ef198d3e5e4bb984bf714d662bee2a - - default default] No more DHCP agents
2026-05-09 18:08:57.048 10 WARNING neutron.api.rpc.agentnotifiers.dhcp_rpc_agent_api [None req-3b9d5b76-c885-45d3-8f6f-0435e516a768 1b7e643e9fbb4033aa9dd5758f21a26b c4ef198d3e5e4bb984bf714d662bee2a - - default default] Unable to schedule network b4e0828a-a23e-436e-81fc-fbec35194dec: no agents available; will retry on subsequent port and subnet creation events.
2026-05-09 18:08:57.169 10 INFO neutron.db.ovn_revision_numbers_db [None req-3b9d5b76-c885-45d3-8f6f-0435e516a768 1b7e643e9fbb4033aa9dd5758f21a26b c4ef198d3e5e4bb984bf714d662bee2a - - default default] Successfully bumped revision number for resource 37e69931-a3e1-4c9c-8c5c-884e3f5f121e (type: ports) to 1
2026-05-09 18:08:57.192 10 INFO neutron.wsgi [None req-3b9d5b76-c885-45d3-8f6f-0435e516a768 1b7e643e9fbb4033aa9dd5758f21a26b c4ef198d3e5e4bb984bf714d662bee2a - - default default] 10.0.0.133 "POST /v2.0/ports HTTP/1.1" status: 201 len: 942 time: 0.3990963 /var/lib/openstack/lib/python3.10/site-packages/pycadf/identifier.py:71: UserWarning: Invalid uuid: neutron. To ensure interoperability, identifiers should be a valid uuid. warnings.warn(('Invalid uuid: %s. To ensure interoperability, '
2026-05-09 18:08:57.201 10 WARNING neutron_lib.context [None req-389f92e7-92a9-413f-9208-217472ff1dea 1b7e643e9fbb4033aa9dd5758f21a26b c4ef198d3e5e4bb984bf714d662bee2a - - default default] Method 'is_advsvc' is deprecated since 2023.2 release (neutron-lib 3.8.0) and will be removed once support for the old RBAC API policies will be removed from Neutron. Please use method 'is_service_role' instead.
2026-05-09 18:08:57.427 10 INFO neutron.wsgi [req-7ff4bc96-a2b8-4505-b485-d1c44d1303c3 req-4ed89766-b2c7-417d-8521-f3bc4965be2d b0c879c99dad44d09219c314d35f57e4 a5452024624c4173a9384ae077addd82 - - default default] 199.204.45.222 "GET /v2.0/networks?id=6d79d844-6043-4a97-81ad-d55fc25af787 HTTP/1.1" status: 200 len: 937 time: 0.1340652
2026-05-09 18:08:57.482 10 INFO neutron.wsgi [req-7ff4bc96-a2b8-4505-b485-d1c44d1303c3 req-1a0ab9f9-df96-4664-ac3f-54ed3b975876 b0c879c99dad44d09219c314d35f57e4 a5452024624c4173a9384ae077addd82 - - default default] 199.204.45.222 "GET /v2.0/security-groups?fields=id&fields=name&tenant_id=a5452024624c4173a9384ae077addd82 HTTP/1.1" status: 200 len: 542 time: 0.0488076
2026-05-09 18:08:57.485 10 INFO neutron.wsgi [None req-389f92e7-92a9-413f-9208-217472ff1dea 1b7e643e9fbb4033aa9dd5758f21a26b c4ef198d3e5e4bb984bf714d662bee2a - - default default] 10.0.0.133 "POST /v2.0/trunks HTTP/1.1" status: 201 len: 608 time: 0.2887201
2026-05-09 18:08:57.500 9 WARNING neutron_lib.context [None req-b16d191c-b77b-478f-8f75-f77d3840d6b6 1b7e643e9fbb4033aa9dd5758f21a26b c4ef198d3e5e4bb984bf714d662bee2a - - default default] Method 'is_advsvc' is deprecated since 2023.2 release (neutron-lib 3.8.0) and will be removed once support for the old RBAC API policies will be removed from Neutron. Please use method 'is_service_role' instead.
2026-05-09 18:08:57.587 9 INFO neutron.db.segments_db [None req-b16d191c-b77b-478f-8f75-f77d3840d6b6 1b7e643e9fbb4033aa9dd5758f21a26b c4ef198d3e5e4bb984bf714d662bee2a - - default default] Added segment d533ba3a-2e36-4a9b-bfd0-63a02eca67f8 of type geneve for network 07c62ab6-4165-4bd6-a751-621ca658dc7a
2026-05-09 18:08:57.753 9 INFO neutron.db.ovn_revision_numbers_db [None req-b16d191c-b77b-478f-8f75-f77d3840d6b6 1b7e643e9fbb4033aa9dd5758f21a26b c4ef198d3e5e4bb984bf714d662bee2a - - default default] Successfully bumped revision number for resource 07c62ab6-4165-4bd6-a751-621ca658dc7a (type: networks) to 1
2026-05-09 18:08:57.784 10 WARNING neutron.scheduler.dhcp_agent_scheduler [req-7ff4bc96-a2b8-4505-b485-d1c44d1303c3 req-bd7be195-44cd-4cd6-ae88-b9bcf2a22aa4 b0c879c99dad44d09219c314d35f57e4 a5452024624c4173a9384ae077addd82 - - default default] No more DHCP agents
2026-05-09 18:08:57.787 10 WARNING neutron.api.rpc.agentnotifiers.dhcp_rpc_agent_api [req-7ff4bc96-a2b8-4505-b485-d1c44d1303c3 req-bd7be195-44cd-4cd6-ae88-b9bcf2a22aa4 b0c879c99dad44d09219c314d35f57e4 a5452024624c4173a9384ae077addd82 - - default default] Unable to schedule network 6d79d844-6043-4a97-81ad-d55fc25af787: no agents available; will retry on subsequent port and subnet creation events.
2026-05-09 18:08:57.942 10 INFO neutron.db.ovn_revision_numbers_db [req-7ff4bc96-a2b8-4505-b485-d1c44d1303c3 req-bd7be195-44cd-4cd6-ae88-b9bcf2a22aa4 b0c879c99dad44d09219c314d35f57e4 a5452024624c4173a9384ae077addd82 - - default default] Successfully bumped revision number for resource 044b1127-d6de-4a0b-a85c-e110b34b3c84 (type: ports) to 1
2026-05-09 18:08:57.962 10 INFO neutron.wsgi [req-7ff4bc96-a2b8-4505-b485-d1c44d1303c3 req-bd7be195-44cd-4cd6-ae88-b9bcf2a22aa4 b0c879c99dad44d09219c314d35f57e4 a5452024624c4173a9384ae077addd82 - - default default] 199.204.45.222 "POST /v2.0/ports HTTP/1.1" status: 201 len: 1287 time: 0.4734817
2026-05-09 18:08:57.971 9 WARNING neutron.scheduler.dhcp_agent_scheduler [None req-b16d191c-b77b-478f-8f75-f77d3840d6b6 1b7e643e9fbb4033aa9dd5758f21a26b c4ef198d3e5e4bb984bf714d662bee2a - - default default] No more DHCP agents /var/lib/openstack/lib/python3.10/site-packages/pycadf/identifier.py:71: UserWarning: Invalid uuid: neutron. To ensure interoperability, identifiers should be a valid uuid. warnings.warn(('Invalid uuid: %s. To ensure interoperability, '
2026-05-09 18:08:57.977 9 WARNING neutron.api.rpc.agentnotifiers.dhcp_rpc_agent_api [None req-b16d191c-b77b-478f-8f75-f77d3840d6b6 1b7e643e9fbb4033aa9dd5758f21a26b c4ef198d3e5e4bb984bf714d662bee2a - - default default] Unable to schedule network 07c62ab6-4165-4bd6-a751-621ca658dc7a: no agents available; will retry on subsequent port and subnet creation events.
2026-05-09 18:08:58.050 9 INFO neutron.db.ovn_revision_numbers_db [None req-b16d191c-b77b-478f-8f75-f77d3840d6b6 1b7e643e9fbb4033aa9dd5758f21a26b c4ef198d3e5e4bb984bf714d662bee2a - - default default] Successfully bumped revision number for resource 5c2a55fa-7983-4337-a8db-d5161c4ee544 (type: ports) to 1
2026-05-09 18:08:58.073 9 INFO neutron.wsgi [None req-b16d191c-b77b-478f-8f75-f77d3840d6b6 1b7e643e9fbb4033aa9dd5758f21a26b c4ef198d3e5e4bb984bf714d662bee2a - - default default] 10.0.0.133 "POST /v2.0/networks HTTP/1.1" status: 201 len: 831 time: 0.5793374
2026-05-09 18:08:58.083 9 WARNING neutron_lib.context [None req-2b035d54-a0b4-40fa-a63a-31ce4b44c5ba 1b7e643e9fbb4033aa9dd5758f21a26b c4ef198d3e5e4bb984bf714d662bee2a - - default default] Method 'is_advsvc' is deprecated since 2023.2 release (neutron-lib 3.8.0) and will be removed once support for the old RBAC API policies will be removed from Neutron. Please use method 'is_service_role' instead.
2026-05-09 18:08:58.380 9 WARNING neutron.scheduler.dhcp_agent_scheduler [None req-2b035d54-a0b4-40fa-a63a-31ce4b44c5ba 1b7e643e9fbb4033aa9dd5758f21a26b c4ef198d3e5e4bb984bf714d662bee2a - - default default] No more DHCP agents
2026-05-09 18:08:58.381 9 WARNING neutron.api.rpc.agentnotifiers.dhcp_rpc_agent_api [None req-2b035d54-a0b4-40fa-a63a-31ce4b44c5ba 1b7e643e9fbb4033aa9dd5758f21a26b c4ef198d3e5e4bb984bf714d662bee2a - - default default] Unable to schedule network 07c62ab6-4165-4bd6-a751-621ca658dc7a: no agents available; will retry on subsequent port and subnet creation events.
2026-05-09 18:08:58.406 10 INFO neutron.db.ovn_revision_numbers_db [req-7ff4bc96-a2b8-4505-b485-d1c44d1303c3 req-c5681ab4-47e2-46f1-8622-9fae261d370c 776ac5e4cd6f477687a5c90a4c2cab46 1666ee8a17de480aa8f1b766b50213a0 - - f43ab4a669114995b6803f08d09f0240 f43ab4a669114995b6803f08d09f0240] Successfully bumped revision number for resource 044b1127-d6de-4a0b-a85c-e110b34b3c84 (type: ports) to 2
2026-05-09 18:08:58.499 9 INFO neutron.db.ovn_revision_numbers_db [None req-2b035d54-a0b4-40fa-a63a-31ce4b44c5ba 1b7e643e9fbb4033aa9dd5758f21a26b c4ef198d3e5e4bb984bf714d662bee2a - - default default] Successfully bumped revision number for resource 9e356f22-3374-42bc-922a-49062c52650c (type: ports) to 1
2026-05-09 18:08:58.521 9 INFO neutron.wsgi [None req-2b035d54-a0b4-40fa-a63a-31ce4b44c5ba 1b7e643e9fbb4033aa9dd5758f21a26b c4ef198d3e5e4bb984bf714d662bee2a - - default default] 10.0.0.133 "POST /v2.0/ports HTTP/1.1" status: 201 len: 942 time: 0.4422679 /var/lib/openstack/lib/python3.10/site-packages/pycadf/identifier.py:71: UserWarning: Invalid uuid: neutron. To ensure interoperability, identifiers should be a valid uuid. warnings.warn(('Invalid uuid: %s. To ensure interoperability, '
2026-05-09 18:08:58.531 9 WARNING neutron_lib.context [None req-801db03a-4bd4-4f95-82f3-079c9ed2fd68 1b7e643e9fbb4033aa9dd5758f21a26b c4ef198d3e5e4bb984bf714d662bee2a - - default default] Method 'is_advsvc' is deprecated since 2023.2 release (neutron-lib 3.8.0) and will be removed once support for the old RBAC API policies will be removed from Neutron. Please use method 'is_service_role' instead.
2026-05-09 18:08:58.624 10 INFO neutron.db.ovn_revision_numbers_db [req-7ff4bc96-a2b8-4505-b485-d1c44d1303c3 req-c5681ab4-47e2-46f1-8622-9fae261d370c 776ac5e4cd6f477687a5c90a4c2cab46 1666ee8a17de480aa8f1b766b50213a0 - - f43ab4a669114995b6803f08d09f0240 f43ab4a669114995b6803f08d09f0240] Successfully bumped revision number for resource 044b1127-d6de-4a0b-a85c-e110b34b3c84 (type: ports) to 2
2026-05-09 18:08:58.641 10 INFO neutron.wsgi [req-7ff4bc96-a2b8-4505-b485-d1c44d1303c3 req-c5681ab4-47e2-46f1-8622-9fae261d370c 776ac5e4cd6f477687a5c90a4c2cab46 1666ee8a17de480aa8f1b766b50213a0 - - f43ab4a669114995b6803f08d09f0240 f43ab4a669114995b6803f08d09f0240] 199.204.45.222 "PUT /v2.0/ports/044b1127-d6de-4a0b-a85c-e110b34b3c84 HTTP/1.1" status: 200 len: 1384 time: 0.6723361
2026-05-09 18:08:58.678 10 INFO neutron.notifiers.nova [-] Nova event matching ['req-21c0aeb6-c9df-4b99-a5a8-6a52b9065a51'] response: {'name': 'network-changed', 'server_uuid': '8a4abd5d-4d89-4b90-b50c-b5d6491278ba', 'tag': '044b1127-d6de-4a0b-a85c-e110b34b3c84', 'status': 'completed', 'code': 200} /var/lib/openstack/lib/python3.10/site-packages/pycadf/identifier.py:71: UserWarning: Invalid uuid: neutron. To ensure interoperability, identifiers should be a valid uuid. warnings.warn(('Invalid uuid: %s. To ensure interoperability, '
2026-05-09 18:08:58.738 10 INFO neutron.wsgi [req-7ff4bc96-a2b8-4505-b485-d1c44d1303c3 req-caa16bde-4495-49ea-bebe-a9fa6eee6eae 776ac5e4cd6f477687a5c90a4c2cab46 1666ee8a17de480aa8f1b766b50213a0 - - f43ab4a669114995b6803f08d09f0240 f43ab4a669114995b6803f08d09f0240] 199.204.45.222 "GET /v2.0/ports?tenant_id=a5452024624c4173a9384ae077addd82&device_id=8a4abd5d-4d89-4b90-b50c-b5d6491278ba HTTP/1.1" status: 200 len: 1415 time: 0.0679002
2026-05-09 18:08:58.755 9 INFO neutron.wsgi [None req-801db03a-4bd4-4f95-82f3-079c9ed2fd68 1b7e643e9fbb4033aa9dd5758f21a26b c4ef198d3e5e4bb984bf714d662bee2a - - default default] 10.0.0.133 "POST /v2.0/trunks HTTP/1.1" status: 201 len: 608 time: 0.2283831
2026-05-09 18:08:58.764 9 WARNING neutron_lib.context [None req-301c07e1-9fec-4cdb-add7-78478628dbba 1b7e643e9fbb4033aa9dd5758f21a26b c4ef198d3e5e4bb984bf714d662bee2a - - default default] Method 'is_advsvc' is deprecated since 2023.2 release (neutron-lib 3.8.0) and will be removed once support for the old RBAC API policies will be removed from Neutron. Please use method 'is_service_role' instead.
2026-05-09 18:08:58.765 10 INFO neutron.wsgi [req-7ff4bc96-a2b8-4505-b485-d1c44d1303c3 req-3d11034e-3458-4170-b366-e473357c2664 776ac5e4cd6f477687a5c90a4c2cab46 1666ee8a17de480aa8f1b766b50213a0 - - f43ab4a669114995b6803f08d09f0240 f43ab4a669114995b6803f08d09f0240] 199.204.45.222 "GET /v2.0/floatingips?fixed_ip_address=172.24.3.189&port_id=044b1127-d6de-4a0b-a85c-e110b34b3c84 HTTP/1.1" status: 200 len: 217 time: 0.0227122
2026-05-09 18:08:58.799 10 INFO neutron.wsgi [req-7ff4bc96-a2b8-4505-b485-d1c44d1303c3 req-96dff5ba-cb63-4910-a1fb-8ee5a0d32a7e 776ac5e4cd6f477687a5c90a4c2cab46 1666ee8a17de480aa8f1b766b50213a0 - - f43ab4a669114995b6803f08d09f0240 f43ab4a669114995b6803f08d09f0240] 199.204.45.222 "GET /v2.0/subnets?id=be2e6c36-0bf1-4768-8375-95c22ca99ba2 HTTP/1.1" status: 200 len: 829 time: 0.0278993
2026-05-09 18:08:58.825 10 INFO neutron.wsgi [req-7ff4bc96-a2b8-4505-b485-d1c44d1303c3 req-9cf71845-2d06-4586-b183-c180514e5f6b 776ac5e4cd6f477687a5c90a4c2cab46 1666ee8a17de480aa8f1b766b50213a0 - - f43ab4a669114995b6803f08d09f0240 f43ab4a669114995b6803f08d09f0240] 199.204.45.222 "GET /v2.0/ports?network_id=6d79d844-6043-4a97-81ad-d55fc25af787&device_owner=network%3Adhcp HTTP/1.1" status: 200 len: 210 time: 0.0196502
2026-05-09 18:08:58.856 9 INFO neutron.db.segments_db [None req-301c07e1-9fec-4cdb-add7-78478628dbba 1b7e643e9fbb4033aa9dd5758f21a26b c4ef198d3e5e4bb984bf714d662bee2a - - default default] Added segment 81c28747-ac62-4e2d-bf8e-ef85820cbec3 of type geneve for network a1885b1c-b1a5-4568-8f0f-2c2ac2a85038
2026-05-09 18:08:58.904 10 INFO neutron.wsgi [req-7ff4bc96-a2b8-4505-b485-d1c44d1303c3 req-b74fa752-87a4-4e5f-95e9-b36d12b9659b 776ac5e4cd6f477687a5c90a4c2cab46 1666ee8a17de480aa8f1b766b50213a0 - - f43ab4a669114995b6803f08d09f0240 f43ab4a669114995b6803f08d09f0240] 199.204.45.222 "GET /v2.0/networks/6d79d844-6043-4a97-81ad-d55fc25af787?fields=segments HTTP/1.1" status: 200 len: 212 time: 0.0727353
2026-05-09 18:08:58.968 10 INFO neutron.wsgi [req-7ff4bc96-a2b8-4505-b485-d1c44d1303c3 req-45f72aec-228b-425b-b4b9-925b3eaeaf44 776ac5e4cd6f477687a5c90a4c2cab46 1666ee8a17de480aa8f1b766b50213a0 - - f43ab4a669114995b6803f08d09f0240 f43ab4a669114995b6803f08d09f0240] 199.204.45.222 "GET /v2.0/networks/6d79d844-6043-4a97-81ad-d55fc25af787?fields=provider%3Aphysical_network&fields=provider%3Anetwork_type HTTP/1.1" status: 200 len: 277 time: 0.0579982
2026-05-09 18:08:58.988 9 INFO neutron.db.ovn_revision_numbers_db [None req-301c07e1-9fec-4cdb-add7-78478628dbba 1b7e643e9fbb4033aa9dd5758f21a26b c4ef198d3e5e4bb984bf714d662bee2a - - default default] Successfully bumped revision number for resource a1885b1c-b1a5-4568-8f0f-2c2ac2a85038 (type: networks) to 1
2026-05-09 18:08:59.048 10 INFO neutron.wsgi [req-efd3b4f9-5b3d-4bbd-a293-c77466f31cca req-2369300c-37e1-4095-a872-76137da60e54 776ac5e4cd6f477687a5c90a4c2cab46 1666ee8a17de480aa8f1b766b50213a0 - - f43ab4a669114995b6803f08d09f0240 f43ab4a669114995b6803f08d09f0240] 199.204.45.222 "GET /v2.0/ports?tenant_id=a5452024624c4173a9384ae077addd82&device_id=8a4abd5d-4d89-4b90-b50c-b5d6491278ba HTTP/1.1" status: 200 len: 1415 time: 0.0422862
2026-05-09 18:08:59.124 10 INFO neutron.wsgi [req-efd3b4f9-5b3d-4bbd-a293-c77466f31cca req-0e285a90-bde4-4e19-af56-2359f384396d 776ac5e4cd6f477687a5c90a4c2cab46 1666ee8a17de480aa8f1b766b50213a0 - - f43ab4a669114995b6803f08d09f0240 f43ab4a669114995b6803f08d09f0240] 199.204.45.222 "GET /v2.0/networks?id=6d79d844-6043-4a97-81ad-d55fc25af787 HTTP/1.1" status: 200 len: 937 time: 0.0662584
2026-05-09 18:08:59.157 9 WARNING neutron.scheduler.dhcp_agent_scheduler [None req-301c07e1-9fec-4cdb-add7-78478628dbba 1b7e643e9fbb4033aa9dd5758f21a26b c4ef198d3e5e4bb984bf714d662bee2a - - default default] No more DHCP agents
2026-05-09 18:08:59.159 9 WARNING neutron.api.rpc.agentnotifiers.dhcp_rpc_agent_api [None req-301c07e1-9fec-4cdb-add7-78478628dbba 1b7e643e9fbb4033aa9dd5758f21a26b c4ef198d3e5e4bb984bf714d662bee2a - - default default] Unable to schedule network a1885b1c-b1a5-4568-8f0f-2c2ac2a85038: no agents available; will retry on subsequent port and subnet creation events.
2026-05-09 18:08:59.161 10 INFO neutron.wsgi [req-efd3b4f9-5b3d-4bbd-a293-c77466f31cca req-a0258783-4570-4662-92c3-a81745d88335 776ac5e4cd6f477687a5c90a4c2cab46 1666ee8a17de480aa8f1b766b50213a0 - - f43ab4a669114995b6803f08d09f0240 f43ab4a669114995b6803f08d09f0240] 199.204.45.222 "GET /v2.0/floatingips?fixed_ip_address=172.24.3.189&port_id=044b1127-d6de-4a0b-a85c-e110b34b3c84 HTTP/1.1" status: 200 len: 217 time: 0.0315676
2026-05-09 18:08:59.195 10 INFO neutron.wsgi [req-0e1aa9c4-6ade-46e9-b0ad-026bb79fb19a req-8b3389c0-12e4-46f8-8242-29635627ec1e 776ac5e4cd6f477687a5c90a4c2cab46 1666ee8a17de480aa8f1b766b50213a0 - - f43ab4a669114995b6803f08d09f0240 f43ab4a669114995b6803f08d09f0240] 199.204.45.222 "GET /v2.0/ports?device_id=8a4abd5d-4d89-4b90-b50c-b5d6491278ba HTTP/1.1" status: 200 len: 1415 time: 0.0559838
2026-05-09 18:08:59.208 10 INFO neutron.wsgi [req-efd3b4f9-5b3d-4bbd-a293-c77466f31cca req-c4a144c3-77f2-43b6-abb6-245921c47cd8 776ac5e4cd6f477687a5c90a4c2cab46 1666ee8a17de480aa8f1b766b50213a0 - - f43ab4a669114995b6803f08d09f0240 f43ab4a669114995b6803f08d09f0240] 199.204.45.222 "GET /v2.0/subnets?id=be2e6c36-0bf1-4768-8375-95c22ca99ba2 HTTP/1.1" status: 200 len: 829 time: 0.0397425
2026-05-09 18:08:59.244 10 INFO neutron.wsgi [req-efd3b4f9-5b3d-4bbd-a293-c77466f31cca req-e6b1425b-61b3-4dbe-ab37-7f9d4440c914 776ac5e4cd6f477687a5c90a4c2cab46 1666ee8a17de480aa8f1b766b50213a0 - - f43ab4a669114995b6803f08d09f0240 f43ab4a669114995b6803f08d09f0240] 199.204.45.222 "GET /v2.0/ports?network_id=6d79d844-6043-4a97-81ad-d55fc25af787&device_owner=network%3Adhcp HTTP/1.1" status: 200 len: 210 time: 0.0323157
2026-05-09 18:08:59.250 9 INFO neutron.db.ovn_revision_numbers_db [None req-301c07e1-9fec-4cdb-add7-78478628dbba 1b7e643e9fbb4033aa9dd5758f21a26b c4ef198d3e5e4bb984bf714d662bee2a - - default default] Successfully bumped revision number for resource d63afb60-e052-41e3-b706-40a2a350f85e (type: ports) to 1
2026-05-09 18:08:59.272 9 INFO neutron.wsgi [None req-301c07e1-9fec-4cdb-add7-78478628dbba 1b7e643e9fbb4033aa9dd5758f21a26b c4ef198d3e5e4bb984bf714d662bee2a - - default default] 10.0.0.133 "POST /v2.0/networks HTTP/1.1" status: 201 len: 830 time: 0.5125191
2026-05-09 18:08:59.282 9 WARNING neutron_lib.context [None req-1388f08c-40ed-401f-91b4-a3d7c61e6439 1b7e643e9fbb4033aa9dd5758f21a26b c4ef198d3e5e4bb984bf714d662bee2a - - default default] Method 'is_advsvc' is deprecated since 2023.2 release (neutron-lib 3.8.0) and will be removed once support for the old RBAC API policies will be removed from Neutron. Please use method 'is_service_role' instead.
2026-05-09 18:08:59.283 10 INFO neutron.wsgi [req-0e1aa9c4-6ade-46e9-b0ad-026bb79fb19a req-2f4f11c1-9013-41d5-ab52-5ff543768e18 776ac5e4cd6f477687a5c90a4c2cab46 1666ee8a17de480aa8f1b766b50213a0 - - f43ab4a669114995b6803f08d09f0240 f43ab4a669114995b6803f08d09f0240] 199.204.45.222 "GET /v2.0/security-groups?id=16467153-2413-49ff-82dc-5237b70f9e12&fields=id&fields=name HTTP/1.1" status: 200 len: 294 time: 0.0835705
2026-05-09 18:08:59.313 10 INFO neutron.wsgi [req-efd3b4f9-5b3d-4bbd-a293-c77466f31cca req-0440eb4c-a51f-4a82-bd23-7c6fbb0dd3c0 776ac5e4cd6f477687a5c90a4c2cab46 1666ee8a17de480aa8f1b766b50213a0 - - f43ab4a669114995b6803f08d09f0240 f43ab4a669114995b6803f08d09f0240] 199.204.45.222 "GET /v2.0/networks/6d79d844-6043-4a97-81ad-d55fc25af787?fields=segments HTTP/1.1" status: 200 len: 212 time: 0.0617826
2026-05-09 18:08:59.381 9 INFO neutron.plugins.ml2.drivers.ovn.mech_driver.mech_driver [None req-92ca9d30-b5f6-46a0-83a6-a6bebe0da3ef - - - - - -] OVN reports status up for port: 044b1127-d6de-4a0b-a85c-e110b34b3c84
2026-05-09 18:08:59.410 9 INFO neutron.plugins.ml2.plugin [None req-92ca9d30-b5f6-46a0-83a6-a6bebe0da3ef - - - - - -] Attempt 1 to provision port 044b1127-d6de-4a0b-a85c-e110b34b3c84
2026-05-09 18:08:59.602 10 INFO neutron.wsgi [req-f0363d56-de0a-4daf-80b9-ea6abb28aa59 req-21b0a177-fd93-4aeb-8aa9-7c329fca7ce0 b0c879c99dad44d09219c314d35f57e4 a5452024624c4173a9384ae077addd82 - - default default] 10.0.0.125 "GET /v2.0/ports?device_id=8a4abd5d-4d89-4b90-b50c-b5d6491278ba HTTP/1.1" status: 200 len: 1415 time: 0.0521955
2026-05-09 18:08:59.606 10 INFO neutron.wsgi [req-efd3b4f9-5b3d-4bbd-a293-c77466f31cca req-702c4a83-b981-4194-9aed-705fb8cead9d 776ac5e4cd6f477687a5c90a4c2cab46 1666ee8a17de480aa8f1b766b50213a0 - - f43ab4a669114995b6803f08d09f0240 f43ab4a669114995b6803f08d09f0240] 199.204.45.222 "GET /v2.0/networks/6d79d844-6043-4a97-81ad-d55fc25af787?fields=provider%3Aphysical_network&fields=provider%3Anetwork_type HTTP/1.1" status: 200 len: 277 time: 0.2840695
2026-05-09 18:08:59.643 9 WARNING neutron.scheduler.dhcp_agent_scheduler [None req-1388f08c-40ed-401f-91b4-a3d7c61e6439 1b7e643e9fbb4033aa9dd5758f21a26b c4ef198d3e5e4bb984bf714d662bee2a - - default default] No more DHCP agents
2026-05-09 18:08:59.653 10 INFO neutron.wsgi [req-f0363d56-de0a-4daf-80b9-ea6abb28aa59 req-39aa1f3d-fdcc-4727-89af-a3ee1f05e92f b0c879c99dad44d09219c314d35f57e4 a5452024624c4173a9384ae077addd82 - - default default] 10.0.0.125 "GET /v2.0/security-groups?id=16467153-2413-49ff-82dc-5237b70f9e12&fields=id&fields=name HTTP/1.1" status: 200 len: 294 time: 0.0471013
2026-05-09 18:08:59.653 9 WARNING neutron.api.rpc.agentnotifiers.dhcp_rpc_agent_api [None req-1388f08c-40ed-401f-91b4-a3d7c61e6439 1b7e643e9fbb4033aa9dd5758f21a26b c4ef198d3e5e4bb984bf714d662bee2a - - default default] Unable to schedule network a1885b1c-b1a5-4568-8f0f-2c2ac2a85038: no agents available; will retry on subsequent port and subnet creation events.
2026-05-09 18:08:59.664 9 INFO neutron.notifiers.nova [-] Nova event matching ['req-f73f60ae-a5be-4a9a-a637-38a53d47e83e'] response: {'server_uuid': '8a4abd5d-4d89-4b90-b50c-b5d6491278ba', 'name': 'network-vif-plugged', 'status': 'completed', 'tag': '044b1127-d6de-4a0b-a85c-e110b34b3c84', 'code': 200} /var/lib/openstack/lib/python3.10/site-packages/pycadf/identifier.py:71: UserWarning: Invalid uuid: neutron. To ensure interoperability, identifiers should be a valid uuid. warnings.warn(('Invalid uuid: %s. To ensure interoperability, '
2026-05-09 18:08:59.769 9 INFO neutron.wsgi [req-a767af44-f755-4d81-9866-6af2b01d62f7 req-efd606fc-4bfe-4129-8247-0da350f426da b0c879c99dad44d09219c314d35f57e4 a5452024624c4173a9384ae077addd82 - - default default] 10.0.0.125 "GET /v2.0/ports?device_id=8a4abd5d-4d89-4b90-b50c-b5d6491278ba HTTP/1.1" status: 200 len: 1417 time: 0.0536792
2026-05-09 18:08:59.790 9 INFO neutron.db.ovn_revision_numbers_db [None req-1388f08c-40ed-401f-91b4-a3d7c61e6439 1b7e643e9fbb4033aa9dd5758f21a26b c4ef198d3e5e4bb984bf714d662bee2a - - default default] Successfully bumped revision number for resource 537e7b1e-772d-4f32-8905-228a87602f5e (type: ports) to 1
2026-05-09 18:08:59.818 9 INFO neutron.wsgi [None req-1388f08c-40ed-401f-91b4-a3d7c61e6439 1b7e643e9fbb4033aa9dd5758f21a26b c4ef198d3e5e4bb984bf714d662bee2a - - default default] 10.0.0.133 "POST /v2.0/ports HTTP/1.1" status: 201 len: 942 time: 0.5409896
2026-05-09 18:08:59.826 9 WARNING neutron_lib.context [None req-cd511f7b-640b-4084-92dc-f69b5fdf29d5 1b7e643e9fbb4033aa9dd5758f21a26b c4ef198d3e5e4bb984bf714d662bee2a - - default default] Method 'is_advsvc' is deprecated since 2023.2 release (neutron-lib 3.8.0) and will be removed once support for the old RBAC API policies will be removed from Neutron. Please use method 'is_service_role' instead.
2026-05-09 18:08:59.870 9 INFO neutron.db.ovn_revision_numbers_db [None req-92ca9d30-b5f6-46a0-83a6-a6bebe0da3ef - - - - - -] Successfully bumped revision number for resource 044b1127-d6de-4a0b-a85c-e110b34b3c84 (type: ports) to 4
2026-05-09 18:09:00.042 9 INFO neutron.wsgi [None req-cd511f7b-640b-4084-92dc-f69b5fdf29d5 1b7e643e9fbb4033aa9dd5758f21a26b c4ef198d3e5e4bb984bf714d662bee2a - - default default] 10.0.0.133 "POST /v2.0/trunks HTTP/1.1" status: 201 len: 608 time: 0.2205462 /var/lib/openstack/lib/python3.10/site-packages/pycadf/identifier.py:71: UserWarning: Invalid uuid: neutron. To ensure interoperability, identifiers should be a valid uuid. warnings.warn(('Invalid uuid: %s. To ensure interoperability, '
2026-05-09 18:09:00.050 9 WARNING neutron_lib.context [None req-33702234-312f-4a30-af1b-d929ee83f845 1b7e643e9fbb4033aa9dd5758f21a26b c4ef198d3e5e4bb984bf714d662bee2a - - default default] Method 'is_advsvc' is deprecated since 2023.2 release (neutron-lib 3.8.0) and will be removed once support for the old RBAC API policies will be removed from Neutron. Please use method 'is_service_role' instead.
2026-05-09 18:09:00.140 9 INFO neutron.db.segments_db [None req-33702234-312f-4a30-af1b-d929ee83f845 1b7e643e9fbb4033aa9dd5758f21a26b c4ef198d3e5e4bb984bf714d662bee2a - - default default] Added segment a541e7cc-a736-4912-9c9e-2f5570a12bda of type geneve for network 8d2e4b1d-4a9c-4f78-b669-d892c4346620
2026-05-09 18:09:00.270 9 INFO neutron.db.ovn_revision_numbers_db [None req-33702234-312f-4a30-af1b-d929ee83f845 1b7e643e9fbb4033aa9dd5758f21a26b c4ef198d3e5e4bb984bf714d662bee2a - - default default] Successfully bumped revision number for resource 8d2e4b1d-4a9c-4f78-b669-d892c4346620 (type: networks) to 1
2026-05-09 18:09:00.464 9 WARNING neutron.scheduler.dhcp_agent_scheduler [None req-33702234-312f-4a30-af1b-d929ee83f845 1b7e643e9fbb4033aa9dd5758f21a26b c4ef198d3e5e4bb984bf714d662bee2a - - default default] No more DHCP agents
2026-05-09 18:09:00.465 9 WARNING neutron.api.rpc.agentnotifiers.dhcp_rpc_agent_api [None req-33702234-312f-4a30-af1b-d929ee83f845 1b7e643e9fbb4033aa9dd5758f21a26b c4ef198d3e5e4bb984bf714d662bee2a - - default default] Unable to schedule network 8d2e4b1d-4a9c-4f78-b669-d892c4346620: no agents available; will retry on subsequent port and subnet creation events.
2026-05-09 18:09:00.539 9 INFO neutron.db.ovn_revision_numbers_db [None req-33702234-312f-4a30-af1b-d929ee83f845 1b7e643e9fbb4033aa9dd5758f21a26b c4ef198d3e5e4bb984bf714d662bee2a - - default default] Successfully bumped revision number for resource a77459b1-b2c2-48b7-895d-feef27d9bcbe (type: ports) to 1
2026-05-09 18:09:00.565 9 INFO neutron.wsgi [None req-33702234-312f-4a30-af1b-d929ee83f845 1b7e643e9fbb4033aa9dd5758f21a26b c4ef198d3e5e4bb984bf714d662bee2a - - default default] 10.0.0.133 "POST /v2.0/networks HTTP/1.1" status: 201 len: 829 time: 0.5189722
2026-05-09 18:09:00.574 9 WARNING neutron_lib.context [None req-33ec70f7-4195-440a-b3c6-6594978c734f 1b7e643e9fbb4033aa9dd5758f21a26b c4ef198d3e5e4bb984bf714d662bee2a - - default default] Method 'is_advsvc' is deprecated since 2023.2 release (neutron-lib 3.8.0) and will be removed once support for the old RBAC API policies will be removed from Neutron. Please use method 'is_service_role' instead.
2026-05-09 18:09:01.060 9 WARNING neutron.scheduler.dhcp_agent_scheduler [None req-33ec70f7-4195-440a-b3c6-6594978c734f 1b7e643e9fbb4033aa9dd5758f21a26b c4ef198d3e5e4bb984bf714d662bee2a - - default default] No more DHCP agents
2026-05-09 18:09:01.063 9 WARNING neutron.api.rpc.agentnotifiers.dhcp_rpc_agent_api [None req-33ec70f7-4195-440a-b3c6-6594978c734f 1b7e643e9fbb4033aa9dd5758f21a26b c4ef198d3e5e4bb984bf714d662bee2a - - default default] Unable to schedule network 8d2e4b1d-4a9c-4f78-b669-d892c4346620: no agents available; will retry on subsequent port and subnet creation events.
2026-05-09 18:09:01.145 9 INFO neutron.db.ovn_revision_numbers_db [None req-33ec70f7-4195-440a-b3c6-6594978c734f 1b7e643e9fbb4033aa9dd5758f21a26b c4ef198d3e5e4bb984bf714d662bee2a - - default default] Successfully bumped revision number for resource 42d5d86c-a39a-47b1-a286-699dbe8f2479 (type: ports) to 1
2026-05-09 18:09:01.167 9 INFO neutron.wsgi [None req-33ec70f7-4195-440a-b3c6-6594978c734f 1b7e643e9fbb4033aa9dd5758f21a26b c4ef198d3e5e4bb984bf714d662bee2a - - default default] 10.0.0.133 "POST /v2.0/ports HTTP/1.1" status: 201 len: 942 time: 0.5973325 /var/lib/openstack/lib/python3.10/site-packages/pycadf/identifier.py:71: UserWarning: Invalid uuid: neutron. To ensure interoperability, identifiers should be a valid uuid. warnings.warn(('Invalid uuid: %s. To ensure interoperability, '
2026-05-09 18:09:01.176 9 WARNING neutron_lib.context [None req-3fbf5af9-748f-4d89-8226-fe73e58d28a2 1b7e643e9fbb4033aa9dd5758f21a26b c4ef198d3e5e4bb984bf714d662bee2a - - default default] Method 'is_advsvc' is deprecated since 2023.2 release (neutron-lib 3.8.0) and will be removed once support for the old RBAC API policies will be removed from Neutron. Please use method 'is_service_role' instead.
2026-05-09 18:09:01.363 9 INFO neutron.wsgi [None req-3fbf5af9-748f-4d89-8226-fe73e58d28a2 1b7e643e9fbb4033aa9dd5758f21a26b c4ef198d3e5e4bb984bf714d662bee2a - - default default] 10.0.0.133 "POST /v2.0/trunks HTTP/1.1" status: 201 len: 608 time: 0.1919699
2026-05-09 18:09:01.372 9 WARNING neutron_lib.context [None req-84bbd240-ca32-4b81-a367-b50c5c0f82de 1b7e643e9fbb4033aa9dd5758f21a26b c4ef198d3e5e4bb984bf714d662bee2a - - default default] Method 'is_advsvc' is deprecated since 2023.2 release (neutron-lib 3.8.0) and will be removed once support for the old RBAC API policies will be removed from Neutron. Please use method 'is_service_role' instead.
2026-05-09 18:09:01.453 9 INFO neutron.db.segments_db [None req-84bbd240-ca32-4b81-a367-b50c5c0f82de 1b7e643e9fbb4033aa9dd5758f21a26b c4ef198d3e5e4bb984bf714d662bee2a - - default default] Added segment d2e684d9-83d5-405e-8a07-28f2b0de5a51 of type geneve for network 86346bef-ab49-4883-a595-29de23206a16
2026-05-09 18:09:01.584 9 INFO neutron.db.ovn_revision_numbers_db [None req-84bbd240-ca32-4b81-a367-b50c5c0f82de 1b7e643e9fbb4033aa9dd5758f21a26b c4ef198d3e5e4bb984bf714d662bee2a - - default default] Successfully bumped revision number for resource 86346bef-ab49-4883-a595-29de23206a16 (type: networks) to 1
2026-05-09 18:09:01.765 9 WARNING neutron.scheduler.dhcp_agent_scheduler [None req-84bbd240-ca32-4b81-a367-b50c5c0f82de 1b7e643e9fbb4033aa9dd5758f21a26b c4ef198d3e5e4bb984bf714d662bee2a - - default default] No more DHCP agents
2026-05-09 18:09:01.766 9 INFO neutron.notifiers.nova [-] Nova event matching ['req-0eb5a028-871f-4b18-ae80-470b1cfc410e'] response: {'server_uuid': '8a4abd5d-4d89-4b90-b50c-b5d6491278ba', 'name': 'network-vif-plugged', 'status': 'completed', 'tag': '044b1127-d6de-4a0b-a85c-e110b34b3c84', 'code': 200}
2026-05-09 18:09:01.766 9 WARNING neutron.api.rpc.agentnotifiers.dhcp_rpc_agent_api [None req-84bbd240-ca32-4b81-a367-b50c5c0f82de 1b7e643e9fbb4033aa9dd5758f21a26b c4ef198d3e5e4bb984bf714d662bee2a - - default default] Unable to schedule network 86346bef-ab49-4883-a595-29de23206a16: no agents available; will retry on subsequent port and subnet creation events.
2026-05-09 18:09:01.862 9 INFO neutron.db.ovn_revision_numbers_db [None req-84bbd240-ca32-4b81-a367-b50c5c0f82de 1b7e643e9fbb4033aa9dd5758f21a26b c4ef198d3e5e4bb984bf714d662bee2a - - default default] Successfully bumped revision number for resource b1e3557c-76f3-4ac4-ae6b-91444fb7a240 (type: ports) to 1
2026-05-09 18:09:01.896 9 INFO neutron.wsgi [None req-84bbd240-ca32-4b81-a367-b50c5c0f82de 1b7e643e9fbb4033aa9dd5758f21a26b c4ef198d3e5e4bb984bf714d662bee2a - - default default] 10.0.0.133 "POST /v2.0/networks HTTP/1.1" status: 201 len: 830 time: 0.5281098
2026-05-09 18:09:01.905 9 WARNING neutron_lib.context [None req-90af5723-9379-448c-be5a-ed31e7176bb2 1b7e643e9fbb4033aa9dd5758f21a26b c4ef198d3e5e4bb984bf714d662bee2a - - default default] Method 'is_advsvc' is deprecated since 2023.2 release (neutron-lib 3.8.0) and will be removed once support for the old RBAC API policies will be removed from Neutron. Please use method 'is_service_role' instead.
2026-05-09 18:09:02.137 9 WARNING neutron.scheduler.dhcp_agent_scheduler [None req-90af5723-9379-448c-be5a-ed31e7176bb2 1b7e643e9fbb4033aa9dd5758f21a26b c4ef198d3e5e4bb984bf714d662bee2a - - default default] No more DHCP agents
2026-05-09 18:09:02.139 9 WARNING neutron.api.rpc.agentnotifiers.dhcp_rpc_agent_api [None req-90af5723-9379-448c-be5a-ed31e7176bb2 1b7e643e9fbb4033aa9dd5758f21a26b c4ef198d3e5e4bb984bf714d662bee2a - - default default] Unable to schedule network 86346bef-ab49-4883-a595-29de23206a16: no agents available; will retry on subsequent port and subnet creation events.
2026-05-09 18:09:02.214 9 INFO neutron.db.ovn_revision_numbers_db [None req-90af5723-9379-448c-be5a-ed31e7176bb2 1b7e643e9fbb4033aa9dd5758f21a26b c4ef198d3e5e4bb984bf714d662bee2a - - default default] Successfully bumped revision number for resource 8abfdb4d-131a-4953-9d03-ad9b90840c39 (type: ports) to 1
2026-05-09 18:09:02.234 9 INFO neutron.wsgi [None req-90af5723-9379-448c-be5a-ed31e7176bb2 1b7e643e9fbb4033aa9dd5758f21a26b c4ef198d3e5e4bb984bf714d662bee2a - - default default] 10.0.0.133 "POST /v2.0/ports HTTP/1.1" status: 201 len: 942 time: 0.3333709 /var/lib/openstack/lib/python3.10/site-packages/pycadf/identifier.py:71: UserWarning: Invalid uuid: neutron. To ensure interoperability, identifiers should be a valid uuid. warnings.warn(('Invalid uuid: %s. To ensure interoperability, '
2026-05-09 18:09:02.247 9 WARNING neutron_lib.context [None req-8a17a557-e010-4092-a4b8-3e4662d37707 1b7e643e9fbb4033aa9dd5758f21a26b c4ef198d3e5e4bb984bf714d662bee2a - - default default] Method 'is_advsvc' is deprecated since 2023.2 release (neutron-lib 3.8.0) and will be removed once support for the old RBAC API policies will be removed from Neutron. Please use method 'is_service_role' instead.
2026-05-09 18:09:02.490 9 INFO neutron.wsgi [None req-8a17a557-e010-4092-a4b8-3e4662d37707 1b7e643e9fbb4033aa9dd5758f21a26b c4ef198d3e5e4bb984bf714d662bee2a - - default default] 10.0.0.133 "POST /v2.0/trunks HTTP/1.1" status: 201 len: 608 time: 0.2486939
2026-05-09 18:09:02.523 9 INFO neutron.wsgi [None req-ff5586a0-e8e4-4e8d-975b-36366fd68e34 1b7e643e9fbb4033aa9dd5758f21a26b c4ef198d3e5e4bb984bf714d662bee2a - - default default] 10.0.0.133 "PUT /v2.0/trunks/ca6ec0af-8248-49cc-8f4b-b55a49bf16c3/tags HTTP/1.1" status: 200 len: 210 time: 0.0277908
2026-05-09 18:09:02.552 9 INFO neutron.wsgi [None req-12d4dda4-6ee7-43f3-87a1-aa9266a273f4 1b7e643e9fbb4033aa9dd5758f21a26b c4ef198d3e5e4bb984bf714d662bee2a - - default default] 10.0.0.133 "PUT /v2.0/trunks/9d73cd0b-24ff-476e-b2e8-d8a42eac4899/tags HTTP/1.1" status: 200 len: 218 time: 0.0253506
2026-05-09 18:09:02.585 9 INFO neutron.wsgi [None req-2eefeb65-6b8f-4809-911e-a041dce809b7 1b7e643e9fbb4033aa9dd5758f21a26b c4ef198d3e5e4bb984bf714d662bee2a - - default default] 10.0.0.133 "PUT /v2.0/trunks/535a276d-250c-4eea-b363-421c04ddaa3e/tags HTTP/1.1" status: 200 len: 227 time: 0.0292535
2026-05-09 18:09:02.612 9 INFO neutron.wsgi [None req-489c7618-9059-4c4f-a043-6b5c43827aba 1b7e643e9fbb4033aa9dd5758f21a26b c4ef198d3e5e4bb984bf714d662bee2a - - default default] 10.0.0.133 "PUT /v2.0/trunks/cb7f5266-6d9f-43cd-8579-64491e5fdeb9/tags HTTP/1.1" status: 200 len: 212 time: 0.0235388
2026-05-09 18:09:02.638 9 INFO neutron.wsgi [None req-0728d35c-a01a-4287-804a-bbb84a79ce81 1b7e643e9fbb4033aa9dd5758f21a26b c4ef198d3e5e4bb984bf714d662bee2a - - default default] 10.0.0.133 "GET /v2.0/trunks?tags=red HTTP/1.1" status: 200 len: 1447 time: 0.0225012
2026-05-09 18:09:02.666 9 INFO neutron.wsgi [None req-83eb0e2c-c7d5-4de1-9e1a-e9795e3b8919 1b7e643e9fbb4033aa9dd5758f21a26b c4ef198d3e5e4bb984bf714d662bee2a - - default default] 10.0.0.133 "GET /v2.0/trunks?tags=red%2Cblue HTTP/1.1" status: 200 len: 1041 time: 0.0234516
2026-05-09 18:09:02.689 9 INFO neutron.wsgi [None req-b9621ceb-91d3-493a-8e5a-a49b78af2734 1b7e643e9fbb4033aa9dd5758f21a26b c4ef198d3e5e4bb984bf714d662bee2a - - default default] 10.0.0.133 "GET /v2.0/trunks?tags-any=blue HTTP/1.1" status: 200 len: 1041 time: 0.0187399
2026-05-09 18:09:02.725 10 INFO neutron.wsgi [None req-c5890aa6-bbb5-46ea-b88f-6d497ec62cb8 1b7e643e9fbb4033aa9dd5758f21a26b c4ef198d3e5e4bb984bf714d662bee2a - - default default] 10.0.0.133 "GET /v2.0/trunks?tags-any=red%2Cblue HTTP/1.1" status: 200 len: 1447 time: 0.0300720
2026-05-09 18:09:02.728 9 INFO neutron.wsgi [req-ea405893-929c-4764-a988-1a9f853c8987 req-092b10b1-2908-42e1-a6bb-c70e597af9da b0c879c99dad44d09219c314d35f57e4 a5452024624c4173a9384ae077addd82 - - default default] 10.0.0.125 "GET /v2.0/ports?device_id=8a4abd5d-4d89-4b90-b50c-b5d6491278ba HTTP/1.1" status: 200 len: 1417 time: 0.0382903
2026-05-09 18:09:02.750 10 INFO neutron.wsgi [None req-6d0302ae-d47e-4c30-ace8-5561024b3b7e 1b7e643e9fbb4033aa9dd5758f21a26b c4ef198d3e5e4bb984bf714d662bee2a - - default default] 10.0.0.133 "GET /v2.0/trunks?not-tags=red HTTP/1.1" status: 200 len: 1013 time: 0.0212510
2026-05-09 18:09:02.777 9 INFO neutron.wsgi [req-ea405893-929c-4764-a988-1a9f853c8987 req-d4bde3a3-4736-4694-a8f9-72d71b5bf8c4 b0c879c99dad44d09219c314d35f57e4 a5452024624c4173a9384ae077addd82 - - default default] 10.0.0.125 "GET /v2.0/security-groups?id=16467153-2413-49ff-82dc-5237b70f9e12&fields=id&fields=name HTTP/1.1" status: 200 len: 294 time: 0.0408099
2026-05-09 18:09:02.783 10 INFO neutron.wsgi [None req-856ce036-6a73-44d9-a5c6-98e9393a3c71 1b7e643e9fbb4033aa9dd5758f21a26b c4ef198d3e5e4bb984bf714d662bee2a - - default default] 10.0.0.133 "GET /v2.0/trunks?not-tags=red%2Cblue HTTP/1.1" status: 200 len: 1419 time: 0.0264783
2026-05-09 18:09:02.810 10 INFO neutron.wsgi [None req-1d8aaf1a-faa3-480d-b01f-fddb8976acb6 1b7e643e9fbb4033aa9dd5758f21a26b c4ef198d3e5e4bb984bf714d662bee2a - - default default] 10.0.0.133 "GET /v2.0/trunks?not-tags-any=blue HTTP/1.1" status: 200 len: 1419 time: 0.0208635
2026-05-09 18:09:02.848 9 INFO neutron.wsgi [None req-6927f203-f35f-45ac-8722-d7530b321f9c 1b7e643e9fbb4033aa9dd5758f21a26b c4ef198d3e5e4bb984bf714d662bee2a - - default default] 10.0.0.133 "GET /v2.0/trunks?not-tags-any=red%2Cblue HTTP/1.1" status: 200 len: 1013 time: 0.0260515
2026-05-09 18:09:02.872 9 INFO neutron.wsgi [None req-e611f964-3278-44ae-bb22-611807aa0784 1b7e643e9fbb4033aa9dd5758f21a26b c4ef198d3e5e4bb984bf714d662bee2a - - default default] 10.0.0.133 "GET /v2.0/trunks/ca6ec0af-8248-49cc-8f4b-b55a49bf16c3 HTTP/1.1" status: 200 len: 608 time: 0.0168531
2026-05-09 18:09:02.882 10 INFO neutron.wsgi [req-d2f5a720-8047-4fe2-8019-b5fe9ce572ef req-71889505-c523-4a70-97a1-f1730e2f5238 b0c879c99dad44d09219c314d35f57e4 a5452024624c4173a9384ae077addd82 - - default default] 10.0.0.125 "GET /v2.0/ports?device_id=8a4abd5d-4d89-4b90-b50c-b5d6491278ba HTTP/1.1" status: 200 len: 1417 time: 0.0522225
2026-05-09 18:09:02.985 9 INFO neutron.wsgi [None req-c3ab4c05-258b-41ed-a074-89c5c60768f7 1b7e643e9fbb4033aa9dd5758f21a26b c4ef198d3e5e4bb984bf714d662bee2a - - default default] 10.0.0.133 "GET /v2.0/ports/37e69931-a3e1-4c9c-8c5c-884e3f5f121e HTTP/1.1" status: 200 len: 1020 time: 0.1094372
2026-05-09 18:09:03.082 9 INFO neutron.wsgi [None req-9b2e9dd1-115b-4cb5-abc0-11afed39ee87 1b7e643e9fbb4033aa9dd5758f21a26b c4ef198d3e5e4bb984bf714d662bee2a - - default default] 10.0.0.133 "DELETE /v2.0/trunks/ca6ec0af-8248-49cc-8f4b-b55a49bf16c3 HTTP/1.1" status: 204 len: 168 time: 0.0911341
2026-05-09 18:09:03.112 9 INFO neutron.wsgi [None req-37305ef4-494e-49fd-8c5e-92b4601a1cc4 1b7e643e9fbb4033aa9dd5758f21a26b c4ef198d3e5e4bb984bf714d662bee2a - - default default] 10.0.0.133 "GET /v2.0/trunks/9d73cd0b-24ff-476e-b2e8-d8a42eac4899 HTTP/1.1" status: 200 len: 616 time: 0.0228999
2026-05-09 18:09:03.233 9 INFO neutron.wsgi [None req-7a2319b1-59ce-42b2-9c84-3ce1f6362b72 1b7e643e9fbb4033aa9dd5758f21a26b c4ef198d3e5e4bb984bf714d662bee2a - - default default] 10.0.0.133 "GET /v2.0/ports/9e356f22-3374-42bc-922a-49062c52650c HTTP/1.1" status: 200 len: 1020 time: 0.1105697
2026-05-09 18:09:03.314 9 INFO neutron.wsgi [None req-429d46a1-b6d9-4d1f-b327-a9c46c2d0743 1b7e643e9fbb4033aa9dd5758f21a26b c4ef198d3e5e4bb984bf714d662bee2a - - default default] 10.0.0.133 "DELETE /v2.0/trunks/9d73cd0b-24ff-476e-b2e8-d8a42eac4899 HTTP/1.1" status: 204 len: 168 time: 0.0757527
2026-05-09 18:09:03.335 9 INFO neutron.wsgi [None req-d823eb48-b062-413a-b86f-2c8b19b987ac 1b7e643e9fbb4033aa9dd5758f21a26b c4ef198d3e5e4bb984bf714d662bee2a - - default default] 10.0.0.133 "GET /v2.0/trunks/535a276d-250c-4eea-b363-421c04ddaa3e HTTP/1.1" status: 200 len: 625 time: 0.0150042
2026-05-09 18:09:03.430 9 INFO neutron.wsgi [None req-504d2979-a3d1-4479-a883-3de3db814c32 1b7e643e9fbb4033aa9dd5758f21a26b c4ef198d3e5e4bb984bf714d662bee2a - - default default] 10.0.0.133 "GET /v2.0/ports/537e7b1e-772d-4f32-8905-228a87602f5e HTTP/1.1" status: 200 len: 1020 time: 0.0905221
2026-05-09 18:09:03.522 9 INFO neutron.wsgi [None req-7b53c852-ad3c-4d03-ac9a-9ee20ac14000 1b7e643e9fbb4033aa9dd5758f21a26b c4ef198d3e5e4bb984bf714d662bee2a - - default default] 10.0.0.133 "DELETE /v2.0/trunks/535a276d-250c-4eea-b363-421c04ddaa3e HTTP/1.1" status: 204 len: 168 time: 0.0870321
2026-05-09 18:09:03.543 9 INFO neutron.wsgi [None req-3d3c8377-16fa-4846-81d3-d795b15b9c9d 1b7e643e9fbb4033aa9dd5758f21a26b c4ef198d3e5e4bb984bf714d662bee2a - - default default] 10.0.0.133 "GET /v2.0/trunks/cb7f5266-6d9f-43cd-8579-64491e5fdeb9 HTTP/1.1" status: 200 len: 610 time: 0.0159116
2026-05-09 18:09:03.632 9 INFO neutron.wsgi [None req-5afb7aa9-e7ee-4d78-95ec-5262c28cf71a 1b7e643e9fbb4033aa9dd5758f21a26b c4ef198d3e5e4bb984bf714d662bee2a - - default default] 10.0.0.133 "GET /v2.0/ports/42d5d86c-a39a-47b1-a286-699dbe8f2479 HTTP/1.1" status: 200 len: 1020 time: 0.0830371
2026-05-09 18:09:03.714 9 INFO neutron.wsgi [None req-d6ac018b-0a3e-46c7-a542-3b353f1da79f 1b7e643e9fbb4033aa9dd5758f21a26b c4ef198d3e5e4bb984bf714d662bee2a - - default default] 10.0.0.133 "DELETE /v2.0/trunks/cb7f5266-6d9f-43cd-8579-64491e5fdeb9 HTTP/1.1" status: 204 len: 168 time: 0.0765512
2026-05-09 18:09:03.736 9 INFO neutron.wsgi [None req-4d05dfa3-b503-4fd8-aa7d-7f615a0f73bd 1b7e643e9fbb4033aa9dd5758f21a26b c4ef198d3e5e4bb984bf714d662bee2a - - default default] 10.0.0.133 "GET /v2.0/trunks/b70c549b-1bbe-47ce-adc1-33f49a00ed70 HTTP/1.1" status: 200 len: 603 time: 0.0151265
2026-05-09 18:09:03.829 9 INFO neutron.wsgi [None req-bfdaab0f-6f18-499e-bca6-33202404be67 1b7e643e9fbb4033aa9dd5758f21a26b c4ef198d3e5e4bb984bf714d662bee2a - - default default] 10.0.0.133 "GET /v2.0/ports/8abfdb4d-131a-4953-9d03-ad9b90840c39 HTTP/1.1" status: 200 len: 1020 time: 0.0874124
2026-05-09 18:09:03.921 9 INFO neutron.wsgi [None req-08aa1b1f-dbf3-44a2-805b-1a841a2bd6da 1b7e643e9fbb4033aa9dd5758f21a26b c4ef198d3e5e4bb984bf714d662bee2a - - default default] 10.0.0.133 "DELETE /v2.0/trunks/b70c549b-1bbe-47ce-adc1-33f49a00ed70 HTTP/1.1" status: 204 len: 168 time: 0.0867705
2026-05-09 18:09:04.235 9 INFO neutron.wsgi [None req-2d18e5a5-68ad-4b91-ba8e-0dcecc066c21 1b7e643e9fbb4033aa9dd5758f21a26b c4ef198d3e5e4bb984bf714d662bee2a - - default default] 10.0.0.133 "DELETE /v2.0/ports/37e69931-a3e1-4c9c-8c5c-884e3f5f121e HTTP/1.1" status: 204 len: 168 time: 0.3077843
2026-05-09 18:09:04.484 9 INFO neutron.wsgi [None req-62224e1e-2818-4e81-989c-a8e52860da41 1b7e643e9fbb4033aa9dd5758f21a26b c4ef198d3e5e4bb984bf714d662bee2a - - default default] 10.0.0.133 "DELETE /v2.0/ports/9e356f22-3374-42bc-922a-49062c52650c HTTP/1.1" status: 204 len: 168 time: 0.2438581
2026-05-09 18:09:04.747 9 INFO neutron.wsgi [None req-fb42222d-9d7d-4042-8b7f-84fbe7501303 1b7e643e9fbb4033aa9dd5758f21a26b c4ef198d3e5e4bb984bf714d662bee2a - - default default] 10.0.0.133 "DELETE /v2.0/ports/537e7b1e-772d-4f32-8905-228a87602f5e HTTP/1.1" status: 204 len: 168 time: 0.2578402
2026-05-09 18:09:05.012 9 INFO neutron.wsgi [None req-4211d228-453b-432a-b66c-44e0490b6ac6 1b7e643e9fbb4033aa9dd5758f21a26b c4ef198d3e5e4bb984bf714d662bee2a - - default default] 10.0.0.133 "DELETE /v2.0/ports/42d5d86c-a39a-47b1-a286-699dbe8f2479 HTTP/1.1" status: 204 len: 168 time: 0.2606497
2026-05-09 18:09:05.273 9 INFO neutron.wsgi [None req-4ff3a958-71f5-42c3-88f6-4890a6f3daa7 1b7e643e9fbb4033aa9dd5758f21a26b c4ef198d3e5e4bb984bf714d662bee2a - - default default] 10.0.0.133 "DELETE /v2.0/ports/8abfdb4d-131a-4953-9d03-ad9b90840c39 HTTP/1.1" status: 204 len: 168 time: 0.2550364
2026-05-09 18:09:05.633 9 INFO neutron.services.segments.plugin [-] Segment 00aacba8-4219-4613-9ce3-b79eb9d843ef resource provider aggregate not found
2026-05-09 18:09:05.638 9 INFO neutron.services.segments.plugin [-] Segment 00aacba8-4219-4613-9ce3-b79eb9d843ef resource provider aggregate not found
2026-05-09 18:09:05.659 9 INFO neutron.services.segments.plugin [-] Segment 00aacba8-4219-4613-9ce3-b79eb9d843ef resource provider not found; error: Placement Client Error (4xx): {"errors": [{"status": 404, "title": "Not Found", "detail": "The resource could not be found.\n\n No resource provider with uuid 00aacba8-4219-4613-9ce3-b79eb9d843ef found for delete ", "request_id": "req-58552c1c-2138-433c-baaf-adad13695026"}]}
