2026-05-09 18:05:48.485 9 INFO neutron.wsgi [None req-913676b4-83f1-4e0d-88d8-29d64cfdd184 3b9d40c5c44c4388ad2897ac31b54501 08a88edd565548338e5f98f1d404d530 - - default default] 10.0.0.133 "POST /v2.0/networks HTTP/1.1" status: 201 len: 852 time: 0.5456247
2026-05-09 18:05:48.630 10 INFO neutron.db.ovn_revision_numbers_db [None req-2984e2e0-cc53-4700-a152-4ef45e419d7d b0c879c99dad44d09219c314d35f57e4 a5452024624c4173a9384ae077addd82 - - default default] Successfully bumped revision number for resource 7f809b0b-3638-4617-850a-82d3e71db58c (type: security_groups) to 1
2026-05-09 18:05:48.645 10 INFO neutron.db.ovn_revision_numbers_db [None req-2984e2e0-cc53-4700-a152-4ef45e419d7d b0c879c99dad44d09219c314d35f57e4 a5452024624c4173a9384ae077addd82 - - default default] Successfully bumped revision number for resource 6d1c67fb-fd4b-469e-a84e-51620cabae39 (type: security_group_rules) to 0
2026-05-09 18:05:48.661 10 INFO neutron.db.ovn_revision_numbers_db [None req-2984e2e0-cc53-4700-a152-4ef45e419d7d b0c879c99dad44d09219c314d35f57e4 a5452024624c4173a9384ae077addd82 - - default default] Successfully bumped revision number for resource 957964fb-485a-4ea1-a305-008c4c7ce24f (type: security_group_rules) to 0
2026-05-09 18:05:48.675 10 INFO neutron.db.ovn_revision_numbers_db [None req-2984e2e0-cc53-4700-a152-4ef45e419d7d b0c879c99dad44d09219c314d35f57e4 a5452024624c4173a9384ae077addd82 - - default default] Successfully bumped revision number for resource bbd35a25-1adc-4c74-a159-6120dee27eb3 (type: security_group_rules) to 0
2026-05-09 18:05:48.689 10 INFO neutron.db.ovn_revision_numbers_db [None req-2984e2e0-cc53-4700-a152-4ef45e419d7d b0c879c99dad44d09219c314d35f57e4 a5452024624c4173a9384ae077addd82 - - default default] Successfully bumped revision number for resource ee5b9165-0b57-4aee-839d-4d1967d4ee63 (type: security_group_rules) to 0
2026-05-09 18:05:48.710 10 INFO neutron.wsgi [None req-2984e2e0-cc53-4700-a152-4ef45e419d7d b0c879c99dad44d09219c314d35f57e4 a5452024624c4173a9384ae077addd82 - - default default] 10.0.0.133 "GET /v2.0/security-groups?tenant_id=f2aeda70a0d84861a8aa060f1fd09eb6&name=default HTTP/1.1" status: 200 len: 3120 time: 0.3630130
2026-05-09 18:05:48.914 10 WARNING neutron_lib.context [None req-f58a41b7-50a2-4915-89cb-cdc2ee8611df 3b9d40c5c44c4388ad2897ac31b54501 08a88edd565548338e5f98f1d404d530 - - default default] Method 'is_advsvc' is deprecated since 2023.2 release (neutron-lib 3.8.0) and will be removed once support for the old RBAC API policies will be removed from Neutron. Please use method 'is_service_role' instead.
2026-05-09 18:05:48.952 10 WARNING neutron_lib.context [None req-f58a41b7-50a2-4915-89cb-cdc2ee8611df 3b9d40c5c44c4388ad2897ac31b54501 08a88edd565548338e5f98f1d404d530 - - default default] Method 'is_advsvc' is deprecated since 2023.2 release (neutron-lib 3.8.0) and will be removed once support for the old RBAC API policies will be removed from Neutron. Please use method 'is_service_role' instead.
2026-05-09 18:05:48.976 10 INFO neutron.wsgi [None req-dc029388-c4cb-4118-b05c-b7f1c4c6d9d0 b0c879c99dad44d09219c314d35f57e4 a5452024624c4173a9384ae077addd82 - - default default] 10.0.0.133 "DELETE /v2.0/security-groups/7f809b0b-3638-4617-850a-82d3e71db58c HTTP/1.1" status: 204 len: 168 time: 0.2614284
2026-05-09 18:05:49.248 10 INFO neutron.db.ovn_revision_numbers_db [None req-393a7145-2e7c-44a9-b52a-1094b893bd8e b0c879c99dad44d09219c314d35f57e4 a5452024624c4173a9384ae077addd82 - - default default] Successfully bumped revision number for resource e04eccbe-ffbf-43f4-8877-89c9bb1de738 (type: security_groups) to 1
2026-05-09 18:05:49.263 10 INFO neutron.db.ovn_revision_numbers_db [None req-393a7145-2e7c-44a9-b52a-1094b893bd8e b0c879c99dad44d09219c314d35f57e4 a5452024624c4173a9384ae077addd82 - - default default] Successfully bumped revision number for resource 7274f4d2-883c-4795-a127-c25d02f7fcbe (type: security_group_rules) to 0
2026-05-09 18:05:49.281 10 INFO neutron.db.ovn_revision_numbers_db [None req-393a7145-2e7c-44a9-b52a-1094b893bd8e b0c879c99dad44d09219c314d35f57e4 a5452024624c4173a9384ae077addd82 - - default default] Successfully bumped revision number for resource 9831e835-214a-493f-80fb-aec4cbd3b4f0 (type: security_group_rules) to 0
2026-05-09 18:05:49.304 10 INFO neutron.db.ovn_revision_numbers_db [None req-393a7145-2e7c-44a9-b52a-1094b893bd8e b0c879c99dad44d09219c314d35f57e4 a5452024624c4173a9384ae077addd82 - - default default] Successfully bumped revision number for resource e1f46bb9-d52e-4015-9de2-5d5d10a9603b (type: security_group_rules) to 0
2026-05-09 18:05:49.319 10 INFO neutron.db.ovn_revision_numbers_db [None req-393a7145-2e7c-44a9-b52a-1094b893bd8e b0c879c99dad44d09219c314d35f57e4 a5452024624c4173a9384ae077addd82 - - default default] Successfully bumped revision number for resource e5a9212e-21f1-48d8-9c22-e747bb08b02a (type: security_group_rules) to 0
2026-05-09 18:05:49.351 10 INFO neutron.wsgi [None req-393a7145-2e7c-44a9-b52a-1094b893bd8e b0c879c99dad44d09219c314d35f57e4 a5452024624c4173a9384ae077addd82 - - default default] 10.0.0.133 "GET /v2.0/security-groups?tenant_id=35110196538f4252a18571cacb6192c5&name=default HTTP/1.1" status: 200 len: 3120 time: 0.2794590
2026-05-09 18:05:49.354 10 WARNING neutron.scheduler.dhcp_agent_scheduler [None req-f58a41b7-50a2-4915-89cb-cdc2ee8611df 3b9d40c5c44c4388ad2897ac31b54501 08a88edd565548338e5f98f1d404d530 - - default default] No more DHCP agents
2026-05-09 18:05:49.358 10 WARNING neutron.api.rpc.agentnotifiers.dhcp_rpc_agent_api [None req-f58a41b7-50a2-4915-89cb-cdc2ee8611df 3b9d40c5c44c4388ad2897ac31b54501 08a88edd565548338e5f98f1d404d530 - - default default] Unable to schedule network 54dabb72-3b92-4325-a0a9-d35fd0cf6aad: no agents available; will retry on subsequent port and subnet creation events.
2026-05-09 18:05:49.403 10 INFO neutron.db.ovn_revision_numbers_db [None req-f58a41b7-50a2-4915-89cb-cdc2ee8611df 3b9d40c5c44c4388ad2897ac31b54501 08a88edd565548338e5f98f1d404d530 - - default default] Successfully bumped revision number for resource 98f5da8a-2c2f-4378-ad6d-fc0faedca1ec (type: subnets) to 0
2026-05-09 18:05:49.445 10 WARNING neutron.scheduler.dhcp_agent_scheduler [None req-f58a41b7-50a2-4915-89cb-cdc2ee8611df 3b9d40c5c44c4388ad2897ac31b54501 08a88edd565548338e5f98f1d404d530 - - default default] No more DHCP agents
2026-05-09 18:05:49.449 10 WARNING neutron.api.rpc.agentnotifiers.dhcp_rpc_agent_api [None req-f58a41b7-50a2-4915-89cb-cdc2ee8611df 3b9d40c5c44c4388ad2897ac31b54501 08a88edd565548338e5f98f1d404d530 - - default default] Unable to schedule network 0320b55b-e7a1-4465-a762-608c2300d995: no agents available; will retry on subsequent port and subnet creation events.
2026-05-09 18:05:49.489 10 INFO neutron.db.ovn_revision_numbers_db [None req-f58a41b7-50a2-4915-89cb-cdc2ee8611df 3b9d40c5c44c4388ad2897ac31b54501 08a88edd565548338e5f98f1d404d530 - - default default] Successfully bumped revision number for resource e7db0fe9-0df3-44cb-81ad-c70635c0e904 (type: subnets) to 0
2026-05-09 18:05:49.515 10 INFO neutron.wsgi [None req-f58a41b7-50a2-4915-89cb-cdc2ee8611df 3b9d40c5c44c4388ad2897ac31b54501 08a88edd565548338e5f98f1d404d530 - - default default] 10.0.0.133 "POST /v2.0/subnets HTTP/1.1" status: 201 len: 1475 time: 0.6054120
2026-05-09 18:05:49.581 9 INFO neutron.wsgi [None req-c517282e-1595-48e3-97c0-4ac93bd080ac 3b9d40c5c44c4388ad2897ac31b54501 08a88edd565548338e5f98f1d404d530 - - default default] 10.0.0.133 "GET /v2.0/subnets HTTP/1.1" status: 200 len: 2083 time: 0.0620382
2026-05-09 18:05:49.623 10 INFO neutron.wsgi [None req-b7f76bc0-bab9-4408-80f1-f0d464be2d85 b0c879c99dad44d09219c314d35f57e4 a5452024624c4173a9384ae077addd82 - - default default] 10.0.0.133 "DELETE /v2.0/security-groups/e04eccbe-ffbf-43f4-8877-89c9bb1de738 HTTP/1.1" status: 204 len: 168 time: 0.2668054
2026-05-09 18:05:49.774 10 INFO neutron.wsgi [None req-9a3b9ee1-f05c-45a8-93c4-1434467978c2 3b9d40c5c44c4388ad2897ac31b54501 08a88edd565548338e5f98f1d404d530 - - default default] 10.0.0.133 "DELETE /v2.0/subnets/98f5da8a-2c2f-4378-ad6d-fc0faedca1ec HTTP/1.1" status: 204 len: 168 time: 0.1790698
2026-05-09 18:05:49.893 9 INFO neutron.wsgi [None req-9d739def-8a31-4542-b64d-4ee47c8122a8 b0c879c99dad44d09219c314d35f57e4 a5452024624c4173a9384ae077addd82 - - default default] 10.0.0.133 "PUT /v2.0/routers/f655604a-1ed8-4c43-84fa-c9855ea8108b/remove_router_interface HTTP/1.1" status: 200 len: 503 time: 1.0080733 /var/lib/openstack/lib/python3.10/site-packages/pycadf/identifier.py:71: UserWarning: Invalid uuid: neutron. To ensure interoperability, identifiers should be a valid uuid. warnings.warn(('Invalid uuid: %s. To ensure interoperability, '
2026-05-09 18:05:49.947 10 INFO neutron.wsgi [None req-52b7507a-8faf-47eb-b059-0d8368244d94 3b9d40c5c44c4388ad2897ac31b54501 08a88edd565548338e5f98f1d404d530 - - default default] 10.0.0.133 "DELETE /v2.0/subnets/e7db0fe9-0df3-44cb-81ad-c70635c0e904 HTTP/1.1" status: 204 len: 168 time: 0.1673381
2026-05-09 18:05:49.998 10 INFO neutron.wsgi [None req-4b94d64c-11f3-4b63-b0ed-ee3fbbfab207 3b9d40c5c44c4388ad2897ac31b54501 08a88edd565548338e5f98f1d404d530 - - default default] 10.0.0.133 "GET /v2.0/subnets HTTP/1.1" status: 200 len: 820 time: 0.0447140
2026-05-09 18:05:50.359 10 INFO neutron.services.segments.plugin [-] Segment c0dc46b9-ea2d-4698-a16d-acbf0fb0935e resource provider aggregate not found
2026-05-09 18:05:50.362 10 INFO neutron.services.segments.plugin [-] Segment c0dc46b9-ea2d-4698-a16d-acbf0fb0935e resource provider aggregate not found
2026-05-09 18:05:50.379 10 INFO neutron.services.segments.plugin [-] Segment c0dc46b9-ea2d-4698-a16d-acbf0fb0935e resource provider not found; error: Placement Client Error (4xx): {"errors": [{"status": 404, "title": "Not Found", "detail": "The resource could not be found.\n\n No resource provider with uuid c0dc46b9-ea2d-4698-a16d-acbf0fb0935e found for delete ", "request_id": "req-29bcde34-3e2d-4a1c-8791-da8b5492cfd2"}]}
2026-05-09 18:05:50.390 10 INFO neutron.services.segments.plugin [-] Segment c0dc46b9-ea2d-4698-a16d-acbf0fb0935e resource provider not found; error: Placement Client Error (4xx): {"errors": [{"status": 404, "title": "Not Found", "detail": "The resource could not be found.\n\n No resource provider with uuid c0dc46b9-ea2d-4698-a16d-acbf0fb0935e found for delete ", "request_id": "req-3143babc-76b4-4f33-ad40-7cff6b99d0a9"}]}
2026-05-09 18:05:50.416 10 INFO neutron.wsgi [None req-f0ff6681-800d-4cbc-8283-8db95b6d062b 3b9d40c5c44c4388ad2897ac31b54501 08a88edd565548338e5f98f1d404d530 - - default default] 10.0.0.133 "DELETE /v2.0/networks/0320b55b-e7a1-4465-a762-608c2300d995 HTTP/1.1" status: 204 len: 168 time: 0.4094524
2026-05-09 18:05:50.808 10 INFO neutron.wsgi [None req-a4b46e5c-c771-41e2-9081-c46dff91871f 3b9d40c5c44c4388ad2897ac31b54501 08a88edd565548338e5f98f1d404d530 - - default default] 10.0.0.133 "DELETE /v2.0/networks/54dabb72-3b92-4325-a0a9-d35fd0cf6aad HTTP/1.1" status: 204 len: 168 time: 0.3857453
2026-05-09 18:05:50.956 9 INFO neutron.wsgi [None req-fe83d375-a272-426e-9524-9bc0b61bebef b0c879c99dad44d09219c314d35f57e4 a5452024624c4173a9384ae077addd82 - - default default] 10.0.0.133 "DELETE /v2.0/routers/f655604a-1ed8-4c43-84fa-c9855ea8108b HTTP/1.1" status: 204 len: 168 time: 1.0593362
2026-05-09 18:05:51.166 9 INFO neutron.wsgi [None req-f310718b-578a-4e08-b600-72bee846e1d3 b0c879c99dad44d09219c314d35f57e4 a5452024624c4173a9384ae077addd82 - - default default] 10.0.0.133 "DELETE /v2.0/subnets/4e873027-16d3-45c8-aabd-1b2b02131663 HTTP/1.1" status: 204 len: 168 time: 0.2049544
2026-05-09 18:05:51.196 10 INFO neutron.wsgi [None req-3becc16d-7ee3-4fbd-855d-4cbc8525abf4 3b9d40c5c44c4388ad2897ac31b54501 08a88edd565548338e5f98f1d404d530 - - default default] 10.0.0.133 "DELETE /v2.0/networks/b5d650f7-6ec7-4244-ad05-f67e138900d5 HTTP/1.1" status: 204 len: 168 time: 0.3814542
2026-05-09 18:05:51.609 9 INFO neutron.services.segments.plugin [-] Segment 13fd9c21-70ee-45d5-9e8e-4b108ebc46f8 resource provider aggregate not found
2026-05-09 18:05:51.614 9 INFO neutron.services.segments.plugin [-] Segment 13fd9c21-70ee-45d5-9e8e-4b108ebc46f8 resource provider aggregate not found
2026-05-09 18:05:51.629 9 INFO neutron.services.segments.plugin [-] Segment 13fd9c21-70ee-45d5-9e8e-4b108ebc46f8 resource provider not found; error: Placement Client Error (4xx): {"errors": [{"status": 404, "title": "Not Found", "detail": "The resource could not be found.\n\n No resource provider with uuid 13fd9c21-70ee-45d5-9e8e-4b108ebc46f8 found for delete ", "request_id": "req-2d982cea-80c9-4d6d-ae1c-1ab3d9b9d9f4"}]}
2026-05-09 18:05:51.632 9 INFO neutron.services.segments.plugin [-] Segment 13fd9c21-70ee-45d5-9e8e-4b108ebc46f8 resource provider not found; error: Placement Client Error (4xx): {"errors": [{"status": 404, "title": "Not Found", "detail": "The resource could not be found.\n\n No resource provider with uuid 13fd9c21-70ee-45d5-9e8e-4b108ebc46f8 found for delete ", "request_id": "req-00f46ee6-96a5-479c-b28f-41295b5f8452"}]}
2026-05-09 18:05:51.660 9 INFO neutron.wsgi [None req-fff2f54d-b8bf-4920-a3a2-ef22c75079f5 b0c879c99dad44d09219c314d35f57e4 a5452024624c4173a9384ae077addd82 - - default default] 10.0.0.133 "DELETE /v2.0/networks/a1c434d8-3596-4eea-a627-bfbe17889dfc HTTP/1.1" status: 204 len: 168 time: 0.4877210
2026-05-09 18:05:51.670 10 INFO neutron.wsgi [-] 10.0.0.98 "GET / HTTP/1.1" status: 200 len: 247 time: 0.0025852
2026-05-09 18:05:51.672 10 INFO neutron.wsgi [-] 10.0.0.98 "GET / HTTP/1.1" status: 200 len: 247 time: 0.0016482
2026-05-09 18:05:51.684 9 INFO neutron.wsgi [None req-4f6b976a-ed50-4979-93c0-b2d188b47561 3b9d40c5c44c4388ad2897ac31b54501 08a88edd565548338e5f98f1d404d530 - - default default] 10.0.0.133 "DELETE /v2.0/networks/e0ade17d-ab2e-48a9-b3ec-19df7af7b817 HTTP/1.1" status: 204 len: 168 time: 0.4829211
2026-05-09 18:05:51.800 9 INFO neutron.wsgi [None req-8a68643c-7295-497a-835e-7251d4b7c4eb b0c879c99dad44d09219c314d35f57e4 a5452024624c4173a9384ae077addd82 - - default default] 10.0.0.133 "GET /v2.0/security-groups?tenant_id=44af381e3afe421c9e9f3df2ab085c80&name=default HTTP/1.1" status: 200 len: 3120 time: 0.0409851
2026-05-09 18:05:51.997 9 INFO neutron.wsgi [None req-574f3d1e-847e-4e50-b030-a37d33df06cb b0c879c99dad44d09219c314d35f57e4 a5452024624c4173a9384ae077addd82 - - default default] 10.0.0.133 "DELETE /v2.0/security-groups/194e726f-f39b-46ad-b597-eb958cc13570 HTTP/1.1" status: 204 len: 168 time: 0.1926196
2026-05-09 18:05:52.363 10 INFO neutron.wsgi [None req-76df45bc-0b97-4436-84e5-463f4d265019 b0c879c99dad44d09219c314d35f57e4 a5452024624c4173a9384ae077addd82 - - default default] 10.0.0.133 "GET /v2.0/security-groups?tenant_id=08a88edd565548338e5f98f1d404d530&name=default HTTP/1.1" status: 200 len: 3120 time: 0.1831195
2026-05-09 18:05:52.400 10 INFO neutron.services.segments.plugin [-] Segment ddf39ed3-b9f7-4dfa-9706-bd60defc35fc resource provider aggregate not found
2026-05-09 18:05:52.414 10 INFO neutron.services.segments.plugin [-] Segment ddf39ed3-b9f7-4dfa-9706-bd60defc35fc resource provider aggregate not found
2026-05-09 18:05:52.421 10 INFO neutron.services.segments.plugin [-] Segment ddf39ed3-b9f7-4dfa-9706-bd60defc35fc resource provider not found; error: Placement Client Error (4xx): {"errors": [{"status": 404, "title": "Not Found", "detail": "The resource could not be found.\n\n No resource provider with uuid ddf39ed3-b9f7-4dfa-9706-bd60defc35fc found for delete ", "request_id": "req-cd9a0d23-e0c5-4cef-ae3f-9ca18d203431"}]}
2026-05-09 18:05:52.429 10 INFO neutron.services.segments.plugin [-] Segment ddf39ed3-b9f7-4dfa-9706-bd60defc35fc resource provider not found; error: Placement Client Error (4xx): {"errors": [{"status": 404, "title": "Not Found", "detail": "The resource could not be found.\n\n No resource provider with uuid ddf39ed3-b9f7-4dfa-9706-bd60defc35fc found for delete ", "request_id": "req-0895fae1-f88f-4d03-becf-4269f1064da9"}]}
2026-05-09 18:05:52.440 10 INFO neutron.services.segments.plugin [-] Segment 0e335d66-b6e3-402c-94b8-5bec94b1eb40 resource provider aggregate not found
2026-05-09 18:05:52.460 10 INFO neutron.services.segments.plugin [-] Segment 0e335d66-b6e3-402c-94b8-5bec94b1eb40 resource provider not found; error: Placement Client Error (4xx): {"errors": [{"status": 404, "title": "Not Found", "detail": "The resource could not be found.\n\n No resource provider with uuid 0e335d66-b6e3-402c-94b8-5bec94b1eb40 found for delete ", "request_id": "req-c0c530db-46dd-46d9-a739-06c563db0ba1"}]}
2026-05-09 18:05:52.475 10 INFO neutron.services.segments.plugin [-] Segment 0e335d66-b6e3-402c-94b8-5bec94b1eb40 resource provider aggregate not found
2026-05-09 18:05:52.489 10 INFO neutron.services.segments.plugin [-] Segment 0e335d66-b6e3-402c-94b8-5bec94b1eb40 resource provider not found; error: Placement Client Error (4xx): {"errors": [{"status": 404, "title": "Not Found", "detail": "The resource could not be found.\n\n No resource provider with uuid 0e335d66-b6e3-402c-94b8-5bec94b1eb40 found for delete ", "request_id": "req-ac795d53-e73a-4a21-8a1c-ddfbdcb63a97"}]}
2026-05-09 18:05:52.620 10 INFO neutron.wsgi [None req-b2c745c2-1d53-4f5a-9b2a-aea81ab04510 b0c879c99dad44d09219c314d35f57e4 a5452024624c4173a9384ae077addd82 - - default default] 10.0.0.133 "DELETE /v2.0/security-groups/4c41dc8c-aae1-49ac-839e-61b951133d90 HTTP/1.1" status: 204 len: 168 time: 0.2525525
2026-05-09 18:05:53.650 9 INFO neutron.services.segments.plugin [-] Segment 994397df-f23b-44d0-907a-d8a7ac26d98e resource provider aggregate not found
2026-05-09 18:05:53.661 9 INFO neutron.services.segments.plugin [-] Segment 994397df-f23b-44d0-907a-d8a7ac26d98e resource provider not found; error: Placement Client Error (4xx): {"errors": [{"status": 404, "title": "Not Found", "detail": "The resource could not be found.\n\n No resource provider with uuid 994397df-f23b-44d0-907a-d8a7ac26d98e found for delete ", "request_id": "req-04e31bc0-aa73-4b6c-989f-13af1b04dcb9"}]}
2026-05-09 18:05:53.662 9 INFO neutron.services.segments.plugin [-] Segment 994397df-f23b-44d0-907a-d8a7ac26d98e resource provider aggregate not found
2026-05-09 18:05:53.672 9 INFO neutron.services.segments.plugin [-] Segment 994397df-f23b-44d0-907a-d8a7ac26d98e resource provider not found; error: Placement Client Error (4xx): {"errors": [{"status": 404, "title": "Not Found", "detail": "The resource could not be found.\n\n No resource provider with uuid 994397df-f23b-44d0-907a-d8a7ac26d98e found for delete ", "request_id": "req-684d5639-6282-4ece-ad88-98c7a8c63631"}]}
2026-05-09 18:05:54.897 9 WARNING neutron_lib.context [None req-fd98a66f-6fa2-4e8a-a3d5-19cfc94b422f 6d9f0f7e024a42ba9ad0236283df8dc5 76d2a53cbcd9478f85a5a9f0e87b4959 - - default default] Method 'is_advsvc' is deprecated since 2023.2 release (neutron-lib 3.8.0) and will be removed once support for the old RBAC API policies will be removed from Neutron. Please use method 'is_service_role' instead.
2026-05-09 18:05:55.025 9 INFO neutron.db.ovn_revision_numbers_db [None req-fd98a66f-6fa2-4e8a-a3d5-19cfc94b422f 6d9f0f7e024a42ba9ad0236283df8dc5 76d2a53cbcd9478f85a5a9f0e87b4959 - - default default] Successfully bumped revision number for resource ec56e0a7-3644-4317-b123-4eb7e515ee26 (type: security_groups) to 1
2026-05-09 18:05:55.044 9 INFO neutron.db.ovn_revision_numbers_db [None req-fd98a66f-6fa2-4e8a-a3d5-19cfc94b422f 6d9f0f7e024a42ba9ad0236283df8dc5 76d2a53cbcd9478f85a5a9f0e87b4959 - - default default] Successfully bumped revision number for resource 025c11ca-15a4-4cf4-9e2d-c46052783d09 (type: security_group_rules) to 0
2026-05-09 18:05:55.062 9 INFO neutron.db.ovn_revision_numbers_db [None req-fd98a66f-6fa2-4e8a-a3d5-19cfc94b422f 6d9f0f7e024a42ba9ad0236283df8dc5 76d2a53cbcd9478f85a5a9f0e87b4959 - - default default] Successfully bumped revision number for resource 21e2cad6-994d-4780-9fd3-b3e61ce0ed1b (type: security_group_rules) to 0
2026-05-09 18:05:55.077 9 INFO neutron.db.ovn_revision_numbers_db [None req-fd98a66f-6fa2-4e8a-a3d5-19cfc94b422f 6d9f0f7e024a42ba9ad0236283df8dc5 76d2a53cbcd9478f85a5a9f0e87b4959 - - default default] Successfully bumped revision number for resource 7b9f2f54-5038-4338-9511-1865cfe5edd0 (type: security_group_rules) to 0
2026-05-09 18:05:55.090 9 INFO neutron.db.ovn_revision_numbers_db [None req-fd98a66f-6fa2-4e8a-a3d5-19cfc94b422f 6d9f0f7e024a42ba9ad0236283df8dc5 76d2a53cbcd9478f85a5a9f0e87b4959 - - default default] Successfully bumped revision number for resource a778254f-6128-48a3-a106-1b675eda7321 (type: security_group_rules) to 0
2026-05-09 18:05:55.142 9 INFO neutron.db.segments_db [None req-fd98a66f-6fa2-4e8a-a3d5-19cfc94b422f 6d9f0f7e024a42ba9ad0236283df8dc5 76d2a53cbcd9478f85a5a9f0e87b4959 - - default default] Added segment e31b214b-d788-4f0c-b69f-03affa67c44b of type geneve for network ad65bc77-a50a-4628-921d-3f7e65c53995
2026-05-09 18:05:55.315 9 INFO neutron.db.ovn_revision_numbers_db [None req-fd98a66f-6fa2-4e8a-a3d5-19cfc94b422f 6d9f0f7e024a42ba9ad0236283df8dc5 76d2a53cbcd9478f85a5a9f0e87b4959 - - default default] Successfully bumped revision number for resource ad65bc77-a50a-4628-921d-3f7e65c53995 (type: networks) to 1
2026-05-09 18:05:55.534 9 WARNING neutron.scheduler.dhcp_agent_scheduler [None req-fd98a66f-6fa2-4e8a-a3d5-19cfc94b422f 6d9f0f7e024a42ba9ad0236283df8dc5 76d2a53cbcd9478f85a5a9f0e87b4959 - - default default] No more DHCP agents
2026-05-09 18:05:55.537 9 WARNING neutron.api.rpc.agentnotifiers.dhcp_rpc_agent_api [None req-fd98a66f-6fa2-4e8a-a3d5-19cfc94b422f 6d9f0f7e024a42ba9ad0236283df8dc5 76d2a53cbcd9478f85a5a9f0e87b4959 - - default default] Unable to schedule network ad65bc77-a50a-4628-921d-3f7e65c53995: no agents available; will retry on subsequent port and subnet creation events.
2026-05-09 18:05:55.652 9 INFO neutron.db.ovn_revision_numbers_db [None req-fd98a66f-6fa2-4e8a-a3d5-19cfc94b422f 6d9f0f7e024a42ba9ad0236283df8dc5 76d2a53cbcd9478f85a5a9f0e87b4959 - - default default] Successfully bumped revision number for resource 1db797c5-d13a-447b-8c88-03cbbe48c38e (type: ports) to 1
2026-05-09 18:05:55.681 9 INFO neutron.wsgi [None req-fd98a66f-6fa2-4e8a-a3d5-19cfc94b422f 6d9f0f7e024a42ba9ad0236283df8dc5 76d2a53cbcd9478f85a5a9f0e87b4959 - - default default] 10.0.0.133 "POST /v2.0/networks HTTP/1.1" status: 201 len: 844 time: 0.9910522
2026-05-09 18:05:55.693 9 WARNING neutron_lib.context [None req-fce13d28-5aaa-44af-b5b2-b408887cb5f6 6d9f0f7e024a42ba9ad0236283df8dc5 76d2a53cbcd9478f85a5a9f0e87b4959 - - default default] Method 'is_advsvc' is deprecated since 2023.2 release (neutron-lib 3.8.0) and will be removed once support for the old RBAC API policies will be removed from Neutron. Please use method 'is_service_role' instead.
2026-05-09 18:05:55.926 9 WARNING neutron.scheduler.dhcp_agent_scheduler [None req-fce13d28-5aaa-44af-b5b2-b408887cb5f6 6d9f0f7e024a42ba9ad0236283df8dc5 76d2a53cbcd9478f85a5a9f0e87b4959 - - default default] No more DHCP agents
2026-05-09 18:05:55.928 9 WARNING neutron.api.rpc.agentnotifiers.dhcp_rpc_agent_api [None req-fce13d28-5aaa-44af-b5b2-b408887cb5f6 6d9f0f7e024a42ba9ad0236283df8dc5 76d2a53cbcd9478f85a5a9f0e87b4959 - - default default] Unable to schedule network ad65bc77-a50a-4628-921d-3f7e65c53995: no agents available; will retry on subsequent port and subnet creation events.
2026-05-09 18:05:56.013 9 INFO neutron.db.ovn_revision_numbers_db [None req-fce13d28-5aaa-44af-b5b2-b408887cb5f6 6d9f0f7e024a42ba9ad0236283df8dc5 76d2a53cbcd9478f85a5a9f0e87b4959 - - default default] Successfully bumped revision number for resource a516be26-8986-48ff-a61f-1d11e3e93486 (type: ports) to 1
2026-05-09 18:05:56.039 9 INFO neutron.wsgi [None req-fce13d28-5aaa-44af-b5b2-b408887cb5f6 6d9f0f7e024a42ba9ad0236283df8dc5 76d2a53cbcd9478f85a5a9f0e87b4959 - - default default] 10.0.0.133 "POST /v2.0/ports HTTP/1.1" status: 201 len: 974 time: 0.3523686 /var/lib/openstack/lib/python3.10/site-packages/pycadf/identifier.py:71: UserWarning: Invalid uuid: neutron. To ensure interoperability, identifiers should be a valid uuid. warnings.warn(('Invalid uuid: %s. To ensure interoperability, '
2026-05-09 18:05:56.049 9 WARNING neutron_lib.context [None req-b70c4772-8e55-4c1d-944b-d786c2e49b33 6d9f0f7e024a42ba9ad0236283df8dc5 76d2a53cbcd9478f85a5a9f0e87b4959 - - default default] Method 'is_advsvc' is deprecated since 2023.2 release (neutron-lib 3.8.0) and will be removed once support for the old RBAC API policies will be removed from Neutron. Please use method 'is_service_role' instead.
2026-05-09 18:05:56.134 9 INFO neutron.db.segments_db [None req-b70c4772-8e55-4c1d-944b-d786c2e49b33 6d9f0f7e024a42ba9ad0236283df8dc5 76d2a53cbcd9478f85a5a9f0e87b4959 - - default default] Added segment cbb3364b-ea74-4ea2-a3a7-99782be1fcac of type geneve for network a97b5da1-5166-46ae-bf47-9d01981a2f4b
2026-05-09 18:05:56.271 9 INFO neutron.db.ovn_revision_numbers_db [None req-b70c4772-8e55-4c1d-944b-d786c2e49b33 6d9f0f7e024a42ba9ad0236283df8dc5 76d2a53cbcd9478f85a5a9f0e87b4959 - - default default] Successfully bumped revision number for resource a97b5da1-5166-46ae-bf47-9d01981a2f4b (type: networks) to 1
2026-05-09 18:05:56.374 9 INFO neutron.db.ovn_revision_numbers_db [None req-18edfe3e-0390-4ab3-b0d6-0ecadf39f8d6 b0c879c99dad44d09219c314d35f57e4 a5452024624c4173a9384ae077addd82 - - default default] Successfully bumped revision number for resource 9f760e80-c452-48fd-adf8-4e722f33444a (type: security_groups) to 1
2026-05-09 18:05:56.390 9 INFO neutron.db.ovn_revision_numbers_db [None req-18edfe3e-0390-4ab3-b0d6-0ecadf39f8d6 b0c879c99dad44d09219c314d35f57e4 a5452024624c4173a9384ae077addd82 - - default default] Successfully bumped revision number for resource 3c7ecc26-da8d-4f32-bed6-8c2a24d4ecc5 (type: security_group_rules) to 0
2026-05-09 18:05:56.411 9 INFO neutron.db.ovn_revision_numbers_db [None req-18edfe3e-0390-4ab3-b0d6-0ecadf39f8d6 b0c879c99dad44d09219c314d35f57e4 a5452024624c4173a9384ae077addd82 - - default default] Successfully bumped revision number for resource 45ec4099-0470-40a5-b360-a364ac666470 (type: security_group_rules) to 0
2026-05-09 18:05:56.430 9 INFO neutron.db.ovn_revision_numbers_db [None req-18edfe3e-0390-4ab3-b0d6-0ecadf39f8d6 b0c879c99dad44d09219c314d35f57e4 a5452024624c4173a9384ae077addd82 - - default default] Successfully bumped revision number for resource 4d27b8b9-9a4a-4d78-b556-5eb4d32fd9a3 (type: security_group_rules) to 0
2026-05-09 18:05:56.443 9 WARNING neutron.scheduler.dhcp_agent_scheduler [None req-b70c4772-8e55-4c1d-944b-d786c2e49b33 6d9f0f7e024a42ba9ad0236283df8dc5 76d2a53cbcd9478f85a5a9f0e87b4959 - - default default] No more DHCP agents
2026-05-09 18:05:56.445 9 WARNING neutron.api.rpc.agentnotifiers.dhcp_rpc_agent_api [None req-b70c4772-8e55-4c1d-944b-d786c2e49b33 6d9f0f7e024a42ba9ad0236283df8dc5 76d2a53cbcd9478f85a5a9f0e87b4959 - - default default] Unable to schedule network a97b5da1-5166-46ae-bf47-9d01981a2f4b: no agents available; will retry on subsequent port and subnet creation events.
2026-05-09 18:05:56.448 9 INFO neutron.db.ovn_revision_numbers_db [None req-18edfe3e-0390-4ab3-b0d6-0ecadf39f8d6 b0c879c99dad44d09219c314d35f57e4 a5452024624c4173a9384ae077addd82 - - default default] Successfully bumped revision number for resource bcc297ea-9f2b-4cc9-9e91-60d6077d9c10 (type: security_group_rules) to 0
2026-05-09 18:05:56.471 9 INFO neutron.wsgi [None req-18edfe3e-0390-4ab3-b0d6-0ecadf39f8d6 b0c879c99dad44d09219c314d35f57e4 a5452024624c4173a9384ae077addd82 - - default default] 10.0.0.133 "GET /v2.0/security-groups?tenant_id=48663249b259403cbdec805c545276d9&name=default HTTP/1.1" status: 200 len: 3120 time: 0.4190085
2026-05-09 18:05:56.535 9 INFO neutron.db.ovn_revision_numbers_db [None req-b70c4772-8e55-4c1d-944b-d786c2e49b33 6d9f0f7e024a42ba9ad0236283df8dc5 76d2a53cbcd9478f85a5a9f0e87b4959 - - default default] Successfully bumped revision number for resource f99057ff-e503-4e10-a55f-12b9e909d516 (type: ports) to 1
2026-05-09 18:05:56.559 9 INFO neutron.wsgi [None req-b70c4772-8e55-4c1d-944b-d786c2e49b33 6d9f0f7e024a42ba9ad0236283df8dc5 76d2a53cbcd9478f85a5a9f0e87b4959 - - default default] 10.0.0.133 "POST /v2.0/networks HTTP/1.1" status: 201 len: 830 time: 0.5145857
2026-05-09 18:05:56.574 9 WARNING neutron_lib.context [None req-2aa97232-7a54-46ed-b35d-b4c9bf11302a 6d9f0f7e024a42ba9ad0236283df8dc5 76d2a53cbcd9478f85a5a9f0e87b4959 - - default default] Method 'is_advsvc' is deprecated since 2023.2 release (neutron-lib 3.8.0) and will be removed once support for the old RBAC API policies will be removed from Neutron. Please use method 'is_service_role' instead.
2026-05-09 18:05:56.664 10 INFO neutron.wsgi [None req-b31683a5-b5be-4c14-b2d7-3ea2ab320d95 b0c879c99dad44d09219c314d35f57e4 a5452024624c4173a9384ae077addd82 - - default default] 10.0.0.133 "DELETE /v2.0/security-groups/9f760e80-c452-48fd-adf8-4e722f33444a HTTP/1.1" status: 204 len: 168 time: 0.1873617
2026-05-09 18:05:56.674 9 WARNING neutron_lib.context [None req-89256238-aecc-4b3c-84f4-2eb7a87735f0 c2bbd13298e44e28b60789b7a01e0599 58904c702b2c434b990418bc312b3157 - - default default] Method 'is_advsvc' is deprecated since 2023.2 release (neutron-lib 3.8.0) and will be removed once support for the old RBAC API policies will be removed from Neutron. Please use method 'is_service_role' instead.
2026-05-09 18:05:56.777 10 INFO neutron.db.ovn_revision_numbers_db [None req-fa3ae05c-d4bd-4de4-921a-baf5c932e8af b0c879c99dad44d09219c314d35f57e4 a5452024624c4173a9384ae077addd82 - - default default] Successfully bumped revision number for resource deea26c8-572f-479e-bb17-5d98681f3ccc (type: security_groups) to 1
2026-05-09 18:05:56.790 10 INFO neutron.db.ovn_revision_numbers_db [None req-fa3ae05c-d4bd-4de4-921a-baf5c932e8af b0c879c99dad44d09219c314d35f57e4 a5452024624c4173a9384ae077addd82 - - default default] Successfully bumped revision number for resource 09a27b2f-2e31-47f1-b26b-0be11790d170 (type: security_group_rules) to 0
2026-05-09 18:05:56.802 10 INFO neutron.db.ovn_revision_numbers_db [None req-fa3ae05c-d4bd-4de4-921a-baf5c932e8af b0c879c99dad44d09219c314d35f57e4 a5452024624c4173a9384ae077addd82 - - default default] Successfully bumped revision number for resource 17594f21-85c1-4f6f-9979-ec999a327aaf (type: security_group_rules) to 0
2026-05-09 18:05:56.828 10 INFO neutron.db.ovn_revision_numbers_db [None req-fa3ae05c-d4bd-4de4-921a-baf5c932e8af b0c879c99dad44d09219c314d35f57e4 a5452024624c4173a9384ae077addd82 - - default default] Successfully bumped revision number for resource d6004b41-2f65-4603-af6f-4d828197b262 (type: security_group_rules) to 0
2026-05-09 18:05:56.840 10 INFO neutron.db.ovn_revision_numbers_db [None req-fa3ae05c-d4bd-4de4-921a-baf5c932e8af b0c879c99dad44d09219c314d35f57e4 a5452024624c4173a9384ae077addd82 - - default default] Successfully bumped revision number for resource ecea2feb-2396-4ff9-98d1-1361fbb7aec0 (type: security_group_rules) to 0
2026-05-09 18:05:56.880 10 INFO neutron.wsgi [None req-fa3ae05c-d4bd-4de4-921a-baf5c932e8af b0c879c99dad44d09219c314d35f57e4 a5452024624c4173a9384ae077addd82 - - default default] 10.0.0.133 "GET /v2.0/security-groups?tenant_id=a754ca759957493c8509b89b8e89ee42&name=default HTTP/1.1" status: 200 len: 3120 time: 0.3149252
2026-05-09 18:05:56.889 9 WARNING neutron.scheduler.dhcp_agent_scheduler [None req-2aa97232-7a54-46ed-b35d-b4c9bf11302a 6d9f0f7e024a42ba9ad0236283df8dc5 76d2a53cbcd9478f85a5a9f0e87b4959 - - default default] No more DHCP agents
2026-05-09 18:05:56.892 9 WARNING neutron.api.rpc.agentnotifiers.dhcp_rpc_agent_api [None req-2aa97232-7a54-46ed-b35d-b4c9bf11302a 6d9f0f7e024a42ba9ad0236283df8dc5 76d2a53cbcd9478f85a5a9f0e87b4959 - - default default] Unable to schedule network a97b5da1-5166-46ae-bf47-9d01981a2f4b: no agents available; will retry on subsequent port and subnet creation events.
2026-05-09 18:05:57.269 9 INFO neutron.db.ovn_revision_numbers_db [None req-bc8f52a4-121b-4bb2-a65a-0028f1686d84 b0c879c99dad44d09219c314d35f57e4 a5452024624c4173a9384ae077addd82 - - default default] Successfully bumped revision number for resource 3918ac87-5026-4676-a62c-bd2ed8497f1b (type: security_groups) to 1
2026-05-09 18:05:57.317 9 INFO neutron.db.ovn_revision_numbers_db [None req-bc8f52a4-121b-4bb2-a65a-0028f1686d84 b0c879c99dad44d09219c314d35f57e4 a5452024624c4173a9384ae077addd82 - - default default] Successfully bumped revision number for resource 1190fae4-2330-4b31-b0e1-64a71c26ea15 (type: security_group_rules) to 0
2026-05-09 18:05:57.327 9 WARNING neutron.scheduler.dhcp_agent_scheduler [None req-89256238-aecc-4b3c-84f4-2eb7a87735f0 c2bbd13298e44e28b60789b7a01e0599 58904c702b2c434b990418bc312b3157 - - default default] No more DHCP agents
2026-05-09 18:05:57.333 9 WARNING neutron.api.rpc.agentnotifiers.dhcp_rpc_agent_api [None req-89256238-aecc-4b3c-84f4-2eb7a87735f0 c2bbd13298e44e28b60789b7a01e0599 58904c702b2c434b990418bc312b3157 - - default default] Unable to schedule network 08539ba2-fb25-4466-881c-5e4218d9c7d2: no agents available; will retry on subsequent port and subnet creation events.
2026-05-09 18:05:57.356 9 INFO neutron.db.ovn_revision_numbers_db [None req-bc8f52a4-121b-4bb2-a65a-0028f1686d84 b0c879c99dad44d09219c314d35f57e4 a5452024624c4173a9384ae077addd82 - - default default] Successfully bumped revision number for resource 18d3ac97-d1ae-4fa4-a3b7-2b905fb871be (type: security_group_rules) to 0
2026-05-09 18:05:57.388 9 INFO neutron.db.ovn_revision_numbers_db [None req-bc8f52a4-121b-4bb2-a65a-0028f1686d84 b0c879c99dad44d09219c314d35f57e4 a5452024624c4173a9384ae077addd82 - - default default] Successfully bumped revision number for resource 2c0cd7c1-734d-43ed-a045-391439272559 (type: security_group_rules) to 0
2026-05-09 18:05:57.397 10 INFO neutron.wsgi [None req-286f1d8d-362d-4a6f-9757-914536041251 b0c879c99dad44d09219c314d35f57e4 a5452024624c4173a9384ae077addd82 - - default default] 10.0.0.133 "DELETE /v2.0/security-groups/deea26c8-572f-479e-bb17-5d98681f3ccc HTTP/1.1" status: 204 len: 168 time: 0.5139227
2026-05-09 18:05:57.411 9 INFO neutron.db.ovn_revision_numbers_db [None req-bc8f52a4-121b-4bb2-a65a-0028f1686d84 b0c879c99dad44d09219c314d35f57e4 a5452024624c4173a9384ae077addd82 - - default default] Successfully bumped revision number for resource a1c49bb3-37f1-4725-aaa2-6f4d989fee94 (type: security_group_rules) to 0
2026-05-09 18:05:57.450 9 INFO neutron.wsgi [None req-bc8f52a4-121b-4bb2-a65a-0028f1686d84 b0c879c99dad44d09219c314d35f57e4 a5452024624c4173a9384ae077addd82 - - default default] 10.0.0.133 "GET /v2.0/security-groups?tenant_id=f513c5086f3e4bb7a20ece585b90776c&name=default HTTP/1.1" status: 200 len: 3120 time: 0.6899590
2026-05-09 18:05:57.668 10 INFO neutron.wsgi [None req-e045d5e0-c0ae-4989-9827-6a4ef66e5506 b0c879c99dad44d09219c314d35f57e4 a5452024624c4173a9384ae077addd82 - - default default] 10.0.0.133 "DELETE /v2.0/security-groups/3918ac87-5026-4676-a62c-bd2ed8497f1b HTTP/1.1" status: 204 len: 168 time: 0.2094648
2026-05-09 18:05:57.784 9 INFO neutron.wsgi [None req-89256238-aecc-4b3c-84f4-2eb7a87735f0 c2bbd13298e44e28b60789b7a01e0599 58904c702b2c434b990418bc312b3157 - - default default] 10.0.0.133 "POST /v2.0/floatingips HTTP/1.1" status: 201 len: 751 time: 1.1572371
2026-05-09 18:05:57.794 10 WARNING neutron_lib.context [None req-bf6119cf-7496-4564-a555-7674a3abb4bf c2bbd13298e44e28b60789b7a01e0599 58904c702b2c434b990418bc312b3157 - - default default] Method 'is_advsvc' is deprecated since 2023.2 release (neutron-lib 3.8.0) and will be removed once support for the old RBAC API policies will be removed from Neutron. Please use method 'is_service_role' instead.
2026-05-09 18:05:57.855 9 INFO neutron.db.ovn_revision_numbers_db [None req-2aa97232-7a54-46ed-b35d-b4c9bf11302a 6d9f0f7e024a42ba9ad0236283df8dc5 76d2a53cbcd9478f85a5a9f0e87b4959 - - default default] Successfully bumped revision number for resource f99057ff-e503-4e10-a55f-12b9e909d516 (type: ports) to 2
2026-05-09 18:05:57.895 9 INFO neutron.db.ovn_revision_numbers_db [None req-2aa97232-7a54-46ed-b35d-b4c9bf11302a 6d9f0f7e024a42ba9ad0236283df8dc5 76d2a53cbcd9478f85a5a9f0e87b4959 - - default default] Successfully bumped revision number for resource 3151b0d5-b9b1-4867-b4d7-8d4db6094326 (type: subnets) to 0
2026-05-09 18:05:57.910 9 INFO neutron.wsgi [None req-2aa97232-7a54-46ed-b35d-b4c9bf11302a 6d9f0f7e024a42ba9ad0236283df8dc5 76d2a53cbcd9478f85a5a9f0e87b4959 - - default default] 10.0.0.133 "POST /v2.0/subnets HTTP/1.1" status: 201 len: 801 time: 1.3435209
2026-05-09 18:05:57.920 9 WARNING neutron_lib.context [None req-10a7aad9-f01f-4bb9-8214-149632e88415 6d9f0f7e024a42ba9ad0236283df8dc5 76d2a53cbcd9478f85a5a9f0e87b4959 - - default default] Method 'is_advsvc' is deprecated since 2023.2 release (neutron-lib 3.8.0) and will be removed once support for the old RBAC API policies will be removed from Neutron. Please use method 'is_service_role' instead.
2026-05-09 18:05:58.056 10 WARNING neutron.scheduler.dhcp_agent_scheduler [None req-bf6119cf-7496-4564-a555-7674a3abb4bf c2bbd13298e44e28b60789b7a01e0599 58904c702b2c434b990418bc312b3157 - - default default] No more DHCP agents
2026-05-09 18:05:58.057 10 WARNING neutron.api.rpc.agentnotifiers.dhcp_rpc_agent_api [None req-bf6119cf-7496-4564-a555-7674a3abb4bf c2bbd13298e44e28b60789b7a01e0599 58904c702b2c434b990418bc312b3157 - - default default] Unable to schedule network 08539ba2-fb25-4466-881c-5e4218d9c7d2: no agents available; will retry on subsequent port and subnet creation events.
2026-05-09 18:05:58.247 9 WARNING neutron.scheduler.dhcp_agent_scheduler [None req-10a7aad9-f01f-4bb9-8214-149632e88415 6d9f0f7e024a42ba9ad0236283df8dc5 76d2a53cbcd9478f85a5a9f0e87b4959 - - default default] No more DHCP agents
2026-05-09 18:05:58.249 9 WARNING neutron.api.rpc.agentnotifiers.dhcp_rpc_agent_api [None req-10a7aad9-f01f-4bb9-8214-149632e88415 6d9f0f7e024a42ba9ad0236283df8dc5 76d2a53cbcd9478f85a5a9f0e87b4959 - - default default] Unable to schedule network a97b5da1-5166-46ae-bf47-9d01981a2f4b: no agents available; will retry on subsequent port and subnet creation events.
2026-05-09 18:05:58.365 10 INFO neutron.wsgi [None req-bf6119cf-7496-4564-a555-7674a3abb4bf c2bbd13298e44e28b60789b7a01e0599 58904c702b2c434b990418bc312b3157 - - default default] 10.0.0.133 "POST /v2.0/floatingips HTTP/1.1" status: 201 len: 751 time: 0.5748353
2026-05-09 18:05:58.377 10 WARNING neutron_lib.context [None req-d3833517-7482-4349-8161-1a9a7dffb11e c2bbd13298e44e28b60789b7a01e0599 58904c702b2c434b990418bc312b3157 - - default default] Method 'is_advsvc' is deprecated since 2023.2 release (neutron-lib 3.8.0) and will be removed once support for the old RBAC API policies will be removed from Neutron. Please use method 'is_service_role' instead.
2026-05-09 18:05:58.451 9 INFO neutron.db.ovn_revision_numbers_db [None req-10a7aad9-f01f-4bb9-8214-149632e88415 6d9f0f7e024a42ba9ad0236283df8dc5 76d2a53cbcd9478f85a5a9f0e87b4959 - - default default] Successfully bumped revision number for resource 39a97ddc-591c-4df7-9b50-8c16c605c864 (type: ports) to 1
2026-05-09 18:05:58.499 9 INFO neutron.wsgi [None req-10a7aad9-f01f-4bb9-8214-149632e88415 6d9f0f7e024a42ba9ad0236283df8dc5 76d2a53cbcd9478f85a5a9f0e87b4959 - - default default] 10.0.0.133 "POST /v2.0/ports HTTP/1.1" status: 201 len: 1148 time: 0.5846913
2026-05-09 18:05:58.688 10 WARNING neutron.scheduler.dhcp_agent_scheduler [None req-d3833517-7482-4349-8161-1a9a7dffb11e c2bbd13298e44e28b60789b7a01e0599 58904c702b2c434b990418bc312b3157 - - default default] No more DHCP agents
2026-05-09 18:05:58.691 10 WARNING neutron.api.rpc.agentnotifiers.dhcp_rpc_agent_api [None req-d3833517-7482-4349-8161-1a9a7dffb11e c2bbd13298e44e28b60789b7a01e0599 58904c702b2c434b990418bc312b3157 - - default default] Unable to schedule network 08539ba2-fb25-4466-881c-5e4218d9c7d2: no agents available; will retry on subsequent port and subnet creation events.
2026-05-09 18:05:59.022 10 INFO neutron.wsgi [None req-6b82acb6-8fed-4c18-a4de-eb69bda298a1 6d9f0f7e024a42ba9ad0236283df8dc5 76d2a53cbcd9478f85a5a9f0e87b4959 - - default default] 10.0.0.133 "DELETE /v2.0/ports/39a97ddc-591c-4df7-9b50-8c16c605c864 HTTP/1.1" status: 204 len: 168 time: 0.5172856 /var/lib/openstack/lib/python3.10/site-packages/pycadf/identifier.py:71: UserWarning: Invalid uuid: neutron. To ensure interoperability, identifiers should be a valid uuid. warnings.warn(('Invalid uuid: %s. To ensure interoperability, '
2026-05-09 18:05:59.047 9 INFO neutron.pecan_wsgi.hooks.translation [None req-58e813ea-47d6-4a45-8e8b-6b22f1f76162 6d9f0f7e024a42ba9ad0236283df8dc5 76d2a53cbcd9478f85a5a9f0e87b4959 - - default default] DELETE failed (client error): The resource could not be found.
2026-05-09 18:05:59.050 9 INFO neutron.wsgi [None req-58e813ea-47d6-4a45-8e8b-6b22f1f76162 6d9f0f7e024a42ba9ad0236283df8dc5 76d2a53cbcd9478f85a5a9f0e87b4959 - - default default] 10.0.0.133 "DELETE /v2.0/ports/39a97ddc-591c-4df7-9b50-8c16c605c864 HTTP/1.1" status: 404 len: 333 time: 0.0196154
2026-05-09 18:05:59.069 9 INFO neutron.pecan_wsgi.hooks.translation [None req-c4c9bca9-dae5-4f86-80db-1c004f51a5a4 6d9f0f7e024a42ba9ad0236283df8dc5 76d2a53cbcd9478f85a5a9f0e87b4959 - - default default] GET failed (client error): The resource could not be found.
2026-05-09 18:05:59.070 9 INFO neutron.wsgi [None req-c4c9bca9-dae5-4f86-80db-1c004f51a5a4 6d9f0f7e024a42ba9ad0236283df8dc5 76d2a53cbcd9478f85a5a9f0e87b4959 - - default default] 10.0.0.133 "GET /v2.0/ports/39a97ddc-591c-4df7-9b50-8c16c605c864 HTTP/1.1" status: 404 len: 333 time: 0.0164392
2026-05-09 18:05:59.076 10 INFO neutron.wsgi [None req-d3833517-7482-4349-8161-1a9a7dffb11e c2bbd13298e44e28b60789b7a01e0599 58904c702b2c434b990418bc312b3157 - - default default] 10.0.0.133 "POST /v2.0/floatingips HTTP/1.1" status: 201 len: 751 time: 0.7030926
2026-05-09 18:05:59.087 10 WARNING neutron_lib.context [None req-1e78a1f4-0a6f-4e9a-81ce-cb15cc13d22b c2bbd13298e44e28b60789b7a01e0599 58904c702b2c434b990418bc312b3157 - - default default] Method 'is_advsvc' is deprecated since 2023.2 release (neutron-lib 3.8.0) and will be removed once support for the old RBAC API policies will be removed from Neutron. Please use method 'is_service_role' instead.
2026-05-09 18:05:59.303 9 INFO neutron.wsgi [None req-3f9b893c-8fa5-4bce-90aa-34b46dd4257b 6d9f0f7e024a42ba9ad0236283df8dc5 76d2a53cbcd9478f85a5a9f0e87b4959 - - default default] 10.0.0.133 "DELETE /v2.0/subnets/3151b0d5-b9b1-4867-b4d7-8d4db6094326 HTTP/1.1" status: 204 len: 168 time: 0.2255850
2026-05-09 18:05:59.373 10 WARNING neutron.scheduler.dhcp_agent_scheduler [None req-1e78a1f4-0a6f-4e9a-81ce-cb15cc13d22b c2bbd13298e44e28b60789b7a01e0599 58904c702b2c434b990418bc312b3157 - - default default] No more DHCP agents
2026-05-09 18:05:59.376 10 WARNING neutron.api.rpc.agentnotifiers.dhcp_rpc_agent_api [None req-1e78a1f4-0a6f-4e9a-81ce-cb15cc13d22b c2bbd13298e44e28b60789b7a01e0599 58904c702b2c434b990418bc312b3157 - - default default] Unable to schedule network 08539ba2-fb25-4466-881c-5e4218d9c7d2: no agents available; will retry on subsequent port and subnet creation events.
2026-05-09 18:05:59.408 10 INFO neutron.db.ovn_revision_numbers_db [None req-5b68be7b-8787-4666-9d25-98f5bf1905f1 b0c879c99dad44d09219c314d35f57e4 a5452024624c4173a9384ae077addd82 - - default default] Successfully bumped revision number for resource 89fde236-a3d9-4313-9c48-3ea2068d7c02 (type: security_groups) to 1
2026-05-09 18:05:59.426 10 INFO neutron.db.ovn_revision_numbers_db [None req-5b68be7b-8787-4666-9d25-98f5bf1905f1 b0c879c99dad44d09219c314d35f57e4 a5452024624c4173a9384ae077addd82 - - default default] Successfully bumped revision number for resource 21121bfd-bc18-4155-8d5c-53fe6187bca3 (type: security_group_rules) to 0
2026-05-09 18:05:59.455 10 INFO neutron.db.ovn_revision_numbers_db [None req-5b68be7b-8787-4666-9d25-98f5bf1905f1 b0c879c99dad44d09219c314d35f57e4 a5452024624c4173a9384ae077addd82 - - default default] Successfully bumped revision number for resource 38dee64e-4518-43cd-ae67-8f19cb75ac19 (type: security_group_rules) to 0
2026-05-09 18:05:59.471 10 INFO neutron.db.ovn_revision_numbers_db [None req-5b68be7b-8787-4666-9d25-98f5bf1905f1 b0c879c99dad44d09219c314d35f57e4 a5452024624c4173a9384ae077addd82 - - default default] Successfully bumped revision number for resource 4b8d47e0-37aa-45c2-9059-56d4c439ebba (type: security_group_rules) to 0
2026-05-09 18:05:59.482 10 INFO neutron.db.ovn_revision_numbers_db [None req-5b68be7b-8787-4666-9d25-98f5bf1905f1 b0c879c99dad44d09219c314d35f57e4 a5452024624c4173a9384ae077addd82 - - default default] Successfully bumped revision number for resource eeb6c24a-f1a6-45c0-baac-55ee0af07a91 (type: security_group_rules) to 0
2026-05-09 18:05:59.541 10 INFO neutron.db.segments_db [None req-5b68be7b-8787-4666-9d25-98f5bf1905f1 b0c879c99dad44d09219c314d35f57e4 a5452024624c4173a9384ae077addd82 - - default default] Added segment 6cebe614-dc33-4f6f-a049-dd0fe42a5165 of type geneve for network bd088993-eba4-4412-8bbb-5d5163442590
2026-05-09 18:05:59.672 9 INFO neutron.services.segments.plugin [-] Segment cbb3364b-ea74-4ea2-a3a7-99782be1fcac resource provider aggregate not found
2026-05-09 18:05:59.679 9 INFO neutron.services.segments.plugin [-] Segment cbb3364b-ea74-4ea2-a3a7-99782be1fcac resource provider aggregate not found
2026-05-09 18:05:59.687 9 INFO neutron.services.segments.plugin [-] Segment cbb3364b-ea74-4ea2-a3a7-99782be1fcac resource provider not found; error: Placement Client Error (4xx): {"errors": [{"status": 404, "title": "Not Found", "detail": "The resource could not be found.\n\n No resource provider with uuid cbb3364b-ea74-4ea2-a3a7-99782be1fcac found for delete ", "request_id": "req-04edfddc-333f-4a62-b0a9-9d749a00fd22"}]}
2026-05-09 18:05:59.696 9 INFO neutron.services.segments.plugin [-] Segment cbb3364b-ea74-4ea2-a3a7-99782be1fcac resource provider not found; error: Placement Client Error (4xx): {"errors": [{"status": 404, "title": "Not Found", "detail": "The resource could not be found.\n\n No resource provider with uuid cbb3364b-ea74-4ea2-a3a7-99782be1fcac found for delete ", "request_id": "req-ba3b58b8-8066-409b-bc6e-a20717c72882"}]}
2026-05-09 18:05:59.713 9 INFO neutron.wsgi [None req-2581884d-9a69-4161-a30f-da41b3302de8 6d9f0f7e024a42ba9ad0236283df8dc5 76d2a53cbcd9478f85a5a9f0e87b4959 - - default default] 10.0.0.133 "DELETE /v2.0/networks/a97b5da1-5166-46ae-bf47-9d01981a2f4b HTTP/1.1" status: 204 len: 168 time: 0.4061122
2026-05-09 18:05:59.716 10 INFO neutron.db.ovn_revision_numbers_db [None req-5b68be7b-8787-4666-9d25-98f5bf1905f1 b0c879c99dad44d09219c314d35f57e4 a5452024624c4173a9384ae077addd82 - - default default] Successfully bumped revision number for resource bd088993-eba4-4412-8bbb-5d5163442590 (type: networks) to 1
2026-05-09 18:05:59.724 9 WARNING neutron_lib.context [None req-e473d64c-c93e-40c7-bd0a-fa05ec1ef29b 6d9f0f7e024a42ba9ad0236283df8dc5 76d2a53cbcd9478f85a5a9f0e87b4959 - - default default] Method 'is_advsvc' is deprecated since 2023.2 release (neutron-lib 3.8.0) and will be removed once support for the old RBAC API policies will be removed from Neutron. Please use method 'is_service_role' instead.
2026-05-09 18:05:59.797 10 INFO neutron.wsgi [None req-1e78a1f4-0a6f-4e9a-81ce-cb15cc13d22b c2bbd13298e44e28b60789b7a01e0599 58904c702b2c434b990418bc312b3157 - - default default] 10.0.0.133 "POST /v2.0/floatingips HTTP/1.1" status: 201 len: 751 time: 0.7165051
2026-05-09 18:05:59.806 9 WARNING neutron_lib.context [None req-3614cad8-2c34-4d4c-b396-669a9d1088c6 c2bbd13298e44e28b60789b7a01e0599 58904c702b2c434b990418bc312b3157 - - default default] Method 'is_advsvc' is deprecated since 2023.2 release (neutron-lib 3.8.0) and will be removed once support for the old RBAC API policies will be removed from Neutron. Please use method 'is_service_role' instead.
2026-05-09 18:05:59.813 9 INFO neutron.db.segments_db [None req-e473d64c-c93e-40c7-bd0a-fa05ec1ef29b 6d9f0f7e024a42ba9ad0236283df8dc5 76d2a53cbcd9478f85a5a9f0e87b4959 - - default default] Added segment 1b8a2bbd-73f3-4672-a39f-d5912a2609da of type geneve for network c07d6718-b1ac-4034-9186-4db722c0c875
2026-05-09 18:05:59.888 10 WARNING neutron.scheduler.dhcp_agent_scheduler [None req-5b68be7b-8787-4666-9d25-98f5bf1905f1 b0c879c99dad44d09219c314d35f57e4 a5452024624c4173a9384ae077addd82 - - default default] No more DHCP agents
2026-05-09 18:05:59.890 10 WARNING neutron.api.rpc.agentnotifiers.dhcp_rpc_agent_api [None req-5b68be7b-8787-4666-9d25-98f5bf1905f1 b0c879c99dad44d09219c314d35f57e4 a5452024624c4173a9384ae077addd82 - - default default] Unable to schedule network bd088993-eba4-4412-8bbb-5d5163442590: no agents available; will retry on subsequent port and subnet creation events.
2026-05-09 18:05:59.976 10 INFO neutron.db.ovn_revision_numbers_db [None req-5b68be7b-8787-4666-9d25-98f5bf1905f1 b0c879c99dad44d09219c314d35f57e4 a5452024624c4173a9384ae077addd82 - - default default] Successfully bumped revision number for resource 9f423cc9-a785-4b1d-8956-1af8b102820e (type: ports) to 1
2026-05-09 18:05:59.982 9 INFO neutron.db.ovn_revision_numbers_db [None req-e473d64c-c93e-40c7-bd0a-fa05ec1ef29b 6d9f0f7e024a42ba9ad0236283df8dc5 76d2a53cbcd9478f85a5a9f0e87b4959 - - default default] Successfully bumped revision number for resource c07d6718-b1ac-4034-9186-4db722c0c875 (type: networks) to 1
2026-05-09 18:05:59.997 10 INFO neutron.wsgi [None req-5b68be7b-8787-4666-9d25-98f5bf1905f1 b0c879c99dad44d09219c314d35f57e4 a5452024624c4173a9384ae077addd82 - - default default] 10.0.0.133 "POST /v2.0/networks HTTP/1.1" status: 201 len: 942 time: 0.9304969
2026-05-09 18:06:00.146 9 WARNING neutron.scheduler.dhcp_agent_scheduler [None req-3614cad8-2c34-4d4c-b396-669a9d1088c6 c2bbd13298e44e28b60789b7a01e0599 58904c702b2c434b990418bc312b3157 - - default default] No more DHCP agents
