2026-05-09 18:07:57.023 10 WARNING neutron_lib.context [None req-b87a806e-1e3c-4269-9853-2a8d7704a609 991ebf526bca475cb8874d6187b8d65f 1d5b65bd15204fe0a6dd25a903c97672 - - default default] Method 'is_advsvc' is deprecated since 2023.2 release (neutron-lib 3.8.0) and will be removed once support for the old RBAC API policies will be removed from Neutron. Please use method 'is_service_role' instead.
2026-05-09 18:07:57.255 10 WARNING neutron.scheduler.dhcp_agent_scheduler [None req-b87a806e-1e3c-4269-9853-2a8d7704a609 991ebf526bca475cb8874d6187b8d65f 1d5b65bd15204fe0a6dd25a903c97672 - - default default] No more DHCP agents
2026-05-09 18:07:57.257 10 WARNING neutron.api.rpc.agentnotifiers.dhcp_rpc_agent_api [None req-b87a806e-1e3c-4269-9853-2a8d7704a609 991ebf526bca475cb8874d6187b8d65f 1d5b65bd15204fe0a6dd25a903c97672 - - default default] Unable to schedule network de0891c9-858a-450a-aac9-e7eb9ff3e193: no agents available; will retry on subsequent port and subnet creation events.
2026-05-09 18:07:57.713 10 INFO neutron.db.ovn_revision_numbers_db [None req-b87a806e-1e3c-4269-9853-2a8d7704a609 991ebf526bca475cb8874d6187b8d65f 1d5b65bd15204fe0a6dd25a903c97672 - - default default] Successfully bumped revision number for resource 8fb71e68-b090-4b62-a02b-550d130e0ec2 (type: ports) to 2
2026-05-09 18:07:57.744 10 INFO neutron.db.ovn_revision_numbers_db [None req-b87a806e-1e3c-4269-9853-2a8d7704a609 991ebf526bca475cb8874d6187b8d65f 1d5b65bd15204fe0a6dd25a903c97672 - - default default] Successfully bumped revision number for resource 65c07681-7843-4680-a231-7e72271c2084 (type: subnets) to 0
2026-05-09 18:07:57.759 10 INFO neutron.wsgi [None req-b87a806e-1e3c-4269-9853-2a8d7704a609 991ebf526bca475cb8874d6187b8d65f 1d5b65bd15204fe0a6dd25a903c97672 - - default default] 10.0.0.133 "POST /v2.0/subnets HTTP/1.1" status: 201 len: 833 time: 0.7410829
2026-05-09 18:07:57.979 10 INFO neutron.wsgi [None req-98d507ba-2060-4703-b511-36eec1b2ade8 b53ed39e09764862a2df779fbad96212 e409b19e3e3e4d8ba49549e9d4a504d0 - - default default] 10.0.0.133 "GET /v2.0/subnetpools?name=shared-default-subnetpool-v6 HTTP/1.1" status: 200 len: 212 time: 0.2160351
2026-05-09 18:07:57.994 10 WARNING neutron_lib.context [None req-7a85d281-4b45-4101-aa6a-7b11e3e21cd8 991ebf526bca475cb8874d6187b8d65f 1d5b65bd15204fe0a6dd25a903c97672 - - default default] Method 'is_advsvc' is deprecated since 2023.2 release (neutron-lib 3.8.0) and will be removed once support for the old RBAC API policies will be removed from Neutron. Please use method 'is_service_role' instead.
2026-05-09 18:07:58.241 10 WARNING neutron.scheduler.dhcp_agent_scheduler [None req-7a85d281-4b45-4101-aa6a-7b11e3e21cd8 991ebf526bca475cb8874d6187b8d65f 1d5b65bd15204fe0a6dd25a903c97672 - - default default] No more DHCP agents
2026-05-09 18:07:58.242 10 WARNING neutron.api.rpc.agentnotifiers.dhcp_rpc_agent_api [None req-7a85d281-4b45-4101-aa6a-7b11e3e21cd8 991ebf526bca475cb8874d6187b8d65f 1d5b65bd15204fe0a6dd25a903c97672 - - default default] Unable to schedule network de0891c9-858a-450a-aac9-e7eb9ff3e193: no agents available; will retry on subsequent port and subnet creation events.
2026-05-09 18:07:58.272 10 INFO neutron.db.ovn_revision_numbers_db [None req-7a85d281-4b45-4101-aa6a-7b11e3e21cd8 991ebf526bca475cb8874d6187b8d65f 1d5b65bd15204fe0a6dd25a903c97672 - - default default] Successfully bumped revision number for resource 44bbae18-c1c2-4cb2-97ef-e39b7709aded (type: subnets) to 0
2026-05-09 18:07:58.289 10 INFO neutron.wsgi [None req-7a85d281-4b45-4101-aa6a-7b11e3e21cd8 991ebf526bca475cb8874d6187b8d65f 1d5b65bd15204fe0a6dd25a903c97672 - - default default] 10.0.0.133 "POST /v2.0/subnets HTTP/1.1" status: 201 len: 907 time: 0.3024378
2026-05-09 18:07:58.298 10 WARNING neutron_lib.context [None req-dd5bcf42-375c-4173-8903-06a7ffe7cd6a 991ebf526bca475cb8874d6187b8d65f 1d5b65bd15204fe0a6dd25a903c97672 - - default default] Method 'is_advsvc' is deprecated since 2023.2 release (neutron-lib 3.8.0) and will be removed once support for the old RBAC API policies will be removed from Neutron. Please use method 'is_service_role' instead.
2026-05-09 18:07:58.381 10 INFO neutron.db.segments_db [None req-dd5bcf42-375c-4173-8903-06a7ffe7cd6a 991ebf526bca475cb8874d6187b8d65f 1d5b65bd15204fe0a6dd25a903c97672 - - default default] Added segment 6c85452e-bede-4672-bf93-9a3913772c76 of type geneve for network 7f0ca07a-fc6a-49ce-98c0-9101fc33b224
2026-05-09 18:07:58.510 10 INFO neutron.db.ovn_revision_numbers_db [None req-dd5bcf42-375c-4173-8903-06a7ffe7cd6a 991ebf526bca475cb8874d6187b8d65f 1d5b65bd15204fe0a6dd25a903c97672 - - default default] Successfully bumped revision number for resource 7f0ca07a-fc6a-49ce-98c0-9101fc33b224 (type: networks) to 1
2026-05-09 18:07:58.698 10 WARNING neutron.scheduler.dhcp_agent_scheduler [None req-dd5bcf42-375c-4173-8903-06a7ffe7cd6a 991ebf526bca475cb8874d6187b8d65f 1d5b65bd15204fe0a6dd25a903c97672 - - default default] No more DHCP agents
2026-05-09 18:07:58.701 10 WARNING neutron.api.rpc.agentnotifiers.dhcp_rpc_agent_api [None req-dd5bcf42-375c-4173-8903-06a7ffe7cd6a 991ebf526bca475cb8874d6187b8d65f 1d5b65bd15204fe0a6dd25a903c97672 - - default default] Unable to schedule network 7f0ca07a-fc6a-49ce-98c0-9101fc33b224: no agents available; will retry on subsequent port and subnet creation events.
2026-05-09 18:07:58.774 10 INFO neutron.db.ovn_revision_numbers_db [None req-dd5bcf42-375c-4173-8903-06a7ffe7cd6a 991ebf526bca475cb8874d6187b8d65f 1d5b65bd15204fe0a6dd25a903c97672 - - default default] Successfully bumped revision number for resource 0d30fb3c-02a5-4eeb-b609-931fd0a071f9 (type: ports) to 1
2026-05-09 18:07:58.796 10 INFO neutron.wsgi [None req-dd5bcf42-375c-4173-8903-06a7ffe7cd6a 991ebf526bca475cb8874d6187b8d65f 1d5b65bd15204fe0a6dd25a903c97672 - - default default] 10.0.0.133 "POST /v2.0/networks HTTP/1.1" status: 201 len: 836 time: 0.5015285
2026-05-09 18:07:58.807 10 WARNING neutron_lib.context [None req-98624c52-c540-456c-a271-47a1128d45f9 991ebf526bca475cb8874d6187b8d65f 1d5b65bd15204fe0a6dd25a903c97672 - - default default] Method 'is_advsvc' is deprecated since 2023.2 release (neutron-lib 3.8.0) and will be removed once support for the old RBAC API policies will be removed from Neutron. Please use method 'is_service_role' instead.
2026-05-09 18:07:59.030 10 WARNING neutron.scheduler.dhcp_agent_scheduler [None req-98624c52-c540-456c-a271-47a1128d45f9 991ebf526bca475cb8874d6187b8d65f 1d5b65bd15204fe0a6dd25a903c97672 - - default default] No more DHCP agents
2026-05-09 18:07:59.033 10 WARNING neutron.api.rpc.agentnotifiers.dhcp_rpc_agent_api [None req-98624c52-c540-456c-a271-47a1128d45f9 991ebf526bca475cb8874d6187b8d65f 1d5b65bd15204fe0a6dd25a903c97672 - - default default] Unable to schedule network 7f0ca07a-fc6a-49ce-98c0-9101fc33b224: no agents available; will retry on subsequent port and subnet creation events.
2026-05-09 18:07:59.772 10 INFO neutron.db.ovn_revision_numbers_db [None req-98624c52-c540-456c-a271-47a1128d45f9 991ebf526bca475cb8874d6187b8d65f 1d5b65bd15204fe0a6dd25a903c97672 - - default default] Successfully bumped revision number for resource 0d30fb3c-02a5-4eeb-b609-931fd0a071f9 (type: ports) to 2
2026-05-09 18:07:59.803 10 INFO neutron.db.ovn_revision_numbers_db [None req-98624c52-c540-456c-a271-47a1128d45f9 991ebf526bca475cb8874d6187b8d65f 1d5b65bd15204fe0a6dd25a903c97672 - - default default] Successfully bumped revision number for resource 30cc1a1c-22d4-47c9-9bf6-1d85ae992792 (type: subnets) to 0
2026-05-09 18:07:59.819 10 INFO neutron.wsgi [None req-98624c52-c540-456c-a271-47a1128d45f9 991ebf526bca475cb8874d6187b8d65f 1d5b65bd15204fe0a6dd25a903c97672 - - default default] 10.0.0.133 "POST /v2.0/subnets HTTP/1.1" status: 201 len: 831 time: 1.0165236
2026-05-09 18:07:59.827 10 WARNING neutron_lib.context [None req-69f15dca-8de6-45e2-b3d7-c1800eb6db68 991ebf526bca475cb8874d6187b8d65f 1d5b65bd15204fe0a6dd25a903c97672 - - default default] Method 'is_advsvc' is deprecated since 2023.2 release (neutron-lib 3.8.0) and will be removed once support for the old RBAC API policies will be removed from Neutron. Please use method 'is_service_role' instead.
2026-05-09 18:08:00.070 10 WARNING neutron.scheduler.dhcp_agent_scheduler [None req-69f15dca-8de6-45e2-b3d7-c1800eb6db68 991ebf526bca475cb8874d6187b8d65f 1d5b65bd15204fe0a6dd25a903c97672 - - default default] No more DHCP agents
2026-05-09 18:08:00.073 10 WARNING neutron.api.rpc.agentnotifiers.dhcp_rpc_agent_api [None req-69f15dca-8de6-45e2-b3d7-c1800eb6db68 991ebf526bca475cb8874d6187b8d65f 1d5b65bd15204fe0a6dd25a903c97672 - - default default] Unable to schedule network 7f0ca07a-fc6a-49ce-98c0-9101fc33b224: no agents available; will retry on subsequent port and subnet creation events.
2026-05-09 18:08:00.103 10 INFO neutron.db.ovn_revision_numbers_db [None req-69f15dca-8de6-45e2-b3d7-c1800eb6db68 991ebf526bca475cb8874d6187b8d65f 1d5b65bd15204fe0a6dd25a903c97672 - - default default] Successfully bumped revision number for resource ac9afd9c-a478-4863-ad60-8b97ba03c31a (type: subnets) to 0
2026-05-09 18:08:00.118 10 INFO neutron.wsgi [None req-69f15dca-8de6-45e2-b3d7-c1800eb6db68 991ebf526bca475cb8874d6187b8d65f 1d5b65bd15204fe0a6dd25a903c97672 - - default default] 10.0.0.133 "POST /v2.0/subnets HTTP/1.1" status: 201 len: 901 time: 0.2959332
2026-05-09 18:08:00.127 10 WARNING neutron_lib.context [None req-822030e9-5f25-4846-8534-105dc5af598e 991ebf526bca475cb8874d6187b8d65f 1d5b65bd15204fe0a6dd25a903c97672 - - default default] Method 'is_advsvc' is deprecated since 2023.2 release (neutron-lib 3.8.0) and will be removed once support for the old RBAC API policies will be removed from Neutron. Please use method 'is_service_role' instead.
2026-05-09 18:08:00.207 10 INFO neutron.db.segments_db [None req-822030e9-5f25-4846-8534-105dc5af598e 991ebf526bca475cb8874d6187b8d65f 1d5b65bd15204fe0a6dd25a903c97672 - - default default] Added segment 42bfab75-473b-4573-98d5-72561024c8ce of type geneve for network 4a9164bc-7b85-4edf-8e58-ec3201d939f8
2026-05-09 18:08:00.318 9 WARNING neutron_lib.context [None req-0da9322c-1d7e-4d52-a027-7394d1d36cd7 39462a0eabab465aabcda85e93667e7d fec44c1e77604dcfbd10fa89f21ea373 - - default default] Method 'is_advsvc' is deprecated since 2023.2 release (neutron-lib 3.8.0) and will be removed once support for the old RBAC API policies will be removed from Neutron. Please use method 'is_service_role' instead.
2026-05-09 18:08:00.343 10 INFO neutron.db.ovn_revision_numbers_db [None req-822030e9-5f25-4846-8534-105dc5af598e 991ebf526bca475cb8874d6187b8d65f 1d5b65bd15204fe0a6dd25a903c97672 - - default default] Successfully bumped revision number for resource 4a9164bc-7b85-4edf-8e58-ec3201d939f8 (type: networks) to 1
2026-05-09 18:08:00.442 9 INFO neutron.db.ovn_revision_numbers_db [None req-0da9322c-1d7e-4d52-a027-7394d1d36cd7 39462a0eabab465aabcda85e93667e7d fec44c1e77604dcfbd10fa89f21ea373 - - default default] Successfully bumped revision number for resource dc38c2eb-d35a-495b-aef2-40f01bb8e479 (type: security_groups) to 1
2026-05-09 18:08:00.456 9 INFO neutron.db.ovn_revision_numbers_db [None req-0da9322c-1d7e-4d52-a027-7394d1d36cd7 39462a0eabab465aabcda85e93667e7d fec44c1e77604dcfbd10fa89f21ea373 - - default default] Successfully bumped revision number for resource 1d0a9823-0b49-476b-85f7-6a7840f7dc05 (type: security_group_rules) to 0
2026-05-09 18:08:00.470 9 INFO neutron.db.ovn_revision_numbers_db [None req-0da9322c-1d7e-4d52-a027-7394d1d36cd7 39462a0eabab465aabcda85e93667e7d fec44c1e77604dcfbd10fa89f21ea373 - - default default] Successfully bumped revision number for resource 788bb5fd-0126-4dcd-bb8b-d76572e65973 (type: security_group_rules) to 0
2026-05-09 18:08:00.489 9 INFO neutron.db.ovn_revision_numbers_db [None req-0da9322c-1d7e-4d52-a027-7394d1d36cd7 39462a0eabab465aabcda85e93667e7d fec44c1e77604dcfbd10fa89f21ea373 - - default default] Successfully bumped revision number for resource 9db3e361-e8c1-4e86-b4be-a03d7dd0ca91 (type: security_group_rules) to 0
2026-05-09 18:08:00.502 9 INFO neutron.db.ovn_revision_numbers_db [None req-0da9322c-1d7e-4d52-a027-7394d1d36cd7 39462a0eabab465aabcda85e93667e7d fec44c1e77604dcfbd10fa89f21ea373 - - default default] Successfully bumped revision number for resource a9691fa3-c7c3-4758-b273-664cd2db6dae (type: security_group_rules) to 0
2026-05-09 18:08:00.505 10 WARNING neutron.scheduler.dhcp_agent_scheduler [None req-822030e9-5f25-4846-8534-105dc5af598e 991ebf526bca475cb8874d6187b8d65f 1d5b65bd15204fe0a6dd25a903c97672 - - default default] No more DHCP agents
2026-05-09 18:08:00.507 10 WARNING neutron.api.rpc.agentnotifiers.dhcp_rpc_agent_api [None req-822030e9-5f25-4846-8534-105dc5af598e 991ebf526bca475cb8874d6187b8d65f 1d5b65bd15204fe0a6dd25a903c97672 - - default default] Unable to schedule network 4a9164bc-7b85-4edf-8e58-ec3201d939f8: no agents available; will retry on subsequent port and subnet creation events.
2026-05-09 18:08:00.567 9 INFO neutron.db.segments_db [None req-0da9322c-1d7e-4d52-a027-7394d1d36cd7 39462a0eabab465aabcda85e93667e7d fec44c1e77604dcfbd10fa89f21ea373 - - default default] Added segment b518ef35-7144-4339-8690-3a42a064af5a of type geneve for network b8308b63-783d-413e-81c6-96238acff67b
2026-05-09 18:08:00.591 10 INFO neutron.db.ovn_revision_numbers_db [None req-822030e9-5f25-4846-8534-105dc5af598e 991ebf526bca475cb8874d6187b8d65f 1d5b65bd15204fe0a6dd25a903c97672 - - default default] Successfully bumped revision number for resource b0e9a832-58e0-4667-86d2-58f2620a0874 (type: ports) to 1
2026-05-09 18:08:00.613 10 INFO neutron.wsgi [None req-822030e9-5f25-4846-8534-105dc5af598e 991ebf526bca475cb8874d6187b8d65f 1d5b65bd15204fe0a6dd25a903c97672 - - default default] 10.0.0.133 "POST /v2.0/networks HTTP/1.1" status: 201 len: 837 time: 0.4897051
2026-05-09 18:08:00.624 10 WARNING neutron_lib.context [None req-c3dccecd-2a3b-4b4a-9708-54d70dbbaf32 991ebf526bca475cb8874d6187b8d65f 1d5b65bd15204fe0a6dd25a903c97672 - - default default] Method 'is_advsvc' is deprecated since 2023.2 release (neutron-lib 3.8.0) and will be removed once support for the old RBAC API policies will be removed from Neutron. Please use method 'is_service_role' instead.
2026-05-09 18:08:00.719 9 INFO neutron.db.ovn_revision_numbers_db [None req-0da9322c-1d7e-4d52-a027-7394d1d36cd7 39462a0eabab465aabcda85e93667e7d fec44c1e77604dcfbd10fa89f21ea373 - - default default] Successfully bumped revision number for resource b8308b63-783d-413e-81c6-96238acff67b (type: networks) to 1
2026-05-09 18:08:00.870 10 WARNING neutron.scheduler.dhcp_agent_scheduler [None req-c3dccecd-2a3b-4b4a-9708-54d70dbbaf32 991ebf526bca475cb8874d6187b8d65f 1d5b65bd15204fe0a6dd25a903c97672 - - default default] No more DHCP agents
2026-05-09 18:08:00.872 10 WARNING neutron.api.rpc.agentnotifiers.dhcp_rpc_agent_api [None req-c3dccecd-2a3b-4b4a-9708-54d70dbbaf32 991ebf526bca475cb8874d6187b8d65f 1d5b65bd15204fe0a6dd25a903c97672 - - default default] Unable to schedule network 4a9164bc-7b85-4edf-8e58-ec3201d939f8: no agents available; will retry on subsequent port and subnet creation events.
2026-05-09 18:08:00.903 9 WARNING neutron.scheduler.dhcp_agent_scheduler [None req-0da9322c-1d7e-4d52-a027-7394d1d36cd7 39462a0eabab465aabcda85e93667e7d fec44c1e77604dcfbd10fa89f21ea373 - - default default] No more DHCP agents
2026-05-09 18:08:00.905 9 WARNING neutron.api.rpc.agentnotifiers.dhcp_rpc_agent_api [None req-0da9322c-1d7e-4d52-a027-7394d1d36cd7 39462a0eabab465aabcda85e93667e7d fec44c1e77604dcfbd10fa89f21ea373 - - default default] Unable to schedule network b8308b63-783d-413e-81c6-96238acff67b: no agents available; will retry on subsequent port and subnet creation events.
2026-05-09 18:08:01.007 9 INFO neutron.db.ovn_revision_numbers_db [None req-0da9322c-1d7e-4d52-a027-7394d1d36cd7 39462a0eabab465aabcda85e93667e7d fec44c1e77604dcfbd10fa89f21ea373 - - default default] Successfully bumped revision number for resource b6d600ca-bc20-4c8c-96e8-4699a61c0f06 (type: ports) to 1
2026-05-09 18:08:01.031 9 INFO neutron.wsgi [None req-0da9322c-1d7e-4d52-a027-7394d1d36cd7 39462a0eabab465aabcda85e93667e7d fec44c1e77604dcfbd10fa89f21ea373 - - default default] 10.0.0.133 "POST /v2.0/networks HTTP/1.1" status: 201 len: 831 time: 0.8669450
2026-05-09 18:08:01.041 9 WARNING neutron_lib.context [None req-baac8fac-6c7e-4d61-aa4c-fe6486335153 39462a0eabab465aabcda85e93667e7d fec44c1e77604dcfbd10fa89f21ea373 - - default default] Method 'is_advsvc' is deprecated since 2023.2 release (neutron-lib 3.8.0) and will be removed once support for the old RBAC API policies will be removed from Neutron. Please use method 'is_service_role' instead.
2026-05-09 18:08:01.117 9 INFO neutron.db.segments_db [None req-baac8fac-6c7e-4d61-aa4c-fe6486335153 39462a0eabab465aabcda85e93667e7d fec44c1e77604dcfbd10fa89f21ea373 - - default default] Added segment 2376cb04-6d66-4a8e-9fc7-855f79aa52cb of type geneve for network d1a8441d-0fb4-442b-90ff-227ecb9b8bfb
2026-05-09 18:08:01.247 9 INFO neutron.db.ovn_revision_numbers_db [None req-baac8fac-6c7e-4d61-aa4c-fe6486335153 39462a0eabab465aabcda85e93667e7d fec44c1e77604dcfbd10fa89f21ea373 - - default default] Successfully bumped revision number for resource d1a8441d-0fb4-442b-90ff-227ecb9b8bfb (type: networks) to 1
2026-05-09 18:08:01.340 10 INFO neutron.db.ovn_revision_numbers_db [None req-c3dccecd-2a3b-4b4a-9708-54d70dbbaf32 991ebf526bca475cb8874d6187b8d65f 1d5b65bd15204fe0a6dd25a903c97672 - - default default] Successfully bumped revision number for resource b0e9a832-58e0-4667-86d2-58f2620a0874 (type: ports) to 2
2026-05-09 18:08:01.373 10 INFO neutron.db.ovn_revision_numbers_db [None req-c3dccecd-2a3b-4b4a-9708-54d70dbbaf32 991ebf526bca475cb8874d6187b8d65f 1d5b65bd15204fe0a6dd25a903c97672 - - default default] Successfully bumped revision number for resource f30c08c9-2623-41d5-832c-307021a2285b (type: subnets) to 0
2026-05-09 18:08:01.389 10 INFO neutron.wsgi [None req-c3dccecd-2a3b-4b4a-9708-54d70dbbaf32 991ebf526bca475cb8874d6187b8d65f 1d5b65bd15204fe0a6dd25a903c97672 - - default default] 10.0.0.133 "POST /v2.0/subnets HTTP/1.1" status: 201 len: 831 time: 0.7706373
2026-05-09 18:08:01.399 10 WARNING neutron_lib.context [None req-8c83d73b-070c-4fe1-b2dc-2c62ec6d2271 991ebf526bca475cb8874d6187b8d65f 1d5b65bd15204fe0a6dd25a903c97672 - - default default] Method 'is_advsvc' is deprecated since 2023.2 release (neutron-lib 3.8.0) and will be removed once support for the old RBAC API policies will be removed from Neutron. Please use method 'is_service_role' instead.
2026-05-09 18:08:01.432 9 WARNING neutron.scheduler.dhcp_agent_scheduler [None req-baac8fac-6c7e-4d61-aa4c-fe6486335153 39462a0eabab465aabcda85e93667e7d fec44c1e77604dcfbd10fa89f21ea373 - - default default] No more DHCP agents
2026-05-09 18:08:01.433 9 WARNING neutron.api.rpc.agentnotifiers.dhcp_rpc_agent_api [None req-baac8fac-6c7e-4d61-aa4c-fe6486335153 39462a0eabab465aabcda85e93667e7d fec44c1e77604dcfbd10fa89f21ea373 - - default default] Unable to schedule network d1a8441d-0fb4-442b-90ff-227ecb9b8bfb: no agents available; will retry on subsequent port and subnet creation events.
2026-05-09 18:08:01.514 9 INFO neutron.db.ovn_revision_numbers_db [None req-baac8fac-6c7e-4d61-aa4c-fe6486335153 39462a0eabab465aabcda85e93667e7d fec44c1e77604dcfbd10fa89f21ea373 - - default default] Successfully bumped revision number for resource f8e505fd-4c74-48e9-8d2e-c3b71c3bf0be (type: ports) to 1
2026-05-09 18:08:01.538 9 INFO neutron.wsgi [None req-baac8fac-6c7e-4d61-aa4c-fe6486335153 39462a0eabab465aabcda85e93667e7d fec44c1e77604dcfbd10fa89f21ea373 - - default default] 10.0.0.133 "POST /v2.0/networks HTTP/1.1" status: 201 len: 831 time: 0.5022237
2026-05-09 18:08:01.548 9 WARNING neutron_lib.context [None req-f47e0e25-4670-47cd-9ae8-33bfa84974ca 39462a0eabab465aabcda85e93667e7d fec44c1e77604dcfbd10fa89f21ea373 - - default default] Method 'is_advsvc' is deprecated since 2023.2 release (neutron-lib 3.8.0) and will be removed once support for the old RBAC API policies will be removed from Neutron. Please use method 'is_service_role' instead.
2026-05-09 18:08:01.625 9 INFO neutron.db.segments_db [None req-f47e0e25-4670-47cd-9ae8-33bfa84974ca 39462a0eabab465aabcda85e93667e7d fec44c1e77604dcfbd10fa89f21ea373 - - default default] Added segment b9890b2e-28b3-49d5-b656-4e82efe754e5 of type geneve for network 7e35ce49-60e0-4329-b0fe-5730f76eb154
2026-05-09 18:08:01.641 10 WARNING neutron.scheduler.dhcp_agent_scheduler [None req-8c83d73b-070c-4fe1-b2dc-2c62ec6d2271 991ebf526bca475cb8874d6187b8d65f 1d5b65bd15204fe0a6dd25a903c97672 - - default default] No more DHCP agents
2026-05-09 18:08:01.643 10 WARNING neutron.api.rpc.agentnotifiers.dhcp_rpc_agent_api [None req-8c83d73b-070c-4fe1-b2dc-2c62ec6d2271 991ebf526bca475cb8874d6187b8d65f 1d5b65bd15204fe0a6dd25a903c97672 - - default default] Unable to schedule network 4a9164bc-7b85-4edf-8e58-ec3201d939f8: no agents available; will retry on subsequent port and subnet creation events.
2026-05-09 18:08:01.689 10 INFO neutron.db.ovn_revision_numbers_db [None req-8c83d73b-070c-4fe1-b2dc-2c62ec6d2271 991ebf526bca475cb8874d6187b8d65f 1d5b65bd15204fe0a6dd25a903c97672 - - default default] Successfully bumped revision number for resource 00139926-dfdc-40d0-95f9-ab772cf912aa (type: subnets) to 0
2026-05-09 18:08:01.705 10 INFO neutron.wsgi [None req-8c83d73b-070c-4fe1-b2dc-2c62ec6d2271 991ebf526bca475cb8874d6187b8d65f 1d5b65bd15204fe0a6dd25a903c97672 - - default default] 10.0.0.133 "POST /v2.0/subnets HTTP/1.1" status: 201 len: 904 time: 0.3115067
2026-05-09 18:08:01.715 10 WARNING neutron_lib.context [None req-e2bf9e98-dfba-421a-b11a-fe4fee8a86de 991ebf526bca475cb8874d6187b8d65f 1d5b65bd15204fe0a6dd25a903c97672 - - default default] Method 'is_advsvc' is deprecated since 2023.2 release (neutron-lib 3.8.0) and will be removed once support for the old RBAC API policies will be removed from Neutron. Please use method 'is_service_role' instead.
2026-05-09 18:08:01.760 9 INFO neutron.db.ovn_revision_numbers_db [None req-f47e0e25-4670-47cd-9ae8-33bfa84974ca 39462a0eabab465aabcda85e93667e7d fec44c1e77604dcfbd10fa89f21ea373 - - default default] Successfully bumped revision number for resource 7e35ce49-60e0-4329-b0fe-5730f76eb154 (type: networks) to 1
2026-05-09 18:08:01.923 9 WARNING neutron.scheduler.dhcp_agent_scheduler [None req-f47e0e25-4670-47cd-9ae8-33bfa84974ca 39462a0eabab465aabcda85e93667e7d fec44c1e77604dcfbd10fa89f21ea373 - - default default] No more DHCP agents
2026-05-09 18:08:01.925 9 WARNING neutron.api.rpc.agentnotifiers.dhcp_rpc_agent_api [None req-f47e0e25-4670-47cd-9ae8-33bfa84974ca 39462a0eabab465aabcda85e93667e7d fec44c1e77604dcfbd10fa89f21ea373 - - default default] Unable to schedule network 7e35ce49-60e0-4329-b0fe-5730f76eb154: no agents available; will retry on subsequent port and subnet creation events.
2026-05-09 18:08:02.003 9 INFO neutron.db.ovn_revision_numbers_db [None req-f47e0e25-4670-47cd-9ae8-33bfa84974ca 39462a0eabab465aabcda85e93667e7d fec44c1e77604dcfbd10fa89f21ea373 - - default default] Successfully bumped revision number for resource 2571c2fa-4441-4abd-bbc0-1152421640db (type: ports) to 1
2026-05-09 18:08:02.024 9 INFO neutron.wsgi [None req-f47e0e25-4670-47cd-9ae8-33bfa84974ca 39462a0eabab465aabcda85e93667e7d fec44c1e77604dcfbd10fa89f21ea373 - - default default] 10.0.0.133 "POST /v2.0/networks HTTP/1.1" status: 201 len: 831 time: 0.4809268
2026-05-09 18:08:02.033 9 WARNING neutron_lib.context [None req-f90db7e5-e999-42eb-b2ac-d968963e7782 39462a0eabab465aabcda85e93667e7d fec44c1e77604dcfbd10fa89f21ea373 - - default default] Method 'is_advsvc' is deprecated since 2023.2 release (neutron-lib 3.8.0) and will be removed once support for the old RBAC API policies will be removed from Neutron. Please use method 'is_service_role' instead.
2026-05-09 18:08:02.114 9 INFO neutron.db.segments_db [None req-f90db7e5-e999-42eb-b2ac-d968963e7782 39462a0eabab465aabcda85e93667e7d fec44c1e77604dcfbd10fa89f21ea373 - - default default] Added segment 5892dffb-880c-45cc-9417-b398e9164fa8 of type geneve for network 78d83702-d284-43f2-a0b4-86f6a7a2f3c0
2026-05-09 18:08:02.245 9 INFO neutron.db.ovn_revision_numbers_db [None req-f90db7e5-e999-42eb-b2ac-d968963e7782 39462a0eabab465aabcda85e93667e7d fec44c1e77604dcfbd10fa89f21ea373 - - default default] Successfully bumped revision number for resource 78d83702-d284-43f2-a0b4-86f6a7a2f3c0 (type: networks) to 1
2026-05-09 18:08:02.256 10 WARNING neutron.scheduler.dhcp_agent_scheduler [None req-e2bf9e98-dfba-421a-b11a-fe4fee8a86de 991ebf526bca475cb8874d6187b8d65f 1d5b65bd15204fe0a6dd25a903c97672 - - default default] No more DHCP agents
2026-05-09 18:08:02.259 10 WARNING neutron.api.rpc.agentnotifiers.dhcp_rpc_agent_api [None req-e2bf9e98-dfba-421a-b11a-fe4fee8a86de 991ebf526bca475cb8874d6187b8d65f 1d5b65bd15204fe0a6dd25a903c97672 - - default default] Unable to schedule network 08539ba2-fb25-4466-881c-5e4218d9c7d2: no agents available; will retry on subsequent port and subnet creation events.
2026-05-09 18:08:02.413 10 INFO neutron.db.ovn_revision_numbers_db [None req-e2bf9e98-dfba-421a-b11a-fe4fee8a86de 991ebf526bca475cb8874d6187b8d65f 1d5b65bd15204fe0a6dd25a903c97672 - - default default] Successfully bumped revision number for resource ee17d8b7-9f2a-45b4-bcc6-ab22953cc012 (type: ports) to 1
2026-05-09 18:08:02.429 9 WARNING neutron.scheduler.dhcp_agent_scheduler [None req-f90db7e5-e999-42eb-b2ac-d968963e7782 39462a0eabab465aabcda85e93667e7d fec44c1e77604dcfbd10fa89f21ea373 - - default default] No more DHCP agents
2026-05-09 18:08:02.432 9 WARNING neutron.api.rpc.agentnotifiers.dhcp_rpc_agent_api [None req-f90db7e5-e999-42eb-b2ac-d968963e7782 39462a0eabab465aabcda85e93667e7d fec44c1e77604dcfbd10fa89f21ea373 - - default default] Unable to schedule network 78d83702-d284-43f2-a0b4-86f6a7a2f3c0: no agents available; will retry on subsequent port and subnet creation events.
2026-05-09 18:08:02.508 9 INFO neutron.db.ovn_revision_numbers_db [None req-f90db7e5-e999-42eb-b2ac-d968963e7782 39462a0eabab465aabcda85e93667e7d fec44c1e77604dcfbd10fa89f21ea373 - - default default] Successfully bumped revision number for resource dce71e92-bb7b-45c7-b80a-315fb33eef57 (type: ports) to 1
2026-05-09 18:08:02.526 9 INFO neutron.wsgi [None req-f90db7e5-e999-42eb-b2ac-d968963e7782 39462a0eabab465aabcda85e93667e7d fec44c1e77604dcfbd10fa89f21ea373 - - default default] 10.0.0.133 "POST /v2.0/networks HTTP/1.1" status: 201 len: 830 time: 0.4973211
2026-05-09 18:08:02.535 9 WARNING neutron_lib.context [None req-1d262ae2-f92f-4530-8312-14ee6c31db8d 39462a0eabab465aabcda85e93667e7d fec44c1e77604dcfbd10fa89f21ea373 - - default default] Method 'is_advsvc' is deprecated since 2023.2 release (neutron-lib 3.8.0) and will be removed once support for the old RBAC API policies will be removed from Neutron. Please use method 'is_service_role' instead.
2026-05-09 18:08:02.613 9 INFO neutron.db.segments_db [None req-1d262ae2-f92f-4530-8312-14ee6c31db8d 39462a0eabab465aabcda85e93667e7d fec44c1e77604dcfbd10fa89f21ea373 - - default default] Added segment ba6405bb-eae3-4d28-9ad3-7ef696ab6888 of type geneve for network ac894399-f3df-4e57-8fd4-643cfe95d912
2026-05-09 18:08:02.761 9 INFO neutron.db.ovn_revision_numbers_db [None req-1d262ae2-f92f-4530-8312-14ee6c31db8d 39462a0eabab465aabcda85e93667e7d fec44c1e77604dcfbd10fa89f21ea373 - - default default] Successfully bumped revision number for resource ac894399-f3df-4e57-8fd4-643cfe95d912 (type: networks) to 1
2026-05-09 18:08:02.924 9 WARNING neutron.scheduler.dhcp_agent_scheduler [None req-1d262ae2-f92f-4530-8312-14ee6c31db8d 39462a0eabab465aabcda85e93667e7d fec44c1e77604dcfbd10fa89f21ea373 - - default default] No more DHCP agents
2026-05-09 18:08:02.926 9 WARNING neutron.api.rpc.agentnotifiers.dhcp_rpc_agent_api [None req-1d262ae2-f92f-4530-8312-14ee6c31db8d 39462a0eabab465aabcda85e93667e7d fec44c1e77604dcfbd10fa89f21ea373 - - default default] Unable to schedule network ac894399-f3df-4e57-8fd4-643cfe95d912: no agents available; will retry on subsequent port and subnet creation events.
2026-05-09 18:08:03.005 9 INFO neutron.db.ovn_revision_numbers_db [None req-1d262ae2-f92f-4530-8312-14ee6c31db8d 39462a0eabab465aabcda85e93667e7d fec44c1e77604dcfbd10fa89f21ea373 - - default default] Successfully bumped revision number for resource aedffbb2-8676-489c-9850-41f0956cfd2a (type: ports) to 1
2026-05-09 18:08:03.031 9 INFO neutron.wsgi [None req-1d262ae2-f92f-4530-8312-14ee6c31db8d 39462a0eabab465aabcda85e93667e7d fec44c1e77604dcfbd10fa89f21ea373 - - default default] 10.0.0.133 "POST /v2.0/networks HTTP/1.1" status: 201 len: 831 time: 0.4986093
2026-05-09 18:08:03.103 9 INFO neutron.wsgi [None req-0fc32f3f-2c62-433e-a3a2-c33569f6ec0a 39462a0eabab465aabcda85e93667e7d fec44c1e77604dcfbd10fa89f21ea373 - - default default] 10.0.0.133 "PUT /v2.0/networks/b8308b63-783d-413e-81c6-96238acff67b/tags HTTP/1.1" status: 200 len: 210 time: 0.0632756
2026-05-09 18:08:03.179 9 INFO neutron.wsgi [None req-38ef17bc-4725-40f9-975d-2800f45ce65f 39462a0eabab465aabcda85e93667e7d fec44c1e77604dcfbd10fa89f21ea373 - - default default] 10.0.0.133 "PUT /v2.0/networks/d1a8441d-0fb4-442b-90ff-227ecb9b8bfb/tags HTTP/1.1" status: 200 len: 218 time: 0.0665131
2026-05-09 18:08:03.233 9 INFO neutron.wsgi [None req-10135c75-210d-4d02-8d76-5670095505c0 39462a0eabab465aabcda85e93667e7d fec44c1e77604dcfbd10fa89f21ea373 - - default default] 10.0.0.133 "PUT /v2.0/networks/7e35ce49-60e0-4329-b0fe-5730f76eb154/tags HTTP/1.1" status: 200 len: 227 time: 0.0500760
2026-05-09 18:08:03.283 9 INFO neutron.wsgi [None req-b77e6f7e-59a3-4614-a713-cb1d5c844338 39462a0eabab465aabcda85e93667e7d fec44c1e77604dcfbd10fa89f21ea373 - - default default] 10.0.0.133 "PUT /v2.0/networks/78d83702-d284-43f2-a0b4-86f6a7a2f3c0/tags HTTP/1.1" status: 200 len: 212 time: 0.0464554
2026-05-09 18:08:03.307 10 INFO neutron.plugins.ml2.drivers.ovn.mech_driver.ovsdb.commands [None req-cf13bb61-e05b-4855-a2bb-df1a8855c940 - - - - - -] Schedule LRP lrp-ee17d8b7-9f2a-45b4-bcc6-ab22953cc012 on gateway eb62f7fb-7d9c-4b15-8d25-46a9ae4e9234 with priority 1
2026-05-09 18:08:03.316 10 INFO neutron.plugins.ml2.drivers.ovn.mech_driver.mech_driver [None req-a850ca9e-322b-40b9-b2ae-a04d5e93768d - - - - - -] OVN reports status up for port: ee17d8b7-9f2a-45b4-bcc6-ab22953cc012
2026-05-09 18:08:03.336 10 INFO neutron.plugins.ml2.drivers.ovn.mech_driver.ovsdb.ovsdb_monitor [None req-54ed5cd4-35db-48dc-9541-fb32d1f95c00 - - - - - -] Router bb367a9f-9448-4dac-a438-40eb0142602c is bound to host instance
2026-05-09 18:08:03.338 10 INFO neutron.plugins.ml2.plugin [None req-a850ca9e-322b-40b9-b2ae-a04d5e93768d - - - - - -] Attempt 1 to provision port ee17d8b7-9f2a-45b4-bcc6-ab22953cc012
2026-05-09 18:08:03.360 9 INFO neutron.wsgi [None req-cc0975f4-8aae-4a04-a391-e311ae6cc664 39462a0eabab465aabcda85e93667e7d fec44c1e77604dcfbd10fa89f21ea373 - - default default] 10.0.0.133 "GET /v2.0/networks?tags=red HTTP/1.1" status: 200 len: 2070 time: 0.0713263
2026-05-09 18:08:03.384 10 INFO neutron.db.ovn_revision_numbers_db [None req-e2bf9e98-dfba-421a-b11a-fe4fee8a86de 991ebf526bca475cb8874d6187b8d65f 1d5b65bd15204fe0a6dd25a903c97672 - - default default] Successfully bumped revision number for resource ee17d8b7-9f2a-45b4-bcc6-ab22953cc012 (type: router_ports) to 1
2026-05-09 18:08:03.432 9 INFO neutron.wsgi [None req-2dc5c9ea-461d-4598-a711-9806395d691f 39462a0eabab465aabcda85e93667e7d fec44c1e77604dcfbd10fa89f21ea373 - - default default] 10.0.0.133 "GET /v2.0/networks?tags=red%2Cblue HTTP/1.1" status: 200 len: 1457 time: 0.0681736
2026-05-09 18:08:03.516 10 INFO neutron.db.ovn_revision_numbers_db [None req-e2bf9e98-dfba-421a-b11a-fe4fee8a86de 991ebf526bca475cb8874d6187b8d65f 1d5b65bd15204fe0a6dd25a903c97672 - - default default] Successfully bumped revision number for resource bb367a9f-9448-4dac-a438-40eb0142602c (type: routers) to 2
2026-05-09 18:08:03.522 9 INFO neutron.wsgi [None req-cab314b7-8e92-4dab-ade2-ada16a8bd222 39462a0eabab465aabcda85e93667e7d fec44c1e77604dcfbd10fa89f21ea373 - - default default] 10.0.0.133 "GET /v2.0/networks?tags-any=blue HTTP/1.1" status: 200 len: 1457 time: 0.0847747
2026-05-09 18:08:03.541 10 INFO neutron.wsgi [None req-e2bf9e98-dfba-421a-b11a-fe4fee8a86de 991ebf526bca475cb8874d6187b8d65f 1d5b65bd15204fe0a6dd25a903c97672 - - default default] 10.0.0.133 "POST /v2.0/routers HTTP/1.1" status: 201 len: 1144 time: 1.8310018
2026-05-09 18:08:03.586 9 INFO neutron.wsgi [None req-4d9635ab-fcf0-48bb-91f1-dad34cd88487 39462a0eabab465aabcda85e93667e7d fec44c1e77604dcfbd10fa89f21ea373 - - default default] 10.0.0.133 "GET /v2.0/networks?tags-any=red%2Cblue HTTP/1.1" status: 200 len: 2070 time: 0.0589938
2026-05-09 18:08:03.882 9 INFO neutron.wsgi [None req-83d85c15-f6c2-42a7-b5b8-6ad22528a0ba 39462a0eabab465aabcda85e93667e7d fec44c1e77604dcfbd10fa89f21ea373 - - default default] 10.0.0.133 "GET /v2.0/networks?not-tags=red HTTP/1.1" status: 200 len: 2068 time: 0.2921700
2026-05-09 18:08:03.986 9 INFO neutron.wsgi [None req-3be791a2-de83-4796-8f81-ef7fade9dcc4 39462a0eabab465aabcda85e93667e7d fec44c1e77604dcfbd10fa89f21ea373 - - default default] 10.0.0.133 "GET /v2.0/networks?not-tags=red%2Cblue HTTP/1.1" status: 200 len: 2681 time: 0.0985224
2026-05-09 18:08:04.097 9 INFO neutron.wsgi [None req-9d253ada-8c10-42c1-b6a4-832fac3c059e 39462a0eabab465aabcda85e93667e7d fec44c1e77604dcfbd10fa89f21ea373 - - default default] 10.0.0.133 "GET /v2.0/networks?not-tags-any=blue HTTP/1.1" status: 200 len: 2681 time: 0.1061251
2026-05-09 18:08:04.173 9 INFO neutron.wsgi [None req-abd5faaf-e8d5-44f9-88a3-488b6f4c5ef8 39462a0eabab465aabcda85e93667e7d fec44c1e77604dcfbd10fa89f21ea373 - - default default] 10.0.0.133 "GET /v2.0/networks?not-tags-any=red%2Cblue HTTP/1.1" status: 200 len: 2068 time: 0.0708220
2026-05-09 18:08:04.501 9 INFO neutron.services.segments.plugin [-] Segment b518ef35-7144-4339-8690-3a42a064af5a resource provider aggregate not found
2026-05-09 18:08:04.506 9 INFO neutron.services.segments.plugin [-] Segment b518ef35-7144-4339-8690-3a42a064af5a resource provider aggregate not found
2026-05-09 18:08:04.521 9 INFO neutron.wsgi [None req-5e0b1b5f-88ba-49b6-96cd-8af08f1f3329 39462a0eabab465aabcda85e93667e7d fec44c1e77604dcfbd10fa89f21ea373 - - default default] 10.0.0.133 "DELETE /v2.0/networks/b8308b63-783d-413e-81c6-96238acff67b HTTP/1.1" status: 204 len: 168 time: 0.3414032
2026-05-09 18:08:04.524 9 INFO neutron.services.segments.plugin [-] Segment b518ef35-7144-4339-8690-3a42a064af5a resource provider not found; error: Placement Client Error (4xx): {"errors": [{"status": 404, "title": "Not Found", "detail": "The resource could not be found.\n\n No resource provider with uuid b518ef35-7144-4339-8690-3a42a064af5a found for delete ", "request_id": "req-604f274b-e75a-4aa4-bde9-3158ec049382"}]}
2026-05-09 18:08:04.528 9 INFO neutron.services.segments.plugin [-] Segment b518ef35-7144-4339-8690-3a42a064af5a resource provider not found; error: Placement Client Error (4xx): {"errors": [{"status": 404, "title": "Not Found", "detail": "The resource could not be found.\n\n No resource provider with uuid b518ef35-7144-4339-8690-3a42a064af5a found for delete ", "request_id": "req-a3a92cd5-75a1-47e5-8ff5-ee1de219cda7"}]}
2026-05-09 18:08:04.659 10 INFO neutron.db.ovn_revision_numbers_db [None req-54ed5cd4-35db-48dc-9541-fb32d1f95c00 - - - - - -] Successfully bumped revision number for resource ee17d8b7-9f2a-45b4-bcc6-ab22953cc012 (type: ports) to 1
2026-05-09 18:08:04.697 10 WARNING neutron.scheduler.dhcp_agent_scheduler [None req-75c63547-20e5-48bc-84dc-d1a7964f6f02 991ebf526bca475cb8874d6187b8d65f 1d5b65bd15204fe0a6dd25a903c97672 - - default default] No more DHCP agents
2026-05-09 18:08:04.700 10 WARNING neutron.api.rpc.agentnotifiers.dhcp_rpc_agent_api [None req-75c63547-20e5-48bc-84dc-d1a7964f6f02 991ebf526bca475cb8874d6187b8d65f 1d5b65bd15204fe0a6dd25a903c97672 - - default default] Unable to schedule network de0891c9-858a-450a-aac9-e7eb9ff3e193: no agents available; will retry on subsequent port and subnet creation events.
2026-05-09 18:08:04.885 9 INFO neutron.wsgi [None req-3d1e954e-b59d-44de-93ed-fa48dca6f48b 39462a0eabab465aabcda85e93667e7d fec44c1e77604dcfbd10fa89f21ea373 - - default default] 10.0.0.133 "DELETE /v2.0/networks/d1a8441d-0fb4-442b-90ff-227ecb9b8bfb HTTP/1.1" status: 204 len: 168 time: 0.3557155
2026-05-09 18:08:04.942 10 INFO neutron.db.ovn_revision_numbers_db [None req-75c63547-20e5-48bc-84dc-d1a7964f6f02 991ebf526bca475cb8874d6187b8d65f 1d5b65bd15204fe0a6dd25a903c97672 - - default default] Successfully bumped revision number for resource e2616093-0f2a-466f-84b6-51eabb6e1937 (type: ports) to 1
2026-05-09 18:08:05.156 10 INFO neutron.db.ovn_revision_numbers_db [None req-54ed5cd4-35db-48dc-9541-fb32d1f95c00 - - - - - -] Successfully bumped revision number for resource ee17d8b7-9f2a-45b4-bcc6-ab22953cc012 (type: router_ports) to 3
2026-05-09 18:08:05.273 9 INFO neutron.wsgi [None req-29b512d0-b405-4197-bc72-a68c0a203ace 39462a0eabab465aabcda85e93667e7d fec44c1e77604dcfbd10fa89f21ea373 - - default default] 10.0.0.133 "DELETE /v2.0/networks/7e35ce49-60e0-4329-b0fe-5730f76eb154 HTTP/1.1" status: 204 len: 168 time: 0.3834369
2026-05-09 18:08:05.514 10 INFO neutron.db.ovn_revision_numbers_db [None req-54ed5cd4-35db-48dc-9541-fb32d1f95c00 - - - - - -] Successfully bumped revision number for resource ee17d8b7-9f2a-45b4-bcc6-ab22953cc012 (type: ports) to 2
2026-05-09 18:08:06.152 10 ERROR ovsdbapp.backend.ovs_idl.command [None req-75c63547-20e5-48bc-84dc-d1a7964f6f02 991ebf526bca475cb8874d6187b8d65f 1d5b65bd15204fe0a6dd25a903c97672 - - default default] Error executing command (DbGetCommand): ovsdbapp.backend.ovs_idl.idlutils.RowNotFound: Cannot find Logical_Router_Port with name=lrp-e2616093-0f2a-466f-84b6-51eabb6e1937
2026-05-09 18:08:06.152 10 ERROR ovsdbapp.backend.ovs_idl.command
Traceback (most recent call last):
2026-05-09 18:08:06.152 10 ERROR ovsdbapp.backend.ovs_idl.command
File "/var/lib/openstack/lib/python3.10/site-packages/ovsdbapp/backend/ovs_idl/command.py", line 47, in execute
2026-05-09 18:08:06.152 10 ERROR ovsdbapp.backend.ovs_idl.command self.run_idl(None)
2026-05-09 18:08:06.152 10 ERROR ovsdbapp.backend.ovs_idl.command
File "/var/lib/openstack/lib/python3.10/site-packages/ovsdbapp/backend/ovs_idl/command.py", line 235, in run_idl
2026-05-09 18:08:06.152 10 ERROR ovsdbapp.backend.ovs_idl.command record = self.api.lookup(self.table, self.record)
2026-05-09 18:08:06.152 10 ERROR ovsdbapp.backend.ovs_idl.command
File "/var/lib/openstack/lib/python3.10/site-packages/ovsdbapp/backend/ovs_idl/__init__.py", line 184, in lookup
2026-05-09 18:08:06.152 10 ERROR ovsdbapp.backend.ovs_idl.command return self._lookup(table, record)
2026-05-09 18:08:06.152 10 ERROR ovsdbapp.backend.ovs_idl.command
File "/var/lib/openstack/lib/python3.10/site-packages/ovsdbapp/backend/ovs_idl/__init__.py", line 235, in _lookup
2026-05-09 18:08:06.152 10 ERROR ovsdbapp.backend.ovs_idl.command row = idlutils.row_by_value(self, rl.table, rl.column, record)
2026-05-09 18:08:06.152 10 ERROR ovsdbapp.backend.ovs_idl.command
File "/var/lib/openstack/lib/python3.10/site-packages/ovsdbapp/backend/ovs_idl/idlutils.py", line 114, in row_by_value
2026-05-09 18:08:06.152 10 ERROR ovsdbapp.backend.ovs_idl.command raise RowNotFound(table=table, col=column, match=match)
2026-05-09 18:08:06.152 10 ERROR ovsdbapp.backend.ovs_idl.command ovsdbapp.backend.ovs_idl.idlutils.RowNotFound: Cannot find Logical_Router_Port with name=lrp-e2616093-0f2a-466f-84b6-51eabb6e1937
2026-05-09 18:08:06.152 10 ERROR ovsdbapp.backend.ovs_idl.command 
2026-05-09 18:08:06.153 10 ERROR neutron_lib.callbacks.manager [None req-75c63547-20e5-48bc-84dc-d1a7964f6f02 991ebf526bca475cb8874d6187b8d65f 1d5b65bd15204fe0a6dd25a903c97672 - - default default] Error during notification for neutron.services.ovn_l3.plugin.OVNL3RouterPlugin._port_update-8794724286182 port, after_update: ovsdbapp.backend.ovs_idl.idlutils.RowNotFound: Cannot find Logical_Router_Port with name=lrp-e2616093-0f2a-466f-84b6-51eabb6e1937
2026-05-09 18:08:06.153 10 ERROR neutron_lib.callbacks.manager
Traceback (most recent call last):
2026-05-09 18:08:06.153 10 ERROR neutron_lib.callbacks.manager
File "/var/lib/openstack/lib/python3.10/site-packages/neutron_lib/callbacks/manager.py", line 189, in _notify_loop
2026-05-09 18:08:06.153 10 ERROR neutron_lib.callbacks.manager callback.method(resource, event, trigger, payload=payload)
2026-05-09 18:08:06.153 10 ERROR neutron_lib.callbacks.manager
File "/var/lib/openstack/lib/python3.10/site-packages/neutron/services/ovn_l3/plugin.py", line 391, in _port_update
2026-05-09 18:08:06.153 10 ERROR neutron_lib.callbacks.manager l3plugin._ovn_client.update_router_port(context,
2026-05-09 18:08:06.153 10 ERROR neutron_lib.callbacks.manager
File "/var/lib/openstack/lib/python3.10/site-packages/neutron/plugins/ml2/drivers/ovn/mech_driver/ovsdb/ovn_client.py", line 1878, in update_router_port
2026-05-09 18:08:06.153 10 ERROR neutron_lib.callbacks.manager self._update_lrouter_port(context, port, if_exists=if_exists,
2026-05-09 18:08:06.153 10 ERROR neutron_lib.callbacks.manager
File "/var/lib/openstack/lib/python3.10/site-packages/neutron/plugins/ml2/drivers/ovn/mech_driver/ovsdb/ovn_client.py", line 1855, in _update_lrouter_port
2026-05-09 18:08:06.153 10 ERROR neutron_lib.callbacks.manager external_ids = self._nb_idl.db_get(
2026-05-09 18:08:06.153 10 ERROR neutron_lib.callbacks.manager
File "/var/lib/openstack/lib/python3.10/site-packages/ovsdbapp/backend/ovs_idl/command.py", line 47, in execute
2026-05-09 18:08:06.153 10 ERROR neutron_lib.callbacks.manager self.run_idl(None)
2026-05-09 18:08:06.153 10 ERROR neutron_lib.callbacks.manager
File "/var/lib/openstack/lib/python3.10/site-packages/ovsdbapp/backend/ovs_idl/command.py", line 235, in run_idl
2026-05-09 18:08:06.153 10 ERROR neutron_lib.callbacks.manager record = self.api.lookup(self.table, self.record)
2026-05-09 18:08:06.153 10 ERROR neutron_lib.callbacks.manager
File "/var/lib/openstack/lib/python3.10/site-packages/ovsdbapp/backend/ovs_idl/__init__.py", line 184, in lookup
2026-05-09 18:08:06.153 10 ERROR neutron_lib.callbacks.manager return self._lookup(table, record)
2026-05-09 18:08:06.153 10 ERROR neutron_lib.callbacks.manager
File "/var/lib/openstack/lib/python3.10/site-packages/ovsdbapp/backend/ovs_idl/__init__.py", line 235, in _lookup
2026-05-09 18:08:06.153 10 ERROR neutron_lib.callbacks.manager row = idlutils.row_by_value(self, rl.table, rl.column, record)
2026-05-09 18:08:06.153 10 ERROR neutron_lib.callbacks.manager
File "/var/lib/openstack/lib/python3.10/site-packages/ovsdbapp/backend/ovs_idl/idlutils.py", line 114, in row_by_value
2026-05-09 18:08:06.153 10 ERROR neutron_lib.callbacks.manager raise RowNotFound(table=table, col=column, match=match)
2026-05-09 18:08:06.153 10 ERROR neutron_lib.callbacks.manager ovsdbapp.backend.ovs_idl.idlutils.RowNotFound: Cannot find Logical_Router_Port with name=lrp-e2616093-0f2a-466f-84b6-51eabb6e1937
2026-05-09 18:08:06.153 10 ERROR neutron_lib.callbacks.manager 
2026-05-09 18:08:06.222 10 INFO neutron.services.segments.plugin [-] Segment 5892dffb-880c-45cc-9417-b398e9164fa8 resource provider aggregate not found
2026-05-09 18:08:06.244 10 INFO neutron.services.segments.plugin [-] Segment 5892dffb-880c-45cc-9417-b398e9164fa8 resource provider not found; error: Placement Client Error (4xx): {"errors": [{"status": 404, "title": "Not Found", "detail": "The resource could not be found.\n\n No resource provider with uuid 5892dffb-880c-45cc-9417-b398e9164fa8 found for delete ", "request_id": "req-c980c94e-643c-4e9e-964d-fe75022af5c1"}]}
2026-05-09 18:08:06.288 10 INFO neutron.services.segments.plugin [-] Segment 5892dffb-880c-45cc-9417-b398e9164fa8 resource provider aggregate not found
2026-05-09 18:08:06.297 10 INFO neutron.wsgi [None req-d1b8ed97-3350-4516-978f-57c99f93f3ed 39462a0eabab465aabcda85e93667e7d fec44c1e77604dcfbd10fa89f21ea373 - - default default] 10.0.0.133 "DELETE /v2.0/networks/78d83702-d284-43f2-a0b4-86f6a7a2f3c0 HTTP/1.1" status: 204 len: 168 time: 1.0154324
2026-05-09 18:08:06.336 10 INFO neutron.services.segments.plugin [-] Segment 5892dffb-880c-45cc-9417-b398e9164fa8 resource provider not found; error: Placement Client Error (4xx): {"errors": [{"status": 404, "title": "Not Found", "detail": "The resource could not be found.\n\n No resource provider with uuid 5892dffb-880c-45cc-9417-b398e9164fa8 found for delete ", "request_id": "req-d09621f6-f803-420d-918d-8e940eec351e"}]}
2026-05-09 18:08:06.483 10 INFO neutron.db.ovn_revision_numbers_db [None req-54ed5cd4-35db-48dc-9541-fb32d1f95c00 - - - - - -] Successfully bumped revision number for resource ee17d8b7-9f2a-45b4-bcc6-ab22953cc012 (type: ports) to 4
2026-05-09 18:08:06.513 9 INFO neutron.plugins.ml2.drivers.ovn.mech_driver.mech_driver [None req-92ca9d30-b5f6-46a0-83a6-a6bebe0da3ef - - - - - -] OVN reports status up for port: e2616093-0f2a-466f-84b6-51eabb6e1937
2026-05-09 18:08:06.521 9 INFO neutron.plugins.ml2.plugin [None req-92ca9d30-b5f6-46a0-83a6-a6bebe0da3ef - - - - - -] Attempt 1 to provision port e2616093-0f2a-466f-84b6-51eabb6e1937
2026-05-09 18:08:06.551 9 INFO neutron.services.segments.plugin [-] Segment 2376cb04-6d66-4a8e-9fc7-855f79aa52cb resource provider aggregate not found
2026-05-09 18:08:06.556 9 INFO neutron.services.segments.plugin [-] Segment 2376cb04-6d66-4a8e-9fc7-855f79aa52cb resource provider aggregate not found
2026-05-09 18:08:06.563 10 INFO neutron.db.ovn_revision_numbers_db [None req-75c63547-20e5-48bc-84dc-d1a7964f6f02 991ebf526bca475cb8874d6187b8d65f 1d5b65bd15204fe0a6dd25a903c97672 - - default default] Successfully bumped revision number for resource e2616093-0f2a-466f-84b6-51eabb6e1937 (type: ports) to 1
2026-05-09 18:08:06.564 9 INFO neutron.services.segments.plugin [-] Segment 2376cb04-6d66-4a8e-9fc7-855f79aa52cb resource provider not found; error: Placement Client Error (4xx): {"errors": [{"status": 404, "title": "Not Found", "detail": "The resource could not be found.\n\n No resource provider with uuid 2376cb04-6d66-4a8e-9fc7-855f79aa52cb found for delete ", "request_id": "req-8c70512f-4bbf-4959-bc6a-2661138671c1"}]}
2026-05-09 18:08:06.575 9 INFO neutron.services.segments.plugin [-] Segment 2376cb04-6d66-4a8e-9fc7-855f79aa52cb resource provider not found; error: Placement Client Error (4xx): {"errors": [{"status": 404, "title": "Not Found", "detail": "The resource could not be found.\n\n No resource provider with uuid 2376cb04-6d66-4a8e-9fc7-855f79aa52cb found for delete ", "request_id": "req-2f4ec3d0-9c7e-49e2-8d70-5ff6edfabc0d"}]}
2026-05-09 18:08:06.584 9 INFO neutron.services.segments.plugin [-] Segment b9890b2e-28b3-49d5-b656-4e82efe754e5 resource provider aggregate not found
2026-05-09 18:08:06.595 9 INFO neutron.services.segments.plugin [-] Segment b9890b2e-28b3-49d5-b656-4e82efe754e5 resource provider not found; error: Placement Client Error (4xx): {"errors": [{"status": 404, "title": "Not Found", "detail": "The resource could not be found.\n\n No resource provider with uuid b9890b2e-28b3-49d5-b656-4e82efe754e5 found for delete ", "request_id": "req-9296b9a5-e050-4f6a-b11c-d2d3e792d182"}]}
2026-05-09 18:08:06.597 9 INFO neutron.services.segments.plugin [-] Segment b9890b2e-28b3-49d5-b656-4e82efe754e5 resource provider aggregate not found
2026-05-09 18:08:06.617 9 INFO neutron.services.segments.plugin [-] Segment b9890b2e-28b3-49d5-b656-4e82efe754e5 resource provider not found; error: Placement Client Error (4xx): {"errors": [{"status": 404, "title": "Not Found", "detail": "The resource could not be found.\n\n No resource provider with uuid b9890b2e-28b3-49d5-b656-4e82efe754e5 found for delete ", "request_id": "req-e468e674-6621-4259-8054-8cea23c505e1"}]}
2026-05-09 18:08:06.669 10 INFO neutron.wsgi [-] 10.0.0.98 "GET / HTTP/1.1" status: 200 len: 247 time: 0.0014877
2026-05-09 18:08:06.670 10 INFO neutron.wsgi [-] 10.0.0.98 "GET / HTTP/1.1" status: 200 len: 247 time: 0.0008700
2026-05-09 18:08:06.672 10 WARNING neutron.scheduler.dhcp_agent_scheduler [None req-75c63547-20e5-48bc-84dc-d1a7964f6f02 991ebf526bca475cb8874d6187b8d65f 1d5b65bd15204fe0a6dd25a903c97672 - - default default] No more DHCP agents
2026-05-09 18:08:06.674 10 WARNING neutron.api.rpc.agentnotifiers.dhcp_rpc_agent_api [None req-75c63547-20e5-48bc-84dc-d1a7964f6f02 991ebf526bca475cb8874d6187b8d65f 1d5b65bd15204fe0a6dd25a903c97672 - - default default] Unable to schedule network de0891c9-858a-450a-aac9-e7eb9ff3e193: no agents available; will retry on subsequent port and subnet creation events.
2026-05-09 18:08:06.798 9 INFO neutron.wsgi [None req-900fced3-bbe0-44b2-b82c-9a98d8a40e6e 39462a0eabab465aabcda85e93667e7d fec44c1e77604dcfbd10fa89f21ea373 - - default default] 10.0.0.133 "DELETE /v2.0/networks/ac894399-f3df-4e57-8fd4-643cfe95d912 HTTP/1.1" status: 204 len: 168 time: 0.4928052
2026-05-09 18:08:06.832 10 INFO neutron.db.ovn_revision_numbers_db [None req-54ed5cd4-35db-48dc-9541-fb32d1f95c00 - - - - - -] Successfully bumped revision number for resource ee17d8b7-9f2a-45b4-bcc6-ab22953cc012 (type: router_ports) to 4
2026-05-09 18:08:07.009 9 INFO neutron.db.ovn_revision_numbers_db [None req-92ca9d30-b5f6-46a0-83a6-a6bebe0da3ef - - - - - -] Successfully bumped revision number for resource e2616093-0f2a-466f-84b6-51eabb6e1937 (type: ports) to 2
2026-05-09 18:08:07.014 10 INFO neutron.db.ovn_revision_numbers_db [None req-75c63547-20e5-48bc-84dc-d1a7964f6f02 991ebf526bca475cb8874d6187b8d65f 1d5b65bd15204fe0a6dd25a903c97672 - - default default] Successfully bumped revision number for resource e2616093-0f2a-466f-84b6-51eabb6e1937 (type: router_ports) to 1
2026-05-09 18:08:07.020 10 INFO neutron.wsgi [None req-75c63547-20e5-48bc-84dc-d1a7964f6f02 991ebf526bca475cb8874d6187b8d65f 1d5b65bd15204fe0a6dd25a903c97672 - - default default] 10.0.0.133 "PUT /v2.0/routers/bb367a9f-9448-4dac-a438-40eb0142602c/add_router_interface HTTP/1.1" status: 200 len: 503 time: 3.4724731
