2026-05-09 18:06:18.960 10 INFO neutron.pecan_wsgi.hooks.translation [None req-b28a28cd-0e19-4aaf-b337-1a881d615ab1 dc49058fed1943729d6a6e9d126264d6 5c6e23b6afaa412a91c97abc556d9094 - - default default] DELETE failed (client error): The resource could not be found.
2026-05-09 18:06:18.963 10 INFO neutron.wsgi [None req-b28a28cd-0e19-4aaf-b337-1a881d615ab1 dc49058fed1943729d6a6e9d126264d6 5c6e23b6afaa412a91c97abc556d9094 - - default default] 10.0.0.133 "DELETE /v2.0/subnets/b2d5fd9a-e597-47dd-a1be-58ce97e356af HTTP/1.1" status: 404 len: 337 time: 0.0199316
2026-05-09 18:06:18.982 10 INFO neutron.pecan_wsgi.hooks.translation [None req-87b7c06e-d2fa-488f-9d2a-e599ef9539f0 dc49058fed1943729d6a6e9d126264d6 5c6e23b6afaa412a91c97abc556d9094 - - default default] DELETE failed (client error): The resource could not be found.
2026-05-09 18:06:18.985 10 INFO neutron.wsgi [None req-87b7c06e-d2fa-488f-9d2a-e599ef9539f0 dc49058fed1943729d6a6e9d126264d6 5c6e23b6afaa412a91c97abc556d9094 - - default default] 10.0.0.133 "DELETE /v2.0/subnets/589aeda2-c5fd-4093-b826-a320ae81c2bf HTTP/1.1" status: 404 len: 337 time: 0.0168319
2026-05-09 18:06:19.029 9 WARNING neutron.plugins.ml2.drivers.ovn.mech_driver.ovsdb.ovn_client [None req-92ca9d30-b5f6-46a0-83a6-a6bebe0da3ef - - - - - -] No hosting information found for port 431f9a18-ebbb-4fde-a504-90abfdf807e6: RuntimeError: No hosting information found for port 431f9a18-ebbb-4fde-a504-90abfdf807e6
2026-05-09 18:06:19.029 9 INFO neutron.plugins.ml2.drivers.ovn.mech_driver.mech_driver [None req-92ca9d30-b5f6-46a0-83a6-a6bebe0da3ef - - - - - -] OVN reports status up for port: 053bfe5b-18c8-4ea7-a1f8-d66f37ff323c
2026-05-09 18:06:19.035 9 INFO neutron.plugins.ml2.plugin [None req-92ca9d30-b5f6-46a0-83a6-a6bebe0da3ef - - - - - -] Attempt 1 to provision port 053bfe5b-18c8-4ea7-a1f8-d66f37ff323c
2026-05-09 18:06:19.258 10 INFO neutron.wsgi [None req-db23df2c-ca01-43d4-bec3-07ed4db6b44b dc49058fed1943729d6a6e9d126264d6 5c6e23b6afaa412a91c97abc556d9094 - - default default] 10.0.0.133 "DELETE /v2.0/ports/32e3f40f-fe23-4b22-839c-6d998a5ec989 HTTP/1.1" status: 204 len: 168 time: 0.2682097
2026-05-09 18:06:19.458 9 INFO neutron.db.ovn_revision_numbers_db [None req-92ca9d30-b5f6-46a0-83a6-a6bebe0da3ef - - - - - -] Successfully bumped revision number for resource 053bfe5b-18c8-4ea7-a1f8-d66f37ff323c (type: ports) to 2
2026-05-09 18:06:19.474 10 INFO neutron.wsgi [req-7d522310-ec79-4bc7-a333-e173666dbb81 req-4c9d1e2e-e47c-4d92-b410-dc339387649b c7253c8ec3af45d482d8ac12a924f79b c132468cd94844ce9c0f83226fb20f9d - - default default] 199.204.45.222 "GET /v2.0/networks?id=bd088993-eba4-4412-8bbb-5d5163442590 HTTP/1.1" status: 200 len: 871 time: 0.0799909
2026-05-09 18:06:19.537 10 INFO neutron.wsgi [req-7d522310-ec79-4bc7-a333-e173666dbb81 req-24994967-4783-43e2-bfb0-ab3c34c89015 c7253c8ec3af45d482d8ac12a924f79b c132468cd94844ce9c0f83226fb20f9d - - default default] 199.204.45.222 "GET /v2.0/security-groups?fields=id&fields=name&tenant_id=c132468cd94844ce9c0f83226fb20f9d HTTP/1.1" status: 200 len: 473 time: 0.0587275
2026-05-09 18:06:19.551 10 WARNING neutron_lib.context [req-7d522310-ec79-4bc7-a333-e173666dbb81 req-b4d5b64f-0445-42ac-a61a-fe330f7d9291 c7253c8ec3af45d482d8ac12a924f79b c132468cd94844ce9c0f83226fb20f9d - - default default] Method 'is_advsvc' is deprecated since 2023.2 release (neutron-lib 3.8.0) and will be removed once support for the old RBAC API policies will be removed from Neutron. Please use method 'is_service_role' instead.
2026-05-09 18:06:19.588 9 INFO neutron.db.ovn_revision_numbers_db [None req-92ca9d30-b5f6-46a0-83a6-a6bebe0da3ef - - - - - -] Successfully bumped revision number for resource 053bfe5b-18c8-4ea7-a1f8-d66f37ff323c (type: router_ports) to 2
2026-05-09 18:06:19.694 10 INFO neutron.services.segments.plugin [-] Segment ee6aca03-e955-4297-9ff2-9b94c55fc538 resource provider aggregate not found
2026-05-09 18:06:19.698 10 INFO neutron.services.segments.plugin [-] Segment ee6aca03-e955-4297-9ff2-9b94c55fc538 resource provider aggregate not found
2026-05-09 18:06:19.715 10 INFO neutron.services.segments.plugin [-] Segment ee6aca03-e955-4297-9ff2-9b94c55fc538 resource provider not found; error: Placement Client Error (4xx): {"errors": [{"status": 404, "title": "Not Found", "detail": "The resource could not be found.\n\n No resource provider with uuid ee6aca03-e955-4297-9ff2-9b94c55fc538 found for delete ", "request_id": "req-94f4e8da-a536-4ee3-ab1f-38337a408467"}]}
2026-05-09 18:06:19.717 10 INFO neutron.services.segments.plugin [-] Segment ee6aca03-e955-4297-9ff2-9b94c55fc538 resource provider not found; error: Placement Client Error (4xx): {"errors": [{"status": 404, "title": "Not Found", "detail": "The resource could not be found.\n\n No resource provider with uuid ee6aca03-e955-4297-9ff2-9b94c55fc538 found for delete ", "request_id": "req-93e5b6e7-b4ef-48aa-8124-b74d3ea6de96"}]}
2026-05-09 18:06:19.739 10 INFO neutron.wsgi [None req-2ff411df-0e92-4c36-96f2-97cb5f9d8657 dc49058fed1943729d6a6e9d126264d6 5c6e23b6afaa412a91c97abc556d9094 - - default default] 10.0.0.133 "DELETE /v2.0/networks/918b31eb-9147-4e7e-9dd0-dcc1ec54e10f HTTP/1.1" status: 204 len: 168 time: 0.4763846
2026-05-09 18:06:19.878 9 INFO neutron.wsgi [req-04e1ac8c-d653-4371-871e-8f2754ad11f1 req-71386a6c-5967-4df5-bb13-be39bd4db693 c7253c8ec3af45d482d8ac12a924f79b c132468cd94844ce9c0f83226fb20f9d - - default default] 10.0.0.125 "GET /v2.0/ports?device_id=5585552a-2f98-4e87-b164-c11fc92175e6 HTTP/1.1" status: 200 len: 210 time: 0.0293779
2026-05-09 18:06:19.915 9 INFO neutron.wsgi [None req-1105a9c6-9c31-4ddd-8897-056537c28e8d 1cb785ec686c4cb2a40e8aef8a0b1224 28be4ec2de5a4cdba24ff7b4be535e88 - - default default] 10.0.0.133 "GET /v2.0/ports/cba9f1e3-407f-4ecf-96db-a43e166753ee HTTP/1.1" status: 200 len: 1147 time: 0.0361769
2026-05-09 18:06:19.916 10 WARNING neutron.scheduler.dhcp_agent_scheduler [req-7d522310-ec79-4bc7-a333-e173666dbb81 req-b4d5b64f-0445-42ac-a61a-fe330f7d9291 c7253c8ec3af45d482d8ac12a924f79b c132468cd94844ce9c0f83226fb20f9d - - default default] No more DHCP agents
2026-05-09 18:06:19.919 10 WARNING neutron.api.rpc.agentnotifiers.dhcp_rpc_agent_api [req-7d522310-ec79-4bc7-a333-e173666dbb81 req-b4d5b64f-0445-42ac-a61a-fe330f7d9291 c7253c8ec3af45d482d8ac12a924f79b c132468cd94844ce9c0f83226fb20f9d - - default default] Unable to schedule network bd088993-eba4-4412-8bbb-5d5163442590: no agents available; will retry on subsequent port and subnet creation events.
2026-05-09 18:06:20.081 10 INFO neutron.db.ovn_revision_numbers_db [req-7d522310-ec79-4bc7-a333-e173666dbb81 req-b4d5b64f-0445-42ac-a61a-fe330f7d9291 c7253c8ec3af45d482d8ac12a924f79b c132468cd94844ce9c0f83226fb20f9d - - default default] Successfully bumped revision number for resource d61e436e-33e8-4034-9d12-740c746f1bd1 (type: ports) to 1
2026-05-09 18:06:20.105 10 INFO neutron.wsgi [req-7d522310-ec79-4bc7-a333-e173666dbb81 req-b4d5b64f-0445-42ac-a61a-fe330f7d9291 c7253c8ec3af45d482d8ac12a924f79b c132468cd94844ce9c0f83226fb20f9d - - default default] 199.204.45.222 "POST /v2.0/ports HTTP/1.1" status: 201 len: 1201 time: 0.5607600 /var/lib/openstack/lib/python3.10/site-packages/pycadf/identifier.py:71: UserWarning: Invalid uuid: neutron. To ensure interoperability, identifiers should be a valid uuid. warnings.warn(('Invalid uuid: %s. To ensure interoperability, ' /var/lib/openstack/lib/python3.10/site-packages/pycadf/identifier.py:71: UserWarning: Invalid uuid: neutron. To ensure interoperability, identifiers should be a valid uuid. warnings.warn(('Invalid uuid: %s. To ensure interoperability, '
2026-05-09 18:06:20.466 10 INFO neutron.wsgi [None req-54453051-ba21-4dc6-b653-8b1d157aabb9 b0c879c99dad44d09219c314d35f57e4 a5452024624c4173a9384ae077addd82 - - default default] 10.0.0.133 "GET /v2.0/security-groups?tenant_id=5c6e23b6afaa412a91c97abc556d9094&name=default HTTP/1.1" status: 200 len: 3120 time: 0.2012124
2026-05-09 18:06:20.548 10 INFO neutron.db.ovn_revision_numbers_db [req-7d522310-ec79-4bc7-a333-e173666dbb81 req-1391a08a-b965-490a-8ff8-521b53da677f 776ac5e4cd6f477687a5c90a4c2cab46 1666ee8a17de480aa8f1b766b50213a0 - - f43ab4a669114995b6803f08d09f0240 f43ab4a669114995b6803f08d09f0240] Successfully bumped revision number for resource d61e436e-33e8-4034-9d12-740c746f1bd1 (type: ports) to 2
2026-05-09 18:06:20.735 10 INFO neutron.wsgi [None req-027bba91-6384-4af2-aa69-2baa35f35570 b0c879c99dad44d09219c314d35f57e4 a5452024624c4173a9384ae077addd82 - - default default] 10.0.0.133 "DELETE /v2.0/security-groups/974c2bf8-14c7-49c1-bfd4-8bdcf707122e HTTP/1.1" status: 204 len: 168 time: 0.2606435
2026-05-09 18:06:20.767 10 INFO neutron.db.ovn_revision_numbers_db [req-7d522310-ec79-4bc7-a333-e173666dbb81 req-1391a08a-b965-490a-8ff8-521b53da677f 776ac5e4cd6f477687a5c90a4c2cab46 1666ee8a17de480aa8f1b766b50213a0 - - f43ab4a669114995b6803f08d09f0240 f43ab4a669114995b6803f08d09f0240] Successfully bumped revision number for resource d61e436e-33e8-4034-9d12-740c746f1bd1 (type: ports) to 2
2026-05-09 18:06:20.785 10 INFO neutron.wsgi [req-7d522310-ec79-4bc7-a333-e173666dbb81 req-1391a08a-b965-490a-8ff8-521b53da677f 776ac5e4cd6f477687a5c90a4c2cab46 1666ee8a17de480aa8f1b766b50213a0 - - f43ab4a669114995b6803f08d09f0240 f43ab4a669114995b6803f08d09f0240] 199.204.45.222 "PUT /v2.0/ports/d61e436e-33e8-4034-9d12-740c746f1bd1 HTTP/1.1" status: 200 len: 1419 time: 0.6701691 /var/lib/openstack/lib/python3.10/site-packages/pycadf/identifier.py:71: UserWarning: Invalid uuid: neutron. To ensure interoperability, identifiers should be a valid uuid. warnings.warn(('Invalid uuid: %s. To ensure interoperability, '
2026-05-09 18:06:20.827 10 INFO neutron.notifiers.nova [-] Nova event matching ['req-4edca554-6dda-4ae4-be0e-082d9f32f0f4'] response: {'name': 'network-changed', 'server_uuid': '5585552a-2f98-4e87-b164-c11fc92175e6', 'tag': 'd61e436e-33e8-4034-9d12-740c746f1bd1', 'status': 'completed', 'code': 200}
2026-05-09 18:06:20.855 10 INFO neutron.wsgi [req-7d522310-ec79-4bc7-a333-e173666dbb81 req-8057b8f8-b44f-48df-a8fc-f13039ec7c3c 776ac5e4cd6f477687a5c90a4c2cab46 1666ee8a17de480aa8f1b766b50213a0 - - f43ab4a669114995b6803f08d09f0240 f43ab4a669114995b6803f08d09f0240] 199.204.45.222 "GET /v2.0/ports?tenant_id=c132468cd94844ce9c0f83226fb20f9d&device_id=5585552a-2f98-4e87-b164-c11fc92175e6 HTTP/1.1" status: 200 len: 1450 time: 0.0377533
2026-05-09 18:06:20.887 10 INFO neutron.wsgi [req-7d522310-ec79-4bc7-a333-e173666dbb81 req-db22b57a-fa70-4a5a-b497-b3a961b22c0c 776ac5e4cd6f477687a5c90a4c2cab46 1666ee8a17de480aa8f1b766b50213a0 - - f43ab4a669114995b6803f08d09f0240 f43ab4a669114995b6803f08d09f0240] 199.204.45.222 "GET /v2.0/floatingips?fixed_ip_address=10.100.0.12&port_id=d61e436e-33e8-4034-9d12-740c746f1bd1 HTTP/1.1" status: 200 len: 217 time: 0.0215011
2026-05-09 18:06:20.921 10 INFO neutron.wsgi [req-7d522310-ec79-4bc7-a333-e173666dbb81 req-0ee42b7b-f005-4762-ab86-5896b4c57335 776ac5e4cd6f477687a5c90a4c2cab46 1666ee8a17de480aa8f1b766b50213a0 - - f43ab4a669114995b6803f08d09f0240 f43ab4a669114995b6803f08d09f0240] 199.204.45.222 "GET /v2.0/subnets?id=65930c32-818e-471b-aa18-c9f1ab229859 HTTP/1.1" status: 200 len: 865 time: 0.0282526
2026-05-09 18:06:20.952 10 INFO neutron.wsgi [req-7d522310-ec79-4bc7-a333-e173666dbb81 req-09deacae-6248-4ab4-971b-ae5e196ec084 776ac5e4cd6f477687a5c90a4c2cab46 1666ee8a17de480aa8f1b766b50213a0 - - f43ab4a669114995b6803f08d09f0240 f43ab4a669114995b6803f08d09f0240] 199.204.45.222 "GET /v2.0/ports?network_id=bd088993-eba4-4412-8bbb-5d5163442590&device_owner=network%3Adhcp HTTP/1.1" status: 200 len: 210 time: 0.0235560
2026-05-09 18:06:20.984 9 INFO neutron.wsgi [None req-a83e4177-b602-489a-9180-435a87275f82 1cb785ec686c4cb2a40e8aef8a0b1224 28be4ec2de5a4cdba24ff7b4be535e88 - - default default] 10.0.0.133 "GET /v2.0/ports/cba9f1e3-407f-4ecf-96db-a43e166753ee HTTP/1.1" status: 200 len: 1147 time: 0.0620947
2026-05-09 18:06:21.002 9 INFO neutron.wsgi [req-ff9cb72e-3a6f-495e-9946-7093713ae56b req-bed1e284-fdb6-44a7-8216-a5007da6030b c7253c8ec3af45d482d8ac12a924f79b c132468cd94844ce9c0f83226fb20f9d - - default default] 10.0.0.125 "GET /v2.0/ports?device_id=5585552a-2f98-4e87-b164-c11fc92175e6 HTTP/1.1" status: 200 len: 1212 time: 0.0589201
2026-05-09 18:06:21.014 10 INFO neutron.wsgi [req-7d522310-ec79-4bc7-a333-e173666dbb81 req-a11b0fdb-7337-40bc-8164-a9ddb6fa743f 776ac5e4cd6f477687a5c90a4c2cab46 1666ee8a17de480aa8f1b766b50213a0 - - f43ab4a669114995b6803f08d09f0240 f43ab4a669114995b6803f08d09f0240] 199.204.45.222 "GET /v2.0/networks/bd088993-eba4-4412-8bbb-5d5163442590?fields=segments HTTP/1.1" status: 200 len: 212 time: 0.0550227
2026-05-09 18:06:21.065 9 INFO neutron.wsgi [req-ff9cb72e-3a6f-495e-9946-7093713ae56b req-aa7f5b2b-3e51-4323-aa3b-35fabfb79fa1 c7253c8ec3af45d482d8ac12a924f79b c132468cd94844ce9c0f83226fb20f9d - - default default] 10.0.0.125 "GET /v2.0/security-groups?id=c2e6eff8-ebfa-4324-bee3-85e43ad74c62&id=e87f33fe-92f6-47f3-8bf7-78c968b56f9c&fields=id&fields=name HTTP/1.1" status: 200 len: 406 time: 0.0564170
2026-05-09 18:06:21.076 10 INFO neutron.wsgi [req-7d522310-ec79-4bc7-a333-e173666dbb81 req-2c615dca-f50c-4183-8526-12928b8bd552 776ac5e4cd6f477687a5c90a4c2cab46 1666ee8a17de480aa8f1b766b50213a0 - - f43ab4a669114995b6803f08d09f0240 f43ab4a669114995b6803f08d09f0240] 199.204.45.222 "GET /v2.0/networks/bd088993-eba4-4412-8bbb-5d5163442590?fields=provider%3Aphysical_network&fields=provider%3Anetwork_type HTTP/1.1" status: 200 len: 277 time: 0.0551760
2026-05-09 18:06:21.160 10 INFO neutron.wsgi [req-7614773e-9271-4100-bda1-331bfa02dfca req-ec8e3797-3299-48ab-b29a-10b474c84956 776ac5e4cd6f477687a5c90a4c2cab46 1666ee8a17de480aa8f1b766b50213a0 - - f43ab4a669114995b6803f08d09f0240 f43ab4a669114995b6803f08d09f0240] 199.204.45.222 "GET /v2.0/ports?tenant_id=c132468cd94844ce9c0f83226fb20f9d&device_id=5585552a-2f98-4e87-b164-c11fc92175e6 HTTP/1.1" status: 200 len: 1450 time: 0.0409124
2026-05-09 18:06:21.214 10 INFO neutron.wsgi [req-7614773e-9271-4100-bda1-331bfa02dfca req-c59cb76a-eefc-4c00-a22d-f108d3eb8f40 776ac5e4cd6f477687a5c90a4c2cab46 1666ee8a17de480aa8f1b766b50213a0 - - f43ab4a669114995b6803f08d09f0240 f43ab4a669114995b6803f08d09f0240] 199.204.45.222 "GET /v2.0/networks?id=bd088993-eba4-4412-8bbb-5d5163442590 HTTP/1.1" status: 200 len: 970 time: 0.0462959
2026-05-09 18:06:21.273 10 INFO neutron.wsgi [req-7614773e-9271-4100-bda1-331bfa02dfca req-f0757adb-d3b5-4f02-aa1b-6b5357859b3f 776ac5e4cd6f477687a5c90a4c2cab46 1666ee8a17de480aa8f1b766b50213a0 - - f43ab4a669114995b6803f08d09f0240 f43ab4a669114995b6803f08d09f0240] 199.204.45.222 "GET /v2.0/floatingips?fixed_ip_address=10.100.0.12&port_id=d61e436e-33e8-4034-9d12-740c746f1bd1 HTTP/1.1" status: 200 len: 217 time: 0.0524278
2026-05-09 18:06:21.290 10 INFO neutron.wsgi [req-47b0f335-7306-4aaf-a6ab-0b2ddb0cf3a8 req-e2f66f94-e2ef-4448-8d19-e2c29483bfeb 776ac5e4cd6f477687a5c90a4c2cab46 1666ee8a17de480aa8f1b766b50213a0 - - f43ab4a669114995b6803f08d09f0240 f43ab4a669114995b6803f08d09f0240] 199.204.45.222 "GET /v2.0/ports?device_id=5585552a-2f98-4e87-b164-c11fc92175e6 HTTP/1.1" status: 200 len: 1450 time: 0.0753736
2026-05-09 18:06:21.325 10 INFO neutron.wsgi [req-7614773e-9271-4100-bda1-331bfa02dfca req-84241f29-1d9e-4833-ad22-c8c32f6c71f6 776ac5e4cd6f477687a5c90a4c2cab46 1666ee8a17de480aa8f1b766b50213a0 - - f43ab4a669114995b6803f08d09f0240 f43ab4a669114995b6803f08d09f0240] 199.204.45.222 "GET /v2.0/subnets?id=65930c32-818e-471b-aa18-c9f1ab229859 HTTP/1.1" status: 200 len: 865 time: 0.0449910
2026-05-09 18:06:21.361 10 INFO neutron.wsgi [req-7614773e-9271-4100-bda1-331bfa02dfca req-fff00192-1085-4042-971c-f7cc5ad336b2 776ac5e4cd6f477687a5c90a4c2cab46 1666ee8a17de480aa8f1b766b50213a0 - - f43ab4a669114995b6803f08d09f0240 f43ab4a669114995b6803f08d09f0240] 199.204.45.222 "GET /v2.0/ports?network_id=bd088993-eba4-4412-8bbb-5d5163442590&device_owner=network%3Adhcp HTTP/1.1" status: 200 len: 210 time: 0.0266564
2026-05-09 18:06:21.366 10 INFO neutron.wsgi [req-47b0f335-7306-4aaf-a6ab-0b2ddb0cf3a8 req-33cd804c-4d6c-4355-ab4f-cb6164e8383b 776ac5e4cd6f477687a5c90a4c2cab46 1666ee8a17de480aa8f1b766b50213a0 - - f43ab4a669114995b6803f08d09f0240 f43ab4a669114995b6803f08d09f0240] 199.204.45.222 "GET /v2.0/security-groups?id=e87f33fe-92f6-47f3-8bf7-78c968b56f9c&id=c2e6eff8-ebfa-4324-bee3-85e43ad74c62&fields=id&fields=name HTTP/1.1" status: 200 len: 406 time: 0.0687141
2026-05-09 18:06:21.473 10 INFO neutron.plugins.ml2.drivers.ovn.mech_driver.mech_driver [None req-a850ca9e-322b-40b9-b2ae-a04d5e93768d - - - - - -] OVN reports status up for port: d61e436e-33e8-4034-9d12-740c746f1bd1
2026-05-09 18:06:21.477 10 INFO neutron.wsgi [req-7614773e-9271-4100-bda1-331bfa02dfca req-d0660faf-f747-44f5-9715-4e3a5cb65684 776ac5e4cd6f477687a5c90a4c2cab46 1666ee8a17de480aa8f1b766b50213a0 - - f43ab4a669114995b6803f08d09f0240 f43ab4a669114995b6803f08d09f0240] 199.204.45.222 "GET /v2.0/networks/bd088993-eba4-4412-8bbb-5d5163442590?fields=segments HTTP/1.1" status: 200 len: 212 time: 0.0828879
2026-05-09 18:06:21.500 10 INFO neutron.plugins.ml2.plugin [None req-a850ca9e-322b-40b9-b2ae-a04d5e93768d - - - - - -] Attempt 1 to provision port d61e436e-33e8-4034-9d12-740c746f1bd1
2026-05-09 18:06:21.586 10 INFO neutron.wsgi [req-7614773e-9271-4100-bda1-331bfa02dfca req-e18ad862-9508-46f5-b668-f5bc998c75c7 776ac5e4cd6f477687a5c90a4c2cab46 1666ee8a17de480aa8f1b766b50213a0 - - f43ab4a669114995b6803f08d09f0240 f43ab4a669114995b6803f08d09f0240] 199.204.45.222 "GET /v2.0/networks/bd088993-eba4-4412-8bbb-5d5163442590?fields=provider%3Aphysical_network&fields=provider%3Anetwork_type HTTP/1.1" status: 200 len: 277 time: 0.1022453
2026-05-09 18:06:21.669 9 INFO neutron.wsgi [-] 10.0.0.98 "GET / HTTP/1.1" status: 200 len: 247 time: 0.0018284
2026-05-09 18:06:21.671 9 INFO neutron.wsgi [-] 10.0.0.98 "GET / HTTP/1.1" status: 200 len: 247 time: 0.0012655
2026-05-09 18:06:21.878 10 INFO neutron.db.ovn_revision_numbers_db [None req-a850ca9e-322b-40b9-b2ae-a04d5e93768d - - - - - -] Successfully bumped revision number for resource d61e436e-33e8-4034-9d12-740c746f1bd1 (type: ports) to 4 /var/lib/openstack/lib/python3.10/site-packages/pycadf/identifier.py:71: UserWarning: Invalid uuid: neutron. To ensure interoperability, identifiers should be a valid uuid. warnings.warn(('Invalid uuid: %s. To ensure interoperability, '
2026-05-09 18:06:22.074 10 INFO neutron.wsgi [None req-506bdad1-7bd9-406b-9152-c62861e4f8f5 1cb785ec686c4cb2a40e8aef8a0b1224 28be4ec2de5a4cdba24ff7b4be535e88 - - default default] 10.0.0.133 "GET /v2.0/ports/cba9f1e3-407f-4ecf-96db-a43e166753ee HTTP/1.1" status: 200 len: 1147 time: 0.0845492
2026-05-09 18:06:22.513 10 INFO neutron.wsgi [req-3a8996ac-b440-4833-a5eb-d844167a1317 req-f8fcaa28-904b-4fee-8e2d-9751c5a877ee c7253c8ec3af45d482d8ac12a924f79b c132468cd94844ce9c0f83226fb20f9d - - default default] 10.0.0.125 "GET /v2.0/ports?device_id=5585552a-2f98-4e87-b164-c11fc92175e6 HTTP/1.1" status: 200 len: 1214 time: 0.3814449
2026-05-09 18:06:22.569 10 INFO neutron.wsgi [req-3a8996ac-b440-4833-a5eb-d844167a1317 req-3f7012d6-4f4d-4c90-a969-0875928bf60b c7253c8ec3af45d482d8ac12a924f79b c132468cd94844ce9c0f83226fb20f9d - - default default] 10.0.0.125 "GET /v2.0/security-groups?id=c2e6eff8-ebfa-4324-bee3-85e43ad74c62&id=e87f33fe-92f6-47f3-8bf7-78c968b56f9c&fields=id&fields=name HTTP/1.1" status: 200 len: 406 time: 0.0477712
2026-05-09 18:06:22.621 9 WARNING neutron_lib.context [None req-c0a21e2c-1cb0-4be4-8f40-adea28a903b5 ba2fd4a5bad44d57a85b331a752f8231 4a39fd3f84e2452086c5fbb16ef509d9 - - default default] Method 'is_advsvc' is deprecated since 2023.2 release (neutron-lib 3.8.0) and will be removed once support for the old RBAC API policies will be removed from Neutron. Please use method 'is_service_role' instead.
2026-05-09 18:06:22.751 9 INFO neutron.db.ovn_revision_numbers_db [None req-c0a21e2c-1cb0-4be4-8f40-adea28a903b5 ba2fd4a5bad44d57a85b331a752f8231 4a39fd3f84e2452086c5fbb16ef509d9 - - default default] Successfully bumped revision number for resource 26bc70fd-b474-40ec-94cb-b3232bf07ea7 (type: security_groups) to 1
2026-05-09 18:06:22.765 9 INFO neutron.db.ovn_revision_numbers_db [None req-c0a21e2c-1cb0-4be4-8f40-adea28a903b5 ba2fd4a5bad44d57a85b331a752f8231 4a39fd3f84e2452086c5fbb16ef509d9 - - default default] Successfully bumped revision number for resource 7cfdf965-f6c0-45e6-b121-f1dc08f2765b (type: security_group_rules) to 0
2026-05-09 18:06:22.789 9 INFO neutron.db.ovn_revision_numbers_db [None req-c0a21e2c-1cb0-4be4-8f40-adea28a903b5 ba2fd4a5bad44d57a85b331a752f8231 4a39fd3f84e2452086c5fbb16ef509d9 - - default default] Successfully bumped revision number for resource a12b14c8-3017-43d0-8769-1b048f62e871 (type: security_group_rules) to 0
2026-05-09 18:06:22.803 9 INFO neutron.db.ovn_revision_numbers_db [None req-c0a21e2c-1cb0-4be4-8f40-adea28a903b5 ba2fd4a5bad44d57a85b331a752f8231 4a39fd3f84e2452086c5fbb16ef509d9 - - default default] Successfully bumped revision number for resource d5a4156d-253f-4691-8302-cb17304f1c25 (type: security_group_rules) to 0
2026-05-09 18:06:22.816 9 INFO neutron.db.ovn_revision_numbers_db [None req-c0a21e2c-1cb0-4be4-8f40-adea28a903b5 ba2fd4a5bad44d57a85b331a752f8231 4a39fd3f84e2452086c5fbb16ef509d9 - - default default] Successfully bumped revision number for resource db54fd61-3ad7-474c-a3c1-c23bed4f1b20 (type: security_group_rules) to 0
2026-05-09 18:06:22.859 10 INFO neutron.notifiers.nova [-] Nova event matching ['req-de2315e0-767c-4f65-a19e-2ecd1cc46f2a'] response: {'server_uuid': '5585552a-2f98-4e87-b164-c11fc92175e6', 'name': 'network-vif-plugged', 'status': 'completed', 'tag': 'd61e436e-33e8-4034-9d12-740c746f1bd1', 'code': 200}
2026-05-09 18:06:22.859 10 INFO neutron.notifiers.nova [-] Nova event matching ['req-de2315e0-767c-4f65-a19e-2ecd1cc46f2a'] response: {'server_uuid': '5585552a-2f98-4e87-b164-c11fc92175e6', 'name': 'network-vif-plugged', 'status': 'completed', 'tag': 'd61e436e-33e8-4034-9d12-740c746f1bd1', 'code': 200}
2026-05-09 18:06:22.917 9 INFO neutron.db.ovn_revision_numbers_db [None req-c0a21e2c-1cb0-4be4-8f40-adea28a903b5 ba2fd4a5bad44d57a85b331a752f8231 4a39fd3f84e2452086c5fbb16ef509d9 - - default default] Successfully bumped revision number for resource 98b43530-12eb-495e-becd-114325a3c381 (type: security_groups) to 1
2026-05-09 18:06:22.933 9 INFO neutron.db.ovn_revision_numbers_db [None req-c0a21e2c-1cb0-4be4-8f40-adea28a903b5 ba2fd4a5bad44d57a85b331a752f8231 4a39fd3f84e2452086c5fbb16ef509d9 - - default default] Successfully bumped revision number for resource 3d5dd126-1d3d-4c3d-a6d8-f28163c95034 (type: security_group_rules) to 0
2026-05-09 18:06:22.949 9 INFO neutron.db.ovn_revision_numbers_db [None req-c0a21e2c-1cb0-4be4-8f40-adea28a903b5 ba2fd4a5bad44d57a85b331a752f8231 4a39fd3f84e2452086c5fbb16ef509d9 - - default default] Successfully bumped revision number for resource e1ba47ef-c8bf-4ca6-ab4b-6ea0547448af (type: security_group_rules) to 0
2026-05-09 18:06:22.978 9 INFO neutron.wsgi [None req-c0a21e2c-1cb0-4be4-8f40-adea28a903b5 ba2fd4a5bad44d57a85b331a752f8231 4a39fd3f84e2452086c5fbb16ef509d9 - - default default] 10.0.0.133 "POST /v2.0/security-groups HTTP/1.1" status: 201 len: 1824 time: 0.5345571
2026-05-09 18:06:23.032 9 INFO neutron.wsgi [None req-ad18a46c-b0ca-4618-90f2-38690770ce6d ba2fd4a5bad44d57a85b331a752f8231 4a39fd3f84e2452086c5fbb16ef509d9 - - default default] 10.0.0.133 "GET /v2.0/security-groups HTTP/1.1" status: 200 len: 4724 time: 0.0485318
2026-05-09 18:06:23.128 10 INFO neutron.wsgi [None req-fbd737f9-4402-4db3-93fc-999723cc7fc8 1cb785ec686c4cb2a40e8aef8a0b1224 28be4ec2de5a4cdba24ff7b4be535e88 - - default default] 10.0.0.133 "GET /v2.0/ports/cba9f1e3-407f-4ecf-96db-a43e166753ee HTTP/1.1" status: 200 len: 1147 time: 0.0469439
2026-05-09 18:06:23.131 9 INFO neutron.db.ovn_revision_numbers_db [None req-bb26ca6b-d5aa-4c5a-b4ee-8323702cdea6 ba2fd4a5bad44d57a85b331a752f8231 4a39fd3f84e2452086c5fbb16ef509d9 - - default default] Successfully bumped revision number for resource 98b43530-12eb-495e-becd-114325a3c381 (type: security_groups) to 2
2026-05-09 18:06:23.134 9 INFO neutron.wsgi [None req-bb26ca6b-d5aa-4c5a-b4ee-8323702cdea6 ba2fd4a5bad44d57a85b331a752f8231 4a39fd3f84e2452086c5fbb16ef509d9 - - default default] 10.0.0.133 "PUT /v2.0/security-groups/98b43530-12eb-495e-becd-114325a3c381 HTTP/1.1" status: 200 len: 1857 time: 0.0973420
2026-05-09 18:06:23.169 10 INFO neutron.wsgi [None req-f28ea277-6afa-4d88-92fe-633f0db1ff6d ba2fd4a5bad44d57a85b331a752f8231 4a39fd3f84e2452086c5fbb16ef509d9 - - default default] 10.0.0.133 "GET /v2.0/security-groups/98b43530-12eb-495e-becd-114325a3c381 HTTP/1.1" status: 200 len: 1857 time: 0.0292978
2026-05-09 18:06:23.318 10 INFO neutron.wsgi [None req-3336c18b-6ff8-42e5-bec2-af88634d17da ba2fd4a5bad44d57a85b331a752f8231 4a39fd3f84e2452086c5fbb16ef509d9 - - default default] 10.0.0.133 "DELETE /v2.0/security-groups/98b43530-12eb-495e-becd-114325a3c381 HTTP/1.1" status: 204 len: 168 time: 0.1431689
2026-05-09 18:06:23.364 10 INFO neutron.wsgi [None req-80881351-16d9-4c2c-9a65-37aae48870d9 ba2fd4a5bad44d57a85b331a752f8231 4a39fd3f84e2452086c5fbb16ef509d9 - - default default] 10.0.0.133 "GET /v2.0/security-groups HTTP/1.1" status: 200 len: 3120 time: 0.0414655
2026-05-09 18:06:23.380 10 INFO neutron.api.v2.resource [None req-a19ccdea-3e74-4905-aa27-e67bd25e3baf ba2fd4a5bad44d57a85b331a752f8231 4a39fd3f84e2452086c5fbb16ef509d9 - - default default] delete failed (client error): The resource could not be found.
2026-05-09 18:06:23.381 10 INFO neutron.wsgi [None req-a19ccdea-3e74-4905-aa27-e67bd25e3baf ba2fd4a5bad44d57a85b331a752f8231 4a39fd3f84e2452086c5fbb16ef509d9 - - default default] 10.0.0.133 "DELETE /v2.0/security-groups/98b43530-12eb-495e-becd-114325a3c381 HTTP/1.1" status: 404 len: 347 time: 0.0132928
2026-05-09 18:06:23.396 10 WARNING neutron_lib.context [None req-fbd16869-2f92-4604-ace9-8f28b6201231 ba2fd4a5bad44d57a85b331a752f8231 4a39fd3f84e2452086c5fbb16ef509d9 - - default default] Method 'is_advsvc' is deprecated since 2023.2 release (neutron-lib 3.8.0) and will be removed once support for the old RBAC API policies will be removed from Neutron. Please use method 'is_service_role' instead.
2026-05-09 18:06:23.525 10 INFO neutron.db.ovn_revision_numbers_db [None req-fbd16869-2f92-4604-ace9-8f28b6201231 ba2fd4a5bad44d57a85b331a752f8231 4a39fd3f84e2452086c5fbb16ef509d9 - - default default] Successfully bumped revision number for resource c3fce93f-dd30-40e6-983d-e1a3abbf6bd6 (type: security_groups) to 1
2026-05-09 18:06:23.541 10 INFO neutron.db.ovn_revision_numbers_db [None req-fbd16869-2f92-4604-ace9-8f28b6201231 ba2fd4a5bad44d57a85b331a752f8231 4a39fd3f84e2452086c5fbb16ef509d9 - - default default] Successfully bumped revision number for resource 2b0657ac-26ae-4d95-91d6-5366931a5cd9 (type: security_group_rules) to 0
2026-05-09 18:06:23.556 10 INFO neutron.db.ovn_revision_numbers_db [None req-fbd16869-2f92-4604-ace9-8f28b6201231 ba2fd4a5bad44d57a85b331a752f8231 4a39fd3f84e2452086c5fbb16ef509d9 - - default default] Successfully bumped revision number for resource 6892bfee-6644-4f82-be61-c1c55b3c7b25 (type: security_group_rules) to 0
2026-05-09 18:06:23.585 10 INFO neutron.wsgi [None req-fbd16869-2f92-4604-ace9-8f28b6201231 ba2fd4a5bad44d57a85b331a752f8231 4a39fd3f84e2452086c5fbb16ef509d9 - - default default] 10.0.0.133 "POST /v2.0/security-groups HTTP/1.1" status: 201 len: 1825 time: 0.1950576
2026-05-09 18:06:23.597 9 WARNING neutron_lib.context [None req-6fd33929-3fb4-443f-922b-30802116b823 ba2fd4a5bad44d57a85b331a752f8231 4a39fd3f84e2452086c5fbb16ef509d9 - - default default] Method 'is_advsvc' is deprecated since 2023.2 release (neutron-lib 3.8.0) and will be removed once support for the old RBAC API policies will be removed from Neutron. Please use method 'is_service_role' instead.
2026-05-09 18:06:23.670 10 INFO neutron.wsgi [req-6d193d77-0cb0-4377-bb4f-577059d3af8f req-e3ac112a-53cb-4d66-9a1e-884ad950aa0b c7253c8ec3af45d482d8ac12a924f79b c132468cd94844ce9c0f83226fb20f9d - - default default] 10.0.0.125 "GET /v2.0/ports?device_id=5585552a-2f98-4e87-b164-c11fc92175e6 HTTP/1.1" status: 200 len: 1214 time: 0.0388665
2026-05-09 18:06:23.724 10 INFO neutron.wsgi [req-6d193d77-0cb0-4377-bb4f-577059d3af8f req-eb76bffd-9c3a-4fe1-a00a-d4cc56dcab8b c7253c8ec3af45d482d8ac12a924f79b c132468cd94844ce9c0f83226fb20f9d - - default default] 10.0.0.125 "GET /v2.0/security-groups?id=c2e6eff8-ebfa-4324-bee3-85e43ad74c62&id=e87f33fe-92f6-47f3-8bf7-78c968b56f9c&fields=id&fields=name HTTP/1.1" status: 200 len: 406 time: 0.0470815
2026-05-09 18:06:23.727 9 INFO neutron.db.ovn_revision_numbers_db [None req-6fd33929-3fb4-443f-922b-30802116b823 ba2fd4a5bad44d57a85b331a752f8231 4a39fd3f84e2452086c5fbb16ef509d9 - - default default] Successfully bumped revision number for resource f3d6991f-1183-48de-a583-0d6d7d82a717 (type: security_group_rules) to 0
2026-05-09 18:06:23.761 9 INFO neutron.wsgi [None req-6fd33929-3fb4-443f-922b-30802116b823 ba2fd4a5bad44d57a85b331a752f8231 4a39fd3f84e2452086c5fbb16ef509d9 - - default default] 10.0.0.133 "POST /v2.0/security-group-rules HTTP/1.1" status: 201 len: 800 time: 0.1713853
2026-05-09 18:06:23.786 9 INFO neutron.wsgi [None req-5b177322-7dae-4634-8230-416755deddf6 ba2fd4a5bad44d57a85b331a752f8231 4a39fd3f84e2452086c5fbb16ef509d9 - - default default] 10.0.0.133 "GET /v2.0/security-group-rules/f3d6991f-1183-48de-a583-0d6d7d82a717 HTTP/1.1" status: 200 len: 795 time: 0.0206091
2026-05-09 18:06:23.886 9 INFO neutron.wsgi [req-2cfa4d25-c675-4080-ae08-00db89d1b650 req-dc2447fb-ee60-4f4c-b49c-cd396443c9b6 c7253c8ec3af45d482d8ac12a924f79b c132468cd94844ce9c0f83226fb20f9d - - default default] 10.0.0.125 "GET /v2.0/ports?device_id=5585552a-2f98-4e87-b164-c11fc92175e6 HTTP/1.1" status: 200 len: 1214 time: 0.0975792
2026-05-09 18:06:23.906 10 INFO neutron.wsgi [None req-cf3300e7-2713-4ff9-b882-4ba2f6ffbf00 ba2fd4a5bad44d57a85b331a752f8231 4a39fd3f84e2452086c5fbb16ef509d9 - - default default] 10.0.0.133 "GET /v2.0/security-group-rules HTTP/1.1" status: 200 len: 4333 time: 0.1155577
2026-05-09 18:06:24.134 9 INFO neutron.wsgi [None req-67652681-ce4a-43c0-8fa0-0d03adffa0c7 ba2fd4a5bad44d57a85b331a752f8231 4a39fd3f84e2452086c5fbb16ef509d9 - - default default] 10.0.0.133 "DELETE /v2.0/security-group-rules/f3d6991f-1183-48de-a583-0d6d7d82a717 HTTP/1.1" status: 204 len: 168 time: 0.2241180
2026-05-09 18:06:24.173 10 INFO neutron.wsgi [None req-c0b9272c-5666-4b5a-9414-ee6b6ea48516 1cb785ec686c4cb2a40e8aef8a0b1224 28be4ec2de5a4cdba24ff7b4be535e88 - - default default] 10.0.0.133 "GET /v2.0/ports/cba9f1e3-407f-4ecf-96db-a43e166753ee HTTP/1.1" status: 200 len: 1147 time: 0.0395153
2026-05-09 18:06:24.546 9 INFO neutron.wsgi [None req-5ce1a355-da19-473c-9615-87a28cbef5a8 ba2fd4a5bad44d57a85b331a752f8231 4a39fd3f84e2452086c5fbb16ef509d9 - - default default] 10.0.0.133 "GET /v2.0/security-group-rules HTTP/1.1" status: 200 len: 3755 time: 0.4080977
2026-05-09 18:06:24.555 9 WARNING neutron_lib.context [None req-b611a9d4-eb04-4925-93f2-755a1fdd446d ba2fd4a5bad44d57a85b331a752f8231 4a39fd3f84e2452086c5fbb16ef509d9 - - default default] Method 'is_advsvc' is deprecated since 2023.2 release (neutron-lib 3.8.0) and will be removed once support for the old RBAC API policies will be removed from Neutron. Please use method 'is_service_role' instead.
2026-05-09 18:06:24.698 10 INFO neutron.wsgi [req-7f9056aa-426a-4d5b-b66b-46ca752b1908 req-509484f6-ef16-4b92-a5c7-9ae85e84501f 776ac5e4cd6f477687a5c90a4c2cab46 1666ee8a17de480aa8f1b766b50213a0 - - f43ab4a669114995b6803f08d09f0240 f43ab4a669114995b6803f08d09f0240] 199.204.45.222 "GET /v2.0/ports?device_id=5585552a-2f98-4e87-b164-c11fc92175e6&fields=binding%3Ahost_id&fields=binding%3Avif_type HTTP/1.1" status: 200 len: 265 time: 0.0417740
2026-05-09 18:06:24.751 9 INFO neutron.db.ovn_revision_numbers_db [None req-b611a9d4-eb04-4925-93f2-755a1fdd446d ba2fd4a5bad44d57a85b331a752f8231 4a39fd3f84e2452086c5fbb16ef509d9 - - default default] Successfully bumped revision number for resource ffcede1d-9a3f-4a59-8cb6-c1d348359403 (type: security_group_rules) to 0
2026-05-09 18:06:24.784 9 INFO neutron.wsgi [None req-b611a9d4-eb04-4925-93f2-755a1fdd446d ba2fd4a5bad44d57a85b331a752f8231 4a39fd3f84e2452086c5fbb16ef509d9 - - default default] 10.0.0.133 "POST /v2.0/security-group-rules HTTP/1.1" status: 201 len: 800 time: 0.2321553
2026-05-09 18:06:24.797 10 INFO neutron.wsgi [req-7f9056aa-426a-4d5b-b66b-46ca752b1908 req-d54c57b4-3ef9-4e81-9707-0e0d30e0853d 776ac5e4cd6f477687a5c90a4c2cab46 1666ee8a17de480aa8f1b766b50213a0 - - f43ab4a669114995b6803f08d09f0240 f43ab4a669114995b6803f08d09f0240] 199.204.45.222 "GET /v2.0/ports?tenant_id=c132468cd94844ce9c0f83226fb20f9d&device_id=5585552a-2f98-4e87-b164-c11fc92175e6 HTTP/1.1" status: 200 len: 1452 time: 0.0408170
2026-05-09 18:06:24.808 9 INFO neutron.wsgi [None req-5e8275e6-a3a3-4123-bf0b-c7c77c99abb4 ba2fd4a5bad44d57a85b331a752f8231 4a39fd3f84e2452086c5fbb16ef509d9 - - default default] 10.0.0.133 "GET /v2.0/security-group-rules/ffcede1d-9a3f-4a59-8cb6-c1d348359403 HTTP/1.1" status: 200 len: 795 time: 0.0195179
2026-05-09 18:06:24.866 9 WARNING neutron.plugins.ml2.drivers.ovn.mech_driver.ovsdb.ovn_client [None req-92ca9d30-b5f6-46a0-83a6-a6bebe0da3ef - - - - - -] No hosting information found for port 053bfe5b-18c8-4ea7-a1f8-d66f37ff323c: RuntimeError: No hosting information found for port 053bfe5b-18c8-4ea7-a1f8-d66f37ff323c
2026-05-09 18:06:24.866 9 INFO neutron.plugins.ml2.drivers.ovn.mech_driver.mech_driver [None req-92ca9d30-b5f6-46a0-83a6-a6bebe0da3ef - - - - - -] OVN reports status up for port: cba9f1e3-407f-4ecf-96db-a43e166753ee
2026-05-09 18:06:24.872 9 INFO neutron.plugins.ml2.plugin [None req-92ca9d30-b5f6-46a0-83a6-a6bebe0da3ef - - - - - -] Attempt 1 to provision port cba9f1e3-407f-4ecf-96db-a43e166753ee
2026-05-09 18:06:24.882 9 INFO neutron.db.ovn_revision_numbers_db [None req-9e427ee6-1e5b-4706-ab3b-4f1e2ed2b7a5 c7253c8ec3af45d482d8ac12a924f79b c132468cd94844ce9c0f83226fb20f9d - - default default] Successfully bumped revision number for resource 1f566ec7-4b2f-4400-8078-d81606ac6708 (type: floatingips) to 1
2026-05-09 18:06:24.895 10 INFO neutron.wsgi [req-7f9056aa-426a-4d5b-b66b-46ca752b1908 req-a58eda5c-00d2-4286-b5ad-712358e330e8 776ac5e4cd6f477687a5c90a4c2cab46 1666ee8a17de480aa8f1b766b50213a0 - - f43ab4a669114995b6803f08d09f0240 f43ab4a669114995b6803f08d09f0240] 199.204.45.222 "GET /v2.0/networks?id=bd088993-eba4-4412-8bbb-5d5163442590 HTTP/1.1" status: 200 len: 970 time: 0.0682070
2026-05-09 18:06:24.935 10 INFO neutron.wsgi [None req-41e1e972-8cf6-4200-9951-ecf8d8cb02ca ba2fd4a5bad44d57a85b331a752f8231 4a39fd3f84e2452086c5fbb16ef509d9 - - default default] 10.0.0.133 "GET /v2.0/security-group-rules HTTP/1.1" status: 200 len: 4333 time: 0.1207891
2026-05-09 18:06:24.976 10 INFO neutron.wsgi [req-7f9056aa-426a-4d5b-b66b-46ca752b1908 req-0836fe17-75ca-4238-90d5-2c9757060062 776ac5e4cd6f477687a5c90a4c2cab46 1666ee8a17de480aa8f1b766b50213a0 - - f43ab4a669114995b6803f08d09f0240 f43ab4a669114995b6803f08d09f0240] 199.204.45.222 "GET /v2.0/floatingips?fixed_ip_address=10.100.0.12&port_id=d61e436e-33e8-4034-9d12-740c746f1bd1 HTTP/1.1" status: 200 len: 1058 time: 0.0754001
2026-05-09 18:06:25.014 10 INFO neutron.wsgi [req-7f9056aa-426a-4d5b-b66b-46ca752b1908 req-7db2e9a2-6ef2-4373-a06e-95264f6798ba 776ac5e4cd6f477687a5c90a4c2cab46 1666ee8a17de480aa8f1b766b50213a0 - - f43ab4a669114995b6803f08d09f0240 f43ab4a669114995b6803f08d09f0240] 199.204.45.222 "GET /v2.0/subnets?id=65930c32-818e-471b-aa18-c9f1ab229859 HTTP/1.1" status: 200 len: 865 time: 0.0325763
2026-05-09 18:06:25.038 9 INFO neutron.db.ovn_revision_numbers_db [None req-9e427ee6-1e5b-4706-ab3b-4f1e2ed2b7a5 c7253c8ec3af45d482d8ac12a924f79b c132468cd94844ce9c0f83226fb20f9d - - default default] Successfully bumped revision number for resource 1f566ec7-4b2f-4400-8078-d81606ac6708 (type: floatingips) to 2
2026-05-09 18:06:25.039 9 INFO neutron.db.l3_db [None req-9e427ee6-1e5b-4706-ab3b-4f1e2ed2b7a5 c7253c8ec3af45d482d8ac12a924f79b c132468cd94844ce9c0f83226fb20f9d - - default default] Floating IP 1f566ec7-4b2f-4400-8078-d81606ac6708 associated. External IP: 10.96.250.205, port: d61e436e-33e8-4034-9d12-740c746f1bd1.
2026-05-09 18:06:25.041 10 INFO neutron.wsgi [req-7f9056aa-426a-4d5b-b66b-46ca752b1908 req-9592cf26-c0c2-4e2b-a072-fe8f52a3a4fb 776ac5e4cd6f477687a5c90a4c2cab46 1666ee8a17de480aa8f1b766b50213a0 - - f43ab4a669114995b6803f08d09f0240 f43ab4a669114995b6803f08d09f0240] 199.204.45.222 "GET /v2.0/ports?network_id=bd088993-eba4-4412-8bbb-5d5163442590&device_owner=network%3Adhcp HTTP/1.1" status: 200 len: 210 time: 0.0186417
2026-05-09 18:06:25.082 9 INFO neutron.wsgi [None req-9e427ee6-1e5b-4706-ab3b-4f1e2ed2b7a5 c7253c8ec3af45d482d8ac12a924f79b c132468cd94844ce9c0f83226fb20f9d - - default default] 10.0.0.133 "PUT /v2.0/floatingips/1f566ec7-4b2f-4400-8078-d81606ac6708 HTTP/1.1" status: 200 len: 1050 time: 1.1823778
2026-05-09 18:06:25.116 10 INFO neutron.wsgi [req-7f9056aa-426a-4d5b-b66b-46ca752b1908 req-5f5e1be3-ff4e-4115-8723-0575a787fb05 776ac5e4cd6f477687a5c90a4c2cab46 1666ee8a17de480aa8f1b766b50213a0 - - f43ab4a669114995b6803f08d09f0240 f43ab4a669114995b6803f08d09f0240] 199.204.45.222 "GET /v2.0/networks/bd088993-eba4-4412-8bbb-5d5163442590?fields=segments HTTP/1.1" status: 200 len: 212 time: 0.0643127
2026-05-09 18:06:25.120 10 INFO neutron.wsgi [None req-18e84818-4aa0-4a4c-a230-ed69500b5de0 ba2fd4a5bad44d57a85b331a752f8231 4a39fd3f84e2452086c5fbb16ef509d9 - - default default] 10.0.0.133 "DELETE /v2.0/security-group-rules/ffcede1d-9a3f-4a59-8cb6-c1d348359403 HTTP/1.1" status: 204 len: 168 time: 0.1817024
2026-05-09 18:06:25.133 9 INFO neutron.notifiers.nova [-] Nova event matching ['req-57fbc271-3628-4dc4-a132-0c23c4f31371'] response: {'name': 'network-changed', 'server_uuid': '5585552a-2f98-4e87-b164-c11fc92175e6', 'tag': 'd61e436e-33e8-4034-9d12-740c746f1bd1', 'status': 'completed', 'code': 200}
2026-05-09 18:06:25.169 10 INFO neutron.wsgi [req-7f9056aa-426a-4d5b-b66b-46ca752b1908 req-cb8d6916-f6ba-462c-9fac-2efb6f352821 776ac5e4cd6f477687a5c90a4c2cab46 1666ee8a17de480aa8f1b766b50213a0 - - f43ab4a669114995b6803f08d09f0240 f43ab4a669114995b6803f08d09f0240] 199.204.45.222 "GET /v2.0/networks/bd088993-eba4-4412-8bbb-5d5163442590?fields=provider%3Aphysical_network&fields=provider%3Anetwork_type HTTP/1.1" status: 200 len: 277 time: 0.0470309
2026-05-09 18:06:25.204 9 INFO neutron.wsgi [None req-4a0d1526-fc78-4c36-b813-ddc5dd7790f8 ba2fd4a5bad44d57a85b331a752f8231 4a39fd3f84e2452086c5fbb16ef509d9 - - default default] 10.0.0.133 "GET /v2.0/security-group-rules HTTP/1.1" status: 200 len: 3755 time: 0.0777347
2026-05-09 18:06:25.214 10 INFO neutron.wsgi [None req-d64d42fd-528c-4240-870a-5961054c82ac 1cb785ec686c4cb2a40e8aef8a0b1224 28be4ec2de5a4cdba24ff7b4be535e88 - - default default] 10.0.0.133 "GET /v2.0/ports/cba9f1e3-407f-4ecf-96db-a43e166753ee HTTP/1.1" status: 200 len: 1149 time: 0.0361133
2026-05-09 18:06:25.221 10 WARNING neutron_lib.context [None req-6db13b37-fe97-472f-b187-50a607df239f ba2fd4a5bad44d57a85b331a752f8231 4a39fd3f84e2452086c5fbb16ef509d9 - - default default] Method 'is_advsvc' is deprecated since 2023.2 release (neutron-lib 3.8.0) and will be removed once support for the old RBAC API policies will be removed from Neutron. Please use method 'is_service_role' instead.
2026-05-09 18:06:25.265 10 INFO neutron.wsgi [req-ee1ac732-51b8-4383-8897-fb604ec10e22 req-b2920302-d0be-4541-862c-033b47ff1b88 776ac5e4cd6f477687a5c90a4c2cab46 1666ee8a17de480aa8f1b766b50213a0 - - f43ab4a669114995b6803f08d09f0240 f43ab4a669114995b6803f08d09f0240] 199.204.45.222 "GET /v2.0/ports?tenant_id=c132468cd94844ce9c0f83226fb20f9d&device_id=5585552a-2f98-4e87-b164-c11fc92175e6 HTTP/1.1" status: 200 len: 1452 time: 0.0508411
2026-05-09 18:06:25.277 10 INFO neutron.db.securitygroups_db [None req-6db13b37-fe97-472f-b187-50a607df239f ba2fd4a5bad44d57a85b331a752f8231 4a39fd3f84e2452086c5fbb16ef509d9 - - default default] Project 4a39fd3f84e2452086c5fbb16ef509d9 added a security group rule with legacy IPv6 ICMP protocol name icmp, ipv6-icmp should be used instead. It was automatically converted.
2026-05-09 18:06:25.330 10 INFO neutron.wsgi [req-ee1ac732-51b8-4383-8897-fb604ec10e22 req-cf47bdc5-2a09-42ac-8d43-4f37a318d7cc 776ac5e4cd6f477687a5c90a4c2cab46 1666ee8a17de480aa8f1b766b50213a0 - - f43ab4a669114995b6803f08d09f0240 f43ab4a669114995b6803f08d09f0240] 199.204.45.222 "GET /v2.0/networks?id=bd088993-eba4-4412-8bbb-5d5163442590 HTTP/1.1" status: 200 len: 970 time: 0.0601847
2026-05-09 18:06:25.385 10 INFO neutron.wsgi [req-ee1ac732-51b8-4383-8897-fb604ec10e22 req-5e8884e1-6b7b-44be-8b8b-c00fab53b859 776ac5e4cd6f477687a5c90a4c2cab46 1666ee8a17de480aa8f1b766b50213a0 - - f43ab4a669114995b6803f08d09f0240 f43ab4a669114995b6803f08d09f0240] 199.204.45.222 "GET /v2.0/floatingips?fixed_ip_address=10.100.0.12&port_id=d61e436e-33e8-4034-9d12-740c746f1bd1 HTTP/1.1" status: 200 len: 1060 time: 0.0500715
2026-05-09 18:06:25.398 10 INFO neutron.db.ovn_revision_numbers_db [None req-6db13b37-fe97-472f-b187-50a607df239f ba2fd4a5bad44d57a85b331a752f8231 4a39fd3f84e2452086c5fbb16ef509d9 - - default default] Successfully bumped revision number for resource ccd7835a-b024-4b92-9f65-6e2c03938de5 (type: security_group_rules) to 0
2026-05-09 18:06:25.403 9 INFO neutron.db.ovn_revision_numbers_db [None req-92ca9d30-b5f6-46a0-83a6-a6bebe0da3ef - - - - - -] Successfully bumped revision number for resource cba9f1e3-407f-4ecf-96db-a43e166753ee (type: ports) to 2
2026-05-09 18:06:25.426 10 INFO neutron.wsgi [None req-6db13b37-fe97-472f-b187-50a607df239f ba2fd4a5bad44d57a85b331a752f8231 4a39fd3f84e2452086c5fbb16ef509d9 - - default default] 10.0.0.133 "POST /v2.0/security-group-rules HTTP/1.1" status: 201 len: 806 time: 0.2109830
2026-05-09 18:06:25.446 10 INFO neutron.wsgi [req-ee1ac732-51b8-4383-8897-fb604ec10e22 req-9d70eddc-b01b-46cf-8be9-acc2a9c183a1 776ac5e4cd6f477687a5c90a4c2cab46 1666ee8a17de480aa8f1b766b50213a0 - - f43ab4a669114995b6803f08d09f0240 f43ab4a669114995b6803f08d09f0240] 199.204.45.222 "GET /v2.0/subnets?id=65930c32-818e-471b-aa18-c9f1ab229859 HTTP/1.1" status: 200 len: 865 time: 0.0552170
2026-05-09 18:06:25.452 10 INFO neutron.wsgi [None req-93f752c9-d898-40cb-b5db-35a96a328291 ba2fd4a5bad44d57a85b331a752f8231 4a39fd3f84e2452086c5fbb16ef509d9 - - default default] 10.0.0.133 "GET /v2.0/security-group-rules/ccd7835a-b024-4b92-9f65-6e2c03938de5 HTTP/1.1" status: 200 len: 801 time: 0.0181906
2026-05-09 18:06:25.471 10 INFO neutron.wsgi [req-ee1ac732-51b8-4383-8897-fb604ec10e22 req-957f2440-7f06-4754-9cd4-7ba0f19580c6 776ac5e4cd6f477687a5c90a4c2cab46 1666ee8a17de480aa8f1b766b50213a0 - - f43ab4a669114995b6803f08d09f0240 f43ab4a669114995b6803f08d09f0240] 199.204.45.222 "GET /v2.0/ports?network_id=bd088993-eba4-4412-8bbb-5d5163442590&device_owner=network%3Adhcp HTTP/1.1" status: 200 len: 210 time: 0.0193858
2026-05-09 18:06:25.538 10 INFO neutron.wsgi [req-ee1ac732-51b8-4383-8897-fb604ec10e22 req-e8f05610-4676-4fa3-a2c7-99012eb0a5c0 776ac5e4cd6f477687a5c90a4c2cab46 1666ee8a17de480aa8f1b766b50213a0 - - f43ab4a669114995b6803f08d09f0240 f43ab4a669114995b6803f08d09f0240] 199.204.45.222 "GET /v2.0/networks/bd088993-eba4-4412-8bbb-5d5163442590?fields=segments HTTP/1.1" status: 200 len: 212 time: 0.0595016
2026-05-09 18:06:25.611 10 INFO neutron.wsgi [req-ee1ac732-51b8-4383-8897-fb604ec10e22 req-bd8d5d64-62ad-4b15-80a1-142e3196f34f 776ac5e4cd6f477687a5c90a4c2cab46 1666ee8a17de480aa8f1b766b50213a0 - - f43ab4a669114995b6803f08d09f0240 f43ab4a669114995b6803f08d09f0240] 199.204.45.222 "GET /v2.0/networks/bd088993-eba4-4412-8bbb-5d5163442590?fields=provider%3Aphysical_network&fields=provider%3Anetwork_type HTTP/1.1" status: 200 len: 277 time: 0.0652347
2026-05-09 18:06:25.828 9 INFO neutron.wsgi [None req-503da496-02d0-46c6-89af-40b11bcb4a69 ba2fd4a5bad44d57a85b331a752f8231 4a39fd3f84e2452086c5fbb16ef509d9 - - default default] 10.0.0.133 "GET /v2.0/security-group-rules HTTP/1.1" status: 200 len: 4339 time: 0.3693185
2026-05-09 18:06:25.862 9 INFO neutron.db.ovn_revision_numbers_db [None req-92ca9d30-b5f6-46a0-83a6-a6bebe0da3ef - - - - - -] Successfully bumped revision number for resource cba9f1e3-407f-4ecf-96db-a43e166753ee (type: router_ports) to 2
2026-05-09 18:06:25.988 10 INFO neutron.wsgi [None req-96140fa1-49d0-4ffd-a65c-51d5ace8c31b ba2fd4a5bad44d57a85b331a752f8231 4a39fd3f84e2452086c5fbb16ef509d9 - - default default] 10.0.0.133 "DELETE /v2.0/security-group-rules/ccd7835a-b024-4b92-9f65-6e2c03938de5 HTTP/1.1" status: 204 len: 168 time: 0.1541827
2026-05-09 18:06:26.065 10 INFO neutron.wsgi [None req-cfaf45d1-6e8d-4a0b-8782-fad9f2250aa3 ba2fd4a5bad44d57a85b331a752f8231 4a39fd3f84e2452086c5fbb16ef509d9 - - default default] 10.0.0.133 "GET /v2.0/security-group-rules HTTP/1.1" status: 200 len: 3755 time: 0.0708125
2026-05-09 18:06:26.182 10 INFO neutron.wsgi [None req-29aad7dc-cbc7-4932-ba30-ddb90f871100 ba2fd4a5bad44d57a85b331a752f8231 4a39fd3f84e2452086c5fbb16ef509d9 - - default default] 10.0.0.133 "DELETE /v2.0/security-groups/c3fce93f-dd30-40e6-983d-e1a3abbf6bd6 HTTP/1.1" status: 204 len: 168 time: 0.1126401
2026-05-09 18:06:26.255 9 INFO neutron.wsgi [None req-ec9e06c8-3b77-4838-b178-14805b2dd941 ba2fd4a5bad44d57a85b331a752f8231 4a39fd3f84e2452086c5fbb16ef509d9 - - default default] 10.0.0.133 "GET /v2.0/security-groups HTTP/1.1" status: 200 len: 3120 time: 0.0687840
2026-05-09 18:06:26.313 10 INFO neutron.wsgi [None req-2a496334-60a2-4513-a989-d623a03153ca ba2fd4a5bad44d57a85b331a752f8231 4a39fd3f84e2452086c5fbb16ef509d9 - - default default] 10.0.0.133 "GET /v2.0/security-groups HTTP/1.1" status: 200 len: 3120 time: 0.0486333
2026-05-09 18:06:26.363 9 INFO neutron.wsgi [None req-3d7b5783-80f1-49c8-b2b9-3cda06484fee 1cb785ec686c4cb2a40e8aef8a0b1224 28be4ec2de5a4cdba24ff7b4be535e88 - - default default] 10.0.0.133 "PUT /v2.0/routers/899ca689-cd8d-426a-aeba-88717516349b/remove_router_interface HTTP/1.1" status: 200 len: 503 time: 1.1442199
2026-05-09 18:06:26.461 10 INFO neutron.wsgi [None req-8aefe1f1-1ae6-481f-82cd-e2f0938a372b 1cb785ec686c4cb2a40e8aef8a0b1224 28be4ec2de5a4cdba24ff7b4be535e88 - - default default] 10.0.0.133 "GET /v2.0/ports/431f9a18-ebbb-4fde-a504-90abfdf807e6 HTTP/1.1" status: 200 len: 1141 time: 0.0903320 /var/lib/openstack/lib/python3.10/site-packages/pycadf/identifier.py:71: UserWarning: Invalid uuid: neutron. To ensure interoperability, identifiers should be a valid uuid. warnings.warn(('Invalid uuid: %s. To ensure interoperability, '
2026-05-09 18:06:26.995 9 INFO neutron.wsgi [None req-3b93ba48-a394-48df-8e9c-c00bb528ec0e b0c879c99dad44d09219c314d35f57e4 a5452024624c4173a9384ae077addd82 - - default default] 10.0.0.133 "GET /v2.0/security-groups?tenant_id=4a39fd3f84e2452086c5fbb16ef509d9&name=default HTTP/1.1" status: 200 len: 3120 time: 0.1612859
2026-05-09 18:06:27.200 9 INFO neutron.wsgi [None req-482e775e-b224-4538-be99-513c2a79a23f b0c879c99dad44d09219c314d35f57e4 a5452024624c4173a9384ae077addd82 - - default default] 10.0.0.133 "DELETE /v2.0/security-groups/26bc70fd-b474-40ec-94cb-b3232bf07ea7 HTTP/1.1" status: 204 len: 168 time: 0.1992168
2026-05-09 18:06:27.406 10 INFO neutron.wsgi [None req-c78268a8-2cb2-4558-9558-37b9c99538a0 1cb785ec686c4cb2a40e8aef8a0b1224 28be4ec2de5a4cdba24ff7b4be535e88 - - default default] 10.0.0.133 "PUT /v2.0/routers/899ca689-cd8d-426a-aeba-88717516349b/remove_router_interface HTTP/1.1" status: 200 len: 503 time: 0.9390249 /var/lib/openstack/lib/python3.10/site-packages/pycadf/identifier.py:71: UserWarning: Invalid uuid: neutron. To ensure interoperability, identifiers should be a valid uuid. warnings.warn(('Invalid uuid: %s. To ensure interoperability, '
2026-05-09 18:06:27.435 10 INFO neutron.wsgi [None req-a209b3b9-f9e3-4138-a1d8-192c4b05eb74 1cb785ec686c4cb2a40e8aef8a0b1224 28be4ec2de5a4cdba24ff7b4be535e88 - - default default] 10.0.0.133 "GET /v2.0/ports?device_id=899ca689-cd8d-426a-aeba-88717516349b HTTP/1.1" status: 200 len: 205 time: 0.0235693
2026-05-09 18:06:27.661 10 INFO neutron.wsgi [None req-38126427-717f-459b-b24d-6164e82fc1eb 1cb785ec686c4cb2a40e8aef8a0b1224 28be4ec2de5a4cdba24ff7b4be535e88 - - default default] 10.0.0.133 "DELETE /v2.0/routers/899ca689-cd8d-426a-aeba-88717516349b HTTP/1.1" status: 204 len: 168 time: 0.2219718
2026-05-09 18:06:27.849 10 INFO neutron.wsgi [None req-cc486979-6bcc-4996-b7e5-7aaadceb662a 1cb785ec686c4cb2a40e8aef8a0b1224 28be4ec2de5a4cdba24ff7b4be535e88 - - default default] 10.0.0.133 "DELETE /v2.0/subnets/07fedbe2-6a84-446f-a457-ae17251d3791 HTTP/1.1" status: 204 len: 168 time: 0.1828718
2026-05-09 18:06:28.016 10 INFO neutron.wsgi [None req-3af45061-6e80-4068-81f8-33b6fa2331fb 1cb785ec686c4cb2a40e8aef8a0b1224 28be4ec2de5a4cdba24ff7b4be535e88 - - default default] 10.0.0.133 "DELETE /v2.0/subnets/d5ec3b5e-fbeb-4c49-8ba9-ecb75b48a7ea HTTP/1.1" status: 204 len: 168 time: 0.1614771
2026-05-09 18:06:28.366 10 INFO neutron.services.segments.plugin [-] Segment f6f101f1-28d1-442a-8326-377d5e95575e resource provider aggregate not found
2026-05-09 18:06:28.369 10 INFO neutron.services.segments.plugin [-] Segment f6f101f1-28d1-442a-8326-377d5e95575e resource provider aggregate not found
2026-05-09 18:06:28.385 10 INFO neutron.services.segments.plugin [-] Segment f6f101f1-28d1-442a-8326-377d5e95575e resource provider not found; error: Placement Client Error (4xx): {"errors": [{"status": 404, "title": "Not Found", "detail": "The resource could not be found.\n\n No resource provider with uuid f6f101f1-28d1-442a-8326-377d5e95575e found for delete ", "request_id": "req-6ae6109b-db0a-4ede-97b9-a1ae24269d12"}]}
