May 09 09:03:16.418889 np0000173063 nova-conductor[110998]: DEBUG cotyledon.oslo_config_glue [-] vmware.task_poll_interval = 0.5 {{(pid=110998) log_opt_values /opt/stack/data/venv/lib/python3.12/site-packages/oslo_config/cfg.py:3006}}
May 09 09:03:16.418889 np0000173063 nova-conductor[110998]: DEBUG cotyledon.oslo_config_glue [-] vmware.use_linked_clone = True {{(pid=110998) log_opt_values /opt/stack/data/venv/lib/python3.12/site-packages/oslo_config/cfg.py:3006}}
May 09 09:03:16.418889 np0000173063 nova-conductor[110998]: DEBUG cotyledon.oslo_config_glue [-] vmware.vnc_keymap = en-us {{(pid=110998) log_opt_values /opt/stack/data/venv/lib/python3.12/site-packages/oslo_config/cfg.py:3006}}
May 09 09:03:16.418889 np0000173063 nova-conductor[110998]: DEBUG cotyledon.oslo_config_glue [-] vmware.vnc_port = 5900 {{(pid=110998) log_opt_values /opt/stack/data/venv/lib/python3.12/site-packages/oslo_config/cfg.py:3006}}
May 09 09:03:16.418889 np0000173063 nova-conductor[110998]: DEBUG cotyledon.oslo_config_glue [-] vmware.vnc_port_total = 10000 {{(pid=110998) log_opt_values /opt/stack/data/venv/lib/python3.12/site-packages/oslo_config/cfg.py:3006}}
May 09 09:03:16.418889 np0000173063 nova-conductor[110998]: DEBUG cotyledon.oslo_config_glue [-] vnc.auth_schemes = ['none'] {{(pid=110998) log_opt_values /opt/stack/data/venv/lib/python3.12/site-packages/oslo_config/cfg.py:3006}}
May 09 09:03:16.419096 np0000173063 nova-conductor[110998]: DEBUG cotyledon.oslo_config_glue [-] vnc.enabled = True {{(pid=110998) log_opt_values /opt/stack/data/venv/lib/python3.12/site-packages/oslo_config/cfg.py:3006}}
May 09 09:03:16.419096 np0000173063 nova-conductor[110998]: DEBUG cotyledon.oslo_config_glue [-] vnc.novncproxy_base_url = http://127.0.0.1:6080/vnc_auto.html {{(pid=110998) log_opt_values /opt/stack/data/venv/lib/python3.12/site-packages/oslo_config/cfg.py:3006}}
May 09 09:03:16.419096 np0000173063 nova-conductor[110998]: DEBUG cotyledon.oslo_config_glue [-] vnc.novncproxy_host = 0.0.0.0 {{(pid=110998) log_opt_values /opt/stack/data/venv/lib/python3.12/site-packages/oslo_config/cfg.py:3006}}
May 09 09:03:16.419096 np0000173063 nova-conductor[110998]: DEBUG cotyledon.oslo_config_glue [-] vnc.novncproxy_port = 6080 {{(pid=110998) log_opt_values /opt/stack/data/venv/lib/python3.12/site-packages/oslo_config/cfg.py:3006}}
May 09 09:03:16.419096 np0000173063 nova-conductor[110998]: DEBUG cotyledon.oslo_config_glue [-] vnc.server_listen = 127.0.0.1 {{(pid=110998) log_opt_values /opt/stack/data/venv/lib/python3.12/site-packages/oslo_config/cfg.py:3006}}
May 09 09:03:16.419096 np0000173063 nova-conductor[110998]: DEBUG cotyledon.oslo_config_glue [-] vnc.server_proxyclient_address = 127.0.0.1 {{(pid=110998) log_opt_values /opt/stack/data/venv/lib/python3.12/site-packages/oslo_config/cfg.py:3006}}
May 09 09:03:16.419096 np0000173063 nova-conductor[110998]: DEBUG cotyledon.oslo_config_glue [-] vnc.vencrypt_ca_certs = None {{(pid=110998) log_opt_values /opt/stack/data/venv/lib/python3.12/site-packages/oslo_config/cfg.py:3006}}
May 09 09:03:16.419096 np0000173063 nova-conductor[110998]: DEBUG cotyledon.oslo_config_glue [-] vnc.vencrypt_client_cert = None {{(pid=110998) log_opt_values /opt/stack/data/venv/lib/python3.12/site-packages/oslo_config/cfg.py:3006}}
May 09 09:03:16.419096 np0000173063 nova-conductor[110998]: DEBUG cotyledon.oslo_config_glue [-] vnc.vencrypt_client_key = None {{(pid=110998) log_opt_values /opt/stack/data/venv/lib/python3.12/site-packages/oslo_config/cfg.py:3006}}
May 09 09:03:16.419313 np0000173063 nova-conductor[110998]: DEBUG cotyledon.oslo_config_glue [-] workarounds.disable_compute_service_check_for_ffu = False {{(pid=110998) log_opt_values /opt/stack/data/venv/lib/python3.12/site-packages/oslo_config/cfg.py:3006}}
May 09 09:03:16.419313 np0000173063 nova-conductor[110998]: DEBUG cotyledon.oslo_config_glue [-] workarounds.disable_deep_image_inspection = False {{(pid=110998) log_opt_values /opt/stack/data/venv/lib/python3.12/site-packages/oslo_config/cfg.py:3006}}
May 09 09:03:16.419313 np0000173063 nova-conductor[110998]: DEBUG cotyledon.oslo_config_glue [-] workarounds.disable_fallback_pcpu_query = False {{(pid=110998) log_opt_values /opt/stack/data/venv/lib/python3.12/site-packages/oslo_config/cfg.py:3006}}
May 09 09:03:16.419313 np0000173063 nova-conductor[110998]: DEBUG cotyledon.oslo_config_glue [-] workarounds.disable_group_policy_check_upcall = False {{(pid=110998) log_opt_values /opt/stack/data/venv/lib/python3.12/site-packages/oslo_config/cfg.py:3006}}
May 09 09:03:16.419313 np0000173063 nova-conductor[110998]: DEBUG cotyledon.oslo_config_glue [-] workarounds.disable_libvirt_livesnapshot = False {{(pid=110998) log_opt_values /opt/stack/data/venv/lib/python3.12/site-packages/oslo_config/cfg.py:3006}}
May 09 09:03:16.419313 np0000173063 nova-conductor[110998]: DEBUG cotyledon.oslo_config_glue [-] workarounds.disable_rootwrap = False {{(pid=110998) log_opt_values /opt/stack/data/venv/lib/python3.12/site-packages/oslo_config/cfg.py:3006}}
May 09 09:03:16.419313 np0000173063 nova-conductor[110998]: DEBUG cotyledon.oslo_config_glue [-] workarounds.enable_numa_live_migration = False {{(pid=110998) log_opt_values /opt/stack/data/venv/lib/python3.12/site-packages/oslo_config/cfg.py:3006}}
May 09 09:03:16.419313 np0000173063 nova-conductor[110998]: DEBUG cotyledon.oslo_config_glue [-] workarounds.enable_qemu_monitor_announce_self = False {{(pid=110998) log_opt_values /opt/stack/data/venv/lib/python3.12/site-packages/oslo_config/cfg.py:3006}}
May 09 09:03:16.419313 np0000173063 nova-conductor[110998]: DEBUG cotyledon.oslo_config_glue [-] workarounds.ensure_libvirt_rbd_instance_dir_cleanup = False {{(pid=110998) log_opt_values /opt/stack/data/venv/lib/python3.12/site-packages/oslo_config/cfg.py:3006}}
May 09 09:03:16.419509 np0000173063 nova-conductor[110998]: DEBUG cotyledon.oslo_config_glue [-] workarounds.handle_virt_lifecycle_events = True {{(pid=110998) log_opt_values /opt/stack/data/venv/lib/python3.12/site-packages/oslo_config/cfg.py:3006}}
May 09 09:03:16.419509 np0000173063 nova-conductor[110998]: DEBUG cotyledon.oslo_config_glue [-] workarounds.libvirt_disable_apic = False {{(pid=110998) log_opt_values /opt/stack/data/venv/lib/python3.12/site-packages/oslo_config/cfg.py:3006}}
May 09 09:03:16.419509 np0000173063 nova-conductor[110998]: DEBUG cotyledon.oslo_config_glue [-] workarounds.never_download_image_if_on_rbd = False {{(pid=110998) log_opt_values /opt/stack/data/venv/lib/python3.12/site-packages/oslo_config/cfg.py:3006}}
May 09 09:03:16.419509 np0000173063 nova-conductor[110998]: DEBUG cotyledon.oslo_config_glue [-] workarounds.qemu_monitor_announce_self_count = 3 {{(pid=110998) log_opt_values /opt/stack/data/venv/lib/python3.12/site-packages/oslo_config/cfg.py:3006}}
May 09 09:03:16.419509 np0000173063 nova-conductor[110998]: DEBUG cotyledon.oslo_config_glue [-] workarounds.qemu_monitor_announce_self_interval = 1 {{(pid=110998) log_opt_values /opt/stack/data/venv/lib/python3.12/site-packages/oslo_config/cfg.py:3006}}
May 09 09:03:16.419509 np0000173063 nova-conductor[110998]: DEBUG cotyledon.oslo_config_glue [-] workarounds.reserve_disk_resource_for_image_cache = False {{(pid=110998) log_opt_values /opt/stack/data/venv/lib/python3.12/site-packages/oslo_config/cfg.py:3006}}
May 09 09:03:16.419509 np0000173063 nova-conductor[110998]: DEBUG cotyledon.oslo_config_glue [-] workarounds.skip_cpu_compare_at_startup = False {{(pid=110998) log_opt_values /opt/stack/data/venv/lib/python3.12/site-packages/oslo_config/cfg.py:3006}}
May 09 09:03:16.419509 np0000173063 nova-conductor[110998]: DEBUG cotyledon.oslo_config_glue [-] workarounds.skip_cpu_compare_on_dest = False {{(pid=110998) log_opt_values /opt/stack/data/venv/lib/python3.12/site-packages/oslo_config/cfg.py:3006}}
May 09 09:03:16.419509 np0000173063 nova-conductor[110998]: DEBUG cotyledon.oslo_config_glue [-] workarounds.skip_hypervisor_version_check_on_lm = False {{(pid=110998) log_opt_values /opt/stack/data/venv/lib/python3.12/site-packages/oslo_config/cfg.py:3006}}
May 09 09:03:16.419738 np0000173063 nova-conductor[110998]: DEBUG cotyledon.oslo_config_glue [-] workarounds.skip_reserve_in_use_ironic_nodes = False {{(pid=110998) log_opt_values /opt/stack/data/venv/lib/python3.12/site-packages/oslo_config/cfg.py:3006}}
May 09 09:03:16.419738 np0000173063 nova-conductor[110998]: DEBUG cotyledon.oslo_config_glue [-] workarounds.unified_limits_count_pcpu_as_vcpu = False {{(pid=110998) log_opt_values /opt/stack/data/venv/lib/python3.12/site-packages/oslo_config/cfg.py:3006}}
May 09 09:03:16.419738 np0000173063 nova-conductor[110998]: DEBUG cotyledon.oslo_config_glue [-] workarounds.wait_for_vif_plugged_event_during_hard_reboot = [] {{(pid=110998) log_opt_values /opt/stack/data/venv/lib/python3.12/site-packages/oslo_config/cfg.py:3006}}
May 09 09:03:16.419738 np0000173063 nova-conductor[110998]: DEBUG cotyledon.oslo_config_glue [-] wsgi.api_paste_config = /etc/nova/api-paste.ini {{(pid=110998) log_opt_values /opt/stack/data/venv/lib/python3.12/site-packages/oslo_config/cfg.py:3006}}
May 09 09:03:16.419738 np0000173063 nova-conductor[110998]: DEBUG cotyledon.oslo_config_glue [-] wsgi.secure_proxy_ssl_header = None {{(pid=110998) log_opt_values /opt/stack/data/venv/lib/python3.12/site-packages/oslo_config/cfg.py:3006}}
May 09 09:03:16.419738 np0000173063 nova-conductor[110998]: DEBUG cotyledon.oslo_config_glue [-] zvm.ca_file = None {{(pid=110998) log_opt_values /opt/stack/data/venv/lib/python3.12/site-packages/oslo_config/cfg.py:3006}}
May 09 09:03:16.419738 np0000173063 nova-conductor[110998]: DEBUG cotyledon.oslo_config_glue [-] zvm.cloud_connector_url = None {{(pid=110998) log_opt_values /opt/stack/data/venv/lib/python3.12/site-packages/oslo_config/cfg.py:3006}}
May 09 09:03:16.419738 np0000173063 nova-conductor[110998]: DEBUG cotyledon.oslo_config_glue [-] zvm.image_tmp_path = /opt/stack/data/nova/images {{(pid=110998) log_opt_values /opt/stack/data/venv/lib/python3.12/site-packages/oslo_config/cfg.py:3006}}
May 09 09:03:16.419738 np0000173063 nova-conductor[110998]: DEBUG cotyledon.oslo_config_glue [-] zvm.reachable_timeout = 300 {{(pid=110998) log_opt_values /opt/stack/data/venv/lib/python3.12/site-packages/oslo_config/cfg.py:3006}}
May 09 09:03:16.419986 np0000173063 nova-conductor[110998]: DEBUG cotyledon.oslo_config_glue [-] oslo_versionedobjects.fatal_exception_format_errors = False {{(pid=110998) log_opt_values /opt/stack/data/venv/lib/python3.12/site-packages/oslo_config/cfg.py:3006}}
May 09 09:03:16.419986 np0000173063 nova-conductor[110998]: DEBUG cotyledon.oslo_config_glue [-] oslo_middleware.http_basic_auth_user_file = /etc/htpasswd {{(pid=110998) log_opt_values /opt/stack/data/venv/lib/python3.12/site-packages/oslo_config/cfg.py:3006}}
May 09 09:03:16.419986 np0000173063 nova-conductor[110998]: DEBUG cotyledon.oslo_config_glue [-] profiler.connection_string = messaging:// {{(pid=110998) log_opt_values /opt/stack/data/venv/lib/python3.12/site-packages/oslo_config/cfg.py:3006}}
May 09 09:03:16.419986 np0000173063 nova-conductor[110998]: DEBUG cotyledon.oslo_config_glue [-] profiler.enabled = False {{(pid=110998) log_opt_values /opt/stack/data/venv/lib/python3.12/site-packages/oslo_config/cfg.py:3006}}
May 09 09:03:16.419986 np0000173063 nova-conductor[110998]: DEBUG cotyledon.oslo_config_glue [-] profiler.es_doc_type = notification {{(pid=110998) log_opt_values /opt/stack/data/venv/lib/python3.12/site-packages/oslo_config/cfg.py:3006}}
May 09 09:03:16.419986 np0000173063 nova-conductor[110998]: DEBUG cotyledon.oslo_config_glue [-] profiler.es_scroll_size = 10000 {{(pid=110998) log_opt_values /opt/stack/data/venv/lib/python3.12/site-packages/oslo_config/cfg.py:3006}}
May 09 09:03:16.419986 np0000173063 nova-conductor[110998]: DEBUG cotyledon.oslo_config_glue [-] profiler.es_scroll_time = 2m {{(pid=110998) log_opt_values /opt/stack/data/venv/lib/python3.12/site-packages/oslo_config/cfg.py:3006}}
May 09 09:03:16.419986 np0000173063 nova-conductor[110998]: DEBUG cotyledon.oslo_config_glue [-] profiler.filter_error_trace = False {{(pid=110998) log_opt_values /opt/stack/data/venv/lib/python3.12/site-packages/oslo_config/cfg.py:3006}}
May 09 09:03:16.419986 np0000173063 nova-conductor[110998]: DEBUG cotyledon.oslo_config_glue [-] profiler.hmac_keys = **** {{(pid=110998) log_opt_values /opt/stack/data/venv/lib/python3.12/site-packages/oslo_config/cfg.py:3006}}
May 09 09:03:16.420202 np0000173063 nova-conductor[110998]: DEBUG cotyledon.oslo_config_glue [-] profiler.sentinel_service_name = mymaster {{(pid=110998) log_opt_values /opt/stack/data/venv/lib/python3.12/site-packages/oslo_config/cfg.py:3006}}
May 09 09:03:16.420202 np0000173063 nova-conductor[110998]: DEBUG cotyledon.oslo_config_glue [-] profiler.socket_timeout = 0.1 {{(pid=110998) log_opt_values /opt/stack/data/venv/lib/python3.12/site-packages/oslo_config/cfg.py:3006}}
May 09 09:03:16.420202 np0000173063 nova-conductor[110998]: DEBUG cotyledon.oslo_config_glue [-] profiler.trace_requests = False {{(pid=110998) log_opt_values /opt/stack/data/venv/lib/python3.12/site-packages/oslo_config/cfg.py:3006}}
May 09 09:03:16.420202 np0000173063 nova-conductor[110998]: DEBUG cotyledon.oslo_config_glue [-] profiler.trace_sqlalchemy = False {{(pid=110998) log_opt_values /opt/stack/data/venv/lib/python3.12/site-packages/oslo_config/cfg.py:3006}}
May 09 09:03:16.420202 np0000173063 nova-conductor[110998]: DEBUG cotyledon.oslo_config_glue [-] profiler_jaeger.process_tags = {} {{(pid=110998) log_opt_values /opt/stack/data/venv/lib/python3.12/site-packages/oslo_config/cfg.py:3006}}
May 09 09:03:16.420202 np0000173063 nova-conductor[110998]: DEBUG cotyledon.oslo_config_glue [-] profiler_jaeger.service_name_prefix = None {{(pid=110998) log_opt_values /opt/stack/data/venv/lib/python3.12/site-packages/oslo_config/cfg.py:3006}}
May 09 09:03:16.420202 np0000173063 nova-conductor[110998]: DEBUG cotyledon.oslo_config_glue [-] profiler_otlp.service_name_prefix = None {{(pid=110998) log_opt_values /opt/stack/data/venv/lib/python3.12/site-packages/oslo_config/cfg.py:3006}}
May 09 09:03:16.420202 np0000173063 nova-conductor[110998]: DEBUG cotyledon.oslo_config_glue [-] oslo_messaging_rabbit.amqp_auto_delete = False {{(pid=110998) log_opt_values /opt/stack/data/venv/lib/python3.12/site-packages/oslo_config/cfg.py:3006}}
May 09 09:03:16.420202 np0000173063 nova-conductor[110998]: DEBUG cotyledon.oslo_config_glue [-] oslo_messaging_rabbit.amqp_durable_queues = False {{(pid=110998) log_opt_values /opt/stack/data/venv/lib/python3.12/site-packages/oslo_config/cfg.py:3006}}
May 09 09:03:16.420404 np0000173063 nova-conductor[110998]: DEBUG cotyledon.oslo_config_glue [-] oslo_messaging_rabbit.conn_pool_min_size = 2 {{(pid=110998) log_opt_values /opt/stack/data/venv/lib/python3.12/site-packages/oslo_config/cfg.py:3006}}
May 09 09:03:16.420404 np0000173063 nova-conductor[110998]: DEBUG cotyledon.oslo_config_glue [-] oslo_messaging_rabbit.conn_pool_ttl = 1200 {{(pid=110998) log_opt_values /opt/stack/data/venv/lib/python3.12/site-packages/oslo_config/cfg.py:3006}}
May 09 09:03:16.420404 np0000173063 nova-conductor[110998]: DEBUG cotyledon.oslo_config_glue [-] oslo_messaging_rabbit.direct_mandatory_flag = True {{(pid=110998) log_opt_values /opt/stack/data/venv/lib/python3.12/site-packages/oslo_config/cfg.py:3006}}
May 09 09:03:16.420404 np0000173063 nova-conductor[110998]: DEBUG cotyledon.oslo_config_glue [-] oslo_messaging_rabbit.enable_cancel_on_failover = False {{(pid=110998) log_opt_values /opt/stack/data/venv/lib/python3.12/site-packages/oslo_config/cfg.py:3006}}
May 09 09:03:16.420404 np0000173063 nova-conductor[110998]: DEBUG cotyledon.oslo_config_glue [-] oslo_messaging_rabbit.heartbeat_in_pthread = False {{(pid=110998) log_opt_values /opt/stack/data/venv/lib/python3.12/site-packages/oslo_config/cfg.py:3006}}
May 09 09:03:16.420404 np0000173063 nova-conductor[110998]: DEBUG cotyledon.oslo_config_glue [-] oslo_messaging_rabbit.heartbeat_rate = 3 {{(pid=110998) log_opt_values /opt/stack/data/venv/lib/python3.12/site-packages/oslo_config/cfg.py:3006}}
May 09 09:03:16.420404 np0000173063 nova-conductor[110998]: DEBUG cotyledon.oslo_config_glue [-] oslo_messaging_rabbit.heartbeat_timeout_threshold = 60 {{(pid=110998) log_opt_values /opt/stack/data/venv/lib/python3.12/site-packages/oslo_config/cfg.py:3006}}
May 09 09:03:16.420404 np0000173063 nova-conductor[110998]: DEBUG cotyledon.oslo_config_glue [-] oslo_messaging_rabbit.hostname = np0000173063 {{(pid=110998) log_opt_values /opt/stack/data/venv/lib/python3.12/site-packages/oslo_config/cfg.py:3006}}
May 09 09:03:16.420404 np0000173063 nova-conductor[110998]: DEBUG cotyledon.oslo_config_glue [-] oslo_messaging_rabbit.kombu_compression = None {{(pid=110998) log_opt_values /opt/stack/data/venv/lib/python3.12/site-packages/oslo_config/cfg.py:3006}}
May 09 09:03:16.420665 np0000173063 nova-conductor[110998]: DEBUG cotyledon.oslo_config_glue [-] oslo_messaging_rabbit.kombu_failover_strategy = round-robin {{(pid=110998) log_opt_values /opt/stack/data/venv/lib/python3.12/site-packages/oslo_config/cfg.py:3006}}
May 09 09:03:16.420665 np0000173063 nova-conductor[110998]: DEBUG cotyledon.oslo_config_glue [-] oslo_messaging_rabbit.kombu_missing_consumer_retry_timeout = 60 {{(pid=110998) log_opt_values /opt/stack/data/venv/lib/python3.12/site-packages/oslo_config/cfg.py:3006}}
May 09 09:03:16.420665 np0000173063 nova-conductor[110998]: DEBUG cotyledon.oslo_config_glue [-] oslo_messaging_rabbit.kombu_reconnect_delay = 1.0 {{(pid=110998) log_opt_values /opt/stack/data/venv/lib/python3.12/site-packages/oslo_config/cfg.py:3006}}
May 09 09:03:16.420665 np0000173063 nova-conductor[110998]: DEBUG cotyledon.oslo_config_glue [-] oslo_messaging_rabbit.kombu_reconnect_splay = 0.0 {{(pid=110998) log_opt_values /opt/stack/data/venv/lib/python3.12/site-packages/oslo_config/cfg.py:3006}}
May 09 09:03:16.420665 np0000173063 nova-conductor[110998]: DEBUG cotyledon.oslo_config_glue [-] oslo_messaging_rabbit.processname = nova-conductor {{(pid=110998) log_opt_values /opt/stack/data/venv/lib/python3.12/site-packages/oslo_config/cfg.py:3006}}
May 09 09:03:16.420665 np0000173063 nova-conductor[110998]: DEBUG cotyledon.oslo_config_glue [-] oslo_messaging_rabbit.rabbit_ha_queues = False {{(pid=110998) log_opt_values /opt/stack/data/venv/lib/python3.12/site-packages/oslo_config/cfg.py:3006}}
May 09 09:03:16.420665 np0000173063 nova-conductor[110998]: DEBUG cotyledon.oslo_config_glue [-] oslo_messaging_rabbit.rabbit_interval_max = 30 {{(pid=110998) log_opt_values /opt/stack/data/venv/lib/python3.12/site-packages/oslo_config/cfg.py:3006}}
May 09 09:03:16.420665 np0000173063 nova-conductor[110998]: DEBUG cotyledon.oslo_config_glue [-] oslo_messaging_rabbit.rabbit_login_method = AMQPLAIN {{(pid=110998) log_opt_values /opt/stack/data/venv/lib/python3.12/site-packages/oslo_config/cfg.py:3006}}
May 09 09:03:16.420864 np0000173063 nova-conductor[110998]: DEBUG cotyledon.oslo_config_glue [-] oslo_messaging_rabbit.rabbit_qos_prefetch_count = 0 {{(pid=110998) log_opt_values /opt/stack/data/venv/lib/python3.12/site-packages/oslo_config/cfg.py:3006}}
May 09 09:03:16.420864 np0000173063 nova-conductor[110998]: DEBUG cotyledon.oslo_config_glue [-] oslo_messaging_rabbit.rabbit_quorum_delivery_limit = 0 {{(pid=110998) log_opt_values /opt/stack/data/venv/lib/python3.12/site-packages/oslo_config/cfg.py:3006}}
May 09 09:03:16.420864 np0000173063 nova-conductor[110998]: DEBUG cotyledon.oslo_config_glue [-] oslo_messaging_rabbit.rabbit_quorum_max_memory_bytes = 0 {{(pid=110998) log_opt_values /opt/stack/data/venv/lib/python3.12/site-packages/oslo_config/cfg.py:3006}}
May 09 09:03:16.420864 np0000173063 nova-conductor[110998]: DEBUG cotyledon.oslo_config_glue [-] oslo_messaging_rabbit.rabbit_quorum_max_memory_length = 0 {{(pid=110998) log_opt_values /opt/stack/data/venv/lib/python3.12/site-packages/oslo_config/cfg.py:3006}}
May 09 09:03:16.420864 np0000173063 nova-conductor[110998]: DEBUG cotyledon.oslo_config_glue [-] oslo_messaging_rabbit.rabbit_quorum_queue = False {{(pid=110998) log_opt_values /opt/stack/data/venv/lib/python3.12/site-packages/oslo_config/cfg.py:3006}}
May 09 09:03:16.420864 np0000173063 nova-conductor[110998]: DEBUG cotyledon.oslo_config_glue [-] oslo_messaging_rabbit.rabbit_retry_backoff = 2 {{(pid=110998) log_opt_values /opt/stack/data/venv/lib/python3.12/site-packages/oslo_config/cfg.py:3006}}
May 09 09:03:16.420864 np0000173063 nova-conductor[110998]: DEBUG cotyledon.oslo_config_glue [-] oslo_messaging_rabbit.rabbit_retry_interval = 1 {{(pid=110998) log_opt_values /opt/stack/data/venv/lib/python3.12/site-packages/oslo_config/cfg.py:3006}}
May 09 09:03:16.420864 np0000173063 nova-conductor[110998]: DEBUG cotyledon.oslo_config_glue [-] oslo_messaging_rabbit.rabbit_stream_fanout = False {{(pid=110998) log_opt_values /opt/stack/data/venv/lib/python3.12/site-packages/oslo_config/cfg.py:3006}}
May 09 09:03:16.421047 np0000173063 nova-conductor[110998]: DEBUG cotyledon.oslo_config_glue [-] oslo_messaging_rabbit.rabbit_transient_queues_ttl = 1800 {{(pid=110998) log_opt_values /opt/stack/data/venv/lib/python3.12/site-packages/oslo_config/cfg.py:3006}}
May 09 09:03:16.421076 np0000173063 nova-conductor[110984]: DEBUG dbcounter [-] [110984] Writer thread running {{(pid=110984) stat_writer /opt/stack/data/venv/lib/python3.12/site-packages/dbcounter.py:102}}
May 09 09:03:16.421102 np0000173063 nova-conductor[110998]: DEBUG cotyledon.oslo_config_glue [-] oslo_messaging_rabbit.rabbit_transient_quorum_queue = False {{(pid=110998) log_opt_values /opt/stack/data/venv/lib/python3.12/site-packages/oslo_config/cfg.py:3006}}
May 09 09:03:16.421102 np0000173063 nova-conductor[110998]: DEBUG cotyledon.oslo_config_glue [-] oslo_messaging_rabbit.rpc_conn_pool_size = 30 {{(pid=110998) log_opt_values /opt/stack/data/venv/lib/python3.12/site-packages/oslo_config/cfg.py:3006}}
May 09 09:03:16.421102 np0000173063 nova-conductor[110998]: DEBUG cotyledon.oslo_config_glue [-] oslo_messaging_rabbit.ssl = False {{(pid=110998) log_opt_values /opt/stack/data/venv/lib/python3.12/site-packages/oslo_config/cfg.py:3006}}
May 09 09:03:16.421102 np0000173063 nova-conductor[110998]: DEBUG cotyledon.oslo_config_glue [-] oslo_messaging_rabbit.ssl_ca_file = {{(pid=110998) log_opt_values /opt/stack/data/venv/lib/python3.12/site-packages/oslo_config/cfg.py:3006}}
May 09 09:03:16.421102 np0000173063 nova-conductor[110998]: DEBUG cotyledon.oslo_config_glue [-] oslo_messaging_rabbit.ssl_cert_file = {{(pid=110998) log_opt_values /opt/stack/data/venv/lib/python3.12/site-packages/oslo_config/cfg.py:3006}}
May 09 09:03:16.421240 np0000173063 nova-conductor[110991]: DEBUG oslo_db.sqlalchemy.engines [None req-5de5a134-f030-4b3f-96ca-21a5aa890b33 None None] MySQL server mode set to STRICT_TRANS_TABLES,STRICT_ALL_TABLES,NO_ZERO_IN_DATE,NO_ZERO_DATE,ERROR_FOR_DIVISION_BY_ZERO,TRADITIONAL,NO_ENGINE_SUBSTITUTION {{(pid=110991) _check_effective_sql_mode /opt/stack/data/venv/lib/python3.12/site-packages/oslo_db/sqlalchemy/engines.py:325}}
May 09 09:03:16.421276 np0000173063 nova-conductor[110998]: DEBUG cotyledon.oslo_config_glue [-] oslo_messaging_rabbit.ssl_enforce_fips_mode = False {{(pid=110998) log_opt_values /opt/stack/data/venv/lib/python3.12/site-packages/oslo_config/cfg.py:3006}}
May 09 09:03:16.421276 np0000173063 nova-conductor[110998]: DEBUG cotyledon.oslo_config_glue [-] oslo_messaging_rabbit.ssl_key_file = {{(pid=110998) log_opt_values /opt/stack/data/venv/lib/python3.12/site-packages/oslo_config/cfg.py:3006}}
May 09 09:03:16.421276 np0000173063 nova-conductor[110998]: DEBUG cotyledon.oslo_config_glue [-] oslo_messaging_rabbit.ssl_version = {{(pid=110998) log_opt_values /opt/stack/data/venv/lib/python3.12/site-packages/oslo_config/cfg.py:3006}}
May 09 09:03:16.421276 np0000173063 nova-conductor[110998]: DEBUG cotyledon.oslo_config_glue [-] oslo_messaging_rabbit.use_queue_manager = False {{(pid=110998) log_opt_values /opt/stack/data/venv/lib/python3.12/site-packages/oslo_config/cfg.py:3006}}
May 09 09:03:16.421276 np0000173063 nova-conductor[110998]: DEBUG cotyledon.oslo_config_glue [-] oslo_messaging_notifications.driver = ['messagingv2'] {{(pid=110998) log_opt_values /opt/stack/data/venv/lib/python3.12/site-packages/oslo_config/cfg.py:3006}}
May 09 09:03:16.421276 np0000173063 nova-conductor[110998]: DEBUG cotyledon.oslo_config_glue [-] oslo_messaging_notifications.retry = -1 {{(pid=110998) log_opt_values /opt/stack/data/venv/lib/python3.12/site-packages/oslo_config/cfg.py:3006}}
May 09 09:03:16.421276 np0000173063 nova-conductor[110998]: DEBUG cotyledon.oslo_config_glue [-] oslo_messaging_notifications.topics = ['notifications'] {{(pid=110998) log_opt_values /opt/stack/data/venv/lib/python3.12/site-packages/oslo_config/cfg.py:3006}}
May 09 09:03:16.421276 np0000173063 nova-conductor[110998]: DEBUG cotyledon.oslo_config_glue [-] oslo_messaging_notifications.transport_url = **** {{(pid=110998) log_opt_values /opt/stack/data/venv/lib/python3.12/site-packages/oslo_config/cfg.py:3006}}
May 09 09:03:16.421276 np0000173063 nova-conductor[110998]: DEBUG cotyledon.oslo_config_glue [-] oslo_limit.auth_section = None {{(pid=110998) log_opt_values /opt/stack/data/venv/lib/python3.12/site-packages/oslo_config/cfg.py:3006}}
May 09 09:03:16.421589 np0000173063 nova-conductor[110998]: DEBUG cotyledon.oslo_config_glue [-] oslo_limit.auth_type = None {{(pid=110998) log_opt_values /opt/stack/data/venv/lib/python3.12/site-packages/oslo_config/cfg.py:3006}}
May 09 09:03:16.421589 np0000173063 nova-conductor[110998]: DEBUG cotyledon.oslo_config_glue [-] oslo_limit.cafile = None {{(pid=110998) log_opt_values /opt/stack/data/venv/lib/python3.12/site-packages/oslo_config/cfg.py:3006}}
May 09 09:03:16.421589 np0000173063 nova-conductor[110998]: DEBUG cotyledon.oslo_config_glue [-] oslo_limit.certfile = None {{(pid=110998) log_opt_values /opt/stack/data/venv/lib/python3.12/site-packages/oslo_config/cfg.py:3006}}
May 09 09:03:16.421589 np0000173063 nova-conductor[110998]: DEBUG cotyledon.oslo_config_glue [-] oslo_limit.collect_timing = False {{(pid=110998) log_opt_values /opt/stack/data/venv/lib/python3.12/site-packages/oslo_config/cfg.py:3006}}
May 09 09:03:16.421589 np0000173063 nova-conductor[110998]: DEBUG cotyledon.oslo_config_glue [-] oslo_limit.connect_retries = None {{(pid=110998) log_opt_values /opt/stack/data/venv/lib/python3.12/site-packages/oslo_config/cfg.py:3006}}
May 09 09:03:16.421589 np0000173063 nova-conductor[110998]: DEBUG cotyledon.oslo_config_glue [-] oslo_limit.connect_retry_delay = None {{(pid=110998) log_opt_values /opt/stack/data/venv/lib/python3.12/site-packages/oslo_config/cfg.py:3006}}
May 09 09:03:16.421589 np0000173063 nova-conductor[110998]: DEBUG cotyledon.oslo_config_glue [-] oslo_limit.endpoint_id = None {{(pid=110998) log_opt_values /opt/stack/data/venv/lib/python3.12/site-packages/oslo_config/cfg.py:3006}}
May 09 09:03:16.421589 np0000173063 nova-conductor[110998]: DEBUG cotyledon.oslo_config_glue [-] oslo_limit.endpoint_interface = public {{(pid=110998) log_opt_values /opt/stack/data/venv/lib/python3.12/site-packages/oslo_config/cfg.py:3006}}
May 09 09:03:16.421589 np0000173063 nova-conductor[110998]: DEBUG cotyledon.oslo_config_glue [-] oslo_limit.endpoint_override = None {{(pid=110998) log_opt_values /opt/stack/data/venv/lib/python3.12/site-packages/oslo_config/cfg.py:3006}}
May 09 09:03:16.421885 np0000173063 nova-conductor[110998]: DEBUG cotyledon.oslo_config_glue [-] oslo_limit.endpoint_region_name = None {{(pid=110998) log_opt_values /opt/stack/data/venv/lib/python3.12/site-packages/oslo_config/cfg.py:3006}}
May 09 09:03:16.421885 np0000173063 nova-conductor[110998]: DEBUG cotyledon.oslo_config_glue [-] oslo_limit.endpoint_service_name = None {{(pid=110998) log_opt_values /opt/stack/data/venv/lib/python3.12/site-packages/oslo_config/cfg.py:3006}}
May 09 09:03:16.421885 np0000173063 nova-conductor[110998]: DEBUG cotyledon.oslo_config_glue [-] oslo_limit.endpoint_service_type = None {{(pid=110998) log_opt_values /opt/stack/data/venv/lib/python3.12/site-packages/oslo_config/cfg.py:3006}}
May 09 09:03:16.421885 np0000173063 nova-conductor[110998]: DEBUG cotyledon.oslo_config_glue [-] oslo_limit.insecure = False {{(pid=110998) log_opt_values /opt/stack/data/venv/lib/python3.12/site-packages/oslo_config/cfg.py:3006}}
May 09 09:03:16.421885 np0000173063 nova-conductor[110998]: DEBUG cotyledon.oslo_config_glue [-] oslo_limit.keyfile = None {{(pid=110998) log_opt_values /opt/stack/data/venv/lib/python3.12/site-packages/oslo_config/cfg.py:3006}}
May 09 09:03:16.421885 np0000173063 nova-conductor[110998]: DEBUG cotyledon.oslo_config_glue [-] oslo_limit.max_version = None {{(pid=110998) log_opt_values /opt/stack/data/venv/lib/python3.12/site-packages/oslo_config/cfg.py:3006}}
May 09 09:03:16.421885 np0000173063 nova-conductor[110998]: DEBUG cotyledon.oslo_config_glue [-] oslo_limit.min_version = None {{(pid=110998) log_opt_values /opt/stack/data/venv/lib/python3.12/site-packages/oslo_config/cfg.py:3006}}
May 09 09:03:16.421885 np0000173063 nova-conductor[110998]: DEBUG cotyledon.oslo_config_glue [-] oslo_limit.region_name = None {{(pid=110998) log_opt_values /opt/stack/data/venv/lib/python3.12/site-packages/oslo_config/cfg.py:3006}}
May 09 09:03:16.421885 np0000173063 nova-conductor[110998]: DEBUG cotyledon.oslo_config_glue [-] oslo_limit.retriable_status_codes = None {{(pid=110998) log_opt_values /opt/stack/data/venv/lib/python3.12/site-packages/oslo_config/cfg.py:3006}}
May 09 09:03:16.422097 np0000173063 nova-conductor[110998]: DEBUG cotyledon.oslo_config_glue [-] oslo_limit.service_name = None {{(pid=110998) log_opt_values /opt/stack/data/venv/lib/python3.12/site-packages/oslo_config/cfg.py:3006}}
May 09 09:03:16.422097 np0000173063 nova-conductor[110998]: DEBUG cotyledon.oslo_config_glue [-] oslo_limit.service_type = None {{(pid=110998) log_opt_values /opt/stack/data/venv/lib/python3.12/site-packages/oslo_config/cfg.py:3006}}
May 09 09:03:16.422097 np0000173063 nova-conductor[110998]: DEBUG cotyledon.oslo_config_glue [-] oslo_limit.split_loggers = False {{(pid=110998) log_opt_values /opt/stack/data/venv/lib/python3.12/site-packages/oslo_config/cfg.py:3006}}
May 09 09:03:16.422097 np0000173063 nova-conductor[110998]: DEBUG cotyledon.oslo_config_glue [-] oslo_limit.status_code_retries = None {{(pid=110998) log_opt_values /opt/stack/data/venv/lib/python3.12/site-packages/oslo_config/cfg.py:3006}}
May 09 09:03:16.422097 np0000173063 nova-conductor[110998]: DEBUG cotyledon.oslo_config_glue [-] oslo_limit.status_code_retry_delay = None {{(pid=110998) log_opt_values /opt/stack/data/venv/lib/python3.12/site-packages/oslo_config/cfg.py:3006}}
May 09 09:03:16.422097 np0000173063 nova-conductor[110998]: DEBUG cotyledon.oslo_config_glue [-] oslo_limit.timeout = None {{(pid=110998) log_opt_values /opt/stack/data/venv/lib/python3.12/site-packages/oslo_config/cfg.py:3006}}
May 09 09:03:16.422097 np0000173063 nova-conductor[110998]: DEBUG cotyledon.oslo_config_glue [-] oslo_limit.valid_interfaces = None {{(pid=110998) log_opt_values /opt/stack/data/venv/lib/python3.12/site-packages/oslo_config/cfg.py:3006}}
May 09 09:03:16.422097 np0000173063 nova-conductor[110998]: DEBUG cotyledon.oslo_config_glue [-] oslo_limit.version = None {{(pid=110998) log_opt_values /opt/stack/data/venv/lib/python3.12/site-packages/oslo_config/cfg.py:3006}}
May 09 09:03:16.422097 np0000173063 nova-conductor[110998]: DEBUG cotyledon.oslo_config_glue [-] oslo_reports.file_event_handler = None {{(pid=110998) log_opt_values /opt/stack/data/venv/lib/python3.12/site-packages/oslo_config/cfg.py:3006}}
May 09 09:03:16.422597 np0000173063 nova-conductor[110998]: DEBUG cotyledon.oslo_config_glue [-] oslo_reports.file_event_handler_interval = 1 {{(pid=110998) log_opt_values /opt/stack/data/venv/lib/python3.12/site-packages/oslo_config/cfg.py:3006}}
May 09 09:03:16.422597 np0000173063 nova-conductor[110998]: DEBUG cotyledon.oslo_config_glue [-] oslo_reports.log_dir = None {{(pid=110998) log_opt_values /opt/stack/data/venv/lib/python3.12/site-packages/oslo_config/cfg.py:3006}}
May 09 09:03:16.422597 np0000173063 nova-conductor[110998]: DEBUG cotyledon.oslo_config_glue [-] ******************************************************************************** {{(pid=110998) log_opt_values /opt/stack/data/venv/lib/python3.12/site-packages/oslo_config/cfg.py:3013}}
May 09 09:03:16.422597 np0000173063 nova-conductor[110998]: DEBUG cotyledon._service_worker [-] Run service ServiceWrapper(3) [110998] {{(pid=110998) wait_forever /opt/stack/data/venv/lib/python3.12/site-packages/cotyledon/_service_worker.py:218}}
May 09 09:03:16.422698 np0000173063 nova-conductor[110979]: DEBUG nova.service [None req-aed6a58e-1200-4e03-8122-a56d83f34f3b None None] Creating RPC server for service: nova-conductor on topic: conductor {{(pid=110979) start /opt/stack/nova/nova/service.py:195}}
May 09 09:03:16.422732 np0000173063 nova-conductor[110998]: INFO nova.service [-] Starting conductor node (version 33.1.0)
May 09 09:03:16.422732 np0000173063 nova-conductor[110998]: INFO dbcounter [None req-c01dfd8a-f814-42c8-9a7a-ce7e0c188894 None None] Registered counter for database nova_cell0
May 09 09:03:16.422782 np0000173063 nova-conductor[110991]: DEBUG dbcounter [-] [110991] Writer thread running {{(pid=110991) stat_writer /opt/stack/data/venv/lib/python3.12/site-packages/dbcounter.py:102}}
May 09 09:03:16.422815 np0000173063 nova-conductor[110998]: DEBUG oslo_db.sqlalchemy.engines [None req-c01dfd8a-f814-42c8-9a7a-ce7e0c188894 None None] MySQL server mode set to STRICT_TRANS_TABLES,STRICT_ALL_TABLES,NO_ZERO_IN_DATE,NO_ZERO_DATE,ERROR_FOR_DIVISION_BY_ZERO,TRADITIONAL,NO_ENGINE_SUBSTITUTION {{(pid=110998) _check_effective_sql_mode /opt/stack/data/venv/lib/python3.12/site-packages/oslo_db/sqlalchemy/engines.py:325}}
May 09 09:03:16.422846 np0000173063 nova-conductor[110991]: DEBUG nova.service [None req-5de5a134-f030-4b3f-96ca-21a5aa890b33 None None] Creating RPC server for service: nova-conductor on topic: conductor {{(pid=110991) start /opt/stack/nova/nova/service.py:195}}
May 09 09:03:16.427413 np0000173063 nova-conductor[110998]: DEBUG dbcounter [-] [110998] Writer thread running {{(pid=110998) stat_writer /opt/stack/data/venv/lib/python3.12/site-packages/dbcounter.py:102}}
May 09 09:03:16.430420 np0000173063 nova-conductor[110998]: DEBUG nova.service [None req-c01dfd8a-f814-42c8-9a7a-ce7e0c188894 None None] Creating RPC server for service: nova-conductor on topic: conductor {{(pid=110998) start /opt/stack/nova/nova/service.py:195}}
May 09 09:03:16.436335 np0000173063 nova-conductor[110984]: DEBUG nova.service [None req-a1b73b6c-48db-48bd-9d20-08515c957126 None None] Creating RPC server for service: nova-conductor on topic: conductor {{(pid=110984) start /opt/stack/nova/nova/service.py:195}}
May 09 09:03:16.446942 np0000173063 nova-conductor[110991]: DEBUG nova.service [None req-5de5a134-f030-4b3f-96ca-21a5aa890b33 None None] Join ServiceGroup membership for this service conductor {{(pid=110991) start /opt/stack/nova/nova/service.py:221}}
May 09 09:03:16.447121 np0000173063 nova-conductor[110991]: DEBUG nova.servicegroup.drivers.db [None req-5de5a134-f030-4b3f-96ca-21a5aa890b33 None None] DB_Driver: join new ServiceGroup member np0000173063 to the conductor group, service = {{(pid=110991) join /opt/stack/nova/nova/servicegroup/drivers/db.py:44}}
May 09 09:03:16.450285 np0000173063 nova-conductor[110979]: DEBUG nova.service [None req-aed6a58e-1200-4e03-8122-a56d83f34f3b None None] Join ServiceGroup membership for this service conductor {{(pid=110979) start /opt/stack/nova/nova/service.py:221}}
May 09 09:03:16.450638 np0000173063 nova-conductor[110979]: DEBUG nova.servicegroup.drivers.db [None req-aed6a58e-1200-4e03-8122-a56d83f34f3b None None] DB_Driver: join new ServiceGroup member np0000173063 to the conductor group, service = {{(pid=110979) join /opt/stack/nova/nova/servicegroup/drivers/db.py:44}}
May 09 09:03:16.452846 np0000173063 nova-conductor[110998]: DEBUG nova.service [None req-c01dfd8a-f814-42c8-9a7a-ce7e0c188894 None None] Join ServiceGroup membership for this service conductor {{(pid=110998) start /opt/stack/nova/nova/service.py:221}}
May 09 09:03:16.453208 np0000173063 nova-conductor[110998]: DEBUG nova.servicegroup.drivers.db [None req-c01dfd8a-f814-42c8-9a7a-ce7e0c188894 None None] DB_Driver: join new ServiceGroup member np0000173063 to the conductor group, service = {{(pid=110998) join /opt/stack/nova/nova/servicegroup/drivers/db.py:44}}
May 09 09:03:16.464759 np0000173063 nova-conductor[110984]: DEBUG nova.service [None req-a1b73b6c-48db-48bd-9d20-08515c957126 None None] Join ServiceGroup membership for this service conductor {{(pid=110984) start /opt/stack/nova/nova/service.py:221}}
May 09 09:03:16.465166 np0000173063 nova-conductor[110984]: DEBUG nova.servicegroup.drivers.db [None req-a1b73b6c-48db-48bd-9d20-08515c957126 None None] DB_Driver: join new ServiceGroup member np0000173063 to the conductor group, service = {{(pid=110984) join /opt/stack/nova/nova/servicegroup/drivers/db.py:44}}
May 09 09:03:20.456810 np0000173063 nova-conductor[110998]: DEBUG oslo.service.backend._threading.loopingcall [None req-bc3a6287-43fc-4559-8c25-91c13df9c9e9 None None] Dynamic interval looping call 'nova.service.Service.periodic_tasks' sleeping for 60.00 seconds {{(pid=110998) _run_loop /opt/stack/data/venv/lib/python3.12/site-packages/oslo_service/backend/_threading/loopingcall.py:125}}
May 09 09:03:21.468993 np0000173063 nova-conductor[110991]: DEBUG oslo.service.backend._threading.loopingcall [-] Fixed interval looping call 'nova.servicegroup.drivers.db.DbDriver._report_state' sleeping for 119.98 seconds {{(pid=110991) _run_loop /opt/stack/data/venv/lib/python3.12/site-packages/oslo_service/backend/_threading/loopingcall.py:125}}
May 09 09:03:21.469592 np0000173063 nova-conductor[110979]: DEBUG oslo.service.backend._threading.loopingcall [-] Fixed interval looping call 'nova.servicegroup.drivers.db.DbDriver._report_state' sleeping for 119.98 seconds {{(pid=110979) _run_loop /opt/stack/data/venv/lib/python3.12/site-packages/oslo_service/backend/_threading/loopingcall.py:125}}
May 09 09:03:21.473328 np0000173063 nova-conductor[110984]: DEBUG oslo.service.backend._threading.loopingcall [-] Fixed interval looping call 'nova.servicegroup.drivers.db.DbDriver._report_state' sleeping for 119.99 seconds {{(pid=110984) _run_loop /opt/stack/data/venv/lib/python3.12/site-packages/oslo_service/backend/_threading/loopingcall.py:125}}
May 09 09:03:21.476148 np0000173063 nova-conductor[110998]: DEBUG oslo.service.backend._threading.loopingcall [-] Fixed interval looping call 'nova.servicegroup.drivers.db.DbDriver._report_state' sleeping for 119.98 seconds {{(pid=110998) _run_loop /opt/stack/data/venv/lib/python3.12/site-packages/oslo_service/backend/_threading/loopingcall.py:125}}
May 09 09:03:25.025021 np0000173063 nova-conductor[110182]: DEBUG dbcounter [-] [110182] Writing DB stats nova_api:SELECT=1 {{(pid=110182) stat_writer /opt/stack/data/venv/lib/python3.12/site-packages/dbcounter.py:115}}
May 09 09:03:25.134974 np0000173063 nova-conductor[110182]: DEBUG dbcounter [-] [110182] Writing DB stats nova_cell0:SELECT=1 {{(pid=110182) stat_writer /opt/stack/data/venv/lib/python3.12/site-packages/dbcounter.py:115}}
May 09 09:03:25.140886 np0000173063 nova-conductor[110182]: DEBUG dbcounter [-] [110182] Writing DB stats nova_cell1:SELECT=1 {{(pid=110182) stat_writer /opt/stack/data/venv/lib/python3.12/site-packages/dbcounter.py:115}}
May 09 09:03:31.462254 np0000173063 nova-conductor[110991]: DEBUG dbcounter [-] [110991] Writing DB stats nova_cell0:SELECT=3,nova_cell0:UPDATE=1 {{(pid=110991) stat_writer /opt/stack/data/venv/lib/python3.12/site-packages/dbcounter.py:115}}
May 09 09:03:31.464916 np0000173063 nova-conductor[110979]: DEBUG dbcounter [-] [110979] Writing DB stats nova_cell0:SELECT=4,nova_cell0:INSERT=1,nova_cell0:UPDATE=1 {{(pid=110979) stat_writer /opt/stack/data/venv/lib/python3.12/site-packages/dbcounter.py:115}}
May 09 09:03:31.470675 np0000173063 nova-conductor[110984]: DEBUG dbcounter [-] [110984] Writing DB stats nova_cell0:SELECT=4,nova_cell0:INSERT=1 {{(pid=110984) stat_writer /opt/stack/data/venv/lib/python3.12/site-packages/dbcounter.py:115}}
May 09 09:03:31.475838 np0000173063 nova-conductor[110998]: DEBUG dbcounter [-] [110998] Writing DB stats nova_cell0:SELECT=3,nova_cell0:UPDATE=1 {{(pid=110998) stat_writer /opt/stack/data/venv/lib/python3.12/site-packages/dbcounter.py:115}}
May 09 09:03:34.454470 np0000173063 nova-conductor[110979]: DEBUG oslo.service.backend._threading.loopingcall [None req-b039adcc-7dd2-4f8a-9682-83c3efd3ef53 None None] Dynamic interval looping call 'nova.service.Service.periodic_tasks' sleeping for 60.00 seconds {{(pid=110979) _run_loop /opt/stack/data/venv/lib/python3.12/site-packages/oslo_service/backend/_threading/loopingcall.py:125}}
May 09 09:03:39.451030 np0000173063 nova-conductor[110991]: DEBUG oslo.service.backend._threading.loopingcall [None req-53dd7015-daaf-49b7-b652-573b399d0f29 None None] Dynamic interval looping call 'nova.service.Service.periodic_tasks' sleeping for 60.00 seconds {{(pid=110991) _run_loop /opt/stack/data/venv/lib/python3.12/site-packages/oslo_service/backend/_threading/loopingcall.py:125}}
May 09 09:03:53.468206 np0000173063 nova-conductor[110984]: DEBUG oslo.service.backend._threading.loopingcall [None req-dd7a8eb3-0492-421d-a427-a1154badf30d None None] Dynamic interval looping call 'nova.service.Service.periodic_tasks' sleeping for 60.00 seconds {{(pid=110984) _run_loop /opt/stack/data/venv/lib/python3.12/site-packages/oslo_service/backend/_threading/loopingcall.py:125}}
May 09 09:04:20.457745 np0000173063 nova-conductor[110998]: DEBUG oslo.service.backend._threading.loopingcall [None req-bc3a6287-43fc-4559-8c25-91c13df9c9e9 None None] Dynamic interval looping call 'nova.service.Service.periodic_tasks' sleeping for 60.00 seconds {{(pid=110998) _run_loop /opt/stack/data/venv/lib/python3.12/site-packages/oslo_service/backend/_threading/loopingcall.py:125}}
May 09 09:04:34.464320 np0000173063 nova-conductor[110979]: DEBUG oslo.service.backend._threading.loopingcall [None req-b039adcc-7dd2-4f8a-9682-83c3efd3ef53 None None] Dynamic interval looping call 'nova.service.Service.periodic_tasks' sleeping for 60.00 seconds {{(pid=110979) _run_loop /opt/stack/data/venv/lib/python3.12/site-packages/oslo_service/backend/_threading/loopingcall.py:125}}
May 09 09:04:39.451723 np0000173063 nova-conductor[110991]: DEBUG oslo.service.backend._threading.loopingcall [None req-53dd7015-daaf-49b7-b652-573b399d0f29 None None] Dynamic interval looping call 'nova.service.Service.periodic_tasks' sleeping for 60.00 seconds {{(pid=110991) _run_loop /opt/stack/data/venv/lib/python3.12/site-packages/oslo_service/backend/_threading/loopingcall.py:125}}
May 09 09:04:53.468955 np0000173063 nova-conductor[110984]: DEBUG oslo.service.backend._threading.loopingcall [None req-dd7a8eb3-0492-421d-a427-a1154badf30d None None] Dynamic interval looping call 'nova.service.Service.periodic_tasks' sleeping for 60.00 seconds {{(pid=110984) _run_loop /opt/stack/data/venv/lib/python3.12/site-packages/oslo_service/backend/_threading/loopingcall.py:125}}
May 09 09:05:20.458953 np0000173063 nova-conductor[110998]: DEBUG oslo.service.backend._threading.loopingcall [None req-bc3a6287-43fc-4559-8c25-91c13df9c9e9 None None] Dynamic interval looping call 'nova.service.Service.periodic_tasks' sleeping for 60.00 seconds {{(pid=110998) _run_loop /opt/stack/data/venv/lib/python3.12/site-packages/oslo_service/backend/_threading/loopingcall.py:125}}
May 09 09:05:21.460394 np0000173063 nova-conductor[110979]: DEBUG oslo.service.backend._threading.loopingcall [-] Fixed interval looping call 'nova.servicegroup.drivers.db.DbDriver._report_state' sleeping for 119.99 seconds {{(pid=110979) _run_loop /opt/stack/data/venv/lib/python3.12/site-packages/oslo_service/backend/_threading/loopingcall.py:125}}
May 09 09:05:21.461867 np0000173063 nova-conductor[110998]: DEBUG oslo.service.backend._threading.loopingcall [-] Fixed interval looping call 'nova.servicegroup.drivers.db.DbDriver._report_state' sleeping for 119.99 seconds {{(pid=110998) _run_loop /opt/stack/data/venv/lib/python3.12/site-packages/oslo_service/backend/_threading/loopingcall.py:125}}
May 09 09:05:21.462375 np0000173063 nova-conductor[110991]: DEBUG oslo.service.backend._threading.loopingcall [-] Fixed interval looping call 'nova.servicegroup.drivers.db.DbDriver._report_state' sleeping for 119.99 seconds {{(pid=110991) _run_loop /opt/stack/data/venv/lib/python3.12/site-packages/oslo_service/backend/_threading/loopingcall.py:125}}
May 09 09:05:21.468474 np0000173063 nova-conductor[110984]: DEBUG oslo.service.backend._threading.loopingcall [-] Fixed interval looping call 'nova.servicegroup.drivers.db.DbDriver._report_state' sleeping for 120.00 seconds {{(pid=110984) _run_loop /opt/stack/data/venv/lib/python3.12/site-packages/oslo_service/backend/_threading/loopingcall.py:125}}
May 09 09:05:31.455396 np0000173063 nova-conductor[110979]: DEBUG dbcounter [-] [110979] Writing DB stats nova_cell0:SELECT=1,nova_cell0:UPDATE=1 {{(pid=110979) stat_writer /opt/stack/data/venv/lib/python3.12/site-packages/dbcounter.py:115}}
May 09 09:05:31.456118 np0000173063 nova-conductor[110991]: DEBUG dbcounter [-] [110991] Writing DB stats nova_cell0:SELECT=1,nova_cell0:UPDATE=1 {{(pid=110991) stat_writer /opt/stack/data/venv/lib/python3.12/site-packages/dbcounter.py:115}}
May 09 09:05:31.459844 np0000173063 nova-conductor[110998]: DEBUG dbcounter [-] [110998] Writing DB stats nova_cell0:SELECT=1,nova_cell0:UPDATE=1 {{(pid=110998) stat_writer /opt/stack/data/venv/lib/python3.12/site-packages/dbcounter.py:115}}
May 09 09:05:31.466037 np0000173063 nova-conductor[110984]: DEBUG dbcounter [-] [110984] Writing DB stats nova_cell0:SELECT=1 {{(pid=110984) stat_writer /opt/stack/data/venv/lib/python3.12/site-packages/dbcounter.py:115}}
May 09 09:05:34.455963 np0000173063 nova-conductor[110979]: DEBUG oslo.service.backend._threading.loopingcall [None req-b039adcc-7dd2-4f8a-9682-83c3efd3ef53 None None] Dynamic interval looping call 'nova.service.Service.periodic_tasks' sleeping for 60.00 seconds {{(pid=110979) _run_loop /opt/stack/data/venv/lib/python3.12/site-packages/oslo_service/backend/_threading/loopingcall.py:125}}
May 09 09:05:39.453005 np0000173063 nova-conductor[110991]: DEBUG oslo.service.backend._threading.loopingcall [None req-53dd7015-daaf-49b7-b652-573b399d0f29 None None] Dynamic interval looping call 'nova.service.Service.periodic_tasks' sleeping for 60.00 seconds {{(pid=110991) _run_loop /opt/stack/data/venv/lib/python3.12/site-packages/oslo_service/backend/_threading/loopingcall.py:125}}
May 09 09:05:53.469888 np0000173063 nova-conductor[110984]: DEBUG oslo.service.backend._threading.loopingcall [None req-dd7a8eb3-0492-421d-a427-a1154badf30d None None] Dynamic interval looping call 'nova.service.Service.periodic_tasks' sleeping for 60.00 seconds {{(pid=110984) _run_loop /opt/stack/data/venv/lib/python3.12/site-packages/oslo_service/backend/_threading/loopingcall.py:125}}
May 09 09:06:20.459878 np0000173063 nova-conductor[110998]: DEBUG oslo.service.backend._threading.loopingcall [None req-bc3a6287-43fc-4559-8c25-91c13df9c9e9 None None] Dynamic interval looping call 'nova.service.Service.periodic_tasks' sleeping for 60.00 seconds {{(pid=110998) _run_loop /opt/stack/data/venv/lib/python3.12/site-packages/oslo_service/backend/_threading/loopingcall.py:125}}
May 09 09:06:34.456739 np0000173063 nova-conductor[110979]: DEBUG oslo.service.backend._threading.loopingcall [None req-b039adcc-7dd2-4f8a-9682-83c3efd3ef53 None None] Dynamic interval looping call 'nova.service.Service.periodic_tasks' sleeping for 60.00 seconds {{(pid=110979) _run_loop /opt/stack/data/venv/lib/python3.12/site-packages/oslo_service/backend/_threading/loopingcall.py:125}}
May 09 09:06:39.453786 np0000173063 nova-conductor[110991]: DEBUG oslo.service.backend._threading.loopingcall [None req-53dd7015-daaf-49b7-b652-573b399d0f29 None None] Dynamic interval looping call 'nova.service.Service.periodic_tasks' sleeping for 60.00 seconds {{(pid=110991) _run_loop /opt/stack/data/venv/lib/python3.12/site-packages/oslo_service/backend/_threading/loopingcall.py:125}}
May 09 09:06:53.470595 np0000173063 nova-conductor[110984]: DEBUG oslo.service.backend._threading.loopingcall [None req-dd7a8eb3-0492-421d-a427-a1154badf30d None None] Dynamic interval looping call 'nova.service.Service.periodic_tasks' sleeping for 60.00 seconds {{(pid=110984) _run_loop /opt/stack/data/venv/lib/python3.12/site-packages/oslo_service/backend/_threading/loopingcall.py:125}}
May 09 09:07:20.460568 np0000173063 nova-conductor[110998]: DEBUG oslo.service.backend._threading.loopingcall [None req-bc3a6287-43fc-4559-8c25-91c13df9c9e9 None None] Dynamic interval looping call 'nova.service.Service.periodic_tasks' sleeping for 60.00 seconds {{(pid=110998) _run_loop /opt/stack/data/venv/lib/python3.12/site-packages/oslo_service/backend/_threading/loopingcall.py:125}}
May 09 09:07:21.460992 np0000173063 nova-conductor[110979]: DEBUG oslo.service.backend._threading.loopingcall [-] Fixed interval looping call 'nova.servicegroup.drivers.db.DbDriver._report_state' sleeping for 119.99 seconds {{(pid=110979) _run_loop /opt/stack/data/venv/lib/python3.12/site-packages/oslo_service/backend/_threading/loopingcall.py:125}}
May 09 09:07:21.461349 np0000173063 nova-conductor[110998]: DEBUG oslo.service.backend._threading.loopingcall [-] Fixed interval looping call 'nova.servicegroup.drivers.db.DbDriver._report_state' sleeping for 119.99 seconds {{(pid=110998) _run_loop /opt/stack/data/venv/lib/python3.12/site-packages/oslo_service/backend/_threading/loopingcall.py:125}}
