2026-05-10 02:03:55.434 7 INFO placement.requestlog [req-0632816e-d835-426f-8fbf-83a809c85e0a req-fae85f75-f4ad-425a-aa12-820e3a98c6b1 814f89fc93a34101955856efc732e1f8 65743f35ac164761accbadedfb802ffd - - 8e8668f48dbc4240bfffeb07a48e2a2b 8e8668f48dbc4240bfffeb07a48e2a2b] 199.204.45.240 "GET /allocations/528e0051-9c99-4e4f-9d3e-2c9f66220031" status: 200 len: 258 microversion: 1.28 [pid: 7|app: 0|req: 552/1100] 199.204.45.240 () {34 vars in 863 bytes} [Sun May 10 02:03:55 2026] GET /allocations/528e0051-9c99-4e4f-9d3e-2c9f66220031 => generated 258 bytes in 16 msecs (HTTP/1.1 200) 8 headers in 296 bytes (1 switches on core 0)
2026-05-10 02:03:55.545 8 INFO placement.requestlog [req-0632816e-d835-426f-8fbf-83a809c85e0a req-b883634d-ed96-4008-8bda-be0d04ffc35e 814f89fc93a34101955856efc732e1f8 65743f35ac164761accbadedfb802ffd - - 8e8668f48dbc4240bfffeb07a48e2a2b 8e8668f48dbc4240bfffeb07a48e2a2b] 199.204.45.240 "GET /resource_providers/659ec484-bcd0-4afe-871a-e404ec014093/allocations" status: 200 len: 153 microversion: 1.0 [pid: 8|app: 0|req: 549/1101] 199.204.45.240 () {32 vars in 857 bytes} [Sun May 10 02:03:55 2026] GET /resource_providers/659ec484-bcd0-4afe-871a-e404ec014093/allocations => generated 153 bytes in 19 msecs (HTTP/1.1 200) 6 headers in 224 bytes (1 switches on core 0)
2026-05-10 02:03:55.571 7 INFO placement.requestlog [req-0632816e-d835-426f-8fbf-83a809c85e0a req-35b46d5a-bb76-41bb-8897-5334b85d888d 814f89fc93a34101955856efc732e1f8 65743f35ac164761accbadedfb802ffd - - 8e8668f48dbc4240bfffeb07a48e2a2b 8e8668f48dbc4240bfffeb07a48e2a2b] 199.204.45.240 "GET /allocations/528e0051-9c99-4e4f-9d3e-2c9f66220031" status: 200 len: 258 microversion: 1.28 [pid: 7|app: 0|req: 553/1102] 199.204.45.240 () {34 vars in 863 bytes} [Sun May 10 02:03:55 2026] GET /allocations/528e0051-9c99-4e4f-9d3e-2c9f66220031 => generated 258 bytes in 19 msecs (HTTP/1.1 200) 8 headers in 296 bytes (1 switches on core 0)
2026-05-10 02:04:01.335 8 INFO placement.requestlog [None req-7924c7ce-1edc-4eda-8258-704756024361 - - - - - -] 10.0.0.174 "GET /" status: 200 len: 136 microversion: 1.0
2026-05-10 02:04:01.335 7 INFO placement.requestlog [None req-906e3095-f045-4bb3-b1ab-691762620793 - - - - - -] 10.0.0.174 "GET /" status: 200 len: 136 microversion: 1.0
2026-05-10 02:04:11.336 7 INFO placement.requestlog [None req-96153562-249c-44ec-93f3-dea35ce85d40 - - - - - -] 10.0.0.174 "GET /" status: 200 len: 136 microversion: 1.0
2026-05-10 02:04:11.336 8 INFO placement.requestlog [None req-d09cb922-c71c-4927-ae0e-509d0522d156 - - - - - -] 10.0.0.174 "GET /" status: 200 len: 136 microversion: 1.0
2026-05-10 02:04:18.375 7 INFO placement.requestlog [req-582bdcf5-dabc-4a2e-a992-b3d7bc5e7e74 req-743b6406-0393-4d0e-a424-05c96522aaa8 814f89fc93a34101955856efc732e1f8 65743f35ac164761accbadedfb802ffd - - 8e8668f48dbc4240bfffeb07a48e2a2b 8e8668f48dbc4240bfffeb07a48e2a2b] 199.204.45.240 "GET /resource_providers/659ec484-bcd0-4afe-871a-e404ec014093/allocations" status: 200 len: 153 microversion: 1.0 [pid: 7|app: 0|req: 556/1107] 199.204.45.240 () {32 vars in 857 bytes} [Sun May 10 02:04:18 2026] GET /resource_providers/659ec484-bcd0-4afe-871a-e404ec014093/allocations => generated 153 bytes in 19 msecs (HTTP/1.1 200) 6 headers in 224 bytes (1 switches on core 0)
2026-05-10 02:04:18.397 8 INFO placement.requestlog [req-582bdcf5-dabc-4a2e-a992-b3d7bc5e7e74 req-6d716448-6b61-4ad1-acfc-dffc358ff597 814f89fc93a34101955856efc732e1f8 65743f35ac164761accbadedfb802ffd - - 8e8668f48dbc4240bfffeb07a48e2a2b 8e8668f48dbc4240bfffeb07a48e2a2b] 199.204.45.240 "GET /allocations/528e0051-9c99-4e4f-9d3e-2c9f66220031" status: 200 len: 258 microversion: 1.28 [pid: 8|app: 0|req: 552/1108] 199.204.45.240 () {34 vars in 863 bytes} [Sun May 10 02:04:18 2026] GET /allocations/528e0051-9c99-4e4f-9d3e-2c9f66220031 => generated 258 bytes in 15 msecs (HTTP/1.1 200) 8 headers in 296 bytes (1 switches on core 0)
2026-05-10 02:04:18.483 7 INFO placement.requestlog [req-582bdcf5-dabc-4a2e-a992-b3d7bc5e7e74 req-79f2618e-3305-4061-9b6d-00ac41afe94c 814f89fc93a34101955856efc732e1f8 65743f35ac164761accbadedfb802ffd - - 8e8668f48dbc4240bfffeb07a48e2a2b 8e8668f48dbc4240bfffeb07a48e2a2b] 199.204.45.240 "DELETE /allocations/528e0051-9c99-4e4f-9d3e-2c9f66220031" status: 204 len: 0 microversion: 1.0 [pid: 7|app: 0|req: 557/1109] 199.204.45.240 () {34 vars in 841 bytes} [Sun May 10 02:04:18 2026] DELETE /allocations/528e0051-9c99-4e4f-9d3e-2c9f66220031 => generated 0 bytes in 26 msecs (HTTP/1.1 204) 5 headers in 198 bytes (1 switches on core 0)
2026-05-10 02:04:21.335 8 INFO placement.requestlog [None req-14f9ab47-f9b1-4437-8995-7209559aeef3 - - - - - -] 10.0.0.174 "GET /" status: 200 len: 136 microversion: 1.0
2026-05-10 02:04:21.336 7 INFO placement.requestlog [None req-8a13415f-32c1-482a-b494-c5ec793b26aa - - - - - -] 10.0.0.174 "GET /" status: 200 len: 136 microversion: 1.0
2026-05-10 02:04:22.802 8 INFO placement.requestlog [None req-ad5f6c60-cf1b-496f-a43c-92923fc47505 3a0ad97ccd104598b778fc17c61e6c83 65743f35ac164761accbadedfb802ffd - - 8e8668f48dbc4240bfffeb07a48e2a2b 8e8668f48dbc4240bfffeb07a48e2a2b] 10.0.0.73 "GET /resource_providers/b123fb90-7ce2-457e-9811-c09cc5f55726/aggregates" status: 404 len: 235 microversion: 1.1 [pid: 8|app: 0|req: 554/1112] 10.0.0.73 () {32 vars in 815 bytes} [Sun May 10 02:04:22 2026] GET /resource_providers/b123fb90-7ce2-457e-9811-c09cc5f55726/aggregates => generated 235 bytes in 66 msecs (HTTP/1.1 404) 5 headers in 202 bytes (1 switches on core 0)
2026-05-10 02:04:22.808 7 INFO placement.requestlog [None req-8d8dccc0-f70b-4479-a8c8-a73d53aa9b86 3a0ad97ccd104598b778fc17c61e6c83 65743f35ac164761accbadedfb802ffd - - 8e8668f48dbc4240bfffeb07a48e2a2b 8e8668f48dbc4240bfffeb07a48e2a2b] 10.0.0.73 "GET /resource_providers/b123fb90-7ce2-457e-9811-c09cc5f55726/aggregates" status: 404 len: 235 microversion: 1.1 [pid: 7|app: 0|req: 559/1113] 10.0.0.73 () {32 vars in 815 bytes} [Sun May 10 02:04:22 2026] GET /resource_providers/b123fb90-7ce2-457e-9811-c09cc5f55726/aggregates => generated 235 bytes in 64 msecs (HTTP/1.1 404) 5 headers in 202 bytes (1 switches on core 0)
2026-05-10 02:04:23.009 7 INFO placement.requestlog [None req-f1e03931-77cf-45df-871c-69d8a3694158 3a0ad97ccd104598b778fc17c61e6c83 65743f35ac164761accbadedfb802ffd - - 8e8668f48dbc4240bfffeb07a48e2a2b 8e8668f48dbc4240bfffeb07a48e2a2b] 10.0.0.73 "DELETE /resource_providers/b123fb90-7ce2-457e-9811-c09cc5f55726" status: 404 len: 246 microversion: 1.1 [pid: 7|app: 0|req: 560/1114] 10.0.0.73 () {34 vars in 815 bytes} [Sun May 10 02:04:22 2026] DELETE /resource_providers/b123fb90-7ce2-457e-9811-c09cc5f55726 => generated 246 bytes in 12 msecs (HTTP/1.1 404) 6 headers in 231 bytes (1 switches on core 0)
2026-05-10 02:04:23.010 8 INFO placement.requestlog [None req-c1245bac-ea3d-4b41-ab9d-b0c1c889e38a 3a0ad97ccd104598b778fc17c61e6c83 65743f35ac164761accbadedfb802ffd - - 8e8668f48dbc4240bfffeb07a48e2a2b 8e8668f48dbc4240bfffeb07a48e2a2b] 10.0.0.73 "DELETE /resource_providers/b123fb90-7ce2-457e-9811-c09cc5f55726" status: 404 len: 246 microversion: 1.1 [pid: 8|app: 0|req: 555/1115] 10.0.0.73 () {34 vars in 815 bytes} [Sun May 10 02:04:22 2026] DELETE /resource_providers/b123fb90-7ce2-457e-9811-c09cc5f55726 => generated 246 bytes in 14 msecs (HTTP/1.1 404) 6 headers in 231 bytes (1 switches on core 0)
2026-05-10 02:04:25.034 7 INFO placement.requestlog [None req-184c030b-0c09-41f9-bdfc-e2effd6dca8a 3a0ad97ccd104598b778fc17c61e6c83 65743f35ac164761accbadedfb802ffd - - 8e8668f48dbc4240bfffeb07a48e2a2b 8e8668f48dbc4240bfffeb07a48e2a2b] 10.0.0.73 "GET /resource_providers/d1782a2e-861b-4a2a-a593-27b8af9a7e5d/aggregates" status: 404 len: 235 microversion: 1.1 [pid: 7|app: 0|req: 561/1116] 10.0.0.73 () {32 vars in 815 bytes} [Sun May 10 02:04:25 2026] GET /resource_providers/d1782a2e-861b-4a2a-a593-27b8af9a7e5d/aggregates => generated 235 bytes in 13 msecs (HTTP/1.1 404) 5 headers in 202 bytes (1 switches on core 0)
2026-05-10 02:04:25.040 8 INFO placement.requestlog [None req-befdf23c-acaf-4889-a031-a96e506305b9 3a0ad97ccd104598b778fc17c61e6c83 65743f35ac164761accbadedfb802ffd - - 8e8668f48dbc4240bfffeb07a48e2a2b 8e8668f48dbc4240bfffeb07a48e2a2b] 10.0.0.73 "GET /resource_providers/d1782a2e-861b-4a2a-a593-27b8af9a7e5d/aggregates" status: 404 len: 235 microversion: 1.1 [pid: 8|app: 0|req: 556/1117] 10.0.0.73 () {32 vars in 815 bytes} [Sun May 10 02:04:25 2026] GET /resource_providers/d1782a2e-861b-4a2a-a593-27b8af9a7e5d/aggregates => generated 235 bytes in 13 msecs (HTTP/1.1 404) 5 headers in 202 bytes (1 switches on core 0)
2026-05-10 02:04:25.055 7 INFO placement.requestlog [None req-f00561d3-2e8e-4ebe-971f-d4ad6af0756a 3a0ad97ccd104598b778fc17c61e6c83 65743f35ac164761accbadedfb802ffd - - 8e8668f48dbc4240bfffeb07a48e2a2b 8e8668f48dbc4240bfffeb07a48e2a2b] 10.0.0.73 "DELETE /resource_providers/d1782a2e-861b-4a2a-a593-27b8af9a7e5d" status: 404 len: 246 microversion: 1.1 [pid: 7|app: 0|req: 562/1118] 10.0.0.73 () {34 vars in 815 bytes} [Sun May 10 02:04:25 2026] DELETE /resource_providers/d1782a2e-861b-4a2a-a593-27b8af9a7e5d => generated 246 bytes in 11 msecs (HTTP/1.1 404) 6 headers in 231 bytes (1 switches on core 0)
2026-05-10 02:04:25.059 8 INFO placement.requestlog [None req-8f8a06fc-a102-4e56-bcdb-ae81eb83ada7 3a0ad97ccd104598b778fc17c61e6c83 65743f35ac164761accbadedfb802ffd - - 8e8668f48dbc4240bfffeb07a48e2a2b 8e8668f48dbc4240bfffeb07a48e2a2b] 10.0.0.73 "DELETE /resource_providers/d1782a2e-861b-4a2a-a593-27b8af9a7e5d" status: 404 len: 246 microversion: 1.1 [pid: 8|app: 0|req: 557/1119] 10.0.0.73 () {34 vars in 815 bytes} [Sun May 10 02:04:25 2026] DELETE /resource_providers/d1782a2e-861b-4a2a-a593-27b8af9a7e5d => generated 246 bytes in 10 msecs (HTTP/1.1 404) 6 headers in 231 bytes (1 switches on core 0)
2026-05-10 02:04:27.092 8 INFO placement.requestlog [None req-832315a0-ca36-4a6f-a73a-6b5355d57c7a 3a0ad97ccd104598b778fc17c61e6c83 65743f35ac164761accbadedfb802ffd - - 8e8668f48dbc4240bfffeb07a48e2a2b 8e8668f48dbc4240bfffeb07a48e2a2b] 10.0.0.73 "GET /resource_providers/37fcb748-49f5-48f3-85e4-6bdcd03b5f3e/aggregates" status: 404 len: 235 microversion: 1.1 [pid: 8|app: 0|req: 558/1120] 10.0.0.73 () {32 vars in 815 bytes} [Sun May 10 02:04:27 2026] GET /resource_providers/37fcb748-49f5-48f3-85e4-6bdcd03b5f3e/aggregates => generated 235 bytes in 22 msecs (HTTP/1.1 404) 5 headers in 202 bytes (1 switches on core 0)
2026-05-10 02:04:27.103 7 INFO placement.requestlog [None req-6d6b63e1-8715-4e33-b7e0-316c9de6e40b 3a0ad97ccd104598b778fc17c61e6c83 65743f35ac164761accbadedfb802ffd - - 8e8668f48dbc4240bfffeb07a48e2a2b 8e8668f48dbc4240bfffeb07a48e2a2b] 10.0.0.73 "GET /resource_providers/37fcb748-49f5-48f3-85e4-6bdcd03b5f3e/aggregates" status: 404 len: 235 microversion: 1.1 [pid: 7|app: 0|req: 563/1121] 10.0.0.73 () {32 vars in 815 bytes} [Sun May 10 02:04:27 2026] GET /resource_providers/37fcb748-49f5-48f3-85e4-6bdcd03b5f3e/aggregates => generated 235 bytes in 40 msecs (HTTP/1.1 404) 5 headers in 202 bytes (1 switches on core 0)
2026-05-10 02:04:27.112 8 INFO placement.requestlog [None req-488d730d-92ee-45cb-880e-adf5ed88fa57 3a0ad97ccd104598b778fc17c61e6c83 65743f35ac164761accbadedfb802ffd - - 8e8668f48dbc4240bfffeb07a48e2a2b 8e8668f48dbc4240bfffeb07a48e2a2b] 10.0.0.73 "DELETE /resource_providers/37fcb748-49f5-48f3-85e4-6bdcd03b5f3e" status: 404 len: 246 microversion: 1.1 [pid: 8|app: 0|req: 559/1122] 10.0.0.73 () {34 vars in 815 bytes} [Sun May 10 02:04:27 2026] DELETE /resource_providers/37fcb748-49f5-48f3-85e4-6bdcd03b5f3e => generated 246 bytes in 10 msecs (HTTP/1.1 404) 6 headers in 231 bytes (1 switches on core 0)
2026-05-10 02:04:27.123 7 INFO placement.requestlog [None req-050e8861-e794-499f-a0b6-be7b3c8031ae 3a0ad97ccd104598b778fc17c61e6c83 65743f35ac164761accbadedfb802ffd - - 8e8668f48dbc4240bfffeb07a48e2a2b 8e8668f48dbc4240bfffeb07a48e2a2b] 10.0.0.73 "DELETE /resource_providers/37fcb748-49f5-48f3-85e4-6bdcd03b5f3e" status: 404 len: 246 microversion: 1.1 [pid: 7|app: 0|req: 564/1123] 10.0.0.73 () {34 vars in 815 bytes} [Sun May 10 02:04:27 2026] DELETE /resource_providers/37fcb748-49f5-48f3-85e4-6bdcd03b5f3e => generated 246 bytes in 14 msecs (HTTP/1.1 404) 6 headers in 231 bytes (1 switches on core 0)
2026-05-10 02:04:27.125 8 INFO placement.requestlog [None req-c2c59884-91ee-4888-a02b-8eb7e5324c8a 3a0ad97ccd104598b778fc17c61e6c83 65743f35ac164761accbadedfb802ffd - - 8e8668f48dbc4240bfffeb07a48e2a2b 8e8668f48dbc4240bfffeb07a48e2a2b] 10.0.0.73 "GET /resource_providers/12628ed2-9dca-4999-bee6-0473d75cd8d7/aggregates" status: 404 len: 235 microversion: 1.1 [pid: 8|app: 0|req: 560/1124] 10.0.0.73 () {32 vars in 815 bytes} [Sun May 10 02:04:27 2026] GET /resource_providers/12628ed2-9dca-4999-bee6-0473d75cd8d7/aggregates => generated 235 bytes in 7 msecs (HTTP/1.1 404) 5 headers in 202 bytes (1 switches on core 0)
2026-05-10 02:04:27.138 7 INFO placement.requestlog [None req-8e6be8c8-f4c5-4a21-9be9-75ea9e13e5bc 3a0ad97ccd104598b778fc17c61e6c83 65743f35ac164761accbadedfb802ffd - - 8e8668f48dbc4240bfffeb07a48e2a2b 8e8668f48dbc4240bfffeb07a48e2a2b] 10.0.0.73 "GET /resource_providers/12628ed2-9dca-4999-bee6-0473d75cd8d7/aggregates" status: 404 len: 235 microversion: 1.1 [pid: 7|app: 0|req: 565/1125] 10.0.0.73 () {32 vars in 815 bytes} [Sun May 10 02:04:27 2026] GET /resource_providers/12628ed2-9dca-4999-bee6-0473d75cd8d7/aggregates => generated 235 bytes in 10 msecs (HTTP/1.1 404) 5 headers in 202 bytes (1 switches on core 0)
2026-05-10 02:04:27.141 8 INFO placement.requestlog [None req-50927c49-85f2-464a-b781-66e97e14d566 3a0ad97ccd104598b778fc17c61e6c83 65743f35ac164761accbadedfb802ffd - - 8e8668f48dbc4240bfffeb07a48e2a2b 8e8668f48dbc4240bfffeb07a48e2a2b] 10.0.0.73 "DELETE /resource_providers/12628ed2-9dca-4999-bee6-0473d75cd8d7" status: 404 len: 246 microversion: 1.1 [pid: 8|app: 0|req: 561/1126] 10.0.0.73 () {34 vars in 815 bytes} [Sun May 10 02:04:27 2026] DELETE /resource_providers/12628ed2-9dca-4999-bee6-0473d75cd8d7 => generated 246 bytes in 8 msecs (HTTP/1.1 404) 6 headers in 231 bytes (1 switches on core 0)
2026-05-10 02:04:27.153 7 INFO placement.requestlog [None req-fa3a3dcd-f5b6-4567-8ccf-954cd79b2cb3 3a0ad97ccd104598b778fc17c61e6c83 65743f35ac164761accbadedfb802ffd - - 8e8668f48dbc4240bfffeb07a48e2a2b 8e8668f48dbc4240bfffeb07a48e2a2b] 10.0.0.73 "DELETE /resource_providers/12628ed2-9dca-4999-bee6-0473d75cd8d7" status: 404 len: 246 microversion: 1.1 [pid: 7|app: 0|req: 566/1127] 10.0.0.73 () {34 vars in 815 bytes} [Sun May 10 02:04:27 2026] DELETE /resource_providers/12628ed2-9dca-4999-bee6-0473d75cd8d7 => generated 246 bytes in 12 msecs (HTTP/1.1 404) 6 headers in 231 bytes (1 switches on core 0)
2026-05-10 02:04:31.335 8 INFO placement.requestlog [None req-11988608-ffc8-4e6a-9107-354f62e50bed - - - - - -] 10.0.0.174 "GET /" status: 200 len: 136 microversion: 1.0
2026-05-10 02:04:31.336 7 INFO placement.requestlog [None req-aa7a9fd7-1a28-41db-8433-9d5972e4d930 - - - - - -] 10.0.0.174 "GET /" status: 200 len: 136 microversion: 1.0
2026-05-10 02:04:32.483 8 INFO placement.requestlog [None req-04385588-0a90-4cd4-bd3f-582e0f60bc08 3a0ad97ccd104598b778fc17c61e6c83 65743f35ac164761accbadedfb802ffd - - 8e8668f48dbc4240bfffeb07a48e2a2b 8e8668f48dbc4240bfffeb07a48e2a2b] 10.0.0.73 "GET /resource_providers/aa84b441-12bc-4154-bd25-5c4ab5e82241/aggregates" status: 404 len: 235 microversion: 1.1 [pid: 8|app: 0|req: 563/1130] 10.0.0.73 () {32 vars in 815 bytes} [Sun May 10 02:04:32 2026] GET /resource_providers/aa84b441-12bc-4154-bd25-5c4ab5e82241/aggregates => generated 235 bytes in 10 msecs (HTTP/1.1 404) 5 headers in 202 bytes (1 switches on core 0)
2026-05-10 02:04:32.489 7 INFO placement.requestlog [None req-98372283-1970-443a-bb4c-dfcad168683d 3a0ad97ccd104598b778fc17c61e6c83 65743f35ac164761accbadedfb802ffd - - 8e8668f48dbc4240bfffeb07a48e2a2b 8e8668f48dbc4240bfffeb07a48e2a2b] 10.0.0.73 "GET /resource_providers/aa84b441-12bc-4154-bd25-5c4ab5e82241/aggregates" status: 404 len: 235 microversion: 1.1 [pid: 7|app: 0|req: 568/1131] 10.0.0.73 () {32 vars in 815 bytes} [Sun May 10 02:04:32 2026] GET /resource_providers/aa84b441-12bc-4154-bd25-5c4ab5e82241/aggregates => generated 235 bytes in 12 msecs (HTTP/1.1 404) 5 headers in 202 bytes (1 switches on core 0)
2026-05-10 02:04:32.506 8 INFO placement.requestlog [None req-6d2a6a30-5443-4fe9-b338-00612d1cfa3f 3a0ad97ccd104598b778fc17c61e6c83 65743f35ac164761accbadedfb802ffd - - 8e8668f48dbc4240bfffeb07a48e2a2b 8e8668f48dbc4240bfffeb07a48e2a2b] 10.0.0.73 "DELETE /resource_providers/aa84b441-12bc-4154-bd25-5c4ab5e82241" status: 404 len: 246 microversion: 1.1 [pid: 8|app: 0|req: 564/1132] 10.0.0.73 () {34 vars in 815 bytes} [Sun May 10 02:04:32 2026] DELETE /resource_providers/aa84b441-12bc-4154-bd25-5c4ab5e82241 => generated 246 bytes in 7 msecs (HTTP/1.1 404) 6 headers in 231 bytes (1 switches on core 0)
2026-05-10 02:04:32.512 7 INFO placement.requestlog [None req-459ed5e5-2cc0-4a43-8630-d6d5c4fa88be 3a0ad97ccd104598b778fc17c61e6c83 65743f35ac164761accbadedfb802ffd - - 8e8668f48dbc4240bfffeb07a48e2a2b 8e8668f48dbc4240bfffeb07a48e2a2b] 10.0.0.73 "DELETE /resource_providers/aa84b441-12bc-4154-bd25-5c4ab5e82241" status: 404 len: 246 microversion: 1.1 [pid: 7|app: 0|req: 569/1133] 10.0.0.73 () {34 vars in 815 bytes} [Sun May 10 02:04:32 2026] DELETE /resource_providers/aa84b441-12bc-4154-bd25-5c4ab5e82241 => generated 246 bytes in 12 msecs (HTTP/1.1 404) 6 headers in 231 bytes (1 switches on core 0)
2026-05-10 02:04:34.531 8 INFO placement.requestlog [None req-1f31f950-dbe4-41ce-ac79-67282b5b5941 3a0ad97ccd104598b778fc17c61e6c83 65743f35ac164761accbadedfb802ffd - - 8e8668f48dbc4240bfffeb07a48e2a2b 8e8668f48dbc4240bfffeb07a48e2a2b] 10.0.0.73 "GET /resource_providers/aa84b441-12bc-4154-bd25-5c4ab5e82241/aggregates" status: 404 len: 235 microversion: 1.1 [pid: 8|app: 0|req: 565/1134] 10.0.0.73 () {32 vars in 815 bytes} [Sun May 10 02:04:34 2026] GET /resource_providers/aa84b441-12bc-4154-bd25-5c4ab5e82241/aggregates => generated 235 bytes in 10 msecs (HTTP/1.1 404) 5 headers in 202 bytes (1 switches on core 0)
2026-05-10 02:04:34.544 7 INFO placement.requestlog [None req-3831d8ee-d78f-4805-9a99-bf64448ce6e1 3a0ad97ccd104598b778fc17c61e6c83 65743f35ac164761accbadedfb802ffd - - 8e8668f48dbc4240bfffeb07a48e2a2b 8e8668f48dbc4240bfffeb07a48e2a2b] 10.0.0.73 "GET /resource_providers/aa84b441-12bc-4154-bd25-5c4ab5e82241/aggregates" status: 404 len: 235 microversion: 1.1 [pid: 7|app: 0|req: 570/1135] 10.0.0.73 () {32 vars in 815 bytes} [Sun May 10 02:04:34 2026] GET /resource_providers/aa84b441-12bc-4154-bd25-5c4ab5e82241/aggregates => generated 235 bytes in 19 msecs (HTTP/1.1 404) 5 headers in 202 bytes (1 switches on core 0)
2026-05-10 02:04:34.546 8 INFO placement.requestlog [None req-8ae8992e-c268-486d-a120-0674ae5bb957 3a0ad97ccd104598b778fc17c61e6c83 65743f35ac164761accbadedfb802ffd - - 8e8668f48dbc4240bfffeb07a48e2a2b 8e8668f48dbc4240bfffeb07a48e2a2b] 10.0.0.73 "DELETE /resource_providers/aa84b441-12bc-4154-bd25-5c4ab5e82241" status: 404 len: 246 microversion: 1.1 [pid: 8|app: 0|req: 566/1136] 10.0.0.73 () {34 vars in 815 bytes} [Sun May 10 02:04:34 2026] DELETE /resource_providers/aa84b441-12bc-4154-bd25-5c4ab5e82241 => generated 246 bytes in 8 msecs (HTTP/1.1 404) 6 headers in 231 bytes (1 switches on core 0)
2026-05-10 02:04:34.561 7 INFO placement.requestlog [None req-c3a89224-9734-41d7-815d-edff851ddb3f 3a0ad97ccd104598b778fc17c61e6c83 65743f35ac164761accbadedfb802ffd - - 8e8668f48dbc4240bfffeb07a48e2a2b 8e8668f48dbc4240bfffeb07a48e2a2b] 10.0.0.73 "DELETE /resource_providers/aa84b441-12bc-4154-bd25-5c4ab5e82241" status: 404 len: 246 microversion: 1.1 [pid: 7|app: 0|req: 571/1137] 10.0.0.73 () {34 vars in 815 bytes} [Sun May 10 02:04:34 2026] DELETE /resource_providers/aa84b441-12bc-4154-bd25-5c4ab5e82241 => generated 246 bytes in 10 msecs (HTTP/1.1 404) 6 headers in 231 bytes (1 switches on core 0)
2026-05-10 02:04:34.569 8 INFO placement.requestlog [None req-2ac06bda-4a0a-42d5-baf6-9c64a84c6f8f 3a0ad97ccd104598b778fc17c61e6c83 65743f35ac164761accbadedfb802ffd - - 8e8668f48dbc4240bfffeb07a48e2a2b 8e8668f48dbc4240bfffeb07a48e2a2b] 10.0.0.73 "GET /resource_providers/d98a656c-0077-41f7-bc9e-38dc55ca2a75/aggregates" status: 404 len: 235 microversion: 1.1 [pid: 8|app: 0|req: 567/1138] 10.0.0.73 () {32 vars in 815 bytes} [Sun May 10 02:04:34 2026] GET /resource_providers/d98a656c-0077-41f7-bc9e-38dc55ca2a75/aggregates => generated 235 bytes in 11 msecs (HTTP/1.1 404) 5 headers in 202 bytes (1 switches on core 0)
2026-05-10 02:04:34.578 7 INFO placement.requestlog [None req-119c2a7c-e747-4f8d-9a0e-e8993d8ff778 3a0ad97ccd104598b778fc17c61e6c83 65743f35ac164761accbadedfb802ffd - - 8e8668f48dbc4240bfffeb07a48e2a2b 8e8668f48dbc4240bfffeb07a48e2a2b] 10.0.0.73 "GET /resource_providers/d98a656c-0077-41f7-bc9e-38dc55ca2a75/aggregates" status: 404 len: 235 microversion: 1.1 [pid: 7|app: 0|req: 572/1139] 10.0.0.73 () {32 vars in 815 bytes} [Sun May 10 02:04:34 2026] GET /resource_providers/d98a656c-0077-41f7-bc9e-38dc55ca2a75/aggregates => generated 235 bytes in 14 msecs (HTTP/1.1 404) 5 headers in 202 bytes (1 switches on core 0)
2026-05-10 02:04:34.581 8 INFO placement.requestlog [None req-a7fe82fd-1440-4cfb-9de5-42bae041f859 3a0ad97ccd104598b778fc17c61e6c83 65743f35ac164761accbadedfb802ffd - - 8e8668f48dbc4240bfffeb07a48e2a2b 8e8668f48dbc4240bfffeb07a48e2a2b] 10.0.0.73 "DELETE /resource_providers/d98a656c-0077-41f7-bc9e-38dc55ca2a75" status: 404 len: 246 microversion: 1.1 [pid: 8|app: 0|req: 568/1140] 10.0.0.73 () {34 vars in 815 bytes} [Sun May 10 02:04:34 2026] DELETE /resource_providers/d98a656c-0077-41f7-bc9e-38dc55ca2a75 => generated 246 bytes in 7 msecs (HTTP/1.1 404) 6 headers in 231 bytes (1 switches on core 0)
2026-05-10 02:04:34.597 7 INFO placement.requestlog [None req-c42462bd-27e7-4267-8e55-aaaa156accc5 3a0ad97ccd104598b778fc17c61e6c83 65743f35ac164761accbadedfb802ffd - - 8e8668f48dbc4240bfffeb07a48e2a2b 8e8668f48dbc4240bfffeb07a48e2a2b] 10.0.0.73 "DELETE /resource_providers/d98a656c-0077-41f7-bc9e-38dc55ca2a75" status: 404 len: 246 microversion: 1.1 [pid: 7|app: 0|req: 573/1141] 10.0.0.73 () {34 vars in 815 bytes} [Sun May 10 02:04:34 2026] DELETE /resource_providers/d98a656c-0077-41f7-bc9e-38dc55ca2a75 => generated 246 bytes in 12 msecs (HTTP/1.1 404) 6 headers in 231 bytes (1 switches on core 0)
2026-05-10 02:04:36.737 8 INFO placement.requestlog [None req-dec923c7-6906-4573-8f3a-cd7e908f003b 3a0ad97ccd104598b778fc17c61e6c83 65743f35ac164761accbadedfb802ffd - - 8e8668f48dbc4240bfffeb07a48e2a2b 8e8668f48dbc4240bfffeb07a48e2a2b] 10.0.0.73 "GET /resource_providers/d98a656c-0077-41f7-bc9e-38dc55ca2a75/aggregates" status: 404 len: 235 microversion: 1.1 [pid: 8|app: 0|req: 569/1142] 10.0.0.73 () {32 vars in 815 bytes} [Sun May 10 02:04:36 2026] GET /resource_providers/d98a656c-0077-41f7-bc9e-38dc55ca2a75/aggregates => generated 235 bytes in 10 msecs (HTTP/1.1 404) 5 headers in 202 bytes (1 switches on core 0)
2026-05-10 02:04:36.739 7 INFO placement.requestlog [None req-e5d2e713-ec99-4346-a84f-c637df15a098 3a0ad97ccd104598b778fc17c61e6c83 65743f35ac164761accbadedfb802ffd - - 8e8668f48dbc4240bfffeb07a48e2a2b 8e8668f48dbc4240bfffeb07a48e2a2b] 10.0.0.73 "GET /resource_providers/d98a656c-0077-41f7-bc9e-38dc55ca2a75/aggregates" status: 404 len: 235 microversion: 1.1 [pid: 7|app: 0|req: 574/1143] 10.0.0.73 () {32 vars in 815 bytes} [Sun May 10 02:04:36 2026] GET /resource_providers/d98a656c-0077-41f7-bc9e-38dc55ca2a75/aggregates => generated 235 bytes in 12 msecs (HTTP/1.1 404) 5 headers in 202 bytes (1 switches on core 0)
2026-05-10 02:04:36.753 8 INFO placement.requestlog [None req-d9d5d0f8-9184-4600-8bcc-5853968067ac 3a0ad97ccd104598b778fc17c61e6c83 65743f35ac164761accbadedfb802ffd - - 8e8668f48dbc4240bfffeb07a48e2a2b 8e8668f48dbc4240bfffeb07a48e2a2b] 10.0.0.73 "DELETE /resource_providers/d98a656c-0077-41f7-bc9e-38dc55ca2a75" status: 404 len: 246 microversion: 1.1 [pid: 8|app: 0|req: 570/1144] 10.0.0.73 () {34 vars in 815 bytes} [Sun May 10 02:04:36 2026] DELETE /resource_providers/d98a656c-0077-41f7-bc9e-38dc55ca2a75 => generated 246 bytes in 8 msecs (HTTP/1.1 404) 6 headers in 231 bytes (1 switches on core 0)
2026-05-10 02:04:36.761 7 INFO placement.requestlog [None req-5a69b987-929a-40e0-826b-4b29e9c97eff 3a0ad97ccd104598b778fc17c61e6c83 65743f35ac164761accbadedfb802ffd - - 8e8668f48dbc4240bfffeb07a48e2a2b 8e8668f48dbc4240bfffeb07a48e2a2b] 10.0.0.73 "DELETE /resource_providers/d98a656c-0077-41f7-bc9e-38dc55ca2a75" status: 404 len: 246 microversion: 1.1 [pid: 7|app: 0|req: 575/1145] 10.0.0.73 () {34 vars in 815 bytes} [Sun May 10 02:04:36 2026] DELETE /resource_providers/d98a656c-0077-41f7-bc9e-38dc55ca2a75 => generated 246 bytes in 10 msecs (HTTP/1.1 404) 6 headers in 231 bytes (1 switches on core 0)
2026-05-10 02:04:38.783 8 INFO placement.requestlog [None req-057dbfb0-94af-4e20-8dd7-af9670887856 3a0ad97ccd104598b778fc17c61e6c83 65743f35ac164761accbadedfb802ffd - - 8e8668f48dbc4240bfffeb07a48e2a2b 8e8668f48dbc4240bfffeb07a48e2a2b] 10.0.0.73 "GET /resource_providers/2c705468-6240-4565-a2a1-bc338f36cb54/aggregates" status: 404 len: 235 microversion: 1.1 [pid: 8|app: 0|req: 571/1146] 10.0.0.73 () {32 vars in 815 bytes} [Sun May 10 02:04:38 2026] GET /resource_providers/2c705468-6240-4565-a2a1-bc338f36cb54/aggregates => generated 235 bytes in 12 msecs (HTTP/1.1 404) 5 headers in 202 bytes (1 switches on core 0)
2026-05-10 02:04:38.788 7 INFO placement.requestlog [None req-2fa2d516-aca5-4ee7-a64b-03b10fde38be 3a0ad97ccd104598b778fc17c61e6c83 65743f35ac164761accbadedfb802ffd - - 8e8668f48dbc4240bfffeb07a48e2a2b 8e8668f48dbc4240bfffeb07a48e2a2b] 10.0.0.73 "GET /resource_providers/2c705468-6240-4565-a2a1-bc338f36cb54/aggregates" status: 404 len: 235 microversion: 1.1 [pid: 7|app: 0|req: 576/1147] 10.0.0.73 () {32 vars in 815 bytes} [Sun May 10 02:04:38 2026] GET /resource_providers/2c705468-6240-4565-a2a1-bc338f36cb54/aggregates => generated 235 bytes in 12 msecs (HTTP/1.1 404) 5 headers in 202 bytes (1 switches on core 0)
2026-05-10 02:04:38.803 7 INFO placement.requestlog [None req-983219d0-014b-4676-9199-f8b1b7cce25b 3a0ad97ccd104598b778fc17c61e6c83 65743f35ac164761accbadedfb802ffd - - 8e8668f48dbc4240bfffeb07a48e2a2b 8e8668f48dbc4240bfffeb07a48e2a2b] 10.0.0.73 "DELETE /resource_providers/2c705468-6240-4565-a2a1-bc338f36cb54" status: 404 len: 246 microversion: 1.1 [pid: 7|app: 0|req: 577/1148] 10.0.0.73 () {34 vars in 815 bytes} [Sun May 10 02:04:38 2026] DELETE /resource_providers/2c705468-6240-4565-a2a1-bc338f36cb54 => generated 246 bytes in 8 msecs (HTTP/1.1 404) 6 headers in 231 bytes (1 switches on core 0)
2026-05-10 02:04:38.804 8 INFO placement.requestlog [None req-1ae64248-30a8-412d-b002-3b67f1ef1fed 3a0ad97ccd104598b778fc17c61e6c83 65743f35ac164761accbadedfb802ffd - - 8e8668f48dbc4240bfffeb07a48e2a2b 8e8668f48dbc4240bfffeb07a48e2a2b] 10.0.0.73 "DELETE /resource_providers/2c705468-6240-4565-a2a1-bc338f36cb54" status: 404 len: 246 microversion: 1.1 [pid: 8|app: 0|req: 572/1149] 10.0.0.73 () {34 vars in 815 bytes} [Sun May 10 02:04:38 2026] DELETE /resource_providers/2c705468-6240-4565-a2a1-bc338f36cb54 => generated 246 bytes in 9 msecs (HTTP/1.1 404) 6 headers in 231 bytes (1 switches on core 0)
2026-05-10 02:04:41.336 8 INFO placement.requestlog [None req-822f8cad-6cdd-49a0-b5d1-34018a63fef9 - - - - - -] 10.0.0.174 "GET /" status: 200 len: 136 microversion: 1.0
2026-05-10 02:04:41.336 7 INFO placement.requestlog [None req-a900697d-1f25-4465-b6fc-64a8f26e671d - - - - - -] 10.0.0.174 "GET /" status: 200 len: 136 microversion: 1.0
2026-05-10 02:04:50.480 7 INFO placement.requestlog [req-dd4d204b-6a78-41c0-95ed-8a4715465685 req-3d3eb469-e0be-425d-956d-30c3f1b5088e 814f89fc93a34101955856efc732e1f8 65743f35ac164761accbadedfb802ffd - - 8e8668f48dbc4240bfffeb07a48e2a2b 8e8668f48dbc4240bfffeb07a48e2a2b] 199.204.45.240 "GET /resource_providers/659ec484-bcd0-4afe-871a-e404ec014093/allocations" status: 200 len: 55 microversion: 1.0 [pid: 7|app: 0|req: 579/1152] 199.204.45.240 () {32 vars in 857 bytes} [Sun May 10 02:04:50 2026] GET /resource_providers/659ec484-bcd0-4afe-871a-e404ec014093/allocations => generated 55 bytes in 12 msecs (HTTP/1.1 200) 6 headers in 223 bytes (1 switches on core 0)
2026-05-10 02:04:50.504 8 INFO placement.requestlog [req-dd4d204b-6a78-41c0-95ed-8a4715465685 req-3c023a6c-caae-424a-87ed-5e1eea663d06 814f89fc93a34101955856efc732e1f8 65743f35ac164761accbadedfb802ffd - - 8e8668f48dbc4240bfffeb07a48e2a2b 8e8668f48dbc4240bfffeb07a48e2a2b] 199.204.45.240 "GET /resource_providers/659ec484-bcd0-4afe-871a-e404ec014093/allocations" status: 200 len: 55 microversion: 1.0 [pid: 8|app: 0|req: 574/1153] 199.204.45.240 () {32 vars in 857 bytes} [Sun May 10 02:04:50 2026] GET /resource_providers/659ec484-bcd0-4afe-871a-e404ec014093/allocations => generated 55 bytes in 19 msecs (HTTP/1.1 200) 6 headers in 223 bytes (1 switches on core 0)
2026-05-10 02:04:51.335 7 INFO placement.requestlog [None req-75f85810-8ac9-4069-bb0d-a76e65f60b0a - - - - - -] 10.0.0.174 "GET /" status: 200 len: 136 microversion: 1.0
2026-05-10 02:04:51.335 8 INFO placement.requestlog [None req-3132684c-cf88-4516-9ab5-96e9db8dfa1d - - - - - -] 10.0.0.174 "GET /" status: 200 len: 136 microversion: 1.0
2026-05-10 02:05:01.336 8 INFO placement.requestlog [None req-64b16800-c5ae-45c9-9168-0e873a4667f3 - - - - - -] 10.0.0.174 "GET /" status: 200 len: 136 microversion: 1.0
2026-05-10 02:05:01.337 7 INFO placement.requestlog [None req-17026c22-3d6d-49d0-8a9d-df660d29fc39 - - - - - -] 10.0.0.174 "GET /" status: 200 len: 136 microversion: 1.0
2026-05-10 02:05:09.149 8 INFO placement.requestlog [req-55e9fa9a-9d5d-4fe3-b586-684136916134 req-f40c3c6a-4215-4cc1-a6ec-1ae0c0768223 814f89fc93a34101955856efc732e1f8 65743f35ac164761accbadedfb802ffd - - 8e8668f48dbc4240bfffeb07a48e2a2b 8e8668f48dbc4240bfffeb07a48e2a2b] 10.0.0.230 "GET /allocation_candidates?limit=1000&resources=DISK_GB%3A1%2CMEMORY_MB%3A512%2CVCPU%3A1&root_required=%21COMPUTE_STATUS_DISABLED" status: 200 len: 2217 microversion: 1.36 [pid: 8|app: 0|req: 577/1158] 10.0.0.230 () {34 vars in 1012 bytes} [Sun May 10 02:05:08 2026] GET /allocation_candidates?limit=1000&resources=DISK_GB%3A1%2CMEMORY_MB%3A512%2CVCPU%3A1&root_required=%21COMPUTE_STATUS_DISABLED => generated 2217 bytes in 205 msecs (HTTP/1.1 200) 8 headers in 297 bytes (1 switches on core 0)
2026-05-10 02:05:09.181 7 INFO placement.requestlog [req-55e9fa9a-9d5d-4fe3-b586-684136916134 req-2fe09d19-b992-4216-9938-2c43c5cdb1b5 814f89fc93a34101955856efc732e1f8 65743f35ac164761accbadedfb802ffd - - 8e8668f48dbc4240bfffeb07a48e2a2b 8e8668f48dbc4240bfffeb07a48e2a2b] 10.0.0.230 "GET /allocations/f4164816-8f0d-4a11-ae3b-3c117d585161" status: 200 len: 19 microversion: 1.28 [pid: 7|app: 0|req: 582/1159] 10.0.0.230 () {34 vars in 861 bytes} [Sun May 10 02:05:09 2026] GET /allocations/f4164816-8f0d-4a11-ae3b-3c117d585161 => generated 19 bytes in 12 msecs (HTTP/1.1 200) 8 headers in 295 bytes (1 switches on core 0)
2026-05-10 02:05:09.251 8 INFO placement.requestlog [req-55e9fa9a-9d5d-4fe3-b586-684136916134 req-f14aad19-1e83-4e28-b3fa-3b2457546862 814f89fc93a34101955856efc732e1f8 65743f35ac164761accbadedfb802ffd - - 8e8668f48dbc4240bfffeb07a48e2a2b 8e8668f48dbc4240bfffeb07a48e2a2b] 10.0.0.230 "PUT /allocations/f4164816-8f0d-4a11-ae3b-3c117d585161" status: 204 len: 0 microversion: 1.36 [pid: 8|app: 0|req: 578/1160] 10.0.0.230 () {38 vars in 914 bytes} [Sun May 10 02:05:09 2026] PUT /allocations/f4164816-8f0d-4a11-ae3b-3c117d585161 => generated 0 bytes in 60 msecs (HTTP/1.1 204) 5 headers in 199 bytes (1 switches on core 0)
2026-05-10 02:05:09.549 7 INFO placement.requestlog [req-55e9fa9a-9d5d-4fe3-b586-684136916134 req-93c74d4c-4acb-4733-a474-d4cd8511dc57 814f89fc93a34101955856efc732e1f8 65743f35ac164761accbadedfb802ffd - - 8e8668f48dbc4240bfffeb07a48e2a2b 8e8668f48dbc4240bfffeb07a48e2a2b] 199.204.45.240 "GET /allocations/f4164816-8f0d-4a11-ae3b-3c117d585161" status: 200 len: 258 microversion: 1.28 [pid: 7|app: 0|req: 583/1161] 199.204.45.240 () {34 vars in 863 bytes} [Sun May 10 02:05:09 2026] GET /allocations/f4164816-8f0d-4a11-ae3b-3c117d585161 => generated 258 bytes in 23 msecs (HTTP/1.1 200) 8 headers in 296 bytes (1 switches on core 0)
2026-05-10 02:05:09.682 8 INFO placement.requestlog [req-55e9fa9a-9d5d-4fe3-b586-684136916134 req-ee9f1913-39e6-416e-9ab4-98ccd4fd0334 814f89fc93a34101955856efc732e1f8 65743f35ac164761accbadedfb802ffd - - 8e8668f48dbc4240bfffeb07a48e2a2b 8e8668f48dbc4240bfffeb07a48e2a2b] 199.204.45.240 "GET /resource_providers/659ec484-bcd0-4afe-871a-e404ec014093/allocations" status: 200 len: 153 microversion: 1.0 [pid: 8|app: 0|req: 579/1162] 199.204.45.240 () {32 vars in 857 bytes} [Sun May 10 02:05:09 2026] GET /resource_providers/659ec484-bcd0-4afe-871a-e404ec014093/allocations => generated 153 bytes in 20 msecs (HTTP/1.1 200) 6 headers in 224 bytes (1 switches on core 0)
2026-05-10 02:05:09.710 7 INFO placement.requestlog [req-55e9fa9a-9d5d-4fe3-b586-684136916134 req-cedbe9dd-5f7e-48ad-b97a-4aaf2e6d3ed7 814f89fc93a34101955856efc732e1f8 65743f35ac164761accbadedfb802ffd - - 8e8668f48dbc4240bfffeb07a48e2a2b 8e8668f48dbc4240bfffeb07a48e2a2b] 199.204.45.240 "GET /allocations/f4164816-8f0d-4a11-ae3b-3c117d585161" status: 200 len: 258 microversion: 1.28 [pid: 7|app: 0|req: 584/1163] 199.204.45.240 () {34 vars in 863 bytes} [Sun May 10 02:05:09 2026] GET /allocations/f4164816-8f0d-4a11-ae3b-3c117d585161 => generated 258 bytes in 18 msecs (HTTP/1.1 200) 8 headers in 296 bytes (1 switches on core 0)
2026-05-10 02:05:11.334 7 INFO placement.requestlog [None req-60ea7242-15c6-4a82-a2fb-b5566e33405a - - - - - -] 10.0.0.174 "GET /" status: 200 len: 136 microversion: 1.0
2026-05-10 02:05:11.335 8 INFO placement.requestlog [None req-7c65edee-510f-4d12-9ce8-90383b7887b9 - - - - - -] 10.0.0.174 "GET /" status: 200 len: 136 microversion: 1.0
2026-05-10 02:05:17.391 7 INFO placement.requestlog [req-b6410bdb-337d-4fee-a083-7d4d9aa7663a req-257ae01b-a9b9-4bc0-bc44-fa29f1bdb7f8 814f89fc93a34101955856efc732e1f8 65743f35ac164761accbadedfb802ffd - - 8e8668f48dbc4240bfffeb07a48e2a2b 8e8668f48dbc4240bfffeb07a48e2a2b] 10.0.0.230 "GET /allocation_candidates?limit=1000&resources=DISK_GB%3A1%2CMEMORY_MB%3A512%2CVCPU%3A1&root_required=%21COMPUTE_STATUS_DISABLED" status: 200 len: 2219 microversion: 1.36 [pid: 7|app: 0|req: 586/1166] 10.0.0.230 () {34 vars in 1012 bytes} [Sun May 10 02:05:17 2026] GET /allocation_candidates?limit=1000&resources=DISK_GB%3A1%2CMEMORY_MB%3A512%2CVCPU%3A1&root_required=%21COMPUTE_STATUS_DISABLED => generated 2219 bytes in 44 msecs (HTTP/1.1 200) 8 headers in 297 bytes (1 switches on core 0)
2026-05-10 02:05:17.426 8 INFO placement.requestlog [req-b6410bdb-337d-4fee-a083-7d4d9aa7663a req-3e65a878-add5-404d-a325-6040d23f698a 814f89fc93a34101955856efc732e1f8 65743f35ac164761accbadedfb802ffd - - 8e8668f48dbc4240bfffeb07a48e2a2b 8e8668f48dbc4240bfffeb07a48e2a2b] 10.0.0.230 "GET /allocations/e971ab64-3ac0-4ff4-a96b-aeaf40b63bbd" status: 200 len: 19 microversion: 1.28 [pid: 8|app: 0|req: 581/1167] 10.0.0.230 () {34 vars in 861 bytes} [Sun May 10 02:05:17 2026] GET /allocations/e971ab64-3ac0-4ff4-a96b-aeaf40b63bbd => generated 19 bytes in 14 msecs (HTTP/1.1 200) 8 headers in 295 bytes (1 switches on core 0)
2026-05-10 02:05:17.488 7 INFO placement.requestlog [req-b6410bdb-337d-4fee-a083-7d4d9aa7663a req-5d02eef0-ddfb-476d-92c5-ea830b45e341 814f89fc93a34101955856efc732e1f8 65743f35ac164761accbadedfb802ffd - - 8e8668f48dbc4240bfffeb07a48e2a2b 8e8668f48dbc4240bfffeb07a48e2a2b] 10.0.0.230 "PUT /allocations/e971ab64-3ac0-4ff4-a96b-aeaf40b63bbd" status: 204 len: 0 microversion: 1.36 [pid: 7|app: 0|req: 587/1168] 10.0.0.230 () {38 vars in 914 bytes} [Sun May 10 02:05:17 2026] PUT /allocations/e971ab64-3ac0-4ff4-a96b-aeaf40b63bbd => generated 0 bytes in 55 msecs (HTTP/1.1 204) 5 headers in 199 bytes (1 switches on core 0)
2026-05-10 02:05:17.695 8 INFO placement.requestlog [req-b6410bdb-337d-4fee-a083-7d4d9aa7663a req-2aeeaa3c-7e0d-4d42-81d2-0fe93eb6a804 814f89fc93a34101955856efc732e1f8 65743f35ac164761accbadedfb802ffd - - 8e8668f48dbc4240bfffeb07a48e2a2b 8e8668f48dbc4240bfffeb07a48e2a2b] 199.204.45.240 "GET /allocations/e971ab64-3ac0-4ff4-a96b-aeaf40b63bbd" status: 200 len: 258 microversion: 1.28 [pid: 8|app: 0|req: 582/1169] 199.204.45.240 () {34 vars in 863 bytes} [Sun May 10 02:05:17 2026] GET /allocations/e971ab64-3ac0-4ff4-a96b-aeaf40b63bbd => generated 258 bytes in 15 msecs (HTTP/1.1 200) 8 headers in 296 bytes (1 switches on core 0)
2026-05-10 02:05:17.786 7 INFO placement.requestlog [req-b6410bdb-337d-4fee-a083-7d4d9aa7663a req-cb729431-230e-41c5-a1e0-6b4de5ecf952 814f89fc93a34101955856efc732e1f8 65743f35ac164761accbadedfb802ffd - - 8e8668f48dbc4240bfffeb07a48e2a2b 8e8668f48dbc4240bfffeb07a48e2a2b] 199.204.45.240 "GET /resource_providers/659ec484-bcd0-4afe-871a-e404ec014093/allocations" status: 200 len: 253 microversion: 1.0 [pid: 7|app: 0|req: 588/1170] 199.204.45.240 () {32 vars in 857 bytes} [Sun May 10 02:05:17 2026] GET /resource_providers/659ec484-bcd0-4afe-871a-e404ec014093/allocations => generated 253 bytes in 17 msecs (HTTP/1.1 200) 6 headers in 224 bytes (1 switches on core 0)
2026-05-10 02:05:17.812 8 INFO placement.requestlog [req-b6410bdb-337d-4fee-a083-7d4d9aa7663a req-7a6f961a-1c9f-4cef-ac0e-1dc361d50e6d 814f89fc93a34101955856efc732e1f8 65743f35ac164761accbadedfb802ffd - - 8e8668f48dbc4240bfffeb07a48e2a2b 8e8668f48dbc4240bfffeb07a48e2a2b] 199.204.45.240 "GET /allocations/f4164816-8f0d-4a11-ae3b-3c117d585161" status: 200 len: 258 microversion: 1.28 [pid: 8|app: 0|req: 583/1171] 199.204.45.240 () {34 vars in 863 bytes} [Sun May 10 02:05:17 2026] GET /allocations/f4164816-8f0d-4a11-ae3b-3c117d585161 => generated 258 bytes in 17 msecs (HTTP/1.1 200) 8 headers in 296 bytes (1 switches on core 0)
2026-05-10 02:05:17.831 7 INFO placement.requestlog [req-b6410bdb-337d-4fee-a083-7d4d9aa7663a req-87c9d0f4-f299-4246-b5ac-d33852f4325c 814f89fc93a34101955856efc732e1f8 65743f35ac164761accbadedfb802ffd - - 8e8668f48dbc4240bfffeb07a48e2a2b 8e8668f48dbc4240bfffeb07a48e2a2b] 199.204.45.240 "GET /allocations/e971ab64-3ac0-4ff4-a96b-aeaf40b63bbd" status: 200 len: 258 microversion: 1.28 [pid: 7|app: 0|req: 589/1172] 199.204.45.240 () {34 vars in 863 bytes} [Sun May 10 02:05:17 2026] GET /allocations/e971ab64-3ac0-4ff4-a96b-aeaf40b63bbd => generated 258 bytes in 13 msecs (HTTP/1.1 200) 8 headers in 296 bytes (1 switches on core 0)
2026-05-10 02:05:21.335 7 INFO placement.requestlog [None req-0428c4da-6ec3-4463-938c-3155b15d6c8d - - - - - -] 10.0.0.174 "GET /" status: 200 len: 136 microversion: 1.0
2026-05-10 02:05:21.335 8 INFO placement.requestlog [None req-307bc1f8-3181-42c6-89b9-6d3c94745b4c - - - - - -] 10.0.0.174 "GET /" status: 200 len: 136 microversion: 1.0
2026-05-10 02:05:31.335 7 INFO placement.requestlog [None req-ef8c4e1c-c5d5-4d21-b94b-2ab1a0a16c91 - - - - - -] 10.0.0.174 "GET /" status: 200 len: 136 microversion: 1.0
2026-05-10 02:05:31.335 8 INFO placement.requestlog [None req-a49e2f59-4010-48d0-8af1-dcbbbbb7982e - - - - - -] 10.0.0.174 "GET /" status: 200 len: 136 microversion: 1.0
2026-05-10 02:05:41.335 7 INFO placement.requestlog [None req-0bc6ee4b-bff0-450c-99ca-3b34a81d224d - - - - - -] 10.0.0.174 "GET /" status: 200 len: 136 microversion: 1.0
2026-05-10 02:05:41.335 8 INFO placement.requestlog [None req-fb708184-bfbb-43ae-9f36-8268ca7f0539 - - - - - -] 10.0.0.174 "GET /" status: 200 len: 136 microversion: 1.0
2026-05-10 02:05:51.336 8 INFO placement.requestlog [None req-c3b23489-3ff3-4f90-b99f-c2b3deaa753a - - - - - -] 10.0.0.174 "GET /" status: 200 len: 136 microversion: 1.0
2026-05-10 02:05:51.336 7 INFO placement.requestlog [None req-a7e158eb-874f-4f28-a7ff-6e20a53de8cd - - - - - -] 10.0.0.174 "GET /" status: 200 len: 136 microversion: 1.0
2026-05-10 02:05:52.781 8 INFO placement.requestlog [req-7a548347-0fbb-4a09-87da-ca67372f9f7a req-4cbc1e95-d738-41f1-8bbc-4417ad8ed8b3 814f89fc93a34101955856efc732e1f8 65743f35ac164761accbadedfb802ffd - - 8e8668f48dbc4240bfffeb07a48e2a2b 8e8668f48dbc4240bfffeb07a48e2a2b] 199.204.45.240 "GET /resource_providers/659ec484-bcd0-4afe-871a-e404ec014093/allocations" status: 200 len: 253 microversion: 1.0 [pid: 8|app: 0|req: 588/1181] 199.204.45.240 () {32 vars in 857 bytes} [Sun May 10 02:05:52 2026] GET /resource_providers/659ec484-bcd0-4afe-871a-e404ec014093/allocations => generated 253 bytes in 23 msecs (HTTP/1.1 200) 6 headers in 224 bytes (1 switches on core 0)
2026-05-10 02:05:52.806 7 INFO placement.requestlog [req-7a548347-0fbb-4a09-87da-ca67372f9f7a req-ed4e50f0-2733-4b3c-887a-cfbd79307424 814f89fc93a34101955856efc732e1f8 65743f35ac164761accbadedfb802ffd - - 8e8668f48dbc4240bfffeb07a48e2a2b 8e8668f48dbc4240bfffeb07a48e2a2b] 199.204.45.240 "GET /resource_providers/659ec484-bcd0-4afe-871a-e404ec014093/allocations" status: 200 len: 253 microversion: 1.0 [pid: 7|app: 0|req: 594/1182] 199.204.45.240 () {32 vars in 857 bytes} [Sun May 10 02:05:52 2026] GET /resource_providers/659ec484-bcd0-4afe-871a-e404ec014093/allocations => generated 253 bytes in 18 msecs (HTTP/1.1 200) 6 headers in 224 bytes (1 switches on core 0)
2026-05-10 02:05:52.830 8 INFO placement.requestlog [req-7a548347-0fbb-4a09-87da-ca67372f9f7a req-d3c92d69-4eeb-4adc-a886-cbf22821239a 814f89fc93a34101955856efc732e1f8 65743f35ac164761accbadedfb802ffd - - 8e8668f48dbc4240bfffeb07a48e2a2b 8e8668f48dbc4240bfffeb07a48e2a2b] 199.204.45.240 "GET /allocations/f4164816-8f0d-4a11-ae3b-3c117d585161" status: 200 len: 258 microversion: 1.28 [pid: 8|app: 0|req: 589/1183] 199.204.45.240 () {34 vars in 863 bytes} [Sun May 10 02:05:52 2026] GET /allocations/f4164816-8f0d-4a11-ae3b-3c117d585161 => generated 258 bytes in 17 msecs (HTTP/1.1 200) 8 headers in 296 bytes (1 switches on core 0)
2026-05-10 02:05:52.851 7 INFO placement.requestlog [req-7a548347-0fbb-4a09-87da-ca67372f9f7a req-f25e0456-88c1-4ac5-ac42-6c6bc965297e 814f89fc93a34101955856efc732e1f8 65743f35ac164761accbadedfb802ffd - - 8e8668f48dbc4240bfffeb07a48e2a2b 8e8668f48dbc4240bfffeb07a48e2a2b] 199.204.45.240 "GET /allocations/e971ab64-3ac0-4ff4-a96b-aeaf40b63bbd" status: 200 len: 258 microversion: 1.28 [pid: 7|app: 0|req: 595/1184] 199.204.45.240 () {34 vars in 863 bytes} [Sun May 10 02:05:52 2026] GET /allocations/e971ab64-3ac0-4ff4-a96b-aeaf40b63bbd => generated 258 bytes in 13 msecs (HTTP/1.1 200) 8 headers in 296 bytes (1 switches on core 0)
2026-05-10 02:05:53.680 8 INFO placement.requestlog [req-035efeaf-dba2-4324-ae99-77512454f962 req-bb91f62d-327b-401e-9d3e-86b5f1e4cf9c 814f89fc93a34101955856efc732e1f8 65743f35ac164761accbadedfb802ffd - - 8e8668f48dbc4240bfffeb07a48e2a2b 8e8668f48dbc4240bfffeb07a48e2a2b] 10.0.0.230 "GET /allocation_candidates?limit=1000&resources=MEMORY_MB%3A2048%2CVCPU%3A2&root_required=%21COMPUTE_STATUS_DISABLED" status: 200 len: 2207 microversion: 1.36 [pid: 8|app: 0|req: 590/1185] 10.0.0.230 () {34 vars in 986 bytes} [Sun May 10 02:05:53 2026] GET /allocation_candidates?limit=1000&resources=MEMORY_MB%3A2048%2CVCPU%3A2&root_required=%21COMPUTE_STATUS_DISABLED => generated 2207 bytes in 37 msecs (HTTP/1.1 200) 8 headers in 297 bytes (1 switches on core 0)
2026-05-10 02:05:53.712 7 INFO placement.requestlog [req-035efeaf-dba2-4324-ae99-77512454f962 req-a4a0eeef-9ce9-4783-a871-24b189d5ca24 814f89fc93a34101955856efc732e1f8 65743f35ac164761accbadedfb802ffd - - 8e8668f48dbc4240bfffeb07a48e2a2b 8e8668f48dbc4240bfffeb07a48e2a2b] 10.0.0.230 "GET /allocations/ea14c152-9c1d-4c20-af26-4d692cd4a745" status: 200 len: 19 microversion: 1.28 [pid: 7|app: 0|req: 596/1186] 10.0.0.230 () {34 vars in 861 bytes} [Sun May 10 02:05:53 2026] GET /allocations/ea14c152-9c1d-4c20-af26-4d692cd4a745 => generated 19 bytes in 16 msecs (HTTP/1.1 200) 8 headers in 295 bytes (1 switches on core 0)
2026-05-10 02:05:53.770 8 INFO placement.requestlog [req-035efeaf-dba2-4324-ae99-77512454f962 req-d67a822a-fe04-47b1-b542-aee036f9f97d 814f89fc93a34101955856efc732e1f8 65743f35ac164761accbadedfb802ffd - - 8e8668f48dbc4240bfffeb07a48e2a2b 8e8668f48dbc4240bfffeb07a48e2a2b] 10.0.0.230 "PUT /allocations/ea14c152-9c1d-4c20-af26-4d692cd4a745" status: 204 len: 0 microversion: 1.36 [pid: 8|app: 0|req: 591/1187] 10.0.0.230 () {38 vars in 914 bytes} [Sun May 10 02:05:53 2026] PUT /allocations/ea14c152-9c1d-4c20-af26-4d692cd4a745 => generated 0 bytes in 49 msecs (HTTP/1.1 204) 5 headers in 199 bytes (1 switches on core 0)
2026-05-10 02:05:54.067 7 INFO placement.requestlog [req-035efeaf-dba2-4324-ae99-77512454f962 req-5bfdf616-4862-4abf-b5df-70c6412aaeaf 814f89fc93a34101955856efc732e1f8 65743f35ac164761accbadedfb802ffd - - 8e8668f48dbc4240bfffeb07a48e2a2b 8e8668f48dbc4240bfffeb07a48e2a2b] 199.204.45.240 "GET /allocations/ea14c152-9c1d-4c20-af26-4d692cd4a745" status: 200 len: 245 microversion: 1.28 [pid: 7|app: 0|req: 597/1188] 199.204.45.240 () {34 vars in 863 bytes} [Sun May 10 02:05:54 2026] GET /allocations/ea14c152-9c1d-4c20-af26-4d692cd4a745 => generated 245 bytes in 21 msecs (HTTP/1.1 200) 8 headers in 296 bytes (1 switches on core 0)
2026-05-10 02:05:54.181 8 INFO placement.requestlog [req-035efeaf-dba2-4324-ae99-77512454f962 req-7a4a2dfc-ede3-4d94-99ba-310ace6b5193 814f89fc93a34101955856efc732e1f8 65743f35ac164761accbadedfb802ffd - - 8e8668f48dbc4240bfffeb07a48e2a2b 8e8668f48dbc4240bfffeb07a48e2a2b] 199.204.45.240 "GET /resource_providers/659ec484-bcd0-4afe-871a-e404ec014093/allocations" status: 200 len: 340 microversion: 1.0 [pid: 8|app: 0|req: 592/1189] 199.204.45.240 () {32 vars in 857 bytes} [Sun May 10 02:05:54 2026] GET /resource_providers/659ec484-bcd0-4afe-871a-e404ec014093/allocations => generated 340 bytes in 19 msecs (HTTP/1.1 200) 6 headers in 224 bytes (1 switches on core 0)
2026-05-10 02:05:54.204 7 INFO placement.requestlog [req-035efeaf-dba2-4324-ae99-77512454f962 req-be8ab2fa-b2d8-4a24-b2bc-888ab8718bb6 814f89fc93a34101955856efc732e1f8 65743f35ac164761accbadedfb802ffd - - 8e8668f48dbc4240bfffeb07a48e2a2b 8e8668f48dbc4240bfffeb07a48e2a2b] 199.204.45.240 "GET /allocations/f4164816-8f0d-4a11-ae3b-3c117d585161" status: 200 len: 258 microversion: 1.28 [pid: 7|app: 0|req: 598/1190] 199.204.45.240 () {34 vars in 863 bytes} [Sun May 10 02:05:54 2026] GET /allocations/f4164816-8f0d-4a11-ae3b-3c117d585161 => generated 258 bytes in 15 msecs (HTTP/1.1 200) 8 headers in 296 bytes (1 switches on core 0)
2026-05-10 02:05:54.225 8 INFO placement.requestlog [req-035efeaf-dba2-4324-ae99-77512454f962 req-f23a1506-a837-45e0-ba29-82b1df434c2e 814f89fc93a34101955856efc732e1f8 65743f35ac164761accbadedfb802ffd - - 8e8668f48dbc4240bfffeb07a48e2a2b 8e8668f48dbc4240bfffeb07a48e2a2b] 199.204.45.240 "GET /allocations/ea14c152-9c1d-4c20-af26-4d692cd4a745" status: 200 len: 245 microversion: 1.28 [pid: 8|app: 0|req: 593/1191] 199.204.45.240 () {34 vars in 863 bytes} [Sun May 10 02:05:54 2026] GET /allocations/ea14c152-9c1d-4c20-af26-4d692cd4a745 => generated 245 bytes in 14 msecs (HTTP/1.1 200) 8 headers in 296 bytes (1 switches on core 0)
2026-05-10 02:05:54.243 7 INFO placement.requestlog [req-035efeaf-dba2-4324-ae99-77512454f962 req-cd70947f-c076-40ee-8086-56a10499485a 814f89fc93a34101955856efc732e1f8 65743f35ac164761accbadedfb802ffd - - 8e8668f48dbc4240bfffeb07a48e2a2b 8e8668f48dbc4240bfffeb07a48e2a2b] 199.204.45.240 "GET /allocations/e971ab64-3ac0-4ff4-a96b-aeaf40b63bbd" status: 200 len: 258 microversion: 1.28 [pid: 7|app: 0|req: 599/1192] 199.204.45.240 () {34 vars in 863 bytes} [Sun May 10 02:05:54 2026] GET /allocations/e971ab64-3ac0-4ff4-a96b-aeaf40b63bbd => generated 258 bytes in 13 msecs (HTTP/1.1 200) 8 headers in 296 bytes (1 switches on core 0)
2026-05-10 02:06:01.334 8 INFO placement.requestlog [None req-f7989d80-2770-4ce7-8615-82adfb9646cf - - - - - -] 10.0.0.174 "GET /" status: 200 len: 136 microversion: 1.0
2026-05-10 02:06:01.335 7 INFO placement.requestlog [None req-618d5aa0-a29d-48e4-b9e5-ed762cb2c723 - - - - - -] 10.0.0.174 "GET /" status: 200 len: 136 microversion: 1.0
2026-05-10 02:06:11.336 8 INFO placement.requestlog [None req-7ab966b6-5c00-46be-bfd3-7eb4c5a734b2 - - - - - -] 10.0.0.174 "GET /" status: 200 len: 136 microversion: 1.0
2026-05-10 02:06:11.336 7 INFO placement.requestlog [None req-a1fcd27d-e6d7-46f6-a3e6-8a8437c0b8e7 - - - - - -] 10.0.0.174 "GET /" status: 200 len: 136 microversion: 1.0
2026-05-10 02:06:21.335 7 INFO placement.requestlog [None req-d2f41ebb-abc1-400b-b0fb-527011a99bda - - - - - -] 10.0.0.174 "GET /" status: 200 len: 136 microversion: 1.0
2026-05-10 02:06:21.335 8 INFO placement.requestlog [None req-823da163-a86e-4ea2-962a-e5b70b6b505a - - - - - -] 10.0.0.174 "GET /" status: 200 len: 136 microversion: 1.0
2026-05-10 02:06:31.335 7 INFO placement.requestlog [None req-a2360051-9ef5-452b-b9b6-833370479d46 - - - - - -] 10.0.0.174 "GET /" status: 200 len: 136 microversion: 1.0
2026-05-10 02:06:31.335 8 INFO placement.requestlog [None req-ae28a101-e159-484c-b8c5-86554ecfd46d - - - - - -] 10.0.0.174 "GET /" status: 200 len: 136 microversion: 1.0
2026-05-10 02:06:41.335 8 INFO placement.requestlog [None req-f750c767-6645-4cf1-8f1e-5d55246b7359 - - - - - -] 10.0.0.174 "GET /" status: 200 len: 136 microversion: 1.0
2026-05-10 02:06:41.335 7 INFO placement.requestlog [None req-a653116b-7ef8-4374-a36a-db2d49668b90 - - - - - -] 10.0.0.174 "GET /" status: 200 len: 136 microversion: 1.0
2026-05-10 02:06:51.335 7 INFO placement.requestlog [None req-5738a8c7-4e1a-4de8-a9cb-5e78ebe8f439 - - - - - -] 10.0.0.174 "GET /" status: 200 len: 136 microversion: 1.0
2026-05-10 02:06:51.335 8 INFO placement.requestlog [None req-ad4c3bd8-d916-43ca-8b69-8942da982e4e - - - - - -] 10.0.0.174 "GET /" status: 200 len: 136 microversion: 1.0
