2026-05-09 18:14:03.486 10 INFO neutron.api.wsgi [None req-3f493630-ed61-4426-8955-67bb036e19d4 9ce266363d444508ac070356e2ee4913 eb0e10d48b89410282ea727b1577044b - - default default] 10.0.0.13 "GET /v2.0/ports?device_id=d2f5e5af-c94d-4a75-82c7-7a414173b9be HTTP/1.1" status: 200 len: 205 time: 0.0163777
2026-05-09 18:14:03.528 9 INFO neutron.api.wsgi [None req-2c06022e-8d65-4509-b441-4ec52884ea9d b14a67cdf7db4011a18e1d4877e6813b 286f3f8e63584254bca86499c5e95fee - - default default] 10.0.0.13 "POST /v2.0/floatingips HTTP/1.1" status: 201 len: 751 time: 0.5527368
2026-05-09 18:14:03.532 9 INFO neutron.db.ovn_revision_numbers_db [None req-aa3d9734-69a2-4251-89e3-0bef39842fe7 4c2173afcaf644f49177944f07d23e72 aa9c7d55483e4fa8bc6bd3e12844b4d6 - - default default] Successfully bumped revision number for resource 53501ba3-5a67-4e52-a32f-230c5e7d8e5e (type: ports) to 1
2026-05-09 18:14:03.573 9 INFO neutron.api.wsgi [None req-aa3d9734-69a2-4251-89e3-0bef39842fe7 4c2173afcaf644f49177944f07d23e72 aa9c7d55483e4fa8bc6bd3e12844b4d6 - - default default] 10.0.0.13 "POST /v2.0/networks HTTP/1.1" status: 201 len: 849 time: 0.4655652
2026-05-09 18:14:03.576 9 INFO neutron.api.wsgi [None req-bf2d07d2-e6dc-4722-afa8-6fc6c5421548 b14a67cdf7db4011a18e1d4877e6813b 286f3f8e63584254bca86499c5e95fee - - default default] 10.0.0.13 "PUT /v2.0/floatingips/3526929d-4325-4c54-96e7-04ea21adfc3f/tags HTTP/1.1" status: 200 len: 210 time: 0.0422630
2026-05-09 18:14:03.582 9 WARNING neutron_lib.context [None req-6481d75c-6eab-4adc-a65c-2f44de2bcc84 4c2173afcaf644f49177944f07d23e72 aa9c7d55483e4fa8bc6bd3e12844b4d6 - - default default] Method 'is_advsvc' is deprecated since 2023.2 release (neutron-lib 3.8.0) and will be removed once support for the old RBAC API policies will be removed from Neutron. Please use method 'is_service_role' instead.
2026-05-09 18:14:03.612 9 WARNING neutron_lib.context [None req-6481d75c-6eab-4adc-a65c-2f44de2bcc84 4c2173afcaf644f49177944f07d23e72 aa9c7d55483e4fa8bc6bd3e12844b4d6 - - default default] Method 'is_advsvc' is deprecated since 2023.2 release (neutron-lib 3.8.0) and will be removed once support for the old RBAC API policies will be removed from Neutron. Please use method 'is_service_role' instead.
2026-05-09 18:14:03.618 9 INFO neutron.api.wsgi [None req-e88c607b-2cdf-477a-9889-649f1bbc919b b14a67cdf7db4011a18e1d4877e6813b 286f3f8e63584254bca86499c5e95fee - - default default] 10.0.0.13 "PUT /v2.0/floatingips/73b7a677-818a-48f1-8e45-ccdbe3f362a2/tags HTTP/1.1" status: 200 len: 218 time: 0.0350399
2026-05-09 18:14:03.669 10 INFO neutron.api.wsgi [None req-d42307c0-efd5-4259-858a-2dec0c3a09ab 9ce266363d444508ac070356e2ee4913 eb0e10d48b89410282ea727b1577044b - - default default] 10.0.0.13 "DELETE /v2.0/routers/d2f5e5af-c94d-4a75-82c7-7a414173b9be HTTP/1.1" status: 204 len: 168 time: 0.1753259
2026-05-09 18:14:03.679 9 INFO neutron.api.wsgi [req-4454d6e9-a667-469d-b6eb-5eed45954643 req-33217ad9-0e65-4eec-b80e-fb7373a55b85 c28037732c7340848d26cc0cb94af0d0 a5baad018ea34ee0ab508c948d138339 - - default default] 10.0.0.11 "GET /v2.0/ports?device_id=46f39332-436e-4d3b-b557-d7d875e438b3 HTTP/1.1" status: 200 len: 210 time: 0.0202546
2026-05-09 18:14:03.685 9 INFO neutron.api.wsgi [None req-8d5b0303-1ea9-4f23-8316-c66b1c8cbe40 b14a67cdf7db4011a18e1d4877e6813b 286f3f8e63584254bca86499c5e95fee - - default default] 10.0.0.13 "PUT /v2.0/floatingips/32fe6033-02a6-4214-9c7e-a032a881299f/tags HTTP/1.1" status: 200 len: 227 time: 0.0619388
2026-05-09 18:14:03.705 10 INFO neutron.api.wsgi [None req-af130788-2fe6-41a2-9053-2571dbe842a9 9ce266363d444508ac070356e2ee4913 eb0e10d48b89410282ea727b1577044b - - default default] 10.0.0.13 "GET /v2.0/routers/aec8cf7d-f654-4ff2-99b5-235d1317b9ca HTTP/1.1" status: 200 len: 783 time: 0.0311315
2026-05-09 18:14:03.724 9 INFO neutron.api.wsgi [None req-a0abe781-dd01-4a89-a3e2-e2b0894cc5bd b14a67cdf7db4011a18e1d4877e6813b 286f3f8e63584254bca86499c5e95fee - - default default] 10.0.0.13 "PUT /v2.0/floatingips/955d96e3-e1a4-4b63-a82d-3f2f28ec39e2/tags HTTP/1.1" status: 200 len: 212 time: 0.0336857
2026-05-09 18:14:03.769 9 INFO neutron.api.wsgi [None req-a1048a8c-b43f-42b1-8cd3-5a530a19b1d7 b14a67cdf7db4011a18e1d4877e6813b 286f3f8e63584254bca86499c5e95fee - - default default] 10.0.0.13 "GET /v2.0/floatingips?tags=red HTTP/1.1" status: 200 len: 1866 time: 0.0393987
2026-05-09 18:14:03.839 10 INFO neutron.api.wsgi [None req-8803ffe1-27c2-46bc-9643-8d141af21f1d b14a67cdf7db4011a18e1d4877e6813b 286f3f8e63584254bca86499c5e95fee - - default default] 10.0.0.13 "GET /v2.0/floatingips?tags=red%2Cblue HTTP/1.1" status: 200 len: 1323 time: 0.0644429
2026-05-09 18:14:04.003 10 INFO neutron.db.ovn_revision_numbers_db [None req-00b6d3f2-04af-4b02-b229-b7aa7ce92a2e 9ce266363d444508ac070356e2ee4913 eb0e10d48b89410282ea727b1577044b - - default default] Successfully bumped revision number for resource aec8cf7d-f654-4ff2-99b5-235d1317b9ca (type: routers) to 2
2026-05-09 18:14:04.009 10 INFO neutron.api.wsgi [None req-00b6d3f2-04af-4b02-b229-b7aa7ce92a2e 9ce266363d444508ac070356e2ee4913 eb0e10d48b89410282ea727b1577044b - - default default] 10.0.0.13 "PUT /v2.0/routers/aec8cf7d-f654-4ff2-99b5-235d1317b9ca HTTP/1.1" status: 200 len: 783 time: 0.2993007
2026-05-09 18:14:04.036 10 INFO neutron.api.wsgi [None req-37d1e7a3-c1f1-41d9-bf4b-98e69076650c 9ce266363d444508ac070356e2ee4913 eb0e10d48b89410282ea727b1577044b - - default default] 10.0.0.13 "GET /v2.0/ports?device_id=aec8cf7d-f654-4ff2-99b5-235d1317b9ca HTTP/1.1" status: 200 len: 205 time: 0.0207896
2026-05-09 18:14:04.125 9 INFO neutron.api.wsgi [None req-13f75745-ee06-4e9d-b371-39f783b2496b b14a67cdf7db4011a18e1d4877e6813b 286f3f8e63584254bca86499c5e95fee - - default default] 10.0.0.13 "GET /v2.0/floatingips?tags-any=blue HTTP/1.1" status: 200 len: 1323 time: 0.2799139
2026-05-09 18:14:04.175 10 INFO neutron.api.wsgi [None req-fff1541d-b957-40a7-a060-4ba819904cc2 b14a67cdf7db4011a18e1d4877e6813b 286f3f8e63584254bca86499c5e95fee - - default default] 10.0.0.13 "GET /v2.0/floatingips?tags-any=red%2Cblue HTTP/1.1" status: 200 len: 1866 time: 0.0441716
2026-05-09 18:14:04.227 9 INFO neutron.api.wsgi [None req-91b5c059-791b-4c4a-b600-32124bbb2603 b14a67cdf7db4011a18e1d4877e6813b 286f3f8e63584254bca86499c5e95fee - - default default] 10.0.0.13 "GET /v2.0/floatingips?not-tags=red HTTP/1.1" status: 200 len: 1295 time: 0.0443208
2026-05-09 18:14:04.229 9 INFO neutron.services.segments.plugin [-] Segment 05db23dd-af42-49e0-8805-7912c5daf882 resource provider aggregate not found
2026-05-09 18:14:04.232 9 INFO neutron.services.segments.plugin [-] Segment 05db23dd-af42-49e0-8805-7912c5daf882 resource provider aggregate not found
2026-05-09 18:14:04.233 10 INFO neutron.api.wsgi [None req-9289acce-10e6-4f0b-814e-7d0bd40f67a9 9ce266363d444508ac070356e2ee4913 eb0e10d48b89410282ea727b1577044b - - default default] 10.0.0.13 "DELETE /v2.0/routers/aec8cf7d-f654-4ff2-99b5-235d1317b9ca HTTP/1.1" status: 204 len: 168 time: 0.1908197
2026-05-09 18:14:04.243 9 INFO neutron.services.segments.plugin [-] Segment 05db23dd-af42-49e0-8805-7912c5daf882 resource provider not found; error: Placement Client Error (4xx): {"errors": [{"status": 404, "title": "Not Found", "detail": "The resource could not be found.\n\n No resource provider with uuid 05db23dd-af42-49e0-8805-7912c5daf882 found for delete ", "request_id": "req-03314220-e99a-4447-98d2-837fb23bcf88"}]} /var/lib/openstack/lib/python3.12/site-packages/pycadf/identifier.py:71: UserWarning: Invalid uuid: neutron. To ensure interoperability, identifiers should be a valid uuid. warnings.warn(('Invalid uuid: %s. To ensure interoperability, '
2026-05-09 18:14:04.250 9 INFO neutron.services.segments.plugin [-] Segment 05db23dd-af42-49e0-8805-7912c5daf882 resource provider not found; error: Placement Client Error (4xx): {"errors": [{"status": 404, "title": "Not Found", "detail": "The resource could not be found.\n\n No resource provider with uuid 05db23dd-af42-49e0-8805-7912c5daf882 found for delete ", "request_id": "req-fc8b6a2e-8ba5-4e3f-a1c2-66675d716dcb"}]}
2026-05-09 18:14:04.275 9 INFO neutron.api.wsgi [None req-de0fe2ae-95c2-429e-9150-6c8ad7d103b3 9ce266363d444508ac070356e2ee4913 eb0e10d48b89410282ea727b1577044b - - default default] 10.0.0.13 "GET /v2.0/routers/c41e0d5a-d146-431e-ba40-fb0c37ad806f HTTP/1.1" status: 200 len: 792 time: 0.0337975
2026-05-09 18:14:04.277 10 INFO neutron.api.wsgi [None req-240bb5e5-b1ca-44a2-bad8-c2f697c28635 b14a67cdf7db4011a18e1d4877e6813b 286f3f8e63584254bca86499c5e95fee - - default default] 10.0.0.13 "GET /v2.0/floatingips?not-tags=red%2Cblue HTTP/1.1" status: 200 len: 1838 time: 0.0425346
2026-05-09 18:14:04.326 10 INFO neutron.api.wsgi [None req-73534c19-5d94-4051-acbb-02d47fe9ce9e b14a67cdf7db4011a18e1d4877e6813b 286f3f8e63584254bca86499c5e95fee - - default default] 10.0.0.13 "GET /v2.0/floatingips?not-tags-any=blue HTTP/1.1" status: 200 len: 1838 time: 0.0439425
2026-05-09 18:14:04.355 10 INFO neutron.api.wsgi [None req-bcd6100d-6b73-43c0-afb9-30f0d6db7406 b14a67cdf7db4011a18e1d4877e6813b 286f3f8e63584254bca86499c5e95fee - - default default] 10.0.0.13 "GET /v2.0/floatingips?not-tags-any=red%2Cblue HTTP/1.1" status: 200 len: 1295 time: 0.0246613
2026-05-09 18:14:04.469 9 WARNING neutron.scheduler.dhcp_agent_scheduler [None req-6481d75c-6eab-4adc-a65c-2f44de2bcc84 4c2173afcaf644f49177944f07d23e72 aa9c7d55483e4fa8bc6bd3e12844b4d6 - - default default] No more DHCP agents
2026-05-09 18:14:04.471 9 WARNING neutron.api.rpc.agentnotifiers.dhcp_rpc_agent_api [None req-6481d75c-6eab-4adc-a65c-2f44de2bcc84 4c2173afcaf644f49177944f07d23e72 aa9c7d55483e4fa8bc6bd3e12844b4d6 - - default default] Unable to schedule network 80b00bb6-e6aa-4584-8cd7-f631e63fefb2: no agents available; will retry on subsequent port and subnet creation events.
2026-05-09 18:14:04.588 9 INFO neutron.db.ovn_revision_numbers_db [None req-d3b5cd1d-419d-42a4-bafb-19387565871c 9ce266363d444508ac070356e2ee4913 eb0e10d48b89410282ea727b1577044b - - default default] Successfully bumped revision number for resource c41e0d5a-d146-431e-ba40-fb0c37ad806f (type: routers) to 2
2026-05-09 18:14:04.590 9 INFO neutron.db.ovn_revision_numbers_db [None req-6481d75c-6eab-4adc-a65c-2f44de2bcc84 4c2173afcaf644f49177944f07d23e72 aa9c7d55483e4fa8bc6bd3e12844b4d6 - - default default] Successfully bumped revision number for resource 60e5b319-4aa0-4b62-9c5d-c239f95a25cc (type: ports) to 1
2026-05-09 18:14:04.595 9 INFO neutron.api.wsgi [None req-d3b5cd1d-419d-42a4-bafb-19387565871c 9ce266363d444508ac070356e2ee4913 eb0e10d48b89410282ea727b1577044b - - default default] 10.0.0.13 "PUT /v2.0/routers/c41e0d5a-d146-431e-ba40-fb0c37ad806f HTTP/1.1" status: 200 len: 792 time: 0.3132696 /var/lib/openstack/lib/python3.12/site-packages/pycadf/identifier.py:71: UserWarning: Invalid uuid: neutron. To ensure interoperability, identifiers should be a valid uuid. warnings.warn(('Invalid uuid: %s. To ensure interoperability, '
2026-05-09 18:14:04.617 10 INFO neutron.api.wsgi [None req-09a0998a-a287-463e-9ea7-2f1559765241 b14a67cdf7db4011a18e1d4877e6813b 286f3f8e63584254bca86499c5e95fee - - default default] 10.0.0.13 "DELETE /v2.0/floatingips/3526929d-4325-4c54-96e7-04ea21adfc3f HTTP/1.1" status: 204 len: 168 time: 0.2565854
2026-05-09 18:14:04.620 9 INFO neutron.api.wsgi [None req-52543f6a-b3ed-4be0-998d-599f58479cff 9ce266363d444508ac070356e2ee4913 eb0e10d48b89410282ea727b1577044b - - default default] 10.0.0.13 "GET /v2.0/ports?device_id=c41e0d5a-d146-431e-ba40-fb0c37ad806f HTTP/1.1" status: 200 len: 205 time: 0.0207202
2026-05-09 18:14:04.667 9 WARNING neutron.scheduler.dhcp_agent_scheduler [None req-6481d75c-6eab-4adc-a65c-2f44de2bcc84 4c2173afcaf644f49177944f07d23e72 aa9c7d55483e4fa8bc6bd3e12844b4d6 - - default default] No more DHCP agents
2026-05-09 18:14:04.668 9 WARNING neutron.api.rpc.agentnotifiers.dhcp_rpc_agent_api [None req-6481d75c-6eab-4adc-a65c-2f44de2bcc84 4c2173afcaf644f49177944f07d23e72 aa9c7d55483e4fa8bc6bd3e12844b4d6 - - default default] Unable to schedule network 6a200399-8287-4a69-913b-bb35ecca9695: no agents available; will retry on subsequent port and subnet creation events.
2026-05-09 18:14:04.751 9 INFO neutron.db.ovn_revision_numbers_db [None req-6481d75c-6eab-4adc-a65c-2f44de2bcc84 4c2173afcaf644f49177944f07d23e72 aa9c7d55483e4fa8bc6bd3e12844b4d6 - - default default] Successfully bumped revision number for resource dbcd97c0-9874-498e-aa8f-2d9ea08dfa47 (type: ports) to 1
2026-05-09 18:14:04.752 10 INFO neutron.api.wsgi [req-18c5868e-bd7a-404f-a38e-d48ee475fb67 req-6668c923-b185-4441-acd1-aeb632a2792d c28037732c7340848d26cc0cb94af0d0 a5baad018ea34ee0ab508c948d138339 - - default default] 199.204.45.30 "GET /v2.0/networks?id=5a4a19e0-9d47-4030-9942-a5efd0579b3d HTTP/1.1" status: 200 len: 860 time: 0.0763803
2026-05-09 18:14:04.757 10 INFO neutron.api.wsgi [req-d82d71f4-7226-4479-81dc-e8bd4206bdf7 req-3ed684d9-ccc0-4f71-b2df-5eddbe17be46 c28037732c7340848d26cc0cb94af0d0 a5baad018ea34ee0ab508c948d138339 - - default default] 10.0.0.11 "GET /v2.0/ports?device_id=46f39332-436e-4d3b-b557-d7d875e438b3 HTTP/1.1" status: 200 len: 210 time: 0.0188055
2026-05-09 18:14:04.784 9 INFO neutron.api.wsgi [None req-6481d75c-6eab-4adc-a65c-2f44de2bcc84 4c2173afcaf644f49177944f07d23e72 aa9c7d55483e4fa8bc6bd3e12844b4d6 - - default default] 10.0.0.13 "POST /v2.0/ports HTTP/1.1" status: 201 len: 1706 time: 1.2060962
2026-05-09 18:14:04.813 10 INFO neutron.api.wsgi [req-18c5868e-bd7a-404f-a38e-d48ee475fb67 req-9bbbea59-83bc-4889-a081-1dcea7c4b8bb c28037732c7340848d26cc0cb94af0d0 a5baad018ea34ee0ab508c948d138339 - - default default] 199.204.45.30 "GET /v2.0/security-groups?fields=id&fields=name&tenant_id=a5baad018ea34ee0ab508c948d138339 HTTP/1.1" status: 200 len: 470 time: 0.0552132
2026-05-09 18:14:04.823 10 WARNING neutron_lib.context [req-18c5868e-bd7a-404f-a38e-d48ee475fb67 req-4616d699-cfea-46f5-ba49-0ad998cbc2b9 c28037732c7340848d26cc0cb94af0d0 a5baad018ea34ee0ab508c948d138339 - - default default] Method 'is_advsvc' is deprecated since 2023.2 release (neutron-lib 3.8.0) and will be removed once support for the old RBAC API policies will be removed from Neutron. Please use method 'is_service_role' instead.
2026-05-09 18:14:04.830 10 INFO neutron.api.wsgi [None req-d5dc53a9-3197-4fdf-a7bb-e0e791223758 9ce266363d444508ac070356e2ee4913 eb0e10d48b89410282ea727b1577044b - - default default] 10.0.0.13 "DELETE /v2.0/routers/c41e0d5a-d146-431e-ba40-fb0c37ad806f HTTP/1.1" status: 204 len: 168 time: 0.2046068 /var/lib/openstack/lib/python3.12/site-packages/pycadf/identifier.py:71: UserWarning: Invalid uuid: neutron. To ensure interoperability, identifiers should be a valid uuid. warnings.warn(('Invalid uuid: %s. To ensure interoperability, '
2026-05-09 18:14:04.869 9 INFO neutron.api.wsgi [None req-8e662713-f3ba-4b95-9a90-2b9e49b2a1fb 9ce266363d444508ac070356e2ee4913 eb0e10d48b89410282ea727b1577044b - - default default] 10.0.0.13 "GET /v2.0/routers/678700b8-3be8-4462-ab26-1f30862c2baa HTTP/1.1" status: 200 len: 777 time: 0.0352368
2026-05-09 18:14:04.896 10 INFO neutron.api.wsgi [None req-4c534d43-5f85-4db5-80cb-0ef129b5d567 4c2173afcaf644f49177944f07d23e72 aa9c7d55483e4fa8bc6bd3e12844b4d6 - - default default] 10.0.0.13 "GET /v2.0/ports HTTP/1.1" status: 200 len: 3213 time: 0.1048946
2026-05-09 18:14:05.068 9 INFO neutron.api.wsgi [None req-b7fdcb10-5f2f-4962-8cf2-18856a20a825 b14a67cdf7db4011a18e1d4877e6813b 286f3f8e63584254bca86499c5e95fee - - default default] 10.0.0.13 "DELETE /v2.0/floatingips/73b7a677-818a-48f1-8e45-ccdbe3f362a2 HTTP/1.1" status: 204 len: 168 time: 0.4435623
2026-05-09 18:14:05.170 9 INFO neutron.db.ovn_revision_numbers_db [None req-ee17b8f9-6da8-4d48-a126-d5d42e0dd67c 9ce266363d444508ac070356e2ee4913 eb0e10d48b89410282ea727b1577044b - - default default] Successfully bumped revision number for resource 678700b8-3be8-4462-ab26-1f30862c2baa (type: routers) to 2
2026-05-09 18:14:05.175 9 INFO neutron.api.wsgi [None req-ee17b8f9-6da8-4d48-a126-d5d42e0dd67c 9ce266363d444508ac070356e2ee4913 eb0e10d48b89410282ea727b1577044b - - default default] 10.0.0.13 "PUT /v2.0/routers/678700b8-3be8-4462-ab26-1f30862c2baa HTTP/1.1" status: 200 len: 777 time: 0.3023150
2026-05-09 18:14:05.199 9 INFO neutron.api.wsgi [None req-217a58e8-e0a2-48a8-8138-34e91c125cad 9ce266363d444508ac070356e2ee4913 eb0e10d48b89410282ea727b1577044b - - default default] 10.0.0.13 "GET /v2.0/ports?device_id=678700b8-3be8-4462-ab26-1f30862c2baa HTTP/1.1" status: 200 len: 205 time: 0.0189509
2026-05-09 18:14:05.206 10 WARNING neutron.scheduler.dhcp_agent_scheduler [req-18c5868e-bd7a-404f-a38e-d48ee475fb67 req-4616d699-cfea-46f5-ba49-0ad998cbc2b9 c28037732c7340848d26cc0cb94af0d0 a5baad018ea34ee0ab508c948d138339 - - default default] No more DHCP agents
2026-05-09 18:14:05.208 10 WARNING neutron.api.rpc.agentnotifiers.dhcp_rpc_agent_api [req-18c5868e-bd7a-404f-a38e-d48ee475fb67 req-4616d699-cfea-46f5-ba49-0ad998cbc2b9 c28037732c7340848d26cc0cb94af0d0 a5baad018ea34ee0ab508c948d138339 - - default default] Unable to schedule network 5a4a19e0-9d47-4030-9942-a5efd0579b3d: no agents available; will retry on subsequent port and subnet creation events.
2026-05-09 18:14:05.234 10 INFO neutron.api.wsgi [None req-535e8df9-dd0a-46b7-9bbe-06094c60af79 4c2173afcaf644f49177944f07d23e72 aa9c7d55483e4fa8bc6bd3e12844b4d6 - - default default] 10.0.0.13 "DELETE /v2.0/ports/60e5b319-4aa0-4b62-9c5d-c239f95a25cc HTTP/1.1" status: 204 len: 168 time: 0.3332162 /var/lib/openstack/lib/python3.12/site-packages/pycadf/identifier.py:71: UserWarning: Invalid uuid: neutron. To ensure interoperability, identifiers should be a valid uuid. warnings.warn(('Invalid uuid: %s. To ensure interoperability, '
2026-05-09 18:14:05.383 9 INFO neutron.api.wsgi [None req-b005b6b7-3a22-4693-8a8a-b3f2ceedaa78 9ce266363d444508ac070356e2ee4913 eb0e10d48b89410282ea727b1577044b - - default default] 10.0.0.13 "DELETE /v2.0/routers/678700b8-3be8-4462-ab26-1f30862c2baa HTTP/1.1" status: 204 len: 168 time: 0.1788132
2026-05-09 18:14:05.415 9 INFO neutron.api.wsgi [None req-49b4e51d-3af3-4049-abf3-e5a1f82d4463 9ce266363d444508ac070356e2ee4913 eb0e10d48b89410282ea727b1577044b - - default default] 10.0.0.13 "GET /v2.0/routers/8d1b640d-a39a-4ae3-864f-08181ff5b3dc HTTP/1.1" status: 200 len: 770 time: 0.0274327
2026-05-09 18:14:05.441 10 INFO neutron.db.ovn_revision_numbers_db [req-18c5868e-bd7a-404f-a38e-d48ee475fb67 req-4616d699-cfea-46f5-ba49-0ad998cbc2b9 c28037732c7340848d26cc0cb94af0d0 a5baad018ea34ee0ab508c948d138339 - - default default] Successfully bumped revision number for resource f3a2bb7f-923c-489f-b887-1b4720ea793e (type: ports) to 1
2026-05-09 18:14:05.471 10 INFO neutron.api.wsgi [req-18c5868e-bd7a-404f-a38e-d48ee475fb67 req-4616d699-cfea-46f5-ba49-0ad998cbc2b9 c28037732c7340848d26cc0cb94af0d0 a5baad018ea34ee0ab508c948d138339 - - default default] 199.204.45.30 "POST /v2.0/ports HTTP/1.1" status: 201 len: 1158 time: 0.6538296
2026-05-09 18:14:05.551 10 INFO neutron.api.wsgi [None req-9eb2b62b-ba65-4823-82db-49d126e049b8 b14a67cdf7db4011a18e1d4877e6813b 286f3f8e63584254bca86499c5e95fee - - default default] 10.0.0.13 "DELETE /v2.0/floatingips/32fe6033-02a6-4214-9c7e-a032a881299f HTTP/1.1" status: 204 len: 168 time: 0.4758000
2026-05-09 18:14:05.554 10 INFO neutron.api.wsgi [None req-cef48ff8-1f58-46b7-a34f-bf1d33fb7498 4c2173afcaf644f49177944f07d23e72 aa9c7d55483e4fa8bc6bd3e12844b4d6 - - default default] 10.0.0.13 "DELETE /v2.0/ports/dbcd97c0-9874-498e-aa8f-2d9ea08dfa47 HTTP/1.1" status: 204 len: 168 time: 0.3133130
2026-05-09 18:14:05.733 9 INFO neutron.api.wsgi [None req-28cc47f9-99db-4ef7-8ac0-a86e240e1411 4c2173afcaf644f49177944f07d23e72 aa9c7d55483e4fa8bc6bd3e12844b4d6 - - default default] 10.0.0.13 "GET /v2.0/ports HTTP/1.1" status: 200 len: 1718 time: 0.1721323
2026-05-09 18:14:05.738 9 INFO neutron.api.wsgi [None req-0a2cfbf4-e89b-4d31-9dfc-9b8ee0f69af2 9ce266363d444508ac070356e2ee4913 eb0e10d48b89410282ea727b1577044b - - default default] 10.0.0.13 "PUT /v2.0/routers/8d1b640d-a39a-4ae3-864f-08181ff5b3dc HTTP/1.1" status: 200 len: 770 time: 0.3185461
2026-05-09 18:14:05.743 9 WARNING neutron_lib.context [None req-a2a7b13d-a676-41fc-8bab-a2d8ef7a0b99 4c2173afcaf644f49177944f07d23e72 aa9c7d55483e4fa8bc6bd3e12844b4d6 - - default default] Method 'is_advsvc' is deprecated since 2023.2 release (neutron-lib 3.8.0) and will be removed once support for the old RBAC API policies will be removed from Neutron. Please use method 'is_service_role' instead.
2026-05-09 18:14:05.761 9 INFO neutron.api.wsgi [None req-c4e07df5-7555-458a-9f14-51ae4d072962 9ce266363d444508ac070356e2ee4913 eb0e10d48b89410282ea727b1577044b - - default default] 10.0.0.13 "GET /v2.0/ports?device_id=8d1b640d-a39a-4ae3-864f-08181ff5b3dc HTTP/1.1" status: 200 len: 205 time: 0.0160041 /var/lib/openstack/lib/python3.12/site-packages/pycadf/identifier.py:71: UserWarning: Invalid uuid: neutron. To ensure interoperability, identifiers should be a valid uuid. warnings.warn(('Invalid uuid: %s. To ensure interoperability, '
2026-05-09 18:14:05.836 9 INFO neutron.db.segments_db [None req-a2a7b13d-a676-41fc-8bab-a2d8ef7a0b99 4c2173afcaf644f49177944f07d23e72 aa9c7d55483e4fa8bc6bd3e12844b4d6 - - default default] Added segment 996b7ade-58e2-4251-9cdc-687289b5a685 of type geneve for network 7d23c17a-1805-494b-9939-1ead43a4dce7
2026-05-09 18:14:05.895 9 INFO neutron.api.wsgi [req-6e78b080-5f12-4c6f-bab4-5e71dec15f3b req-2ffa50ac-1492-47d6-9304-7a075338dbf2 c28037732c7340848d26cc0cb94af0d0 a5baad018ea34ee0ab508c948d138339 - - default default] 10.0.0.11 "GET /v2.0/ports?device_id=46f39332-436e-4d3b-b557-d7d875e438b3 HTTP/1.1" status: 200 len: 1168 time: 0.0901899
2026-05-09 18:14:05.943 9 INFO neutron.api.wsgi [req-6e78b080-5f12-4c6f-bab4-5e71dec15f3b req-64fa1396-3f6b-4aee-870c-beecc76b016b c28037732c7340848d26cc0cb94af0d0 a5baad018ea34ee0ab508c948d138339 - - default default] 10.0.0.11 "GET /v2.0/security-groups?id=7aca3646-de48-4a39-a235-24a2123a4ab4&fields=id&fields=name HTTP/1.1" status: 200 len: 312 time: 0.0420628
2026-05-09 18:14:05.969 10 INFO neutron.api.wsgi [None req-79c9a5c3-9d7c-41b6-aea3-3c6916c956d4 b14a67cdf7db4011a18e1d4877e6813b 286f3f8e63584254bca86499c5e95fee - - default default] 10.0.0.13 "DELETE /v2.0/floatingips/955d96e3-e1a4-4b63-a82d-3f2f28ec39e2 HTTP/1.1" status: 204 len: 168 time: 0.4111300
2026-05-09 18:14:06.022 10 INFO neutron.db.ovn_revision_numbers_db [req-18c5868e-bd7a-404f-a38e-d48ee475fb67 req-3473b735-19a3-45cc-a723-bd7295e9e52c 9b59f34a42f44b59acffada6688f4c19 eed4dfac04f141ca88fe8b718c7e9e03 - - 0ae8b721ae004486adb9c48fe559be89 0ae8b721ae004486adb9c48fe559be89] Successfully bumped revision number for resource f3a2bb7f-923c-489f-b887-1b4720ea793e (type: ports) to 2
2026-05-09 18:14:06.022 9 INFO neutron.db.ovn_revision_numbers_db [None req-a2a7b13d-a676-41fc-8bab-a2d8ef7a0b99 4c2173afcaf644f49177944f07d23e72 aa9c7d55483e4fa8bc6bd3e12844b4d6 - - default default] Successfully bumped revision number for resource 7d23c17a-1805-494b-9939-1ead43a4dce7 (type: networks) to 1
2026-05-09 18:14:06.046 10 INFO neutron.api.wsgi [None req-13df72fa-e0e6-4d17-b698-e26e9ab9827a 9ce266363d444508ac070356e2ee4913 eb0e10d48b89410282ea727b1577044b - - default default] 10.0.0.13 "DELETE /v2.0/routers/8d1b640d-a39a-4ae3-864f-08181ff5b3dc HTTP/1.1" status: 204 len: 168 time: 0.2794993
2026-05-09 18:14:06.174 9 WARNING neutron.scheduler.dhcp_agent_scheduler [None req-a2a7b13d-a676-41fc-8bab-a2d8ef7a0b99 4c2173afcaf644f49177944f07d23e72 aa9c7d55483e4fa8bc6bd3e12844b4d6 - - default default] No more DHCP agents
2026-05-09 18:14:06.175 9 WARNING neutron.api.rpc.agentnotifiers.dhcp_rpc_agent_api [None req-a2a7b13d-a676-41fc-8bab-a2d8ef7a0b99 4c2173afcaf644f49177944f07d23e72 aa9c7d55483e4fa8bc6bd3e12844b4d6 - - default default] Unable to schedule network 7d23c17a-1805-494b-9939-1ead43a4dce7: no agents available; will retry on subsequent port and subnet creation events.
2026-05-09 18:14:06.234 9 INFO neutron.db.ovn_revision_numbers_db [None req-a2a7b13d-a676-41fc-8bab-a2d8ef7a0b99 4c2173afcaf644f49177944f07d23e72 aa9c7d55483e4fa8bc6bd3e12844b4d6 - - default default] Successfully bumped revision number for resource 93243662-4d32-49e3-a196-d694fea8e7e9 (type: ports) to 1
2026-05-09 18:14:06.261 9 INFO neutron.api.wsgi [None req-a2a7b13d-a676-41fc-8bab-a2d8ef7a0b99 4c2173afcaf644f49177944f07d23e72 aa9c7d55483e4fa8bc6bd3e12844b4d6 - - default default] 10.0.0.13 "POST /v2.0/networks HTTP/1.1" status: 201 len: 849 time: 0.5219376
2026-05-09 18:14:06.275 9 WARNING neutron_lib.context [None req-8f3e5a97-ce84-4025-b31b-501c0f6b19db 4c2173afcaf644f49177944f07d23e72 aa9c7d55483e4fa8bc6bd3e12844b4d6 - - default default] Method 'is_advsvc' is deprecated since 2023.2 release (neutron-lib 3.8.0) and will be removed once support for the old RBAC API policies will be removed from Neutron. Please use method 'is_service_role' instead.
2026-05-09 18:14:06.353 9 INFO neutron.db.segments_db [None req-8f3e5a97-ce84-4025-b31b-501c0f6b19db 4c2173afcaf644f49177944f07d23e72 aa9c7d55483e4fa8bc6bd3e12844b4d6 - - default default] Added segment 85b230e8-8b12-4ddd-a087-91a5fd9fb0cd of type geneve for network ef48be33-d0a4-4658-b93d-83a0e27f13ea
2026-05-09 18:14:06.467 9 INFO neutron.db.ovn_revision_numbers_db [None req-8f3e5a97-ce84-4025-b31b-501c0f6b19db 4c2173afcaf644f49177944f07d23e72 aa9c7d55483e4fa8bc6bd3e12844b4d6 - - default default] Successfully bumped revision number for resource ef48be33-d0a4-4658-b93d-83a0e27f13ea (type: networks) to 1
2026-05-09 18:14:06.512 10 INFO neutron.db.ovn_revision_numbers_db [req-18c5868e-bd7a-404f-a38e-d48ee475fb67 req-3473b735-19a3-45cc-a723-bd7295e9e52c 9b59f34a42f44b59acffada6688f4c19 eed4dfac04f141ca88fe8b718c7e9e03 - - 0ae8b721ae004486adb9c48fe559be89 0ae8b721ae004486adb9c48fe559be89] Successfully bumped revision number for resource f3a2bb7f-923c-489f-b887-1b4720ea793e (type: ports) to 4
2026-05-09 18:14:06.532 10 INFO neutron.api.wsgi [req-18c5868e-bd7a-404f-a38e-d48ee475fb67 req-3473b735-19a3-45cc-a723-bd7295e9e52c 9b59f34a42f44b59acffada6688f4c19 eed4dfac04f141ca88fe8b718c7e9e03 - - 0ae8b721ae004486adb9c48fe559be89 0ae8b721ae004486adb9c48fe559be89] 199.204.45.30 "PUT /v2.0/ports/f3a2bb7f-923c-489f-b887-1b4720ea793e HTTP/1.1" status: 200 len: 1404 time: 1.0564892
2026-05-09 18:14:06.547 10 INFO neutron.api.wsgi [None req-749da0dc-c655-4205-b515-25835eaa45f9 b14a67cdf7db4011a18e1d4877e6813b 286f3f8e63584254bca86499c5e95fee - - default default] 10.0.0.13 "DELETE /v2.0/floatingips/040be2a8-04dc-4168-997e-6992e9c2f980 HTTP/1.1" status: 204 len: 168 time: 0.5728073
2026-05-09 18:14:06.567 10 INFO neutron.notifiers.nova [-] Nova event matching ['req-53b57ec3-63ab-4220-bf8b-8e79e9c9d6c1'] response: {'name': 'network-changed', 'server_uuid': '46f39332-436e-4d3b-b557-d7d875e438b3', 'tag': 'f3a2bb7f-923c-489f-b887-1b4720ea793e', 'status': 'completed', 'code': 200}
2026-05-09 18:14:06.620 9 WARNING neutron.scheduler.dhcp_agent_scheduler [None req-8f3e5a97-ce84-4025-b31b-501c0f6b19db 4c2173afcaf644f49177944f07d23e72 aa9c7d55483e4fa8bc6bd3e12844b4d6 - - default default] No more DHCP agents
2026-05-09 18:14:06.622 9 WARNING neutron.api.rpc.agentnotifiers.dhcp_rpc_agent_api [None req-8f3e5a97-ce84-4025-b31b-501c0f6b19db 4c2173afcaf644f49177944f07d23e72 aa9c7d55483e4fa8bc6bd3e12844b4d6 - - default default] Unable to schedule network ef48be33-d0a4-4658-b93d-83a0e27f13ea: no agents available; will retry on subsequent port and subnet creation events.
2026-05-09 18:14:06.679 9 INFO neutron.db.ovn_revision_numbers_db [None req-8f3e5a97-ce84-4025-b31b-501c0f6b19db 4c2173afcaf644f49177944f07d23e72 aa9c7d55483e4fa8bc6bd3e12844b4d6 - - default default] Successfully bumped revision number for resource c12b5a4a-3fd3-475b-bac0-a8c81cb04370 (type: ports) to 1
2026-05-09 18:14:06.723 9 INFO neutron.api.wsgi [None req-8f3e5a97-ce84-4025-b31b-501c0f6b19db 4c2173afcaf644f49177944f07d23e72 aa9c7d55483e4fa8bc6bd3e12844b4d6 - - default default] 10.0.0.13 "POST /v2.0/networks HTTP/1.1" status: 201 len: 849 time: 0.4528286
2026-05-09 18:14:06.772 9 WARNING neutron_lib.context [None req-1a23ab87-0285-4da5-a86b-3803f320b8c2 4c2173afcaf644f49177944f07d23e72 aa9c7d55483e4fa8bc6bd3e12844b4d6 - - default default] Method 'is_advsvc' is deprecated since 2023.2 release (neutron-lib 3.8.0) and will be removed once support for the old RBAC API policies will be removed from Neutron. Please use method 'is_service_role' instead.
2026-05-09 18:14:06.797 9 WARNING neutron_lib.context [None req-1a23ab87-0285-4da5-a86b-3803f320b8c2 4c2173afcaf644f49177944f07d23e72 aa9c7d55483e4fa8bc6bd3e12844b4d6 - - default default] Method 'is_advsvc' is deprecated since 2023.2 release (neutron-lib 3.8.0) and will be removed once support for the old RBAC API policies will be removed from Neutron. Please use method 'is_service_role' instead.
2026-05-09 18:14:07.036 9 INFO neutron.api.wsgi [req-eb9c3509-364f-42b7-993d-a1fa4f18fb26 req-8026b009-026a-490e-8f87-7c2fcc4bae84 c28037732c7340848d26cc0cb94af0d0 a5baad018ea34ee0ab508c948d138339 - - default default] 10.0.0.11 "GET /v2.0/ports?device_id=46f39332-436e-4d3b-b557-d7d875e438b3 HTTP/1.1" status: 200 len: 1168 time: 0.0346098
2026-05-09 18:14:07.077 9 INFO neutron.api.wsgi [req-eb9c3509-364f-42b7-993d-a1fa4f18fb26 req-8fe3ff53-3efa-44c8-abbd-0184c9d4d39d c28037732c7340848d26cc0cb94af0d0 a5baad018ea34ee0ab508c948d138339 - - default default] 10.0.0.11 "GET /v2.0/security-groups?id=7aca3646-de48-4a39-a235-24a2123a4ab4&fields=id&fields=name HTTP/1.1" status: 200 len: 312 time: 0.0331407 /var/lib/openstack/lib/python3.12/site-packages/pycadf/identifier.py:71: UserWarning: Invalid uuid: neutron. To ensure interoperability, identifiers should be a valid uuid. warnings.warn(('Invalid uuid: %s. To ensure interoperability, '
2026-05-09 18:14:07.094 9 WARNING neutron.scheduler.dhcp_agent_scheduler [None req-1a23ab87-0285-4da5-a86b-3803f320b8c2 4c2173afcaf644f49177944f07d23e72 aa9c7d55483e4fa8bc6bd3e12844b4d6 - - default default] No more DHCP agents
2026-05-09 18:14:07.095 9 WARNING neutron.api.rpc.agentnotifiers.dhcp_rpc_agent_api [None req-1a23ab87-0285-4da5-a86b-3803f320b8c2 4c2173afcaf644f49177944f07d23e72 aa9c7d55483e4fa8bc6bd3e12844b4d6 - - default default] Unable to schedule network 7d23c17a-1805-494b-9939-1ead43a4dce7: no agents available; will retry on subsequent port and subnet creation events.
2026-05-09 18:14:07.113 10 INFO neutron.api.wsgi [req-55707d40-9f8b-4729-8f23-3ae57697fc29 req-4e1a2061-51b9-4af6-8170-b94731054d2d 9b59f34a42f44b59acffada6688f4c19 eed4dfac04f141ca88fe8b718c7e9e03 - - 0ae8b721ae004486adb9c48fe559be89 0ae8b721ae004486adb9c48fe559be89] 199.204.45.30 "GET /v2.0/ports?tenant_id=a5baad018ea34ee0ab508c948d138339&device_id=46f39332-436e-4d3b-b557-d7d875e438b3 HTTP/1.1" status: 200 len: 1407 time: 0.0357826
2026-05-09 18:14:07.166 10 INFO neutron.api.wsgi [req-55707d40-9f8b-4729-8f23-3ae57697fc29 req-bd8fdccd-25a9-449d-a23a-2cd4c3f22e68 9b59f34a42f44b59acffada6688f4c19 eed4dfac04f141ca88fe8b718c7e9e03 - - 0ae8b721ae004486adb9c48fe559be89 0ae8b721ae004486adb9c48fe559be89] 199.204.45.30 "GET /v2.0/networks?tenant_id=a5baad018ea34ee0ab508c948d138339&shared=False HTTP/1.1" status: 200 len: 959 time: 0.0469179
2026-05-09 18:14:07.245 10 INFO neutron.api.wsgi [req-55707d40-9f8b-4729-8f23-3ae57697fc29 req-efa9fd95-6575-4922-8156-87ec2fdaede2 9b59f34a42f44b59acffada6688f4c19 eed4dfac04f141ca88fe8b718c7e9e03 - - 0ae8b721ae004486adb9c48fe559be89 0ae8b721ae004486adb9c48fe559be89] 199.204.45.30 "GET /v2.0/networks?shared=True HTTP/1.1" status: 200 len: 952 time: 0.0730808
2026-05-09 18:14:07.246 10 INFO neutron.db.ovn_revision_numbers_db [None req-069729dc-c91c-4f0b-a029-7d114dd2cc0c eeb06f2e737947319181263885889c97 060fb54941ec4ee78175ce5716b185b4 - - default default] Successfully bumped revision number for resource 6a9a3687-40af-454e-a776-58ac3612e830 (type: security_groups) to 1
2026-05-09 18:14:07.257 10 INFO neutron.db.ovn_revision_numbers_db [None req-069729dc-c91c-4f0b-a029-7d114dd2cc0c eeb06f2e737947319181263885889c97 060fb54941ec4ee78175ce5716b185b4 - - default default] Successfully bumped revision number for resource 025ed817-a3e9-4ecf-bbda-637cef58b079 (type: security_group_rules) to 0
2026-05-09 18:14:07.270 10 INFO neutron.db.ovn_revision_numbers_db [None req-069729dc-c91c-4f0b-a029-7d114dd2cc0c eeb06f2e737947319181263885889c97 060fb54941ec4ee78175ce5716b185b4 - - default default] Successfully bumped revision number for resource 29f0012f-ab0b-4eab-ad7f-5c99871ab1b9 (type: security_group_rules) to 0
2026-05-09 18:14:07.285 10 INFO neutron.db.ovn_revision_numbers_db [None req-069729dc-c91c-4f0b-a029-7d114dd2cc0c eeb06f2e737947319181263885889c97 060fb54941ec4ee78175ce5716b185b4 - - default default] Successfully bumped revision number for resource 7985c1d1-1523-496e-bc8e-a1e894585cc9 (type: security_group_rules) to 0
2026-05-09 18:14:07.299 10 INFO neutron.db.ovn_revision_numbers_db [None req-069729dc-c91c-4f0b-a029-7d114dd2cc0c eeb06f2e737947319181263885889c97 060fb54941ec4ee78175ce5716b185b4 - - default default] Successfully bumped revision number for resource e06259d7-c18f-4442-96f5-34f07d54ecef (type: security_group_rules) to 0
2026-05-09 18:14:07.338 10 INFO neutron.api.wsgi [None req-069729dc-c91c-4f0b-a029-7d114dd2cc0c eeb06f2e737947319181263885889c97 060fb54941ec4ee78175ce5716b185b4 - - default default] 10.0.0.13 "GET /v2.0/security-groups?tenant_id=195bd502bfec46488eb14eb1931f0641&name=default HTTP/1.1" status: 200 len: 3120 time: 0.4652662
2026-05-09 18:14:07.546 9 INFO neutron.db.ovn_revision_numbers_db [None req-6fa58820-5976-45bc-8520-44cf02febd2f - - - - - -] Successfully bumped revision number for resource 93243662-4d32-49e3-a196-d694fea8e7e9 (type: ports) to 2
2026-05-09 18:14:07.551 10 INFO neutron.api.wsgi [None req-cb631dc0-0a5c-4079-987a-2e9b0132a35c eeb06f2e737947319181263885889c97 060fb54941ec4ee78175ce5716b185b4 - - default default] 10.0.0.13 "DELETE /v2.0/security-groups/6a9a3687-40af-454e-a776-58ac3612e830 HTTP/1.1" status: 204 len: 168 time: 0.2060044
2026-05-09 18:14:07.575 9 INFO neutron.db.ovn_revision_numbers_db [None req-6fa58820-5976-45bc-8520-44cf02febd2f - - - - - -] Successfully bumped revision number for resource 3e8939fa-2ee9-4827-b0ce-c913acc8d5f9 (type: subnets) to 0
2026-05-09 18:14:07.602 9 WARNING neutron.scheduler.dhcp_agent_scheduler [None req-1a23ab87-0285-4da5-a86b-3803f320b8c2 4c2173afcaf644f49177944f07d23e72 aa9c7d55483e4fa8bc6bd3e12844b4d6 - - default default] No more DHCP agents
2026-05-09 18:14:07.603 9 WARNING neutron.api.rpc.agentnotifiers.dhcp_rpc_agent_api [None req-1a23ab87-0285-4da5-a86b-3803f320b8c2 4c2173afcaf644f49177944f07d23e72 aa9c7d55483e4fa8bc6bd3e12844b4d6 - - default default] Unable to schedule network ef48be33-d0a4-4658-b93d-83a0e27f13ea: no agents available; will retry on subsequent port and subnet creation events.
2026-05-09 18:14:07.652 10 INFO neutron.db.ovn_revision_numbers_db [None req-59dacc1e-68db-4c3d-9a12-c7f6826f4f8f eeb06f2e737947319181263885889c97 060fb54941ec4ee78175ce5716b185b4 - - default default] Successfully bumped revision number for resource e948cb50-1ee1-4881-9c6a-48d6b9853f11 (type: security_groups) to 1
2026-05-09 18:14:07.670 10 INFO neutron.db.ovn_revision_numbers_db [None req-59dacc1e-68db-4c3d-9a12-c7f6826f4f8f eeb06f2e737947319181263885889c97 060fb54941ec4ee78175ce5716b185b4 - - default default] Successfully bumped revision number for resource 599552a6-def8-4263-b243-d1de52b4442b (type: security_group_rules) to 0
2026-05-09 18:14:07.685 10 INFO neutron.db.ovn_revision_numbers_db [None req-59dacc1e-68db-4c3d-9a12-c7f6826f4f8f eeb06f2e737947319181263885889c97 060fb54941ec4ee78175ce5716b185b4 - - default default] Successfully bumped revision number for resource 6172a3ae-a0b1-4c2d-b959-0764f0becad7 (type: security_group_rules) to 0
2026-05-09 18:14:07.699 10 INFO neutron.db.ovn_revision_numbers_db [None req-59dacc1e-68db-4c3d-9a12-c7f6826f4f8f eeb06f2e737947319181263885889c97 060fb54941ec4ee78175ce5716b185b4 - - default default] Successfully bumped revision number for resource 644f76f1-a7a8-4767-907d-a469fee2e655 (type: security_group_rules) to 0
2026-05-09 18:14:07.718 10 INFO neutron.db.ovn_revision_numbers_db [None req-59dacc1e-68db-4c3d-9a12-c7f6826f4f8f eeb06f2e737947319181263885889c97 060fb54941ec4ee78175ce5716b185b4 - - default default] Successfully bumped revision number for resource ffe9d88c-9702-4bce-9414-7736eebaef04 (type: security_group_rules) to 0
2026-05-09 18:14:07.743 10 INFO neutron.db.ovn_revision_numbers_db [None req-984b69b0-cd69-4940-afd0-55fb8e45dda9 eeb06f2e737947319181263885889c97 060fb54941ec4ee78175ce5716b185b4 - - default default] Successfully bumped revision number for resource f62bc7ac-7fa3-4d4e-b610-70b2bfc71ead (type: security_groups) to 1
2026-05-09 18:14:07.757 10 INFO neutron.db.ovn_revision_numbers_db [None req-984b69b0-cd69-4940-afd0-55fb8e45dda9 eeb06f2e737947319181263885889c97 060fb54941ec4ee78175ce5716b185b4 - - default default] Successfully bumped revision number for resource 2595aac0-dfe7-46b7-b65d-0c6c1ea6c1fa (type: security_group_rules) to 0
2026-05-09 18:14:07.763 10 INFO neutron.api.wsgi [None req-59dacc1e-68db-4c3d-9a12-c7f6826f4f8f eeb06f2e737947319181263885889c97 060fb54941ec4ee78175ce5716b185b4 - - default default] 10.0.0.13 "GET /v2.0/security-groups?tenant_id=b4fd4607eef8404fb3ad60798e9a6b3c&name=default HTTP/1.1" status: 200 len: 3120 time: 0.4212101
2026-05-09 18:14:07.770 10 INFO neutron.db.ovn_revision_numbers_db [None req-984b69b0-cd69-4940-afd0-55fb8e45dda9 eeb06f2e737947319181263885889c97 060fb54941ec4ee78175ce5716b185b4 - - default default] Successfully bumped revision number for resource cb0069a3-f537-4a9c-b7f0-e43d82f2bd7c (type: security_group_rules) to 0
2026-05-09 18:14:07.782 10 INFO neutron.db.ovn_revision_numbers_db [None req-984b69b0-cd69-4940-afd0-55fb8e45dda9 eeb06f2e737947319181263885889c97 060fb54941ec4ee78175ce5716b185b4 - - default default] Successfully bumped revision number for resource d0cf38de-7042-4d14-a0c9-5e7804733179 (type: security_group_rules) to 0
2026-05-09 18:14:07.796 10 INFO neutron.db.ovn_revision_numbers_db [None req-984b69b0-cd69-4940-afd0-55fb8e45dda9 eeb06f2e737947319181263885889c97 060fb54941ec4ee78175ce5716b185b4 - - default default] Successfully bumped revision number for resource e38561ed-2502-4174-9638-d5d35e0601ff (type: security_group_rules) to 0
2026-05-09 18:14:07.831 10 INFO neutron.api.wsgi [None req-984b69b0-cd69-4940-afd0-55fb8e45dda9 eeb06f2e737947319181263885889c97 060fb54941ec4ee78175ce5716b185b4 - - default default] 10.0.0.13 "GET /v2.0/security-groups?tenant_id=4b10a85922f944c59a7c5c1bffa1ccc3&name=default HTTP/1.1" status: 200 len: 3120 time: 0.2003787
2026-05-09 18:14:07.987 9 INFO neutron.api.wsgi [None req-5c31b422-8379-44d3-8e85-be2ccb0530e2 eeb06f2e737947319181263885889c97 060fb54941ec4ee78175ce5716b185b4 - - default default] 10.0.0.13 "DELETE /v2.0/security-groups/e948cb50-1ee1-4881-9c6a-48d6b9853f11 HTTP/1.1" status: 204 len: 168 time: 0.2188501
2026-05-09 18:14:08.033 9 INFO neutron.db.ovn_revision_numbers_db [None req-01c55851-1fd7-4cb1-9811-1da8ab257f31 - - - - - -] Successfully bumped revision number for resource c12b5a4a-3fd3-475b-bac0-a8c81cb04370 (type: ports) to 2
2026-05-09 18:14:08.041 10 INFO neutron.api.wsgi [None req-7c8cfe52-ee09-4803-88a1-11af4d9fbbf4 eeb06f2e737947319181263885889c97 060fb54941ec4ee78175ce5716b185b4 - - default default] 10.0.0.13 "DELETE /v2.0/security-groups/f62bc7ac-7fa3-4d4e-b610-70b2bfc71ead HTTP/1.1" status: 204 len: 168 time: 0.2045276
2026-05-09 18:14:08.060 9 INFO neutron.db.ovn_revision_numbers_db [None req-01c55851-1fd7-4cb1-9811-1da8ab257f31 - - - - - -] Successfully bumped revision number for resource a3035b6d-4f8d-4e91-a5a5-226e95cb5cf4 (type: subnets) to 0
2026-05-09 18:14:08.074 9 INFO neutron.api.wsgi [None req-1a23ab87-0285-4da5-a86b-3803f320b8c2 4c2173afcaf644f49177944f07d23e72 aa9c7d55483e4fa8bc6bd3e12844b4d6 - - default default] 10.0.0.13 "POST /v2.0/subnets HTTP/1.1" status: 201 len: 1474 time: 1.3083086
2026-05-09 18:14:08.112 10 INFO neutron.api.wsgi [None req-9eed0a90-0fb1-4e85-95b9-a72b6f2ecb43 4c2173afcaf644f49177944f07d23e72 aa9c7d55483e4fa8bc6bd3e12844b4d6 - - default default] 10.0.0.13 "GET /v2.0/subnets HTTP/1.1" status: 200 len: 2105 time: 0.0328720
2026-05-09 18:14:08.231 10 INFO neutron.api.wsgi [req-261eebbd-81ec-4195-a3a1-a2280ffc1feb req-d05ea4aa-f1ec-4c55-b680-37fecebc1937 c28037732c7340848d26cc0cb94af0d0 a5baad018ea34ee0ab508c948d138339 - - default default] 10.0.0.11 "GET /v2.0/ports?device_id=46f39332-436e-4d3b-b557-d7d875e438b3 HTTP/1.1" status: 200 len: 1168 time: 0.0935972
2026-05-09 18:14:08.259 9 INFO neutron.db.ovn_revision_numbers_db [None req-598ad16d-f578-4b76-9b24-f54df2728b4a eeb06f2e737947319181263885889c97 060fb54941ec4ee78175ce5716b185b4 - - default default] Successfully bumped revision number for resource 550ec19b-58e2-4a10-8861-510ff8e41a08 (type: security_groups) to 1
2026-05-09 18:14:08.275 9 INFO neutron.db.ovn_revision_numbers_db [None req-598ad16d-f578-4b76-9b24-f54df2728b4a eeb06f2e737947319181263885889c97 060fb54941ec4ee78175ce5716b185b4 - - default default] Successfully bumped revision number for resource 29e1389d-4712-4993-9b0a-52eaa2e9943e (type: security_group_rules) to 0
2026-05-09 18:14:08.294 9 INFO neutron.db.ovn_revision_numbers_db [None req-598ad16d-f578-4b76-9b24-f54df2728b4a eeb06f2e737947319181263885889c97 060fb54941ec4ee78175ce5716b185b4 - - default default] Successfully bumped revision number for resource 79c6bf3d-a392-475f-9f71-e36a7fd75e9e (type: security_group_rules) to 0
2026-05-09 18:14:08.304 9 INFO neutron.db.ovn_revision_numbers_db [None req-724c8d24-5d1f-46f8-8b42-0a1acb3bc1f4 eeb06f2e737947319181263885889c97 060fb54941ec4ee78175ce5716b185b4 - - default default] Successfully bumped revision number for resource f2e9257e-d99b-4e66-b156-c79fdfdf7623 (type: security_groups) to 1
2026-05-09 18:14:08.307 9 INFO neutron.db.ovn_revision_numbers_db [None req-598ad16d-f578-4b76-9b24-f54df2728b4a eeb06f2e737947319181263885889c97 060fb54941ec4ee78175ce5716b185b4 - - default default] Successfully bumped revision number for resource 8ad5393c-fef8-46eb-8b6b-0e1b6d5825d8 (type: security_group_rules) to 0
2026-05-09 18:14:08.313 10 INFO neutron.api.wsgi [req-261eebbd-81ec-4195-a3a1-a2280ffc1feb req-1fc86ffd-1830-44a9-9feb-d467e2283b77 c28037732c7340848d26cc0cb94af0d0 a5baad018ea34ee0ab508c948d138339 - - default default] 10.0.0.11 "GET /v2.0/security-groups?id=7aca3646-de48-4a39-a235-24a2123a4ab4&fields=id&fields=name HTTP/1.1" status: 200 len: 312 time: 0.0736396
2026-05-09 18:14:08.317 10 INFO neutron.api.wsgi [req-18c5868e-bd7a-404f-a38e-d48ee475fb67 req-ff249301-0e46-47cf-babe-0b47a8a26491 9b59f34a42f44b59acffada6688f4c19 eed4dfac04f141ca88fe8b718c7e9e03 - - 0ae8b721ae004486adb9c48fe559be89 0ae8b721ae004486adb9c48fe559be89] 199.204.45.30 "GET /v2.0/ports?tenant_id=a5baad018ea34ee0ab508c948d138339&device_id=46f39332-436e-4d3b-b557-d7d875e438b3 HTTP/1.1" status: 200 len: 1407 time: 0.0571997
2026-05-09 18:14:08.323 9 INFO neutron.db.ovn_revision_numbers_db [None req-724c8d24-5d1f-46f8-8b42-0a1acb3bc1f4 eeb06f2e737947319181263885889c97 060fb54941ec4ee78175ce5716b185b4 - - default default] Successfully bumped revision number for resource 1860163b-64dc-4475-a901-66508a20b9ae (type: security_group_rules) to 0
2026-05-09 18:14:08.336 9 INFO neutron.db.ovn_revision_numbers_db [None req-598ad16d-f578-4b76-9b24-f54df2728b4a eeb06f2e737947319181263885889c97 060fb54941ec4ee78175ce5716b185b4 - - default default] Successfully bumped revision number for resource 931c8afa-d74e-4b58-9cb4-6b02c99e9478 (type: security_group_rules) to 0
2026-05-09 18:14:08.353 10 INFO neutron.api.wsgi [req-18c5868e-bd7a-404f-a38e-d48ee475fb67 req-0a500d1c-614b-4e8e-b218-b097ef1bca96 9b59f34a42f44b59acffada6688f4c19 eed4dfac04f141ca88fe8b718c7e9e03 - - 0ae8b721ae004486adb9c48fe559be89 0ae8b721ae004486adb9c48fe559be89] 199.204.45.30 "GET /v2.0/floatingips?fixed_ip_address=10.100.0.8&port_id=f3a2bb7f-923c-489f-b887-1b4720ea793e HTTP/1.1" status: 200 len: 217 time: 0.0317245
2026-05-09 18:14:08.355 9 INFO neutron.db.ovn_revision_numbers_db [None req-724c8d24-5d1f-46f8-8b42-0a1acb3bc1f4 eeb06f2e737947319181263885889c97 060fb54941ec4ee78175ce5716b185b4 - - default default] Successfully bumped revision number for resource 2e49dbeb-7114-4948-9686-1179bbc8e6c1 (type: security_group_rules) to 0
2026-05-09 18:14:08.372 9 INFO neutron.db.ovn_revision_numbers_db [None req-724c8d24-5d1f-46f8-8b42-0a1acb3bc1f4 eeb06f2e737947319181263885889c97 060fb54941ec4ee78175ce5716b185b4 - - default default] Successfully bumped revision number for resource 3cddfdf5-2c24-431d-a7b2-fafc5efa8582 (type: security_group_rules) to 0
2026-05-09 18:14:08.378 10 INFO neutron.api.wsgi [None req-1455f462-303f-4436-b6e8-03b76717da8b 4c2173afcaf644f49177944f07d23e72 aa9c7d55483e4fa8bc6bd3e12844b4d6 - - default default] 10.0.0.13 "DELETE /v2.0/subnets/3e8939fa-2ee9-4827-b0ce-c913acc8d5f9 HTTP/1.1" status: 204 len: 168 time: 0.2596338
2026-05-09 18:14:08.385 10 INFO neutron.api.wsgi [req-18c5868e-bd7a-404f-a38e-d48ee475fb67 req-8708d974-dcdd-49cd-ad40-31d6434538dc 9b59f34a42f44b59acffada6688f4c19 eed4dfac04f141ca88fe8b718c7e9e03 - - 0ae8b721ae004486adb9c48fe559be89 0ae8b721ae004486adb9c48fe559be89] 199.204.45.30 "GET /v2.0/subnets?id=654d84c5-ef70-4fc3-bde7-61f8d947de03 HTTP/1.1" status: 200 len: 877 time: 0.0280881
2026-05-09 18:14:08.396 9 INFO neutron.api.wsgi [None req-598ad16d-f578-4b76-9b24-f54df2728b4a eeb06f2e737947319181263885889c97 060fb54941ec4ee78175ce5716b185b4 - - default default] 10.0.0.13 "GET /v2.0/security-groups?tenant_id=4434e51acaa34588a66980597a03c9eb&name=default HTTP/1.1" status: 200 len: 3120 time: 0.2665534
2026-05-09 18:14:08.401 9 INFO neutron.db.ovn_revision_numbers_db [None req-724c8d24-5d1f-46f8-8b42-0a1acb3bc1f4 eeb06f2e737947319181263885889c97 060fb54941ec4ee78175ce5716b185b4 - - default default] Successfully bumped revision number for resource a9cabf9f-4c15-4e7f-b2d9-7e3a2f2d9762 (type: security_group_rules) to 0
2026-05-09 18:14:08.406 10 INFO neutron.api.wsgi [req-18c5868e-bd7a-404f-a38e-d48ee475fb67 req-0d9740d4-14b1-4927-bb50-5bfe8a103c27 9b59f34a42f44b59acffada6688f4c19 eed4dfac04f141ca88fe8b718c7e9e03 - - 0ae8b721ae004486adb9c48fe559be89 0ae8b721ae004486adb9c48fe559be89] 199.204.45.30 "GET /v2.0/ports?network_id=5a4a19e0-9d47-4030-9942-a5efd0579b3d&device_owner=network%3Adhcp HTTP/1.1" status: 200 len: 210 time: 0.0175552
2026-05-09 18:14:08.452 10 INFO neutron.api.wsgi [req-18c5868e-bd7a-404f-a38e-d48ee475fb67 req-f921462e-30d9-4cde-9f3d-875ee0bfcd66 9b59f34a42f44b59acffada6688f4c19 eed4dfac04f141ca88fe8b718c7e9e03 - - 0ae8b721ae004486adb9c48fe559be89 0ae8b721ae004486adb9c48fe559be89] 199.204.45.30 "GET /v2.0/networks/5a4a19e0-9d47-4030-9942-a5efd0579b3d?fields=segments HTTP/1.1" status: 200 len: 212 time: 0.0400379
2026-05-09 18:14:08.455 9 INFO neutron.api.wsgi [None req-724c8d24-5d1f-46f8-8b42-0a1acb3bc1f4 eeb06f2e737947319181263885889c97 060fb54941ec4ee78175ce5716b185b4 - - default default] 10.0.0.13 "GET /v2.0/security-groups?tenant_id=eb0e10d48b89410282ea727b1577044b&name=default HTTP/1.1" status: 200 len: 3120 time: 0.2827625
2026-05-09 18:14:08.497 10 INFO neutron.api.wsgi [req-18c5868e-bd7a-404f-a38e-d48ee475fb67 req-e47bba5c-813b-45c6-b13c-3f28bb16a7cd 9b59f34a42f44b59acffada6688f4c19 eed4dfac04f141ca88fe8b718c7e9e03 - - 0ae8b721ae004486adb9c48fe559be89 0ae8b721ae004486adb9c48fe559be89] 199.204.45.30 "GET /v2.0/networks/5a4a19e0-9d47-4030-9942-a5efd0579b3d?fields=provider%3Aphysical_network&fields=provider%3Anetwork_type HTTP/1.1" status: 200 len: 277 time: 0.0397067
2026-05-09 18:14:08.653 9 INFO neutron.api.wsgi [None req-36fad103-9495-4574-9bde-4107254cfa4a 4c2173afcaf644f49177944f07d23e72 aa9c7d55483e4fa8bc6bd3e12844b4d6 - - default default] 10.0.0.13 "DELETE /v2.0/subnets/a3035b6d-4f8d-4e91-a5a5-226e95cb5cf4 HTTP/1.1" status: 204 len: 168 time: 0.2691088
2026-05-09 18:14:08.683 10 INFO neutron.api.wsgi [None req-af868f42-2ec0-4047-8ebd-255a0ed07b9c 4c2173afcaf644f49177944f07d23e72 aa9c7d55483e4fa8bc6bd3e12844b4d6 - - default default] 10.0.0.13 "GET /v2.0/subnets HTTP/1.1" status: 200 len: 843 time: 0.0245981
2026-05-09 18:14:08.707 9 INFO neutron.api.wsgi [None req-4a1ebc33-e128-42d6-bfa3-7b2aab937e19 eeb06f2e737947319181263885889c97 060fb54941ec4ee78175ce5716b185b4 - - default default] 10.0.0.13 "DELETE /v2.0/security-groups/550ec19b-58e2-4a10-8861-510ff8e41a08 HTTP/1.1" status: 204 len: 168 time: 0.3033731
2026-05-09 18:14:08.738 9 INFO neutron.api.wsgi [None req-7f49b97c-9c98-431b-a9e7-500442058c7f eeb06f2e737947319181263885889c97 060fb54941ec4ee78175ce5716b185b4 - - default default] 10.0.0.13 "DELETE /v2.0/security-groups/f2e9257e-d99b-4e66-b156-c79fdfdf7623 HTTP/1.1" status: 204 len: 168 time: 0.2763581
2026-05-09 18:14:08.983 10 INFO neutron.services.segments.plugin [-] Segment 85b230e8-8b12-4ddd-a087-91a5fd9fb0cd resource provider aggregate not found
2026-05-09 18:14:08.987 10 INFO neutron.services.segments.plugin [-] Segment 85b230e8-8b12-4ddd-a087-91a5fd9fb0cd resource provider aggregate not found
2026-05-09 18:14:08.991 9 INFO neutron.db.ovn_revision_numbers_db [None req-9bfa393c-9c38-49d3-80fa-bf1398c3bd1e eeb06f2e737947319181263885889c97 060fb54941ec4ee78175ce5716b185b4 - - default default] Successfully bumped revision number for resource a3fe508b-6282-4098-be71-4d1c7d002088 (type: security_groups) to 1
2026-05-09 18:14:08.995 10 INFO neutron.services.segments.plugin [-] Segment 85b230e8-8b12-4ddd-a087-91a5fd9fb0cd resource provider not found; error: Placement Client Error (4xx): {"errors": [{"status": 404, "title": "Not Found", "detail": "The resource could not be found.\n\n No resource provider with uuid 85b230e8-8b12-4ddd-a087-91a5fd9fb0cd found for delete ", "request_id": "req-04ab5a6e-feae-4084-a413-131f6454ac03"}]}
