2026-05-09 17:43:53.549 15 INFO neutron.db.ovn_revision_numbers_db [None req-a369fa99-0595-452a-82db-973a54eb32e4 - - - - - -] Successfully bumped revision number for resource d7c8fd23-caf6-4d86-b44d-7f05ed6b0cc1 (type: networks) to 2
2026-05-09 17:43:53.596 15 INFO neutron.db.ovn_revision_numbers_db [None req-a369fa99-0595-452a-82db-973a54eb32e4 - - - - - -] Successfully bumped revision number for resource 074f2026-a81b-470f-b163-e2150edf75d2 (type: security_groups) to 6
2026-05-09 17:43:53.634 15 INFO neutron.db.ovn_revision_numbers_db [None req-a369fa99-0595-452a-82db-973a54eb32e4 - - - - - -] Successfully bumped revision number for resource ef093b86-bebf-4b52-bff6-62669d6eb231 (type: security_groups) to 3
2026-05-09 17:43:53.634 15 INFO neutron.plugins.ml2.drivers.ovn.mech_driver.ovsdb.maintenance [None req-a369fa99-0595-452a-82db-973a54eb32e4 - - - - - -] OVN maintenance task check_for_inconsistencies finished in 0.179 seconds
2026-05-09 17:44:01.541 10 INFO neutron.api.wsgi [-] 10.0.0.207 "GET / HTTP/1.1" status: 200 len: 247 time: 0.0032904
2026-05-09 17:44:01.545 9 INFO neutron.api.wsgi [-] 10.0.0.207 "GET / HTTP/1.1" status: 200 len: 247 time: 0.0070527
2026-05-09 17:44:16.539 9 INFO neutron.api.wsgi [-] 10.0.0.207 "GET / HTTP/1.1" status: 200 len: 247 time: 0.0017612
2026-05-09 17:44:16.541 9 INFO neutron.api.wsgi [-] 10.0.0.207 "GET / HTTP/1.1" status: 200 len: 247 time: 0.0013108
2026-05-09 17:44:31.540 9 INFO neutron.api.wsgi [-] 10.0.0.207 "GET / HTTP/1.1" status: 200 len: 247 time: 0.0024855
2026-05-09 17:44:31.542 9 INFO neutron.api.wsgi [-] 10.0.0.207 "GET / HTTP/1.1" status: 200 len: 247 time: 0.0013649
2026-05-09 17:44:46.540 9 INFO neutron.api.wsgi [-] 10.0.0.207 "GET / HTTP/1.1" status: 200 len: 247 time: 0.0020301
2026-05-09 17:44:46.541 10 INFO neutron.api.wsgi [-] 10.0.0.207 "GET / HTTP/1.1" status: 200 len: 247 time: 0.0033162
2026-05-09 17:45:01.540 10 INFO neutron.api.wsgi [-] 10.0.0.207 "GET / HTTP/1.1" status: 200 len: 247 time: 0.0023737
2026-05-09 17:45:01.540 9 INFO neutron.api.wsgi [-] 10.0.0.207 "GET / HTTP/1.1" status: 200 len: 247 time: 0.0024338
2026-05-09 17:45:16.538 9 INFO neutron.api.wsgi [-] 10.0.0.207 "GET / HTTP/1.1" status: 200 len: 247 time: 0.0017762
2026-05-09 17:45:16.539 10 INFO neutron.api.wsgi [-] 10.0.0.207 "GET / HTTP/1.1" status: 200 len: 247 time: 0.0026791
2026-05-09 17:45:31.538 10 INFO neutron.api.wsgi [-] 10.0.0.207 "GET / HTTP/1.1" status: 200 len: 247 time: 0.0014133
2026-05-09 17:45:31.539 9 INFO neutron.api.wsgi [-] 10.0.0.207 "GET / HTTP/1.1" status: 200 len: 247 time: 0.0025804
2026-05-09 17:45:46.541 9 INFO neutron.api.wsgi [-] 10.0.0.207 "GET / HTTP/1.1" status: 200 len: 247 time: 0.0029070
2026-05-09 17:45:46.542 10 INFO neutron.api.wsgi [-] 10.0.0.207 "GET / HTTP/1.1" status: 200 len: 247 time: 0.0035398
2026-05-09 17:46:01.540 9 INFO neutron.api.wsgi [-] 10.0.0.207 "GET / HTTP/1.1" status: 200 len: 247 time: 0.0026157
2026-05-09 17:46:01.544 9 INFO neutron.api.wsgi [-] 10.0.0.207 "GET / HTTP/1.1" status: 200 len: 247 time: 0.0027227
2026-05-09 17:46:16.540 9 INFO neutron.api.wsgi [-] 10.0.0.207 "GET / HTTP/1.1" status: 200 len: 247 time: 0.0024664
2026-05-09 17:46:16.540 10 INFO neutron.api.wsgi [-] 10.0.0.207 "GET / HTTP/1.1" status: 200 len: 247 time: 0.0024328
2026-05-09 17:46:31.538 9 INFO neutron.api.wsgi [-] 10.0.0.207 "GET / HTTP/1.1" status: 200 len: 247 time: 0.0017974
2026-05-09 17:46:31.539 10 INFO neutron.api.wsgi [-] 10.0.0.207 "GET / HTTP/1.1" status: 200 len: 247 time: 0.0020473
2026-05-09 17:46:46.540 10 INFO neutron.api.wsgi [-] 10.0.0.207 "GET / HTTP/1.1" status: 200 len: 247 time: 0.0025034
2026-05-09 17:46:46.540 9 INFO neutron.api.wsgi [-] 10.0.0.207 "GET / HTTP/1.1" status: 200 len: 247 time: 0.0030742
2026-05-09 17:47:01.540 10 INFO neutron.api.wsgi [-] 10.0.0.207 "GET / HTTP/1.1" status: 200 len: 247 time: 0.0031092
2026-05-09 17:47:01.543 10 INFO neutron.api.wsgi [-] 10.0.0.207 "GET / HTTP/1.1" status: 200 len: 247 time: 0.0020332
2026-05-09 17:47:16.540 10 INFO neutron.api.wsgi [-] 10.0.0.207 "GET / HTTP/1.1" status: 200 len: 247 time: 0.0023689
2026-05-09 17:47:16.543 10 INFO neutron.api.wsgi [-] 10.0.0.207 "GET / HTTP/1.1" status: 200 len: 247 time: 0.0015333
2026-05-09 17:47:31.539 10 INFO neutron.api.wsgi [-] 10.0.0.207 "GET / HTTP/1.1" status: 200 len: 247 time: 0.0021472
2026-05-09 17:47:31.541 9 INFO neutron.api.wsgi [-] 10.0.0.207 "GET / HTTP/1.1" status: 200 len: 247 time: 0.0014400
2026-05-09 17:47:46.538 9 INFO neutron.api.wsgi [-] 10.0.0.207 "GET / HTTP/1.1" status: 200 len: 247 time: 0.0015585
2026-05-09 17:47:46.538 10 INFO neutron.api.wsgi [-] 10.0.0.207 "GET / HTTP/1.1" status: 200 len: 247 time: 0.0016348
2026-05-09 17:48:01.539 10 INFO neutron.api.wsgi [-] 10.0.0.207 "GET / HTTP/1.1" status: 200 len: 247 time: 0.0023096
2026-05-09 17:48:01.540 9 INFO neutron.api.wsgi [-] 10.0.0.207 "GET / HTTP/1.1" status: 200 len: 247 time: 0.0028386
2026-05-09 17:48:16.538 9 INFO neutron.api.wsgi [-] 10.0.0.207 "GET / HTTP/1.1" status: 200 len: 247 time: 0.0014880
2026-05-09 17:48:16.540 10 INFO neutron.api.wsgi [-] 10.0.0.207 "GET / HTTP/1.1" status: 200 len: 247 time: 0.0029931
2026-05-09 17:48:31.540 10 INFO neutron.api.wsgi [-] 10.0.0.207 "GET / HTTP/1.1" status: 200 len: 247 time: 0.0027649
2026-05-09 17:48:31.541 9 INFO neutron.api.wsgi [-] 10.0.0.207 "GET / HTTP/1.1" status: 200 len: 247 time: 0.0040717
2026-05-09 17:48:46.539 10 INFO neutron.api.wsgi [-] 10.0.0.207 "GET / HTTP/1.1" status: 200 len: 247 time: 0.0024459
2026-05-09 17:48:46.539 9 INFO neutron.api.wsgi [-] 10.0.0.207 "GET / HTTP/1.1" status: 200 len: 247 time: 0.0025165
2026-05-09 17:48:53.503 15 INFO neutron.plugins.ml2.drivers.ovn.mech_driver.ovsdb.maintenance [None req-a369fa99-0595-452a-82db-973a54eb32e4 - - - - - -] OVN maintenance task check_for_inconsistencies finished in 0.020 seconds
2026-05-09 17:49:01.540 10 INFO neutron.api.wsgi [-] 10.0.0.207 "GET / HTTP/1.1" status: 200 len: 247 time: 0.0023389
2026-05-09 17:49:01.541 9 INFO neutron.api.wsgi [-] 10.0.0.207 "GET / HTTP/1.1" status: 200 len: 247 time: 0.0026085
2026-05-09 17:49:16.540 10 INFO neutron.api.wsgi [-] 10.0.0.207 "GET / HTTP/1.1" status: 200 len: 247 time: 0.0023551
2026-05-09 17:49:16.542 9 INFO neutron.api.wsgi [-] 10.0.0.207 "GET / HTTP/1.1" status: 200 len: 247 time: 0.0041416
2026-05-09 17:49:31.544 9 INFO neutron.api.wsgi [-] 10.0.0.207 "GET / HTTP/1.1" status: 200 len: 247 time: 0.0036941
2026-05-09 17:49:31.547 9 INFO neutron.api.wsgi [-] 10.0.0.207 "GET / HTTP/1.1" status: 200 len: 247 time: 0.0016980
2026-05-09 17:49:46.540 9 INFO neutron.api.wsgi [-] 10.0.0.207 "GET / HTTP/1.1" status: 200 len: 247 time: 0.0033083
2026-05-09 17:49:46.542 10 INFO neutron.api.wsgi [-] 10.0.0.207 "GET / HTTP/1.1" status: 200 len: 247 time: 0.0053489
2026-05-09 17:50:01.540 9 INFO neutron.api.wsgi [-] 10.0.0.207 "GET / HTTP/1.1" status: 200 len: 247 time: 0.0024359
2026-05-09 17:50:01.541 10 INFO neutron.api.wsgi [-] 10.0.0.207 "GET / HTTP/1.1" status: 200 len: 247 time: 0.0027013
2026-05-09 17:50:16.540 10 INFO neutron.api.wsgi [-] 10.0.0.207 "GET / HTTP/1.1" status: 200 len: 247 time: 0.0024250
2026-05-09 17:50:16.540 9 INFO neutron.api.wsgi [-] 10.0.0.207 "GET / HTTP/1.1" status: 200 len: 247 time: 0.0028093
2026-05-09 17:50:31.540 10 INFO neutron.api.wsgi [-] 10.0.0.207 "GET / HTTP/1.1" status: 200 len: 247 time: 0.0014429
2026-05-09 17:50:31.541 10 INFO neutron.api.wsgi [-] 10.0.0.207 "GET / HTTP/1.1" status: 200 len: 247 time: 0.0008779
2026-05-09 17:50:46.540 10 INFO neutron.api.wsgi [-] 10.0.0.207 "GET / HTTP/1.1" status: 200 len: 247 time: 0.0024574
2026-05-09 17:50:46.543 10 INFO neutron.api.wsgi [-] 10.0.0.207 "GET / HTTP/1.1" status: 200 len: 247 time: 0.0021505
2026-05-09 17:51:01.538 9 INFO neutron.api.wsgi [-] 10.0.0.207 "GET / HTTP/1.1" status: 200 len: 247 time: 0.0011764
2026-05-09 17:51:01.540 10 INFO neutron.api.wsgi [-] 10.0.0.207 "GET / HTTP/1.1" status: 200 len: 247 time: 0.0032570
2026-05-09 17:51:16.540 9 INFO neutron.api.wsgi [-] 10.0.0.207 "GET / HTTP/1.1" status: 200 len: 247 time: 0.0025411
2026-05-09 17:51:16.540 10 INFO neutron.api.wsgi [-] 10.0.0.207 "GET / HTTP/1.1" status: 200 len: 247 time: 0.0025711
2026-05-09 17:51:31.540 9 INFO neutron.api.wsgi [-] 10.0.0.207 "GET / HTTP/1.1" status: 200 len: 247 time: 0.0020077
2026-05-09 17:51:31.543 10 INFO neutron.api.wsgi [-] 10.0.0.207 "GET / HTTP/1.1" status: 200 len: 247 time: 0.0030594
2026-05-09 17:51:46.540 9 INFO neutron.api.wsgi [-] 10.0.0.207 "GET / HTTP/1.1" status: 200 len: 247 time: 0.0032332
2026-05-09 17:51:46.540 10 INFO neutron.api.wsgi [-] 10.0.0.207 "GET / HTTP/1.1" status: 200 len: 247 time: 0.0032854
2026-05-09 17:52:01.540 9 INFO neutron.api.wsgi [-] 10.0.0.207 "GET / HTTP/1.1" status: 200 len: 247 time: 0.0029719
2026-05-09 17:52:01.541 10 INFO neutron.api.wsgi [-] 10.0.0.207 "GET / HTTP/1.1" status: 200 len: 247 time: 0.0037301
2026-05-09 17:52:16.540 10 INFO neutron.api.wsgi [-] 10.0.0.207 "GET / HTTP/1.1" status: 200 len: 247 time: 0.0024369
2026-05-09 17:52:16.543 10 INFO neutron.api.wsgi [-] 10.0.0.207 "GET / HTTP/1.1" status: 200 len: 247 time: 0.0021074
2026-05-09 17:52:31.542 10 INFO neutron.api.wsgi [-] 10.0.0.207 "GET / HTTP/1.1" status: 200 len: 247 time: 0.0039341
2026-05-09 17:52:31.543 9 INFO neutron.api.wsgi [-] 10.0.0.207 "GET / HTTP/1.1" status: 200 len: 247 time: 0.0037014
2026-05-09 17:52:46.540 9 INFO neutron.api.wsgi [-] 10.0.0.207 "GET / HTTP/1.1" status: 200 len: 247 time: 0.0027633
2026-05-09 17:52:46.541 10 INFO neutron.api.wsgi [-] 10.0.0.207 "GET / HTTP/1.1" status: 200 len: 247 time: 0.0035524
2026-05-09 17:53:01.542 9 INFO neutron.api.wsgi [-] 10.0.0.207 "GET / HTTP/1.1" status: 200 len: 247 time: 0.0030093
2026-05-09 17:53:01.546 10 INFO neutron.api.wsgi [-] 10.0.0.207 "GET / HTTP/1.1" status: 200 len: 247 time: 0.0087476
2026-05-09 17:53:16.540 10 INFO neutron.api.wsgi [-] 10.0.0.207 "GET / HTTP/1.1" status: 200 len: 247 time: 0.0025437
2026-05-09 17:53:16.540 9 INFO neutron.api.wsgi [-] 10.0.0.207 "GET / HTTP/1.1" status: 200 len: 247 time: 0.0024562
2026-05-09 17:53:31.538 10 INFO neutron.api.wsgi [-] 10.0.0.207 "GET / HTTP/1.1" status: 200 len: 247 time: 0.0011835
2026-05-09 17:53:31.540 10 INFO neutron.api.wsgi [-] 10.0.0.207 "GET / HTTP/1.1" status: 200 len: 247 time: 0.0011551 /var/lib/openstack/lib/python3.12/site-packages/pycadf/identifier.py:71: UserWarning: Invalid uuid: unknown. To ensure interoperability, identifiers should be a valid uuid. warnings.warn(('Invalid uuid: %s. To ensure interoperability, '
2026-05-09 17:53:32.653 9 INFO neutron.api.v2.resource [None req-69eba3b4-f1f1-40cb-ac57-1e609dfb9264 eeb06f2e737947319181263885889c97 060fb54941ec4ee78175ce5716b185b4 - - default default] show failed (client error): The resource could not be found.
2026-05-09 17:53:32.655 9 INFO neutron.api.wsgi [None req-69eba3b4-f1f1-40cb-ac57-1e609dfb9264 eeb06f2e737947319181263885889c97 060fb54941ec4ee78175ce5716b185b4 - - default default] 199.204.45.30,10.0.0.207 "GET /v2.0/security-groups/manila-service-security-group?project_id=eed4dfac04f141ca88fe8b718c7e9e03 HTTP/1.1" status: 404 len: 321 time: 0.1318829
2026-05-09 17:53:32.772 9 INFO neutron.db.ovn_revision_numbers_db [None req-94be30aa-b806-4e01-a2fd-31f0028ac32b eeb06f2e737947319181263885889c97 060fb54941ec4ee78175ce5716b185b4 - - default default] Successfully bumped revision number for resource 29490f0d-1946-4534-a66c-fde9caaa2ce7 (type: security_groups) to 1
2026-05-09 17:53:32.786 9 INFO neutron.db.ovn_revision_numbers_db [None req-94be30aa-b806-4e01-a2fd-31f0028ac32b eeb06f2e737947319181263885889c97 060fb54941ec4ee78175ce5716b185b4 - - default default] Successfully bumped revision number for resource 610365b8-e279-4a3b-97de-78715a3c19bb (type: security_group_rules) to 0
2026-05-09 17:53:32.797 9 INFO neutron.db.ovn_revision_numbers_db [None req-94be30aa-b806-4e01-a2fd-31f0028ac32b eeb06f2e737947319181263885889c97 060fb54941ec4ee78175ce5716b185b4 - - default default] Successfully bumped revision number for resource 81a88d2b-108f-4108-b642-51b7e7a55b74 (type: security_group_rules) to 0
2026-05-09 17:53:32.812 9 INFO neutron.db.ovn_revision_numbers_db [None req-94be30aa-b806-4e01-a2fd-31f0028ac32b eeb06f2e737947319181263885889c97 060fb54941ec4ee78175ce5716b185b4 - - default default] Successfully bumped revision number for resource a9f259cd-2490-48f0-9e4c-d8fd26f04dd8 (type: security_group_rules) to 0
2026-05-09 17:53:32.824 9 INFO neutron.db.ovn_revision_numbers_db [None req-94be30aa-b806-4e01-a2fd-31f0028ac32b eeb06f2e737947319181263885889c97 060fb54941ec4ee78175ce5716b185b4 - - default default] Successfully bumped revision number for resource d042d825-7a48-4cca-b840-70e288f433af (type: security_group_rules) to 0
2026-05-09 17:53:32.865 9 INFO neutron.api.wsgi [None req-94be30aa-b806-4e01-a2fd-31f0028ac32b eeb06f2e737947319181263885889c97 060fb54941ec4ee78175ce5716b185b4 - - default default] 199.204.45.30,10.0.0.207 "GET /v2.0/security-groups?name=manila-service-security-group&project_id=eed4dfac04f141ca88fe8b718c7e9e03 HTTP/1.1" status: 200 len: 197 time: 0.2065122
2026-05-09 17:53:33.025 9 INFO neutron.db.ovn_revision_numbers_db [None req-356788cc-e96c-4329-9d91-6d0f878864a4 eeb06f2e737947319181263885889c97 060fb54941ec4ee78175ce5716b185b4 - - default default] Successfully bumped revision number for resource 272d867f-f775-491d-9773-ab782167a8f5 (type: security_groups) to 1
2026-05-09 17:53:33.037 9 INFO neutron.db.ovn_revision_numbers_db [None req-356788cc-e96c-4329-9d91-6d0f878864a4 eeb06f2e737947319181263885889c97 060fb54941ec4ee78175ce5716b185b4 - - default default] Successfully bumped revision number for resource 376a7455-c68c-4fb8-a1ce-78696b29be1e (type: security_group_rules) to 0
2026-05-09 17:53:33.049 9 INFO neutron.db.ovn_revision_numbers_db [None req-356788cc-e96c-4329-9d91-6d0f878864a4 eeb06f2e737947319181263885889c97 060fb54941ec4ee78175ce5716b185b4 - - default default] Successfully bumped revision number for resource 60449437-d492-4e31-b082-a1b040077f88 (type: security_group_rules) to 0
2026-05-09 17:53:33.080 9 INFO neutron.api.wsgi [None req-356788cc-e96c-4329-9d91-6d0f878864a4 eeb06f2e737947319181263885889c97 060fb54941ec4ee78175ce5716b185b4 - - default default] 199.204.45.30,10.0.0.207 "POST /v2.0/security-groups HTTP/1.1" status: 201 len: 1805 time: 0.1524901
2026-05-09 17:53:34.072 9 INFO neutron.api.wsgi [None req-e52cb457-c9f9-49e1-b61a-ab358c1731d5 eeb06f2e737947319181263885889c97 060fb54941ec4ee78175ce5716b185b4 - - default default] 199.204.45.30,10.0.0.207 "GET /v2.0/security-groups/272d867f-f775-491d-9773-ab782167a8f5?project_id=eed4dfac04f141ca88fe8b718c7e9e03 HTTP/1.1" status: 200 len: 1800 time: 0.0460746
2026-05-09 17:53:34.102 9 INFO neutron.api.wsgi [None req-fe9e8fd2-416d-4055-9afb-526bba21ac43 eeb06f2e737947319181263885889c97 060fb54941ec4ee78175ce5716b185b4 - - default default] 199.204.45.30,10.0.0.207 "GET /v2.0/security-groups/272d867f-f775-491d-9773-ab782167a8f5 HTTP/1.1" status: 200 len: 1800 time: 0.0222881
2026-05-09 17:53:34.187 9 INFO neutron.api.wsgi [None req-ffd0c566-c28d-4df0-8f8d-38ddabeb042d eeb06f2e737947319181263885889c97 060fb54941ec4ee78175ce5716b185b4 - - default default] 199.204.45.30,10.0.0.207 "GET /v2.0/security-groups/272d867f-f775-491d-9773-ab782167a8f5?project_id=eed4dfac04f141ca88fe8b718c7e9e03 HTTP/1.1" status: 200 len: 1800 time: 0.0247903
2026-05-09 17:53:34.293 9 INFO neutron.db.ovn_revision_numbers_db [None req-7be89837-4015-452c-aedf-f22371b46703 eeb06f2e737947319181263885889c97 060fb54941ec4ee78175ce5716b185b4 - - default default] Successfully bumped revision number for resource dd50b8b3-e865-4f00-bc5f-612190cb3b63 (type: security_group_rules) to 0
2026-05-09 17:53:34.321 9 INFO neutron.api.wsgi [None req-7be89837-4015-452c-aedf-f22371b46703 eeb06f2e737947319181263885889c97 060fb54941ec4ee78175ce5716b185b4 - - default default] 199.204.45.30,10.0.0.207 "POST /v2.0/security-group-rules HTTP/1.1" status: 201 len: 777 time: 0.1284206
2026-05-09 17:53:35.211 9 INFO neutron.api.wsgi [None req-a4a92be7-abec-4957-9fcb-ede09ff1020d eeb06f2e737947319181263885889c97 060fb54941ec4ee78175ce5716b185b4 - - default default] 199.204.45.30,10.0.0.207 "GET /v2.0/security-groups/272d867f-f775-491d-9773-ab782167a8f5?project_id=eed4dfac04f141ca88fe8b718c7e9e03 HTTP/1.1" status: 200 len: 2410 time: 0.0449665
2026-05-09 17:53:35.240 9 INFO neutron.api.wsgi [None req-2b8852ad-b0a4-485a-8526-d98a9d3415be eeb06f2e737947319181263885889c97 060fb54941ec4ee78175ce5716b185b4 - - default default] 199.204.45.30,10.0.0.207 "GET /v2.0/security-groups/272d867f-f775-491d-9773-ab782167a8f5 HTTP/1.1" status: 200 len: 2410 time: 0.0225542
2026-05-09 17:53:35.321 9 INFO neutron.api.wsgi [None req-ec3f0f08-06f9-416e-bd13-8743f956fc78 eeb06f2e737947319181263885889c97 060fb54941ec4ee78175ce5716b185b4 - - default default] 199.204.45.30,10.0.0.207 "GET /v2.0/security-groups/272d867f-f775-491d-9773-ab782167a8f5?project_id=eed4dfac04f141ca88fe8b718c7e9e03 HTTP/1.1" status: 200 len: 2410 time: 0.0201128
2026-05-09 17:53:35.427 9 INFO neutron.db.ovn_revision_numbers_db [None req-8267010b-b0c4-4a1f-92aa-86ee90099aaf eeb06f2e737947319181263885889c97 060fb54941ec4ee78175ce5716b185b4 - - default default] Successfully bumped revision number for resource 1ffe213a-8023-4f7e-bf00-28cb637e2a8d (type: security_group_rules) to 0
2026-05-09 17:53:35.453 9 INFO neutron.api.wsgi [None req-8267010b-b0c4-4a1f-92aa-86ee90099aaf eeb06f2e737947319181263885889c97 060fb54941ec4ee78175ce5716b185b4 - - default default] 199.204.45.30,10.0.0.207 "POST /v2.0/security-group-rules HTTP/1.1" status: 201 len: 779 time: 0.1255267
2026-05-09 17:53:36.363 9 INFO neutron.api.wsgi [None req-f877a59e-ce98-49ca-b884-55d96988574d eeb06f2e737947319181263885889c97 060fb54941ec4ee78175ce5716b185b4 - - default default] 199.204.45.30,10.0.0.207 "GET /v2.0/security-groups/272d867f-f775-491d-9773-ab782167a8f5?project_id=eed4dfac04f141ca88fe8b718c7e9e03 HTTP/1.1" status: 200 len: 3022 time: 0.0526009
2026-05-09 17:53:36.394 9 INFO neutron.api.wsgi [None req-f5a3df4d-3792-4680-9529-9a73e3ef9dcc eeb06f2e737947319181263885889c97 060fb54941ec4ee78175ce5716b185b4 - - default default] 199.204.45.30,10.0.0.207 "GET /v2.0/security-groups/272d867f-f775-491d-9773-ab782167a8f5 HTTP/1.1" status: 200 len: 3022 time: 0.0225055
2026-05-09 17:53:36.475 9 INFO neutron.api.wsgi [None req-6e5a30ef-e305-4d7d-b5c5-c18072675418 eeb06f2e737947319181263885889c97 060fb54941ec4ee78175ce5716b185b4 - - default default] 199.204.45.30,10.0.0.207 "GET /v2.0/security-groups/272d867f-f775-491d-9773-ab782167a8f5?project_id=eed4dfac04f141ca88fe8b718c7e9e03 HTTP/1.1" status: 200 len: 3022 time: 0.0271869
2026-05-09 17:53:36.582 9 INFO neutron.db.ovn_revision_numbers_db [None req-3b283f27-2827-4ae9-ac24-e048f9bfbe3d eeb06f2e737947319181263885889c97 060fb54941ec4ee78175ce5716b185b4 - - default default] Successfully bumped revision number for resource 9bbc778a-fa08-49a6-927c-d1ef074f831d (type: security_group_rules) to 0
2026-05-09 17:53:36.607 9 INFO neutron.api.wsgi [None req-3b283f27-2827-4ae9-ac24-e048f9bfbe3d eeb06f2e737947319181263885889c97 060fb54941ec4ee78175ce5716b185b4 - - default default] 199.204.45.30,10.0.0.207 "POST /v2.0/security-group-rules HTTP/1.1" status: 201 len: 781 time: 0.1251607
2026-05-09 17:53:37.583 9 INFO neutron.api.wsgi [None req-dd6fef7b-3881-40f0-b35e-b63e39bd0f92 eeb06f2e737947319181263885889c97 060fb54941ec4ee78175ce5716b185b4 - - default default] 199.204.45.30,10.0.0.207 "GET /v2.0/security-groups/272d867f-f775-491d-9773-ab782167a8f5?project_id=eed4dfac04f141ca88fe8b718c7e9e03 HTTP/1.1" status: 200 len: 3636 time: 0.0510106
2026-05-09 17:53:37.616 9 INFO neutron.api.wsgi [None req-334aa944-e26f-49a7-bd9d-531cc3a4ed91 eeb06f2e737947319181263885889c97 060fb54941ec4ee78175ce5716b185b4 - - default default] 199.204.45.30,10.0.0.207 "GET /v2.0/security-groups/272d867f-f775-491d-9773-ab782167a8f5 HTTP/1.1" status: 200 len: 3636 time: 0.0223191
2026-05-09 17:53:37.702 9 INFO neutron.api.wsgi [None req-e5b47c6c-0ec1-493f-88ad-0af0b777c3da eeb06f2e737947319181263885889c97 060fb54941ec4ee78175ce5716b185b4 - - default default] 199.204.45.30,10.0.0.207 "GET /v2.0/security-groups/272d867f-f775-491d-9773-ab782167a8f5?project_id=eed4dfac04f141ca88fe8b718c7e9e03 HTTP/1.1" status: 200 len: 3636 time: 0.0263724
2026-05-09 17:53:37.814 9 INFO neutron.db.ovn_revision_numbers_db [None req-7d759b7f-2807-4018-bb79-b49268e7bbed eeb06f2e737947319181263885889c97 060fb54941ec4ee78175ce5716b185b4 - - default default] Successfully bumped revision number for resource be5f0ca3-8a3e-45a1-bde9-ce303716d57c (type: security_group_rules) to 0
2026-05-09 17:53:37.839 9 INFO neutron.api.wsgi [None req-7d759b7f-2807-4018-bb79-b49268e7bbed eeb06f2e737947319181263885889c97 060fb54941ec4ee78175ce5716b185b4 - - default default] 199.204.45.30,10.0.0.207 "POST /v2.0/security-group-rules HTTP/1.1" status: 201 len: 782 time: 0.1290960
2026-05-09 17:53:46.539 10 INFO neutron.api.wsgi [-] 10.0.0.207 "GET / HTTP/1.1" status: 200 len: 247 time: 0.0021715
2026-05-09 17:53:46.541 10 INFO neutron.api.wsgi [-] 10.0.0.207 "GET / HTTP/1.1" status: 200 len: 247 time: 0.0013430
2026-05-09 17:53:53.518 15 INFO neutron.plugins.ml2.drivers.ovn.mech_driver.ovsdb.maintenance [None req-a369fa99-0595-452a-82db-973a54eb32e4 - - - - - -] OVN maintenance task check_for_inconsistencies finished in 0.023 seconds
2026-05-09 17:54:01.540 9 INFO neutron.api.wsgi [-] 10.0.0.207 "GET / HTTP/1.1" status: 200 len: 247 time: 0.0025184
2026-05-09 17:54:01.541 10 INFO neutron.api.wsgi [-] 10.0.0.207 "GET / HTTP/1.1" status: 200 len: 247 time: 0.0029271
2026-05-09 17:54:16.540 9 INFO neutron.api.wsgi [-] 10.0.0.207 "GET / HTTP/1.1" status: 200 len: 247 time: 0.0023520
2026-05-09 17:54:16.540 10 INFO neutron.api.wsgi [-] 10.0.0.207 "GET / HTTP/1.1" status: 200 len: 247 time: 0.0024719
2026-05-09 17:54:31.541 10 INFO neutron.api.wsgi [-] 10.0.0.207 "GET / HTTP/1.1" status: 200 len: 247 time: 0.0029945
2026-05-09 17:54:31.542 9 INFO neutron.api.wsgi [-] 10.0.0.207 "GET / HTTP/1.1" status: 200 len: 247 time: 0.0040326
2026-05-09 17:54:46.539 9 INFO neutron.api.wsgi [-] 10.0.0.207 "GET / HTTP/1.1" status: 200 len: 247 time: 0.0024211
2026-05-09 17:54:46.539 10 INFO neutron.api.wsgi [-] 10.0.0.207 "GET / HTTP/1.1" status: 200 len: 247 time: 0.0023828
2026-05-09 17:55:01.540 9 INFO neutron.api.wsgi [-] 10.0.0.207 "GET / HTTP/1.1" status: 200 len: 247 time: 0.0024846
2026-05-09 17:55:01.543 9 INFO neutron.api.wsgi [-] 10.0.0.207 "GET / HTTP/1.1" status: 200 len: 247 time: 0.0019972
2026-05-09 17:55:16.538 10 INFO neutron.api.wsgi [-] 10.0.0.207 "GET / HTTP/1.1" status: 200 len: 247 time: 0.0015495
2026-05-09 17:55:16.540 10 INFO neutron.api.wsgi [-] 10.0.0.207 "GET / HTTP/1.1" status: 200 len: 247 time: 0.0013232
2026-05-09 17:55:31.539 10 INFO neutron.api.wsgi [-] 10.0.0.207 "GET / HTTP/1.1" status: 200 len: 247 time: 0.0019310
2026-05-09 17:55:31.541 10 INFO neutron.api.wsgi [-] 10.0.0.207 "GET / HTTP/1.1" status: 200 len: 247 time: 0.0012159
2026-05-09 17:55:46.539 9 INFO neutron.api.wsgi [-] 10.0.0.207 "GET / HTTP/1.1" status: 200 len: 247 time: 0.0016069
2026-05-09 17:55:46.539 10 INFO neutron.api.wsgi [-] 10.0.0.207 "GET / HTTP/1.1" status: 200 len: 247 time: 0.0023751 /var/lib/openstack/lib/python3.12/site-packages/pycadf/identifier.py:71: UserWarning: Invalid uuid: neutron. To ensure interoperability, identifiers should be a valid uuid. warnings.warn(('Invalid uuid: %s. To ensure interoperability, '
2026-05-09 17:55:57.469 9 INFO neutron.api.wsgi [None req-310a6005-b238-4be3-8627-639778731e0a a55fbe50fdcc4ae29a8ab5b555352378 eed4dfac04f141ca88fe8b718c7e9e03 - - 0ae8b721ae004486adb9c48fe559be89 0ae8b721ae004486adb9c48fe559be89] 199.204.45.30 "GET /v2.0/networks?tenant_id=eed4dfac04f141ca88fe8b718c7e9e03&shared=False HTTP/1.1" status: 200 len: 213 time: 0.1302407
2026-05-09 17:55:57.554 9 INFO neutron.db.segments_db [None req-bb5a302b-848c-4132-9a8a-65820588ec2a a55fbe50fdcc4ae29a8ab5b555352378 eed4dfac04f141ca88fe8b718c7e9e03 - - 0ae8b721ae004486adb9c48fe559be89 0ae8b721ae004486adb9c48fe559be89] Added segment 35e4b874-9dab-445e-94d5-17a1b243cb58 of type geneve for network 2150dc69-cfef-4833-b43e-35b9fff4bb54
2026-05-09 17:55:57.669 9 INFO neutron.db.ovn_revision_numbers_db [None req-bb5a302b-848c-4132-9a8a-65820588ec2a a55fbe50fdcc4ae29a8ab5b555352378 eed4dfac04f141ca88fe8b718c7e9e03 - - 0ae8b721ae004486adb9c48fe559be89 0ae8b721ae004486adb9c48fe559be89] Successfully bumped revision number for resource 2150dc69-cfef-4833-b43e-35b9fff4bb54 (type: networks) to 1
2026-05-09 17:55:57.812 9 WARNING neutron.scheduler.dhcp_agent_scheduler [None req-bb5a302b-848c-4132-9a8a-65820588ec2a a55fbe50fdcc4ae29a8ab5b555352378 eed4dfac04f141ca88fe8b718c7e9e03 - - 0ae8b721ae004486adb9c48fe559be89 0ae8b721ae004486adb9c48fe559be89] No more DHCP agents
2026-05-09 17:55:57.813 9 WARNING neutron.api.rpc.agentnotifiers.dhcp_rpc_agent_api [None req-bb5a302b-848c-4132-9a8a-65820588ec2a a55fbe50fdcc4ae29a8ab5b555352378 eed4dfac04f141ca88fe8b718c7e9e03 - - 0ae8b721ae004486adb9c48fe559be89 0ae8b721ae004486adb9c48fe559be89] Unable to schedule network 2150dc69-cfef-4833-b43e-35b9fff4bb54: no agents available; will retry on subsequent port and subnet creation events.
2026-05-09 17:55:57.874 9 INFO neutron.db.ovn_revision_numbers_db [None req-bb5a302b-848c-4132-9a8a-65820588ec2a a55fbe50fdcc4ae29a8ab5b555352378 eed4dfac04f141ca88fe8b718c7e9e03 - - 0ae8b721ae004486adb9c48fe559be89 0ae8b721ae004486adb9c48fe559be89] Successfully bumped revision number for resource 478a93b7-ac39-4bb3-95cc-a38132e38943 (type: ports) to 1
2026-05-09 17:55:57.894 9 INFO neutron.api.wsgi [None req-bb5a302b-848c-4132-9a8a-65820588ec2a a55fbe50fdcc4ae29a8ab5b555352378 eed4dfac04f141ca88fe8b718c7e9e03 - - 0ae8b721ae004486adb9c48fe559be89 0ae8b721ae004486adb9c48fe559be89] 199.204.45.30 "POST /v2.0/networks HTTP/1.1" status: 201 len: 925 time: 0.4188876
2026-05-09 17:55:57.930 9 INFO neutron.api.wsgi [None req-4918f3fe-70c6-40c7-9019-4d44e91b45d8 a55fbe50fdcc4ae29a8ab5b555352378 eed4dfac04f141ca88fe8b718c7e9e03 - - 0ae8b721ae004486adb9c48fe559be89 0ae8b721ae004486adb9c48fe559be89] 199.204.45.30 "GET /v2.0/ports?device_id=manila-share&binding%3Ahost_id=instance HTTP/1.1" status: 200 len: 210 time: 0.0312607
2026-05-09 17:55:57.941 9 INFO neutron.api.wsgi [None req-2f59c35c-d743-4564-9914-ce6b5f1702a7 a55fbe50fdcc4ae29a8ab5b555352378 eed4dfac04f141ca88fe8b718c7e9e03 - - 0ae8b721ae004486adb9c48fe559be89 0ae8b721ae004486adb9c48fe559be89] 199.204.45.30 "GET /v2.0/extensions HTTP/1.1" status: 200 len: 19298 time: 0.0068610
2026-05-09 17:55:58.142 9 WARNING neutron.scheduler.dhcp_agent_scheduler [None req-d1bb60a4-40ff-47ac-ab5a-62e91873e918 a55fbe50fdcc4ae29a8ab5b555352378 eed4dfac04f141ca88fe8b718c7e9e03 - - 0ae8b721ae004486adb9c48fe559be89 0ae8b721ae004486adb9c48fe559be89] No more DHCP agents
2026-05-09 17:55:58.143 9 WARNING neutron.api.rpc.agentnotifiers.dhcp_rpc_agent_api [None req-d1bb60a4-40ff-47ac-ab5a-62e91873e918 a55fbe50fdcc4ae29a8ab5b555352378 eed4dfac04f141ca88fe8b718c7e9e03 - - 0ae8b721ae004486adb9c48fe559be89 0ae8b721ae004486adb9c48fe559be89] Unable to schedule network 2150dc69-cfef-4833-b43e-35b9fff4bb54: no agents available; will retry on subsequent port and subnet creation events.
2026-05-09 17:55:58.229 9 INFO neutron.db.ovn_revision_numbers_db [None req-d1bb60a4-40ff-47ac-ab5a-62e91873e918 a55fbe50fdcc4ae29a8ab5b555352378 eed4dfac04f141ca88fe8b718c7e9e03 - - 0ae8b721ae004486adb9c48fe559be89 0ae8b721ae004486adb9c48fe559be89] Successfully bumped revision number for resource fca854d7-3781-4ce3-a03a-00636d9bf9a8 (type: ports) to 1
2026-05-09 17:55:58.415 9 INFO neutron.db.ovn_revision_numbers_db [None req-d1bb60a4-40ff-47ac-ab5a-62e91873e918 a55fbe50fdcc4ae29a8ab5b555352378 eed4dfac04f141ca88fe8b718c7e9e03 - - 0ae8b721ae004486adb9c48fe559be89 0ae8b721ae004486adb9c48fe559be89] Successfully bumped revision number for resource fca854d7-3781-4ce3-a03a-00636d9bf9a8 (type: ports) to 3
2026-05-09 17:55:58.445 9 INFO neutron.api.wsgi [None req-d1bb60a4-40ff-47ac-ab5a-62e91873e918 a55fbe50fdcc4ae29a8ab5b555352378 eed4dfac04f141ca88fe8b718c7e9e03 - - 0ae8b721ae004486adb9c48fe559be89 0ae8b721ae004486adb9c48fe559be89] 199.204.45.30 "POST /v2.0/ports HTTP/1.1" status: 201 len: 1172 time: 0.5006907
2026-05-09 17:55:58.479 9 INFO neutron.api.wsgi [None req-97846f4d-c63b-4fc5-b9d2-0011b5f208da a55fbe50fdcc4ae29a8ab5b555352378 eed4dfac04f141ca88fe8b718c7e9e03 - - 0ae8b721ae004486adb9c48fe559be89 0ae8b721ae004486adb9c48fe559be89] 199.204.45.30 "GET /v2.0/networks/2150dc69-cfef-4833-b43e-35b9fff4bb54 HTTP/1.1" status: 200 len: 907 time: 0.0269475
2026-05-09 17:55:59.170 9 INFO neutron.plugins.ml2.drivers.ovn.mech_driver.mech_driver [None req-11672602-e086-4810-922e-f8ae30f218a0 - - - - - -] OVN reports status up for port: fca854d7-3781-4ce3-a03a-00636d9bf9a8
2026-05-09 17:55:59.187 9 INFO neutron.plugins.ml2.plugin [None req-11672602-e086-4810-922e-f8ae30f218a0 - - - - - -] Attempt 1 to provision port fca854d7-3781-4ce3-a03a-00636d9bf9a8
2026-05-09 17:55:59.342 9 INFO neutron.db.ovn_revision_numbers_db [None req-11672602-e086-4810-922e-f8ae30f218a0 - - - - - -] Successfully bumped revision number for resource fca854d7-3781-4ce3-a03a-00636d9bf9a8 (type: ports) to 4
2026-05-09 17:56:00.612 9 INFO neutron.api.wsgi [None req-c6fe1471-fadc-4abc-bc34-091b994a06f2 a55fbe50fdcc4ae29a8ab5b555352378 eed4dfac04f141ca88fe8b718c7e9e03 - - 0ae8b721ae004486adb9c48fe559be89 0ae8b721ae004486adb9c48fe559be89] 199.204.45.30 "GET /v2.0/ports?device_id=manila-share&binding%3Ahost_id=instance HTTP/1.1" status: 200 len: 1172 time: 0.0388093
2026-05-09 17:56:00.647 9 INFO neutron.api.wsgi [None req-d47c99fe-22c1-4293-8986-fa02397c730f a55fbe50fdcc4ae29a8ab5b555352378 eed4dfac04f141ca88fe8b718c7e9e03 - - 0ae8b721ae004486adb9c48fe559be89 0ae8b721ae004486adb9c48fe559be89] 199.204.45.30 "GET /v2.0/networks/2150dc69-cfef-4833-b43e-35b9fff4bb54 HTTP/1.1" status: 200 len: 907 time: 0.0281148
2026-05-09 17:56:01.540 9 INFO neutron.api.wsgi [-] 10.0.0.207 "GET / HTTP/1.1" status: 200 len: 247 time: 0.0024028
2026-05-09 17:56:01.540 10 INFO neutron.api.wsgi [-] 10.0.0.207 "GET / HTTP/1.1" status: 200 len: 247 time: 0.0024767
2026-05-09 17:56:16.540 9 INFO neutron.api.wsgi [-] 10.0.0.207 "GET / HTTP/1.1" status: 200 len: 247 time: 0.0016751
2026-05-09 17:56:16.540 10 INFO neutron.api.wsgi [-] 10.0.0.207 "GET / HTTP/1.1" status: 200 len: 247 time: 0.0020463
2026-05-09 17:56:25.226 10 INFO neutron.api.wsgi [None req-c648c640-cda5-4094-8cd4-5fd48b30844e eeb06f2e737947319181263885889c97 060fb54941ec4ee78175ce5716b185b4 - - default default] 199.204.45.30,10.0.0.207 "GET /v2.0/quotas/eed4dfac04f141ca88fe8b718c7e9e03 HTTP/1.1" status: 200 len: 467 time: 0.0130110
2026-05-09 17:56:25.841 10 INFO neutron.api.wsgi [None req-490e2c0b-610f-4738-b690-059777b3ec56 eeb06f2e737947319181263885889c97 060fb54941ec4ee78175ce5716b185b4 - - default default] 199.204.45.30,10.0.0.207 "PUT /v2.0/quotas/eed4dfac04f141ca88fe8b718c7e9e03 HTTP/1.1" status: 200 len: 466 time: 0.0928478
2026-05-09 17:56:31.547 9 INFO neutron.api.wsgi [-] 10.0.0.207 "GET / HTTP/1.1" status: 200 len: 247 time: 0.0085485
2026-05-09 17:56:31.553 9 INFO neutron.api.wsgi [-] 10.0.0.207 "GET / HTTP/1.1" status: 200 len: 247 time: 0.0040786
2026-05-09 17:56:46.540 10 INFO neutron.api.wsgi [-] 10.0.0.207 "GET / HTTP/1.1" status: 200 len: 247 time: 0.0023389
2026-05-09 17:56:46.540 9 INFO neutron.api.wsgi [-] 10.0.0.207 "GET / HTTP/1.1" status: 200 len: 247 time: 0.0025432
2026-05-09 17:57:01.539 9 INFO neutron.api.wsgi [-] 10.0.0.207 "GET / HTTP/1.1" status: 200 len: 247 time: 0.0027387
2026-05-09 17:57:01.543 9 INFO neutron.api.wsgi [-] 10.0.0.207 "GET / HTTP/1.1" status: 200 len: 247 time: 0.0029445
2026-05-09 17:57:16.538 9 INFO neutron.api.wsgi [-] 10.0.0.207 "GET / HTTP/1.1" status: 200 len: 247 time: 0.0015514
2026-05-09 17:57:16.540 9 INFO neutron.api.wsgi [-] 10.0.0.207 "GET / HTTP/1.1" status: 200 len: 247 time: 0.0012748
2026-05-09 17:57:23.279 10 INFO neutron.api.wsgi [None req-671a5cf3-f331-4e68-8b20-8aa2f392a852 eeb06f2e737947319181263885889c97 060fb54941ec4ee78175ce5716b185b4 - - default default] 10.0.0.148 "GET /v2.0/security-groups HTTP/1.1" status: 200 len: 17578 time: 0.1387830
2026-05-09 17:57:23.345 10 INFO neutron.api.wsgi [None req-835d10b7-26fb-46f6-9ff0-11f952fb1362 eeb06f2e737947319181263885889c97 060fb54941ec4ee78175ce5716b185b4 - - default default] 10.0.0.148 "GET /v2.0/ports HTTP/1.1" status: 200 len: 5351 time: 0.0600975
2026-05-09 17:57:23.400 10 INFO neutron.api.wsgi [None req-4137c78c-ef60-4947-ba65-731218852918 eeb06f2e737947319181263885889c97 060fb54941ec4ee78175ce5716b185b4 - - default default] 10.0.0.148 "GET /v2.0/agents HTTP/1.1" status: 200 len: 1390 time: 0.0476580
2026-05-09 17:57:23.428 10 INFO neutron.api.wsgi [None req-adc6930a-ae75-4f34-975a-dd91b76089d7 eeb06f2e737947319181263885889c97 060fb54941ec4ee78175ce5716b185b4 - - default default] 10.0.0.148 "GET /v2.0/floatingips HTTP/1.1" status: 200 len: 193 time: 0.0265329
2026-05-09 17:57:23.441 10 INFO neutron.api.wsgi [None req-2142d050-f8d2-418c-b820-b8aa1fc5cb79 eeb06f2e737947319181263885889c97 060fb54941ec4ee78175ce5716b185b4 - - default default] 10.0.0.148 "GET /v2.0/network-ip-availabilities HTTP/1.1" status: 200 len: 1280 time: 0.0120327
2026-05-09 17:57:23.526 10 INFO neutron.api.wsgi [None req-bc96c8c2-06af-464b-ba0d-ec0b4a10050c eeb06f2e737947319181263885889c97 060fb54941ec4ee78175ce5716b185b4 - - default default] 10.0.0.148 "GET /v2.0/networks HTTP/1.1" status: 200 len: 2350 time: 0.0836854
2026-05-09 17:57:23.570 10 INFO neutron.api.wsgi [None req-3ae6849e-029f-4b57-be04-e1f3c6f6fa13 eeb06f2e737947319181263885889c97 060fb54941ec4ee78175ce5716b185b4 - - default default] 10.0.0.148 "GET /v2.0/subnets HTTP/1.1" status: 200 len: 1484 time: 0.0408332
2026-05-09 17:57:23.598 10 INFO neutron.api.wsgi [None req-5edf2d47-e965-4097-827a-390897ad238b eeb06f2e737947319181263885889c97 060fb54941ec4ee78175ce5716b185b4 - - default default] 10.0.0.148 "GET /v2.0/routers HTTP/1.1" status: 200 len: 189 time: 0.0268228
2026-05-09 17:57:23.610 10 INFO neutron.api.wsgi [None req-c0c82304-920d-4374-ba31-dd884523a576 eeb06f2e737947319181263885889c97 060fb54941ec4ee78175ce5716b185b4 - - default default] 10.0.0.148 "GET /v2.0/agents?binary=ovn-controller HTTP/1.1" status: 200 len: 591 time: 0.0102792
2026-05-09 17:57:23.631 10 INFO neutron.api.wsgi [None req-ab866a5c-d63b-407c-b0e5-840e281ae648 eeb06f2e737947319181263885889c97 060fb54941ec4ee78175ce5716b185b4 - - default default] 10.0.0.148 "GET /v2.0/subnets HTTP/1.1" status: 200 len: 1484 time: 0.0208440
2026-05-09 17:57:23.638 10 INFO neutron.api.wsgi [None req-328316f5-0d08-49e0-8632-2ea51b958118 eeb06f2e737947319181263885889c97 060fb54941ec4ee78175ce5716b185b4 - - default default] 10.0.0.148 "GET /v2.0/subnetpools HTTP/1.1" status: 200 len: 193 time: 0.0061805
2026-05-09 17:57:31.539 9 INFO neutron.api.wsgi [-] 10.0.0.207 "GET / HTTP/1.1" status: 200 len: 247 time: 0.0011835
2026-05-09 17:57:31.540 9 INFO neutron.api.wsgi [-] 10.0.0.207 "GET / HTTP/1.1" status: 200 len: 247 time: 0.0008800
2026-05-09 17:57:46.540 10 INFO neutron.api.wsgi [-] 10.0.0.207 "GET / HTTP/1.1" status: 200 len: 247 time: 0.0024993
2026-05-09 17:57:46.541 9 INFO neutron.api.wsgi [-] 10.0.0.207 "GET / HTTP/1.1" status: 200 len: 247 time: 0.0038893
2026-05-09 17:58:01.540 9 INFO neutron.api.wsgi [-] 10.0.0.207 "GET / HTTP/1.1" status: 200 len: 247 time: 0.0025246
2026-05-09 17:58:01.541 10 INFO neutron.api.wsgi [-] 10.0.0.207 "GET / HTTP/1.1" status: 200 len: 247 time: 0.0040011
2026-05-09 17:58:16.538 10 INFO neutron.api.wsgi [-] 10.0.0.207 "GET / HTTP/1.1" status: 200 len: 247 time: 0.0016520
2026-05-09 17:58:16.540 10 INFO neutron.api.wsgi [-] 10.0.0.207 "GET / HTTP/1.1" status: 200 len: 247 time: 0.0013218
2026-05-09 17:58:23.209 10 INFO neutron.api.wsgi [None req-d54c8fe4-8a4a-4400-94a2-ee9ebbf36fbc eeb06f2e737947319181263885889c97 060fb54941ec4ee78175ce5716b185b4 - - default default] 10.0.0.148 "GET /v2.0/networks HTTP/1.1" status: 200 len: 2350 time: 0.0838463
2026-05-09 17:58:23.234 10 INFO neutron.api.wsgi [None req-163c9a4a-c981-413a-856a-31f5d3c4be59 eeb06f2e737947319181263885889c97 060fb54941ec4ee78175ce5716b185b4 - - default default] 10.0.0.148 "GET /v2.0/subnets HTTP/1.1" status: 200 len: 1484 time: 0.0235972
2026-05-09 17:58:23.247 10 INFO neutron.api.wsgi [None req-af4512bf-6546-4f37-a44c-d48c225ba9ff eeb06f2e737947319181263885889c97 060fb54941ec4ee78175ce5716b185b4 - - default default] 10.0.0.148 "GET /v2.0/routers HTTP/1.1" status: 200 len: 189 time: 0.0108037
2026-05-09 17:58:23.273 10 INFO neutron.api.wsgi [None req-24100ef3-dfc7-4e06-8674-e936a746f27b eeb06f2e737947319181263885889c97 060fb54941ec4ee78175ce5716b185b4 - - default default] 10.0.0.148 "GET /v2.0/agents?binary=ovn-controller HTTP/1.1" status: 200 len: 591 time: 0.0256183
2026-05-09 17:58:23.282 10 INFO neutron.api.wsgi [None req-e3a0e35a-3db1-47d2-b78c-b6e728a15587 eeb06f2e737947319181263885889c97 060fb54941ec4ee78175ce5716b185b4 - - default default] 10.0.0.148 "GET /v2.0/agents HTTP/1.1" status: 200 len: 1390 time: 0.0078926
2026-05-09 17:58:23.293 10 INFO neutron.api.wsgi [None req-1a71186b-5ac7-483b-ae41-15700aa1189e eeb06f2e737947319181263885889c97 060fb54941ec4ee78175ce5716b185b4 - - default default] 10.0.0.148 "GET /v2.0/network-ip-availabilities HTTP/1.1" status: 200 len: 1280 time: 0.0097108
2026-05-09 17:58:23.339 10 INFO neutron.api.wsgi [None req-0fa82ec5-6a47-4941-8bca-a057641fa9fa eeb06f2e737947319181263885889c97 060fb54941ec4ee78175ce5716b185b4 - - default default] 10.0.0.148 "GET /v2.0/ports HTTP/1.1" status: 200 len: 5351 time: 0.0458410
2026-05-09 17:58:23.361 10 INFO neutron.api.wsgi [None req-756a4c30-71eb-4f6f-94ee-8cbde770258e eeb06f2e737947319181263885889c97 060fb54941ec4ee78175ce5716b185b4 - - default default] 10.0.0.148 "GET /v2.0/floatingips HTTP/1.1" status: 200 len: 193 time: 0.0142114
2026-05-09 17:58:23.401 10 INFO neutron.api.wsgi [None req-78ed6a5b-25b8-4821-9223-54fdf569d06d eeb06f2e737947319181263885889c97 060fb54941ec4ee78175ce5716b185b4 - - default default] 10.0.0.148 "GET /v2.0/security-groups HTTP/1.1" status: 200 len: 17578 time: 0.0367572
2026-05-09 17:58:23.435 10 INFO neutron.api.wsgi [None req-26f3a820-5dd8-4b1f-8b67-65e7b11f8d5f eeb06f2e737947319181263885889c97 060fb54941ec4ee78175ce5716b185b4 - - default default] 10.0.0.148 "GET /v2.0/subnets HTTP/1.1" status: 200 len: 1484 time: 0.0252497
2026-05-09 17:58:23.442 10 INFO neutron.api.wsgi [None req-f95eab66-5a10-40ed-add2-00d8017dfba8 eeb06f2e737947319181263885889c97 060fb54941ec4ee78175ce5716b185b4 - - default default] 10.0.0.148 "GET /v2.0/subnetpools HTTP/1.1" status: 200 len: 193 time: 0.0060940
2026-05-09 17:58:31.540 9 INFO neutron.api.wsgi [-] 10.0.0.207 "GET / HTTP/1.1" status: 200 len: 247 time: 0.0023115
2026-05-09 17:58:31.540 10 INFO neutron.api.wsgi [-] 10.0.0.207 "GET / HTTP/1.1" status: 200 len: 247 time: 0.0027883
2026-05-09 17:58:46.541 9 INFO neutron.api.wsgi [-] 10.0.0.207 "GET / HTTP/1.1" status: 200 len: 247 time: 0.0035355
2026-05-09 17:58:46.541 10 INFO neutron.api.wsgi [-] 10.0.0.207 "GET / HTTP/1.1" status: 200 len: 247 time: 0.0031331
2026-05-09 17:58:53.579 15 INFO neutron.db.ovn_revision_numbers_db [None req-a369fa99-0595-452a-82db-973a54eb32e4 - - - - - -] Successfully bumped revision number for resource 272d867f-f775-491d-9773-ab782167a8f5 (type: security_groups) to 5
2026-05-09 17:58:53.579 15 INFO neutron.plugins.ml2.drivers.ovn.mech_driver.ovsdb.maintenance [None req-a369fa99-0595-452a-82db-973a54eb32e4 - - - - - -] OVN maintenance task check_for_inconsistencies finished in 0.064 seconds
2026-05-09 17:59:01.541 9 INFO neutron.api.wsgi [-] 10.0.0.207 "GET / HTTP/1.1" status: 200 len: 247 time: 0.0037160
2026-05-09 17:59:01.547 10 INFO neutron.api.wsgi [-] 10.0.0.207 "GET / HTTP/1.1" status: 200 len: 247 time: 0.0057371
2026-05-09 17:59:16.540 10 INFO neutron.api.wsgi [-] 10.0.0.207 "GET / HTTP/1.1" status: 200 len: 247 time: 0.0024381
2026-05-09 17:59:16.542 10 INFO neutron.api.wsgi [-] 10.0.0.207 "GET / HTTP/1.1" status: 200 len: 247 time: 0.0012996
2026-05-09 17:59:23.230 10 INFO neutron.api.wsgi [None req-1be27768-9959-471e-a29f-9bbf8a87d1e1 eeb06f2e737947319181263885889c97 060fb54941ec4ee78175ce5716b185b4 - - default default] 10.0.0.148 "GET /v2.0/ports HTTP/1.1" status: 200 len: 5351 time: 0.0785811
2026-05-09 17:59:23.249 10 INFO neutron.api.wsgi [None req-66322415-ad57-49df-94b2-fc46da6bc3f8 eeb06f2e737947319181263885889c97 060fb54941ec4ee78175ce5716b185b4 - - default default] 10.0.0.148 "GET /v2.0/routers HTTP/1.1" status: 200 len: 189 time: 0.0135703
2026-05-09 17:59:23.275 10 INFO neutron.api.wsgi [None req-2953b4e4-ae4f-4d6b-8f4b-25f9f60fd33f eeb06f2e737947319181263885889c97 060fb54941ec4ee78175ce5716b185b4 - - default default] 10.0.0.148 "GET /v2.0/agents?binary=ovn-controller HTTP/1.1" status: 200 len: 591 time: 0.0255015
2026-05-09 17:59:23.323 10 INFO neutron.api.wsgi [None req-80ff0848-2fd5-40d8-a07f-813247b529d8 eeb06f2e737947319181263885889c97 060fb54941ec4ee78175ce5716b185b4 - - default default] 10.0.0.148 "GET /v2.0/networks HTTP/1.1" status: 200 len: 2350 time: 0.0471988
2026-05-09 17:59:23.337 10 INFO neutron.api.wsgi [None req-91a95823-4cf0-4ae8-95b6-c8494b10ba03 eeb06f2e737947319181263885889c97 060fb54941ec4ee78175ce5716b185b4 - - default default] 10.0.0.148 "GET /v2.0/network-ip-availabilities HTTP/1.1" status: 200 len: 1280 time: 0.0122809
2026-05-09 17:59:23.381 10 INFO neutron.api.wsgi [None req-5c5bde4f-b3a9-4a65-bdba-210b5b592967 eeb06f2e737947319181263885889c97 060fb54941ec4ee78175ce5716b185b4 - - default default] 10.0.0.148 "GET /v2.0/security-groups HTTP/1.1" status: 200 len: 17578 time: 0.0419137
2026-05-09 17:59:23.416 10 INFO neutron.api.wsgi [None req-503353f8-719e-4f27-89f8-c1cd61357651 eeb06f2e737947319181263885889c97 060fb54941ec4ee78175ce5716b185b4 - - default default] 10.0.0.148 "GET /v2.0/subnets HTTP/1.1" status: 200 len: 1484 time: 0.0277727
2026-05-09 17:59:23.430 10 INFO neutron.api.wsgi [None req-a9d3d14d-6ec1-4ebd-97d4-cc228ac1feba eeb06f2e737947319181263885889c97 060fb54941ec4ee78175ce5716b185b4 - - default default] 10.0.0.148 "GET /v2.0/floatingips HTTP/1.1" status: 200 len: 193 time: 0.0125914
2026-05-09 17:59:23.439 10 INFO neutron.api.wsgi [None req-d2c3a5b0-9933-43a5-bf2b-e47947d185bf eeb06f2e737947319181263885889c97 060fb54941ec4ee78175ce5716b185b4 - - default default] 10.0.0.148 "GET /v2.0/agents HTTP/1.1" status: 200 len: 1390 time: 0.0084908
2026-05-09 17:59:23.464 10 INFO neutron.api.wsgi [None req-c0b0f9fa-8c24-4e87-ae85-be2736a833dc eeb06f2e737947319181263885889c97 060fb54941ec4ee78175ce5716b185b4 - - default default] 10.0.0.148 "GET /v2.0/subnets HTTP/1.1" status: 200 len: 1484 time: 0.0238616
2026-05-09 17:59:23.472 10 INFO neutron.api.wsgi [None req-83395a12-c9c6-454e-a952-35c6ba6cd880 eeb06f2e737947319181263885889c97 060fb54941ec4ee78175ce5716b185b4 - - default default] 10.0.0.148 "GET /v2.0/subnetpools HTTP/1.1" status: 200 len: 193 time: 0.0059762
2026-05-09 17:59:31.540 10 INFO neutron.api.wsgi [-] 10.0.0.207 "GET / HTTP/1.1" status: 200 len: 247 time: 0.0024490
2026-05-09 17:59:31.540 9 INFO neutron.api.wsgi [-] 10.0.0.207 "GET / HTTP/1.1" status: 200 len: 247 time: 0.0026090
2026-05-09 17:59:46.539 10 INFO neutron.api.wsgi [-] 10.0.0.207 "GET / HTTP/1.1" status: 200 len: 247 time: 0.0016940
2026-05-09 17:59:46.539 9 INFO neutron.api.wsgi [-] 10.0.0.207 "GET / HTTP/1.1" status: 200 len: 247 time: 0.0017710
2026-05-09 18:00:01.539 10 INFO neutron.api.wsgi [-] 10.0.0.207 "GET / HTTP/1.1" status: 200 len: 247 time: 0.0021505
2026-05-09 18:00:01.540 9 INFO neutron.api.wsgi [-] 10.0.0.207 "GET / HTTP/1.1" status: 200 len: 247 time: 0.0027268
2026-05-09 18:00:16.540 10 INFO neutron.api.wsgi [-] 10.0.0.207 "GET / HTTP/1.1" status: 200 len: 247 time: 0.0027022
2026-05-09 18:00:16.540 9 INFO neutron.api.wsgi [-] 10.0.0.207 "GET / HTTP/1.1" status: 200 len: 247 time: 0.0030994
2026-05-09 18:00:23.225 10 INFO neutron.api.wsgi [None req-bf08b942-4b9b-4154-84ba-dc1beaf60e74 eeb06f2e737947319181263885889c97 060fb54941ec4ee78175ce5716b185b4 - - default default] 10.0.0.148 "GET /v2.0/networks HTTP/1.1" status: 200 len: 2350 time: 0.0812986
2026-05-09 18:00:23.250 10 INFO neutron.api.wsgi [None req-1609ea91-40a9-458b-9c30-dd2ccbac4f71 eeb06f2e737947319181263885889c97 060fb54941ec4ee78175ce5716b185b4 - - default default] 10.0.0.148 "GET /v2.0/subnets HTTP/1.1" status: 200 len: 1484 time: 0.0236759
2026-05-09 18:00:23.325 10 INFO neutron.api.wsgi [None req-aab19f59-62f8-4ca9-8ae0-c59560f42717 eeb06f2e737947319181263885889c97 060fb54941ec4ee78175ce5716b185b4 - - default default] 10.0.0.148 "GET /v2.0/agents HTTP/1.1" status: 200 len: 1390 time: 0.0719383
2026-05-09 18:00:23.346 10 INFO neutron.api.wsgi [None req-373c1fa4-40e0-4946-9fcc-10286bdbe8cd eeb06f2e737947319181263885889c97 060fb54941ec4ee78175ce5716b185b4 - - default default] 10.0.0.148 "GET /v2.0/routers HTTP/1.1" status: 200 len: 189 time: 0.0190670
2026-05-09 18:00:23.360 10 INFO neutron.api.wsgi [None req-cf1a6e56-3d19-402c-bc4b-f6e10b1c9956 eeb06f2e737947319181263885889c97 060fb54941ec4ee78175ce5716b185b4 - - default default] 10.0.0.148 "GET /v2.0/agents?binary=ovn-controller HTTP/1.1" status: 200 len: 591 time: 0.0134242
2026-05-09 18:00:23.403 10 INFO neutron.api.wsgi [None req-27d19c51-d9d7-40dd-801b-ee68d78615ac eeb06f2e737947319181263885889c97 060fb54941ec4ee78175ce5716b185b4 - - default default] 10.0.0.148 "GET /v2.0/subnets HTTP/1.1" status: 200 len: 1484 time: 0.0419590
2026-05-09 18:00:23.410 10 INFO neutron.api.wsgi [None req-68101b43-6da2-4b2a-9362-e9bc7bd35a4e eeb06f2e737947319181263885889c97 060fb54941ec4ee78175ce5716b185b4 - - default default] 10.0.0.148 "GET /v2.0/subnetpools HTTP/1.1" status: 200 len: 193 time: 0.0066886
2026-05-09 18:00:23.421 10 INFO neutron.api.wsgi [None req-0edb4023-b5c1-4b26-bcbf-ca8f93dc3357 eeb06f2e737947319181263885889c97 060fb54941ec4ee78175ce5716b185b4 - - default default] 10.0.0.148 "GET /v2.0/floatingips HTTP/1.1" status: 200 len: 193 time: 0.0105057
2026-05-09 18:00:23.455 10 INFO neutron.api.wsgi [None req-7de42951-dd47-47cd-a3ea-8d6928c35c09 eeb06f2e737947319181263885889c97 060fb54941ec4ee78175ce5716b185b4 - - default default] 10.0.0.148 "GET /v2.0/security-groups HTTP/1.1" status: 200 len: 17578 time: 0.0325346
2026-05-09 18:00:23.499 10 INFO neutron.api.wsgi [None req-8d00fe1f-fbce-4f37-b67f-e39431018baa eeb06f2e737947319181263885889c97 060fb54941ec4ee78175ce5716b185b4 - - default default] 10.0.0.148 "GET /v2.0/ports HTTP/1.1" status: 200 len: 5351 time: 0.0379052
2026-05-09 18:00:23.513 10 INFO neutron.api.wsgi [None req-8e7702e6-291e-4f4a-b583-569686f5ceaf eeb06f2e737947319181263885889c97 060fb54941ec4ee78175ce5716b185b4 - - default default] 10.0.0.148 "GET /v2.0/network-ip-availabilities HTTP/1.1" status: 200 len: 1280 time: 0.0102277
2026-05-09 18:00:31.539 9 INFO neutron.api.wsgi [-] 10.0.0.207 "GET / HTTP/1.1" status: 200 len: 247 time: 0.0023456
2026-05-09 18:00:31.539 10 INFO neutron.api.wsgi [-] 10.0.0.207 "GET / HTTP/1.1" status: 200 len: 247 time: 0.0023396
2026-05-09 18:00:46.539 10 INFO neutron.api.wsgi [-] 10.0.0.207 "GET / HTTP/1.1" status: 200 len: 247 time: 0.0017779
2026-05-09 18:00:46.540 9 INFO neutron.api.wsgi [-] 10.0.0.207 "GET / HTTP/1.1" status: 200 len: 247 time: 0.0026481
2026-05-09 18:01:01.542 10 INFO neutron.api.wsgi [-] 10.0.0.207 "GET / HTTP/1.1" status: 200 len: 247 time: 0.0036788
2026-05-09 18:01:01.542 9 INFO neutron.api.wsgi [-] 10.0.0.207 "GET / HTTP/1.1" status: 200 len: 247 time: 0.0036542
2026-05-09 18:01:16.540 10 INFO neutron.api.wsgi [-] 10.0.0.207 "GET / HTTP/1.1" status: 200 len: 247 time: 0.0023401
2026-05-09 18:01:16.540 9 INFO neutron.api.wsgi [-] 10.0.0.207 "GET / HTTP/1.1" status: 200 len: 247 time: 0.0025308
2026-05-09 18:01:23.168 10 INFO neutron.api.wsgi [None req-a9b6225f-1a0d-48d7-924d-d90672f0f836 eeb06f2e737947319181263885889c97 060fb54941ec4ee78175ce5716b185b4 - - default default] 10.0.0.148 "GET /v2.0/network-ip-availabilities HTTP/1.1" status: 200 len: 1280 time: 0.0458107
2026-05-09 18:01:23.203 10 INFO neutron.api.wsgi [None req-bf1106f2-cfd4-40bd-9790-8228c6f67ea5 eeb06f2e737947319181263885889c97 060fb54941ec4ee78175ce5716b185b4 - - default default] 10.0.0.148 "GET /v2.0/subnets HTTP/1.1" status: 200 len: 1484 time: 0.0342319
2026-05-09 18:01:23.214 10 INFO neutron.api.wsgi [None req-becfdcc9-3075-46e2-b43c-fa0ab3c7170e eeb06f2e737947319181263885889c97 060fb54941ec4ee78175ce5716b185b4 - - default default] 10.0.0.148 "GET /v2.0/subnetpools HTTP/1.1" status: 200 len: 193 time: 0.0094788
2026-05-09 18:01:23.235 10 INFO neutron.api.wsgi [None req-147a3d69-232e-4c5a-a4fc-203c7a079ec9 eeb06f2e737947319181263885889c97 060fb54941ec4ee78175ce5716b185b4 - - default default] 10.0.0.148 "GET /v2.0/floatingips HTTP/1.1" status: 200 len: 193 time: 0.0197036
2026-05-09 18:01:23.250 10 INFO neutron.api.wsgi [None req-2bb489b8-4b92-43ff-ba05-bad8599ebfa1 eeb06f2e737947319181263885889c97 060fb54941ec4ee78175ce5716b185b4 - - default default] 10.0.0.148 "GET /v2.0/routers HTTP/1.1" status: 200 len: 189 time: 0.0128951
2026-05-09 18:01:23.278 10 INFO neutron.api.wsgi [None req-61ab9c6f-a313-487a-acbc-de86c7f56f93 eeb06f2e737947319181263885889c97 060fb54941ec4ee78175ce5716b185b4 - - default default] 10.0.0.148 "GET /v2.0/agents?binary=ovn-controller HTTP/1.1" status: 200 len: 591 time: 0.0278223
2026-05-09 18:01:23.306 10 INFO neutron.api.wsgi [None req-cbbefe44-d40f-4305-8a38-c011b9a7faef eeb06f2e737947319181263885889c97 060fb54941ec4ee78175ce5716b185b4 - - default default] 10.0.0.148 "GET /v2.0/subnets HTTP/1.1" status: 200 len: 1484 time: 0.0265355
