2026-05-09 18:14:44.381 10 INFO neutron.db.ovn_revision_numbers_db [None req-326a6e38-28a8-416b-ab99-467eff172bf1 f8580ef02d6b49188a4ddde1d2b955b1 b4cda927e73f485591f7f50733a5109d - - default default] Successfully bumped revision number for resource b771b42d-9fd6-4c6d-bd3d-7844ac4876ed (type: security_group_rules) to 0
2026-05-09 18:14:44.386 10 INFO neutron.api.v2.resource [None req-30a70cf1-001c-4d2a-aefe-bb0a3733e0bd 18d81747c9e544f7a87e69a0f65a3f28 385eb8272ad44b069643d52dc332d325 - - default default] delete failed (client error): The resource could not be found.
2026-05-09 18:14:44.387 10 INFO neutron.api.wsgi [None req-30a70cf1-001c-4d2a-aefe-bb0a3733e0bd 18d81747c9e544f7a87e69a0f65a3f28 385eb8272ad44b069643d52dc332d325 - - default default] 10.0.0.13 "DELETE /v2.0/subnetpools/0cc213b7-2673-4c60-ad4f-212caf2a378e HTTP/1.1" status: 404 len: 346 time: 0.0113208
2026-05-09 18:14:44.446 10 INFO neutron.db.segments_db [None req-326a6e38-28a8-416b-ab99-467eff172bf1 f8580ef02d6b49188a4ddde1d2b955b1 b4cda927e73f485591f7f50733a5109d - - default default] Added segment f6887224-dc2c-4fb6-9a1c-5d7b93602833 of type geneve for network 7bdfc6ee-4158-4db9-8361-11af42d8e3f7
2026-05-09 18:14:44.555 10 INFO neutron.db.ovn_revision_numbers_db [None req-326a6e38-28a8-416b-ab99-467eff172bf1 f8580ef02d6b49188a4ddde1d2b955b1 b4cda927e73f485591f7f50733a5109d - - default default] Successfully bumped revision number for resource 7bdfc6ee-4158-4db9-8361-11af42d8e3f7 (type: networks) to 1
2026-05-09 18:14:44.709 10 WARNING neutron.scheduler.dhcp_agent_scheduler [None req-326a6e38-28a8-416b-ab99-467eff172bf1 f8580ef02d6b49188a4ddde1d2b955b1 b4cda927e73f485591f7f50733a5109d - - default default] No more DHCP agents
2026-05-09 18:14:44.710 10 WARNING neutron.api.rpc.agentnotifiers.dhcp_rpc_agent_api [None req-326a6e38-28a8-416b-ab99-467eff172bf1 f8580ef02d6b49188a4ddde1d2b955b1 b4cda927e73f485591f7f50733a5109d - - default default] Unable to schedule network 7bdfc6ee-4158-4db9-8361-11af42d8e3f7: no agents available; will retry on subsequent port and subnet creation events.
2026-05-09 18:14:44.776 10 INFO neutron.db.ovn_revision_numbers_db [None req-326a6e38-28a8-416b-ab99-467eff172bf1 f8580ef02d6b49188a4ddde1d2b955b1 b4cda927e73f485591f7f50733a5109d - - default default] Successfully bumped revision number for resource 719273d2-f4ce-44bd-a67f-90d47c3ed891 (type: ports) to 1
2026-05-09 18:14:44.797 10 INFO neutron.api.wsgi [None req-326a6e38-28a8-416b-ab99-467eff172bf1 f8580ef02d6b49188a4ddde1d2b955b1 b4cda927e73f485591f7f50733a5109d - - default default] 10.0.0.13 "POST /v2.0/networks HTTP/1.1" status: 201 len: 831 time: 0.6524036
2026-05-09 18:14:44.844 10 INFO neutron.api.wsgi [None req-4884a3a5-5576-4417-a6f2-ffeb03bd903f f8580ef02d6b49188a4ddde1d2b955b1 b4cda927e73f485591f7f50733a5109d - - default default] 10.0.0.13 "PUT /v2.0/networks/7bdfc6ee-4158-4db9-8361-11af42d8e3f7/tags HTTP/1.1" status: 200 len: 218 time: 0.0430882
2026-05-09 18:14:44.879 10 INFO neutron.api.wsgi [None req-22a6fe3f-1ae8-4b11-9cdc-61e37857bb21 f8580ef02d6b49188a4ddde1d2b955b1 b4cda927e73f485591f7f50733a5109d - - default default] 10.0.0.13 "GET /v2.0/networks/7bdfc6ee-4158-4db9-8361-11af42d8e3f7/tags HTTP/1.1" status: 200 len: 218 time: 0.0293360
2026-05-09 18:14:44.920 10 INFO neutron.api.wsgi [None req-ef89f9a7-3ba1-46cd-9925-cbc3d8c15403 f8580ef02d6b49188a4ddde1d2b955b1 b4cda927e73f485591f7f50733a5109d - - default default] 10.0.0.13 "PUT /v2.0/networks/7bdfc6ee-4158-4db9-8361-11af42d8e3f7/tags/green HTTP/1.1" status: 201 len: 201 time: 0.0381126
2026-05-09 18:14:44.951 10 INFO neutron.api.wsgi [None req-53dfc47e-e06f-46a8-b30f-e32183814680 f8580ef02d6b49188a4ddde1d2b955b1 b4cda927e73f485591f7f50733a5109d - - default default] 10.0.0.13 "GET /v2.0/networks/7bdfc6ee-4158-4db9-8361-11af42d8e3f7/tags HTTP/1.1" status: 200 len: 227 time: 0.0256774
2026-05-09 18:14:44.983 10 INFO neutron.api.wsgi [None req-40d304df-3ba4-4fec-8efe-63699679861a f8580ef02d6b49188a4ddde1d2b955b1 b4cda927e73f485591f7f50733a5109d - - default default] 10.0.0.13 "PUT /v2.0/networks/7bdfc6ee-4158-4db9-8361-11af42d8e3f7/tags/red HTTP/1.1" status: 201 len: 201 time: 0.0294132
2026-05-09 18:14:45.002 10 WARNING neutron.plugins.ml2.drivers.ovn.mech_driver.ovsdb.ovn_client [None req-c0c0fd0a-3a8c-4e9e-90c3-2f9c2efcccec - - - - - -] No port found with ID f2049d58-93d9-4172-ae2f-cde34c8a7731: RuntimeError: No port found with ID f2049d58-93d9-4172-ae2f-cde34c8a7731
2026-05-09 18:14:45.018 9 INFO neutron.api.wsgi [None req-c7151960-7558-4d80-84e8-402ec675439b f8580ef02d6b49188a4ddde1d2b955b1 b4cda927e73f485591f7f50733a5109d - - default default] 10.0.0.13 "GET /v2.0/networks/7bdfc6ee-4158-4db9-8361-11af42d8e3f7/tags HTTP/1.1" status: 200 len: 227 time: 0.0287249
2026-05-09 18:14:45.058 9 INFO neutron.api.wsgi [None req-69875a3d-2f9f-45e2-a539-e9ccfebb1a39 f8580ef02d6b49188a4ddde1d2b955b1 b4cda927e73f485591f7f50733a5109d - - default default] 10.0.0.13 "PUT /v2.0/networks/7bdfc6ee-4158-4db9-8361-11af42d8e3f7/tags/black.or.white HTTP/1.1" status: 201 len: 201 time: 0.0359881
2026-05-09 18:14:45.089 9 INFO neutron.api.wsgi [None req-876b1df8-e68c-4065-8a95-0196f22c02f0 f8580ef02d6b49188a4ddde1d2b955b1 b4cda927e73f485591f7f50733a5109d - - default default] 10.0.0.13 "GET /v2.0/networks/7bdfc6ee-4158-4db9-8361-11af42d8e3f7/tags HTTP/1.1" status: 200 len: 245 time: 0.0264025
2026-05-09 18:14:45.101 10 INFO neutron.db.ovn_revision_numbers_db [None req-cd6ba491-db0a-41b5-9815-40b67cb87fab eeb06f2e737947319181263885889c97 060fb54941ec4ee78175ce5716b185b4 - - default default] Successfully bumped revision number for resource 41788106-7a0b-438a-bae7-ba9b90bdddf9 (type: security_groups) to 1
2026-05-09 18:14:45.115 10 INFO neutron.db.ovn_revision_numbers_db [None req-cd6ba491-db0a-41b5-9815-40b67cb87fab eeb06f2e737947319181263885889c97 060fb54941ec4ee78175ce5716b185b4 - - default default] Successfully bumped revision number for resource 0ce67683-7983-40d8-94a8-0bae67e0d90d (type: security_group_rules) to 0
2026-05-09 18:14:45.127 10 INFO neutron.db.ovn_revision_numbers_db [None req-cd6ba491-db0a-41b5-9815-40b67cb87fab eeb06f2e737947319181263885889c97 060fb54941ec4ee78175ce5716b185b4 - - default default] Successfully bumped revision number for resource 22402388-cfac-4328-ac4a-c8b1c47632dd (type: security_group_rules) to 0
2026-05-09 18:14:45.131 9 INFO neutron.api.wsgi [None req-593030b7-2155-4397-97db-fec3d179525a f8580ef02d6b49188a4ddde1d2b955b1 b4cda927e73f485591f7f50733a5109d - - default default] 10.0.0.13 "PUT /v2.0/networks/7bdfc6ee-4158-4db9-8361-11af42d8e3f7/tags HTTP/1.1" status: 200 len: 230 time: 0.0389373
2026-05-09 18:14:45.143 10 INFO neutron.db.ovn_revision_numbers_db [None req-cd6ba491-db0a-41b5-9815-40b67cb87fab eeb06f2e737947319181263885889c97 060fb54941ec4ee78175ce5716b185b4 - - default default] Successfully bumped revision number for resource 4b770f58-5da6-4329-8fad-abada46e8b34 (type: security_group_rules) to 0
2026-05-09 18:14:45.159 10 INFO neutron.db.ovn_revision_numbers_db [None req-cd6ba491-db0a-41b5-9815-40b67cb87fab eeb06f2e737947319181263885889c97 060fb54941ec4ee78175ce5716b185b4 - - default default] Successfully bumped revision number for resource b5e77f46-7f3b-4840-b958-067c0349ce50 (type: security_group_rules) to 0
2026-05-09 18:14:45.167 10 INFO neutron.api.wsgi [None req-a1c2affb-07a4-403c-b801-2555a259c669 f8580ef02d6b49188a4ddde1d2b955b1 b4cda927e73f485591f7f50733a5109d - - default default] 10.0.0.13 "GET /v2.0/networks/7bdfc6ee-4158-4db9-8361-11af42d8e3f7/tags HTTP/1.1" status: 200 len: 230 time: 0.0291371
2026-05-09 18:14:45.202 10 INFO neutron.api.wsgi [None req-cd6ba491-db0a-41b5-9815-40b67cb87fab eeb06f2e737947319181263885889c97 060fb54941ec4ee78175ce5716b185b4 - - default default] 10.0.0.13 "GET /v2.0/security-groups?tenant_id=385eb8272ad44b069643d52dc332d325&name=default HTTP/1.1" status: 200 len: 3120 time: 0.4103048
2026-05-09 18:14:45.204 10 INFO neutron.api.wsgi [None req-6c24e4d1-9c31-4277-ab7b-5ec729248a92 f8580ef02d6b49188a4ddde1d2b955b1 b4cda927e73f485591f7f50733a5109d - - default default] 10.0.0.13 "GET /v2.0/networks/7bdfc6ee-4158-4db9-8361-11af42d8e3f7/tags/red HTTP/1.1" status: 204 len: 168 time: 0.0321333
2026-05-09 18:14:45.237 9 INFO neutron.api.v2.resource [None req-96768c86-8b4e-4623-b819-3901bd449d13 f8580ef02d6b49188a4ddde1d2b955b1 b4cda927e73f485591f7f50733a5109d - - default default] show failed (client error): The resource could not be found.
2026-05-09 18:14:45.238 9 INFO neutron.api.wsgi [None req-96768c86-8b4e-4623-b819-3901bd449d13 f8580ef02d6b49188a4ddde1d2b955b1 b4cda927e73f485591f7f50733a5109d - - default default] 10.0.0.13 "GET /v2.0/networks/7bdfc6ee-4158-4db9-8361-11af42d8e3f7/tags/green HTTP/1.1" status: 404 len: 299 time: 0.0290837
2026-05-09 18:14:45.278 9 INFO neutron.api.wsgi [None req-faae522e-c4c0-44ab-929e-5bf4a38159a4 f8580ef02d6b49188a4ddde1d2b955b1 b4cda927e73f485591f7f50733a5109d - - default default] 10.0.0.13 "DELETE /v2.0/networks/7bdfc6ee-4158-4db9-8361-11af42d8e3f7/tags/red HTTP/1.1" status: 204 len: 168 time: 0.0359881
2026-05-09 18:14:45.313 10 INFO neutron.api.wsgi [None req-6dd4fda4-6f8d-43ba-bb7e-cdd607da7f77 f8580ef02d6b49188a4ddde1d2b955b1 b4cda927e73f485591f7f50733a5109d - - default default] 10.0.0.13 "GET /v2.0/networks/7bdfc6ee-4158-4db9-8361-11af42d8e3f7/tags HTTP/1.1" status: 200 len: 223 time: 0.0305731
2026-05-09 18:14:45.350 10 INFO neutron.api.v2.resource [None req-4b7811de-f24b-42e0-b556-a3c71fc6ed42 f8580ef02d6b49188a4ddde1d2b955b1 b4cda927e73f485591f7f50733a5109d - - default default] delete failed (client error): The resource could not be found.
2026-05-09 18:14:45.351 10 INFO neutron.api.wsgi [None req-4b7811de-f24b-42e0-b556-a3c71fc6ed42 f8580ef02d6b49188a4ddde1d2b955b1 b4cda927e73f485591f7f50733a5109d - - default default] 10.0.0.13 "DELETE /v2.0/networks/7bdfc6ee-4158-4db9-8361-11af42d8e3f7/tags/green HTTP/1.1" status: 404 len: 299 time: 0.0337887
2026-05-09 18:14:45.391 9 INFO neutron.api.wsgi [None req-42440de8-63ab-4b7d-9368-07630cb2d71a f8580ef02d6b49188a4ddde1d2b955b1 b4cda927e73f485591f7f50733a5109d - - default default] 10.0.0.13 "DELETE /v2.0/networks/7bdfc6ee-4158-4db9-8361-11af42d8e3f7/tags HTTP/1.1" status: 204 len: 168 time: 0.0347838
2026-05-09 18:14:45.414 10 INFO neutron.api.wsgi [None req-2af56e26-9580-4e5a-a189-0a6dd0901f7c eeb06f2e737947319181263885889c97 060fb54941ec4ee78175ce5716b185b4 - - default default] 10.0.0.13 "DELETE /v2.0/security-groups/41788106-7a0b-438a-bae7-ba9b90bdddf9 HTTP/1.1" status: 204 len: 168 time: 0.2079334
2026-05-09 18:14:45.419 9 INFO neutron.api.wsgi [None req-3d80874c-9442-4f62-9563-79617140bb41 f8580ef02d6b49188a4ddde1d2b955b1 b4cda927e73f485591f7f50733a5109d - - default default] 10.0.0.13 "GET /v2.0/networks/7bdfc6ee-4158-4db9-8361-11af42d8e3f7/tags HTTP/1.1" status: 200 len: 205 time: 0.0239692
2026-05-09 18:14:45.733 10 INFO neutron.services.segments.plugin [-] Segment f6887224-dc2c-4fb6-9a1c-5d7b93602833 resource provider aggregate not found
2026-05-09 18:14:45.738 10 INFO neutron.services.segments.plugin [-] Segment f6887224-dc2c-4fb6-9a1c-5d7b93602833 resource provider aggregate not found
2026-05-09 18:14:45.753 10 INFO neutron.services.segments.plugin [-] Segment f6887224-dc2c-4fb6-9a1c-5d7b93602833 resource provider not found; error: Placement Client Error (4xx): {"errors": [{"status": 404, "title": "Not Found", "detail": "The resource could not be found.\n\n No resource provider with uuid f6887224-dc2c-4fb6-9a1c-5d7b93602833 found for delete ", "request_id": "req-e5a891ae-d7c3-4fe9-a3a5-b09879be9c76"}]}
2026-05-09 18:14:45.754 10 INFO neutron.services.segments.plugin [-] Segment f6887224-dc2c-4fb6-9a1c-5d7b93602833 resource provider not found; error: Placement Client Error (4xx): {"errors": [{"status": 404, "title": "Not Found", "detail": "The resource could not be found.\n\n No resource provider with uuid f6887224-dc2c-4fb6-9a1c-5d7b93602833 found for delete ", "request_id": "req-f26ce362-0490-420c-901f-3913bafd228b"}]}
2026-05-09 18:14:45.788 10 INFO neutron.api.wsgi [None req-d637a4f9-939b-4c0e-8fac-4fff5a7bb4f4 f8580ef02d6b49188a4ddde1d2b955b1 b4cda927e73f485591f7f50733a5109d - - default default] 10.0.0.13 "DELETE /v2.0/networks/7bdfc6ee-4158-4db9-8361-11af42d8e3f7 HTTP/1.1" status: 204 len: 168 time: 0.3633204
2026-05-09 18:14:46.539 9 INFO neutron.api.wsgi [-] 10.0.0.207 "GET / HTTP/1.1" status: 200 len: 247 time: 0.0022388
2026-05-09 18:14:46.541 10 INFO neutron.api.wsgi [-] 10.0.0.207 "GET / HTTP/1.1" status: 200 len: 247 time: 0.0041430
2026-05-09 18:14:46.643 9 WARNING neutron_lib.context [None req-7949dee7-bc76-447d-8321-629bead7d5ef eb1fe51eb5cc432cabed51216af5134e 1cde5c00f4c546f78e0db10fbbd590e5 - - default default] Method 'is_advsvc' is deprecated since 2023.2 release (neutron-lib 3.8.0) and will be removed once support for the old RBAC API policies will be removed from Neutron. Please use method 'is_service_role' instead.
2026-05-09 18:14:46.664 10 INFO neutron.db.ovn_revision_numbers_db [None req-8e95c67d-ac38-4a38-82e4-ff98864af7fd eeb06f2e737947319181263885889c97 060fb54941ec4ee78175ce5716b185b4 - - default default] Successfully bumped revision number for resource 3a9a3754-2364-40e2-9b9c-4c9d1410b5d3 (type: security_groups) to 1
2026-05-09 18:14:46.678 10 INFO neutron.db.ovn_revision_numbers_db [None req-8e95c67d-ac38-4a38-82e4-ff98864af7fd eeb06f2e737947319181263885889c97 060fb54941ec4ee78175ce5716b185b4 - - default default] Successfully bumped revision number for resource 4a0a7449-5669-4f93-ac5c-ca497a216447 (type: security_group_rules) to 0
2026-05-09 18:14:46.691 10 INFO neutron.db.ovn_revision_numbers_db [None req-8e95c67d-ac38-4a38-82e4-ff98864af7fd eeb06f2e737947319181263885889c97 060fb54941ec4ee78175ce5716b185b4 - - default default] Successfully bumped revision number for resource 6919b562-90e9-4323-86fd-e9f844f3fc31 (type: security_group_rules) to 0
2026-05-09 18:14:46.708 10 INFO neutron.db.ovn_revision_numbers_db [None req-8e95c67d-ac38-4a38-82e4-ff98864af7fd eeb06f2e737947319181263885889c97 060fb54941ec4ee78175ce5716b185b4 - - default default] Successfully bumped revision number for resource 83d890c3-f8a7-403d-bb8d-be1bc01f7fed (type: security_group_rules) to 0
2026-05-09 18:14:46.722 10 INFO neutron.db.ovn_revision_numbers_db [None req-8e95c67d-ac38-4a38-82e4-ff98864af7fd eeb06f2e737947319181263885889c97 060fb54941ec4ee78175ce5716b185b4 - - default default] Successfully bumped revision number for resource cd557893-8f75-44a5-8ba2-b6390bd9f3ef (type: security_group_rules) to 0
2026-05-09 18:14:46.759 10 INFO neutron.api.wsgi [None req-8e95c67d-ac38-4a38-82e4-ff98864af7fd eeb06f2e737947319181263885889c97 060fb54941ec4ee78175ce5716b185b4 - - default default] 10.0.0.13 "GET /v2.0/security-groups?tenant_id=0ab1133aee0241ee9c4617f1567d0003&name=default HTTP/1.1" status: 200 len: 3120 time: 0.3066092
2026-05-09 18:14:46.770 9 INFO neutron.db.ovn_revision_numbers_db [None req-7949dee7-bc76-447d-8321-629bead7d5ef eb1fe51eb5cc432cabed51216af5134e 1cde5c00f4c546f78e0db10fbbd590e5 - - default default] Successfully bumped revision number for resource 0afa8ee1-f91f-4d36-8532-36c760344c93 (type: security_groups) to 1
2026-05-09 18:14:46.787 9 INFO neutron.db.ovn_revision_numbers_db [None req-7949dee7-bc76-447d-8321-629bead7d5ef eb1fe51eb5cc432cabed51216af5134e 1cde5c00f4c546f78e0db10fbbd590e5 - - default default] Successfully bumped revision number for resource 50eee713-566e-438b-bef6-7050f08d68e7 (type: security_group_rules) to 0
2026-05-09 18:14:46.803 9 INFO neutron.db.ovn_revision_numbers_db [None req-7949dee7-bc76-447d-8321-629bead7d5ef eb1fe51eb5cc432cabed51216af5134e 1cde5c00f4c546f78e0db10fbbd590e5 - - default default] Successfully bumped revision number for resource 76e634cd-d88e-494e-b8ab-0a67daf66c50 (type: security_group_rules) to 0
2026-05-09 18:14:46.819 9 INFO neutron.db.ovn_revision_numbers_db [None req-7949dee7-bc76-447d-8321-629bead7d5ef eb1fe51eb5cc432cabed51216af5134e 1cde5c00f4c546f78e0db10fbbd590e5 - - default default] Successfully bumped revision number for resource 9aca87a7-5a9a-4ba4-b559-c16f951338ac (type: security_group_rules) to 0
2026-05-09 18:14:46.835 9 INFO neutron.db.ovn_revision_numbers_db [None req-7949dee7-bc76-447d-8321-629bead7d5ef eb1fe51eb5cc432cabed51216af5134e 1cde5c00f4c546f78e0db10fbbd590e5 - - default default] Successfully bumped revision number for resource ce398b6e-1ab9-4fe3-9418-8772771ebe49 (type: security_group_rules) to 0
2026-05-09 18:14:46.943 9 INFO neutron.db.ovn_revision_numbers_db [None req-7949dee7-bc76-447d-8321-629bead7d5ef eb1fe51eb5cc432cabed51216af5134e 1cde5c00f4c546f78e0db10fbbd590e5 - - default default] Successfully bumped revision number for resource 31ad05c2-f625-4d03-abb4-bb89f189ecb6 (type: security_groups) to 1
2026-05-09 18:14:46.960 9 INFO neutron.db.ovn_revision_numbers_db [None req-7949dee7-bc76-447d-8321-629bead7d5ef eb1fe51eb5cc432cabed51216af5134e 1cde5c00f4c546f78e0db10fbbd590e5 - - default default] Successfully bumped revision number for resource 40af5575-b1b5-4ffb-9762-6523e0730c19 (type: security_group_rules) to 0
2026-05-09 18:14:46.979 9 INFO neutron.api.wsgi [None req-d6f79052-3576-4289-83cb-40c4ec0e9f89 eeb06f2e737947319181263885889c97 060fb54941ec4ee78175ce5716b185b4 - - default default] 10.0.0.13 "DELETE /v2.0/security-groups/3a9a3754-2364-40e2-9b9c-4c9d1410b5d3 HTTP/1.1" status: 204 len: 168 time: 0.2152698
2026-05-09 18:14:46.990 9 INFO neutron.db.ovn_revision_numbers_db [None req-7949dee7-bc76-447d-8321-629bead7d5ef eb1fe51eb5cc432cabed51216af5134e 1cde5c00f4c546f78e0db10fbbd590e5 - - default default] Successfully bumped revision number for resource 70d2a248-bc67-4eb2-a84f-40b401f44b6a (type: security_group_rules) to 0
2026-05-09 18:14:47.024 9 INFO neutron.api.wsgi [None req-7949dee7-bc76-447d-8321-629bead7d5ef eb1fe51eb5cc432cabed51216af5134e 1cde5c00f4c546f78e0db10fbbd590e5 - - default default] 10.0.0.13 "POST /v2.0/security-groups HTTP/1.1" status: 201 len: 1801 time: 0.4265409
2026-05-09 18:14:47.065 10 INFO neutron.api.wsgi [None req-0cd0af53-2a23-496e-8d79-4a3c10e0445a eb1fe51eb5cc432cabed51216af5134e 1cde5c00f4c546f78e0db10fbbd590e5 - - default default] 10.0.0.13 "PUT /v2.0/security-groups/31ad05c2-f625-4d03-abb4-bb89f189ecb6/tags HTTP/1.1" status: 200 len: 218 time: 0.0322883
2026-05-09 18:14:47.090 10 INFO neutron.api.wsgi [None req-052d22aa-86c5-441e-97f0-2d18f8104c9a eb1fe51eb5cc432cabed51216af5134e 1cde5c00f4c546f78e0db10fbbd590e5 - - default default] 10.0.0.13 "GET /v2.0/security-groups/31ad05c2-f625-4d03-abb4-bb89f189ecb6/tags HTTP/1.1" status: 200 len: 218 time: 0.0219271
2026-05-09 18:14:47.128 10 INFO neutron.api.wsgi [None req-8140cd41-1e17-4352-9d1f-6ecd1fab7f63 eb1fe51eb5cc432cabed51216af5134e 1cde5c00f4c546f78e0db10fbbd590e5 - - default default] 10.0.0.13 "PUT /v2.0/security-groups/31ad05c2-f625-4d03-abb4-bb89f189ecb6/tags/green HTTP/1.1" status: 201 len: 201 time: 0.0333393
2026-05-09 18:14:47.150 10 INFO neutron.api.wsgi [None req-4b154cbf-ebcb-47d4-ae70-c089463f03dc eb1fe51eb5cc432cabed51216af5134e 1cde5c00f4c546f78e0db10fbbd590e5 - - default default] 10.0.0.13 "GET /v2.0/security-groups/31ad05c2-f625-4d03-abb4-bb89f189ecb6/tags HTTP/1.1" status: 200 len: 227 time: 0.0184324
2026-05-09 18:14:47.176 9 INFO neutron.api.wsgi [None req-cdb296cd-1c52-4ef4-b93a-16d931676f5c eeb06f2e737947319181263885889c97 060fb54941ec4ee78175ce5716b185b4 - - default default] 10.0.0.13 "GET /v2.0/security-groups?tenant_id=b4cda927e73f485591f7f50733a5109d&name=default HTTP/1.1" status: 200 len: 3120 time: 0.0514598
2026-05-09 18:14:47.190 10 INFO neutron.api.wsgi [None req-09c45802-81e3-4bb8-9c3e-a69a4fb8d9d9 eb1fe51eb5cc432cabed51216af5134e 1cde5c00f4c546f78e0db10fbbd590e5 - - default default] 10.0.0.13 "PUT /v2.0/security-groups/31ad05c2-f625-4d03-abb4-bb89f189ecb6/tags/red HTTP/1.1" status: 201 len: 201 time: 0.0348575
2026-05-09 18:14:47.233 9 INFO neutron.api.wsgi [None req-df9a42cb-15aa-40ad-a068-7b53532b4354 eb1fe51eb5cc432cabed51216af5134e 1cde5c00f4c546f78e0db10fbbd590e5 - - default default] 10.0.0.13 "GET /v2.0/security-groups/31ad05c2-f625-4d03-abb4-bb89f189ecb6/tags HTTP/1.1" status: 200 len: 227 time: 0.0394938
2026-05-09 18:14:47.267 10 INFO neutron.api.wsgi [None req-72aab02f-260f-48c0-bdec-39b1d6691e4a eb1fe51eb5cc432cabed51216af5134e 1cde5c00f4c546f78e0db10fbbd590e5 - - default default] 10.0.0.13 "PUT /v2.0/security-groups/31ad05c2-f625-4d03-abb4-bb89f189ecb6/tags/black.or.white HTTP/1.1" status: 201 len: 201 time: 0.0273492
2026-05-09 18:14:47.307 9 INFO neutron.api.wsgi [None req-6db24590-ef62-42a3-81bf-bd5397f387e2 eb1fe51eb5cc432cabed51216af5134e 1cde5c00f4c546f78e0db10fbbd590e5 - - default default] 10.0.0.13 "GET /v2.0/security-groups/31ad05c2-f625-4d03-abb4-bb89f189ecb6/tags HTTP/1.1" status: 200 len: 245 time: 0.0361016
2026-05-09 18:14:47.347 10 INFO neutron.api.wsgi [None req-85ce962a-e55e-4a89-b1dc-58ea2a28fb31 eb1fe51eb5cc432cabed51216af5134e 1cde5c00f4c546f78e0db10fbbd590e5 - - default default] 10.0.0.13 "PUT /v2.0/security-groups/31ad05c2-f625-4d03-abb4-bb89f189ecb6/tags HTTP/1.1" status: 200 len: 230 time: 0.0332744
2026-05-09 18:14:47.372 10 INFO neutron.api.wsgi [None req-91105eeb-d7bc-466f-be0f-f8e0e913d0a6 eb1fe51eb5cc432cabed51216af5134e 1cde5c00f4c546f78e0db10fbbd590e5 - - default default] 10.0.0.13 "GET /v2.0/security-groups/31ad05c2-f625-4d03-abb4-bb89f189ecb6/tags HTTP/1.1" status: 200 len: 230 time: 0.0192893
2026-05-09 18:14:47.396 10 INFO neutron.api.wsgi [None req-21bf9fa6-0b0f-4bb7-814f-932b14829242 eb1fe51eb5cc432cabed51216af5134e 1cde5c00f4c546f78e0db10fbbd590e5 - - default default] 10.0.0.13 "GET /v2.0/security-groups/31ad05c2-f625-4d03-abb4-bb89f189ecb6/tags/red HTTP/1.1" status: 204 len: 168 time: 0.0190046
2026-05-09 18:14:47.417 10 INFO neutron.api.v2.resource [None req-9e966466-e8b2-4a34-ae08-de534044e1e8 eb1fe51eb5cc432cabed51216af5134e 1cde5c00f4c546f78e0db10fbbd590e5 - - default default] show failed (client error): The resource could not be found.
2026-05-09 18:14:47.418 10 INFO neutron.api.wsgi [None req-9e966466-e8b2-4a34-ae08-de534044e1e8 eb1fe51eb5cc432cabed51216af5134e 1cde5c00f4c546f78e0db10fbbd590e5 - - default default] 10.0.0.13 "GET /v2.0/security-groups/31ad05c2-f625-4d03-abb4-bb89f189ecb6/tags/green HTTP/1.1" status: 404 len: 299 time: 0.0184629
2026-05-09 18:14:47.422 9 INFO neutron.api.wsgi [None req-decd35f0-f94b-448b-b404-c6fab6ab8471 eeb06f2e737947319181263885889c97 060fb54941ec4ee78175ce5716b185b4 - - default default] 10.0.0.13 "DELETE /v2.0/security-groups/813f6961-8e18-4d8b-9c67-7dfe90ccfb17 HTTP/1.1" status: 204 len: 168 time: 0.2407818
2026-05-09 18:14:47.458 10 INFO neutron.api.wsgi [None req-a0f3daa2-e18a-4ba0-915f-8c635f75c65e eb1fe51eb5cc432cabed51216af5134e 1cde5c00f4c546f78e0db10fbbd590e5 - - default default] 10.0.0.13 "DELETE /v2.0/security-groups/31ad05c2-f625-4d03-abb4-bb89f189ecb6/tags/red HTTP/1.1" status: 204 len: 168 time: 0.0352843
2026-05-09 18:14:47.483 10 INFO neutron.api.wsgi [None req-822ce372-d52d-41e8-b716-556678ed9b23 eb1fe51eb5cc432cabed51216af5134e 1cde5c00f4c546f78e0db10fbbd590e5 - - default default] 10.0.0.13 "GET /v2.0/security-groups/31ad05c2-f625-4d03-abb4-bb89f189ecb6/tags HTTP/1.1" status: 200 len: 223 time: 0.0193946
2026-05-09 18:14:47.507 10 INFO neutron.api.v2.resource [None req-6e79188f-3332-446c-8f78-eab6967da5fd eb1fe51eb5cc432cabed51216af5134e 1cde5c00f4c546f78e0db10fbbd590e5 - - default default] delete failed (client error): The resource could not be found.
2026-05-09 18:14:47.508 10 INFO neutron.api.wsgi [None req-6e79188f-3332-446c-8f78-eab6967da5fd eb1fe51eb5cc432cabed51216af5134e 1cde5c00f4c546f78e0db10fbbd590e5 - - default default] 10.0.0.13 "DELETE /v2.0/security-groups/31ad05c2-f625-4d03-abb4-bb89f189ecb6/tags/green HTTP/1.1" status: 404 len: 299 time: 0.0194981
2026-05-09 18:14:47.545 10 INFO neutron.api.wsgi [None req-54697ec0-6beb-476e-8168-5e3d8cf147d3 eb1fe51eb5cc432cabed51216af5134e 1cde5c00f4c546f78e0db10fbbd590e5 - - default default] 10.0.0.13 "DELETE /v2.0/security-groups/31ad05c2-f625-4d03-abb4-bb89f189ecb6/tags HTTP/1.1" status: 204 len: 168 time: 0.0303638
2026-05-09 18:14:47.566 10 INFO neutron.api.wsgi [None req-0d045783-84dc-493d-b4ea-68e0424ad55f eb1fe51eb5cc432cabed51216af5134e 1cde5c00f4c546f78e0db10fbbd590e5 - - default default] 10.0.0.13 "GET /v2.0/security-groups/31ad05c2-f625-4d03-abb4-bb89f189ecb6/tags HTTP/1.1" status: 200 len: 205 time: 0.0164587
2026-05-09 18:14:47.665 10 INFO neutron.api.wsgi [None req-ee320bb4-f846-4dcd-8336-cfe65e7463c4 eb1fe51eb5cc432cabed51216af5134e 1cde5c00f4c546f78e0db10fbbd590e5 - - default default] 10.0.0.13 "DELETE /v2.0/security-groups/31ad05c2-f625-4d03-abb4-bb89f189ecb6 HTTP/1.1" status: 204 len: 168 time: 0.0930459
2026-05-09 18:14:48.487 9 INFO neutron.api.wsgi [None req-64809dc9-3f93-4188-908c-90beaa585f05 eeb06f2e737947319181263885889c97 060fb54941ec4ee78175ce5716b185b4 - - default default] 10.0.0.13 "GET /v2.0/security-groups?tenant_id=1cde5c00f4c546f78e0db10fbbd590e5&name=default HTTP/1.1" status: 200 len: 3120 time: 0.1842763
2026-05-09 18:14:48.698 10 INFO neutron.api.wsgi [None req-ce754116-3fde-43ab-b480-ff8f33c59525 eeb06f2e737947319181263885889c97 060fb54941ec4ee78175ce5716b185b4 - - default default] 10.0.0.13 "DELETE /v2.0/security-groups/0afa8ee1-f91f-4d36-8532-36c760344c93 HTTP/1.1" status: 204 len: 168 time: 0.2042391
2026-05-09 18:14:48.975 9 INFO neutron.db.ovn_revision_numbers_db [None req-cafc8584-91a1-4d6a-ac6a-98cda484a071 eeb06f2e737947319181263885889c97 060fb54941ec4ee78175ce5716b185b4 - - default default] Successfully bumped revision number for resource f7a6eed2-7acd-40ac-b306-eadf1838bdfb (type: security_groups) to 1
2026-05-09 18:14:48.996 9 INFO neutron.db.ovn_revision_numbers_db [None req-cafc8584-91a1-4d6a-ac6a-98cda484a071 eeb06f2e737947319181263885889c97 060fb54941ec4ee78175ce5716b185b4 - - default default] Successfully bumped revision number for resource 1816d976-92d0-47f1-ab7e-f6618755890d (type: security_group_rules) to 0
2026-05-09 18:14:49.008 9 INFO neutron.db.ovn_revision_numbers_db [None req-cafc8584-91a1-4d6a-ac6a-98cda484a071 eeb06f2e737947319181263885889c97 060fb54941ec4ee78175ce5716b185b4 - - default default] Successfully bumped revision number for resource 18350242-0750-45f2-9606-25792c490c59 (type: security_group_rules) to 0
2026-05-09 18:14:49.021 9 INFO neutron.db.ovn_revision_numbers_db [None req-cafc8584-91a1-4d6a-ac6a-98cda484a071 eeb06f2e737947319181263885889c97 060fb54941ec4ee78175ce5716b185b4 - - default default] Successfully bumped revision number for resource 3f45ddcc-7056-4d72-8203-805ef4ae48d3 (type: security_group_rules) to 0
2026-05-09 18:14:49.036 9 INFO neutron.db.ovn_revision_numbers_db [None req-cafc8584-91a1-4d6a-ac6a-98cda484a071 eeb06f2e737947319181263885889c97 060fb54941ec4ee78175ce5716b185b4 - - default default] Successfully bumped revision number for resource 7ef5faab-42b9-4291-b073-f4119a54bd30 (type: security_group_rules) to 0
2026-05-09 18:14:49.080 9 INFO neutron.api.wsgi [None req-cafc8584-91a1-4d6a-ac6a-98cda484a071 eeb06f2e737947319181263885889c97 060fb54941ec4ee78175ce5716b185b4 - - default default] 10.0.0.13 "GET /v2.0/security-groups?tenant_id=c958c1b8171d4f30a05b7438fbbb8b77&name=default HTTP/1.1" status: 200 len: 3120 time: 0.2187867
2026-05-09 18:14:49.103 10 INFO neutron.db.ovn_revision_numbers_db [None req-c42bd1ee-c483-4289-b611-5739147651ed eeb06f2e737947319181263885889c97 060fb54941ec4ee78175ce5716b185b4 - - default default] Successfully bumped revision number for resource 5ad520b0-b77f-4777-b5f2-e6d63f8ca630 (type: security_groups) to 1
2026-05-09 18:14:49.125 10 INFO neutron.db.ovn_revision_numbers_db [None req-c42bd1ee-c483-4289-b611-5739147651ed eeb06f2e737947319181263885889c97 060fb54941ec4ee78175ce5716b185b4 - - default default] Successfully bumped revision number for resource 1deaf665-3ddb-4a66-972b-740a3bdddd79 (type: security_group_rules) to 0
2026-05-09 18:14:49.148 10 INFO neutron.db.ovn_revision_numbers_db [None req-c42bd1ee-c483-4289-b611-5739147651ed eeb06f2e737947319181263885889c97 060fb54941ec4ee78175ce5716b185b4 - - default default] Successfully bumped revision number for resource 8415a0c9-a532-4086-b016-daf0ad4bcb5e (type: security_group_rules) to 0
2026-05-09 18:14:49.167 10 INFO neutron.db.ovn_revision_numbers_db [None req-c42bd1ee-c483-4289-b611-5739147651ed eeb06f2e737947319181263885889c97 060fb54941ec4ee78175ce5716b185b4 - - default default] Successfully bumped revision number for resource 9611263f-c90c-4c28-a048-0e19704afdf2 (type: security_group_rules) to 0
2026-05-09 18:14:49.184 10 INFO neutron.db.ovn_revision_numbers_db [None req-c42bd1ee-c483-4289-b611-5739147651ed eeb06f2e737947319181263885889c97 060fb54941ec4ee78175ce5716b185b4 - - default default] Successfully bumped revision number for resource f0a03e0d-a00b-4a17-8cd6-836efdf00129 (type: security_group_rules) to 0
2026-05-09 18:14:49.226 10 INFO neutron.api.wsgi [None req-c42bd1ee-c483-4289-b611-5739147651ed eeb06f2e737947319181263885889c97 060fb54941ec4ee78175ce5716b185b4 - - default default] 10.0.0.13 "GET /v2.0/security-groups?tenant_id=84d04619f0234b8ca5f58ac8b06d68a4&name=default HTTP/1.1" status: 200 len: 3120 time: 0.3978274
2026-05-09 18:14:49.313 10 INFO neutron.api.wsgi [None req-ff044446-3a2b-4828-bb36-873b226ec509 eeb06f2e737947319181263885889c97 060fb54941ec4ee78175ce5716b185b4 - - default default] 10.0.0.13 "DELETE /v2.0/security-groups/f7a6eed2-7acd-40ac-b306-eadf1838bdfb HTTP/1.1" status: 204 len: 168 time: 0.2270913
2026-05-09 18:14:49.430 10 INFO neutron.api.wsgi [None req-46e7a57c-1750-4f64-81e4-3800990cc45b eeb06f2e737947319181263885889c97 060fb54941ec4ee78175ce5716b185b4 - - default default] 10.0.0.13 "DELETE /v2.0/security-groups/5ad520b0-b77f-4777-b5f2-e6d63f8ca630 HTTP/1.1" status: 204 len: 168 time: 0.1979544
2026-05-09 18:14:50.962 10 WARNING neutron_lib.context [None req-90e0ac32-e6be-4054-b010-af0750612ef5 8fda3fa536384dff9ed81c5cf68e2f8b 3fed442585fb40829fae98ac9b46c549 - - default default] Method 'is_advsvc' is deprecated since 2023.2 release (neutron-lib 3.8.0) and will be removed once support for the old RBAC API policies will be removed from Neutron. Please use method 'is_service_role' instead.
2026-05-09 18:14:51.105 10 INFO neutron.db.ovn_revision_numbers_db [None req-90e0ac32-e6be-4054-b010-af0750612ef5 8fda3fa536384dff9ed81c5cf68e2f8b 3fed442585fb40829fae98ac9b46c549 - - default default] Successfully bumped revision number for resource c02ac8b1-099d-4a95-8b4d-5203ae43fdb5 (type: security_groups) to 1
2026-05-09 18:14:51.120 10 INFO neutron.db.ovn_revision_numbers_db [None req-90e0ac32-e6be-4054-b010-af0750612ef5 8fda3fa536384dff9ed81c5cf68e2f8b 3fed442585fb40829fae98ac9b46c549 - - default default] Successfully bumped revision number for resource 1d8521b0-0c35-420b-a3a5-13c4802573a4 (type: security_group_rules) to 0
2026-05-09 18:14:51.137 10 INFO neutron.db.ovn_revision_numbers_db [None req-90e0ac32-e6be-4054-b010-af0750612ef5 8fda3fa536384dff9ed81c5cf68e2f8b 3fed442585fb40829fae98ac9b46c549 - - default default] Successfully bumped revision number for resource 35a76853-af90-4ee8-b1f7-cc91b4d64dbe (type: security_group_rules) to 0
2026-05-09 18:14:51.154 10 INFO neutron.db.ovn_revision_numbers_db [None req-90e0ac32-e6be-4054-b010-af0750612ef5 8fda3fa536384dff9ed81c5cf68e2f8b 3fed442585fb40829fae98ac9b46c549 - - default default] Successfully bumped revision number for resource 8e250ac6-d9e1-43d0-8118-2f5eb4868ff2 (type: security_group_rules) to 0
2026-05-09 18:14:51.167 10 INFO neutron.db.ovn_revision_numbers_db [None req-90e0ac32-e6be-4054-b010-af0750612ef5 8fda3fa536384dff9ed81c5cf68e2f8b 3fed442585fb40829fae98ac9b46c549 - - default default] Successfully bumped revision number for resource e2c71385-470f-4bf0-8c77-5df37ab00b7e (type: security_group_rules) to 0
2026-05-09 18:14:51.233 10 INFO neutron.db.segments_db [None req-90e0ac32-e6be-4054-b010-af0750612ef5 8fda3fa536384dff9ed81c5cf68e2f8b 3fed442585fb40829fae98ac9b46c549 - - default default] Added segment 77b8233c-1c1d-4262-8abd-4665e05a4d7f of type geneve for network 070f9f64-e789-46b5-ab99-735e28e1f5a9
2026-05-09 18:14:51.346 10 INFO neutron.db.ovn_revision_numbers_db [None req-90e0ac32-e6be-4054-b010-af0750612ef5 8fda3fa536384dff9ed81c5cf68e2f8b 3fed442585fb40829fae98ac9b46c549 - - default default] Successfully bumped revision number for resource 070f9f64-e789-46b5-ab99-735e28e1f5a9 (type: networks) to 1
2026-05-09 18:14:51.508 10 WARNING neutron.scheduler.dhcp_agent_scheduler [None req-90e0ac32-e6be-4054-b010-af0750612ef5 8fda3fa536384dff9ed81c5cf68e2f8b 3fed442585fb40829fae98ac9b46c549 - - default default] No more DHCP agents
2026-05-09 18:14:51.509 10 WARNING neutron.api.rpc.agentnotifiers.dhcp_rpc_agent_api [None req-90e0ac32-e6be-4054-b010-af0750612ef5 8fda3fa536384dff9ed81c5cf68e2f8b 3fed442585fb40829fae98ac9b46c549 - - default default] Unable to schedule network 070f9f64-e789-46b5-ab99-735e28e1f5a9: no agents available; will retry on subsequent port and subnet creation events.
2026-05-09 18:14:51.571 10 INFO neutron.db.ovn_revision_numbers_db [None req-90e0ac32-e6be-4054-b010-af0750612ef5 8fda3fa536384dff9ed81c5cf68e2f8b 3fed442585fb40829fae98ac9b46c549 - - default default] Successfully bumped revision number for resource 87727b6a-7e7e-4637-b101-b4de538ead45 (type: ports) to 1
2026-05-09 18:14:51.590 10 INFO neutron.api.wsgi [None req-90e0ac32-e6be-4054-b010-af0750612ef5 8fda3fa536384dff9ed81c5cf68e2f8b 3fed442585fb40829fae98ac9b46c549 - - default default] 10.0.0.13 "POST /v2.0/networks HTTP/1.1" status: 201 len: 831 time: 0.8468156
2026-05-09 18:14:51.600 10 WARNING neutron_lib.context [None req-c4dc0218-900a-45a7-87da-243f7d64ff8d 8fda3fa536384dff9ed81c5cf68e2f8b 3fed442585fb40829fae98ac9b46c549 - - default default] Method 'is_advsvc' is deprecated since 2023.2 release (neutron-lib 3.8.0) and will be removed once support for the old RBAC API policies will be removed from Neutron. Please use method 'is_service_role' instead.
2026-05-09 18:14:51.800 10 WARNING neutron.scheduler.dhcp_agent_scheduler [None req-c4dc0218-900a-45a7-87da-243f7d64ff8d 8fda3fa536384dff9ed81c5cf68e2f8b 3fed442585fb40829fae98ac9b46c549 - - default default] No more DHCP agents
2026-05-09 18:14:51.802 10 WARNING neutron.api.rpc.agentnotifiers.dhcp_rpc_agent_api [None req-c4dc0218-900a-45a7-87da-243f7d64ff8d 8fda3fa536384dff9ed81c5cf68e2f8b 3fed442585fb40829fae98ac9b46c549 - - default default] Unable to schedule network 070f9f64-e789-46b5-ab99-735e28e1f5a9: no agents available; will retry on subsequent port and subnet creation events.
2026-05-09 18:14:51.846 9 INFO neutron.db.ovn_revision_numbers_db [None req-73a8c62e-7269-4dcb-b66b-52ed955133fb eeb06f2e737947319181263885889c97 060fb54941ec4ee78175ce5716b185b4 - - default default] Successfully bumped revision number for resource a3c57386-4b87-41b2-8fe5-c073296beeb8 (type: security_groups) to 1
2026-05-09 18:14:51.859 9 INFO neutron.db.ovn_revision_numbers_db [None req-73a8c62e-7269-4dcb-b66b-52ed955133fb eeb06f2e737947319181263885889c97 060fb54941ec4ee78175ce5716b185b4 - - default default] Successfully bumped revision number for resource 34fd26ae-47d8-4a0f-9ff2-39a82c47f62a (type: security_group_rules) to 0
2026-05-09 18:14:51.861 10 INFO neutron.db.ovn_revision_numbers_db [None req-c4dc0218-900a-45a7-87da-243f7d64ff8d 8fda3fa536384dff9ed81c5cf68e2f8b 3fed442585fb40829fae98ac9b46c549 - - default default] Successfully bumped revision number for resource 95c3066b-7767-4fa7-aa85-2b28fc0131d1 (type: ports) to 1
2026-05-09 18:14:51.870 9 INFO neutron.db.ovn_revision_numbers_db [None req-73a8c62e-7269-4dcb-b66b-52ed955133fb eeb06f2e737947319181263885889c97 060fb54941ec4ee78175ce5716b185b4 - - default default] Successfully bumped revision number for resource 44afb933-5758-440a-96fa-68c73ede1c42 (type: security_group_rules) to 0
2026-05-09 18:14:51.882 9 INFO neutron.db.ovn_revision_numbers_db [None req-73a8c62e-7269-4dcb-b66b-52ed955133fb eeb06f2e737947319181263885889c97 060fb54941ec4ee78175ce5716b185b4 - - default default] Successfully bumped revision number for resource a4b4e502-34fb-4e44-9051-4160414ac4cb (type: security_group_rules) to 0
2026-05-09 18:14:51.882 10 INFO neutron.api.wsgi [None req-c4dc0218-900a-45a7-87da-243f7d64ff8d 8fda3fa536384dff9ed81c5cf68e2f8b 3fed442585fb40829fae98ac9b46c549 - - default default] 10.0.0.13 "POST /v2.0/ports HTTP/1.1" status: 201 len: 942 time: 0.2860675 /var/lib/openstack/lib/python3.12/site-packages/pycadf/identifier.py:71: UserWarning: Invalid uuid: neutron. To ensure interoperability, identifiers should be a valid uuid. warnings.warn(('Invalid uuid: %s. To ensure interoperability, '
2026-05-09 18:14:51.895 9 INFO neutron.db.ovn_revision_numbers_db [None req-73a8c62e-7269-4dcb-b66b-52ed955133fb eeb06f2e737947319181263885889c97 060fb54941ec4ee78175ce5716b185b4 - - default default] Successfully bumped revision number for resource fea5d560-7290-47c6-b969-56085f533976 (type: security_group_rules) to 0
2026-05-09 18:14:51.926 10 INFO neutron.api.wsgi [None req-98830b5b-85ff-4fd8-a765-7c6e1091bf35 8fda3fa536384dff9ed81c5cf68e2f8b 3fed442585fb40829fae98ac9b46c549 - - default default] 10.0.0.13 "PUT /v2.0/ports/95c3066b-7767-4fa7-aa85-2b28fc0131d1/tags HTTP/1.1" status: 200 len: 218 time: 0.0375166
2026-05-09 18:14:51.932 9 INFO neutron.api.wsgi [None req-73a8c62e-7269-4dcb-b66b-52ed955133fb eeb06f2e737947319181263885889c97 060fb54941ec4ee78175ce5716b185b4 - - default default] 10.0.0.13 "GET /v2.0/security-groups?tenant_id=c1407365f25043809bc4f1e3d90b1fd8&name=default HTTP/1.1" status: 200 len: 3120 time: 0.3307247
2026-05-09 18:14:51.961 9 INFO neutron.api.wsgi [None req-ae63faf4-e0d4-4fee-83db-1ef6f6c5582d 8fda3fa536384dff9ed81c5cf68e2f8b 3fed442585fb40829fae98ac9b46c549 - - default default] 10.0.0.13 "GET /v2.0/ports/95c3066b-7767-4fa7-aa85-2b28fc0131d1/tags HTTP/1.1" status: 200 len: 218 time: 0.0278578
2026-05-09 18:14:52.006 9 INFO neutron.api.wsgi [None req-06b92835-fce2-4db2-a201-8cd4a3fdb31d 8fda3fa536384dff9ed81c5cf68e2f8b 3fed442585fb40829fae98ac9b46c549 - - default default] 10.0.0.13 "PUT /v2.0/ports/95c3066b-7767-4fa7-aa85-2b28fc0131d1/tags/green HTTP/1.1" status: 201 len: 201 time: 0.0407021
2026-05-09 18:14:52.060 10 INFO neutron.api.wsgi [None req-024c6ab8-9c52-4cff-b9c9-6e9779918bec 8fda3fa536384dff9ed81c5cf68e2f8b 3fed442585fb40829fae98ac9b46c549 - - default default] 10.0.0.13 "GET /v2.0/ports/95c3066b-7767-4fa7-aa85-2b28fc0131d1/tags HTTP/1.1" status: 200 len: 227 time: 0.0485356
2026-05-09 18:14:52.099 10 INFO neutron.api.wsgi [None req-cd5a9d4c-91d7-450c-8587-d107a07fd9ca 8fda3fa536384dff9ed81c5cf68e2f8b 3fed442585fb40829fae98ac9b46c549 - - default default] 10.0.0.13 "PUT /v2.0/ports/95c3066b-7767-4fa7-aa85-2b28fc0131d1/tags/red HTTP/1.1" status: 201 len: 201 time: 0.0342214
2026-05-09 18:14:52.134 10 INFO neutron.api.wsgi [None req-7c7a416b-1b2f-4338-9daa-7ef6fd7c48b0 8fda3fa536384dff9ed81c5cf68e2f8b 3fed442585fb40829fae98ac9b46c549 - - default default] 10.0.0.13 "GET /v2.0/ports/95c3066b-7767-4fa7-aa85-2b28fc0131d1/tags HTTP/1.1" status: 200 len: 227 time: 0.0303972
2026-05-09 18:14:52.164 10 INFO neutron.api.wsgi [None req-f5e7c2fa-b80d-4cd1-8dc1-042447a9592f eeb06f2e737947319181263885889c97 060fb54941ec4ee78175ce5716b185b4 - - default default] 10.0.0.13 "DELETE /v2.0/security-groups/a3c57386-4b87-41b2-8fe5-c073296beeb8 HTTP/1.1" status: 204 len: 168 time: 0.2266350
2026-05-09 18:14:52.179 9 INFO neutron.api.wsgi [None req-dcde437c-45f1-45ba-aa43-b963f63c6d3d 8fda3fa536384dff9ed81c5cf68e2f8b 3fed442585fb40829fae98ac9b46c549 - - default default] 10.0.0.13 "PUT /v2.0/ports/95c3066b-7767-4fa7-aa85-2b28fc0131d1/tags/black.or.white HTTP/1.1" status: 201 len: 201 time: 0.0396497
2026-05-09 18:14:52.214 9 INFO neutron.api.wsgi [None req-8975b4cc-2b3c-438f-a567-3155e312fb04 8fda3fa536384dff9ed81c5cf68e2f8b 3fed442585fb40829fae98ac9b46c549 - - default default] 10.0.0.13 "GET /v2.0/ports/95c3066b-7767-4fa7-aa85-2b28fc0131d1/tags HTTP/1.1" status: 200 len: 245 time: 0.0304661
2026-05-09 18:14:52.270 9 INFO neutron.api.wsgi [None req-d37c80b5-dc2e-481a-9313-d65e0d0ab754 8fda3fa536384dff9ed81c5cf68e2f8b 3fed442585fb40829fae98ac9b46c549 - - default default] 10.0.0.13 "PUT /v2.0/ports/95c3066b-7767-4fa7-aa85-2b28fc0131d1/tags HTTP/1.1" status: 200 len: 230 time: 0.0503623
2026-05-09 18:14:52.304 9 INFO neutron.api.wsgi [None req-f82d9d49-85e1-4e8e-bcf5-67ae11625665 8fda3fa536384dff9ed81c5cf68e2f8b 3fed442585fb40829fae98ac9b46c549 - - default default] 10.0.0.13 "GET /v2.0/ports/95c3066b-7767-4fa7-aa85-2b28fc0131d1/tags HTTP/1.1" status: 200 len: 230 time: 0.0279291
2026-05-09 18:14:52.337 9 INFO neutron.api.wsgi [None req-e5e6a795-58d9-4060-8eab-606042d3d533 8fda3fa536384dff9ed81c5cf68e2f8b 3fed442585fb40829fae98ac9b46c549 - - default default] 10.0.0.13 "GET /v2.0/ports/95c3066b-7767-4fa7-aa85-2b28fc0131d1/tags/red HTTP/1.1" status: 204 len: 168 time: 0.0280759
2026-05-09 18:14:52.383 9 INFO neutron.api.v2.resource [None req-34857a0f-ce48-469e-997f-37d7581f1028 8fda3fa536384dff9ed81c5cf68e2f8b 3fed442585fb40829fae98ac9b46c549 - - default default] show failed (client error): The resource could not be found.
2026-05-09 18:14:52.384 9 INFO neutron.api.wsgi [None req-34857a0f-ce48-469e-997f-37d7581f1028 8fda3fa536384dff9ed81c5cf68e2f8b 3fed442585fb40829fae98ac9b46c549 - - default default] 10.0.0.13 "GET /v2.0/ports/95c3066b-7767-4fa7-aa85-2b28fc0131d1/tags/green HTTP/1.1" status: 404 len: 299 time: 0.0414946
2026-05-09 18:14:52.430 9 INFO neutron.api.wsgi [None req-7e8f4fda-f570-4eb5-92a1-63bd0416e02b 8fda3fa536384dff9ed81c5cf68e2f8b 3fed442585fb40829fae98ac9b46c549 - - default default] 10.0.0.13 "DELETE /v2.0/ports/95c3066b-7767-4fa7-aa85-2b28fc0131d1/tags/red HTTP/1.1" status: 204 len: 168 time: 0.0403345
2026-05-09 18:14:52.459 9 INFO neutron.api.wsgi [None req-d3f3e1dc-fd4c-4007-854b-d45a42ca4fac 8fda3fa536384dff9ed81c5cf68e2f8b 3fed442585fb40829fae98ac9b46c549 - - default default] 10.0.0.13 "GET /v2.0/ports/95c3066b-7767-4fa7-aa85-2b28fc0131d1/tags HTTP/1.1" status: 200 len: 223 time: 0.0243526
2026-05-09 18:14:52.503 9 INFO neutron.api.v2.resource [None req-8157c161-6a27-42c0-bd82-caf10d645272 8fda3fa536384dff9ed81c5cf68e2f8b 3fed442585fb40829fae98ac9b46c549 - - default default] delete failed (client error): The resource could not be found.
2026-05-09 18:14:52.504 9 INFO neutron.api.wsgi [None req-8157c161-6a27-42c0-bd82-caf10d645272 8fda3fa536384dff9ed81c5cf68e2f8b 3fed442585fb40829fae98ac9b46c549 - - default default] 10.0.0.13 "DELETE /v2.0/ports/95c3066b-7767-4fa7-aa85-2b28fc0131d1/tags/green HTTP/1.1" status: 404 len: 299 time: 0.0404747
2026-05-09 18:14:52.550 9 INFO neutron.api.wsgi [None req-2d061f80-17c4-4a4e-ba5c-449410feee2d 8fda3fa536384dff9ed81c5cf68e2f8b 3fed442585fb40829fae98ac9b46c549 - - default default] 10.0.0.13 "DELETE /v2.0/ports/95c3066b-7767-4fa7-aa85-2b28fc0131d1/tags HTTP/1.1" status: 204 len: 168 time: 0.0398803
2026-05-09 18:14:52.587 9 INFO neutron.api.wsgi [None req-8988c0aa-4bbd-4d65-8f1f-8646ac8633fa 8fda3fa536384dff9ed81c5cf68e2f8b 3fed442585fb40829fae98ac9b46c549 - - default default] 10.0.0.13 "GET /v2.0/ports/95c3066b-7767-4fa7-aa85-2b28fc0131d1/tags HTTP/1.1" status: 200 len: 205 time: 0.0317161
2026-05-09 18:14:52.605 10 WARNING neutron_lib.context [None req-062a252f-658e-4aab-b522-4f816f84f908 b8e0b1d2d2c544bab0e8dcd18c565596 f29324a36ced45909b40ab51bde41767 - - default default] Method 'is_advsvc' is deprecated since 2023.2 release (neutron-lib 3.8.0) and will be removed once support for the old RBAC API policies will be removed from Neutron. Please use method 'is_service_role' instead.
2026-05-09 18:14:52.645 10 INFO neutron.api.wsgi [None req-062a252f-658e-4aab-b522-4f816f84f908 b8e0b1d2d2c544bab0e8dcd18c565596 f29324a36ced45909b40ab51bde41767 - - default default] 10.0.0.13 "POST /v2.0/subnetpools HTTP/1.1" status: 201 len: 715 time: 0.2084539
2026-05-09 18:14:52.684 9 INFO neutron.api.wsgi [None req-d9411a0a-77e3-4ff9-a8d9-22b4d2836a81 b8e0b1d2d2c544bab0e8dcd18c565596 f29324a36ced45909b40ab51bde41767 - - default default] 10.0.0.13 "PUT /v2.0/subnetpools/2fb790b1-a763-4050-b709-daa99028fcac/tags HTTP/1.1" status: 200 len: 218 time: 0.0307822
2026-05-09 18:14:52.705 10 INFO neutron.api.wsgi [None req-0f2eb1d2-902e-4619-a065-bf8c15885676 b8e0b1d2d2c544bab0e8dcd18c565596 f29324a36ced45909b40ab51bde41767 - - default default] 10.0.0.13 "GET /v2.0/subnetpools/2fb790b1-a763-4050-b709-daa99028fcac/tags HTTP/1.1" status: 200 len: 218 time: 0.0163076
2026-05-09 18:14:52.745 9 INFO neutron.api.wsgi [None req-004cebb5-3afa-4d60-918b-30e3ede9d44b b8e0b1d2d2c544bab0e8dcd18c565596 f29324a36ced45909b40ab51bde41767 - - default default] 10.0.0.13 "PUT /v2.0/subnetpools/2fb790b1-a763-4050-b709-daa99028fcac/tags/green HTTP/1.1" status: 201 len: 201 time: 0.0344141
2026-05-09 18:14:52.789 9 INFO neutron.api.wsgi [None req-07ef6a09-e808-4ffa-b8d7-14fbcdce7159 b8e0b1d2d2c544bab0e8dcd18c565596 f29324a36ced45909b40ab51bde41767 - - default default] 10.0.0.13 "GET /v2.0/subnetpools/2fb790b1-a763-4050-b709-daa99028fcac/tags HTTP/1.1" status: 200 len: 227 time: 0.0385332
2026-05-09 18:14:52.844 10 INFO neutron.api.wsgi [None req-3f452803-793a-4008-a263-f07ec47fe1c2 b8e0b1d2d2c544bab0e8dcd18c565596 f29324a36ced45909b40ab51bde41767 - - default default] 10.0.0.13 "PUT /v2.0/subnetpools/2fb790b1-a763-4050-b709-daa99028fcac/tags/red HTTP/1.1" status: 201 len: 201 time: 0.0324507
2026-05-09 18:14:52.864 10 INFO neutron.api.wsgi [None req-0e43c180-46ac-48b5-8250-138361d6b6e2 b8e0b1d2d2c544bab0e8dcd18c565596 f29324a36ced45909b40ab51bde41767 - - default default] 10.0.0.13 "GET /v2.0/subnetpools/2fb790b1-a763-4050-b709-daa99028fcac/tags HTTP/1.1" status: 200 len: 227 time: 0.0155623
2026-05-09 18:14:52.881 9 INFO neutron.api.wsgi [None req-97b73c65-b0c6-49ae-89d6-df8de68611dd 8fda3fa536384dff9ed81c5cf68e2f8b 3fed442585fb40829fae98ac9b46c549 - - default default] 10.0.0.13 "DELETE /v2.0/ports/95c3066b-7767-4fa7-aa85-2b28fc0131d1 HTTP/1.1" status: 204 len: 168 time: 0.2879841
2026-05-09 18:14:52.896 10 INFO neutron.api.wsgi [None req-65e1d949-fd83-4037-a5b8-0273ea6b06d9 b8e0b1d2d2c544bab0e8dcd18c565596 f29324a36ced45909b40ab51bde41767 - - default default] 10.0.0.13 "PUT /v2.0/subnetpools/2fb790b1-a763-4050-b709-daa99028fcac/tags/black.or.white HTTP/1.1" status: 201 len: 201 time: 0.0281131
2026-05-09 18:14:52.918 10 INFO neutron.api.wsgi [None req-8dadb019-00f1-424d-9f78-5d4e1bf1578d b8e0b1d2d2c544bab0e8dcd18c565596 f29324a36ced45909b40ab51bde41767 - - default default] 10.0.0.13 "GET /v2.0/subnetpools/2fb790b1-a763-4050-b709-daa99028fcac/tags HTTP/1.1" status: 200 len: 245 time: 0.0174458
2026-05-09 18:14:52.964 10 INFO neutron.api.wsgi [None req-a63f3d12-17aa-4d74-abcf-b4bf7a3a2601 b8e0b1d2d2c544bab0e8dcd18c565596 f29324a36ced45909b40ab51bde41767 - - default default] 10.0.0.13 "PUT /v2.0/subnetpools/2fb790b1-a763-4050-b709-daa99028fcac/tags HTTP/1.1" status: 200 len: 230 time: 0.0388792
2026-05-09 18:14:52.992 10 INFO neutron.api.wsgi [None req-eac65a18-ee15-4dea-88e7-1a656c4dcf4f b8e0b1d2d2c544bab0e8dcd18c565596 f29324a36ced45909b40ab51bde41767 - - default default] 10.0.0.13 "GET /v2.0/subnetpools/2fb790b1-a763-4050-b709-daa99028fcac/tags HTTP/1.1" status: 200 len: 230 time: 0.0222578
2026-05-09 18:14:53.023 9 INFO neutron.api.wsgi [None req-e44e5eeb-1088-4a78-ac58-1051832028ce b8e0b1d2d2c544bab0e8dcd18c565596 f29324a36ced45909b40ab51bde41767 - - default default] 10.0.0.13 "GET /v2.0/subnetpools/2fb790b1-a763-4050-b709-daa99028fcac/tags/red HTTP/1.1" status: 204 len: 168 time: 0.0200768
2026-05-09 18:14:53.046 10 INFO neutron.api.v2.resource [None req-68a9b23d-0f21-4c17-9edf-fecbe8444264 b8e0b1d2d2c544bab0e8dcd18c565596 f29324a36ced45909b40ab51bde41767 - - default default] show failed (client error): The resource could not be found.
2026-05-09 18:14:53.047 10 INFO neutron.api.wsgi [None req-68a9b23d-0f21-4c17-9edf-fecbe8444264 b8e0b1d2d2c544bab0e8dcd18c565596 f29324a36ced45909b40ab51bde41767 - - default default] 10.0.0.13 "GET /v2.0/subnetpools/2fb790b1-a763-4050-b709-daa99028fcac/tags/green HTTP/1.1" status: 404 len: 299 time: 0.0193436
2026-05-09 18:14:53.089 9 INFO neutron.api.wsgi [None req-6696a389-8a91-4923-9834-a0ca99afed3a b8e0b1d2d2c544bab0e8dcd18c565596 f29324a36ced45909b40ab51bde41767 - - default default] 10.0.0.13 "DELETE /v2.0/subnetpools/2fb790b1-a763-4050-b709-daa99028fcac/tags/red HTTP/1.1" status: 204 len: 168 time: 0.0362968
2026-05-09 18:14:53.123 10 INFO neutron.api.wsgi [None req-51dd1231-6820-470f-b703-225b90cb6352 b8e0b1d2d2c544bab0e8dcd18c565596 f29324a36ced45909b40ab51bde41767 - - default default] 10.0.0.13 "GET /v2.0/subnetpools/2fb790b1-a763-4050-b709-daa99028fcac/tags HTTP/1.1" status: 200 len: 223 time: 0.0296271
2026-05-09 18:14:53.170 10 INFO neutron.api.v2.resource [None req-548f5f98-71a7-441f-95ca-3c8400020cd0 b8e0b1d2d2c544bab0e8dcd18c565596 f29324a36ced45909b40ab51bde41767 - - default default] delete failed (client error): The resource could not be found.
2026-05-09 18:14:53.172 10 INFO neutron.api.wsgi [None req-548f5f98-71a7-441f-95ca-3c8400020cd0 b8e0b1d2d2c544bab0e8dcd18c565596 f29324a36ced45909b40ab51bde41767 - - default default] 10.0.0.13 "DELETE /v2.0/subnetpools/2fb790b1-a763-4050-b709-daa99028fcac/tags/green HTTP/1.1" status: 404 len: 299 time: 0.0401027
2026-05-09 18:14:53.234 10 INFO neutron.api.wsgi [None req-60cfa9d3-da97-4d9b-8979-bee6975853ca b8e0b1d2d2c544bab0e8dcd18c565596 f29324a36ced45909b40ab51bde41767 - - default default] 10.0.0.13 "DELETE /v2.0/subnetpools/2fb790b1-a763-4050-b709-daa99028fcac/tags HTTP/1.1" status: 204 len: 168 time: 0.0568178
2026-05-09 18:14:53.239 10 INFO neutron.services.segments.plugin [-] Segment 77b8233c-1c1d-4262-8abd-4665e05a4d7f resource provider aggregate not found
2026-05-09 18:14:53.242 10 INFO neutron.services.segments.plugin [-] Segment 77b8233c-1c1d-4262-8abd-4665e05a4d7f resource provider aggregate not found
