2026-05-09 18:12:12.464 10 INFO neutron.api.wsgi [None req-ab0ff795-a777-46c9-b4b0-9c8e4e985b8f 8f37decd58d145af8bdf4ba3bc5011fa 4fddf38b4cfc497fb987fcc201f47212 - - default default] 10.0.0.13 "GET /v2.0/routers/16a85ec3-9809-4a17-86c3-c1c1e82c327a HTTP/1.1" status: 200 len: 1158 time: 0.0522020
2026-05-09 18:12:12.486 10 INFO neutron.api.wsgi [None req-b15dcc65-60f1-4984-99fa-17c36a32b424 8f37decd58d145af8bdf4ba3bc5011fa 4fddf38b4cfc497fb987fcc201f47212 - - default default] 10.0.0.13 "GET /v2.0/ports?device_id=16a85ec3-9809-4a17-86c3-c1c1e82c327a HTTP/1.1" status: 200 len: 205 time: 0.0160162
2026-05-09 18:12:12.852 10 WARNING neutron_lib.context [None req-7d16a6f9-2faf-4cb6-ac7f-b7fb5204f1e4 06b8146d69884f20b30cb53e4b27b350 6474fa6adf4040d982b08aa4d6ad5b78 - - default default] Method 'is_advsvc' is deprecated since 2023.2 release (neutron-lib 3.8.0) and will be removed once support for the old RBAC API policies will be removed from Neutron. Please use method 'is_service_role' instead. /var/lib/openstack/lib/python3.12/site-packages/pycadf/identifier.py:71: UserWarning: Invalid uuid: neutron. To ensure interoperability, identifiers should be a valid uuid. warnings.warn(('Invalid uuid: %s. To ensure interoperability, '
2026-05-09 18:12:12.926 9 INFO neutron.api.wsgi [req-3e08c03c-368c-4200-b811-a1dafcb5194c req-b42f11d9-51b3-4174-a2fc-03b9cf15eedc 9b59f34a42f44b59acffada6688f4c19 eed4dfac04f141ca88fe8b718c7e9e03 - - 0ae8b721ae004486adb9c48fe559be89 0ae8b721ae004486adb9c48fe559be89] 199.204.45.30 "GET /v2.0/ports?tenant_id=ab3f496445bd4d37af73a4db4c89305f&device_id=189359c2-6209-484f-b9fb-ef22756b7feb HTTP/1.1" status: 200 len: 1407 time: 0.0297029
2026-05-09 18:12:12.973 9 INFO neutron.api.wsgi [req-3e08c03c-368c-4200-b811-a1dafcb5194c req-89d8fdb6-17c4-41e5-8063-57f79c8cf9ad 9b59f34a42f44b59acffada6688f4c19 eed4dfac04f141ca88fe8b718c7e9e03 - - 0ae8b721ae004486adb9c48fe559be89 0ae8b721ae004486adb9c48fe559be89] 199.204.45.30 "GET /v2.0/networks?tenant_id=ab3f496445bd4d37af73a4db4c89305f&shared=False HTTP/1.1" status: 200 len: 974 time: 0.0422089
2026-05-09 18:12:13.018 9 INFO neutron.api.wsgi [req-3e08c03c-368c-4200-b811-a1dafcb5194c req-2e29c693-0195-4922-926c-8f999e54391a 9b59f34a42f44b59acffada6688f4c19 eed4dfac04f141ca88fe8b718c7e9e03 - - 0ae8b721ae004486adb9c48fe559be89 0ae8b721ae004486adb9c48fe559be89] 199.204.45.30 "GET /v2.0/networks?shared=True HTTP/1.1" status: 200 len: 952 time: 0.0384302
2026-05-09 18:12:13.082 10 INFO neutron.db.ovn_revision_numbers_db [None req-7d16a6f9-2faf-4cb6-ac7f-b7fb5204f1e4 06b8146d69884f20b30cb53e4b27b350 6474fa6adf4040d982b08aa4d6ad5b78 - - default default] Successfully bumped revision number for resource 8db5a0a2-7e30-454d-a29e-e1f1b306ff2c (type: security_groups) to 1
2026-05-09 18:12:13.110 10 INFO neutron.db.ovn_revision_numbers_db [None req-7d16a6f9-2faf-4cb6-ac7f-b7fb5204f1e4 06b8146d69884f20b30cb53e4b27b350 6474fa6adf4040d982b08aa4d6ad5b78 - - default default] Successfully bumped revision number for resource 0f2b407b-8b09-4ee3-be85-ece48493bbe3 (type: security_group_rules) to 0
2026-05-09 18:12:13.145 10 INFO neutron.db.ovn_revision_numbers_db [None req-7d16a6f9-2faf-4cb6-ac7f-b7fb5204f1e4 06b8146d69884f20b30cb53e4b27b350 6474fa6adf4040d982b08aa4d6ad5b78 - - default default] Successfully bumped revision number for resource 4f81b86d-d982-40d4-9b8d-b37e976392da (type: security_group_rules) to 0
2026-05-09 18:12:13.170 10 INFO neutron.db.ovn_revision_numbers_db [None req-7d16a6f9-2faf-4cb6-ac7f-b7fb5204f1e4 06b8146d69884f20b30cb53e4b27b350 6474fa6adf4040d982b08aa4d6ad5b78 - - default default] Successfully bumped revision number for resource d754a476-54c1-41e0-a3c3-76b4b2d8d0fe (type: security_group_rules) to 0
2026-05-09 18:12:13.225 10 INFO neutron.db.ovn_revision_numbers_db [None req-7d16a6f9-2faf-4cb6-ac7f-b7fb5204f1e4 06b8146d69884f20b30cb53e4b27b350 6474fa6adf4040d982b08aa4d6ad5b78 - - default default] Successfully bumped revision number for resource fc23f3b6-1ec8-446a-99ed-ff20d78e70eb (type: security_group_rules) to 0
2026-05-09 18:12:13.267 10 INFO neutron.api.wsgi [req-30d5ade7-279a-4635-8d18-a91584079014 req-432bd7e8-8e92-4367-bb6d-e62e30601e04 ba9f20f0e0694adfa3a3399261a82c9f ab3f496445bd4d37af73a4db4c89305f - - default default] 10.0.0.11 "GET /v2.0/ports?device_id=189359c2-6209-484f-b9fb-ef22756b7feb HTTP/1.1" status: 200 len: 1168 time: 0.0383666
2026-05-09 18:12:13.282 10 INFO neutron.api.wsgi [None req-0fa7ff8e-4b62-4bfb-b309-11a51a536f30 8f37decd58d145af8bdf4ba3bc5011fa 4fddf38b4cfc497fb987fcc201f47212 - - default default] 10.0.0.13 "DELETE /v2.0/routers/16a85ec3-9809-4a17-86c3-c1c1e82c327a HTTP/1.1" status: 204 len: 168 time: 0.7922623
2026-05-09 18:12:13.306 10 INFO neutron.api.wsgi [None req-1014fb07-fa5d-4f0d-9dea-6bb1b70b0c7a 8f37decd58d145af8bdf4ba3bc5011fa 4fddf38b4cfc497fb987fcc201f47212 - - default default] 10.0.0.13 "GET /v2.0/ports?device_id=16a85ec3-9809-4a17-86c3-c1c1e82c327a HTTP/1.1" status: 200 len: 205 time: 0.0163040
2026-05-09 18:12:13.314 10 INFO neutron.db.segments_db [None req-7d16a6f9-2faf-4cb6-ac7f-b7fb5204f1e4 06b8146d69884f20b30cb53e4b27b350 6474fa6adf4040d982b08aa4d6ad5b78 - - default default] Added segment 3d9b7fb6-0677-4cac-9cb5-8eeb4e68ee21 of type geneve for network 7d51a9b7-cd0a-49e8-ba33-2b5c42c1330a
2026-05-09 18:12:13.322 10 INFO neutron.api.wsgi [req-30d5ade7-279a-4635-8d18-a91584079014 req-3cb32f4f-ee0a-455b-b2c7-1bca2ccb8609 ba9f20f0e0694adfa3a3399261a82c9f ab3f496445bd4d37af73a4db4c89305f - - default default] 10.0.0.11 "GET /v2.0/security-groups?id=1bd0171b-6ea7-43bd-9016-3129ca346c0e&fields=id&fields=name HTTP/1.1" status: 200 len: 313 time: 0.0478265
2026-05-09 18:12:13.334 9 INFO neutron.api.v2.resource [None req-fb06e813-2227-4723-a21c-f55113df0530 8f37decd58d145af8bdf4ba3bc5011fa 4fddf38b4cfc497fb987fcc201f47212 - - default default] delete failed (client error): The resource could not be found.
2026-05-09 18:12:13.335 9 INFO neutron.api.wsgi [None req-fb06e813-2227-4723-a21c-f55113df0530 8f37decd58d145af8bdf4ba3bc5011fa 4fddf38b4cfc497fb987fcc201f47212 - - default default] 10.0.0.13 "DELETE /v2.0/routers/16a85ec3-9809-4a17-86c3-c1c1e82c327a HTTP/1.1" status: 404 len: 336 time: 0.0222466
2026-05-09 18:12:13.357 9 INFO neutron.api.wsgi [None req-55988011-37e9-4de0-b012-3eace1156e0d 8f37decd58d145af8bdf4ba3bc5011fa 4fddf38b4cfc497fb987fcc201f47212 - - default default] 10.0.0.13 "GET /v2.0/ports?device_id=6243a9bf-af82-4009-9ded-d3e462d6b09b HTTP/1.1" status: 200 len: 205 time: 0.0179927
2026-05-09 18:12:13.379 10 INFO neutron.api.v2.resource [None req-a1a7c71d-1de3-42e7-8532-295cfc2650f4 8f37decd58d145af8bdf4ba3bc5011fa 4fddf38b4cfc497fb987fcc201f47212 - - default default] delete failed (client error): The resource could not be found.
2026-05-09 18:12:13.380 10 INFO neutron.api.wsgi [None req-a1a7c71d-1de3-42e7-8532-295cfc2650f4 8f37decd58d145af8bdf4ba3bc5011fa 4fddf38b4cfc497fb987fcc201f47212 - - default default] 10.0.0.13 "DELETE /v2.0/routers/6243a9bf-af82-4009-9ded-d3e462d6b09b HTTP/1.1" status: 404 len: 336 time: 0.0191045
2026-05-09 18:12:13.397 9 INFO neutron.pecan_wsgi.hooks.translation [None req-0f9a3f09-41f3-4a4f-a595-399a6fb881d9 8f37decd58d145af8bdf4ba3bc5011fa 4fddf38b4cfc497fb987fcc201f47212 - - default default] DELETE failed (client error): The resource could not be found.
2026-05-09 18:12:13.399 9 INFO neutron.api.wsgi [None req-0f9a3f09-41f3-4a4f-a595-399a6fb881d9 8f37decd58d145af8bdf4ba3bc5011fa 4fddf38b4cfc497fb987fcc201f47212 - - default default] 10.0.0.13 "DELETE /v2.0/subnets/f36ce2d2-b386-4f24-bc01-a73d595b065a HTTP/1.1" status: 404 len: 337 time: 0.0141211
2026-05-09 18:12:13.417 10 INFO neutron.api.wsgi [None req-5d47c99e-95c2-4c50-8b69-cefbe995c304 8f37decd58d145af8bdf4ba3bc5011fa 4fddf38b4cfc497fb987fcc201f47212 - - default default] 10.0.0.13 "GET /v2.0/ports?device_id=093a0b58-4fad-4889-8de7-6f241192a517 HTTP/1.1" status: 200 len: 205 time: 0.0141199
2026-05-09 18:12:13.441 10 INFO neutron.api.v2.resource [None req-6203061e-15b9-45d4-abae-88f54bb03755 8f37decd58d145af8bdf4ba3bc5011fa 4fddf38b4cfc497fb987fcc201f47212 - - default default] delete failed (client error): The resource could not be found.
2026-05-09 18:12:13.442 10 INFO neutron.api.wsgi [None req-6203061e-15b9-45d4-abae-88f54bb03755 8f37decd58d145af8bdf4ba3bc5011fa 4fddf38b4cfc497fb987fcc201f47212 - - default default] 10.0.0.13 "DELETE /v2.0/routers/093a0b58-4fad-4889-8de7-6f241192a517 HTTP/1.1" status: 404 len: 336 time: 0.0171616
2026-05-09 18:12:13.458 10 INFO neutron.pecan_wsgi.hooks.translation [None req-10da0cec-9bbb-4131-91a9-9c92ffef8ffa 8f37decd58d145af8bdf4ba3bc5011fa 4fddf38b4cfc497fb987fcc201f47212 - - default default] DELETE failed (client error): The resource could not be found.
2026-05-09 18:12:13.461 10 INFO neutron.api.wsgi [None req-10da0cec-9bbb-4131-91a9-9c92ffef8ffa 8f37decd58d145af8bdf4ba3bc5011fa 4fddf38b4cfc497fb987fcc201f47212 - - default default] 10.0.0.13 "DELETE /v2.0/subnets/913dd31b-51dd-441e-a82b-c24dff9ce8cf HTTP/1.1" status: 404 len: 337 time: 0.0116866
2026-05-09 18:12:13.471 10 INFO neutron.db.ovn_revision_numbers_db [None req-7d16a6f9-2faf-4cb6-ac7f-b7fb5204f1e4 06b8146d69884f20b30cb53e4b27b350 6474fa6adf4040d982b08aa4d6ad5b78 - - default default] Successfully bumped revision number for resource 7d51a9b7-cd0a-49e8-ba33-2b5c42c1330a (type: networks) to 1
2026-05-09 18:12:13.496 10 INFO neutron.api.wsgi [None req-24c0adb5-72e1-4d72-a774-c9c1bd56047a 8f37decd58d145af8bdf4ba3bc5011fa 4fddf38b4cfc497fb987fcc201f47212 - - default default] 10.0.0.13 "GET /v2.0/ports?device_id=25997ee4-84bf-4353-9c31-8accc875cc24 HTTP/1.1" status: 200 len: 205 time: 0.0146980
2026-05-09 18:12:13.519 9 INFO neutron.api.v2.resource [None req-fbbc7497-a502-4ab7-91eb-e282dd9d4026 8f37decd58d145af8bdf4ba3bc5011fa 4fddf38b4cfc497fb987fcc201f47212 - - default default] delete failed (client error): The resource could not be found.
2026-05-09 18:12:13.523 9 INFO neutron.api.wsgi [None req-fbbc7497-a502-4ab7-91eb-e282dd9d4026 8f37decd58d145af8bdf4ba3bc5011fa 4fddf38b4cfc497fb987fcc201f47212 - - default default] 10.0.0.13 "DELETE /v2.0/routers/25997ee4-84bf-4353-9c31-8accc875cc24 HTTP/1.1" status: 404 len: 336 time: 0.0214653
2026-05-09 18:12:13.543 9 INFO neutron.pecan_wsgi.hooks.translation [None req-e0a0f9b3-fc8f-4c15-9285-e8d0ddab8ea0 8f37decd58d145af8bdf4ba3bc5011fa 4fddf38b4cfc497fb987fcc201f47212 - - default default] DELETE failed (client error): The resource could not be found.
2026-05-09 18:12:13.546 9 INFO neutron.api.wsgi [None req-e0a0f9b3-fc8f-4c15-9285-e8d0ddab8ea0 8f37decd58d145af8bdf4ba3bc5011fa 4fddf38b4cfc497fb987fcc201f47212 - - default default] 10.0.0.13 "DELETE /v2.0/subnets/41da1f01-caa3-4074-8da4-32f15942a183 HTTP/1.1" status: 404 len: 337 time: 0.0173707
2026-05-09 18:12:13.573 10 INFO neutron.pecan_wsgi.hooks.translation [None req-c2bdfbd2-2178-40f0-b3b4-67cef60c2914 8f37decd58d145af8bdf4ba3bc5011fa 4fddf38b4cfc497fb987fcc201f47212 - - default default] DELETE failed (client error): The resource could not be found.
2026-05-09 18:12:13.575 10 INFO neutron.api.wsgi [None req-c2bdfbd2-2178-40f0-b3b4-67cef60c2914 8f37decd58d145af8bdf4ba3bc5011fa 4fddf38b4cfc497fb987fcc201f47212 - - default default] 10.0.0.13 "DELETE /v2.0/subnets/f951f308-45b2-4fc4-863f-79770925695c HTTP/1.1" status: 404 len: 337 time: 0.0227263
2026-05-09 18:12:13.692 10 WARNING neutron.scheduler.dhcp_agent_scheduler [None req-7d16a6f9-2faf-4cb6-ac7f-b7fb5204f1e4 06b8146d69884f20b30cb53e4b27b350 6474fa6adf4040d982b08aa4d6ad5b78 - - default default] No more DHCP agents
2026-05-09 18:12:13.693 10 WARNING neutron.api.rpc.agentnotifiers.dhcp_rpc_agent_api [None req-7d16a6f9-2faf-4cb6-ac7f-b7fb5204f1e4 06b8146d69884f20b30cb53e4b27b350 6474fa6adf4040d982b08aa4d6ad5b78 - - default default] Unable to schedule network 7d51a9b7-cd0a-49e8-ba33-2b5c42c1330a: no agents available; will retry on subsequent port and subnet creation events.
2026-05-09 18:12:13.765 9 WARNING neutron.plugins.ml2.drivers.ovn.mech_driver.ovsdb.ovn_client [None req-98ba7b4c-f91b-417c-b0fe-ae3b176c654d - - - - - -] No port found with ID 95d6a4fa-00b1-4622-9025-2961fa2d8103: RuntimeError: No port found with ID 95d6a4fa-00b1-4622-9025-2961fa2d8103
2026-05-09 18:12:13.787 10 INFO neutron.db.ovn_revision_numbers_db [None req-7d16a6f9-2faf-4cb6-ac7f-b7fb5204f1e4 06b8146d69884f20b30cb53e4b27b350 6474fa6adf4040d982b08aa4d6ad5b78 - - default default] Successfully bumped revision number for resource 296b8244-2650-42e3-a330-a607205c005c (type: ports) to 1
2026-05-09 18:12:13.793 9 INFO neutron.plugins.ml2.drivers.ovn.mech_driver.mech_driver [None req-98ba7b4c-f91b-417c-b0fe-ae3b176c654d - - - - - -] OVN reports status up for port: 9bc32f3c-66bd-4f00-aa89-a36eac51df90
2026-05-09 18:12:13.823 10 INFO neutron.api.wsgi [None req-7d16a6f9-2faf-4cb6-ac7f-b7fb5204f1e4 06b8146d69884f20b30cb53e4b27b350 6474fa6adf4040d982b08aa4d6ad5b78 - - default default] 10.0.0.13 "POST /v2.0/networks HTTP/1.1" status: 201 len: 848 time: 1.0575209
2026-05-09 18:12:13.833 10 WARNING neutron_lib.context [None req-44f4fbf1-f097-4260-b326-e10889f2fc00 06b8146d69884f20b30cb53e4b27b350 6474fa6adf4040d982b08aa4d6ad5b78 - - default default] Method 'is_advsvc' is deprecated since 2023.2 release (neutron-lib 3.8.0) and will be removed once support for the old RBAC API policies will be removed from Neutron. Please use method 'is_service_role' instead.
2026-05-09 18:12:14.069 9 INFO neutron.api.wsgi [req-c5ff60bc-5d45-4445-b9f9-99f40cebfbc1 req-e50e9c3c-229a-4dc8-8d05-303257e5a300 9b59f34a42f44b59acffada6688f4c19 eed4dfac04f141ca88fe8b718c7e9e03 - - 0ae8b721ae004486adb9c48fe559be89 0ae8b721ae004486adb9c48fe559be89] 199.204.45.30 "GET /v2.0/ports?tenant_id=ab3f496445bd4d37af73a4db4c89305f&device_id=189359c2-6209-484f-b9fb-ef22756b7feb HTTP/1.1" status: 200 len: 1407 time: 0.0323191
2026-05-09 18:12:14.093 9 INFO neutron.api.wsgi [req-c5ff60bc-5d45-4445-b9f9-99f40cebfbc1 req-5eaa2c0f-e849-4c23-aef9-0ae260b44b9e 9b59f34a42f44b59acffada6688f4c19 eed4dfac04f141ca88fe8b718c7e9e03 - - 0ae8b721ae004486adb9c48fe559be89 0ae8b721ae004486adb9c48fe559be89] 199.204.45.30 "GET /v2.0/floatingips?fixed_ip_address=10.100.0.3&port_id=8e56a664-3597-44ed-8ded-a04f9ddbc64d HTTP/1.1" status: 200 len: 217 time: 0.0197299
2026-05-09 18:12:14.129 9 INFO neutron.api.wsgi [req-c5ff60bc-5d45-4445-b9f9-99f40cebfbc1 req-19347759-a106-4f5b-953c-a645f33c6094 9b59f34a42f44b59acffada6688f4c19 eed4dfac04f141ca88fe8b718c7e9e03 - - 0ae8b721ae004486adb9c48fe559be89 0ae8b721ae004486adb9c48fe559be89] 199.204.45.30 "GET /v2.0/subnets?id=378d0ab5-4b89-49df-bee5-db4f0ac4ad06 HTTP/1.1" status: 200 len: 893 time: 0.0273442
2026-05-09 18:12:14.137 10 WARNING neutron.scheduler.dhcp_agent_scheduler [None req-44f4fbf1-f097-4260-b326-e10889f2fc00 06b8146d69884f20b30cb53e4b27b350 6474fa6adf4040d982b08aa4d6ad5b78 - - default default] No more DHCP agents
2026-05-09 18:12:14.138 10 WARNING neutron.api.rpc.agentnotifiers.dhcp_rpc_agent_api [None req-44f4fbf1-f097-4260-b326-e10889f2fc00 06b8146d69884f20b30cb53e4b27b350 6474fa6adf4040d982b08aa4d6ad5b78 - - default default] Unable to schedule network 7d51a9b7-cd0a-49e8-ba33-2b5c42c1330a: no agents available; will retry on subsequent port and subnet creation events.
2026-05-09 18:12:14.151 9 INFO neutron.api.wsgi [req-c5ff60bc-5d45-4445-b9f9-99f40cebfbc1 req-7e49b8c4-24a1-44d0-b8c2-f99003f9d642 9b59f34a42f44b59acffada6688f4c19 eed4dfac04f141ca88fe8b718c7e9e03 - - 0ae8b721ae004486adb9c48fe559be89 0ae8b721ae004486adb9c48fe559be89] 199.204.45.30 "GET /v2.0/ports?network_id=bcd8b69c-74e5-4b01-8d65-d2480345f088&device_owner=network%3Adhcp HTTP/1.1" status: 200 len: 210 time: 0.0189767
2026-05-09 18:12:14.208 9 INFO neutron.api.wsgi [req-c5ff60bc-5d45-4445-b9f9-99f40cebfbc1 req-7455c831-02c9-4cf2-908b-461f11ca8744 9b59f34a42f44b59acffada6688f4c19 eed4dfac04f141ca88fe8b718c7e9e03 - - 0ae8b721ae004486adb9c48fe559be89 0ae8b721ae004486adb9c48fe559be89] 199.204.45.30 "GET /v2.0/networks/bcd8b69c-74e5-4b01-8d65-d2480345f088?fields=segments HTTP/1.1" status: 200 len: 212 time: 0.0524304
2026-05-09 18:12:14.230 10 INFO neutron.db.ovn_revision_numbers_db [None req-44f4fbf1-f097-4260-b326-e10889f2fc00 06b8146d69884f20b30cb53e4b27b350 6474fa6adf4040d982b08aa4d6ad5b78 - - default default] Successfully bumped revision number for resource 19b3a004-d265-4b52-a7ed-e3313b49ac81 (type: ports) to 1
2026-05-09 18:12:14.254 9 INFO neutron.api.wsgi [req-c5ff60bc-5d45-4445-b9f9-99f40cebfbc1 req-838b152d-bf4f-448f-9cd7-53490d61172e 9b59f34a42f44b59acffada6688f4c19 eed4dfac04f141ca88fe8b718c7e9e03 - - 0ae8b721ae004486adb9c48fe559be89 0ae8b721ae004486adb9c48fe559be89] 199.204.45.30 "GET /v2.0/networks/bcd8b69c-74e5-4b01-8d65-d2480345f088?fields=provider%3Aphysical_network&fields=provider%3Anetwork_type HTTP/1.1" status: 200 len: 277 time: 0.0401113
2026-05-09 18:12:14.266 10 INFO neutron.api.wsgi [None req-44f4fbf1-f097-4260-b326-e10889f2fc00 06b8146d69884f20b30cb53e4b27b350 6474fa6adf4040d982b08aa4d6ad5b78 - - default default] 10.0.0.13 "POST /v2.0/ports HTTP/1.1" status: 201 len: 978 time: 0.4379663 /var/lib/openstack/lib/python3.12/site-packages/pycadf/identifier.py:71: UserWarning: Invalid uuid: neutron. To ensure interoperability, identifiers should be a valid uuid. warnings.warn(('Invalid uuid: %s. To ensure interoperability, '
2026-05-09 18:12:14.277 10 WARNING neutron_lib.context [None req-94b891b1-3582-4510-857b-b199f8e66640 06b8146d69884f20b30cb53e4b27b350 6474fa6adf4040d982b08aa4d6ad5b78 - - default default] Method 'is_advsvc' is deprecated since 2023.2 release (neutron-lib 3.8.0) and will be removed once support for the old RBAC API policies will be removed from Neutron. Please use method 'is_service_role' instead.
2026-05-09 18:12:14.335 10 INFO neutron.api.wsgi [None req-453a51f1-c4dd-4d7f-b944-ca2a22c24b64 eeb06f2e737947319181263885889c97 060fb54941ec4ee78175ce5716b185b4 - - default default] 10.0.0.13 "GET /v2.0/security-groups?tenant_id=4fddf38b4cfc497fb987fcc201f47212&name=default HTTP/1.1" status: 200 len: 3120 time: 0.1952150
2026-05-09 18:12:14.380 10 INFO neutron.db.segments_db [None req-94b891b1-3582-4510-857b-b199f8e66640 06b8146d69884f20b30cb53e4b27b350 6474fa6adf4040d982b08aa4d6ad5b78 - - default default] Added segment 89f786bb-96ee-47b8-83ae-83697e0f9099 of type geneve for network ed1a02e1-16a5-4a49-82ef-c9101301a2f1
2026-05-09 18:12:14.456 9 INFO neutron.api.wsgi [req-4159fa73-453d-4512-a37a-d277114c2796 req-a5f5f736-03a7-478b-a41b-892efcaf962f ba9f20f0e0694adfa3a3399261a82c9f ab3f496445bd4d37af73a4db4c89305f - - default default] 10.0.0.11 "GET /v2.0/ports?device_id=189359c2-6209-484f-b9fb-ef22756b7feb HTTP/1.1" status: 200 len: 1168 time: 0.0736783
2026-05-09 18:12:14.501 9 INFO neutron.api.wsgi [req-4159fa73-453d-4512-a37a-d277114c2796 req-96c5fbdd-c858-43ad-8447-49aa930bac29 ba9f20f0e0694adfa3a3399261a82c9f ab3f496445bd4d37af73a4db4c89305f - - default default] 10.0.0.11 "GET /v2.0/security-groups?id=1bd0171b-6ea7-43bd-9016-3129ca346c0e&fields=id&fields=name HTTP/1.1" status: 200 len: 313 time: 0.0387137
2026-05-09 18:12:14.528 10 INFO neutron.db.ovn_revision_numbers_db [None req-94b891b1-3582-4510-857b-b199f8e66640 06b8146d69884f20b30cb53e4b27b350 6474fa6adf4040d982b08aa4d6ad5b78 - - default default] Successfully bumped revision number for resource ed1a02e1-16a5-4a49-82ef-c9101301a2f1 (type: networks) to 1
2026-05-09 18:12:14.614 9 INFO neutron.api.wsgi [None req-a5c638e1-e88b-418b-83ab-ca60b35d9788 eeb06f2e737947319181263885889c97 060fb54941ec4ee78175ce5716b185b4 - - default default] 10.0.0.13 "DELETE /v2.0/security-groups/f9f19214-8cd1-478f-bd09-30f549502128 HTTP/1.1" status: 204 len: 168 time: 0.2739060
2026-05-09 18:12:14.712 10 WARNING neutron.scheduler.dhcp_agent_scheduler [None req-94b891b1-3582-4510-857b-b199f8e66640 06b8146d69884f20b30cb53e4b27b350 6474fa6adf4040d982b08aa4d6ad5b78 - - default default] No more DHCP agents
2026-05-09 18:12:14.713 10 WARNING neutron.api.rpc.agentnotifiers.dhcp_rpc_agent_api [None req-94b891b1-3582-4510-857b-b199f8e66640 06b8146d69884f20b30cb53e4b27b350 6474fa6adf4040d982b08aa4d6ad5b78 - - default default] Unable to schedule network ed1a02e1-16a5-4a49-82ef-c9101301a2f1: no agents available; will retry on subsequent port and subnet creation events.
2026-05-09 18:12:14.798 10 INFO neutron.db.ovn_revision_numbers_db [None req-94b891b1-3582-4510-857b-b199f8e66640 06b8146d69884f20b30cb53e4b27b350 6474fa6adf4040d982b08aa4d6ad5b78 - - default default] Successfully bumped revision number for resource 08492a16-52eb-47b3-aa3a-a4e2ef75121f (type: ports) to 1
2026-05-09 18:12:14.872 10 INFO neutron.api.wsgi [None req-94b891b1-3582-4510-857b-b199f8e66640 06b8146d69884f20b30cb53e4b27b350 6474fa6adf4040d982b08aa4d6ad5b78 - - default default] 10.0.0.13 "POST /v2.0/networks HTTP/1.1" status: 201 len: 834 time: 0.5999537
2026-05-09 18:12:14.884 10 WARNING neutron_lib.context [None req-09544d7e-2d25-4860-8564-3c0dd04d9a2f 06b8146d69884f20b30cb53e4b27b350 6474fa6adf4040d982b08aa4d6ad5b78 - - default default] Method 'is_advsvc' is deprecated since 2023.2 release (neutron-lib 3.8.0) and will be removed once support for the old RBAC API policies will be removed from Neutron. Please use method 'is_service_role' instead.
2026-05-09 18:12:15.081 10 WARNING neutron.scheduler.dhcp_agent_scheduler [None req-09544d7e-2d25-4860-8564-3c0dd04d9a2f 06b8146d69884f20b30cb53e4b27b350 6474fa6adf4040d982b08aa4d6ad5b78 - - default default] No more DHCP agents
2026-05-09 18:12:15.083 10 WARNING neutron.api.rpc.agentnotifiers.dhcp_rpc_agent_api [None req-09544d7e-2d25-4860-8564-3c0dd04d9a2f 06b8146d69884f20b30cb53e4b27b350 6474fa6adf4040d982b08aa4d6ad5b78 - - default default] Unable to schedule network ed1a02e1-16a5-4a49-82ef-c9101301a2f1: no agents available; will retry on subsequent port and subnet creation events.
2026-05-09 18:12:15.139 10 INFO neutron.db.ovn_revision_numbers_db [None req-09544d7e-2d25-4860-8564-3c0dd04d9a2f 06b8146d69884f20b30cb53e4b27b350 6474fa6adf4040d982b08aa4d6ad5b78 - - default default] Successfully bumped revision number for resource 89dc9fa0-41f8-45bb-baa8-393a3a40f88e (type: subnets) to 0
2026-05-09 18:12:15.166 10 INFO neutron.api.wsgi [None req-09544d7e-2d25-4860-8564-3c0dd04d9a2f 06b8146d69884f20b30cb53e4b27b350 6474fa6adf4040d982b08aa4d6ad5b78 - - default default] 10.0.0.13 "POST /v2.0/subnets HTTP/1.1" status: 201 len: 845 time: 0.2873232
2026-05-09 18:12:15.174 10 WARNING neutron_lib.context [None req-eac82387-fa7e-45af-88b3-adb73aa39436 06b8146d69884f20b30cb53e4b27b350 6474fa6adf4040d982b08aa4d6ad5b78 - - default default] Method 'is_advsvc' is deprecated since 2023.2 release (neutron-lib 3.8.0) and will be removed once support for the old RBAC API policies will be removed from Neutron. Please use method 'is_service_role' instead.
2026-05-09 18:12:15.483 10 WARNING neutron.scheduler.dhcp_agent_scheduler [None req-eac82387-fa7e-45af-88b3-adb73aa39436 06b8146d69884f20b30cb53e4b27b350 6474fa6adf4040d982b08aa4d6ad5b78 - - default default] No more DHCP agents
2026-05-09 18:12:15.484 10 WARNING neutron.api.rpc.agentnotifiers.dhcp_rpc_agent_api [None req-eac82387-fa7e-45af-88b3-adb73aa39436 06b8146d69884f20b30cb53e4b27b350 6474fa6adf4040d982b08aa4d6ad5b78 - - default default] Unable to schedule network ed1a02e1-16a5-4a49-82ef-c9101301a2f1: no agents available; will retry on subsequent port and subnet creation events. /var/lib/openstack/lib/python3.12/site-packages/pycadf/identifier.py:71: UserWarning: Invalid uuid: neutron. To ensure interoperability, identifiers should be a valid uuid. warnings.warn(('Invalid uuid: %s. To ensure interoperability, '
2026-05-09 18:12:15.586 10 INFO neutron.api.wsgi [req-3b67dc98-80b1-46cc-a1e8-6eb991e16dc5 req-fdbc6fd4-684d-4fbb-9774-404a2447e5f6 ba9f20f0e0694adfa3a3399261a82c9f ab3f496445bd4d37af73a4db4c89305f - - default default] 10.0.0.11 "GET /v2.0/ports?device_id=189359c2-6209-484f-b9fb-ef22756b7feb HTTP/1.1" status: 200 len: 1168 time: 0.0283940
2026-05-09 18:12:15.618 10 INFO neutron.db.ovn_revision_numbers_db [None req-eac82387-fa7e-45af-88b3-adb73aa39436 06b8146d69884f20b30cb53e4b27b350 6474fa6adf4040d982b08aa4d6ad5b78 - - default default] Successfully bumped revision number for resource cad36b4c-dead-4a69-af28-570b7b235cef (type: ports) to 1
2026-05-09 18:12:15.622 10 INFO neutron.api.wsgi [req-3b67dc98-80b1-46cc-a1e8-6eb991e16dc5 req-d227875b-dee8-4912-9f1c-0250d2e82e94 ba9f20f0e0694adfa3a3399261a82c9f ab3f496445bd4d37af73a4db4c89305f - - default default] 10.0.0.11 "GET /v2.0/security-groups?id=1bd0171b-6ea7-43bd-9016-3129ca346c0e&fields=id&fields=name HTTP/1.1" status: 200 len: 313 time: 0.0299942
2026-05-09 18:12:15.651 10 INFO neutron.api.wsgi [None req-eac82387-fa7e-45af-88b3-adb73aa39436 06b8146d69884f20b30cb53e4b27b350 6474fa6adf4040d982b08aa4d6ad5b78 - - default default] 10.0.0.13 "POST /v2.0/ports HTTP/1.1" status: 201 len: 1161 time: 0.4806430
2026-05-09 18:12:15.921 10 INFO neutron.api.wsgi [None req-322b75af-4d74-4afe-9207-5eed99a8858f 06b8146d69884f20b30cb53e4b27b350 6474fa6adf4040d982b08aa4d6ad5b78 - - default default] 10.0.0.13 "DELETE /v2.0/ports/cad36b4c-dead-4a69-af28-570b7b235cef HTTP/1.1" status: 204 len: 168 time: 0.2652090
2026-05-09 18:12:15.940 10 INFO neutron.pecan_wsgi.hooks.translation [None req-308609ff-33dd-4a73-b19b-92939aad7132 06b8146d69884f20b30cb53e4b27b350 6474fa6adf4040d982b08aa4d6ad5b78 - - default default] DELETE failed (client error): The resource could not be found.
2026-05-09 18:12:15.943 10 INFO neutron.api.wsgi [None req-308609ff-33dd-4a73-b19b-92939aad7132 06b8146d69884f20b30cb53e4b27b350 6474fa6adf4040d982b08aa4d6ad5b78 - - default default] 10.0.0.13 "DELETE /v2.0/ports/cad36b4c-dead-4a69-af28-570b7b235cef HTTP/1.1" status: 404 len: 333 time: 0.0156670
2026-05-09 18:12:15.968 10 INFO neutron.pecan_wsgi.hooks.translation [None req-cb0ff04a-b8e0-4e58-9d85-ea39b750cb4c 06b8146d69884f20b30cb53e4b27b350 6474fa6adf4040d982b08aa4d6ad5b78 - - default default] GET failed (client error): The resource could not be found.
2026-05-09 18:12:15.969 10 INFO neutron.api.wsgi [None req-cb0ff04a-b8e0-4e58-9d85-ea39b750cb4c 06b8146d69884f20b30cb53e4b27b350 6474fa6adf4040d982b08aa4d6ad5b78 - - default default] 10.0.0.13 "GET /v2.0/ports/cad36b4c-dead-4a69-af28-570b7b235cef HTTP/1.1" status: 404 len: 333 time: 0.0207720
2026-05-09 18:12:16.240 10 INFO neutron.api.wsgi [None req-5b24612e-8f8f-4bdb-8a09-64852253b7a9 06b8146d69884f20b30cb53e4b27b350 6474fa6adf4040d982b08aa4d6ad5b78 - - default default] 10.0.0.13 "DELETE /v2.0/subnets/89dc9fa0-41f8-45bb-baa8-393a3a40f88e HTTP/1.1" status: 204 len: 168 time: 0.2640793
2026-05-09 18:12:16.438 10 INFO neutron.plugins.ml2.drivers.ovn.mech_driver.mech_driver [None req-d70e31ed-f7c3-4ef2-8821-eeea2408282d - - - - - -] OVN reports status up for port: 8e56a664-3597-44ed-8ded-a04f9ddbc64d
2026-05-09 18:12:16.540 9 INFO neutron.api.wsgi [-] 10.0.0.207 "GET / HTTP/1.1" status: 200 len: 247 time: 0.0023832
2026-05-09 18:12:16.540 10 INFO neutron.api.wsgi [-] 10.0.0.207 "GET / HTTP/1.1" status: 200 len: 247 time: 0.0024176
2026-05-09 18:12:16.578 10 INFO neutron.plugins.ml2.plugin [None req-d70e31ed-f7c3-4ef2-8821-eeea2408282d - - - - - -] Attempt 1 to provision port 8e56a664-3597-44ed-8ded-a04f9ddbc64d
2026-05-09 18:12:16.728 10 INFO neutron.notifiers.nova [-] Nova event matching ['req-e4e7a558-a898-4a7d-840b-0d45cae5d5b1'] response: {'server_uuid': '189359c2-6209-484f-b9fb-ef22756b7feb', 'name': 'network-vif-plugged', 'status': 'completed', 'tag': '8e56a664-3597-44ed-8ded-a04f9ddbc64d', 'code': 200}
2026-05-09 18:12:16.738 9 INFO neutron.api.wsgi [req-a0b1acab-b006-447c-9ec8-bad0ef6b0497 req-2b1fbd89-0695-4132-9c1b-e8472296c8ee ba9f20f0e0694adfa3a3399261a82c9f ab3f496445bd4d37af73a4db4c89305f - - default default] 10.0.0.11 "GET /v2.0/ports?device_id=189359c2-6209-484f-b9fb-ef22756b7feb HTTP/1.1" status: 200 len: 1168 time: 0.0507164
2026-05-09 18:12:16.785 9 INFO neutron.db.ovn_revision_numbers_db [None req-e3bbb002-d3e7-4015-a841-103ff0ac24a0 eeb06f2e737947319181263885889c97 060fb54941ec4ee78175ce5716b185b4 - - default default] Successfully bumped revision number for resource 86c90cfe-0752-49a7-a79e-b40770099c14 (type: security_groups) to 1
2026-05-09 18:12:16.790 9 INFO neutron.api.wsgi [req-a0b1acab-b006-447c-9ec8-bad0ef6b0497 req-fcca87a3-2fa0-40d2-9e5e-9f96001db946 ba9f20f0e0694adfa3a3399261a82c9f ab3f496445bd4d37af73a4db4c89305f - - default default] 10.0.0.11 "GET /v2.0/security-groups?id=1bd0171b-6ea7-43bd-9016-3129ca346c0e&fields=id&fields=name HTTP/1.1" status: 200 len: 313 time: 0.0420671
2026-05-09 18:12:16.839 10 WARNING neutron_lib.context [None req-dc542a20-2f88-402a-a046-c9e30df26526 c0728256a303438ca3194885b088d397 590a7f5ecc1c473a8f99d9f117dfd869 - - default default] Method 'is_advsvc' is deprecated since 2023.2 release (neutron-lib 3.8.0) and will be removed once support for the old RBAC API policies will be removed from Neutron. Please use method 'is_service_role' instead.
2026-05-09 18:12:16.861 9 INFO neutron.db.ovn_revision_numbers_db [None req-e3bbb002-d3e7-4015-a841-103ff0ac24a0 eeb06f2e737947319181263885889c97 060fb54941ec4ee78175ce5716b185b4 - - default default] Successfully bumped revision number for resource 71e6e35a-afdb-4d86-b57f-2bcd67dc69d1 (type: security_group_rules) to 0
2026-05-09 18:12:16.899 9 INFO neutron.db.ovn_revision_numbers_db [None req-e3bbb002-d3e7-4015-a841-103ff0ac24a0 eeb06f2e737947319181263885889c97 060fb54941ec4ee78175ce5716b185b4 - - default default] Successfully bumped revision number for resource aa5145dc-aba6-40e8-b916-af069fe88359 (type: security_group_rules) to 0
2026-05-09 18:12:16.922 9 INFO neutron.db.ovn_revision_numbers_db [None req-e3bbb002-d3e7-4015-a841-103ff0ac24a0 eeb06f2e737947319181263885889c97 060fb54941ec4ee78175ce5716b185b4 - - default default] Successfully bumped revision number for resource b90c5003-c864-4e39-86e0-718b9e71edd5 (type: security_group_rules) to 0
2026-05-09 18:12:16.949 9 INFO neutron.db.ovn_revision_numbers_db [None req-e3bbb002-d3e7-4015-a841-103ff0ac24a0 eeb06f2e737947319181263885889c97 060fb54941ec4ee78175ce5716b185b4 - - default default] Successfully bumped revision number for resource ebac27b8-5cab-4593-b89e-7073c29a61eb (type: security_group_rules) to 0
2026-05-09 18:12:16.968 10 INFO neutron.services.segments.plugin [-] Segment 89f786bb-96ee-47b8-83ae-83697e0f9099 resource provider aggregate not found
2026-05-09 18:12:16.972 10 INFO neutron.services.segments.plugin [-] Segment 89f786bb-96ee-47b8-83ae-83697e0f9099 resource provider aggregate not found
2026-05-09 18:12:16.986 10 INFO neutron.services.segments.plugin [-] Segment 89f786bb-96ee-47b8-83ae-83697e0f9099 resource provider not found; error: Placement Client Error (4xx): {"errors": [{"status": 404, "title": "Not Found", "detail": "The resource could not be found.\n\n No resource provider with uuid 89f786bb-96ee-47b8-83ae-83697e0f9099 found for delete ", "request_id": "req-78225958-efe2-4120-ad43-f9203ffc4ea3"}]}
2026-05-09 18:12:16.990 10 INFO neutron.services.segments.plugin [-] Segment 89f786bb-96ee-47b8-83ae-83697e0f9099 resource provider not found; error: Placement Client Error (4xx): {"errors": [{"status": 404, "title": "Not Found", "detail": "The resource could not be found.\n\n No resource provider with uuid 89f786bb-96ee-47b8-83ae-83697e0f9099 found for delete ", "request_id": "req-2e36d132-94ab-4f90-addb-6c1bc5aba880"}]}
2026-05-09 18:12:16.998 9 INFO neutron.api.wsgi [None req-e3bbb002-d3e7-4015-a841-103ff0ac24a0 eeb06f2e737947319181263885889c97 060fb54941ec4ee78175ce5716b185b4 - - default default] 10.0.0.13 "GET /v2.0/security-groups?tenant_id=8dbff05949664d2dab008ac020766e43&name=default HTTP/1.1" status: 200 len: 3120 time: 1.0334127
2026-05-09 18:12:17.089 10 INFO neutron.db.ovn_revision_numbers_db [None req-d70e31ed-f7c3-4ef2-8821-eeea2408282d - - - - - -] Successfully bumped revision number for resource 8e56a664-3597-44ed-8ded-a04f9ddbc64d (type: ports) to 5
2026-05-09 18:12:17.121 10 INFO neutron.api.wsgi [None req-c652ebec-4728-4e62-be78-46029faf28ed 06b8146d69884f20b30cb53e4b27b350 6474fa6adf4040d982b08aa4d6ad5b78 - - default default] 10.0.0.13 "DELETE /v2.0/networks/ed1a02e1-16a5-4a49-82ef-c9101301a2f1 HTTP/1.1" status: 204 len: 168 time: 0.8769255
2026-05-09 18:12:17.125 10 INFO neutron.db.ovn_revision_numbers_db [None req-dc542a20-2f88-402a-a046-c9e30df26526 c0728256a303438ca3194885b088d397 590a7f5ecc1c473a8f99d9f117dfd869 - - default default] Successfully bumped revision number for resource a54776f3-6a55-44d9-b60e-d672591e13b9 (type: security_groups) to 1
2026-05-09 18:12:17.132 10 WARNING neutron_lib.context [None req-9994c5a0-30a0-470b-a00b-59221eda4855 06b8146d69884f20b30cb53e4b27b350 6474fa6adf4040d982b08aa4d6ad5b78 - - default default] Method 'is_advsvc' is deprecated since 2023.2 release (neutron-lib 3.8.0) and will be removed once support for the old RBAC API policies will be removed from Neutron. Please use method 'is_service_role' instead.
2026-05-09 18:12:17.193 10 INFO neutron.db.ovn_revision_numbers_db [None req-dc542a20-2f88-402a-a046-c9e30df26526 c0728256a303438ca3194885b088d397 590a7f5ecc1c473a8f99d9f117dfd869 - - default default] Successfully bumped revision number for resource 367225f7-b259-4409-957e-664240ece2de (type: security_group_rules) to 0
2026-05-09 18:12:17.243 10 INFO neutron.db.ovn_revision_numbers_db [None req-dc542a20-2f88-402a-a046-c9e30df26526 c0728256a303438ca3194885b088d397 590a7f5ecc1c473a8f99d9f117dfd869 - - default default] Successfully bumped revision number for resource 67fa53cc-c7e0-46de-9daf-b1982a0fc872 (type: security_group_rules) to 0
2026-05-09 18:12:17.340 10 INFO neutron.db.ovn_revision_numbers_db [None req-dc542a20-2f88-402a-a046-c9e30df26526 c0728256a303438ca3194885b088d397 590a7f5ecc1c473a8f99d9f117dfd869 - - default default] Successfully bumped revision number for resource 9c0ea844-fc50-4343-8d7e-3d6118e5e921 (type: security_group_rules) to 0
2026-05-09 18:12:17.413 10 INFO neutron.db.segments_db [None req-9994c5a0-30a0-470b-a00b-59221eda4855 06b8146d69884f20b30cb53e4b27b350 6474fa6adf4040d982b08aa4d6ad5b78 - - default default] Added segment c20bbe03-e0f4-459b-90bb-d84d6c0586ea of type geneve for network 51b07cb3-eee2-4644-a7a5-7e44b27192f0
2026-05-09 18:12:17.416 10 INFO neutron.db.ovn_revision_numbers_db [None req-dc542a20-2f88-402a-a046-c9e30df26526 c0728256a303438ca3194885b088d397 590a7f5ecc1c473a8f99d9f117dfd869 - - default default] Successfully bumped revision number for resource b36bd338-32f8-4beb-b672-380ffe037f26 (type: security_group_rules) to 0
2026-05-09 18:12:17.471 9 INFO neutron.api.wsgi [None req-69c789c4-3b04-4df0-b20e-fff57851c802 eeb06f2e737947319181263885889c97 060fb54941ec4ee78175ce5716b185b4 - - default default] 10.0.0.13 "DELETE /v2.0/security-groups/86c90cfe-0752-49a7-a79e-b40770099c14 HTTP/1.1" status: 204 len: 168 time: 0.4670553
2026-05-09 18:12:17.666 10 INFO neutron.db.ovn_revision_numbers_db [None req-dc542a20-2f88-402a-a046-c9e30df26526 c0728256a303438ca3194885b088d397 590a7f5ecc1c473a8f99d9f117dfd869 - - default default] Successfully bumped revision number for resource 26683ef5-5aec-410f-bf4a-34a052c5b4ee (type: security_groups) to 1
2026-05-09 18:12:17.728 10 INFO neutron.db.ovn_revision_numbers_db [None req-9994c5a0-30a0-470b-a00b-59221eda4855 06b8146d69884f20b30cb53e4b27b350 6474fa6adf4040d982b08aa4d6ad5b78 - - default default] Successfully bumped revision number for resource 51b07cb3-eee2-4644-a7a5-7e44b27192f0 (type: networks) to 1
2026-05-09 18:12:17.740 10 INFO neutron.db.ovn_revision_numbers_db [None req-dc542a20-2f88-402a-a046-c9e30df26526 c0728256a303438ca3194885b088d397 590a7f5ecc1c473a8f99d9f117dfd869 - - default default] Successfully bumped revision number for resource 4c81aea0-b990-4eaa-ba8c-ee8b288cd981 (type: security_group_rules) to 0
2026-05-09 18:12:17.762 10 INFO neutron.db.ovn_revision_numbers_db [None req-dc542a20-2f88-402a-a046-c9e30df26526 c0728256a303438ca3194885b088d397 590a7f5ecc1c473a8f99d9f117dfd869 - - default default] Successfully bumped revision number for resource 7f48c254-fb48-47ca-bae8-b17aa8755967 (type: security_group_rules) to 0 /var/lib/openstack/lib/python3.12/site-packages/pycadf/identifier.py:71: UserWarning: Invalid uuid: neutron. To ensure interoperability, identifiers should be a valid uuid. warnings.warn(('Invalid uuid: %s. To ensure interoperability, '
2026-05-09 18:12:17.882 10 INFO neutron.api.wsgi [None req-dc542a20-2f88-402a-a046-c9e30df26526 c0728256a303438ca3194885b088d397 590a7f5ecc1c473a8f99d9f117dfd869 - - default default] 10.0.0.13 "POST /v2.0/security-groups HTTP/1.1" status: 201 len: 1824 time: 1.1896975
2026-05-09 18:12:17.923 9 INFO neutron.api.wsgi [None req-ca35a423-6e1a-4aca-874b-f56ec20b7e1e c0728256a303438ca3194885b088d397 590a7f5ecc1c473a8f99d9f117dfd869 - - default default] 10.0.0.13 "GET /v2.0/security-groups HTTP/1.1" status: 200 len: 4724 time: 0.0370910
2026-05-09 18:12:17.951 10 INFO neutron.api.wsgi [req-38e725c6-3d72-4c34-8522-17c6e5abe072 req-0502f2b0-68f7-4681-a1c4-a96ce3751753 ba9f20f0e0694adfa3a3399261a82c9f ab3f496445bd4d37af73a4db4c89305f - - default default] 10.0.0.11 "GET /v2.0/ports?device_id=189359c2-6209-484f-b9fb-ef22756b7feb HTTP/1.1" status: 200 len: 1170 time: 0.0995100
2026-05-09 18:12:17.969 10 WARNING neutron.scheduler.dhcp_agent_scheduler [None req-9994c5a0-30a0-470b-a00b-59221eda4855 06b8146d69884f20b30cb53e4b27b350 6474fa6adf4040d982b08aa4d6ad5b78 - - default default] No more DHCP agents
2026-05-09 18:12:17.970 10 WARNING neutron.api.rpc.agentnotifiers.dhcp_rpc_agent_api [None req-9994c5a0-30a0-470b-a00b-59221eda4855 06b8146d69884f20b30cb53e4b27b350 6474fa6adf4040d982b08aa4d6ad5b78 - - default default] Unable to schedule network 51b07cb3-eee2-4644-a7a5-7e44b27192f0: no agents available; will retry on subsequent port and subnet creation events.
2026-05-09 18:12:17.993 10 INFO neutron.api.wsgi [req-38e725c6-3d72-4c34-8522-17c6e5abe072 req-9764895f-dae1-4bc1-ac8f-103b94647b83 ba9f20f0e0694adfa3a3399261a82c9f ab3f496445bd4d37af73a4db4c89305f - - default default] 10.0.0.11 "GET /v2.0/security-groups?id=1bd0171b-6ea7-43bd-9016-3129ca346c0e&fields=id&fields=name HTTP/1.1" status: 200 len: 313 time: 0.0352550
2026-05-09 18:12:18.040 9 INFO neutron.db.ovn_revision_numbers_db [None req-0be8c071-735f-457d-9577-d142d2e18639 eeb06f2e737947319181263885889c97 060fb54941ec4ee78175ce5716b185b4 - - default default] Successfully bumped revision number for resource 6eadaec4-8291-49b9-a61f-4d8351bfbb8a (type: security_groups) to 1
2026-05-09 18:12:18.067 10 INFO neutron.db.ovn_revision_numbers_db [None req-9994c5a0-30a0-470b-a00b-59221eda4855 06b8146d69884f20b30cb53e4b27b350 6474fa6adf4040d982b08aa4d6ad5b78 - - default default] Successfully bumped revision number for resource 9af4453f-2f1f-4cbe-a5f3-c35d39306f15 (type: ports) to 1
2026-05-09 18:12:18.126 9 INFO neutron.db.ovn_revision_numbers_db [None req-0be8c071-735f-457d-9577-d142d2e18639 eeb06f2e737947319181263885889c97 060fb54941ec4ee78175ce5716b185b4 - - default default] Successfully bumped revision number for resource 09200bf0-08ed-4f54-af9c-d6b15d6909ab (type: security_group_rules) to 0
2026-05-09 18:12:18.144 9 INFO neutron.db.ovn_revision_numbers_db [None req-9293fba7-5a57-4632-9b4e-0886bca762e2 c0728256a303438ca3194885b088d397 590a7f5ecc1c473a8f99d9f117dfd869 - - default default] Successfully bumped revision number for resource 26683ef5-5aec-410f-bf4a-34a052c5b4ee (type: security_groups) to 2
2026-05-09 18:12:18.148 9 INFO neutron.db.ovn_revision_numbers_db [None req-0be8c071-735f-457d-9577-d142d2e18639 eeb06f2e737947319181263885889c97 060fb54941ec4ee78175ce5716b185b4 - - default default] Successfully bumped revision number for resource 6d99b14b-5b95-45f9-9dde-f06c796e1898 (type: security_group_rules) to 0
2026-05-09 18:12:18.148 10 INFO neutron.api.wsgi [None req-9994c5a0-30a0-470b-a00b-59221eda4855 06b8146d69884f20b30cb53e4b27b350 6474fa6adf4040d982b08aa4d6ad5b78 - - default default] 10.0.0.13 "POST /v2.0/networks HTTP/1.1" status: 201 len: 834 time: 1.0206943
2026-05-09 18:12:18.159 10 WARNING neutron_lib.context [None req-bb318307-2450-4f0d-8242-e31aa9748723 06b8146d69884f20b30cb53e4b27b350 6474fa6adf4040d982b08aa4d6ad5b78 - - default default] Method 'is_advsvc' is deprecated since 2023.2 release (neutron-lib 3.8.0) and will be removed once support for the old RBAC API policies will be removed from Neutron. Please use method 'is_service_role' instead.
2026-05-09 18:12:18.169 9 INFO neutron.api.wsgi [None req-9293fba7-5a57-4632-9b4e-0886bca762e2 c0728256a303438ca3194885b088d397 590a7f5ecc1c473a8f99d9f117dfd869 - - default default] 10.0.0.13 "PUT /v2.0/security-groups/26683ef5-5aec-410f-bf4a-34a052c5b4ee HTTP/1.1" status: 200 len: 1859 time: 0.2367914
2026-05-09 18:12:18.198 9 INFO neutron.api.wsgi [None req-92b6af0a-29fa-41e0-8c99-3a6de6b4dbca c0728256a303438ca3194885b088d397 590a7f5ecc1c473a8f99d9f117dfd869 - - default default] 10.0.0.13 "GET /v2.0/security-groups/26683ef5-5aec-410f-bf4a-34a052c5b4ee HTTP/1.1" status: 200 len: 1859 time: 0.0244737
2026-05-09 18:12:18.226 9 INFO neutron.db.ovn_revision_numbers_db [None req-0be8c071-735f-457d-9577-d142d2e18639 eeb06f2e737947319181263885889c97 060fb54941ec4ee78175ce5716b185b4 - - default default] Successfully bumped revision number for resource a55b64d1-e9f1-4438-9f21-8f01b5aa0091 (type: security_group_rules) to 0
2026-05-09 18:12:18.311 9 INFO neutron.db.ovn_revision_numbers_db [None req-0be8c071-735f-457d-9577-d142d2e18639 eeb06f2e737947319181263885889c97 060fb54941ec4ee78175ce5716b185b4 - - default default] Successfully bumped revision number for resource d2cd7210-9f8b-4e11-8d22-3edb213afdac (type: security_group_rules) to 0
2026-05-09 18:12:18.377 9 INFO neutron.api.wsgi [None req-0be8c071-735f-457d-9577-d142d2e18639 eeb06f2e737947319181263885889c97 060fb54941ec4ee78175ce5716b185b4 - - default default] 10.0.0.13 "GET /v2.0/security-groups?tenant_id=5591f3095b1e4c63b7db1747bf5974fa&name=default HTTP/1.1" status: 200 len: 3120 time: 0.6233130
2026-05-09 18:12:18.464 9 INFO neutron.api.wsgi [None req-a602f87a-778e-4743-8e31-24e9150649d3 c0728256a303438ca3194885b088d397 590a7f5ecc1c473a8f99d9f117dfd869 - - default default] 10.0.0.13 "DELETE /v2.0/security-groups/26683ef5-5aec-410f-bf4a-34a052c5b4ee HTTP/1.1" status: 204 len: 168 time: 0.2619100
2026-05-09 18:12:18.517 10 INFO neutron.api.wsgi [None req-011bd309-4907-4fed-9d80-a486a4155276 c0728256a303438ca3194885b088d397 590a7f5ecc1c473a8f99d9f117dfd869 - - default default] 10.0.0.13 "GET /v2.0/security-groups HTTP/1.1" status: 200 len: 3120 time: 0.0481548
2026-05-09 18:12:18.524 10 WARNING neutron.scheduler.dhcp_agent_scheduler [None req-bb318307-2450-4f0d-8242-e31aa9748723 06b8146d69884f20b30cb53e4b27b350 6474fa6adf4040d982b08aa4d6ad5b78 - - default default] No more DHCP agents
2026-05-09 18:12:18.525 10 WARNING neutron.api.rpc.agentnotifiers.dhcp_rpc_agent_api [None req-bb318307-2450-4f0d-8242-e31aa9748723 06b8146d69884f20b30cb53e4b27b350 6474fa6adf4040d982b08aa4d6ad5b78 - - default default] Unable to schedule network 51b07cb3-eee2-4644-a7a5-7e44b27192f0: no agents available; will retry on subsequent port and subnet creation events.
2026-05-09 18:12:18.533 9 INFO neutron.api.v2.resource [None req-abf2828b-4d3b-42ac-a481-50f11c019a60 c0728256a303438ca3194885b088d397 590a7f5ecc1c473a8f99d9f117dfd869 - - default default] delete failed (client error): The resource could not be found.
2026-05-09 18:12:18.534 9 INFO neutron.api.wsgi [None req-abf2828b-4d3b-42ac-a481-50f11c019a60 c0728256a303438ca3194885b088d397 590a7f5ecc1c473a8f99d9f117dfd869 - - default default] 10.0.0.13 "DELETE /v2.0/security-groups/26683ef5-5aec-410f-bf4a-34a052c5b4ee HTTP/1.1" status: 404 len: 347 time: 0.0121291
2026-05-09 18:12:18.544 9 WARNING neutron_lib.context [None req-826972dd-b7b2-48f6-b313-0f065f91383f c0728256a303438ca3194885b088d397 590a7f5ecc1c473a8f99d9f117dfd869 - - default default] Method 'is_advsvc' is deprecated since 2023.2 release (neutron-lib 3.8.0) and will be removed once support for the old RBAC API policies will be removed from Neutron. Please use method 'is_service_role' instead.
2026-05-09 18:12:18.586 10 INFO neutron.db.ovn_revision_numbers_db [None req-bb318307-2450-4f0d-8242-e31aa9748723 06b8146d69884f20b30cb53e4b27b350 6474fa6adf4040d982b08aa4d6ad5b78 - - default default] Successfully bumped revision number for resource 5d14719e-0c25-4e5a-b3ae-55cfa65c74e0 (type: subnets) to 0
2026-05-09 18:12:18.770 10 INFO neutron.notifiers.nova [-] Nova event matching ['req-1f62306a-4fe7-448d-9db0-47b6b453edc5'] response: {'server_uuid': '189359c2-6209-484f-b9fb-ef22756b7feb', 'name': 'network-vif-plugged', 'status': 'completed', 'tag': '8e56a664-3597-44ed-8ded-a04f9ddbc64d', 'code': 200}
2026-05-09 18:12:18.891 10 INFO neutron.api.wsgi [None req-bb318307-2450-4f0d-8242-e31aa9748723 06b8146d69884f20b30cb53e4b27b350 6474fa6adf4040d982b08aa4d6ad5b78 - - default default] 10.0.0.13 "POST /v2.0/subnets HTTP/1.1" status: 201 len: 845 time: 0.7364457
2026-05-09 18:12:18.902 10 WARNING neutron_lib.context [None req-8add1e94-49ae-4272-bb80-cc739408a502 06b8146d69884f20b30cb53e4b27b350 6474fa6adf4040d982b08aa4d6ad5b78 - - default default] Method 'is_advsvc' is deprecated since 2023.2 release (neutron-lib 3.8.0) and will be removed once support for the old RBAC API policies will be removed from Neutron. Please use method 'is_service_role' instead.
2026-05-09 18:12:19.017 10 INFO neutron.api.wsgi [None req-d7fa6c82-3e5e-466b-8a5e-31564e706e20 eeb06f2e737947319181263885889c97 060fb54941ec4ee78175ce5716b185b4 - - default default] 10.0.0.13 "DELETE /v2.0/security-groups/6eadaec4-8291-49b9-a61f-4d8351bfbb8a HTTP/1.1" status: 204 len: 168 time: 0.6351562
2026-05-09 18:12:19.095 10 INFO neutron.api.wsgi [req-911b8b78-1e35-4db7-b8bf-e4682fe1da9f req-4e9c6180-753d-44e8-a368-5eb43284fb74 ba9f20f0e0694adfa3a3399261a82c9f ab3f496445bd4d37af73a4db4c89305f - - default default] 10.0.0.11 "GET /v2.0/ports?device_id=189359c2-6209-484f-b9fb-ef22756b7feb HTTP/1.1" status: 200 len: 1170 time: 0.0417576
2026-05-09 18:12:19.142 10 INFO neutron.api.wsgi [req-911b8b78-1e35-4db7-b8bf-e4682fe1da9f req-1fe3d94e-204c-48d4-bbd0-6ca9d092acd2 ba9f20f0e0694adfa3a3399261a82c9f ab3f496445bd4d37af73a4db4c89305f - - default default] 10.0.0.11 "GET /v2.0/security-groups?id=1bd0171b-6ea7-43bd-9016-3129ca346c0e&fields=id&fields=name HTTP/1.1" status: 200 len: 313 time: 0.0401444
2026-05-09 18:12:19.236 9 INFO neutron.db.ovn_revision_numbers_db [None req-826972dd-b7b2-48f6-b313-0f065f91383f c0728256a303438ca3194885b088d397 590a7f5ecc1c473a8f99d9f117dfd869 - - default default] Successfully bumped revision number for resource 15702a75-9bde-4c5b-933f-6cf525728a12 (type: security_groups) to 1
2026-05-09 18:12:19.244 9 INFO neutron.api.wsgi [req-ea80fc3d-9d42-403e-bff6-661f9921b9bc req-6f3102c1-0e54-468f-8ce1-984f2f0cfd18 ba9f20f0e0694adfa3a3399261a82c9f ab3f496445bd4d37af73a4db4c89305f - - default default] 10.0.0.11 "GET /v2.0/ports?device_id=189359c2-6209-484f-b9fb-ef22756b7feb HTTP/1.1" status: 200 len: 1170 time: 0.0413620
2026-05-09 18:12:19.435 9 INFO neutron.db.ovn_revision_numbers_db [None req-826972dd-b7b2-48f6-b313-0f065f91383f c0728256a303438ca3194885b088d397 590a7f5ecc1c473a8f99d9f117dfd869 - - default default] Successfully bumped revision number for resource 2e96685f-3954-43d8-8e0a-43344c58cdce (type: security_group_rules) to 0
2026-05-09 18:12:19.494 10 WARNING neutron.scheduler.dhcp_agent_scheduler [None req-8add1e94-49ae-4272-bb80-cc739408a502 06b8146d69884f20b30cb53e4b27b350 6474fa6adf4040d982b08aa4d6ad5b78 - - default default] No more DHCP agents
2026-05-09 18:12:19.496 10 WARNING neutron.api.rpc.agentnotifiers.dhcp_rpc_agent_api [None req-8add1e94-49ae-4272-bb80-cc739408a502 06b8146d69884f20b30cb53e4b27b350 6474fa6adf4040d982b08aa4d6ad5b78 - - default default] Unable to schedule network 51b07cb3-eee2-4644-a7a5-7e44b27192f0: no agents available; will retry on subsequent port and subnet creation events.
2026-05-09 18:12:19.566 9 INFO neutron.db.ovn_revision_numbers_db [None req-826972dd-b7b2-48f6-b313-0f065f91383f c0728256a303438ca3194885b088d397 590a7f5ecc1c473a8f99d9f117dfd869 - - default default] Successfully bumped revision number for resource 8761fa00-90a4-4b54-8467-58e5a5062fd2 (type: security_group_rules) to 0
2026-05-09 18:12:19.717 10 INFO neutron.db.ovn_revision_numbers_db [None req-8add1e94-49ae-4272-bb80-cc739408a502 06b8146d69884f20b30cb53e4b27b350 6474fa6adf4040d982b08aa4d6ad5b78 - - default default] Successfully bumped revision number for resource 3de40487-6ccc-4c41-9b9a-21be487eaa6a (type: ports) to 1
2026-05-09 18:12:19.718 9 INFO neutron.api.wsgi [None req-826972dd-b7b2-48f6-b313-0f065f91383f c0728256a303438ca3194885b088d397 590a7f5ecc1c473a8f99d9f117dfd869 - - default default] 10.0.0.13 "POST /v2.0/security-groups HTTP/1.1" status: 201 len: 1825 time: 1.1780007
2026-05-09 18:12:19.731 10 WARNING neutron_lib.context [None req-876afd7e-3244-4674-8103-ab305e6037d2 c0728256a303438ca3194885b088d397 590a7f5ecc1c473a8f99d9f117dfd869 - - default default] Method 'is_advsvc' is deprecated since 2023.2 release (neutron-lib 3.8.0) and will be removed once support for the old RBAC API policies will be removed from Neutron. Please use method 'is_service_role' instead.
2026-05-09 18:12:19.757 10 INFO neutron.api.wsgi [None req-8add1e94-49ae-4272-bb80-cc739408a502 06b8146d69884f20b30cb53e4b27b350 6474fa6adf4040d982b08aa4d6ad5b78 - - default default] 10.0.0.13 "POST /v2.0/ports HTTP/1.1" status: 201 len: 1127 time: 0.8588269
2026-05-09 18:12:19.903 9 INFO neutron.api.wsgi [req-6cdf9ba8-d6f5-4907-b211-a2d3453c0392 req-5fcdc01e-0fb2-450e-afc0-080bd93dca24 9b59f34a42f44b59acffada6688f4c19 eed4dfac04f141ca88fe8b718c7e9e03 - - 0ae8b721ae004486adb9c48fe559be89 0ae8b721ae004486adb9c48fe559be89] 199.204.45.30 "GET /v2.0/ports?device_id=189359c2-6209-484f-b9fb-ef22756b7feb&fields=binding%3Ahost_id&fields=binding%3Avif_type HTTP/1.1" status: 200 len: 265 time: 0.0898650
