2026-05-09 18:12:43.972 10 INFO neutron.db.ovn_revision_numbers_db [req-9410bea7-4b0f-4a7e-8be5-abe86d5be671 req-6b9686ff-360a-4a5d-94e6-86237d9b3493 e14e4455e3a1448499bf77582dd1bf95 8d78b7a87f9846169e5dabb7aafb71e1 - - default default] Successfully bumped revision number for resource 37d02586-b257-4a06-b942-e751cf27ac87 (type: ports) to 1
2026-05-09 18:12:43.996 10 INFO neutron.api.wsgi [req-9410bea7-4b0f-4a7e-8be5-abe86d5be671 req-6b9686ff-360a-4a5d-94e6-86237d9b3493 e14e4455e3a1448499bf77582dd1bf95 8d78b7a87f9846169e5dabb7aafb71e1 - - default default] 199.204.45.30 "POST /v2.0/ports HTTP/1.1" status: 201 len: 1162 time: 0.5206430 /var/lib/openstack/lib/python3.12/site-packages/pycadf/identifier.py:71: UserWarning: Invalid uuid: neutron. To ensure interoperability, identifiers should be a valid uuid. warnings.warn(('Invalid uuid: %s. To ensure interoperability, '
2026-05-09 18:12:44.304 10 INFO neutron.plugins.ml2.drivers.ovn.mech_driver.ovsdb.commands [None req-5db080dd-16c0-401d-b5a4-26dc52ec8ed8 - - - - - -] Schedule LRP lrp-b2c70666-a38f-4b74-a243-15395b4a2428 on gateway facc2238-7c05-4b98-a9e1-6b4ca8997d25 with priority 1
2026-05-09 18:12:44.316 9 INFO neutron.plugins.ml2.drivers.ovn.mech_driver.mech_driver [None req-7ea7c575-d833-43f3-90de-8ff0a1779d7b - - - - - -] OVN reports status up for port: b2c70666-a38f-4b74-a243-15395b4a2428
2026-05-09 18:12:44.321 9 INFO neutron.db.ovn_revision_numbers_db [None req-51867595-f456-4b11-9621-0497f2b42da1 eeb06f2e737947319181263885889c97 060fb54941ec4ee78175ce5716b185b4 - - default default] Successfully bumped revision number for resource 4e22111a-9787-4c76-a2b7-2f48da462c06 (type: security_groups) to 1
2026-05-09 18:12:44.322 9 INFO neutron.plugins.ml2.plugin [None req-7ea7c575-d833-43f3-90de-8ff0a1779d7b - - - - - -] Attempt 1 to provision port b2c70666-a38f-4b74-a243-15395b4a2428
2026-05-09 18:12:44.339 9 INFO neutron.plugins.ml2.drivers.ovn.mech_driver.ovsdb.ovsdb_monitor [None req-0577c23d-11e3-4e1d-bc90-f781edd9d8e5 - - - - - -] Router 93105503-449f-4d3c-a7b3-46a615be140f is bound to host instance
2026-05-09 18:12:44.342 9 INFO neutron.db.ovn_revision_numbers_db [None req-51867595-f456-4b11-9621-0497f2b42da1 eeb06f2e737947319181263885889c97 060fb54941ec4ee78175ce5716b185b4 - - default default] Successfully bumped revision number for resource 27ff199d-0ec3-4e10-b293-b2a194e045a4 (type: security_group_rules) to 0
2026-05-09 18:12:44.350 10 INFO neutron.db.ovn_revision_numbers_db [None req-93fc66a6-2cd3-4f9c-9a6e-6e38a0496e81 eeb06f2e737947319181263885889c97 060fb54941ec4ee78175ce5716b185b4 - - default default] Successfully bumped revision number for resource b2c70666-a38f-4b74-a243-15395b4a2428 (type: router_ports) to 1
2026-05-09 18:12:44.362 9 INFO neutron.db.ovn_revision_numbers_db [None req-51867595-f456-4b11-9621-0497f2b42da1 eeb06f2e737947319181263885889c97 060fb54941ec4ee78175ce5716b185b4 - - default default] Successfully bumped revision number for resource 9167c0a7-32bb-4685-87cd-1bc73a2e1930 (type: security_group_rules) to 0
2026-05-09 18:12:44.385 9 INFO neutron.db.ovn_revision_numbers_db [None req-51867595-f456-4b11-9621-0497f2b42da1 eeb06f2e737947319181263885889c97 060fb54941ec4ee78175ce5716b185b4 - - default default] Successfully bumped revision number for resource c0a9af22-26da-4fcc-9331-188782d04e46 (type: security_group_rules) to 0
2026-05-09 18:12:44.417 9 INFO neutron.db.ovn_revision_numbers_db [None req-51867595-f456-4b11-9621-0497f2b42da1 eeb06f2e737947319181263885889c97 060fb54941ec4ee78175ce5716b185b4 - - default default] Successfully bumped revision number for resource d025ecb2-41d9-4e4a-8d54-d09519791626 (type: security_group_rules) to 0
2026-05-09 18:12:44.432 10 INFO neutron.db.ovn_revision_numbers_db [None req-93fc66a6-2cd3-4f9c-9a6e-6e38a0496e81 eeb06f2e737947319181263885889c97 060fb54941ec4ee78175ce5716b185b4 - - default default] Successfully bumped revision number for resource 93105503-449f-4d3c-a7b3-46a615be140f (type: routers) to 2
2026-05-09 18:12:44.450 10 INFO neutron.db.ovn_revision_numbers_db [req-9410bea7-4b0f-4a7e-8be5-abe86d5be671 req-8ca2c220-987a-46b6-a361-257e48ba26d0 9b59f34a42f44b59acffada6688f4c19 eed4dfac04f141ca88fe8b718c7e9e03 - - 0ae8b721ae004486adb9c48fe559be89 0ae8b721ae004486adb9c48fe559be89] Successfully bumped revision number for resource 37d02586-b257-4a06-b942-e751cf27ac87 (type: ports) to 2
2026-05-09 18:12:44.459 10 INFO neutron.api.wsgi [None req-93fc66a6-2cd3-4f9c-9a6e-6e38a0496e81 eeb06f2e737947319181263885889c97 060fb54941ec4ee78175ce5716b185b4 - - default default] 10.0.0.13 "POST /v2.0/routers HTTP/1.1" status: 201 len: 1165 time: 1.5123665 /var/lib/openstack/lib/python3.12/site-packages/pycadf/identifier.py:71: UserWarning: Invalid uuid: neutron. To ensure interoperability, identifiers should be a valid uuid. warnings.warn(('Invalid uuid: %s. To ensure interoperability, ' /var/lib/openstack/lib/python3.12/site-packages/pycadf/identifier.py:71: UserWarning: Invalid uuid: neutron. To ensure interoperability, identifiers should be a valid uuid. warnings.warn(('Invalid uuid: %s. To ensure interoperability, '
2026-05-09 18:12:44.678 9 INFO neutron.api.wsgi [None req-51867595-f456-4b11-9621-0497f2b42da1 eeb06f2e737947319181263885889c97 060fb54941ec4ee78175ce5716b185b4 - - default default] 10.0.0.13 "GET /v2.0/security-groups?tenant_id=21e1f12019c047c79cecbe0adb0ff01f&name=default HTTP/1.1" status: 200 len: 3120 time: 0.5828457
2026-05-09 18:12:44.730 10 INFO neutron.db.ovn_revision_numbers_db [req-9410bea7-4b0f-4a7e-8be5-abe86d5be671 req-8ca2c220-987a-46b6-a361-257e48ba26d0 9b59f34a42f44b59acffada6688f4c19 eed4dfac04f141ca88fe8b718c7e9e03 - - 0ae8b721ae004486adb9c48fe559be89 0ae8b721ae004486adb9c48fe559be89] Successfully bumped revision number for resource 37d02586-b257-4a06-b942-e751cf27ac87 (type: ports) to 4
2026-05-09 18:12:44.734 10 INFO neutron.api.wsgi [req-35070570-b1f8-4662-a44c-371c3b518407 req-98c03c69-020b-4e62-b40e-2002c70de6e0 8dffe8489e0548cbaf1ee072c86597d9 6569d886c6c24df29da5311d98b42a2f - - default default] 10.0.0.11 "GET /v2.0/networks?id=8cba6952-5d1b-49ca-9e13-3a909559bad5 HTTP/1.1" status: 200 len: 872 time: 0.0677636
2026-05-09 18:12:44.737 9 INFO neutron.api.wsgi [req-9791479b-3792-447f-ad16-d85e709a2d99 req-07724f7e-60a9-4f8c-950b-6d17cdccd971 e14e4455e3a1448499bf77582dd1bf95 8d78b7a87f9846169e5dabb7aafb71e1 - - default default] 10.0.0.11 "GET /v2.0/ports?device_id=6ac39868-aa92-452d-887f-61212166f29a HTTP/1.1" status: 200 len: 1172 time: 0.1075239
2026-05-09 18:12:44.760 10 INFO neutron.api.wsgi [req-9410bea7-4b0f-4a7e-8be5-abe86d5be671 req-8ca2c220-987a-46b6-a361-257e48ba26d0 9b59f34a42f44b59acffada6688f4c19 eed4dfac04f141ca88fe8b718c7e9e03 - - 0ae8b721ae004486adb9c48fe559be89 0ae8b721ae004486adb9c48fe559be89] 199.204.45.30 "PUT /v2.0/ports/37d02586-b257-4a06-b942-e751cf27ac87 HTTP/1.1" status: 200 len: 1408 time: 0.7545009
2026-05-09 18:12:44.764 10 INFO neutron.api.wsgi [req-35070570-b1f8-4662-a44c-371c3b518407 req-25be1fd5-d977-4870-87f7-c3fca8a2751a 8dffe8489e0548cbaf1ee072c86597d9 6569d886c6c24df29da5311d98b42a2f - - default default] 10.0.0.11 "GET /v2.0/quotas/6569d886c6c24df29da5311d98b42a2f HTTP/1.1" status: 200 len: 491 time: 0.0232990
2026-05-09 18:12:44.789 9 INFO neutron.api.wsgi [req-9791479b-3792-447f-ad16-d85e709a2d99 req-c7cd0752-1823-490a-bcb2-2683fd94a1c8 e14e4455e3a1448499bf77582dd1bf95 8d78b7a87f9846169e5dabb7aafb71e1 - - default default] 10.0.0.11 "GET /v2.0/security-groups?id=195ae6ba-485b-4834-b2e3-128e72848f07&fields=id&fields=name HTTP/1.1" status: 200 len: 313 time: 0.0463319
2026-05-09 18:12:44.843 10 INFO neutron.notifiers.nova [-] Nova event matching ['req-dc0d63c8-6916-4a45-92a5-80341a513867'] response: {'name': 'network-changed', 'server_uuid': '6ac39868-aa92-452d-887f-61212166f29a', 'tag': '37d02586-b257-4a06-b942-e751cf27ac87', 'status': 'completed', 'code': 200}
2026-05-09 18:12:44.861 10 INFO neutron.api.wsgi [req-35070570-b1f8-4662-a44c-371c3b518407 req-ca2d4d29-feca-49d5-bcda-de424dee811c 8dffe8489e0548cbaf1ee072c86597d9 6569d886c6c24df29da5311d98b42a2f - - default default] 10.0.0.11 "GET /v2.0/ports?tenant_id=6569d886c6c24df29da5311d98b42a2f&fields=id HTTP/1.1" status: 200 len: 302 time: 0.0898173
2026-05-09 18:12:44.968 9 INFO neutron.api.wsgi [None req-f129b51c-1ec6-4c5f-ad35-038f94f79172 eeb06f2e737947319181263885889c97 060fb54941ec4ee78175ce5716b185b4 - - default default] 10.0.0.13 "DELETE /v2.0/security-groups/4e22111a-9787-4c76-a2b7-2f48da462c06 HTTP/1.1" status: 204 len: 168 time: 0.2812867
2026-05-09 18:12:45.041 9 INFO neutron.db.ovn_revision_numbers_db [None req-226ce838-53e0-40dc-90f0-477061cf5b90 - - - - - -] Successfully bumped revision number for resource b2c70666-a38f-4b74-a243-15395b4a2428 (type: ports) to 1
2026-05-09 18:12:45.160 10 INFO neutron.api.wsgi [req-35070570-b1f8-4662-a44c-371c3b518407 req-08b05a4c-0b44-47cd-a497-c1fc81d22d76 9b59f34a42f44b59acffada6688f4c19 eed4dfac04f141ca88fe8b718c7e9e03 - - 0ae8b721ae004486adb9c48fe559be89 0ae8b721ae004486adb9c48fe559be89] 10.0.0.11 "GET /v2.0/networks/8cba6952-5d1b-49ca-9e13-3a909559bad5?fields=segments HTTP/1.1" status: 200 len: 212 time: 0.2857819
2026-05-09 18:12:45.214 10 INFO neutron.api.wsgi [req-35070570-b1f8-4662-a44c-371c3b518407 req-6b375ace-653e-4657-9118-e535ddefc169 9b59f34a42f44b59acffada6688f4c19 eed4dfac04f141ca88fe8b718c7e9e03 - - 0ae8b721ae004486adb9c48fe559be89 0ae8b721ae004486adb9c48fe559be89] 10.0.0.11 "GET /v2.0/networks/8cba6952-5d1b-49ca-9e13-3a909559bad5?fields=provider%3Aphysical_network&fields=provider%3Anetwork_type HTTP/1.1" status: 200 len: 277 time: 0.0480742
2026-05-09 18:12:45.249 10 WARNING neutron.scheduler.dhcp_agent_scheduler [None req-024a0069-e222-4fb9-a31e-534c4365d36f eeb06f2e737947319181263885889c97 060fb54941ec4ee78175ce5716b185b4 - - default default] No more DHCP agents
2026-05-09 18:12:45.250 10 WARNING neutron.api.rpc.agentnotifiers.dhcp_rpc_agent_api [None req-024a0069-e222-4fb9-a31e-534c4365d36f eeb06f2e737947319181263885889c97 060fb54941ec4ee78175ce5716b185b4 - - default default] Unable to schedule network 95fdf351-a3d3-430c-8534-dd1ddb945c75: no agents available; will retry on subsequent port and subnet creation events.
2026-05-09 18:12:45.324 9 INFO neutron.api.wsgi [req-265117e7-4c2f-42ac-8603-2ef87453e6a2 req-a263867f-ec7b-439e-82a0-ddd22f95d49b 8dffe8489e0548cbaf1ee072c86597d9 6569d886c6c24df29da5311d98b42a2f - - default default] 10.0.0.11 "GET /v2.0/ports?device_id=e4ddd88d-ab6f-4561-b96a-98488b3032d9 HTTP/1.1" status: 200 len: 210 time: 0.0198247
2026-05-09 18:12:45.343 9 INFO neutron.db.ovn_revision_numbers_db [None req-226ce838-53e0-40dc-90f0-477061cf5b90 - - - - - -] Successfully bumped revision number for resource b2c70666-a38f-4b74-a243-15395b4a2428 (type: ports) to 4
2026-05-09 18:12:45.380 10 INFO neutron.db.ovn_revision_numbers_db [None req-024a0069-e222-4fb9-a31e-534c4365d36f eeb06f2e737947319181263885889c97 060fb54941ec4ee78175ce5716b185b4 - - default default] Successfully bumped revision number for resource 7ce3c5e3-6255-40e3-95f6-7da72dc75d05 (type: ports) to 1
2026-05-09 18:12:45.384 10 INFO neutron.api.wsgi [req-39a05ef4-729a-4dc6-8d55-24ea9d650987 req-cf81770f-3b4c-40b3-b3e9-d46d28d9e2a8 9b59f34a42f44b59acffada6688f4c19 eed4dfac04f141ca88fe8b718c7e9e03 - - 0ae8b721ae004486adb9c48fe559be89 0ae8b721ae004486adb9c48fe559be89] 199.204.45.30 "GET /v2.0/ports?tenant_id=8d78b7a87f9846169e5dabb7aafb71e1&device_id=6ac39868-aa92-452d-887f-61212166f29a HTTP/1.1" status: 200 len: 1411 time: 0.0370476
2026-05-09 18:12:45.453 10 INFO neutron.api.wsgi [req-39a05ef4-729a-4dc6-8d55-24ea9d650987 req-8d5713e0-8eb2-4aba-a993-97ef9fc630db 9b59f34a42f44b59acffada6688f4c19 eed4dfac04f141ca88fe8b718c7e9e03 - - 0ae8b721ae004486adb9c48fe559be89 0ae8b721ae004486adb9c48fe559be89] 199.204.45.30 "GET /v2.0/networks?tenant_id=8d78b7a87f9846169e5dabb7aafb71e1&shared=False HTTP/1.1" status: 200 len: 973 time: 0.0640574
2026-05-09 18:12:45.524 10 INFO neutron.api.wsgi [req-39a05ef4-729a-4dc6-8d55-24ea9d650987 req-7f23280e-0c64-4d76-afbf-d77e49f4fcbd 9b59f34a42f44b59acffada6688f4c19 eed4dfac04f141ca88fe8b718c7e9e03 - - 0ae8b721ae004486adb9c48fe559be89 0ae8b721ae004486adb9c48fe559be89] 199.204.45.30 "GET /v2.0/networks?shared=True HTTP/1.1" status: 200 len: 952 time: 0.0505619
2026-05-09 18:12:45.613 9 INFO neutron.db.ovn_revision_numbers_db [None req-226ce838-53e0-40dc-90f0-477061cf5b90 - - - - - -] Successfully bumped revision number for resource b2c70666-a38f-4b74-a243-15395b4a2428 (type: ports) to 5
2026-05-09 18:12:45.948 10 INFO neutron.api.wsgi [req-dee4da38-c31b-4de8-a9d0-97e4d7d1390f req-f999e8c1-5fde-4dcd-b5bd-ff6a00787cb3 e14e4455e3a1448499bf77582dd1bf95 8d78b7a87f9846169e5dabb7aafb71e1 - - default default] 10.0.0.11 "GET /v2.0/ports?device_id=6ac39868-aa92-452d-887f-61212166f29a HTTP/1.1" status: 200 len: 1172 time: 0.0898147
2026-05-09 18:12:46.015 10 INFO neutron.db.ovn_revision_numbers_db [None req-024a0069-e222-4fb9-a31e-534c4365d36f eeb06f2e737947319181263885889c97 060fb54941ec4ee78175ce5716b185b4 - - default default] Successfully bumped revision number for resource 7ce3c5e3-6255-40e3-95f6-7da72dc75d05 (type: ports) to 1
2026-05-09 18:12:46.019 10 INFO neutron.api.wsgi [req-dee4da38-c31b-4de8-a9d0-97e4d7d1390f req-4fa18869-b915-43c2-bc97-03a4ffac325e e14e4455e3a1448499bf77582dd1bf95 8d78b7a87f9846169e5dabb7aafb71e1 - - default default] 10.0.0.11 "GET /v2.0/security-groups?id=195ae6ba-485b-4834-b2e3-128e72848f07&fields=id&fields=name HTTP/1.1" status: 200 len: 313 time: 0.0611238
2026-05-09 18:12:46.083 10 WARNING neutron.scheduler.dhcp_agent_scheduler [None req-024a0069-e222-4fb9-a31e-534c4365d36f eeb06f2e737947319181263885889c97 060fb54941ec4ee78175ce5716b185b4 - - default default] No more DHCP agents
2026-05-09 18:12:46.084 10 WARNING neutron.api.rpc.agentnotifiers.dhcp_rpc_agent_api [None req-024a0069-e222-4fb9-a31e-534c4365d36f eeb06f2e737947319181263885889c97 060fb54941ec4ee78175ce5716b185b4 - - default default] Unable to schedule network 95fdf351-a3d3-430c-8534-dd1ddb945c75: no agents available; will retry on subsequent port and subnet creation events.
2026-05-09 18:12:46.401 9 INFO neutron.api.wsgi [req-4ac1028c-95f4-487f-bc9f-88946acbd70e req-c06843c8-87c6-465b-a4e6-4154a987c9d6 8dffe8489e0548cbaf1ee072c86597d9 6569d886c6c24df29da5311d98b42a2f - - default default] 10.0.0.11 "GET /v2.0/ports?device_id=e4ddd88d-ab6f-4561-b96a-98488b3032d9 HTTP/1.1" status: 200 len: 210 time: 0.0142236
2026-05-09 18:12:46.538 10 INFO neutron.api.wsgi [-] 10.0.0.207 "GET / HTTP/1.1" status: 200 len: 247 time: 0.0016091
2026-05-09 18:12:46.540 10 INFO neutron.api.wsgi [-] 10.0.0.207 "GET / HTTP/1.1" status: 200 len: 247 time: 0.0009468
2026-05-09 18:12:46.578 10 INFO neutron.api.wsgi [req-9410bea7-4b0f-4a7e-8be5-abe86d5be671 req-2464058e-ac1a-40fc-8c47-cad19c0a205e 9b59f34a42f44b59acffada6688f4c19 eed4dfac04f141ca88fe8b718c7e9e03 - - 0ae8b721ae004486adb9c48fe559be89 0ae8b721ae004486adb9c48fe559be89] 199.204.45.30 "GET /v2.0/ports?tenant_id=8d78b7a87f9846169e5dabb7aafb71e1&device_id=6ac39868-aa92-452d-887f-61212166f29a HTTP/1.1" status: 200 len: 1411 time: 0.0318768
2026-05-09 18:12:46.608 10 INFO neutron.api.wsgi [req-9410bea7-4b0f-4a7e-8be5-abe86d5be671 req-6f3b6d6f-de85-42b1-84bf-17800048471d 9b59f34a42f44b59acffada6688f4c19 eed4dfac04f141ca88fe8b718c7e9e03 - - 0ae8b721ae004486adb9c48fe559be89 0ae8b721ae004486adb9c48fe559be89] 199.204.45.30 "GET /v2.0/floatingips?fixed_ip_address=10.100.0.14&port_id=37d02586-b257-4a06-b942-e751cf27ac87 HTTP/1.1" status: 200 len: 217 time: 0.0193603
2026-05-09 18:12:46.645 10 INFO neutron.api.wsgi [req-9410bea7-4b0f-4a7e-8be5-abe86d5be671 req-3c549b06-5d3a-46c3-ac53-ca8ed312d73c 9b59f34a42f44b59acffada6688f4c19 eed4dfac04f141ca88fe8b718c7e9e03 - - 0ae8b721ae004486adb9c48fe559be89 0ae8b721ae004486adb9c48fe559be89] 199.204.45.30 "GET /v2.0/subnets?id=977eb955-6931-4cee-86e4-dfcdf128e8bf HTTP/1.1" status: 200 len: 892 time: 0.0307412
2026-05-09 18:12:46.669 10 INFO neutron.api.wsgi [req-9410bea7-4b0f-4a7e-8be5-abe86d5be671 req-b79ab89e-5453-4dc0-b65d-f42c9638f08d 9b59f34a42f44b59acffada6688f4c19 eed4dfac04f141ca88fe8b718c7e9e03 - - 0ae8b721ae004486adb9c48fe559be89 0ae8b721ae004486adb9c48fe559be89] 199.204.45.30 "GET /v2.0/ports?network_id=4370b263-9821-4ee8-bff9-2e315ec73b4d&device_owner=network%3Adhcp HTTP/1.1" status: 200 len: 210 time: 0.0190108
2026-05-09 18:12:46.731 10 INFO neutron.api.wsgi [req-9410bea7-4b0f-4a7e-8be5-abe86d5be671 req-0586fc38-8c58-46f4-8032-a68e568c57c1 9b59f34a42f44b59acffada6688f4c19 eed4dfac04f141ca88fe8b718c7e9e03 - - 0ae8b721ae004486adb9c48fe559be89 0ae8b721ae004486adb9c48fe559be89] 199.204.45.30 "GET /v2.0/networks/4370b263-9821-4ee8-bff9-2e315ec73b4d?fields=segments HTTP/1.1" status: 200 len: 212 time: 0.0481491
2026-05-09 18:12:46.828 10 INFO neutron.api.wsgi [req-9410bea7-4b0f-4a7e-8be5-abe86d5be671 req-ca3556f6-7c69-46c9-a9a3-35f7741dc8be 9b59f34a42f44b59acffada6688f4c19 eed4dfac04f141ca88fe8b718c7e9e03 - - 0ae8b721ae004486adb9c48fe559be89 0ae8b721ae004486adb9c48fe559be89] 199.204.45.30 "GET /v2.0/networks/4370b263-9821-4ee8-bff9-2e315ec73b4d?fields=provider%3Aphysical_network&fields=provider%3Anetwork_type HTTP/1.1" status: 200 len: 277 time: 0.0870690
2026-05-09 18:12:46.848 10 INFO neutron.db.ovn_revision_numbers_db [None req-024a0069-e222-4fb9-a31e-534c4365d36f eeb06f2e737947319181263885889c97 060fb54941ec4ee78175ce5716b185b4 - - default default] Successfully bumped revision number for resource 7ce3c5e3-6255-40e3-95f6-7da72dc75d05 (type: router_ports) to 1
2026-05-09 18:12:46.852 10 INFO neutron.api.wsgi [None req-024a0069-e222-4fb9-a31e-534c4365d36f eeb06f2e737947319181263885889c97 060fb54941ec4ee78175ce5716b185b4 - - default default] 10.0.0.13 "PUT /v2.0/routers/93105503-449f-4d3c-a7b3-46a615be140f/add_router_interface HTTP/1.1" status: 200 len: 503 time: 2.3843651
2026-05-09 18:12:46.925 9 WARNING neutron_lib.context [None req-b7f3ae41-ac49-44e4-a196-adb0077a68b4 d0b53d028b534befbb5b8dbbdd31893b 70759cdc0d6e4f5cbb730a53bd73cd63 - - default default] Method 'is_advsvc' is deprecated since 2023.2 release (neutron-lib 3.8.0) and will be removed once support for the old RBAC API policies will be removed from Neutron. Please use method 'is_service_role' instead.
2026-05-09 18:12:47.110 9 INFO neutron.db.ovn_revision_numbers_db [None req-b7f3ae41-ac49-44e4-a196-adb0077a68b4 d0b53d028b534befbb5b8dbbdd31893b 70759cdc0d6e4f5cbb730a53bd73cd63 - - default default] Successfully bumped revision number for resource c4b253d5-2306-432f-89c7-b6114d2c6569 (type: security_groups) to 1
2026-05-09 18:12:47.125 9 INFO neutron.db.ovn_revision_numbers_db [None req-b7f3ae41-ac49-44e4-a196-adb0077a68b4 d0b53d028b534befbb5b8dbbdd31893b 70759cdc0d6e4f5cbb730a53bd73cd63 - - default default] Successfully bumped revision number for resource 363a3afd-d243-43e2-b6ed-cc01c07cd6d4 (type: security_group_rules) to 0
2026-05-09 18:12:47.137 10 INFO neutron.api.wsgi [req-1089766d-5406-4edd-bdd1-37c5bb810ebc req-68f17dec-f52f-4dd2-8a7e-d033fc642517 e14e4455e3a1448499bf77582dd1bf95 8d78b7a87f9846169e5dabb7aafb71e1 - - default default] 10.0.0.11 "GET /v2.0/ports?device_id=6ac39868-aa92-452d-887f-61212166f29a HTTP/1.1" status: 200 len: 1172 time: 0.0418148
2026-05-09 18:12:47.139 9 INFO neutron.db.ovn_revision_numbers_db [None req-b7f3ae41-ac49-44e4-a196-adb0077a68b4 d0b53d028b534befbb5b8dbbdd31893b 70759cdc0d6e4f5cbb730a53bd73cd63 - - default default] Successfully bumped revision number for resource 5896a5d3-6bd0-40ff-bc1e-551027c4ab4c (type: security_group_rules) to 0
2026-05-09 18:12:47.155 9 INFO neutron.db.ovn_revision_numbers_db [None req-b7f3ae41-ac49-44e4-a196-adb0077a68b4 d0b53d028b534befbb5b8dbbdd31893b 70759cdc0d6e4f5cbb730a53bd73cd63 - - default default] Successfully bumped revision number for resource 91cbef05-b1d0-406b-aa5f-bb5112591491 (type: security_group_rules) to 0
2026-05-09 18:12:47.174 9 INFO neutron.db.ovn_revision_numbers_db [None req-b7f3ae41-ac49-44e4-a196-adb0077a68b4 d0b53d028b534befbb5b8dbbdd31893b 70759cdc0d6e4f5cbb730a53bd73cd63 - - default default] Successfully bumped revision number for resource b4a2deea-440d-4d67-a883-cc72388f8e51 (type: security_group_rules) to 0
2026-05-09 18:12:47.186 10 INFO neutron.api.wsgi [req-1089766d-5406-4edd-bdd1-37c5bb810ebc req-0fbf5319-d7c0-427b-8de9-dff371344fa8 e14e4455e3a1448499bf77582dd1bf95 8d78b7a87f9846169e5dabb7aafb71e1 - - default default] 10.0.0.11 "GET /v2.0/security-groups?id=195ae6ba-485b-4834-b2e3-128e72848f07&fields=id&fields=name HTTP/1.1" status: 200 len: 313 time: 0.0432367
2026-05-09 18:12:47.252 9 INFO neutron.db.segments_db [None req-b7f3ae41-ac49-44e4-a196-adb0077a68b4 d0b53d028b534befbb5b8dbbdd31893b 70759cdc0d6e4f5cbb730a53bd73cd63 - - default default] Added segment ec9c1411-1d10-46df-ba6e-4954d4a076be of type geneve for network 80d63589-eb77-4ef4-b5ed-3defc4485f50
2026-05-09 18:12:47.400 9 INFO neutron.db.ovn_revision_numbers_db [None req-b7f3ae41-ac49-44e4-a196-adb0077a68b4 d0b53d028b534befbb5b8dbbdd31893b 70759cdc0d6e4f5cbb730a53bd73cd63 - - default default] Successfully bumped revision number for resource 80d63589-eb77-4ef4-b5ed-3defc4485f50 (type: networks) to 1
2026-05-09 18:12:47.485 9 INFO neutron.api.wsgi [req-f2036847-3774-4b27-83bf-6df2f10d13b0 req-f9aa5c5e-1e1c-4948-86b4-229f8593cf21 8dffe8489e0548cbaf1ee072c86597d9 6569d886c6c24df29da5311d98b42a2f - - default default] 10.0.0.11 "GET /v2.0/ports?device_id=e4ddd88d-ab6f-4561-b96a-98488b3032d9 HTTP/1.1" status: 200 len: 210 time: 0.0197217
2026-05-09 18:12:47.608 9 WARNING neutron.scheduler.dhcp_agent_scheduler [None req-b7f3ae41-ac49-44e4-a196-adb0077a68b4 d0b53d028b534befbb5b8dbbdd31893b 70759cdc0d6e4f5cbb730a53bd73cd63 - - default default] No more DHCP agents
2026-05-09 18:12:47.611 9 WARNING neutron.api.rpc.agentnotifiers.dhcp_rpc_agent_api [None req-b7f3ae41-ac49-44e4-a196-adb0077a68b4 d0b53d028b534befbb5b8dbbdd31893b 70759cdc0d6e4f5cbb730a53bd73cd63 - - default default] Unable to schedule network 80d63589-eb77-4ef4-b5ed-3defc4485f50: no agents available; will retry on subsequent port and subnet creation events.
2026-05-09 18:12:47.680 9 INFO neutron.db.ovn_revision_numbers_db [None req-b7f3ae41-ac49-44e4-a196-adb0077a68b4 d0b53d028b534befbb5b8dbbdd31893b 70759cdc0d6e4f5cbb730a53bd73cd63 - - default default] Successfully bumped revision number for resource ebd86011-766b-4d62-a969-3f6152d7acf2 (type: ports) to 1
2026-05-09 18:12:47.702 9 INFO neutron.api.wsgi [None req-b7f3ae41-ac49-44e4-a196-adb0077a68b4 d0b53d028b534befbb5b8dbbdd31893b 70759cdc0d6e4f5cbb730a53bd73cd63 - - default default] 10.0.0.13 "POST /v2.0/networks HTTP/1.1" status: 201 len: 848 time: 0.9832125
2026-05-09 18:12:47.711 9 WARNING neutron_lib.context [None req-a82126d1-6382-4312-8c2d-d8fb558dabcd d0b53d028b534befbb5b8dbbdd31893b 70759cdc0d6e4f5cbb730a53bd73cd63 - - default default] Method 'is_advsvc' is deprecated since 2023.2 release (neutron-lib 3.8.0) and will be removed once support for the old RBAC API policies will be removed from Neutron. Please use method 'is_service_role' instead.
2026-05-09 18:12:47.911 9 WARNING neutron.scheduler.dhcp_agent_scheduler [None req-a82126d1-6382-4312-8c2d-d8fb558dabcd d0b53d028b534befbb5b8dbbdd31893b 70759cdc0d6e4f5cbb730a53bd73cd63 - - default default] No more DHCP agents
2026-05-09 18:12:47.912 9 WARNING neutron.api.rpc.agentnotifiers.dhcp_rpc_agent_api [None req-a82126d1-6382-4312-8c2d-d8fb558dabcd d0b53d028b534befbb5b8dbbdd31893b 70759cdc0d6e4f5cbb730a53bd73cd63 - - default default] Unable to schedule network 80d63589-eb77-4ef4-b5ed-3defc4485f50: no agents available; will retry on subsequent port and subnet creation events.
2026-05-09 18:12:47.948 9 INFO neutron.db.ovn_revision_numbers_db [None req-a82126d1-6382-4312-8c2d-d8fb558dabcd d0b53d028b534befbb5b8dbbdd31893b 70759cdc0d6e4f5cbb730a53bd73cd63 - - default default] Successfully bumped revision number for resource 4e610ae6-c675-46c0-bd7e-abbc966769f6 (type: subnets) to 0
2026-05-09 18:12:47.977 9 INFO neutron.api.wsgi [None req-a82126d1-6382-4312-8c2d-d8fb558dabcd d0b53d028b534befbb5b8dbbdd31893b 70759cdc0d6e4f5cbb730a53bd73cd63 - - default default] 10.0.0.13 "POST /v2.0/subnets HTTP/1.1" status: 201 len: 826 time: 0.2699192
2026-05-09 18:12:47.987 10 WARNING neutron_lib.context [None req-c42bf1e8-b166-473f-987a-beed47bc8d46 d0b53d028b534befbb5b8dbbdd31893b 70759cdc0d6e4f5cbb730a53bd73cd63 - - default default] Method 'is_advsvc' is deprecated since 2023.2 release (neutron-lib 3.8.0) and will be removed once support for the old RBAC API policies will be removed from Neutron. Please use method 'is_service_role' instead.
2026-05-09 18:12:48.149 10 INFO neutron.db.ovn_revision_numbers_db [None req-f521173a-d1cc-4450-a901-d5d3f76a9971 eeb06f2e737947319181263885889c97 060fb54941ec4ee78175ce5716b185b4 - - default default] Successfully bumped revision number for resource 29c9e098-9dd4-47a5-a71e-2f501054cf4e (type: security_groups) to 1
2026-05-09 18:12:48.193 10 INFO neutron.db.ovn_revision_numbers_db [None req-f521173a-d1cc-4450-a901-d5d3f76a9971 eeb06f2e737947319181263885889c97 060fb54941ec4ee78175ce5716b185b4 - - default default] Successfully bumped revision number for resource 22f21c06-8a13-4bd2-8cbc-4a64561f06b1 (type: security_group_rules) to 0
2026-05-09 18:12:48.219 10 INFO neutron.db.ovn_revision_numbers_db [None req-f521173a-d1cc-4450-a901-d5d3f76a9971 eeb06f2e737947319181263885889c97 060fb54941ec4ee78175ce5716b185b4 - - default default] Successfully bumped revision number for resource 3ad97ebe-4970-48f4-9216-bcb1efc03381 (type: security_group_rules) to 0
2026-05-09 18:12:48.258 10 INFO neutron.db.ovn_revision_numbers_db [None req-f521173a-d1cc-4450-a901-d5d3f76a9971 eeb06f2e737947319181263885889c97 060fb54941ec4ee78175ce5716b185b4 - - default default] Successfully bumped revision number for resource 6e6988c6-883c-4c67-8b86-05b7281334ae (type: security_group_rules) to 0
2026-05-09 18:12:48.286 10 INFO neutron.api.wsgi [req-37471761-dd4f-406b-abdc-c942de9df75a req-f2ad3a48-9f65-42cf-b54c-06712c538e19 e14e4455e3a1448499bf77582dd1bf95 8d78b7a87f9846169e5dabb7aafb71e1 - - default default] 10.0.0.11 "GET /v2.0/ports?device_id=6ac39868-aa92-452d-887f-61212166f29a HTTP/1.1" status: 200 len: 1172 time: 0.0417547
2026-05-09 18:12:48.303 10 INFO neutron.db.ovn_revision_numbers_db [None req-f521173a-d1cc-4450-a901-d5d3f76a9971 eeb06f2e737947319181263885889c97 060fb54941ec4ee78175ce5716b185b4 - - default default] Successfully bumped revision number for resource e7f81d45-18fa-4244-805d-79306bd7e832 (type: security_group_rules) to 0
2026-05-09 18:12:48.335 10 INFO neutron.api.wsgi [req-37471761-dd4f-406b-abdc-c942de9df75a req-178e36dc-dcde-4668-9c57-b6ef5276916c e14e4455e3a1448499bf77582dd1bf95 8d78b7a87f9846169e5dabb7aafb71e1 - - default default] 10.0.0.11 "GET /v2.0/security-groups?id=195ae6ba-485b-4834-b2e3-128e72848f07&fields=id&fields=name HTTP/1.1" status: 200 len: 313 time: 0.0444756
2026-05-09 18:12:48.392 10 INFO neutron.db.segments_db [None req-f521173a-d1cc-4450-a901-d5d3f76a9971 eeb06f2e737947319181263885889c97 060fb54941ec4ee78175ce5716b185b4 - - default default] Added segment c257af63-7a11-4d0d-aea1-6cc4876ba42e of type geneve for network 893268c2-ec33-4c3b-8de4-fe6a786afe45
2026-05-09 18:12:48.488 10 WARNING neutron.scheduler.dhcp_agent_scheduler [None req-c42bf1e8-b166-473f-987a-beed47bc8d46 d0b53d028b534befbb5b8dbbdd31893b 70759cdc0d6e4f5cbb730a53bd73cd63 - - default default] No more DHCP agents
2026-05-09 18:12:48.489 10 WARNING neutron.api.rpc.agentnotifiers.dhcp_rpc_agent_api [None req-c42bf1e8-b166-473f-987a-beed47bc8d46 d0b53d028b534befbb5b8dbbdd31893b 70759cdc0d6e4f5cbb730a53bd73cd63 - - default default] Unable to schedule network e3d38db2-c557-4d75-b4d3-42faced4f97f: no agents available; will retry on subsequent port and subnet creation events.
2026-05-09 18:12:48.546 10 INFO neutron.db.ovn_revision_numbers_db [None req-f521173a-d1cc-4450-a901-d5d3f76a9971 eeb06f2e737947319181263885889c97 060fb54941ec4ee78175ce5716b185b4 - - default default] Successfully bumped revision number for resource 893268c2-ec33-4c3b-8de4-fe6a786afe45 (type: networks) to 1
2026-05-09 18:12:48.568 9 INFO neutron.api.wsgi [req-ee71f4ba-5da7-40a2-8a35-98392513959a req-b99097a7-7702-4101-b454-102fe4f00e41 8dffe8489e0548cbaf1ee072c86597d9 6569d886c6c24df29da5311d98b42a2f - - default default] 10.0.0.11 "GET /v2.0/ports?device_id=e4ddd88d-ab6f-4561-b96a-98488b3032d9 HTTP/1.1" status: 200 len: 210 time: 0.0224617
2026-05-09 18:12:48.657 10 INFO neutron.db.ovn_revision_numbers_db [None req-c42bf1e8-b166-473f-987a-beed47bc8d46 d0b53d028b534befbb5b8dbbdd31893b 70759cdc0d6e4f5cbb730a53bd73cd63 - - default default] Successfully bumped revision number for resource a6f9af4c-bb25-4971-ade6-d2c9c009336a (type: ports) to 1
2026-05-09 18:12:48.721 10 WARNING neutron.scheduler.dhcp_agent_scheduler [None req-f521173a-d1cc-4450-a901-d5d3f76a9971 eeb06f2e737947319181263885889c97 060fb54941ec4ee78175ce5716b185b4 - - default default] No more DHCP agents
2026-05-09 18:12:48.723 10 WARNING neutron.api.rpc.agentnotifiers.dhcp_rpc_agent_api [None req-f521173a-d1cc-4450-a901-d5d3f76a9971 eeb06f2e737947319181263885889c97 060fb54941ec4ee78175ce5716b185b4 - - default default] Unable to schedule network 893268c2-ec33-4c3b-8de4-fe6a786afe45: no agents available; will retry on subsequent port and subnet creation events.
2026-05-09 18:12:48.819 10 INFO neutron.db.ovn_revision_numbers_db [None req-f521173a-d1cc-4450-a901-d5d3f76a9971 eeb06f2e737947319181263885889c97 060fb54941ec4ee78175ce5716b185b4 - - default default] Successfully bumped revision number for resource e35b0be5-cd18-4d79-a912-1d35f5ba6c37 (type: ports) to 1
2026-05-09 18:12:48.867 10 WARNING neutron.plugins.ml2.drivers.ovn.mech_driver.ovsdb.ovn_client [None req-bf032898-faeb-4a21-bbaa-9ce2eb2d631d - - - - - -] No hosting information found for port d4695fb5-9d49-452f-9c3b-1aa0d2b4d25e: RuntimeError: No hosting information found for port d4695fb5-9d49-452f-9c3b-1aa0d2b4d25e
2026-05-09 18:12:48.886 10 INFO neutron.api.wsgi [None req-f521173a-d1cc-4450-a901-d5d3f76a9971 eeb06f2e737947319181263885889c97 060fb54941ec4ee78175ce5716b185b4 - - default default] 10.0.0.13 "POST /v2.0/networks HTTP/1.1" status: 201 len: 943 time: 0.9374576
2026-05-09 18:12:48.983 10 INFO neutron.db.ovn_revision_numbers_db [None req-bf032898-faeb-4a21-bbaa-9ce2eb2d631d - - - - - -] Successfully bumped revision number for resource d4695fb5-9d49-452f-9c3b-1aa0d2b4d25e (type: router_ports) to 2
2026-05-09 18:12:48.996 9 INFO neutron.plugins.ml2.drivers.ovn.mech_driver.mech_driver [None req-7ea7c575-d833-43f3-90de-8ff0a1779d7b - - - - - -] OVN reports status up for port: 37d02586-b257-4a06-b942-e751cf27ac87
2026-05-09 18:12:49.028 9 INFO neutron.plugins.ml2.plugin [None req-7ea7c575-d833-43f3-90de-8ff0a1779d7b - - - - - -] Attempt 1 to provision port 37d02586-b257-4a06-b942-e751cf27ac87
2026-05-09 18:12:49.043 10 INFO neutron.plugins.ml2.drivers.ovn.mech_driver.mech_driver [None req-bf032898-faeb-4a21-bbaa-9ce2eb2d631d - - - - - -] OVN reports status up for port: 7ce3c5e3-6255-40e3-95f6-7da72dc75d05
2026-05-09 18:12:49.047 10 INFO neutron.plugins.ml2.plugin [None req-bf032898-faeb-4a21-bbaa-9ce2eb2d631d - - - - - -] Attempt 1 to provision port 7ce3c5e3-6255-40e3-95f6-7da72dc75d05
2026-05-09 18:12:49.110 9 WARNING neutron.scheduler.dhcp_agent_scheduler [None req-87fcd96f-6f03-4008-b455-dfb289564a79 eeb06f2e737947319181263885889c97 060fb54941ec4ee78175ce5716b185b4 - - default default] No more DHCP agents
2026-05-09 18:12:49.112 9 WARNING neutron.api.rpc.agentnotifiers.dhcp_rpc_agent_api [None req-87fcd96f-6f03-4008-b455-dfb289564a79 eeb06f2e737947319181263885889c97 060fb54941ec4ee78175ce5716b185b4 - - default default] Unable to schedule network 893268c2-ec33-4c3b-8de4-fe6a786afe45: no agents available; will retry on subsequent port and subnet creation events.
2026-05-09 18:12:49.126 9 INFO neutron.notifiers.nova [-] Nova event matching ['req-969110bc-782c-4c80-a54b-b62fbce753a6'] response: {'server_uuid': '6ac39868-aa92-452d-887f-61212166f29a', 'name': 'network-vif-plugged', 'status': 'completed', 'tag': '37d02586-b257-4a06-b942-e751cf27ac87', 'code': 200}
2026-05-09 18:12:49.283 9 INFO neutron.db.ovn_revision_numbers_db [None req-7ea7c575-d833-43f3-90de-8ff0a1779d7b - - - - - -] Successfully bumped revision number for resource 37d02586-b257-4a06-b942-e751cf27ac87 (type: ports) to 5
2026-05-09 18:12:49.362 10 INFO neutron.plugins.ml2.drivers.ovn.mech_driver.ovsdb.commands [None req-5db080dd-16c0-401d-b5a4-26dc52ec8ed8 - - - - - -] Schedule LRP lrp-a6f9af4c-bb25-4971-ade6-d2c9c009336a on gateway facc2238-7c05-4b98-a9e1-6b4ca8997d25 with priority 1 /var/lib/openstack/lib/python3.12/site-packages/pycadf/identifier.py:71: UserWarning: Invalid uuid: neutron. To ensure interoperability, identifiers should be a valid uuid. warnings.warn(('Invalid uuid: %s. To ensure interoperability, '
2026-05-09 18:12:49.420 10 INFO neutron.db.ovn_revision_numbers_db [None req-c42bf1e8-b166-473f-987a-beed47bc8d46 d0b53d028b534befbb5b8dbbdd31893b 70759cdc0d6e4f5cbb730a53bd73cd63 - - default default] Successfully bumped revision number for resource a6f9af4c-bb25-4971-ade6-d2c9c009336a (type: router_ports) to 1
2026-05-09 18:12:49.441 9 INFO neutron.api.wsgi [req-00bb662c-18a2-4f61-ac64-b243b98a6bd0 req-509249e0-36af-4eb5-8baf-6ab035ba3a03 e14e4455e3a1448499bf77582dd1bf95 8d78b7a87f9846169e5dabb7aafb71e1 - - default default] 10.0.0.11 "GET /v2.0/ports?device_id=6ac39868-aa92-452d-887f-61212166f29a HTTP/1.1" status: 200 len: 1174 time: 0.0427239
2026-05-09 18:12:49.481 10 INFO neutron.db.ovn_revision_numbers_db [None req-bf032898-faeb-4a21-bbaa-9ce2eb2d631d - - - - - -] Successfully bumped revision number for resource 7ce3c5e3-6255-40e3-95f6-7da72dc75d05 (type: ports) to 2
2026-05-09 18:12:49.484 10 INFO neutron.db.ovn_revision_numbers_db [None req-c42bf1e8-b166-473f-987a-beed47bc8d46 d0b53d028b534befbb5b8dbbdd31893b 70759cdc0d6e4f5cbb730a53bd73cd63 - - default default] Successfully bumped revision number for resource 885513eb-e549-4fa3-bf05-c82b87f8978c (type: routers) to 2
2026-05-09 18:12:49.486 9 INFO neutron.api.wsgi [req-00bb662c-18a2-4f61-ac64-b243b98a6bd0 req-1e5210ad-33eb-43f9-a397-409c44854367 e14e4455e3a1448499bf77582dd1bf95 8d78b7a87f9846169e5dabb7aafb71e1 - - default default] 10.0.0.11 "GET /v2.0/security-groups?id=195ae6ba-485b-4834-b2e3-128e72848f07&fields=id&fields=name HTTP/1.1" status: 200 len: 313 time: 0.0389171
2026-05-09 18:12:49.507 10 INFO neutron.api.wsgi [None req-c42bf1e8-b166-473f-987a-beed47bc8d46 d0b53d028b534befbb5b8dbbdd31893b 70759cdc0d6e4f5cbb730a53bd73cd63 - - default default] 10.0.0.13 "POST /v2.0/routers HTTP/1.1" status: 201 len: 1154 time: 1.5242205
2026-05-09 18:12:49.646 9 INFO neutron.db.ovn_revision_numbers_db [None req-0367050e-9a31-4f39-9dc4-286182d854d3 - - - - - -] Successfully bumped revision number for resource e35b0be5-cd18-4d79-a912-1d35f5ba6c37 (type: ports) to 2
2026-05-09 18:12:49.659 10 INFO neutron.api.wsgi [req-1666db44-7d36-40db-9aed-c7421049c31a req-cca0bcdb-e5e9-474c-84b2-b6a679098d32 8dffe8489e0548cbaf1ee072c86597d9 6569d886c6c24df29da5311d98b42a2f - - default default] 10.0.0.11 "GET /v2.0/ports?device_id=e4ddd88d-ab6f-4561-b96a-98488b3032d9 HTTP/1.1" status: 200 len: 210 time: 0.0223169
2026-05-09 18:12:49.681 9 INFO neutron.db.ovn_revision_numbers_db [None req-0367050e-9a31-4f39-9dc4-286182d854d3 - - - - - -] Successfully bumped revision number for resource db5851e7-8e14-438e-abf6-cf25e2699f0a (type: subnets) to 0
2026-05-09 18:12:49.697 9 INFO neutron.api.wsgi [None req-87fcd96f-6f03-4008-b455-dfb289564a79 eeb06f2e737947319181263885889c97 060fb54941ec4ee78175ce5716b185b4 - - default default] 10.0.0.13 "POST /v2.0/subnets HTTP/1.1" status: 201 len: 887 time: 0.8053377
2026-05-09 18:12:49.808 10 INFO neutron.api.wsgi [req-35070570-b1f8-4662-a44c-371c3b518407 req-e121e8e9-cac5-4a9b-af6b-9c29e6d3d568 8dffe8489e0548cbaf1ee072c86597d9 6569d886c6c24df29da5311d98b42a2f - - default default] 199.204.45.30 "GET /v2.0/networks?id=8cba6952-5d1b-49ca-9e13-3a909559bad5 HTTP/1.1" status: 200 len: 872 time: 0.0615478
2026-05-09 18:12:49.817 10 WARNING neutron_lib.context [req-35070570-b1f8-4662-a44c-371c3b518407 req-a6be8a6f-ae69-4567-b014-370613173c4d 8dffe8489e0548cbaf1ee072c86597d9 6569d886c6c24df29da5311d98b42a2f - - default default] Method 'is_advsvc' is deprecated since 2023.2 release (neutron-lib 3.8.0) and will be removed once support for the old RBAC API policies will be removed from Neutron. Please use method 'is_service_role' instead.
2026-05-09 18:12:50.104 10 WARNING neutron.scheduler.dhcp_agent_scheduler [None req-dd2db5fa-c9f3-4fab-a912-382742a0f56d d0b53d028b534befbb5b8dbbdd31893b 70759cdc0d6e4f5cbb730a53bd73cd63 - - default default] No more DHCP agents
2026-05-09 18:12:50.106 10 WARNING neutron.api.rpc.agentnotifiers.dhcp_rpc_agent_api [None req-dd2db5fa-c9f3-4fab-a912-382742a0f56d d0b53d028b534befbb5b8dbbdd31893b 70759cdc0d6e4f5cbb730a53bd73cd63 - - default default] Unable to schedule network 80d63589-eb77-4ef4-b5ed-3defc4485f50: no agents available; will retry on subsequent port and subnet creation events.
2026-05-09 18:12:50.110 9 WARNING neutron.scheduler.dhcp_agent_scheduler [None req-7571fcfa-ea58-4aa5-bc51-c2b18fca0401 eeb06f2e737947319181263885889c97 060fb54941ec4ee78175ce5716b185b4 - - default default] No more DHCP agents
2026-05-09 18:12:50.111 9 WARNING neutron.api.rpc.agentnotifiers.dhcp_rpc_agent_api [None req-7571fcfa-ea58-4aa5-bc51-c2b18fca0401 eeb06f2e737947319181263885889c97 060fb54941ec4ee78175ce5716b185b4 - - default default] Unable to schedule network e3d38db2-c557-4d75-b4d3-42faced4f97f: no agents available; will retry on subsequent port and subnet creation events.
2026-05-09 18:12:50.178 10 WARNING neutron.scheduler.dhcp_agent_scheduler [req-35070570-b1f8-4662-a44c-371c3b518407 req-a6be8a6f-ae69-4567-b014-370613173c4d 8dffe8489e0548cbaf1ee072c86597d9 6569d886c6c24df29da5311d98b42a2f - - default default] No more DHCP agents
2026-05-09 18:12:50.180 10 WARNING neutron.api.rpc.agentnotifiers.dhcp_rpc_agent_api [req-35070570-b1f8-4662-a44c-371c3b518407 req-a6be8a6f-ae69-4567-b014-370613173c4d 8dffe8489e0548cbaf1ee072c86597d9 6569d886c6c24df29da5311d98b42a2f - - default default] Unable to schedule network 8cba6952-5d1b-49ca-9e13-3a909559bad5: no agents available; will retry on subsequent port and subnet creation events.
2026-05-09 18:12:50.266 9 INFO neutron.db.ovn_revision_numbers_db [None req-7571fcfa-ea58-4aa5-bc51-c2b18fca0401 eeb06f2e737947319181263885889c97 060fb54941ec4ee78175ce5716b185b4 - - default default] Successfully bumped revision number for resource 006a7de2-346b-43c0-af04-ca8ad7c584a5 (type: ports) to 1
2026-05-09 18:12:50.279 10 INFO neutron.db.ovn_revision_numbers_db [None req-dd2db5fa-c9f3-4fab-a912-382742a0f56d d0b53d028b534befbb5b8dbbdd31893b 70759cdc0d6e4f5cbb730a53bd73cd63 - - default default] Successfully bumped revision number for resource 6b87d2c8-4ba4-4ffc-9b73-8f1ef08a74fa (type: ports) to 1
2026-05-09 18:12:50.340 10 INFO neutron.db.ovn_revision_numbers_db [req-35070570-b1f8-4662-a44c-371c3b518407 req-a6be8a6f-ae69-4567-b014-370613173c4d 8dffe8489e0548cbaf1ee072c86597d9 6569d886c6c24df29da5311d98b42a2f - - default default] Successfully bumped revision number for resource 5b42438f-2987-4cdb-bdd8-917e34e18aa5 (type: ports) to 1
2026-05-09 18:12:50.451 10 INFO neutron.api.wsgi [req-35070570-b1f8-4662-a44c-371c3b518407 req-a6be8a6f-ae69-4567-b014-370613173c4d 8dffe8489e0548cbaf1ee072c86597d9 6569d886c6c24df29da5311d98b42a2f - - default default] 199.204.45.30 "POST /v2.0/ports HTTP/1.1" status: 201 len: 1158 time: 0.6396885 /var/lib/openstack/lib/python3.12/site-packages/pycadf/identifier.py:71: UserWarning: Invalid uuid: neutron. To ensure interoperability, identifiers should be a valid uuid. warnings.warn(('Invalid uuid: %s. To ensure interoperability, '
2026-05-09 18:12:50.658 9 INFO neutron.api.wsgi [req-7eb04bee-7e7e-4a4a-aaad-1fdd06f55f6d req-4a2ea91f-ba57-4a73-8415-6bdfe8cfeba7 e14e4455e3a1448499bf77582dd1bf95 8d78b7a87f9846169e5dabb7aafb71e1 - - default default] 10.0.0.11 "GET /v2.0/ports?device_id=6ac39868-aa92-452d-887f-61212166f29a HTTP/1.1" status: 200 len: 1174 time: 0.1076138
2026-05-09 18:12:50.722 9 INFO neutron.api.wsgi [req-7eb04bee-7e7e-4a4a-aaad-1fdd06f55f6d req-83cf7592-8345-4c09-b4f3-5f28239769b2 e14e4455e3a1448499bf77582dd1bf95 8d78b7a87f9846169e5dabb7aafb71e1 - - default default] 10.0.0.11 "GET /v2.0/security-groups?id=195ae6ba-485b-4834-b2e3-128e72848f07&fields=id&fields=name HTTP/1.1" status: 200 len: 313 time: 0.0566707
2026-05-09 18:12:50.844 10 INFO neutron.api.wsgi [req-9e52223b-9ada-4a96-9fdd-01f059f6c0f9 req-0d3e5a3a-7eda-4463-b83e-6d0de362fb32 8dffe8489e0548cbaf1ee072c86597d9 6569d886c6c24df29da5311d98b42a2f - - default default] 10.0.0.11 "GET /v2.0/ports?device_id=e4ddd88d-ab6f-4561-b96a-98488b3032d9 HTTP/1.1" status: 200 len: 1156 time: 0.1105697 /var/lib/openstack/lib/python3.12/site-packages/pycadf/identifier.py:71: UserWarning: Invalid uuid: neutron. To ensure interoperability, identifiers should be a valid uuid. warnings.warn(('Invalid uuid: %s. To ensure interoperability, '
2026-05-09 18:12:50.912 10 INFO neutron.api.wsgi [req-9e52223b-9ada-4a96-9fdd-01f059f6c0f9 req-ca4ec5c0-b097-4d10-bd35-91f2efee1435 8dffe8489e0548cbaf1ee072c86597d9 6569d886c6c24df29da5311d98b42a2f - - default default] 10.0.0.11 "GET /v2.0/security-groups?id=af5786b3-d460-4727-b3c3-99bd73dcd488&fields=id&fields=name HTTP/1.1" status: 200 len: 286 time: 0.0591841
2026-05-09 18:12:50.998 9 INFO neutron.plugins.ml2.drivers.ovn.mech_driver.ovsdb.commands [None req-00bea2ae-b9f0-4e9b-a172-5bda64969cc7 - - - - - -] Schedule LRP lrp-006a7de2-346b-43c0-af04-ca8ad7c584a5 on gateway facc2238-7c05-4b98-a9e1-6b4ca8997d25 with priority 1
2026-05-09 18:12:51.019 10 INFO neutron.db.ovn_revision_numbers_db [req-35070570-b1f8-4662-a44c-371c3b518407 req-e8307631-1082-4cdd-a0a5-ae1a4e12443b 9b59f34a42f44b59acffada6688f4c19 eed4dfac04f141ca88fe8b718c7e9e03 - - 0ae8b721ae004486adb9c48fe559be89 0ae8b721ae004486adb9c48fe559be89] Successfully bumped revision number for resource 5b42438f-2987-4cdb-bdd8-917e34e18aa5 (type: ports) to 2
2026-05-09 18:12:51.023 9 INFO neutron.plugins.ml2.drivers.ovn.mech_driver.ovsdb.ovsdb_monitor [None req-226ce838-53e0-40dc-90f0-477061cf5b90 - - - - - -] Router 09c94250-fb8e-45cd-a08c-50609bb006cb is bound to host instance
2026-05-09 18:12:51.069 9 INFO neutron.db.ovn_revision_numbers_db [None req-7571fcfa-ea58-4aa5-bc51-c2b18fca0401 eeb06f2e737947319181263885889c97 060fb54941ec4ee78175ce5716b185b4 - - default default] Successfully bumped revision number for resource 006a7de2-346b-43c0-af04-ca8ad7c584a5 (type: router_ports) to 1
2026-05-09 18:12:51.162 9 INFO neutron.plugins.ml2.drivers.ovn.mech_driver.mech_driver [None req-740cc725-d116-42ad-a364-69907a6793c1 - - - - - -] OVN reports status up for port: 6b87d2c8-4ba4-4ffc-9b73-8f1ef08a74fa
2026-05-09 18:12:51.186 9 INFO neutron.plugins.ml2.plugin [None req-740cc725-d116-42ad-a364-69907a6793c1 - - - - - -] Attempt 1 to provision port 6b87d2c8-4ba4-4ffc-9b73-8f1ef08a74fa
2026-05-09 18:12:51.187 10 INFO neutron.db.ovn_revision_numbers_db [None req-dd2db5fa-c9f3-4fab-a912-382742a0f56d d0b53d028b534befbb5b8dbbdd31893b 70759cdc0d6e4f5cbb730a53bd73cd63 - - default default] Successfully bumped revision number for resource 6b87d2c8-4ba4-4ffc-9b73-8f1ef08a74fa (type: ports) to 1
2026-05-09 18:12:51.197 9 INFO neutron.notifiers.nova [-] Nova event matching ['req-65b4afcb-6a8c-436b-befd-6a8f32f6d8d1'] response: {'server_uuid': '6ac39868-aa92-452d-887f-61212166f29a', 'name': 'network-vif-plugged', 'status': 'completed', 'tag': '37d02586-b257-4a06-b942-e751cf27ac87', 'code': 200}
2026-05-09 18:12:51.250 9 INFO neutron.db.ovn_revision_numbers_db [None req-7571fcfa-ea58-4aa5-bc51-c2b18fca0401 eeb06f2e737947319181263885889c97 060fb54941ec4ee78175ce5716b185b4 - - default default] Successfully bumped revision number for resource 09c94250-fb8e-45cd-a08c-50609bb006cb (type: routers) to 2
2026-05-09 18:12:51.263 10 WARNING neutron.scheduler.dhcp_agent_scheduler [None req-dd2db5fa-c9f3-4fab-a912-382742a0f56d d0b53d028b534befbb5b8dbbdd31893b 70759cdc0d6e4f5cbb730a53bd73cd63 - - default default] No more DHCP agents
2026-05-09 18:12:51.264 10 WARNING neutron.api.rpc.agentnotifiers.dhcp_rpc_agent_api [None req-dd2db5fa-c9f3-4fab-a912-382742a0f56d d0b53d028b534befbb5b8dbbdd31893b 70759cdc0d6e4f5cbb730a53bd73cd63 - - default default] Unable to schedule network 80d63589-eb77-4ef4-b5ed-3defc4485f50: no agents available; will retry on subsequent port and subnet creation events.
2026-05-09 18:12:51.405 9 INFO neutron.api.wsgi [None req-7571fcfa-ea58-4aa5-bc51-c2b18fca0401 eeb06f2e737947319181263885889c97 060fb54941ec4ee78175ce5716b185b4 - - default default] 10.0.0.13 "POST /v2.0/routers HTTP/1.1" status: 201 len: 1165 time: 1.7045503
2026-05-09 18:12:51.406 10 INFO neutron.db.ovn_revision_numbers_db [req-35070570-b1f8-4662-a44c-371c3b518407 req-e8307631-1082-4cdd-a0a5-ae1a4e12443b 9b59f34a42f44b59acffada6688f4c19 eed4dfac04f141ca88fe8b718c7e9e03 - - 0ae8b721ae004486adb9c48fe559be89 0ae8b721ae004486adb9c48fe559be89] Successfully bumped revision number for resource 5b42438f-2987-4cdb-bdd8-917e34e18aa5 (type: ports) to 4
2026-05-09 18:12:51.426 10 INFO neutron.api.wsgi [req-35070570-b1f8-4662-a44c-371c3b518407 req-e8307631-1082-4cdd-a0a5-ae1a4e12443b 9b59f34a42f44b59acffada6688f4c19 eed4dfac04f141ca88fe8b718c7e9e03 - - 0ae8b721ae004486adb9c48fe559be89 0ae8b721ae004486adb9c48fe559be89] 199.204.45.30 "PUT /v2.0/ports/5b42438f-2987-4cdb-bdd8-917e34e18aa5 HTTP/1.1" status: 200 len: 1404 time: 0.9635057
2026-05-09 18:12:51.471 10 INFO neutron.notifiers.nova [-] Nova event matching ['req-bd85c5de-ac43-4ddd-9577-eca1c54c00c2'] response: {'name': 'network-changed', 'server_uuid': 'e4ddd88d-ab6f-4561-b96a-98488b3032d9', 'tag': '5b42438f-2987-4cdb-bdd8-917e34e18aa5', 'status': 'completed', 'code': 200}
2026-05-09 18:12:51.673 10 INFO neutron.db.ovn_revision_numbers_db [None req-dd2db5fa-c9f3-4fab-a912-382742a0f56d d0b53d028b534befbb5b8dbbdd31893b 70759cdc0d6e4f5cbb730a53bd73cd63 - - default default] Successfully bumped revision number for resource 6b87d2c8-4ba4-4ffc-9b73-8f1ef08a74fa (type: router_ports) to 1
2026-05-09 18:12:51.687 10 INFO neutron.api.wsgi [None req-dd2db5fa-c9f3-4fab-a912-382742a0f56d d0b53d028b534befbb5b8dbbdd31893b 70759cdc0d6e4f5cbb730a53bd73cd63 - - default default] 10.0.0.13 "PUT /v2.0/routers/885513eb-e549-4fa3-bf05-c82b87f8978c/add_router_interface HTTP/1.1" status: 200 len: 503 time: 2.1738079 /var/lib/openstack/lib/python3.12/site-packages/pycadf/identifier.py:71: UserWarning: Invalid uuid: neutron. To ensure interoperability, identifiers should be a valid uuid. warnings.warn(('Invalid uuid: %s. To ensure interoperability, '
2026-05-09 18:12:51.699 10 WARNING neutron_lib.context [None req-5a77fecd-3de8-4ab6-bde6-6658bece7ac5 d0b53d028b534befbb5b8dbbdd31893b 70759cdc0d6e4f5cbb730a53bd73cd63 - - default default] Method 'is_advsvc' is deprecated since 2023.2 release (neutron-lib 3.8.0) and will be removed once support for the old RBAC API policies will be removed from Neutron. Please use method 'is_service_role' instead.
2026-05-09 18:12:51.864 9 INFO neutron.api.wsgi [req-61ed63ef-1963-44a4-8971-8a7c6e75ee3b req-e0ee4c59-cf86-46f0-b933-4ad7f36f0cb7 e14e4455e3a1448499bf77582dd1bf95 8d78b7a87f9846169e5dabb7aafb71e1 - - default default] 10.0.0.11 "GET /v2.0/ports?device_id=6ac39868-aa92-452d-887f-61212166f29a HTTP/1.1" status: 200 len: 1174 time: 0.0811172
2026-05-09 18:12:51.946 9 INFO neutron.api.wsgi [req-61ed63ef-1963-44a4-8971-8a7c6e75ee3b req-980913a5-cd55-4ffa-883e-5c9c2d2cdc46 e14e4455e3a1448499bf77582dd1bf95 8d78b7a87f9846169e5dabb7aafb71e1 - - default default] 10.0.0.11 "GET /v2.0/security-groups?id=195ae6ba-485b-4834-b2e3-128e72848f07&fields=id&fields=name HTTP/1.1" status: 200 len: 313 time: 0.0720868 /var/lib/openstack/lib/python3.12/site-packages/pycadf/identifier.py:71: UserWarning: Invalid uuid: neutron. To ensure interoperability, identifiers should be a valid uuid. warnings.warn(('Invalid uuid: %s. To ensure interoperability, '
2026-05-09 18:12:52.046 9 INFO neutron.api.wsgi [req-3bcc89f8-0e8c-48bb-bc4e-89962b1cc1ba req-eb7aea44-4390-4161-93b6-fabeda7fa6fe e14e4455e3a1448499bf77582dd1bf95 8d78b7a87f9846169e5dabb7aafb71e1 - - default default] 10.0.0.11 "GET /v2.0/ports?device_id=6ac39868-aa92-452d-887f-61212166f29a HTTP/1.1" status: 200 len: 1174 time: 0.0531685
2026-05-09 18:12:52.073 9 INFO neutron.db.ovn_revision_numbers_db [None req-740cc725-d116-42ad-a364-69907a6793c1 - - - - - -] Successfully bumped revision number for resource 6b87d2c8-4ba4-4ffc-9b73-8f1ef08a74fa (type: ports) to 2
2026-05-09 18:12:52.089 9 INFO neutron.db.ovn_revision_numbers_db [None req-94d96c11-b036-43a9-a348-390a79144a38 - - - - - -] Successfully bumped revision number for resource 006a7de2-346b-43c0-af04-ca8ad7c584a5 (type: ports) to 1
2026-05-09 18:12:52.163 9 WARNING neutron.scheduler.dhcp_agent_scheduler [None req-47c8ba9b-d864-4506-9303-babea30b8ff0 eeb06f2e737947319181263885889c97 060fb54941ec4ee78175ce5716b185b4 - - default default] No more DHCP agents
2026-05-09 18:12:52.168 9 WARNING neutron.api.rpc.agentnotifiers.dhcp_rpc_agent_api [None req-47c8ba9b-d864-4506-9303-babea30b8ff0 eeb06f2e737947319181263885889c97 060fb54941ec4ee78175ce5716b185b4 - - default default] Unable to schedule network 893268c2-ec33-4c3b-8de4-fe6a786afe45: no agents available; will retry on subsequent port and subnet creation events.
2026-05-09 18:12:52.236 10 INFO neutron.api.wsgi [req-a92d6686-56b6-4cd4-92f2-91d321b606c3 req-901194ac-f324-4480-a4c7-c634e2e3f3a9 8dffe8489e0548cbaf1ee072c86597d9 6569d886c6c24df29da5311d98b42a2f - - default default] 10.0.0.11 "GET /v2.0/ports?device_id=e4ddd88d-ab6f-4561-b96a-98488b3032d9 HTTP/1.1" status: 200 len: 1168 time: 0.2586963
