2026-05-09 18:11:04.529 9 INFO neutron.db.ovn_revision_numbers_db [None req-65345e3f-58e5-4eab-8f93-e5f9c0bf5fc4 eeb06f2e737947319181263885889c97 060fb54941ec4ee78175ce5716b185b4 - - default default] Successfully bumped revision number for resource e10a44f0-f4fa-4896-8fd6-1d145853eb80 (type: routers) to 2
2026-05-09 18:11:04.546 9 INFO neutron.api.wsgi [None req-65345e3f-58e5-4eab-8f93-e5f9c0bf5fc4 eeb06f2e737947319181263885889c97 060fb54941ec4ee78175ce5716b185b4 - - default default] 10.0.0.13 "POST /v2.0/routers HTTP/1.1" status: 201 len: 1174 time: 1.3462365
2026-05-09 18:11:04.623 9 INFO neutron.db.ovn_revision_numbers_db [None req-70ae9c29-6517-46ad-8c23-0f079233e9d1 - - - - - -] Successfully bumped revision number for resource bd1ab969-fab1-4530-8f73-9a67b313c99d (type: ports) to 1
2026-05-09 18:11:04.653 10 INFO neutron.plugins.ml2.drivers.ovn.mech_driver.mech_driver [None req-109b19be-5de5-472e-be55-de992690fe9a - - - - - -] OVN reports status up for port: 787bd2fa-0cfe-41ba-abd2-fd39fb28d9cd
2026-05-09 18:11:04.684 10 INFO neutron.plugins.ml2.plugin [None req-109b19be-5de5-472e-be55-de992690fe9a - - - - - -] Attempt 1 to provision port 787bd2fa-0cfe-41ba-abd2-fd39fb28d9cd
2026-05-09 18:11:05.001 10 INFO neutron.db.ovn_revision_numbers_db [None req-dc120c52-63de-4234-b906-1077238b98e2 eeb06f2e737947319181263885889c97 060fb54941ec4ee78175ce5716b185b4 - - default default] Successfully bumped revision number for resource 02199bb6-baa1-4305-b7b4-f4ba6f38d2b1 (type: router_ports) to 1
2026-05-09 18:11:05.009 10 INFO neutron.api.wsgi [None req-dc120c52-63de-4234-b906-1077238b98e2 eeb06f2e737947319181263885889c97 060fb54941ec4ee78175ce5716b185b4 - - default default] 10.0.0.13 "PUT /v2.0/routers/eee8f90e-d1ed-4a33-8383-fd30fad1e9ce/add_router_interface HTTP/1.1" status: 200 len: 503 time: 3.3716197
2026-05-09 18:11:05.113 9 INFO neutron.db.ovn_revision_numbers_db [None req-70ae9c29-6517-46ad-8c23-0f079233e9d1 - - - - - -] Successfully bumped revision number for resource bd1ab969-fab1-4530-8f73-9a67b313c99d (type: ports) to 4
2026-05-09 18:11:05.115 9 WARNING neutron.scheduler.dhcp_agent_scheduler [None req-4b926362-67d2-4a2d-9090-5a13472c78bc eeb06f2e737947319181263885889c97 060fb54941ec4ee78175ce5716b185b4 - - default default] No more DHCP agents
2026-05-09 18:11:05.118 9 WARNING neutron.api.rpc.agentnotifiers.dhcp_rpc_agent_api [None req-4b926362-67d2-4a2d-9090-5a13472c78bc eeb06f2e737947319181263885889c97 060fb54941ec4ee78175ce5716b185b4 - - default default] Unable to schedule network 668543f6-45e7-40d8-8d67-3b68b440ec96: no agents available; will retry on subsequent port and subnet creation events.
2026-05-09 18:11:05.237 9 INFO neutron.db.ovn_revision_numbers_db [None req-4b926362-67d2-4a2d-9090-5a13472c78bc eeb06f2e737947319181263885889c97 060fb54941ec4ee78175ce5716b185b4 - - default default] Successfully bumped revision number for resource bf0a726f-a1cd-4fb3-844a-b256bed18b4b (type: ports) to 1
2026-05-09 18:11:05.476 10 INFO neutron.db.ovn_revision_numbers_db [None req-109b19be-5de5-472e-be55-de992690fe9a - - - - - -] Successfully bumped revision number for resource 787bd2fa-0cfe-41ba-abd2-fd39fb28d9cd (type: ports) to 2
2026-05-09 18:11:05.516 10 INFO neutron.db.ovn_revision_numbers_db [None req-aeb4d1dc-dc25-447c-9504-a79aba23996a eeb06f2e737947319181263885889c97 060fb54941ec4ee78175ce5716b185b4 - - default default] Successfully bumped revision number for resource 28584ea2-b798-43b2-88d1-d6b217b7200f (type: router_ports) to 1
2026-05-09 18:11:05.522 10 INFO neutron.api.wsgi [None req-aeb4d1dc-dc25-447c-9504-a79aba23996a eeb06f2e737947319181263885889c97 060fb54941ec4ee78175ce5716b185b4 - - default default] 10.0.0.13 "PUT /v2.0/routers/ed98eff1-d6b6-4b8c-b294-956617961f0e/add_router_interface HTTP/1.1" status: 200 len: 503 time: 3.5122235
2026-05-09 18:11:05.542 9 INFO neutron.db.ovn_revision_numbers_db [None req-70ae9c29-6517-46ad-8c23-0f079233e9d1 - - - - - -] Successfully bumped revision number for resource bd1ab969-fab1-4530-8f73-9a67b313c99d (type: ports) to 5
2026-05-09 18:11:05.574 10 INFO neutron.db.ovn_revision_numbers_db [None req-47d24363-a745-4a43-93da-7fc13c5c7677 - - - - - -] Successfully bumped revision number for resource 44e03c3d-b586-4de7-b2bc-7d88d0cbe863 (type: ports) to 1
2026-05-09 18:11:05.576 10 INFO neutron.db.ovn_revision_numbers_db [None req-3c06c922-f107-4141-bff1-bf31239766b3 eeb06f2e737947319181263885889c97 060fb54941ec4ee78175ce5716b185b4 - - default default] Successfully bumped revision number for resource 787bd2fa-0cfe-41ba-abd2-fd39fb28d9cd (type: router_ports) to 1
2026-05-09 18:11:05.580 10 INFO neutron.api.wsgi [None req-3c06c922-f107-4141-bff1-bf31239766b3 eeb06f2e737947319181263885889c97 060fb54941ec4ee78175ce5716b185b4 - - default default] 10.0.0.13 "PUT /v2.0/routers/5b934efb-d381-475e-a0ae-e0abaa411f0a/add_router_interface HTTP/1.1" status: 200 len: 503 time: 3.5894203
2026-05-09 18:11:05.844 9 INFO neutron.db.ovn_revision_numbers_db [None req-4b926362-67d2-4a2d-9090-5a13472c78bc eeb06f2e737947319181263885889c97 060fb54941ec4ee78175ce5716b185b4 - - default default] Successfully bumped revision number for resource bf0a726f-a1cd-4fb3-844a-b256bed18b4b (type: ports) to 1
2026-05-09 18:11:05.886 9 WARNING neutron.scheduler.dhcp_agent_scheduler [None req-4b926362-67d2-4a2d-9090-5a13472c78bc eeb06f2e737947319181263885889c97 060fb54941ec4ee78175ce5716b185b4 - - default default] No more DHCP agents
2026-05-09 18:11:05.887 9 WARNING neutron.api.rpc.agentnotifiers.dhcp_rpc_agent_api [None req-4b926362-67d2-4a2d-9090-5a13472c78bc eeb06f2e737947319181263885889c97 060fb54941ec4ee78175ce5716b185b4 - - default default] Unable to schedule network 668543f6-45e7-40d8-8d67-3b68b440ec96: no agents available; will retry on subsequent port and subnet creation events.
2026-05-09 18:11:05.910 9 WARNING neutron_lib.context [req-dc37029a-f881-4b60-bd38-f630de3f1bc8 req-ecaae9b4-6902-4113-a4e1-802c48a0f760 bdef49b5771f47569748c40a03c78f98 e8d0a857ece042058c2f76a62999fd7e - - default default] Method 'is_advsvc' is deprecated since 2023.2 release (neutron-lib 3.8.0) and will be removed once support for the old RBAC API policies will be removed from Neutron. Please use method 'is_service_role' instead.
2026-05-09 18:11:05.959 10 INFO neutron.db.ovn_revision_numbers_db [None req-47d24363-a745-4a43-93da-7fc13c5c7677 - - - - - -] Successfully bumped revision number for resource 44e03c3d-b586-4de7-b2bc-7d88d0cbe863 (type: ports) to 4
2026-05-09 18:11:06.050 9 INFO neutron.db.ovn_revision_numbers_db [req-dc37029a-f881-4b60-bd38-f630de3f1bc8 req-ecaae9b4-6902-4113-a4e1-802c48a0f760 bdef49b5771f47569748c40a03c78f98 e8d0a857ece042058c2f76a62999fd7e - - default default] Successfully bumped revision number for resource 4b578f9d-4afc-4f31-9585-523d6916b9fa (type: security_groups) to 1
2026-05-09 18:11:06.062 9 INFO neutron.db.ovn_revision_numbers_db [req-dc37029a-f881-4b60-bd38-f630de3f1bc8 req-ecaae9b4-6902-4113-a4e1-802c48a0f760 bdef49b5771f47569748c40a03c78f98 e8d0a857ece042058c2f76a62999fd7e - - default default] Successfully bumped revision number for resource fae89196-d447-40ce-bc65-8fad5d7b689a (type: security_group_rules) to 0
2026-05-09 18:11:06.080 9 INFO neutron.db.ovn_revision_numbers_db [req-dc37029a-f881-4b60-bd38-f630de3f1bc8 req-ecaae9b4-6902-4113-a4e1-802c48a0f760 bdef49b5771f47569748c40a03c78f98 e8d0a857ece042058c2f76a62999fd7e - - default default] Successfully bumped revision number for resource fe0dc897-ddcf-4ff5-a3c8-99329a15f66b (type: security_group_rules) to 0
2026-05-09 18:11:06.115 9 INFO neutron.api.wsgi [req-dc37029a-f881-4b60-bd38-f630de3f1bc8 req-ecaae9b4-6902-4113-a4e1-802c48a0f760 bdef49b5771f47569748c40a03c78f98 e8d0a857ece042058c2f76a62999fd7e - - default default] 10.0.0.11 "POST /v2.0/security-groups HTTP/1.1" status: 201 len: 1891 time: 0.2477283
2026-05-09 18:11:06.346 10 WARNING neutron_lib.context [req-0b455343-6843-434e-94e5-517000808f58 req-bd64d8b1-f178-4ffa-b2bf-00886e13c406 507f8044aaf84e74b8c61dccc4217ee6 ffb45321ed3b41709c7cc9ab958f1add - - default default] Method 'is_advsvc' is deprecated since 2023.2 release (neutron-lib 3.8.0) and will be removed once support for the old RBAC API policies will be removed from Neutron. Please use method 'is_service_role' instead.
2026-05-09 18:11:06.396 10 INFO neutron.db.ovn_revision_numbers_db [None req-47d24363-a745-4a43-93da-7fc13c5c7677 - - - - - -] Successfully bumped revision number for resource 44e03c3d-b586-4de7-b2bc-7d88d0cbe863 (type: ports) to 5
2026-05-09 18:11:06.403 9 WARNING neutron_lib.context [None req-e9f801e7-a9ce-4ff0-b9d6-42c2f58a44a8 6d3ce188c66a4e10b82fa1afc8adf7ac 10fa3e971f3443e9b0e2c7d85ccf702b - - default default] Method 'is_advsvc' is deprecated since 2023.2 release (neutron-lib 3.8.0) and will be removed once support for the old RBAC API policies will be removed from Neutron. Please use method 'is_service_role' instead.
2026-05-09 18:11:06.431 9 INFO neutron.api.wsgi [req-dbf4a66e-00fc-44db-a531-7e5efd85f432 req-833550fc-afd2-4caa-83ab-f35ca2260ffc bdef49b5771f47569748c40a03c78f98 e8d0a857ece042058c2f76a62999fd7e - - default default] 10.0.0.11 "GET /v2.0/security-groups/4b578f9d-4afc-4f31-9585-523d6916b9fa HTTP/1.1" status: 200 len: 1886 time: 0.0243013
2026-05-09 18:11:06.447 9 WARNING neutron_lib.context [req-dbf4a66e-00fc-44db-a531-7e5efd85f432 req-68da3182-112a-4eaa-a332-791e9ee1b642 bdef49b5771f47569748c40a03c78f98 e8d0a857ece042058c2f76a62999fd7e - - default default] Method 'is_advsvc' is deprecated since 2023.2 release (neutron-lib 3.8.0) and will be removed once support for the old RBAC API policies will be removed from Neutron. Please use method 'is_service_role' instead.
2026-05-09 18:11:06.585 9 INFO neutron.plugins.ml2.drivers.ovn.mech_driver.mech_driver [None req-873b34f8-100e-43a3-ab87-251903ea1482 - - - - - -] OVN reports status up for port: 02199bb6-baa1-4305-b7b4-f4ba6f38d2b1
2026-05-09 18:11:06.599 10 INFO neutron.db.ovn_revision_numbers_db [req-0b455343-6843-434e-94e5-517000808f58 req-bd64d8b1-f178-4ffa-b2bf-00886e13c406 507f8044aaf84e74b8c61dccc4217ee6 ffb45321ed3b41709c7cc9ab958f1add - - default default] Successfully bumped revision number for resource 32d303f0-5068-46f1-8502-1a0fd241226c (type: security_groups) to 1
2026-05-09 18:11:06.606 9 INFO neutron.plugins.ml2.plugin [None req-873b34f8-100e-43a3-ab87-251903ea1482 - - - - - -] Attempt 1 to provision port 02199bb6-baa1-4305-b7b4-f4ba6f38d2b1
2026-05-09 18:11:06.634 10 INFO neutron.db.ovn_revision_numbers_db [req-0b455343-6843-434e-94e5-517000808f58 req-bd64d8b1-f178-4ffa-b2bf-00886e13c406 507f8044aaf84e74b8c61dccc4217ee6 ffb45321ed3b41709c7cc9ab958f1add - - default default] Successfully bumped revision number for resource 938d3144-7e5f-4d09-8405-05a613f8e3f7 (type: security_group_rules) to 0
2026-05-09 18:11:06.695 10 INFO neutron.db.ovn_revision_numbers_db [req-0b455343-6843-434e-94e5-517000808f58 req-bd64d8b1-f178-4ffa-b2bf-00886e13c406 507f8044aaf84e74b8c61dccc4217ee6 ffb45321ed3b41709c7cc9ab958f1add - - default default] Successfully bumped revision number for resource f254fc4f-9693-48e2-85ef-c93eaa9209e3 (type: security_group_rules) to 0
2026-05-09 18:11:06.749 10 INFO neutron.api.wsgi [req-0b455343-6843-434e-94e5-517000808f58 req-bd64d8b1-f178-4ffa-b2bf-00886e13c406 507f8044aaf84e74b8c61dccc4217ee6 ffb45321ed3b41709c7cc9ab958f1add - - default default] 10.0.0.11 "POST /v2.0/security-groups HTTP/1.1" status: 201 len: 1886 time: 0.4378552
2026-05-09 18:11:06.777 10 WARNING neutron_lib.context [req-73dc96b8-c54e-4661-b711-afe5587289b3 req-3602737e-b5dc-4247-a833-c0c455df5217 507f8044aaf84e74b8c61dccc4217ee6 ffb45321ed3b41709c7cc9ab958f1add - - default default] Method 'is_advsvc' is deprecated since 2023.2 release (neutron-lib 3.8.0) and will be removed once support for the old RBAC API policies will be removed from Neutron. Please use method 'is_service_role' instead.
2026-05-09 18:11:06.805 9 INFO neutron.db.ovn_revision_numbers_db [None req-e9f801e7-a9ce-4ff0-b9d6-42c2f58a44a8 6d3ce188c66a4e10b82fa1afc8adf7ac 10fa3e971f3443e9b0e2c7d85ccf702b - - default default] Successfully bumped revision number for resource 3a0a10aa-79f0-4726-b001-a22260caf593 (type: security_groups) to 1
2026-05-09 18:11:06.904 9 INFO neutron.db.ovn_revision_numbers_db [None req-e9f801e7-a9ce-4ff0-b9d6-42c2f58a44a8 6d3ce188c66a4e10b82fa1afc8adf7ac 10fa3e971f3443e9b0e2c7d85ccf702b - - default default] Successfully bumped revision number for resource 8fd93478-0bb0-49e6-92f1-26be80881688 (type: security_group_rules) to 0
2026-05-09 18:11:06.944 9 INFO neutron.db.ovn_revision_numbers_db [None req-e9f801e7-a9ce-4ff0-b9d6-42c2f58a44a8 6d3ce188c66a4e10b82fa1afc8adf7ac 10fa3e971f3443e9b0e2c7d85ccf702b - - default default] Successfully bumped revision number for resource a1852c8b-f846-4f7b-86bc-be4314a2571c (type: security_group_rules) to 0
2026-05-09 18:11:06.990 9 INFO neutron.db.ovn_revision_numbers_db [None req-4b926362-67d2-4a2d-9090-5a13472c78bc eeb06f2e737947319181263885889c97 060fb54941ec4ee78175ce5716b185b4 - - default default] Successfully bumped revision number for resource bf0a726f-a1cd-4fb3-844a-b256bed18b4b (type: router_ports) to 1
2026-05-09 18:11:06.991 9 INFO neutron.db.ovn_revision_numbers_db [req-dbf4a66e-00fc-44db-a531-7e5efd85f432 req-68da3182-112a-4eaa-a332-791e9ee1b642 bdef49b5771f47569748c40a03c78f98 e8d0a857ece042058c2f76a62999fd7e - - default default] Successfully bumped revision number for resource 83c61451-d7e5-4dfb-af1a-300b48082ded (type: security_group_rules) to 0
2026-05-09 18:11:06.996 9 INFO neutron.api.wsgi [None req-4b926362-67d2-4a2d-9090-5a13472c78bc eeb06f2e737947319181263885889c97 060fb54941ec4ee78175ce5716b185b4 - - default default] 10.0.0.13 "PUT /v2.0/routers/e10a44f0-f4fa-4896-8fd6-1d145853eb80/add_router_interface HTTP/1.1" status: 200 len: 503 time: 2.4449141
2026-05-09 18:11:07.002 9 INFO neutron.api.wsgi [None req-e9f801e7-a9ce-4ff0-b9d6-42c2f58a44a8 6d3ce188c66a4e10b82fa1afc8adf7ac 10fa3e971f3443e9b0e2c7d85ccf702b - - default default] 10.0.0.13 "POST /v2.0/security-groups HTTP/1.1" status: 201 len: 1859 time: 0.6025603
2026-05-09 18:11:07.012 9 WARNING neutron_lib.context [None req-6a713c27-ca52-4744-bd75-d6983e66236c 6d3ce188c66a4e10b82fa1afc8adf7ac 10fa3e971f3443e9b0e2c7d85ccf702b - - default default] Method 'is_advsvc' is deprecated since 2023.2 release (neutron-lib 3.8.0) and will be removed once support for the old RBAC API policies will be removed from Neutron. Please use method 'is_service_role' instead.
2026-05-09 18:11:07.024 10 INFO neutron.db.ovn_revision_numbers_db [req-73dc96b8-c54e-4661-b711-afe5587289b3 req-3602737e-b5dc-4247-a833-c0c455df5217 507f8044aaf84e74b8c61dccc4217ee6 ffb45321ed3b41709c7cc9ab958f1add - - default default] Successfully bumped revision number for resource c9f8b242-ab0f-49ce-9891-64dc9e37eca4 (type: security_groups) to 1
2026-05-09 18:11:07.087 10 INFO neutron.db.ovn_revision_numbers_db [req-73dc96b8-c54e-4661-b711-afe5587289b3 req-3602737e-b5dc-4247-a833-c0c455df5217 507f8044aaf84e74b8c61dccc4217ee6 ffb45321ed3b41709c7cc9ab958f1add - - default default] Successfully bumped revision number for resource caacf6a3-dfe4-470c-a249-56fa59ae9283 (type: security_group_rules) to 0
2026-05-09 18:11:07.146 10 INFO neutron.db.ovn_revision_numbers_db [req-73dc96b8-c54e-4661-b711-afe5587289b3 req-3602737e-b5dc-4247-a833-c0c455df5217 507f8044aaf84e74b8c61dccc4217ee6 ffb45321ed3b41709c7cc9ab958f1add - - default default] Successfully bumped revision number for resource daf6ca41-6e87-42d5-a3a5-4dcee38ad0a9 (type: security_group_rules) to 0
2026-05-09 18:11:07.148 9 INFO neutron.api.wsgi [req-dbf4a66e-00fc-44db-a531-7e5efd85f432 req-68da3182-112a-4eaa-a332-791e9ee1b642 bdef49b5771f47569748c40a03c78f98 e8d0a857ece042058c2f76a62999fd7e - - default default] 10.0.0.11 "POST /v2.0/security-group-rules HTTP/1.1" status: 201 len: 818 time: 0.7105165
2026-05-09 18:11:07.164 9 INFO neutron.db.ovn_revision_numbers_db [None req-873b34f8-100e-43a3-ab87-251903ea1482 - - - - - -] Successfully bumped revision number for resource 02199bb6-baa1-4305-b7b4-f4ba6f38d2b1 (type: ports) to 2
2026-05-09 18:11:07.182 9 WARNING neutron_lib.context [req-5396e40b-9c06-460b-99ea-229e48b90295 req-4fedc0ed-5ee0-42a9-ae03-65dc9b7eb65b bdef49b5771f47569748c40a03c78f98 e8d0a857ece042058c2f76a62999fd7e - - default default] Method 'is_advsvc' is deprecated since 2023.2 release (neutron-lib 3.8.0) and will be removed once support for the old RBAC API policies will be removed from Neutron. Please use method 'is_service_role' instead.
2026-05-09 18:11:07.187 10 INFO neutron.api.wsgi [req-73dc96b8-c54e-4661-b711-afe5587289b3 req-3602737e-b5dc-4247-a833-c0c455df5217 507f8044aaf84e74b8c61dccc4217ee6 ffb45321ed3b41709c7cc9ab958f1add - - default default] 10.0.0.11 "POST /v2.0/security-groups HTTP/1.1" status: 201 len: 1886 time: 0.4172707
2026-05-09 18:11:07.212 10 WARNING neutron_lib.context [req-13dab0bc-dc62-4d92-b425-ae564018c7b8 req-78fb61d1-7442-4cb6-9735-a9890201ef02 507f8044aaf84e74b8c61dccc4217ee6 ffb45321ed3b41709c7cc9ab958f1add - - default default] Method 'is_advsvc' is deprecated since 2023.2 release (neutron-lib 3.8.0) and will be removed once support for the old RBAC API policies will be removed from Neutron. Please use method 'is_service_role' instead.
2026-05-09 18:11:07.329 9 INFO neutron.db.ovn_revision_numbers_db [None req-6a713c27-ca52-4744-bd75-d6983e66236c 6d3ce188c66a4e10b82fa1afc8adf7ac 10fa3e971f3443e9b0e2c7d85ccf702b - - default default] Successfully bumped revision number for resource eb64bb7d-9c78-4ade-bb2f-9c7502645325 (type: security_group_rules) to 0
2026-05-09 18:11:07.408 9 INFO neutron.api.wsgi [None req-6a713c27-ca52-4744-bd75-d6983e66236c 6d3ce188c66a4e10b82fa1afc8adf7ac 10fa3e971f3443e9b0e2c7d85ccf702b - - default default] 10.0.0.13 "POST /v2.0/security-group-rules HTTP/1.1" status: 201 len: 796 time: 0.3996167
2026-05-09 18:11:07.419 9 WARNING neutron_lib.context [None req-c97a0cc8-0170-40ac-a366-1128f714f04e 6d3ce188c66a4e10b82fa1afc8adf7ac 10fa3e971f3443e9b0e2c7d85ccf702b - - default default] Method 'is_advsvc' is deprecated since 2023.2 release (neutron-lib 3.8.0) and will be removed once support for the old RBAC API policies will be removed from Neutron. Please use method 'is_service_role' instead.
2026-05-09 18:11:07.450 10 INFO neutron.db.ovn_revision_numbers_db [req-13dab0bc-dc62-4d92-b425-ae564018c7b8 req-78fb61d1-7442-4cb6-9735-a9890201ef02 507f8044aaf84e74b8c61dccc4217ee6 ffb45321ed3b41709c7cc9ab958f1add - - default default] Successfully bumped revision number for resource e628ee55-0698-4b71-a808-2a42414c1eb6 (type: security_groups) to 1
2026-05-09 18:11:07.460 9 INFO neutron.db.ovn_revision_numbers_db [req-5396e40b-9c06-460b-99ea-229e48b90295 req-4fedc0ed-5ee0-42a9-ae03-65dc9b7eb65b bdef49b5771f47569748c40a03c78f98 e8d0a857ece042058c2f76a62999fd7e - - default default] Successfully bumped revision number for resource 0d69bba2-e098-48e5-8338-b738042481d8 (type: security_groups) to 1
2026-05-09 18:11:07.496 10 INFO neutron.db.ovn_revision_numbers_db [req-13dab0bc-dc62-4d92-b425-ae564018c7b8 req-78fb61d1-7442-4cb6-9735-a9890201ef02 507f8044aaf84e74b8c61dccc4217ee6 ffb45321ed3b41709c7cc9ab958f1add - - default default] Successfully bumped revision number for resource 7a1d861c-fe11-433d-81f0-34f70a47c8eb (type: security_group_rules) to 0
2026-05-09 18:11:07.519 9 INFO neutron.db.ovn_revision_numbers_db [req-5396e40b-9c06-460b-99ea-229e48b90295 req-4fedc0ed-5ee0-42a9-ae03-65dc9b7eb65b bdef49b5771f47569748c40a03c78f98 e8d0a857ece042058c2f76a62999fd7e - - default default] Successfully bumped revision number for resource 640dfa1f-b649-4ad3-8c41-cba1e6cc0890 (type: security_group_rules) to 0
2026-05-09 18:11:07.550 10 INFO neutron.db.ovn_revision_numbers_db [req-13dab0bc-dc62-4d92-b425-ae564018c7b8 req-78fb61d1-7442-4cb6-9735-a9890201ef02 507f8044aaf84e74b8c61dccc4217ee6 ffb45321ed3b41709c7cc9ab958f1add - - default default] Successfully bumped revision number for resource e9bd7fb2-714a-48f5-842b-25d35ba9e876 (type: security_group_rules) to 0
2026-05-09 18:11:07.606 9 INFO neutron.db.ovn_revision_numbers_db [req-5396e40b-9c06-460b-99ea-229e48b90295 req-4fedc0ed-5ee0-42a9-ae03-65dc9b7eb65b bdef49b5771f47569748c40a03c78f98 e8d0a857ece042058c2f76a62999fd7e - - default default] Successfully bumped revision number for resource 9dfdd387-f0b7-4853-bd3e-daa5bd8ca58e (type: security_group_rules) to 0
2026-05-09 18:11:07.622 9 INFO neutron.db.ovn_revision_numbers_db [None req-c97a0cc8-0170-40ac-a366-1128f714f04e 6d3ce188c66a4e10b82fa1afc8adf7ac 10fa3e971f3443e9b0e2c7d85ccf702b - - default default] Successfully bumped revision number for resource f2d12838-91ad-4af5-abc2-85e41894fc62 (type: security_group_rules) to 0
2026-05-09 18:11:07.626 10 INFO neutron.api.wsgi [req-13dab0bc-dc62-4d92-b425-ae564018c7b8 req-78fb61d1-7442-4cb6-9735-a9890201ef02 507f8044aaf84e74b8c61dccc4217ee6 ffb45321ed3b41709c7cc9ab958f1add - - default default] 10.0.0.11 "POST /v2.0/security-groups HTTP/1.1" status: 201 len: 1887 time: 0.4206252
2026-05-09 18:11:07.646 9 INFO neutron.api.wsgi [req-5396e40b-9c06-460b-99ea-229e48b90295 req-4fedc0ed-5ee0-42a9-ae03-65dc9b7eb65b bdef49b5771f47569748c40a03c78f98 e8d0a857ece042058c2f76a62999fd7e - - default default] 10.0.0.11 "POST /v2.0/security-groups HTTP/1.1" status: 201 len: 1891 time: 0.4717448
2026-05-09 18:11:07.674 9 INFO neutron.api.wsgi [None req-c97a0cc8-0170-40ac-a366-1128f714f04e 6d3ce188c66a4e10b82fa1afc8adf7ac 10fa3e971f3443e9b0e2c7d85ccf702b - - default default] 10.0.0.13 "POST /v2.0/security-group-rules HTTP/1.1" status: 201 len: 801 time: 0.2588346
2026-05-09 18:11:07.685 10 WARNING neutron_lib.context [None req-2b3038ed-d158-4e4d-b50d-c799d180ecfb 6d3ce188c66a4e10b82fa1afc8adf7ac 10fa3e971f3443e9b0e2c7d85ccf702b - - default default] Method 'is_advsvc' is deprecated since 2023.2 release (neutron-lib 3.8.0) and will be removed once support for the old RBAC API policies will be removed from Neutron. Please use method 'is_service_role' instead.
2026-05-09 18:11:07.701 9 INFO neutron.api.wsgi [req-7fa0dce7-405c-43d9-9104-c939b075706b req-967dcbf7-04b8-4872-87de-c3ef4b42799c 507f8044aaf84e74b8c61dccc4217ee6 ffb45321ed3b41709c7cc9ab958f1add - - default default] 10.0.0.11 "GET /v2.0/security-groups?tenant_id=ffb45321ed3b41709c7cc9ab958f1add HTTP/1.1" status: 200 len: 8105 time: 0.0350976
2026-05-09 18:11:07.727 9 INFO neutron.api.wsgi [req-7fa0dce7-405c-43d9-9104-c939b075706b req-b0ed272f-ef13-411a-86c7-014de44dff45 507f8044aaf84e74b8c61dccc4217ee6 ffb45321ed3b41709c7cc9ab958f1add - - default default] 10.0.0.11 "GET /v2.0/security-groups/c69b024f-bf3f-45fc-ad38-12e7528ffaef HTTP/1.1" status: 200 len: 3118 time: 0.0222995
2026-05-09 18:11:07.760 9 INFO neutron.api.wsgi [req-7fa0dce7-405c-43d9-9104-c939b075706b req-5055c8a7-1869-4cd0-b001-1df2f5247a64 507f8044aaf84e74b8c61dccc4217ee6 ffb45321ed3b41709c7cc9ab958f1add - - default default] 10.0.0.11 "GET /v2.0/security-groups/c69b024f-bf3f-45fc-ad38-12e7528ffaef HTTP/1.1" status: 200 len: 3118 time: 0.0237577
2026-05-09 18:11:07.804 9 INFO neutron.api.wsgi [req-6ba78850-fcb2-4c6a-bfca-efbecd1e027b req-753b6823-9449-4961-901d-aa6b17a71ebe bdef49b5771f47569748c40a03c78f98 e8d0a857ece042058c2f76a62999fd7e - - default default] 10.0.0.11 "GET /v2.0/security-groups/0d69bba2-e098-48e5-8338-b738042481d8 HTTP/1.1" status: 200 len: 1886 time: 0.0255728
2026-05-09 18:11:07.806 10 WARNING neutron_lib.context [None req-2b6fb907-9ce2-4827-ae0a-ead551f98f0a 3e907a99f7a547ae8920cf384578cde2 bb4e98ddf21f424e97f3918c78698640 - - default default] Method 'is_advsvc' is deprecated since 2023.2 release (neutron-lib 3.8.0) and will be removed once support for the old RBAC API policies will be removed from Neutron. Please use method 'is_service_role' instead.
2026-05-09 18:11:07.815 9 WARNING neutron_lib.context [req-6ba78850-fcb2-4c6a-bfca-efbecd1e027b req-b43f7e12-0475-4680-b1c3-07546d540ee2 bdef49b5771f47569748c40a03c78f98 e8d0a857ece042058c2f76a62999fd7e - - default default] Method 'is_advsvc' is deprecated since 2023.2 release (neutron-lib 3.8.0) and will be removed once support for the old RBAC API policies will be removed from Neutron. Please use method 'is_service_role' instead.
2026-05-09 18:11:07.842 10 INFO neutron.api.wsgi [req-4c83dbba-0a5c-4bde-a61d-ea5139417901 req-8e6afd25-0b99-4e25-884e-7c4395442b9c 507f8044aaf84e74b8c61dccc4217ee6 ffb45321ed3b41709c7cc9ab958f1add - - default default] 10.0.0.11 "GET /v2.0/security-groups/32d303f0-5068-46f1-8502-1a0fd241226c HTTP/1.1" status: 200 len: 1881 time: 0.0325074
2026-05-09 18:11:08.027 9 INFO neutron.db.ovn_revision_numbers_db [req-6ba78850-fcb2-4c6a-bfca-efbecd1e027b req-b43f7e12-0475-4680-b1c3-07546d540ee2 bdef49b5771f47569748c40a03c78f98 e8d0a857ece042058c2f76a62999fd7e - - default default] Successfully bumped revision number for resource e74fd159-7c14-4252-9df1-66a594b6190f (type: security_group_rules) to 0
2026-05-09 18:11:08.041 10 INFO neutron.db.ovn_revision_numbers_db [None req-2b6fb907-9ce2-4827-ae0a-ead551f98f0a 3e907a99f7a547ae8920cf384578cde2 bb4e98ddf21f424e97f3918c78698640 - - default default] Successfully bumped revision number for resource 76d01bd0-875f-403b-9381-c40b3cfb593b (type: security_groups) to 1
2026-05-09 18:11:08.069 10 WARNING neutron.scheduler.dhcp_agent_scheduler [None req-2b3038ed-d158-4e4d-b50d-c799d180ecfb 6d3ce188c66a4e10b82fa1afc8adf7ac 10fa3e971f3443e9b0e2c7d85ccf702b - - default default] No more DHCP agents
2026-05-09 18:11:08.070 10 WARNING neutron.api.rpc.agentnotifiers.dhcp_rpc_agent_api [None req-2b3038ed-d158-4e4d-b50d-c799d180ecfb 6d3ce188c66a4e10b82fa1afc8adf7ac 10fa3e971f3443e9b0e2c7d85ccf702b - - default default] Unable to schedule network e3d38db2-c557-4d75-b4d3-42faced4f97f: no agents available; will retry on subsequent port and subnet creation events.
2026-05-09 18:11:08.109 9 INFO neutron.api.wsgi [req-6ba78850-fcb2-4c6a-bfca-efbecd1e027b req-b43f7e12-0475-4680-b1c3-07546d540ee2 bdef49b5771f47569748c40a03c78f98 e8d0a857ece042058c2f76a62999fd7e - - default default] 10.0.0.11 "POST /v2.0/security-group-rules HTTP/1.1" status: 201 len: 818 time: 0.2987156
2026-05-09 18:11:08.111 10 INFO neutron.db.ovn_revision_numbers_db [None req-2b6fb907-9ce2-4827-ae0a-ead551f98f0a 3e907a99f7a547ae8920cf384578cde2 bb4e98ddf21f424e97f3918c78698640 - - default default] Successfully bumped revision number for resource 02259d30-a475-453a-9836-b3b376fb24d3 (type: security_group_rules) to 0
2026-05-09 18:11:08.131 10 INFO neutron.api.wsgi [req-4c83dbba-0a5c-4bde-a61d-ea5139417901 req-b0774456-da1d-43ed-834e-0274e9ff02e1 507f8044aaf84e74b8c61dccc4217ee6 ffb45321ed3b41709c7cc9ab958f1add - - default default] 10.0.0.11 "DELETE /v2.0/security-groups/32d303f0-5068-46f1-8502-1a0fd241226c HTTP/1.1" status: 204 len: 173 time: 0.2739174
2026-05-09 18:11:08.143 10 INFO neutron.db.ovn_revision_numbers_db [None req-2b6fb907-9ce2-4827-ae0a-ead551f98f0a 3e907a99f7a547ae8920cf384578cde2 bb4e98ddf21f424e97f3918c78698640 - - default default] Successfully bumped revision number for resource c2bf2209-cc9d-4978-a5fc-0bf93b5805de (type: security_group_rules) to 0
2026-05-09 18:11:08.166 10 INFO neutron.api.v2.resource [req-67910e63-bf85-4613-a992-eaf25fcc4312 req-aaf500ce-9867-4b04-bdbe-81bf1aea4946 507f8044aaf84e74b8c61dccc4217ee6 ffb45321ed3b41709c7cc9ab958f1add - - default default] show failed (client error): The resource could not be found.
2026-05-09 18:11:08.166 10 INFO neutron.api.wsgi [req-67910e63-bf85-4613-a992-eaf25fcc4312 req-aaf500ce-9867-4b04-bdbe-81bf1aea4946 507f8044aaf84e74b8c61dccc4217ee6 ffb45321ed3b41709c7cc9ab958f1add - - default default] 10.0.0.11 "GET /v2.0/security-groups/32d303f0-5068-46f1-8502-1a0fd241226c HTTP/1.1" status: 404 len: 352 time: 0.0116575
2026-05-09 18:11:08.167 9 INFO neutron.api.wsgi [req-1b71674e-4cbd-45eb-9f80-909feed10043 req-d8cdd2d2-2525-4ad5-b1e7-d70902e6cf21 bdef49b5771f47569748c40a03c78f98 e8d0a857ece042058c2f76a62999fd7e - - default default] 10.0.0.11 "GET /v2.0/security-groups/0d69bba2-e098-48e5-8338-b738042481d8 HTTP/1.1" status: 200 len: 2511 time: 0.0334792
2026-05-09 18:11:08.177 9 WARNING neutron_lib.context [req-1b71674e-4cbd-45eb-9f80-909feed10043 req-31e98341-0a63-4eee-9d98-7eec7bfe94dc bdef49b5771f47569748c40a03c78f98 e8d0a857ece042058c2f76a62999fd7e - - default default] Method 'is_advsvc' is deprecated since 2023.2 release (neutron-lib 3.8.0) and will be removed once support for the old RBAC API policies will be removed from Neutron. Please use method 'is_service_role' instead.
2026-05-09 18:11:08.215 10 INFO neutron.api.wsgi [req-3eb0848c-ba49-458d-9bbe-c0025218eb31 req-3baf0995-fb2c-46ec-ae53-b554f4bbe1bd 507f8044aaf84e74b8c61dccc4217ee6 ffb45321ed3b41709c7cc9ab958f1add - - default default] 10.0.0.11 "GET /v2.0/security-groups/c9f8b242-ab0f-49ce-9891-64dc9e37eca4 HTTP/1.1" status: 200 len: 1881 time: 0.0311577
2026-05-09 18:11:08.327 10 INFO neutron.api.wsgi [None req-2b6fb907-9ce2-4827-ae0a-ead551f98f0a 3e907a99f7a547ae8920cf384578cde2 bb4e98ddf21f424e97f3918c78698640 - - default default] 10.0.0.13 "POST /v2.0/security-groups HTTP/1.1" status: 201 len: 1861 time: 0.5250690
2026-05-09 18:11:08.341 9 WARNING neutron_lib.context [None req-a80d7c32-bc37-4ad5-97e8-316a465134c1 3e907a99f7a547ae8920cf384578cde2 bb4e98ddf21f424e97f3918c78698640 - - default default] Method 'is_advsvc' is deprecated since 2023.2 release (neutron-lib 3.8.0) and will be removed once support for the old RBAC API policies will be removed from Neutron. Please use method 'is_service_role' instead.
2026-05-09 18:11:08.540 10 INFO neutron.api.wsgi [req-3eb0848c-ba49-458d-9bbe-c0025218eb31 req-b63d907f-2dab-4e14-8217-db8806ed8bfa 507f8044aaf84e74b8c61dccc4217ee6 ffb45321ed3b41709c7cc9ab958f1add - - default default] 10.0.0.11 "DELETE /v2.0/security-groups/c9f8b242-ab0f-49ce-9891-64dc9e37eca4 HTTP/1.1" status: 204 len: 173 time: 0.3178613
2026-05-09 18:11:08.555 9 INFO neutron.db.ovn_revision_numbers_db [req-1b71674e-4cbd-45eb-9f80-909feed10043 req-31e98341-0a63-4eee-9d98-7eec7bfe94dc bdef49b5771f47569748c40a03c78f98 e8d0a857ece042058c2f76a62999fd7e - - default default] Successfully bumped revision number for resource 364d718e-6d91-41d0-bc26-cef7a59ffc24 (type: security_group_rules) to 0
2026-05-09 18:11:08.558 10 INFO neutron.api.wsgi [None req-2b3038ed-d158-4e4d-b50d-c799d180ecfb 6d3ce188c66a4e10b82fa1afc8adf7ac 10fa3e971f3443e9b0e2c7d85ccf702b - - default default] 10.0.0.13 "POST /v2.0/floatingips HTTP/1.1" status: 201 len: 751 time: 0.8781748
2026-05-09 18:11:08.567 10 INFO neutron.api.v2.resource [req-40f9125f-740b-4b4a-8ace-ce9bd307ac44 req-2e07fcb4-0268-451f-ae34-fcb5fbf21a05 507f8044aaf84e74b8c61dccc4217ee6 ffb45321ed3b41709c7cc9ab958f1add - - default default] show failed (client error): The resource could not be found.
2026-05-09 18:11:08.568 10 INFO neutron.api.wsgi [req-40f9125f-740b-4b4a-8ace-ce9bd307ac44 req-2e07fcb4-0268-451f-ae34-fcb5fbf21a05 507f8044aaf84e74b8c61dccc4217ee6 ffb45321ed3b41709c7cc9ab958f1add - - default default] 10.0.0.11 "GET /v2.0/security-groups/c9f8b242-ab0f-49ce-9891-64dc9e37eca4 HTTP/1.1" status: 404 len: 352 time: 0.0092740
2026-05-09 18:11:08.610 10 INFO neutron.api.wsgi [req-0f3f9ce2-4109-4be0-abd1-ee973c7eeb11 req-87d6ea8d-5b1a-49c6-9679-048f75a37f42 507f8044aaf84e74b8c61dccc4217ee6 ffb45321ed3b41709c7cc9ab958f1add - - default default] 10.0.0.11 "GET /v2.0/security-groups/e628ee55-0698-4b71-a808-2a42414c1eb6 HTTP/1.1" status: 200 len: 1882 time: 0.0266993
2026-05-09 18:11:08.622 9 INFO neutron.api.wsgi [req-1b71674e-4cbd-45eb-9f80-909feed10043 req-31e98341-0a63-4eee-9d98-7eec7bfe94dc bdef49b5771f47569748c40a03c78f98 e8d0a857ece042058c2f76a62999fd7e - - default default] 10.0.0.11 "POST /v2.0/security-group-rules HTTP/1.1" status: 201 len: 823 time: 0.4500356
2026-05-09 18:11:08.626 9 INFO neutron.db.ovn_revision_numbers_db [None req-a80d7c32-bc37-4ad5-97e8-316a465134c1 3e907a99f7a547ae8920cf384578cde2 bb4e98ddf21f424e97f3918c78698640 - - default default] Successfully bumped revision number for resource 6722cc3e-b117-468e-8ecd-3bd39fb1cbbd (type: security_group_rules) to 0
2026-05-09 18:11:08.663 9 INFO neutron.api.wsgi [None req-a80d7c32-bc37-4ad5-97e8-316a465134c1 3e907a99f7a547ae8920cf384578cde2 bb4e98ddf21f424e97f3918c78698640 - - default default] 10.0.0.13 "POST /v2.0/security-group-rules HTTP/1.1" status: 201 len: 796 time: 0.3307979
2026-05-09 18:11:08.675 9 INFO neutron.api.wsgi [req-fc4f4b0d-2bd8-492d-ab6b-893983c74f13 req-fce031e2-9b0d-4fff-93db-10ebf10c7dc3 bdef49b5771f47569748c40a03c78f98 e8d0a857ece042058c2f76a62999fd7e - - default default] 10.0.0.11 "GET /v2.0/security-groups/0d69bba2-e098-48e5-8338-b738042481d8 HTTP/1.1" status: 200 len: 3141 time: 0.0300648
2026-05-09 18:11:08.676 10 WARNING neutron_lib.context [None req-766a8396-d140-48c6-98e5-b7fef5dc0827 3e907a99f7a547ae8920cf384578cde2 bb4e98ddf21f424e97f3918c78698640 - - default default] Method 'is_advsvc' is deprecated since 2023.2 release (neutron-lib 3.8.0) and will be removed once support for the old RBAC API policies will be removed from Neutron. Please use method 'is_service_role' instead.
2026-05-09 18:11:08.713 9 INFO neutron.api.wsgi [req-e607a18d-d2db-4033-9c1d-d8607b7e3f61 req-23cb52bd-f910-496f-9905-322e6490715a bdef49b5771f47569748c40a03c78f98 e8d0a857ece042058c2f76a62999fd7e - - default default] 10.0.0.11 "GET /v2.0/security-group-rules/364d718e-6d91-41d0-bc26-cef7a59ffc24 HTTP/1.1" status: 200 len: 815 time: 0.0157559
2026-05-09 18:11:08.748 9 INFO neutron.api.wsgi [req-e607a18d-d2db-4033-9c1d-d8607b7e3f61 req-6e75509b-ae82-4b0a-b491-2fb3474220ae bdef49b5771f47569748c40a03c78f98 e8d0a857ece042058c2f76a62999fd7e - - default default] 10.0.0.11 "GET /v2.0/security-groups/0d69bba2-e098-48e5-8338-b738042481d8 HTTP/1.1" status: 200 len: 3141 time: 0.0302677
2026-05-09 18:11:08.784 10 INFO neutron.api.wsgi [req-0f3f9ce2-4109-4be0-abd1-ee973c7eeb11 req-54744311-8ed3-431a-bda2-466fb804cfe2 507f8044aaf84e74b8c61dccc4217ee6 ffb45321ed3b41709c7cc9ab958f1add - - default default] 10.0.0.11 "DELETE /v2.0/security-groups/e628ee55-0698-4b71-a808-2a42414c1eb6 HTTP/1.1" status: 204 len: 173 time: 0.1679618
2026-05-09 18:11:08.820 10 INFO neutron.api.v2.resource [req-cb9d1595-1bba-43e1-9652-9fdd7ff6509d req-42357b08-f752-486d-909c-8d52d64b6a7d 507f8044aaf84e74b8c61dccc4217ee6 ffb45321ed3b41709c7cc9ab958f1add - - default default] show failed (client error): The resource could not be found.
2026-05-09 18:11:08.821 10 INFO neutron.api.wsgi [req-cb9d1595-1bba-43e1-9652-9fdd7ff6509d req-42357b08-f752-486d-909c-8d52d64b6a7d 507f8044aaf84e74b8c61dccc4217ee6 ffb45321ed3b41709c7cc9ab958f1add - - default default] 10.0.0.11 "GET /v2.0/security-groups/e628ee55-0698-4b71-a808-2a42414c1eb6 HTTP/1.1" status: 404 len: 352 time: 0.0157845
2026-05-09 18:11:08.847 10 INFO neutron.db.ovn_revision_numbers_db [None req-766a8396-d140-48c6-98e5-b7fef5dc0827 3e907a99f7a547ae8920cf384578cde2 bb4e98ddf21f424e97f3918c78698640 - - default default] Successfully bumped revision number for resource 2a9cf6c4-59ee-4d51-b0de-c88b8d285649 (type: security_group_rules) to 0
2026-05-09 18:11:08.889 10 INFO neutron.api.wsgi [req-ac31ba37-b049-4a5c-aad8-eca90ce3aa9c req-b580a147-3cc2-4678-bb4d-3e6755203180 507f8044aaf84e74b8c61dccc4217ee6 ffb45321ed3b41709c7cc9ab958f1add - - default default] 10.0.0.11 "GET /v2.0/security-groups?tenant_id=ffb45321ed3b41709c7cc9ab958f1add HTTP/1.1" status: 200 len: 3121 time: 0.0470805
2026-05-09 18:11:08.900 10 INFO neutron.api.wsgi [None req-766a8396-d140-48c6-98e5-b7fef5dc0827 3e907a99f7a547ae8920cf384578cde2 bb4e98ddf21f424e97f3918c78698640 - - default default] 10.0.0.13 "POST /v2.0/security-group-rules HTTP/1.1" status: 201 len: 801 time: 0.2294204
2026-05-09 18:11:08.913 10 WARNING neutron_lib.context [None req-fb91684c-6009-4ebe-bb19-900edc93e0d9 3e907a99f7a547ae8920cf384578cde2 bb4e98ddf21f424e97f3918c78698640 - - default default] Method 'is_advsvc' is deprecated since 2023.2 release (neutron-lib 3.8.0) and will be removed once support for the old RBAC API policies will be removed from Neutron. Please use method 'is_service_role' instead.
2026-05-09 18:11:08.932 10 INFO neutron.api.wsgi [req-ac31ba37-b049-4a5c-aad8-eca90ce3aa9c req-ac5a6832-25ae-46b5-9f8e-c36a412bd8c1 507f8044aaf84e74b8c61dccc4217ee6 ffb45321ed3b41709c7cc9ab958f1add - - default default] 10.0.0.11 "GET /v2.0/security-groups/c69b024f-bf3f-45fc-ad38-12e7528ffaef HTTP/1.1" status: 200 len: 3118 time: 0.0313694
2026-05-09 18:11:08.942 9 INFO neutron.api.wsgi [req-e607a18d-d2db-4033-9c1d-d8607b7e3f61 req-85ce41ef-bc96-4ef0-814e-119277c6d9c6 bdef49b5771f47569748c40a03c78f98 e8d0a857ece042058c2f76a62999fd7e - - default default] 10.0.0.11 "DELETE /v2.0/security-group-rules/364d718e-6d91-41d0-bc26-cef7a59ffc24 HTTP/1.1" status: 204 len: 173 time: 0.1882932
2026-05-09 18:11:08.963 10 INFO neutron.api.wsgi [req-ac31ba37-b049-4a5c-aad8-eca90ce3aa9c req-e969f628-00e9-4cb7-9cc6-8b7637272fe7 507f8044aaf84e74b8c61dccc4217ee6 ffb45321ed3b41709c7cc9ab958f1add - - default default] 10.0.0.11 "GET /v2.0/security-groups/c69b024f-bf3f-45fc-ad38-12e7528ffaef HTTP/1.1" status: 200 len: 3118 time: 0.0262909
2026-05-09 18:11:09.010 10 INFO neutron.api.wsgi [req-73ae8ea8-906a-4d92-b860-0b275cfd58a0 req-18fbbfa9-88b4-41fd-843c-dc778d39b161 bdef49b5771f47569748c40a03c78f98 e8d0a857ece042058c2f76a62999fd7e - - default default] 10.0.0.11 "GET /v2.0/security-groups/0d69bba2-e098-48e5-8338-b738042481d8 HTTP/1.1" status: 200 len: 2511 time: 0.0269194
2026-05-09 18:11:09.053 9 INFO neutron.api.wsgi [req-a8b67eaa-47bb-4f05-b942-9916abe03aa3 req-5f37331f-4cbf-4332-8ca4-699a80362f3c 6d3ce188c66a4e10b82fa1afc8adf7ac 10fa3e971f3443e9b0e2c7d85ccf702b - - default default] 10.0.0.11 "GET /v2.0/security-groups?name=tempest-securitygroup--90138717&fields=id&tenant_id=10fa3e971f3443e9b0e2c7d85ccf702b HTTP/1.1" status: 200 len: 267 time: 0.0405676
2026-05-09 18:11:09.117 9 INFO neutron.api.wsgi [req-a8b67eaa-47bb-4f05-b942-9916abe03aa3 req-25b530e2-c50b-467d-911f-78eb4e72a027 6d3ce188c66a4e10b82fa1afc8adf7ac 10fa3e971f3443e9b0e2c7d85ccf702b - - default default] 10.0.0.11 "GET /v2.0/networks?id=50e02cd5-954d-4c32-ac19-ceee577a73d1 HTTP/1.1" status: 200 len: 869 time: 0.0561891
2026-05-09 18:11:09.133 9 INFO neutron.api.wsgi [req-a8b67eaa-47bb-4f05-b942-9916abe03aa3 req-1115fb82-c3f3-45d4-9981-8fdbabeb0bb3 6d3ce188c66a4e10b82fa1afc8adf7ac 10fa3e971f3443e9b0e2c7d85ccf702b - - default default] 10.0.0.11 "GET /v2.0/quotas/10fa3e971f3443e9b0e2c7d85ccf702b HTTP/1.1" status: 200 len: 491 time: 0.0088601
2026-05-09 18:11:09.171 10 INFO neutron.api.wsgi [req-73ae8ea8-906a-4d92-b860-0b275cfd58a0 req-591d8aa3-17b2-44b7-9a66-ca3e5bdd5f88 bdef49b5771f47569748c40a03c78f98 e8d0a857ece042058c2f76a62999fd7e - - default default] 10.0.0.11 "DELETE /v2.0/security-groups/0d69bba2-e098-48e5-8338-b738042481d8 HTTP/1.1" status: 204 len: 173 time: 0.1540790
2026-05-09 18:11:09.187 10 WARNING neutron.scheduler.dhcp_agent_scheduler [None req-fb91684c-6009-4ebe-bb19-900edc93e0d9 3e907a99f7a547ae8920cf384578cde2 bb4e98ddf21f424e97f3918c78698640 - - default default] No more DHCP agents
2026-05-09 18:11:09.192 10 WARNING neutron.api.rpc.agentnotifiers.dhcp_rpc_agent_api [None req-fb91684c-6009-4ebe-bb19-900edc93e0d9 3e907a99f7a547ae8920cf384578cde2 bb4e98ddf21f424e97f3918c78698640 - - default default] Unable to schedule network e3d38db2-c557-4d75-b4d3-42faced4f97f: no agents available; will retry on subsequent port and subnet creation events.
2026-05-09 18:11:09.198 10 INFO neutron.api.v2.resource [req-6d6ac99c-eb0b-4e10-a104-d41ee4152908 req-1fc5a0a7-a8d2-4ed3-bd53-46a3a1198061 507f8044aaf84e74b8c61dccc4217ee6 ffb45321ed3b41709c7cc9ab958f1add - - default default] show failed (client error): The resource could not be found.
2026-05-09 18:11:09.199 10 INFO neutron.api.wsgi [req-6d6ac99c-eb0b-4e10-a104-d41ee4152908 req-1fc5a0a7-a8d2-4ed3-bd53-46a3a1198061 507f8044aaf84e74b8c61dccc4217ee6 ffb45321ed3b41709c7cc9ab958f1add - - default default] 10.0.0.11 "GET /v2.0/security-groups/e628ee55-0698-4b71-a808-2a42414c1eb6 HTTP/1.1" status: 404 len: 352 time: 0.0137136
2026-05-09 18:11:09.235 9 INFO neutron.api.wsgi [req-a8b67eaa-47bb-4f05-b942-9916abe03aa3 req-1df83398-16c2-49b6-a2b0-412e6ce1df19 6d3ce188c66a4e10b82fa1afc8adf7ac 10fa3e971f3443e9b0e2c7d85ccf702b - - default default] 10.0.0.11 "GET /v2.0/ports?tenant_id=10fa3e971f3443e9b0e2c7d85ccf702b&fields=id HTTP/1.1" status: 200 len: 302 time: 0.0960991
2026-05-09 18:11:09.244 10 INFO neutron.api.wsgi [req-d6fb0144-c133-4087-8233-b591b1658efe req-83b4c828-a94e-4dad-bfc3-efb3b8b4206c bdef49b5771f47569748c40a03c78f98 e8d0a857ece042058c2f76a62999fd7e - - default default] 10.0.0.11 "GET /v2.0/security-groups/4b578f9d-4afc-4f31-9585-523d6916b9fa HTTP/1.1" status: 200 len: 2511 time: 0.0315666
2026-05-09 18:11:09.405 10 INFO neutron.api.wsgi [req-d6fb0144-c133-4087-8233-b591b1658efe req-f574e806-b914-4e71-88fe-85622bc717e3 bdef49b5771f47569748c40a03c78f98 e8d0a857ece042058c2f76a62999fd7e - - default default] 10.0.0.11 "DELETE /v2.0/security-groups/4b578f9d-4afc-4f31-9585-523d6916b9fa HTTP/1.1" status: 204 len: 173 time: 0.1536987
2026-05-09 18:11:09.430 10 INFO neutron.api.v2.resource [req-54d33b99-fd0e-43ab-a249-6f5195732972 req-32ef5d3f-f091-4fc9-b1be-f5b041d74e78 507f8044aaf84e74b8c61dccc4217ee6 ffb45321ed3b41709c7cc9ab958f1add - - default default] show failed (client error): The resource could not be found.
2026-05-09 18:11:09.431 10 INFO neutron.api.wsgi [req-54d33b99-fd0e-43ab-a249-6f5195732972 req-32ef5d3f-f091-4fc9-b1be-f5b041d74e78 507f8044aaf84e74b8c61dccc4217ee6 ffb45321ed3b41709c7cc9ab958f1add - - default default] 10.0.0.11 "GET /v2.0/security-groups/c9f8b242-ab0f-49ce-9891-64dc9e37eca4 HTTP/1.1" status: 404 len: 352 time: 0.0123537
2026-05-09 18:11:09.460 10 INFO neutron.api.v2.resource [req-3a374dd6-bff6-4dd7-8634-fa98bca4e06c req-6ab58f7b-6b71-4774-8c1b-740fe214c2aa 507f8044aaf84e74b8c61dccc4217ee6 ffb45321ed3b41709c7cc9ab958f1add - - default default] show failed (client error): The resource could not be found.
2026-05-09 18:11:09.461 10 INFO neutron.api.wsgi [req-3a374dd6-bff6-4dd7-8634-fa98bca4e06c req-6ab58f7b-6b71-4774-8c1b-740fe214c2aa 507f8044aaf84e74b8c61dccc4217ee6 ffb45321ed3b41709c7cc9ab958f1add - - default default] 10.0.0.11 "GET /v2.0/security-groups/32d303f0-5068-46f1-8502-1a0fd241226c HTTP/1.1" status: 404 len: 352 time: 0.0126078
2026-05-09 18:11:09.608 9 INFO neutron.api.wsgi [req-a8b67eaa-47bb-4f05-b942-9916abe03aa3 req-8987de86-0530-4a6d-bf31-d6eca9820a84 9b59f34a42f44b59acffada6688f4c19 eed4dfac04f141ca88fe8b718c7e9e03 - - 0ae8b721ae004486adb9c48fe559be89 0ae8b721ae004486adb9c48fe559be89] 10.0.0.11 "GET /v2.0/extensions HTTP/1.1" status: 200 len: 19298 time: 0.0428467
2026-05-09 18:11:09.632 10 INFO neutron.api.wsgi [None req-fb91684c-6009-4ebe-bb19-900edc93e0d9 3e907a99f7a547ae8920cf384578cde2 bb4e98ddf21f424e97f3918c78698640 - - default default] 10.0.0.13 "POST /v2.0/floatingips HTTP/1.1" status: 201 len: 751 time: 0.7232947
2026-05-09 18:11:09.661 9 INFO neutron.api.wsgi [req-a8b67eaa-47bb-4f05-b942-9916abe03aa3 req-d9000936-a17a-4f03-9037-4b6673b62406 9b59f34a42f44b59acffada6688f4c19 eed4dfac04f141ca88fe8b718c7e9e03 - - 0ae8b721ae004486adb9c48fe559be89 0ae8b721ae004486adb9c48fe559be89] 10.0.0.11 "GET /v2.0/networks/50e02cd5-954d-4c32-ac19-ceee577a73d1?fields=segments HTTP/1.1" status: 200 len: 212 time: 0.0425680
2026-05-09 18:11:09.821 9 INFO neutron.api.wsgi [req-a8b67eaa-47bb-4f05-b942-9916abe03aa3 req-c995c436-b82f-4285-ab0e-52f75eb2e43e 9b59f34a42f44b59acffada6688f4c19 eed4dfac04f141ca88fe8b718c7e9e03 - - 0ae8b721ae004486adb9c48fe559be89 0ae8b721ae004486adb9c48fe559be89] 10.0.0.11 "GET /v2.0/networks/50e02cd5-954d-4c32-ac19-ceee577a73d1?fields=provider%3Aphysical_network&fields=provider%3Anetwork_type HTTP/1.1" status: 200 len: 277 time: 0.1542177
2026-05-09 18:11:10.046 10 INFO neutron.api.wsgi [req-99b7259e-035d-4911-82fc-cf6543554fa8 req-a7e29e75-8cd3-4ef4-8224-cf42efe77854 3e907a99f7a547ae8920cf384578cde2 bb4e98ddf21f424e97f3918c78698640 - - default default] 10.0.0.11 "GET /v2.0/security-groups?name=tempest-securitygroup--2086378642&fields=id&tenant_id=bb4e98ddf21f424e97f3918c78698640 HTTP/1.1" status: 200 len: 267 time: 0.0411816
2026-05-09 18:11:10.066 9 INFO neutron.api.wsgi [req-b763cfe2-47df-4f74-8717-39c5a6cb69c9 req-12f54bbb-fc10-49d0-bb50-9c1613a51d96 6d3ce188c66a4e10b82fa1afc8adf7ac 10fa3e971f3443e9b0e2c7d85ccf702b - - default default] 10.0.0.11 "GET /v2.0/ports?device_id=04a08424-941f-4a3a-a562-81444956d10d HTTP/1.1" status: 200 len: 210 time: 0.0303807
2026-05-09 18:11:10.106 10 INFO neutron.api.wsgi [req-99b7259e-035d-4911-82fc-cf6543554fa8 req-6714ac54-ca73-4bd5-8e3a-72d5f68eac8d 3e907a99f7a547ae8920cf384578cde2 bb4e98ddf21f424e97f3918c78698640 - - default default] 10.0.0.11 "GET /v2.0/networks?id=668543f6-45e7-40d8-8d67-3b68b440ec96 HTTP/1.1" status: 200 len: 881 time: 0.0541887
2026-05-09 18:11:10.121 10 INFO neutron.api.wsgi [req-99b7259e-035d-4911-82fc-cf6543554fa8 req-bea8c675-1f32-4b06-8a9c-02c407a36316 3e907a99f7a547ae8920cf384578cde2 bb4e98ddf21f424e97f3918c78698640 - - default default] 10.0.0.11 "GET /v2.0/quotas/bb4e98ddf21f424e97f3918c78698640 HTTP/1.1" status: 200 len: 491 time: 0.0079830
2026-05-09 18:11:10.224 10 INFO neutron.api.wsgi [req-99b7259e-035d-4911-82fc-cf6543554fa8 req-27ce3ac6-ed3e-4271-aa38-ec8c0ed7e184 3e907a99f7a547ae8920cf384578cde2 bb4e98ddf21f424e97f3918c78698640 - - default default] 10.0.0.11 "GET /v2.0/ports?tenant_id=bb4e98ddf21f424e97f3918c78698640&fields=id HTTP/1.1" status: 200 len: 302 time: 0.0974154
2026-05-09 18:11:10.588 10 INFO neutron.api.wsgi [req-99b7259e-035d-4911-82fc-cf6543554fa8 req-717a4a3e-89ad-4936-ab23-a0b4606663da 9b59f34a42f44b59acffada6688f4c19 eed4dfac04f141ca88fe8b718c7e9e03 - - 0ae8b721ae004486adb9c48fe559be89 0ae8b721ae004486adb9c48fe559be89] 10.0.0.11 "GET /v2.0/extensions HTTP/1.1" status: 200 len: 19298 time: 0.0507274
2026-05-09 18:11:10.645 10 INFO neutron.api.wsgi [req-99b7259e-035d-4911-82fc-cf6543554fa8 req-cb0ff06d-001f-456c-b491-51a79f432da4 9b59f34a42f44b59acffada6688f4c19 eed4dfac04f141ca88fe8b718c7e9e03 - - 0ae8b721ae004486adb9c48fe559be89 0ae8b721ae004486adb9c48fe559be89] 10.0.0.11 "GET /v2.0/networks/668543f6-45e7-40d8-8d67-3b68b440ec96?fields=segments HTTP/1.1" status: 200 len: 212 time: 0.0483487
2026-05-09 18:11:10.722 10 INFO neutron.api.wsgi [req-99b7259e-035d-4911-82fc-cf6543554fa8 req-c8dc9a16-74e4-479e-9f64-7fd8ec0bdc14 9b59f34a42f44b59acffada6688f4c19 eed4dfac04f141ca88fe8b718c7e9e03 - - 0ae8b721ae004486adb9c48fe559be89 0ae8b721ae004486adb9c48fe559be89] 10.0.0.11 "GET /v2.0/networks/668543f6-45e7-40d8-8d67-3b68b440ec96?fields=provider%3Aphysical_network&fields=provider%3Anetwork_type HTTP/1.1" status: 200 len: 277 time: 0.0721183
2026-05-09 18:11:10.869 9 INFO neutron.api.wsgi [req-9dc1cac0-6338-4795-a81d-cfeb3c0a96c9 req-09b94d05-31df-457b-8ee0-f4c8d1a533d1 3e907a99f7a547ae8920cf384578cde2 bb4e98ddf21f424e97f3918c78698640 - - default default] 10.0.0.11 "GET /v2.0/ports?device_id=1297c47d-3f34-41fc-9ab8-76081aedc72b HTTP/1.1" status: 200 len: 210 time: 0.0186687
2026-05-09 18:11:11.070 10 WARNING neutron.plugins.ml2.drivers.ovn.mech_driver.ovsdb.ovn_client [None req-7b0cc02a-66ee-444a-b5a5-a5e844251126 - - - - - -] No port found with ID 787bd2fa-0cfe-41ba-abd2-fd39fb28d9cd: RuntimeError: No port found with ID 787bd2fa-0cfe-41ba-abd2-fd39fb28d9cd
2026-05-09 18:11:11.071 10 INFO neutron.plugins.ml2.drivers.ovn.mech_driver.mech_driver [None req-7b0cc02a-66ee-444a-b5a5-a5e844251126 - - - - - -] OVN reports status up for port: 44e03c3d-b586-4de7-b2bc-7d88d0cbe863
2026-05-09 18:11:11.150 10 INFO neutron.api.wsgi [req-afc2e6e8-8609-4225-828e-e8b09d4daf80 req-06b280a8-fc83-4bdc-8d22-7c5e59bcf1a3 6d3ce188c66a4e10b82fa1afc8adf7ac 10fa3e971f3443e9b0e2c7d85ccf702b - - default default] 10.0.0.11 "GET /v2.0/ports?device_id=04a08424-941f-4a3a-a562-81444956d10d HTTP/1.1" status: 200 len: 210 time: 0.0306242
2026-05-09 18:11:11.175 10 INFO neutron.plugins.ml2.plugin [None req-7b0cc02a-66ee-444a-b5a5-a5e844251126 - - - - - -] Attempt 1 to provision port 44e03c3d-b586-4de7-b2bc-7d88d0cbe863
2026-05-09 18:11:11.208 9 INFO neutron.api.wsgi [None req-634a2169-b1b7-41d7-84bd-75a69e6290f1 eeb06f2e737947319181263885889c97 060fb54941ec4ee78175ce5716b185b4 - - default default] 10.0.0.13 "PUT /v2.0/routers/eee8f90e-d1ed-4a33-8383-fd30fad1e9ce/remove_router_interface HTTP/1.1" status: 200 len: 503 time: 1.7945628 /var/lib/openstack/lib/python3.12/site-packages/pycadf/identifier.py:71: UserWarning: Invalid uuid: neutron. To ensure interoperability, identifiers should be a valid uuid. warnings.warn(('Invalid uuid: %s. To ensure interoperability, '
2026-05-09 18:11:11.222 10 INFO neutron.api.wsgi [None req-aff4f83d-f5e6-4d08-a353-c5ce76f6d786 eeb06f2e737947319181263885889c97 060fb54941ec4ee78175ce5716b185b4 - - default default] 10.0.0.13 "PUT /v2.0/routers/5b934efb-d381-475e-a0ae-e0abaa411f0a/remove_router_interface HTTP/1.1" status: 200 len: 503 time: 1.7555816 /var/lib/openstack/lib/python3.12/site-packages/pycadf/identifier.py:71: UserWarning: Invalid uuid: neutron. To ensure interoperability, identifiers should be a valid uuid. warnings.warn(('Invalid uuid: %s. To ensure interoperability, '
2026-05-09 18:11:11.836 9 INFO neutron.api.wsgi [None req-7904b7e3-9d76-4f3c-8896-765076908dd2 eeb06f2e737947319181263885889c97 060fb54941ec4ee78175ce5716b185b4 - - default default] 10.0.0.13 "DELETE /v2.0/routers/eee8f90e-d1ed-4a33-8383-fd30fad1e9ce HTTP/1.1" status: 204 len: 168 time: 0.6240668
2026-05-09 18:11:11.849 10 INFO neutron.api.wsgi [None req-6d037ddf-1457-4b70-9ccf-eafbbbf2264a eeb06f2e737947319181263885889c97 060fb54941ec4ee78175ce5716b185b4 - - default default] 10.0.0.13 "DELETE /v2.0/routers/5b934efb-d381-475e-a0ae-e0abaa411f0a HTTP/1.1" status: 204 len: 168 time: 0.6207855
