2026-05-09 18:14:35.448 10 WARNING neutron.api.rpc.agentnotifiers.dhcp_rpc_agent_api [None req-5c164894-8260-4184-89b4-a98fd7d45bb3 fd5db9b2c4714df2903e07c91c63949b 75d1b071c9ea473ba3cfb08c399ef55d - - default default] Unable to schedule network 0d6fc87e-ede0-46f5-a382-1036be472dae: no agents available; will retry on subsequent port and subnet creation events.
2026-05-09 18:14:35.555 9 INFO neutron.db.ovn_revision_numbers_db [None req-05a17c2a-969b-43c1-bc71-804b1163c607 eeb06f2e737947319181263885889c97 060fb54941ec4ee78175ce5716b185b4 - - default default] Successfully bumped revision number for resource e80595fa-bfe4-4891-88e1-639b45364bb1 (type: security_groups) to 1
2026-05-09 18:14:35.568 9 INFO neutron.db.ovn_revision_numbers_db [None req-05a17c2a-969b-43c1-bc71-804b1163c607 eeb06f2e737947319181263885889c97 060fb54941ec4ee78175ce5716b185b4 - - default default] Successfully bumped revision number for resource 392d029f-2ab3-4097-8548-fa1f0e1e8933 (type: security_group_rules) to 0
2026-05-09 18:14:35.579 9 INFO neutron.db.ovn_revision_numbers_db [None req-05a17c2a-969b-43c1-bc71-804b1163c607 eeb06f2e737947319181263885889c97 060fb54941ec4ee78175ce5716b185b4 - - default default] Successfully bumped revision number for resource 695c19d9-25b8-4de1-ab7c-8c400c675c1e (type: security_group_rules) to 0
2026-05-09 18:14:35.592 9 INFO neutron.db.ovn_revision_numbers_db [None req-05a17c2a-969b-43c1-bc71-804b1163c607 eeb06f2e737947319181263885889c97 060fb54941ec4ee78175ce5716b185b4 - - default default] Successfully bumped revision number for resource c5151708-b2ec-49ed-98ff-6834a39403d3 (type: security_group_rules) to 0
2026-05-09 18:14:35.605 9 INFO neutron.db.ovn_revision_numbers_db [None req-05a17c2a-969b-43c1-bc71-804b1163c607 eeb06f2e737947319181263885889c97 060fb54941ec4ee78175ce5716b185b4 - - default default] Successfully bumped revision number for resource e5a726f9-fbba-4a72-837b-461c6df78eb4 (type: security_group_rules) to 0
2026-05-09 18:14:35.633 10 INFO neutron.services.segments.plugin [-] Segment 0b24459c-ec04-4f5f-8863-fb0ff6dfcc48 resource provider aggregate not found
2026-05-09 18:14:35.633 9 INFO neutron.api.wsgi [None req-05a17c2a-969b-43c1-bc71-804b1163c607 eeb06f2e737947319181263885889c97 060fb54941ec4ee78175ce5716b185b4 - - default default] 10.0.0.13 "GET /v2.0/security-groups?tenant_id=2a43e93f62d84376ac8a29f9f9a72e87&name=default HTTP/1.1" status: 200 len: 3120 time: 0.1798811
2026-05-09 18:14:35.652 10 INFO neutron.services.segments.plugin [-] Segment 0b24459c-ec04-4f5f-8863-fb0ff6dfcc48 resource provider aggregate not found
2026-05-09 18:14:35.657 10 INFO neutron.services.segments.plugin [-] Segment 0b24459c-ec04-4f5f-8863-fb0ff6dfcc48 resource provider not found; error: Placement Client Error (4xx): {"errors": [{"status": 404, "title": "Not Found", "detail": "The resource could not be found.\n\n No resource provider with uuid 0b24459c-ec04-4f5f-8863-fb0ff6dfcc48 found for delete ", "request_id": "req-d216f544-f194-4f62-a59d-1e322bdfc166"}]}
2026-05-09 18:14:35.670 10 INFO neutron.services.segments.plugin [-] Segment 0b24459c-ec04-4f5f-8863-fb0ff6dfcc48 resource provider not found; error: Placement Client Error (4xx): {"errors": [{"status": 404, "title": "Not Found", "detail": "The resource could not be found.\n\n No resource provider with uuid 0b24459c-ec04-4f5f-8863-fb0ff6dfcc48 found for delete ", "request_id": "req-97aa9ef1-a5dc-43f0-a408-4307e88128c8"}]}
2026-05-09 18:14:35.823 9 INFO neutron.api.wsgi [None req-5213467f-af02-4e45-8580-ef188d599e1c eeb06f2e737947319181263885889c97 060fb54941ec4ee78175ce5716b185b4 - - default default] 10.0.0.13 "DELETE /v2.0/security-groups/e80595fa-bfe4-4891-88e1-639b45364bb1 HTTP/1.1" status: 204 len: 168 time: 0.1826837
2026-05-09 18:14:35.886 10 INFO neutron.db.ovn_revision_numbers_db [None req-59f50433-b173-4d26-bd4b-a3446094dd85 - - - - - -] Successfully bumped revision number for resource dde1dde1-0755-4160-9a93-e2587472d226 (type: ports) to 2
2026-05-09 18:14:35.913 10 INFO neutron.db.ovn_revision_numbers_db [None req-59f50433-b173-4d26-bd4b-a3446094dd85 - - - - - -] Successfully bumped revision number for resource d3b29a25-5e6d-4791-a1f5-1c995832a25a (type: subnets) to 0
2026-05-09 18:14:35.929 10 INFO neutron.api.wsgi [None req-5c164894-8260-4184-89b4-a98fd7d45bb3 fd5db9b2c4714df2903e07c91c63949b 75d1b071c9ea473ba3cfb08c399ef55d - - default default] 10.0.0.13 "POST /v2.0/subnets HTTP/1.1" status: 201 len: 825 time: 0.6644444
2026-05-09 18:14:35.940 10 WARNING neutron_lib.context [None req-f00dd256-a9ef-4a8a-b44b-287f2c7ebd0e fd5db9b2c4714df2903e07c91c63949b 75d1b071c9ea473ba3cfb08c399ef55d - - default default] Method 'is_advsvc' is deprecated since 2023.2 release (neutron-lib 3.8.0) and will be removed once support for the old RBAC API policies will be removed from Neutron. Please use method 'is_service_role' instead.
2026-05-09 18:14:35.942 9 INFO neutron.api.wsgi [req-d9cc8150-07bb-4d52-ae79-e96876a77ee1 req-97aadee7-0a1f-4a1b-b73a-f82bf3a04e77 c28037732c7340848d26cc0cb94af0d0 a5baad018ea34ee0ab508c948d138339 - - default default] 10.0.0.11 "GET /v2.0/ports?device_id=0117d131-6bca-4007-b1fa-d918021e99cd HTTP/1.1" status: 200 len: 210 time: 0.0168605
2026-05-09 18:14:36.039 10 INFO neutron.db.ovn_revision_numbers_db [None req-f00dd256-a9ef-4a8a-b44b-287f2c7ebd0e fd5db9b2c4714df2903e07c91c63949b 75d1b071c9ea473ba3cfb08c399ef55d - - default default] Successfully bumped revision number for resource 6864078e-2fab-41ec-ba7c-7c7ca26e6d84 (type: routers) to 1
2026-05-09 18:14:36.058 10 INFO neutron.api.wsgi [None req-f00dd256-a9ef-4a8a-b44b-287f2c7ebd0e fd5db9b2c4714df2903e07c91c63949b 75d1b071c9ea473ba3cfb08c399ef55d - - default default] 10.0.0.13 "POST /v2.0/routers HTTP/1.1" status: 201 len: 801 time: 0.1238453
2026-05-09 18:14:36.435 9 INFO neutron.services.segments.plugin [-] Segment f5e2444a-8586-421d-a1e1-643436a70935 resource provider aggregate not found
2026-05-09 18:14:36.445 9 INFO neutron.services.segments.plugin [-] Segment f5e2444a-8586-421d-a1e1-643436a70935 resource provider aggregate not found
2026-05-09 18:14:36.450 9 INFO neutron.services.segments.plugin [-] Segment f5e2444a-8586-421d-a1e1-643436a70935 resource provider not found; error: Placement Client Error (4xx): {"errors": [{"status": 404, "title": "Not Found", "detail": "The resource could not be found.\n\n No resource provider with uuid f5e2444a-8586-421d-a1e1-643436a70935 found for delete ", "request_id": "req-0a6510dc-47b4-45fc-a5ad-502f8755fc0c"}]}
2026-05-09 18:14:36.460 9 INFO neutron.services.segments.plugin [-] Segment f5e2444a-8586-421d-a1e1-643436a70935 resource provider not found; error: Placement Client Error (4xx): {"errors": [{"status": 404, "title": "Not Found", "detail": "The resource could not be found.\n\n No resource provider with uuid f5e2444a-8586-421d-a1e1-643436a70935 found for delete ", "request_id": "req-0756ee3c-38e8-4a58-8982-590f6a20fcfc"}]}
2026-05-09 18:14:36.663 10 WARNING neutron.scheduler.dhcp_agent_scheduler [None req-a365ea4c-64e7-4ec9-9192-3034111ff924 fd5db9b2c4714df2903e07c91c63949b 75d1b071c9ea473ba3cfb08c399ef55d - - default default] No more DHCP agents
2026-05-09 18:14:36.664 10 WARNING neutron.api.rpc.agentnotifiers.dhcp_rpc_agent_api [None req-a365ea4c-64e7-4ec9-9192-3034111ff924 fd5db9b2c4714df2903e07c91c63949b 75d1b071c9ea473ba3cfb08c399ef55d - - default default] Unable to schedule network 0d6fc87e-ede0-46f5-a382-1036be472dae: no agents available; will retry on subsequent port and subnet creation events.
2026-05-09 18:14:36.788 10 INFO neutron.db.ovn_revision_numbers_db [None req-a365ea4c-64e7-4ec9-9192-3034111ff924 fd5db9b2c4714df2903e07c91c63949b 75d1b071c9ea473ba3cfb08c399ef55d - - default default] Successfully bumped revision number for resource 7fe330e3-4837-44fe-9ab1-ccd7eb7554ee (type: ports) to 1
2026-05-09 18:14:37.180 9 INFO neutron.api.wsgi [None req-8444ffaa-b107-41cd-993e-dec76320ee43 c28037732c7340848d26cc0cb94af0d0 a5baad018ea34ee0ab508c948d138339 - - default default] 10.0.0.13 "DELETE /v2.0/security-groups/ad164555-f337-4596-88f8-50d1312c62d7 HTTP/1.1" status: 204 len: 168 time: 0.1685538
2026-05-09 18:14:37.227 9 INFO neutron.plugins.ml2.drivers.ovn.mech_driver.mech_driver [None req-168e2d72-a78e-40e5-a7aa-0b396a0970c5 - - - - - -] OVN reports status up for port: 7fe330e3-4837-44fe-9ab1-ccd7eb7554ee
2026-05-09 18:14:37.236 9 INFO neutron.plugins.ml2.plugin [None req-168e2d72-a78e-40e5-a7aa-0b396a0970c5 - - - - - -] Attempt 1 to provision port 7fe330e3-4837-44fe-9ab1-ccd7eb7554ee
2026-05-09 18:14:37.244 10 INFO neutron.db.ovn_revision_numbers_db [None req-a365ea4c-64e7-4ec9-9192-3034111ff924 fd5db9b2c4714df2903e07c91c63949b 75d1b071c9ea473ba3cfb08c399ef55d - - default default] Successfully bumped revision number for resource 7fe330e3-4837-44fe-9ab1-ccd7eb7554ee (type: ports) to 1
2026-05-09 18:14:37.298 10 WARNING neutron.scheduler.dhcp_agent_scheduler [None req-a365ea4c-64e7-4ec9-9192-3034111ff924 fd5db9b2c4714df2903e07c91c63949b 75d1b071c9ea473ba3cfb08c399ef55d - - default default] No more DHCP agents
2026-05-09 18:14:37.299 10 WARNING neutron.api.rpc.agentnotifiers.dhcp_rpc_agent_api [None req-a365ea4c-64e7-4ec9-9192-3034111ff924 fd5db9b2c4714df2903e07c91c63949b 75d1b071c9ea473ba3cfb08c399ef55d - - default default] Unable to schedule network 0d6fc87e-ede0-46f5-a382-1036be472dae: no agents available; will retry on subsequent port and subnet creation events.
2026-05-09 18:14:37.470 10 INFO neutron.db.ovn_revision_numbers_db [None req-a365ea4c-64e7-4ec9-9192-3034111ff924 fd5db9b2c4714df2903e07c91c63949b 75d1b071c9ea473ba3cfb08c399ef55d - - default default] Successfully bumped revision number for resource 7fe330e3-4837-44fe-9ab1-ccd7eb7554ee (type: router_ports) to 1
2026-05-09 18:14:37.476 10 INFO neutron.api.wsgi [None req-a365ea4c-64e7-4ec9-9192-3034111ff924 fd5db9b2c4714df2903e07c91c63949b 75d1b071c9ea473ba3cfb08c399ef55d - - default default] 10.0.0.13 "PUT /v2.0/routers/6864078e-2fab-41ec-ba7c-7c7ca26e6d84/add_router_interface HTTP/1.1" status: 200 len: 503 time: 1.4132683
2026-05-09 18:14:37.510 10 INFO neutron.api.wsgi [None req-7443f4ee-7803-45ca-bce6-c359f479369c fd5db9b2c4714df2903e07c91c63949b 75d1b071c9ea473ba3cfb08c399ef55d - - default default] 10.0.0.13 "GET /v2.0/ports/7fe330e3-4837-44fe-9ab1-ccd7eb7554ee HTTP/1.1" status: 200 len: 1137 time: 0.0273633
2026-05-09 18:14:37.545 10 INFO neutron.api.wsgi [None req-90a6b6f2-5188-4831-820a-c8eb0a6f1e53 fd5db9b2c4714df2903e07c91c63949b 75d1b071c9ea473ba3cfb08c399ef55d - - default default] 10.0.0.13 "GET /v2.0/ports/7fe330e3-4837-44fe-9ab1-ccd7eb7554ee HTTP/1.1" status: 200 len: 1137 time: 0.0303421
2026-05-09 18:14:37.624 9 INFO neutron.db.ovn_revision_numbers_db [None req-168e2d72-a78e-40e5-a7aa-0b396a0970c5 - - - - - -] Successfully bumped revision number for resource 7fe330e3-4837-44fe-9ab1-ccd7eb7554ee (type: ports) to 2
2026-05-09 18:14:37.841 10 WARNING neutron.plugins.ml2.drivers.ovn.mech_driver.ovsdb.ovn_client [None req-c0c0fd0a-3a8c-4e9e-90c3-2f9c2efcccec - - - - - -] No port found with ID cb8fcb87-f42d-4997-a2c0-da50f66934ea: RuntimeError: No port found with ID cb8fcb87-f42d-4997-a2c0-da50f66934ea
2026-05-09 18:14:38.039 9 INFO neutron.api.wsgi [None req-4e646fa8-b3c1-4b10-afff-26b715d99467 c28037732c7340848d26cc0cb94af0d0 a5baad018ea34ee0ab508c948d138339 - - default default] 10.0.0.13 "PUT /v2.0/routers/7400317e-4f1a-4dcb-8b5f-5c1722a28984/remove_router_interface HTTP/1.1" status: 200 len: 503 time: 0.8282888 /var/lib/openstack/lib/python3.12/site-packages/pycadf/identifier.py:71: UserWarning: Invalid uuid: neutron. To ensure interoperability, identifiers should be a valid uuid. warnings.warn(('Invalid uuid: %s. To ensure interoperability, '
2026-05-09 18:14:38.182 10 INFO neutron.api.wsgi [None req-57aaa9d4-8f51-4c12-96de-1c6f53d5a95a fd5db9b2c4714df2903e07c91c63949b 75d1b071c9ea473ba3cfb08c399ef55d - - default default] 10.0.0.13 "PUT /v2.0/routers/6864078e-2fab-41ec-ba7c-7c7ca26e6d84/remove_router_interface HTTP/1.1" status: 200 len: 503 time: 0.6276984
2026-05-09 18:14:38.201 9 INFO neutron.api.wsgi [None req-339f2f91-b5e4-41e4-b8ca-fb5fa4bbdbc4 fd5db9b2c4714df2903e07c91c63949b 75d1b071c9ea473ba3cfb08c399ef55d - - default default] 10.0.0.13 "GET /v2.0/ports?device_id=6864078e-2fab-41ec-ba7c-7c7ca26e6d84 HTTP/1.1" status: 200 len: 205 time: 0.0154715
2026-05-09 18:14:38.210 9 INFO neutron.api.wsgi [None req-616ad924-7d7d-47ed-8e58-f8e16817cb55 c28037732c7340848d26cc0cb94af0d0 a5baad018ea34ee0ab508c948d138339 - - default default] 10.0.0.13 "DELETE /v2.0/subnets/654d84c5-ef70-4fc3-bde7-61f8d947de03 HTTP/1.1" status: 204 len: 168 time: 0.1660600 /var/lib/openstack/lib/python3.12/site-packages/pycadf/identifier.py:71: UserWarning: Invalid uuid: neutron. To ensure interoperability, identifiers should be a valid uuid. warnings.warn(('Invalid uuid: %s. To ensure interoperability, '
2026-05-09 18:14:38.362 9 INFO neutron.api.wsgi [None req-f5d927f8-1247-48a5-ba83-cb26496c1615 fd5db9b2c4714df2903e07c91c63949b 75d1b071c9ea473ba3cfb08c399ef55d - - default default] 10.0.0.13 "DELETE /v2.0/routers/6864078e-2fab-41ec-ba7c-7c7ca26e6d84 HTTP/1.1" status: 204 len: 168 time: 0.1556311
2026-05-09 18:14:38.504 9 INFO neutron.api.wsgi [None req-e779a7ae-0c7d-4eb2-bcf5-d20acaf8dcd2 fd5db9b2c4714df2903e07c91c63949b 75d1b071c9ea473ba3cfb08c399ef55d - - default default] 10.0.0.13 "DELETE /v2.0/subnets/d3b29a25-5e6d-4791-a1f5-1c995832a25a HTTP/1.1" status: 204 len: 168 time: 0.1371980
2026-05-09 18:14:38.770 9 INFO neutron.services.segments.plugin [-] Segment 3207d043-40c2-4e57-90b4-278c43373f63 resource provider aggregate not found
2026-05-09 18:14:38.773 9 INFO neutron.services.segments.plugin [-] Segment 3207d043-40c2-4e57-90b4-278c43373f63 resource provider aggregate not found
2026-05-09 18:14:38.784 9 INFO neutron.services.segments.plugin [-] Segment 3207d043-40c2-4e57-90b4-278c43373f63 resource provider not found; error: Placement Client Error (4xx): {"errors": [{"status": 404, "title": "Not Found", "detail": "The resource could not be found.\n\n No resource provider with uuid 3207d043-40c2-4e57-90b4-278c43373f63 found for delete ", "request_id": "req-fa21f4ad-b91f-41fb-9d7e-288bf48ad8c5"}]}
2026-05-09 18:14:38.788 9 INFO neutron.services.segments.plugin [-] Segment 3207d043-40c2-4e57-90b4-278c43373f63 resource provider not found; error: Placement Client Error (4xx): {"errors": [{"status": 404, "title": "Not Found", "detail": "The resource could not be found.\n\n No resource provider with uuid 3207d043-40c2-4e57-90b4-278c43373f63 found for delete ", "request_id": "req-73bdaa43-6e80-44a8-8bee-4fa18c49821e"}]}
2026-05-09 18:14:38.825 9 INFO neutron.api.wsgi [None req-b20469a6-3694-41c1-908f-0770ccf87a67 fd5db9b2c4714df2903e07c91c63949b 75d1b071c9ea473ba3cfb08c399ef55d - - default default] 10.0.0.13 "DELETE /v2.0/networks/0d6fc87e-ede0-46f5-a382-1036be472dae HTTP/1.1" status: 204 len: 168 time: 0.3145299
2026-05-09 18:14:38.837 9 WARNING neutron_lib.context [None req-1b8c785f-b085-4796-8d00-cd88024b218d fd5db9b2c4714df2903e07c91c63949b 75d1b071c9ea473ba3cfb08c399ef55d - - default default] Method 'is_advsvc' is deprecated since 2023.2 release (neutron-lib 3.8.0) and will be removed once support for the old RBAC API policies will be removed from Neutron. Please use method 'is_service_role' instead.
2026-05-09 18:14:38.891 10 INFO neutron.api.wsgi [None req-ead27d20-d6ee-495e-9b9d-362c0815b76a c28037732c7340848d26cc0cb94af0d0 a5baad018ea34ee0ab508c948d138339 - - default default] 10.0.0.13 "DELETE /v2.0/routers/7400317e-4f1a-4dcb-8b5f-5c1722a28984 HTTP/1.1" status: 204 len: 168 time: 0.6732860
2026-05-09 18:14:39.187 10 INFO neutron.services.segments.plugin [-] Segment aec8b7a8-7d14-4107-a3b2-6af0519a9d78 resource provider aggregate not found
2026-05-09 18:14:39.191 10 INFO neutron.services.segments.plugin [-] Segment aec8b7a8-7d14-4107-a3b2-6af0519a9d78 resource provider aggregate not found
2026-05-09 18:14:39.210 10 INFO neutron.services.segments.plugin [-] Segment aec8b7a8-7d14-4107-a3b2-6af0519a9d78 resource provider not found; error: Placement Client Error (4xx): {"errors": [{"status": 404, "title": "Not Found", "detail": "The resource could not be found.\n\n No resource provider with uuid aec8b7a8-7d14-4107-a3b2-6af0519a9d78 found for delete ", "request_id": "req-a2bc3d58-79a9-47f4-9c7e-e7d34e03dad2"}]}
2026-05-09 18:14:39.213 10 INFO neutron.services.segments.plugin [-] Segment aec8b7a8-7d14-4107-a3b2-6af0519a9d78 resource provider not found; error: Placement Client Error (4xx): {"errors": [{"status": 404, "title": "Not Found", "detail": "The resource could not be found.\n\n No resource provider with uuid aec8b7a8-7d14-4107-a3b2-6af0519a9d78 found for delete ", "request_id": "req-d6c5a3e3-d692-4cb8-bee9-31192c138892"}]}
2026-05-09 18:14:39.226 10 INFO neutron.api.wsgi [None req-17231473-0f0f-43af-ad2d-3104cb0322b6 c28037732c7340848d26cc0cb94af0d0 a5baad018ea34ee0ab508c948d138339 - - default default] 10.0.0.13 "DELETE /v2.0/networks/5a4a19e0-9d47-4030-9942-a5efd0579b3d HTTP/1.1" status: 204 len: 168 time: 0.3285465
2026-05-09 18:14:39.231 9 WARNING neutron.scheduler.dhcp_agent_scheduler [None req-1b8c785f-b085-4796-8d00-cd88024b218d fd5db9b2c4714df2903e07c91c63949b 75d1b071c9ea473ba3cfb08c399ef55d - - default default] No more DHCP agents
2026-05-09 18:14:39.233 9 WARNING neutron.api.rpc.agentnotifiers.dhcp_rpc_agent_api [None req-1b8c785f-b085-4796-8d00-cd88024b218d fd5db9b2c4714df2903e07c91c63949b 75d1b071c9ea473ba3cfb08c399ef55d - - default default] Unable to schedule network e3d38db2-c557-4d75-b4d3-42faced4f97f: no agents available; will retry on subsequent port and subnet creation events.
2026-05-09 18:14:39.358 9 INFO neutron.db.ovn_revision_numbers_db [None req-1b8c785f-b085-4796-8d00-cd88024b218d fd5db9b2c4714df2903e07c91c63949b 75d1b071c9ea473ba3cfb08c399ef55d - - default default] Successfully bumped revision number for resource f2049d58-93d9-4172-ae2f-cde34c8a7731 (type: ports) to 1
2026-05-09 18:14:39.927 9 INFO neutron.plugins.ml2.drivers.ovn.mech_driver.ovsdb.commands [None req-00bea2ae-b9f0-4e9b-a172-5bda64969cc7 - - - - - -] Schedule LRP lrp-f2049d58-93d9-4172-ae2f-cde34c8a7731 on gateway facc2238-7c05-4b98-a9e1-6b4ca8997d25 with priority 1
2026-05-09 18:14:39.938 10 INFO neutron.plugins.ml2.drivers.ovn.mech_driver.mech_driver [None req-c0c0fd0a-3a8c-4e9e-90c3-2f9c2efcccec - - - - - -] OVN reports status up for port: f2049d58-93d9-4172-ae2f-cde34c8a7731
2026-05-09 18:14:39.946 10 WARNING neutron_lib.context [None req-ca847021-782f-48dc-86ba-d7847534c3b8 4e2e10f0e93a40ac89266a4187831fa4 fe50f39e812d441997b22fd78de4793f - - default default] Method 'is_advsvc' is deprecated since 2023.2 release (neutron-lib 3.8.0) and will be removed once support for the old RBAC API policies will be removed from Neutron. Please use method 'is_service_role' instead.
2026-05-09 18:14:39.956 10 INFO neutron.plugins.ml2.plugin [None req-c0c0fd0a-3a8c-4e9e-90c3-2f9c2efcccec - - - - - -] Attempt 1 to provision port f2049d58-93d9-4172-ae2f-cde34c8a7731
2026-05-09 18:14:39.980 9 INFO neutron.db.ovn_revision_numbers_db [None req-1b8c785f-b085-4796-8d00-cd88024b218d fd5db9b2c4714df2903e07c91c63949b 75d1b071c9ea473ba3cfb08c399ef55d - - default default] Successfully bumped revision number for resource f2049d58-93d9-4172-ae2f-cde34c8a7731 (type: router_ports) to 1
2026-05-09 18:14:40.013 10 INFO neutron.api.wsgi [None req-ca847021-782f-48dc-86ba-d7847534c3b8 4e2e10f0e93a40ac89266a4187831fa4 fe50f39e812d441997b22fd78de4793f - - default default] 10.0.0.13 "POST /v2.0/subnetpools HTTP/1.1" status: 201 len: 715 time: 0.2384844
2026-05-09 18:14:40.023 10 WARNING neutron_lib.context [None req-f182aefc-fe7f-4437-8b89-e98c8b4f93ce 4e2e10f0e93a40ac89266a4187831fa4 fe50f39e812d441997b22fd78de4793f - - default default] Method 'is_advsvc' is deprecated since 2023.2 release (neutron-lib 3.8.0) and will be removed once support for the old RBAC API policies will be removed from Neutron. Please use method 'is_service_role' instead.
2026-05-09 18:14:40.056 9 INFO neutron.db.ovn_revision_numbers_db [None req-1b8c785f-b085-4796-8d00-cd88024b218d fd5db9b2c4714df2903e07c91c63949b 75d1b071c9ea473ba3cfb08c399ef55d - - default default] Successfully bumped revision number for resource 7bff5b98-980b-454e-bfbc-d8fdaa749741 (type: routers) to 2
2026-05-09 18:14:40.070 10 INFO neutron.api.wsgi [None req-f182aefc-fe7f-4437-8b89-e98c8b4f93ce 4e2e10f0e93a40ac89266a4187831fa4 fe50f39e812d441997b22fd78de4793f - - default default] 10.0.0.13 "POST /v2.0/subnetpools HTTP/1.1" status: 201 len: 715 time: 0.0521183
2026-05-09 18:14:40.071 9 INFO neutron.api.wsgi [None req-1b8c785f-b085-4796-8d00-cd88024b218d fd5db9b2c4714df2903e07c91c63949b 75d1b071c9ea473ba3cfb08c399ef55d - - default default] 10.0.0.13 "POST /v2.0/routers HTTP/1.1" status: 201 len: 1147 time: 1.2382696
2026-05-09 18:14:40.079 9 WARNING neutron_lib.context [None req-f3fbfd30-ab86-4c9a-9a18-be4a0e379a5b 4e2e10f0e93a40ac89266a4187831fa4 fe50f39e812d441997b22fd78de4793f - - default default] Method 'is_advsvc' is deprecated since 2023.2 release (neutron-lib 3.8.0) and will be removed once support for the old RBAC API policies will be removed from Neutron. Please use method 'is_service_role' instead.
2026-05-09 18:14:40.115 9 INFO neutron.db.ovn_revision_numbers_db [None req-5372fd7a-155f-4ea5-a33b-033a2e13d2db eeb06f2e737947319181263885889c97 060fb54941ec4ee78175ce5716b185b4 - - default default] Successfully bumped revision number for resource d93ce7a1-3389-4bb4-8e2b-1683b12f1b55 (type: security_groups) to 1
2026-05-09 18:14:40.128 9 INFO neutron.db.ovn_revision_numbers_db [None req-5372fd7a-155f-4ea5-a33b-033a2e13d2db eeb06f2e737947319181263885889c97 060fb54941ec4ee78175ce5716b185b4 - - default default] Successfully bumped revision number for resource 6176521f-e459-451d-abba-34f1636c46a1 (type: security_group_rules) to 0
2026-05-09 18:14:40.138 10 INFO neutron.api.wsgi [None req-d58b4031-5357-4368-86af-f19759fe4499 fd5db9b2c4714df2903e07c91c63949b 75d1b071c9ea473ba3cfb08c399ef55d - - default default] 10.0.0.13 "GET /v2.0/routers/7bff5b98-980b-454e-bfbc-d8fdaa749741 HTTP/1.1" status: 200 len: 1148 time: 0.0621684
2026-05-09 18:14:40.145 9 INFO neutron.api.wsgi [None req-f3fbfd30-ab86-4c9a-9a18-be4a0e379a5b 4e2e10f0e93a40ac89266a4187831fa4 fe50f39e812d441997b22fd78de4793f - - default default] 10.0.0.13 "POST /v2.0/subnetpools HTTP/1.1" status: 201 len: 715 time: 0.0707192
2026-05-09 18:14:40.154 9 WARNING neutron_lib.context [None req-26209c4e-90be-4335-94df-4f18017b8989 4e2e10f0e93a40ac89266a4187831fa4 fe50f39e812d441997b22fd78de4793f - - default default] Method 'is_advsvc' is deprecated since 2023.2 release (neutron-lib 3.8.0) and will be removed once support for the old RBAC API policies will be removed from Neutron. Please use method 'is_service_role' instead.
2026-05-09 18:14:40.158 9 INFO neutron.db.ovn_revision_numbers_db [None req-5372fd7a-155f-4ea5-a33b-033a2e13d2db eeb06f2e737947319181263885889c97 060fb54941ec4ee78175ce5716b185b4 - - default default] Successfully bumped revision number for resource 7db5b652-978c-43ac-a479-57bb51d02d47 (type: security_group_rules) to 0
2026-05-09 18:14:40.181 9 INFO neutron.db.ovn_revision_numbers_db [None req-5372fd7a-155f-4ea5-a33b-033a2e13d2db eeb06f2e737947319181263885889c97 060fb54941ec4ee78175ce5716b185b4 - - default default] Successfully bumped revision number for resource 7e38e4cb-22e9-49d4-bbd8-2b6e9071b84d (type: security_group_rules) to 0
2026-05-09 18:14:40.199 9 INFO neutron.db.ovn_revision_numbers_db [None req-5372fd7a-155f-4ea5-a33b-033a2e13d2db eeb06f2e737947319181263885889c97 060fb54941ec4ee78175ce5716b185b4 - - default default] Successfully bumped revision number for resource a00a2a5b-f199-4485-b395-b5aa38723f02 (type: security_group_rules) to 0
2026-05-09 18:14:40.209 10 INFO neutron.api.wsgi [None req-c7bc4092-7351-4863-8f38-36f559ed361f fd5db9b2c4714df2903e07c91c63949b 75d1b071c9ea473ba3cfb08c399ef55d - - default default] 10.0.0.13 "GET /v2.0/routers HTTP/1.1" status: 200 len: 1151 time: 0.0670097
2026-05-09 18:14:40.219 9 INFO neutron.api.wsgi [None req-26209c4e-90be-4335-94df-4f18017b8989 4e2e10f0e93a40ac89266a4187831fa4 fe50f39e812d441997b22fd78de4793f - - default default] 10.0.0.13 "POST /v2.0/subnetpools HTTP/1.1" status: 201 len: 715 time: 0.0679438
2026-05-09 18:14:40.231 9 WARNING neutron_lib.context [None req-cd74acf8-64e6-4a61-b245-4b75569b34bb 4e2e10f0e93a40ac89266a4187831fa4 fe50f39e812d441997b22fd78de4793f - - default default] Method 'is_advsvc' is deprecated since 2023.2 release (neutron-lib 3.8.0) and will be removed once support for the old RBAC API policies will be removed from Neutron. Please use method 'is_service_role' instead.
2026-05-09 18:14:40.250 9 INFO neutron.api.wsgi [None req-5372fd7a-155f-4ea5-a33b-033a2e13d2db eeb06f2e737947319181263885889c97 060fb54941ec4ee78175ce5716b185b4 - - default default] 10.0.0.13 "GET /v2.0/security-groups?tenant_id=cf80ee17881440a99cd6a0409c2d738a&name=default HTTP/1.1" status: 200 len: 3120 time: 0.3888297
2026-05-09 18:14:40.297 9 INFO neutron.api.wsgi [None req-cd74acf8-64e6-4a61-b245-4b75569b34bb 4e2e10f0e93a40ac89266a4187831fa4 fe50f39e812d441997b22fd78de4793f - - default default] 10.0.0.13 "POST /v2.0/subnetpools HTTP/1.1" status: 201 len: 715 time: 0.0709841
2026-05-09 18:14:40.339 9 INFO neutron.api.wsgi [None req-5cefa8a5-cc0f-4b7e-b7b6-e2faee938cf2 4e2e10f0e93a40ac89266a4187831fa4 fe50f39e812d441997b22fd78de4793f - - default default] 10.0.0.13 "PUT /v2.0/subnetpools/8642830d-8ea2-4fae-b3af-6f5e9c023ec9/tags HTTP/1.1" status: 200 len: 210 time: 0.0377784
2026-05-09 18:14:40.380 10 INFO neutron.api.wsgi [None req-f92a5896-64d5-4831-abc9-27c6a50ce978 4e2e10f0e93a40ac89266a4187831fa4 fe50f39e812d441997b22fd78de4793f - - default default] 10.0.0.13 "PUT /v2.0/subnetpools/b859cb54-6936-4417-8f9f-0cc883666b1c/tags HTTP/1.1" status: 200 len: 218 time: 0.0366805
2026-05-09 18:14:40.427 9 INFO neutron.api.wsgi [None req-da118365-f225-43b8-b8bd-47e90a1f8632 4e2e10f0e93a40ac89266a4187831fa4 fe50f39e812d441997b22fd78de4793f - - default default] 10.0.0.13 "PUT /v2.0/subnetpools/9701993d-03a2-4f66-a492-c0e1d74d6589/tags HTTP/1.1" status: 200 len: 227 time: 0.0420251
2026-05-09 18:14:40.454 9 INFO neutron.api.wsgi [None req-5960cf96-2016-41fe-84d3-e089fb68ced0 4e2e10f0e93a40ac89266a4187831fa4 fe50f39e812d441997b22fd78de4793f - - default default] 10.0.0.13 "PUT /v2.0/subnetpools/ad3580d4-7d62-47e0-a154-dee9d6fd8e98/tags HTTP/1.1" status: 200 len: 212 time: 0.0228882
2026-05-09 18:14:40.486 9 INFO neutron.api.wsgi [None req-ed0f0e1c-4670-4012-9d1b-89b659a7dfc5 4e2e10f0e93a40ac89266a4187831fa4 fe50f39e812d441997b22fd78de4793f - - default default] 10.0.0.13 "GET /v2.0/subnetpools?tags=red HTTP/1.1" status: 200 len: 1758 time: 0.0258915
2026-05-09 18:14:40.513 9 INFO neutron.api.wsgi [None req-6dbddd27-4191-4248-bfd5-4b2709a8d5dd eeb06f2e737947319181263885889c97 060fb54941ec4ee78175ce5716b185b4 - - default default] 10.0.0.13 "DELETE /v2.0/security-groups/d93ce7a1-3389-4bb4-8e2b-1683b12f1b55 HTTP/1.1" status: 204 len: 168 time: 0.2587535
2026-05-09 18:14:40.515 9 INFO neutron.api.wsgi [None req-929f99b5-11ff-4837-874c-d3dbee85ca71 4e2e10f0e93a40ac89266a4187831fa4 fe50f39e812d441997b22fd78de4793f - - default default] 10.0.0.13 "GET /v2.0/subnetpools?tags=red%2Cblue HTTP/1.1" status: 200 len: 1251 time: 0.0230584
2026-05-09 18:14:40.542 9 INFO neutron.api.wsgi [None req-bf82c6ae-af37-4126-9a3b-ca28aa4adbd4 4e2e10f0e93a40ac89266a4187831fa4 fe50f39e812d441997b22fd78de4793f - - default default] 10.0.0.13 "GET /v2.0/subnetpools?tags-any=blue HTTP/1.1" status: 200 len: 1251 time: 0.0234890
2026-05-09 18:14:40.568 9 INFO neutron.api.wsgi [None req-255245ce-cce6-4364-9d4e-023851c10e1a 4e2e10f0e93a40ac89266a4187831fa4 fe50f39e812d441997b22fd78de4793f - - default default] 10.0.0.13 "GET /v2.0/subnetpools?tags-any=red%2Cblue HTTP/1.1" status: 200 len: 1758 time: 0.0185041
2026-05-09 18:14:40.598 9 INFO neutron.api.wsgi [None req-e4edae20-c953-4a57-9b3d-be8c183c94aa 4e2e10f0e93a40ac89266a4187831fa4 fe50f39e812d441997b22fd78de4793f - - default default] 10.0.0.13 "GET /v2.0/subnetpools?not-tags=red HTTP/1.1" status: 200 len: 1223 time: 0.0240269
2026-05-09 18:14:40.628 10 INFO neutron.api.wsgi [None req-f62a8994-28a1-451c-9d73-2e9e2fce6fad 4e2e10f0e93a40ac89266a4187831fa4 fe50f39e812d441997b22fd78de4793f - - default default] 10.0.0.13 "GET /v2.0/subnetpools?not-tags=red%2Cblue HTTP/1.1" status: 200 len: 1730 time: 0.0258636
2026-05-09 18:14:40.642 9 INFO neutron.api.wsgi [None req-1441ae07-7604-463d-a754-2228e610fa6f eeb06f2e737947319181263885889c97 060fb54941ec4ee78175ce5716b185b4 - - default default] 10.0.0.13 "GET /v2.0/security-groups?tenant_id=a5baad018ea34ee0ab508c948d138339&name=default HTTP/1.1" status: 200 len: 3120 time: 0.0377548
2026-05-09 18:14:40.651 10 INFO neutron.api.wsgi [None req-fb0b9a97-69dd-49ae-822a-c61ea5d4a4b2 4e2e10f0e93a40ac89266a4187831fa4 fe50f39e812d441997b22fd78de4793f - - default default] 10.0.0.13 "GET /v2.0/subnetpools?not-tags-any=blue HTTP/1.1" status: 200 len: 1730 time: 0.0173955
2026-05-09 18:14:40.652 10 INFO neutron.db.ovn_revision_numbers_db [None req-11cd6ae7-48fe-400b-a83c-a6ad384a0e95 fd5db9b2c4714df2903e07c91c63949b 75d1b071c9ea473ba3cfb08c399ef55d - - default default] Successfully bumped revision number for resource 7bff5b98-980b-454e-bfbc-d8fdaa749741 (type: routers) to 3
2026-05-09 18:14:40.656 10 INFO neutron.api.wsgi [None req-11cd6ae7-48fe-400b-a83c-a6ad384a0e95 fd5db9b2c4714df2903e07c91c63949b 75d1b071c9ea473ba3cfb08c399ef55d - - default default] 10.0.0.13 "PUT /v2.0/routers/7bff5b98-980b-454e-bfbc-d8fdaa749741 HTTP/1.1" status: 200 len: 1155 time: 0.4408946
2026-05-09 18:14:40.679 10 INFO neutron.api.wsgi [None req-41b36b09-67a0-4dad-855b-d5a5ad6787e9 4e2e10f0e93a40ac89266a4187831fa4 fe50f39e812d441997b22fd78de4793f - - default default] 10.0.0.13 "GET /v2.0/subnetpools?not-tags-any=red%2Cblue HTTP/1.1" status: 200 len: 1223 time: 0.0219743
2026-05-09 18:14:40.718 10 INFO neutron.api.wsgi [None req-aebdbec9-b18f-4ec8-bbe2-288dd17c9a59 fd5db9b2c4714df2903e07c91c63949b 75d1b071c9ea473ba3cfb08c399ef55d - - default default] 10.0.0.13 "GET /v2.0/routers/7bff5b98-980b-454e-bfbc-d8fdaa749741 HTTP/1.1" status: 200 len: 1155 time: 0.0565007
2026-05-09 18:14:40.740 10 INFO neutron.api.wsgi [None req-cfe77693-d999-41bb-adef-a6d29d40fed0 fd5db9b2c4714df2903e07c91c63949b 75d1b071c9ea473ba3cfb08c399ef55d - - default default] 10.0.0.13 "GET /v2.0/ports?device_id=7bff5b98-980b-454e-bfbc-d8fdaa749741 HTTP/1.1" status: 200 len: 205 time: 0.0166547
2026-05-09 18:14:40.757 9 INFO neutron.api.wsgi [None req-c0876851-8b44-4df1-8f65-8cb8b55c4ca3 4e2e10f0e93a40ac89266a4187831fa4 fe50f39e812d441997b22fd78de4793f - - default default] 10.0.0.13 "DELETE /v2.0/subnetpools/8642830d-8ea2-4fae-b3af-6f5e9c023ec9 HTTP/1.1" status: 204 len: 168 time: 0.0677211
2026-05-09 18:14:40.826 10 INFO neutron.api.wsgi [None req-4bb4b92c-1f85-4fdb-886d-ddb680c2888b 4e2e10f0e93a40ac89266a4187831fa4 fe50f39e812d441997b22fd78de4793f - - default default] 10.0.0.13 "DELETE /v2.0/subnetpools/b859cb54-6936-4417-8f9f-0cc883666b1c HTTP/1.1" status: 204 len: 168 time: 0.0635729
2026-05-09 18:14:40.886 9 INFO neutron.api.wsgi [None req-5b7fa85b-4800-4359-b81c-6c8280297e16 4e2e10f0e93a40ac89266a4187831fa4 fe50f39e812d441997b22fd78de4793f - - default default] 10.0.0.13 "DELETE /v2.0/subnetpools/9701993d-03a2-4f66-a492-c0e1d74d6589 HTTP/1.1" status: 204 len: 168 time: 0.0549004
2026-05-09 18:14:40.894 9 INFO neutron.api.wsgi [None req-de242f81-e817-43d1-b820-c7e08c54b4c7 eeb06f2e737947319181263885889c97 060fb54941ec4ee78175ce5716b185b4 - - default default] 10.0.0.13 "DELETE /v2.0/security-groups/e74e2f03-f0e4-4394-8dad-61ce4c0303bf HTTP/1.1" status: 204 len: 168 time: 0.2482295
2026-05-09 18:14:40.960 10 INFO neutron.api.wsgi [None req-505b0d66-04b0-4bd6-b349-1086b9a24ab5 4e2e10f0e93a40ac89266a4187831fa4 fe50f39e812d441997b22fd78de4793f - - default default] 10.0.0.13 "DELETE /v2.0/subnetpools/ad3580d4-7d62-47e0-a154-dee9d6fd8e98 HTTP/1.1" status: 204 len: 168 time: 0.0691736
2026-05-09 18:14:41.006 9 INFO neutron.api.wsgi [None req-20fc0e88-13dd-4a30-8204-2098414025ea 4e2e10f0e93a40ac89266a4187831fa4 fe50f39e812d441997b22fd78de4793f - - default default] 10.0.0.13 "DELETE /v2.0/subnetpools/3876f895-307b-4812-ae49-1ddb3b0f4c70 HTTP/1.1" status: 204 len: 168 time: 0.0408146
2026-05-09 18:14:41.375 10 INFO neutron.api.wsgi [None req-fa8b7686-65ae-42e7-aa69-50aa2584152b fd5db9b2c4714df2903e07c91c63949b 75d1b071c9ea473ba3cfb08c399ef55d - - default default] 10.0.0.13 "DELETE /v2.0/routers/7bff5b98-980b-454e-bfbc-d8fdaa749741 HTTP/1.1" status: 204 len: 168 time: 0.6290812
2026-05-09 18:14:41.400 10 INFO neutron.api.wsgi [None req-046a7a13-08af-419a-94da-03d920adbd4f fd5db9b2c4714df2903e07c91c63949b 75d1b071c9ea473ba3cfb08c399ef55d - - default default] 10.0.0.13 "GET /v2.0/ports?device_id=7bff5b98-980b-454e-bfbc-d8fdaa749741 HTTP/1.1" status: 200 len: 205 time: 0.0176294
2026-05-09 18:14:41.422 10 INFO neutron.api.v2.resource [None req-7cd22229-d883-4f23-b55d-f445f515dca0 fd5db9b2c4714df2903e07c91c63949b 75d1b071c9ea473ba3cfb08c399ef55d - - default default] delete failed (client error): The resource could not be found.
2026-05-09 18:14:41.423 10 INFO neutron.api.wsgi [None req-7cd22229-d883-4f23-b55d-f445f515dca0 fd5db9b2c4714df2903e07c91c63949b 75d1b071c9ea473ba3cfb08c399ef55d - - default default] 10.0.0.13 "DELETE /v2.0/routers/7bff5b98-980b-454e-bfbc-d8fdaa749741 HTTP/1.1" status: 404 len: 336 time: 0.0177510
2026-05-09 18:14:41.442 10 INFO neutron.api.wsgi [None req-210e2065-31ae-47d6-82ca-4eedc3af3493 fd5db9b2c4714df2903e07c91c63949b 75d1b071c9ea473ba3cfb08c399ef55d - - default default] 10.0.0.13 "GET /v2.0/ports?device_id=6864078e-2fab-41ec-ba7c-7c7ca26e6d84 HTTP/1.1" status: 200 len: 205 time: 0.0142326
2026-05-09 18:14:41.465 10 INFO neutron.api.v2.resource [None req-06ff9302-be9a-49fa-ad4b-862effa70327 fd5db9b2c4714df2903e07c91c63949b 75d1b071c9ea473ba3cfb08c399ef55d - - default default] delete failed (client error): The resource could not be found.
2026-05-09 18:14:41.466 10 INFO neutron.api.wsgi [None req-06ff9302-be9a-49fa-ad4b-862effa70327 fd5db9b2c4714df2903e07c91c63949b 75d1b071c9ea473ba3cfb08c399ef55d - - default default] 10.0.0.13 "DELETE /v2.0/routers/6864078e-2fab-41ec-ba7c-7c7ca26e6d84 HTTP/1.1" status: 404 len: 336 time: 0.0190763
2026-05-09 18:14:41.482 10 INFO neutron.pecan_wsgi.hooks.translation [None req-9905243c-8d7a-4748-bd86-52ba076126fd fd5db9b2c4714df2903e07c91c63949b 75d1b071c9ea473ba3cfb08c399ef55d - - default default] DELETE failed (client error): The resource could not be found.
2026-05-09 18:14:41.485 10 INFO neutron.api.wsgi [None req-9905243c-8d7a-4748-bd86-52ba076126fd fd5db9b2c4714df2903e07c91c63949b 75d1b071c9ea473ba3cfb08c399ef55d - - default default] 10.0.0.13 "DELETE /v2.0/subnets/d3b29a25-5e6d-4791-a1f5-1c995832a25a HTTP/1.1" status: 404 len: 337 time: 0.0131586
2026-05-09 18:14:41.504 10 INFO neutron.api.wsgi [None req-acae8091-5f01-42e0-8959-e238bc2abd2c fd5db9b2c4714df2903e07c91c63949b 75d1b071c9ea473ba3cfb08c399ef55d - - default default] 10.0.0.13 "GET /v2.0/ports?device_id=892dfe8c-b411-4ca9-a50a-bf1f50b6a768 HTTP/1.1" status: 200 len: 205 time: 0.0154133
2026-05-09 18:14:41.523 10 INFO neutron.api.v2.resource [None req-d5cc704c-caff-4020-8f01-0981369c726c fd5db9b2c4714df2903e07c91c63949b 75d1b071c9ea473ba3cfb08c399ef55d - - default default] delete failed (client error): The resource could not be found.
2026-05-09 18:14:41.524 10 INFO neutron.api.wsgi [None req-d5cc704c-caff-4020-8f01-0981369c726c fd5db9b2c4714df2903e07c91c63949b 75d1b071c9ea473ba3cfb08c399ef55d - - default default] 10.0.0.13 "DELETE /v2.0/routers/892dfe8c-b411-4ca9-a50a-bf1f50b6a768 HTTP/1.1" status: 404 len: 336 time: 0.0145574
2026-05-09 18:14:41.538 10 INFO neutron.pecan_wsgi.hooks.translation [None req-91abbd55-ea7f-4a4c-aee4-4a18772d0429 fd5db9b2c4714df2903e07c91c63949b 75d1b071c9ea473ba3cfb08c399ef55d - - default default] DELETE failed (client error): The resource could not be found.
2026-05-09 18:14:41.540 10 INFO neutron.api.wsgi [None req-91abbd55-ea7f-4a4c-aee4-4a18772d0429 fd5db9b2c4714df2903e07c91c63949b 75d1b071c9ea473ba3cfb08c399ef55d - - default default] 10.0.0.13 "DELETE /v2.0/subnets/c42ef089-aa9d-4ecf-aa47-1c9cb27d503a HTTP/1.1" status: 404 len: 337 time: 0.0116916
2026-05-09 18:14:41.561 10 INFO neutron.api.wsgi [None req-61e52354-c604-4447-aa37-55abbb6e0931 fd5db9b2c4714df2903e07c91c63949b 75d1b071c9ea473ba3cfb08c399ef55d - - default default] 10.0.0.13 "GET /v2.0/ports?device_id=515dee5f-6f42-490f-b707-360436f72b3b HTTP/1.1" status: 200 len: 205 time: 0.0165479
2026-05-09 18:14:41.577 10 INFO neutron.api.v2.resource [None req-8eb3e96d-9972-45c1-adbc-e881a7ae17e0 fd5db9b2c4714df2903e07c91c63949b 75d1b071c9ea473ba3cfb08c399ef55d - - default default] delete failed (client error): The resource could not be found.
2026-05-09 18:14:41.579 10 INFO neutron.api.wsgi [None req-8eb3e96d-9972-45c1-adbc-e881a7ae17e0 fd5db9b2c4714df2903e07c91c63949b 75d1b071c9ea473ba3cfb08c399ef55d - - default default] 10.0.0.13 "DELETE /v2.0/routers/515dee5f-6f42-490f-b707-360436f72b3b HTTP/1.1" status: 404 len: 336 time: 0.0135312
2026-05-09 18:14:41.590 10 INFO neutron.pecan_wsgi.hooks.translation [None req-828f6f28-2ffc-4048-8c70-5b6c5377c880 fd5db9b2c4714df2903e07c91c63949b 75d1b071c9ea473ba3cfb08c399ef55d - - default default] DELETE failed (client error): The resource could not be found.
2026-05-09 18:14:41.593 10 INFO neutron.api.wsgi [None req-828f6f28-2ffc-4048-8c70-5b6c5377c880 fd5db9b2c4714df2903e07c91c63949b 75d1b071c9ea473ba3cfb08c399ef55d - - default default] 10.0.0.13 "DELETE /v2.0/subnets/e7d316e6-4302-4725-8c0b-a525587063e0 HTTP/1.1" status: 404 len: 337 time: 0.0114121
2026-05-09 18:14:41.606 10 INFO neutron.pecan_wsgi.hooks.translation [None req-5b10c926-5e1f-44d0-8102-32fe11892c91 fd5db9b2c4714df2903e07c91c63949b 75d1b071c9ea473ba3cfb08c399ef55d - - default default] DELETE failed (client error): The resource could not be found.
2026-05-09 18:14:41.609 10 INFO neutron.api.wsgi [None req-5b10c926-5e1f-44d0-8102-32fe11892c91 fd5db9b2c4714df2903e07c91c63949b 75d1b071c9ea473ba3cfb08c399ef55d - - default default] 10.0.0.13 "DELETE /v2.0/subnets/9ac9268f-967b-491f-b148-4a569d978d43 HTTP/1.1" status: 404 len: 337 time: 0.0119610
2026-05-09 18:14:42.090 9 INFO neutron.db.ovn_revision_numbers_db [None req-37db3884-d945-4d66-8456-41c9436fd993 eeb06f2e737947319181263885889c97 060fb54941ec4ee78175ce5716b185b4 - - default default] Successfully bumped revision number for resource 62365039-d73e-4907-917a-25f1cd29e9f2 (type: security_groups) to 1
2026-05-09 18:14:42.103 9 INFO neutron.api.wsgi [None req-58649090-a203-4622-8c39-5e7c6500ad71 eeb06f2e737947319181263885889c97 060fb54941ec4ee78175ce5716b185b4 - - default default] 10.0.0.13 "GET /v2.0/security-groups?tenant_id=75d1b071c9ea473ba3cfb08c399ef55d&name=default HTTP/1.1" status: 200 len: 3120 time: 0.0640733
2026-05-09 18:14:42.104 9 INFO neutron.db.ovn_revision_numbers_db [None req-37db3884-d945-4d66-8456-41c9436fd993 eeb06f2e737947319181263885889c97 060fb54941ec4ee78175ce5716b185b4 - - default default] Successfully bumped revision number for resource 0760f0cc-ba83-4fba-bf64-8366ed7c5cd1 (type: security_group_rules) to 0
2026-05-09 18:14:42.120 9 INFO neutron.db.ovn_revision_numbers_db [None req-37db3884-d945-4d66-8456-41c9436fd993 eeb06f2e737947319181263885889c97 060fb54941ec4ee78175ce5716b185b4 - - default default] Successfully bumped revision number for resource 45ded095-dc82-448c-96ea-b8f224c8ad1a (type: security_group_rules) to 0
2026-05-09 18:14:42.135 9 INFO neutron.db.ovn_revision_numbers_db [None req-37db3884-d945-4d66-8456-41c9436fd993 eeb06f2e737947319181263885889c97 060fb54941ec4ee78175ce5716b185b4 - - default default] Successfully bumped revision number for resource 832b6832-62a0-46f9-9c27-b9f6bf510cbd (type: security_group_rules) to 0
2026-05-09 18:14:42.146 9 INFO neutron.db.ovn_revision_numbers_db [None req-37db3884-d945-4d66-8456-41c9436fd993 eeb06f2e737947319181263885889c97 060fb54941ec4ee78175ce5716b185b4 - - default default] Successfully bumped revision number for resource bd23b076-7c04-4cd8-89ac-420660d806b2 (type: security_group_rules) to 0
2026-05-09 18:14:42.188 9 INFO neutron.api.wsgi [None req-37db3884-d945-4d66-8456-41c9436fd993 eeb06f2e737947319181263885889c97 060fb54941ec4ee78175ce5716b185b4 - - default default] 10.0.0.13 "GET /v2.0/security-groups?tenant_id=fe50f39e812d441997b22fd78de4793f&name=default HTTP/1.1" status: 200 len: 3120 time: 0.3785110
2026-05-09 18:14:42.330 10 INFO neutron.api.wsgi [None req-c422ae0b-75f3-4e6d-b5bb-b896bed0acf3 eeb06f2e737947319181263885889c97 060fb54941ec4ee78175ce5716b185b4 - - default default] 10.0.0.13 "DELETE /v2.0/security-groups/2b9b2a00-bc35-4a7f-91ee-394719d0c5f0 HTTP/1.1" status: 204 len: 168 time: 0.2198226
2026-05-09 18:14:42.388 9 INFO neutron.api.wsgi [None req-c73f2d4c-515a-4f85-84c9-a83b58adbfcc eeb06f2e737947319181263885889c97 060fb54941ec4ee78175ce5716b185b4 - - default default] 10.0.0.13 "DELETE /v2.0/security-groups/62365039-d73e-4907-917a-25f1cd29e9f2 HTTP/1.1" status: 204 len: 168 time: 0.1958656
2026-05-09 18:14:42.587 9 INFO neutron.db.ovn_revision_numbers_db [None req-cce9fda7-fcec-4678-9ad4-3a56daba9f4d eeb06f2e737947319181263885889c97 060fb54941ec4ee78175ce5716b185b4 - - default default] Successfully bumped revision number for resource 9d120cc4-f45d-405b-860d-6a60c174506f (type: security_groups) to 1
2026-05-09 18:14:42.601 9 INFO neutron.db.ovn_revision_numbers_db [None req-cce9fda7-fcec-4678-9ad4-3a56daba9f4d eeb06f2e737947319181263885889c97 060fb54941ec4ee78175ce5716b185b4 - - default default] Successfully bumped revision number for resource 13e00f9f-72f1-45b7-9761-d94edf558378 (type: security_group_rules) to 0
2026-05-09 18:14:42.616 9 INFO neutron.db.ovn_revision_numbers_db [None req-cce9fda7-fcec-4678-9ad4-3a56daba9f4d eeb06f2e737947319181263885889c97 060fb54941ec4ee78175ce5716b185b4 - - default default] Successfully bumped revision number for resource 28ee7f58-26d1-4d8a-91ad-1366bce397ff (type: security_group_rules) to 0
2026-05-09 18:14:42.629 9 INFO neutron.db.ovn_revision_numbers_db [None req-cce9fda7-fcec-4678-9ad4-3a56daba9f4d eeb06f2e737947319181263885889c97 060fb54941ec4ee78175ce5716b185b4 - - default default] Successfully bumped revision number for resource 51033fab-62e6-4dd9-a278-51f40e057f46 (type: security_group_rules) to 0
2026-05-09 18:14:42.641 9 INFO neutron.db.ovn_revision_numbers_db [None req-cce9fda7-fcec-4678-9ad4-3a56daba9f4d eeb06f2e737947319181263885889c97 060fb54941ec4ee78175ce5716b185b4 - - default default] Successfully bumped revision number for resource a122a462-5785-489e-abe3-4668fd9efab4 (type: security_group_rules) to 0
2026-05-09 18:14:42.675 9 INFO neutron.api.wsgi [None req-cce9fda7-fcec-4678-9ad4-3a56daba9f4d eeb06f2e737947319181263885889c97 060fb54941ec4ee78175ce5716b185b4 - - default default] 10.0.0.13 "GET /v2.0/security-groups?tenant_id=7a0e59df41b84ef1bd5345c9cb5a170d&name=default HTTP/1.1" status: 200 len: 3120 time: 0.1996107
2026-05-09 18:14:42.900 9 INFO neutron.api.wsgi [None req-bf0b0a80-7c4a-41e4-b9d1-dc960d9813ff eeb06f2e737947319181263885889c97 060fb54941ec4ee78175ce5716b185b4 - - default default] 10.0.0.13 "DELETE /v2.0/security-groups/9d120cc4-f45d-405b-860d-6a60c174506f HTTP/1.1" status: 204 len: 168 time: 0.2174003
2026-05-09 18:14:43.149 10 INFO neutron.db.ovn_revision_numbers_db [None req-1b828fa8-f71c-4a34-898a-c82b92628025 eeb06f2e737947319181263885889c97 060fb54941ec4ee78175ce5716b185b4 - - default default] Successfully bumped revision number for resource 62eee3aa-8828-45c2-9b25-ed5e92beea40 (type: security_groups) to 1
2026-05-09 18:14:43.161 10 INFO neutron.db.ovn_revision_numbers_db [None req-1b828fa8-f71c-4a34-898a-c82b92628025 eeb06f2e737947319181263885889c97 060fb54941ec4ee78175ce5716b185b4 - - default default] Successfully bumped revision number for resource 656cde2b-ad32-40af-9f7d-205855ec53a2 (type: security_group_rules) to 0
2026-05-09 18:14:43.176 10 INFO neutron.db.ovn_revision_numbers_db [None req-1b828fa8-f71c-4a34-898a-c82b92628025 eeb06f2e737947319181263885889c97 060fb54941ec4ee78175ce5716b185b4 - - default default] Successfully bumped revision number for resource 795bbedf-0aa2-40c1-aacb-f261ba6f80c9 (type: security_group_rules) to 0
2026-05-09 18:14:43.190 10 INFO neutron.db.ovn_revision_numbers_db [None req-1b828fa8-f71c-4a34-898a-c82b92628025 eeb06f2e737947319181263885889c97 060fb54941ec4ee78175ce5716b185b4 - - default default] Successfully bumped revision number for resource 9445e98c-aee2-46ac-b986-f6ab3ce2296f (type: security_group_rules) to 0
2026-05-09 18:14:43.205 10 INFO neutron.db.ovn_revision_numbers_db [None req-1b828fa8-f71c-4a34-898a-c82b92628025 eeb06f2e737947319181263885889c97 060fb54941ec4ee78175ce5716b185b4 - - default default] Successfully bumped revision number for resource b48af368-be44-448b-a4ca-1ceb339cf770 (type: security_group_rules) to 0
2026-05-09 18:14:43.242 10 INFO neutron.api.wsgi [None req-1b828fa8-f71c-4a34-898a-c82b92628025 eeb06f2e737947319181263885889c97 060fb54941ec4ee78175ce5716b185b4 - - default default] 10.0.0.13 "GET /v2.0/security-groups?tenant_id=936079a72fd04ab6a029d5b99ddee74f&name=default HTTP/1.1" status: 200 len: 3120 time: 0.2080622
2026-05-09 18:14:43.388 9 WARNING neutron.plugins.ml2.drivers.ovn.mech_driver.ovsdb.ovn_client [None req-ac23fccf-2b4b-4d1d-9c92-5dc7bf4f629a - - - - - -] No port found with ID 7fe330e3-4837-44fe-9ab1-ccd7eb7554ee: RuntimeError: No port found with ID 7fe330e3-4837-44fe-9ab1-ccd7eb7554ee
2026-05-09 18:14:43.458 10 INFO neutron.api.wsgi [None req-a2fe19c2-60eb-4512-936f-3993a093f81a eeb06f2e737947319181263885889c97 060fb54941ec4ee78175ce5716b185b4 - - default default] 10.0.0.13 "DELETE /v2.0/security-groups/62eee3aa-8828-45c2-9b25-ed5e92beea40 HTTP/1.1" status: 204 len: 168 time: 0.2125208
2026-05-09 18:14:44.161 9 WARNING neutron_lib.context [None req-10f28f03-432b-4a50-bd1d-4798d197221a 18d81747c9e544f7a87e69a0f65a3f28 385eb8272ad44b069643d52dc332d325 - - default default] Method 'is_advsvc' is deprecated since 2023.2 release (neutron-lib 3.8.0) and will be removed once support for the old RBAC API policies will be removed from Neutron. Please use method 'is_service_role' instead.
2026-05-09 18:14:44.183 10 WARNING neutron_lib.context [None req-326a6e38-28a8-416b-ab99-467eff172bf1 f8580ef02d6b49188a4ddde1d2b955b1 b4cda927e73f485591f7f50733a5109d - - default default] Method 'is_advsvc' is deprecated since 2023.2 release (neutron-lib 3.8.0) and will be removed once support for the old RBAC API policies will be removed from Neutron. Please use method 'is_service_role' instead.
2026-05-09 18:14:44.220 9 INFO neutron.api.wsgi [None req-10f28f03-432b-4a50-bd1d-4798d197221a 18d81747c9e544f7a87e69a0f65a3f28 385eb8272ad44b069643d52dc332d325 - - default default] 10.0.0.13 "POST /v2.0/subnetpools HTTP/1.1" status: 201 len: 747 time: 0.1474373
2026-05-09 18:14:44.245 9 INFO neutron.api.wsgi [None req-c0f696c0-f643-42c6-b08f-4f8ec0d52aed 18d81747c9e544f7a87e69a0f65a3f28 385eb8272ad44b069643d52dc332d325 - - default default] 10.0.0.13 "GET /v2.0/subnetpools/0cc213b7-2673-4c60-ad4f-212caf2a378e HTTP/1.1" status: 200 len: 742 time: 0.0179973
2026-05-09 18:14:44.300 9 INFO neutron.api.wsgi [None req-04df6476-572b-446a-bf56-c428876c340d 18d81747c9e544f7a87e69a0f65a3f28 385eb8272ad44b069643d52dc332d325 - - default default] 10.0.0.13 "PUT /v2.0/subnetpools/0cc213b7-2673-4c60-ad4f-212caf2a378e HTTP/1.1" status: 200 len: 695 time: 0.0507884
2026-05-09 18:14:44.317 10 INFO neutron.db.ovn_revision_numbers_db [None req-326a6e38-28a8-416b-ab99-467eff172bf1 f8580ef02d6b49188a4ddde1d2b955b1 b4cda927e73f485591f7f50733a5109d - - default default] Successfully bumped revision number for resource 813f6961-8e18-4d8b-9c67-7dfe90ccfb17 (type: security_groups) to 1
2026-05-09 18:14:44.336 10 INFO neutron.db.ovn_revision_numbers_db [None req-326a6e38-28a8-416b-ab99-467eff172bf1 f8580ef02d6b49188a4ddde1d2b955b1 b4cda927e73f485591f7f50733a5109d - - default default] Successfully bumped revision number for resource 010b0446-0029-4437-bedc-125cb27190d8 (type: security_group_rules) to 0
2026-05-09 18:14:44.349 10 INFO neutron.db.ovn_revision_numbers_db [None req-326a6e38-28a8-416b-ab99-467eff172bf1 f8580ef02d6b49188a4ddde1d2b955b1 b4cda927e73f485591f7f50733a5109d - - default default] Successfully bumped revision number for resource 21c70601-b379-4844-a9d5-a01872585e85 (type: security_group_rules) to 0
2026-05-09 18:14:44.353 9 INFO neutron.api.wsgi [None req-b7352607-53b6-46d3-a863-d0355086f072 18d81747c9e544f7a87e69a0f65a3f28 385eb8272ad44b069643d52dc332d325 - - default default] 10.0.0.13 "DELETE /v2.0/subnetpools/0cc213b7-2673-4c60-ad4f-212caf2a378e HTTP/1.1" status: 204 len: 168 time: 0.0473118
2026-05-09 18:14:44.365 10 INFO neutron.db.ovn_revision_numbers_db [None req-326a6e38-28a8-416b-ab99-467eff172bf1 f8580ef02d6b49188a4ddde1d2b955b1 b4cda927e73f485591f7f50733a5109d - - default default] Successfully bumped revision number for resource 90d8fb43-2692-469f-a95e-53dcbe3163e4 (type: security_group_rules) to 0
2026-05-09 18:14:44.369 10 INFO neutron.api.v2.resource [None req-4f4286be-f3ca-47dc-b676-94ade549a6e9 18d81747c9e544f7a87e69a0f65a3f28 385eb8272ad44b069643d52dc332d325 - - default default] show failed (client error): The resource could not be found.
2026-05-09 18:14:44.371 10 INFO neutron.api.wsgi [None req-4f4286be-f3ca-47dc-b676-94ade549a6e9 18d81747c9e544f7a87e69a0f65a3f28 385eb8272ad44b069643d52dc332d325 - - default default] 10.0.0.13 "GET /v2.0/subnetpools/0cc213b7-2673-4c60-ad4f-212caf2a378e HTTP/1.1" status: 404 len: 346 time: 0.0110748
