2026-05-09 18:12:52.244 10 INFO neutron.api.wsgi [req-0b899c5a-48aa-4c1d-9802-31eb327f4b9c req-9f21260c-540d-47cd-9272-84e181fd6df5 9b59f34a42f44b59acffada6688f4c19 eed4dfac04f141ca88fe8b718c7e9e03 - - 0ae8b721ae004486adb9c48fe559be89 0ae8b721ae004486adb9c48fe559be89] 199.204.45.30 "GET /v2.0/ports?tenant_id=6569d886c6c24df29da5311d98b42a2f&device_id=e4ddd88d-ab6f-4561-b96a-98488b3032d9 HTTP/1.1" status: 200 len: 1407 time: 0.2568157
2026-05-09 18:12:52.247 10 WARNING neutron.scheduler.dhcp_agent_scheduler [None req-5a77fecd-3de8-4ab6-bde6-6658bece7ac5 d0b53d028b534befbb5b8dbbdd31893b 70759cdc0d6e4f5cbb730a53bd73cd63 - - default default] No more DHCP agents /var/lib/openstack/lib/python3.12/site-packages/pycadf/identifier.py:71: UserWarning: Invalid uuid: neutron. To ensure interoperability, identifiers should be a valid uuid. warnings.warn(('Invalid uuid: %s. To ensure interoperability, '
2026-05-09 18:12:52.251 10 WARNING neutron.api.rpc.agentnotifiers.dhcp_rpc_agent_api [None req-5a77fecd-3de8-4ab6-bde6-6658bece7ac5 d0b53d028b534befbb5b8dbbdd31893b 70759cdc0d6e4f5cbb730a53bd73cd63 - - default default] Unable to schedule network 80d63589-eb77-4ef4-b5ed-3defc4485f50: no agents available; will retry on subsequent port and subnet creation events.
2026-05-09 18:12:52.291 10 INFO neutron.api.wsgi [req-a92d6686-56b6-4cd4-92f2-91d321b606c3 req-f504de13-a725-4be5-8f8e-d2c91c998a5f 8dffe8489e0548cbaf1ee072c86597d9 6569d886c6c24df29da5311d98b42a2f - - default default] 10.0.0.11 "GET /v2.0/security-groups?id=af5786b3-d460-4727-b3c3-99bd73dcd488&fields=id&fields=name HTTP/1.1" status: 200 len: 286 time: 0.0458965
2026-05-09 18:12:52.314 10 INFO neutron.api.wsgi [req-0b899c5a-48aa-4c1d-9802-31eb327f4b9c req-8f2e6e89-b3db-4b1a-bea6-08d9a3bafc96 9b59f34a42f44b59acffada6688f4c19 eed4dfac04f141ca88fe8b718c7e9e03 - - 0ae8b721ae004486adb9c48fe559be89 0ae8b721ae004486adb9c48fe559be89] 199.204.45.30 "GET /v2.0/networks?tenant_id=6569d886c6c24df29da5311d98b42a2f&shared=False HTTP/1.1" status: 200 len: 971 time: 0.0636039
2026-05-09 18:12:52.360 10 INFO neutron.api.wsgi [req-0b899c5a-48aa-4c1d-9802-31eb327f4b9c req-cb28b312-fc7b-4428-84b5-5e40f720a108 9b59f34a42f44b59acffada6688f4c19 eed4dfac04f141ca88fe8b718c7e9e03 - - 0ae8b721ae004486adb9c48fe559be89 0ae8b721ae004486adb9c48fe559be89] 199.204.45.30 "GET /v2.0/networks?shared=True HTTP/1.1" status: 200 len: 952 time: 0.0424011
2026-05-09 18:12:52.390 10 INFO neutron.db.ovn_revision_numbers_db [None req-5a77fecd-3de8-4ab6-bde6-6658bece7ac5 d0b53d028b534befbb5b8dbbdd31893b 70759cdc0d6e4f5cbb730a53bd73cd63 - - default default] Successfully bumped revision number for resource 15ab7831-1d28-44b5-a6ba-777732c51674 (type: ports) to 1
2026-05-09 18:12:52.410 10 INFO neutron.api.wsgi [None req-5a77fecd-3de8-4ab6-bde6-6658bece7ac5 d0b53d028b534befbb5b8dbbdd31893b 70759cdc0d6e4f5cbb730a53bd73cd63 - - default default] 10.0.0.13 "POST /v2.0/ports HTTP/1.1" status: 201 len: 1158 time: 0.7166140
2026-05-09 18:12:52.418 10 WARNING neutron_lib.context [None req-264b651e-2cf3-4f22-ba80-c992c8a6c7c8 d0b53d028b534befbb5b8dbbdd31893b 70759cdc0d6e4f5cbb730a53bd73cd63 - - default default] Method 'is_advsvc' is deprecated since 2023.2 release (neutron-lib 3.8.0) and will be removed once support for the old RBAC API policies will be removed from Neutron. Please use method 'is_service_role' instead.
2026-05-09 18:12:52.424 9 INFO neutron.db.ovn_revision_numbers_db [None req-47c8ba9b-d864-4506-9303-babea30b8ff0 eeb06f2e737947319181263885889c97 060fb54941ec4ee78175ce5716b185b4 - - default default] Successfully bumped revision number for resource c065e0a4-6e60-4697-8ca6-9aed1370c8d3 (type: ports) to 1
2026-05-09 18:12:52.663 10 WARNING neutron.scheduler.dhcp_agent_scheduler [None req-264b651e-2cf3-4f22-ba80-c992c8a6c7c8 d0b53d028b534befbb5b8dbbdd31893b 70759cdc0d6e4f5cbb730a53bd73cd63 - - default default] No more DHCP agents
2026-05-09 18:12:52.664 10 WARNING neutron.api.rpc.agentnotifiers.dhcp_rpc_agent_api [None req-264b651e-2cf3-4f22-ba80-c992c8a6c7c8 d0b53d028b534befbb5b8dbbdd31893b 70759cdc0d6e4f5cbb730a53bd73cd63 - - default default] Unable to schedule network 80d63589-eb77-4ef4-b5ed-3defc4485f50: no agents available; will retry on subsequent port and subnet creation events.
2026-05-09 18:12:52.781 10 INFO neutron.db.ovn_revision_numbers_db [None req-264b651e-2cf3-4f22-ba80-c992c8a6c7c8 d0b53d028b534befbb5b8dbbdd31893b 70759cdc0d6e4f5cbb730a53bd73cd63 - - default default] Successfully bumped revision number for resource a99f515a-5afa-437c-be06-d6e0d995a52e (type: ports) to 1
2026-05-09 18:12:52.802 10 INFO neutron.api.wsgi [None req-264b651e-2cf3-4f22-ba80-c992c8a6c7c8 d0b53d028b534befbb5b8dbbdd31893b 70759cdc0d6e4f5cbb730a53bd73cd63 - - default default] 10.0.0.13 "POST /v2.0/ports HTTP/1.1" status: 201 len: 1153 time: 0.3875382 /var/lib/openstack/lib/python3.12/site-packages/pycadf/identifier.py:71: UserWarning: Invalid uuid: neutron. To ensure interoperability, identifiers should be a valid uuid. warnings.warn(('Invalid uuid: %s. To ensure interoperability, '
2026-05-09 18:12:52.811 10 WARNING neutron_lib.context [None req-5e2d6f25-d820-446d-bfdc-f53730e75918 d0b53d028b534befbb5b8dbbdd31893b 70759cdc0d6e4f5cbb730a53bd73cd63 - - default default] Method 'is_advsvc' is deprecated since 2023.2 release (neutron-lib 3.8.0) and will be removed once support for the old RBAC API policies will be removed from Neutron. Please use method 'is_service_role' instead.
2026-05-09 18:12:52.872 9 INFO neutron.db.ovn_revision_numbers_db [None req-94d96c11-b036-43a9-a348-390a79144a38 - - - - - -] Successfully bumped revision number for resource 006a7de2-346b-43c0-af04-ca8ad7c584a5 (type: ports) to 4
2026-05-09 18:12:52.891 9 INFO neutron.db.ovn_revision_numbers_db [None req-171d4b85-3ba2-478a-827e-035b8c44daea e14e4455e3a1448499bf77582dd1bf95 8d78b7a87f9846169e5dabb7aafb71e1 - - default default] Successfully bumped revision number for resource 351b9d8f-cbbb-43dd-9fdf-1603b7860086 (type: floatingips) to 1
2026-05-09 18:12:53.020 10 WARNING neutron.scheduler.dhcp_agent_scheduler [None req-5e2d6f25-d820-446d-bfdc-f53730e75918 d0b53d028b534befbb5b8dbbdd31893b 70759cdc0d6e4f5cbb730a53bd73cd63 - - default default] No more DHCP agents
2026-05-09 18:12:53.022 10 WARNING neutron.api.rpc.agentnotifiers.dhcp_rpc_agent_api [None req-5e2d6f25-d820-446d-bfdc-f53730e75918 d0b53d028b534befbb5b8dbbdd31893b 70759cdc0d6e4f5cbb730a53bd73cd63 - - default default] Unable to schedule network e3d38db2-c557-4d75-b4d3-42faced4f97f: no agents available; will retry on subsequent port and subnet creation events.
2026-05-09 18:12:53.060 9 INFO neutron.db.ovn_revision_numbers_db [None req-171d4b85-3ba2-478a-827e-035b8c44daea e14e4455e3a1448499bf77582dd1bf95 8d78b7a87f9846169e5dabb7aafb71e1 - - default default] Successfully bumped revision number for resource 351b9d8f-cbbb-43dd-9fdf-1603b7860086 (type: floatingips) to 2
2026-05-09 18:12:53.060 9 INFO neutron.db.l3_db [None req-171d4b85-3ba2-478a-827e-035b8c44daea e14e4455e3a1448499bf77582dd1bf95 8d78b7a87f9846169e5dabb7aafb71e1 - - default default] Floating IP 351b9d8f-cbbb-43dd-9fdf-1603b7860086 associated. External IP: 10.96.250.218, port: 37d02586-b257-4a06-b942-e751cf27ac87.
2026-05-09 18:12:53.093 9 INFO neutron.api.wsgi [None req-171d4b85-3ba2-478a-827e-035b8c44daea e14e4455e3a1448499bf77582dd1bf95 8d78b7a87f9846169e5dabb7aafb71e1 - - default default] 10.0.0.13 "PUT /v2.0/floatingips/351b9d8f-cbbb-43dd-9fdf-1603b7860086 HTTP/1.1" status: 200 len: 1050 time: 1.0356998
2026-05-09 18:12:53.227 9 INFO neutron.notifiers.nova [-] Nova event matching ['req-22508c42-bea1-4fa0-b6d7-fe6debe1b444'] response: {'name': 'network-changed', 'server_uuid': '6ac39868-aa92-452d-887f-61212166f29a', 'tag': '37d02586-b257-4a06-b942-e751cf27ac87', 'status': 'completed', 'code': 200}
2026-05-09 18:12:53.276 9 INFO neutron.db.ovn_revision_numbers_db [None req-94d96c11-b036-43a9-a348-390a79144a38 - - - - - -] Successfully bumped revision number for resource 006a7de2-346b-43c0-af04-ca8ad7c584a5 (type: ports) to 5
2026-05-09 18:12:53.363 9 INFO neutron.db.ovn_revision_numbers_db [None req-47c8ba9b-d864-4506-9303-babea30b8ff0 eeb06f2e737947319181263885889c97 060fb54941ec4ee78175ce5716b185b4 - - default default] Successfully bumped revision number for resource c065e0a4-6e60-4697-8ca6-9aed1370c8d3 (type: ports) to 1
2026-05-09 18:12:53.405 10 INFO neutron.api.wsgi [req-b905cd47-84a4-4cd6-a1b1-781954795ae0 req-9346d2b6-a6ab-472f-bd1c-a592bc00bfce 8dffe8489e0548cbaf1ee072c86597d9 6569d886c6c24df29da5311d98b42a2f - - default default] 10.0.0.11 "GET /v2.0/ports?device_id=e4ddd88d-ab6f-4561-b96a-98488b3032d9 HTTP/1.1" status: 200 len: 1168 time: 0.0532637
2026-05-09 18:12:53.407 9 WARNING neutron.scheduler.dhcp_agent_scheduler [None req-47c8ba9b-d864-4506-9303-babea30b8ff0 eeb06f2e737947319181263885889c97 060fb54941ec4ee78175ce5716b185b4 - - default default] No more DHCP agents
2026-05-09 18:12:53.408 9 WARNING neutron.api.rpc.agentnotifiers.dhcp_rpc_agent_api [None req-47c8ba9b-d864-4506-9303-babea30b8ff0 eeb06f2e737947319181263885889c97 060fb54941ec4ee78175ce5716b185b4 - - default default] Unable to schedule network 893268c2-ec33-4c3b-8de4-fe6a786afe45: no agents available; will retry on subsequent port and subnet creation events.
2026-05-09 18:12:53.416 10 INFO neutron.api.wsgi [req-35070570-b1f8-4662-a44c-371c3b518407 req-e1d5e41f-6549-4d39-b08c-2b4530a1532f 9b59f34a42f44b59acffada6688f4c19 eed4dfac04f141ca88fe8b718c7e9e03 - - 0ae8b721ae004486adb9c48fe559be89 0ae8b721ae004486adb9c48fe559be89] 199.204.45.30 "GET /v2.0/ports?tenant_id=6569d886c6c24df29da5311d98b42a2f&device_id=e4ddd88d-ab6f-4561-b96a-98488b3032d9 HTTP/1.1" status: 200 len: 1407 time: 0.0433528
2026-05-09 18:12:53.446 10 INFO neutron.api.wsgi [req-35070570-b1f8-4662-a44c-371c3b518407 req-2b825a10-cfe4-4b5c-86a1-86ee45ad345d 9b59f34a42f44b59acffada6688f4c19 eed4dfac04f141ca88fe8b718c7e9e03 - - 0ae8b721ae004486adb9c48fe559be89 0ae8b721ae004486adb9c48fe559be89] 199.204.45.30 "GET /v2.0/floatingips?fixed_ip_address=10.100.0.6&port_id=5b42438f-2987-4cdb-bdd8-917e34e18aa5 HTTP/1.1" status: 200 len: 217 time: 0.0225129
2026-05-09 18:12:53.480 10 INFO neutron.api.wsgi [req-b905cd47-84a4-4cd6-a1b1-781954795ae0 req-4b130925-f55c-4fa3-b6fc-f7bb6feeb057 8dffe8489e0548cbaf1ee072c86597d9 6569d886c6c24df29da5311d98b42a2f - - default default] 10.0.0.11 "GET /v2.0/security-groups?id=af5786b3-d460-4727-b3c3-99bd73dcd488&fields=id&fields=name HTTP/1.1" status: 200 len: 286 time: 0.0679510
2026-05-09 18:12:53.483 10 INFO neutron.api.wsgi [req-35070570-b1f8-4662-a44c-371c3b518407 req-b8785673-32fa-47b2-b39f-be995683034e 9b59f34a42f44b59acffada6688f4c19 eed4dfac04f141ca88fe8b718c7e9e03 - - 0ae8b721ae004486adb9c48fe559be89 0ae8b721ae004486adb9c48fe559be89] 199.204.45.30 "GET /v2.0/subnets?id=8a08d270-45d6-4759-bde6-591cdafbe965 HTTP/1.1" status: 200 len: 890 time: 0.0331919
2026-05-09 18:12:53.509 10 INFO neutron.api.wsgi [req-35070570-b1f8-4662-a44c-371c3b518407 req-8da68557-bfa3-46ab-84a4-e9c28b2019e3 9b59f34a42f44b59acffada6688f4c19 eed4dfac04f141ca88fe8b718c7e9e03 - - 0ae8b721ae004486adb9c48fe559be89 0ae8b721ae004486adb9c48fe559be89] 199.204.45.30 "GET /v2.0/ports?network_id=8cba6952-5d1b-49ca-9e13-3a909559bad5&device_owner=network%3Adhcp HTTP/1.1" status: 200 len: 210 time: 0.0195892
2026-05-09 18:12:53.566 10 INFO neutron.api.wsgi [req-35070570-b1f8-4662-a44c-371c3b518407 req-1ffc8fd0-a9b4-40b9-941a-42c719b24c04 9b59f34a42f44b59acffada6688f4c19 eed4dfac04f141ca88fe8b718c7e9e03 - - 0ae8b721ae004486adb9c48fe559be89 0ae8b721ae004486adb9c48fe559be89] 199.204.45.30 "GET /v2.0/networks/8cba6952-5d1b-49ca-9e13-3a909559bad5?fields=segments HTTP/1.1" status: 200 len: 212 time: 0.0518217
2026-05-09 18:12:53.615 10 INFO neutron.api.wsgi [req-35070570-b1f8-4662-a44c-371c3b518407 req-ad56a5d9-029a-4f24-858b-afd7cc8b2173 9b59f34a42f44b59acffada6688f4c19 eed4dfac04f141ca88fe8b718c7e9e03 - - 0ae8b721ae004486adb9c48fe559be89 0ae8b721ae004486adb9c48fe559be89] 199.204.45.30 "GET /v2.0/networks/8cba6952-5d1b-49ca-9e13-3a909559bad5?fields=provider%3Aphysical_network&fields=provider%3Anetwork_type HTTP/1.1" status: 200 len: 277 time: 0.0436418
2026-05-09 18:12:53.717 10 INFO neutron.db.ovn_revision_numbers_db [None req-5e2d6f25-d820-446d-bfdc-f53730e75918 d0b53d028b534befbb5b8dbbdd31893b 70759cdc0d6e4f5cbb730a53bd73cd63 - - default default] Successfully bumped revision number for resource 1d90013b-ea85-4cd7-892b-584737dc8671 (type: floatingips) to -1
2026-05-09 18:12:53.785 10 INFO neutron.api.wsgi [req-a5f41b69-8f6a-40db-bbe8-38f4aacc0963 req-8eed6ba0-a148-40ec-8daf-5c6006bb91df 9b59f34a42f44b59acffada6688f4c19 eed4dfac04f141ca88fe8b718c7e9e03 - - 0ae8b721ae004486adb9c48fe559be89 0ae8b721ae004486adb9c48fe559be89] 199.204.45.30 "GET /v2.0/ports?tenant_id=8d78b7a87f9846169e5dabb7aafb71e1&device_id=6ac39868-aa92-452d-887f-61212166f29a HTTP/1.1" status: 200 len: 1413 time: 0.0439670
2026-05-09 18:12:53.844 10 INFO neutron.api.wsgi [req-a5f41b69-8f6a-40db-bbe8-38f4aacc0963 req-060a312f-c837-46f9-b941-abe58f4e9ef3 9b59f34a42f44b59acffada6688f4c19 eed4dfac04f141ca88fe8b718c7e9e03 - - 0ae8b721ae004486adb9c48fe559be89 0ae8b721ae004486adb9c48fe559be89] 199.204.45.30 "GET /v2.0/networks?id=4370b263-9821-4ee8-bff9-2e315ec73b4d HTTP/1.1" status: 200 len: 973 time: 0.0513365
2026-05-09 18:12:53.844 10 INFO neutron.db.ovn_revision_numbers_db [None req-5e2d6f25-d820-446d-bfdc-f53730e75918 d0b53d028b534befbb5b8dbbdd31893b 70759cdc0d6e4f5cbb730a53bd73cd63 - - default default] Successfully bumped revision number for resource 1d90013b-ea85-4cd7-892b-584737dc8671 (type: floatingips) to 1
2026-05-09 18:12:53.845 10 INFO neutron.db.l3_db [None req-5e2d6f25-d820-446d-bfdc-f53730e75918 d0b53d028b534befbb5b8dbbdd31893b 70759cdc0d6e4f5cbb730a53bd73cd63 - - default default] Floating IP 1d90013b-ea85-4cd7-892b-584737dc8671 associated. External IP: 10.96.250.209, port: a99f515a-5afa-437c-be06-d6e0d995a52e.
2026-05-09 18:12:53.903 10 INFO neutron.api.wsgi [None req-5e2d6f25-d820-446d-bfdc-f53730e75918 d0b53d028b534befbb5b8dbbdd31893b 70759cdc0d6e4f5cbb730a53bd73cd63 - - default default] 10.0.0.13 "POST /v2.0/floatingips HTTP/1.1" status: 201 len: 1040 time: 1.0964084
2026-05-09 18:12:53.906 10 INFO neutron.api.wsgi [req-a5f41b69-8f6a-40db-bbe8-38f4aacc0963 req-e2b3a45a-5025-4141-bce8-26aa4e46915b 9b59f34a42f44b59acffada6688f4c19 eed4dfac04f141ca88fe8b718c7e9e03 - - 0ae8b721ae004486adb9c48fe559be89 0ae8b721ae004486adb9c48fe559be89] 199.204.45.30 "GET /v2.0/floatingips?fixed_ip_address=10.100.0.14&port_id=37d02586-b257-4a06-b942-e751cf27ac87 HTTP/1.1" status: 200 len: 1060 time: 0.0558534
2026-05-09 18:12:53.946 10 INFO neutron.api.wsgi [req-a5f41b69-8f6a-40db-bbe8-38f4aacc0963 req-4a8d0273-62f4-421c-9a63-4b9a8ebab538 9b59f34a42f44b59acffada6688f4c19 eed4dfac04f141ca88fe8b718c7e9e03 - - 0ae8b721ae004486adb9c48fe559be89 0ae8b721ae004486adb9c48fe559be89] 199.204.45.30 "GET /v2.0/subnets?id=977eb955-6931-4cee-86e4-dfcdf128e8bf HTTP/1.1" status: 200 len: 892 time: 0.0316041
2026-05-09 18:12:53.974 10 INFO neutron.api.wsgi [req-a5f41b69-8f6a-40db-bbe8-38f4aacc0963 req-d46fad59-3bfe-4985-b793-ddac76aa9a5e 9b59f34a42f44b59acffada6688f4c19 eed4dfac04f141ca88fe8b718c7e9e03 - - 0ae8b721ae004486adb9c48fe559be89 0ae8b721ae004486adb9c48fe559be89] 199.204.45.30 "GET /v2.0/ports?network_id=4370b263-9821-4ee8-bff9-2e315ec73b4d&device_owner=network%3Adhcp HTTP/1.1" status: 200 len: 210 time: 0.0237968
2026-05-09 18:12:54.026 10 INFO neutron.api.wsgi [req-a5f41b69-8f6a-40db-bbe8-38f4aacc0963 req-95d32735-4465-43f8-a612-b149de6c96d7 9b59f34a42f44b59acffada6688f4c19 eed4dfac04f141ca88fe8b718c7e9e03 - - 0ae8b721ae004486adb9c48fe559be89 0ae8b721ae004486adb9c48fe559be89] 199.204.45.30 "GET /v2.0/networks/4370b263-9821-4ee8-bff9-2e315ec73b4d?fields=segments HTTP/1.1" status: 200 len: 212 time: 0.0448956
2026-05-09 18:12:54.083 10 INFO neutron.api.wsgi [req-a5f41b69-8f6a-40db-bbe8-38f4aacc0963 req-eb9d29e6-f978-49dc-876c-efb36c1bb36e 9b59f34a42f44b59acffada6688f4c19 eed4dfac04f141ca88fe8b718c7e9e03 - - 0ae8b721ae004486adb9c48fe559be89 0ae8b721ae004486adb9c48fe559be89] 199.204.45.30 "GET /v2.0/networks/4370b263-9821-4ee8-bff9-2e315ec73b4d?fields=provider%3Aphysical_network&fields=provider%3Anetwork_type HTTP/1.1" status: 200 len: 277 time: 0.0509663
2026-05-09 18:12:54.104 10 INFO neutron.db.ovn_revision_numbers_db [None req-7d6bce8a-5a1b-438b-9812-fac8e9ab35c8 d0b53d028b534befbb5b8dbbdd31893b 70759cdc0d6e4f5cbb730a53bd73cd63 - - default default] Successfully bumped revision number for resource 1d90013b-ea85-4cd7-892b-584737dc8671 (type: floatingips) to 2
2026-05-09 18:12:54.167 10 INFO neutron.db.l3_db [None req-7d6bce8a-5a1b-438b-9812-fac8e9ab35c8 d0b53d028b534befbb5b8dbbdd31893b 70759cdc0d6e4f5cbb730a53bd73cd63 - - default default] Floating IP 1d90013b-ea85-4cd7-892b-584737dc8671 disassociated. External IP: 10.96.250.209, port: a99f515a-5afa-437c-be06-d6e0d995a52e.
2026-05-09 18:12:54.225 10 INFO neutron.api.wsgi [None req-7d6bce8a-5a1b-438b-9812-fac8e9ab35c8 d0b53d028b534befbb5b8dbbdd31893b 70759cdc0d6e4f5cbb730a53bd73cd63 - - default default] 10.0.0.13 "PUT /v2.0/floatingips/1d90013b-ea85-4cd7-892b-584737dc8671 HTTP/1.1" status: 200 len: 748 time: 0.3152819
2026-05-09 18:12:54.234 9 INFO neutron.db.ovn_revision_numbers_db [None req-47c8ba9b-d864-4506-9303-babea30b8ff0 eeb06f2e737947319181263885889c97 060fb54941ec4ee78175ce5716b185b4 - - default default] Successfully bumped revision number for resource c065e0a4-6e60-4697-8ca6-9aed1370c8d3 (type: router_ports) to 1
2026-05-09 18:12:54.239 9 INFO neutron.api.wsgi [None req-47c8ba9b-d864-4506-9303-babea30b8ff0 eeb06f2e737947319181263885889c97 060fb54941ec4ee78175ce5716b185b4 - - default default] 10.0.0.13 "PUT /v2.0/routers/09c94250-fb8e-45cd-a08c-50609bb006cb/add_router_interface HTTP/1.1" status: 200 len: 503 time: 2.8273149
2026-05-09 18:12:54.509 10 INFO neutron.api.wsgi [None req-1c05c397-c6f6-4f57-8727-5735082b1221 d0b53d028b534befbb5b8dbbdd31893b 70759cdc0d6e4f5cbb730a53bd73cd63 - - default default] 10.0.0.13 "DELETE /v2.0/floatingips/1d90013b-ea85-4cd7-892b-584737dc8671 HTTP/1.1" status: 204 len: 168 time: 0.2797289
2026-05-09 18:12:54.521 10 WARNING neutron_lib.context [None req-92651e13-2015-4fa2-8d46-a098b5da8e5b d0b53d028b534befbb5b8dbbdd31893b 70759cdc0d6e4f5cbb730a53bd73cd63 - - default default] Method 'is_advsvc' is deprecated since 2023.2 release (neutron-lib 3.8.0) and will be removed once support for the old RBAC API policies will be removed from Neutron. Please use method 'is_service_role' instead.
2026-05-09 18:12:54.548 10 WARNING neutron.plugins.ml2.drivers.ovn.mech_driver.ovsdb.ovn_client [None req-6aab6415-b82a-47bd-9603-a96ee0bb7276 - - - - - -] No hosting information found for port 7ce3c5e3-6255-40e3-95f6-7da72dc75d05: RuntimeError: No hosting information found for port 7ce3c5e3-6255-40e3-95f6-7da72dc75d05
2026-05-09 18:12:54.619 10 INFO neutron.db.ovn_revision_numbers_db [None req-6aab6415-b82a-47bd-9603-a96ee0bb7276 - - - - - -] Successfully bumped revision number for resource 7ce3c5e3-6255-40e3-95f6-7da72dc75d05 (type: router_ports) to 2
2026-05-09 18:12:54.620 10 INFO neutron.plugins.ml2.drivers.ovn.mech_driver.mech_driver [None req-6aab6415-b82a-47bd-9603-a96ee0bb7276 - - - - - -] OVN reports status up for port: a6f9af4c-bb25-4971-ade6-d2c9c009336a
2026-05-09 18:12:54.623 9 INFO neutron.api.wsgi [req-b931b28f-ff15-4755-9a55-dc3696c1c042 req-114efae4-9bea-4489-a785-1abb8510c833 8dffe8489e0548cbaf1ee072c86597d9 6569d886c6c24df29da5311d98b42a2f - - default default] 10.0.0.11 "GET /v2.0/ports?device_id=e4ddd88d-ab6f-4561-b96a-98488b3032d9 HTTP/1.1" status: 200 len: 1168 time: 0.0863695
2026-05-09 18:12:54.630 10 INFO neutron.plugins.ml2.plugin [None req-6aab6415-b82a-47bd-9603-a96ee0bb7276 - - - - - -] Attempt 1 to provision port a6f9af4c-bb25-4971-ade6-d2c9c009336a
2026-05-09 18:12:54.663 9 INFO neutron.api.wsgi [req-b931b28f-ff15-4755-9a55-dc3696c1c042 req-95e880c6-a91c-4a32-a81e-3da75cff68ed 8dffe8489e0548cbaf1ee072c86597d9 6569d886c6c24df29da5311d98b42a2f - - default default] 10.0.0.11 "GET /v2.0/security-groups?id=af5786b3-d460-4727-b3c3-99bd73dcd488&fields=id&fields=name HTTP/1.1" status: 200 len: 286 time: 0.0332696
2026-05-09 18:12:54.760 10 WARNING neutron.scheduler.dhcp_agent_scheduler [None req-92651e13-2015-4fa2-8d46-a098b5da8e5b d0b53d028b534befbb5b8dbbdd31893b 70759cdc0d6e4f5cbb730a53bd73cd63 - - default default] No more DHCP agents
2026-05-09 18:12:54.761 10 WARNING neutron.api.rpc.agentnotifiers.dhcp_rpc_agent_api [None req-92651e13-2015-4fa2-8d46-a098b5da8e5b d0b53d028b534befbb5b8dbbdd31893b 70759cdc0d6e4f5cbb730a53bd73cd63 - - default default] Unable to schedule network e3d38db2-c557-4d75-b4d3-42faced4f97f: no agents available; will retry on subsequent port and subnet creation events.
2026-05-09 18:12:54.858 9 WARNING neutron_lib.context [None req-0a019151-a22a-4681-b5e8-6e2055f3785c e58580ab245348a9864d0c63ad0273db 5facebc25ebb42f0b9b5a9c90cc7e640 - - default default] Method 'is_advsvc' is deprecated since 2023.2 release (neutron-lib 3.8.0) and will be removed once support for the old RBAC API policies will be removed from Neutron. Please use method 'is_service_role' instead.
2026-05-09 18:12:54.969 9 INFO neutron.db.ovn_revision_numbers_db [None req-0a019151-a22a-4681-b5e8-6e2055f3785c e58580ab245348a9864d0c63ad0273db 5facebc25ebb42f0b9b5a9c90cc7e640 - - default default] Successfully bumped revision number for resource ff0ad30b-d68f-4099-b392-a654d745a348 (type: security_groups) to 1
2026-05-09 18:12:54.985 9 INFO neutron.db.ovn_revision_numbers_db [None req-0a019151-a22a-4681-b5e8-6e2055f3785c e58580ab245348a9864d0c63ad0273db 5facebc25ebb42f0b9b5a9c90cc7e640 - - default default] Successfully bumped revision number for resource b8e181c1-23b6-4411-affd-1cffa7e1038c (type: security_group_rules) to 0
2026-05-09 18:12:54.998 9 INFO neutron.db.ovn_revision_numbers_db [None req-0a019151-a22a-4681-b5e8-6e2055f3785c e58580ab245348a9864d0c63ad0273db 5facebc25ebb42f0b9b5a9c90cc7e640 - - default default] Successfully bumped revision number for resource fa2fc89a-e46d-4bbc-ac65-d7bbdeba1c6c (type: security_group_rules) to 0
2026-05-09 18:12:55.026 9 INFO neutron.api.wsgi [None req-0a019151-a22a-4681-b5e8-6e2055f3785c e58580ab245348a9864d0c63ad0273db 5facebc25ebb42f0b9b5a9c90cc7e640 - - default default] 10.0.0.13 "POST /v2.0/security-groups HTTP/1.1" status: 201 len: 1875 time: 0.1732223
2026-05-09 18:12:55.039 9 WARNING neutron_lib.context [None req-093475a7-d660-4e78-afcb-13a61ecffd41 e58580ab245348a9864d0c63ad0273db 5facebc25ebb42f0b9b5a9c90cc7e640 - - default default] Method 'is_advsvc' is deprecated since 2023.2 release (neutron-lib 3.8.0) and will be removed once support for the old RBAC API policies will be removed from Neutron. Please use method 'is_service_role' instead.
2026-05-09 18:12:55.163 9 INFO neutron.db.ovn_revision_numbers_db [None req-093475a7-d660-4e78-afcb-13a61ecffd41 e58580ab245348a9864d0c63ad0273db 5facebc25ebb42f0b9b5a9c90cc7e640 - - default default] Successfully bumped revision number for resource 936fb93e-2ffa-4643-95c5-5cbc91347b71 (type: security_group_rules) to 0
2026-05-09 18:12:55.195 9 INFO neutron.api.wsgi [None req-093475a7-d660-4e78-afcb-13a61ecffd41 e58580ab245348a9864d0c63ad0273db 5facebc25ebb42f0b9b5a9c90cc7e640 - - default default] 10.0.0.13 "POST /v2.0/security-group-rules HTTP/1.1" status: 201 len: 796 time: 0.1612256
2026-05-09 18:12:55.204 9 WARNING neutron_lib.context [None req-8948a597-35fe-4ade-b59c-9207c3338784 e58580ab245348a9864d0c63ad0273db 5facebc25ebb42f0b9b5a9c90cc7e640 - - default default] Method 'is_advsvc' is deprecated since 2023.2 release (neutron-lib 3.8.0) and will be removed once support for the old RBAC API policies will be removed from Neutron. Please use method 'is_service_role' instead.
2026-05-09 18:12:55.292 9 INFO neutron.db.ovn_revision_numbers_db [None req-8948a597-35fe-4ade-b59c-9207c3338784 e58580ab245348a9864d0c63ad0273db 5facebc25ebb42f0b9b5a9c90cc7e640 - - default default] Successfully bumped revision number for resource c63501f5-83f7-4442-ae3d-4b9e39281ac7 (type: security_group_rules) to 0
2026-05-09 18:12:55.318 9 INFO neutron.api.wsgi [None req-8948a597-35fe-4ade-b59c-9207c3338784 e58580ab245348a9864d0c63ad0273db 5facebc25ebb42f0b9b5a9c90cc7e640 - - default default] 10.0.0.13 "POST /v2.0/security-group-rules HTTP/1.1" status: 201 len: 795 time: 0.1171839
2026-05-09 18:12:55.327 9 WARNING neutron_lib.context [None req-0f22e48a-f61b-4c90-b576-f8124e62de50 e58580ab245348a9864d0c63ad0273db 5facebc25ebb42f0b9b5a9c90cc7e640 - - default default] Method 'is_advsvc' is deprecated since 2023.2 release (neutron-lib 3.8.0) and will be removed once support for the old RBAC API policies will be removed from Neutron. Please use method 'is_service_role' instead.
2026-05-09 18:12:55.334 10 INFO neutron.db.ovn_revision_numbers_db [None req-92651e13-2015-4fa2-8d46-a098b5da8e5b d0b53d028b534befbb5b8dbbdd31893b 70759cdc0d6e4f5cbb730a53bd73cd63 - - default default] Successfully bumped revision number for resource 0c985eb7-a674-444f-b3b7-74a5010127c6 (type: floatingips) to -1
2026-05-09 18:12:55.427 10 INFO neutron.db.ovn_revision_numbers_db [None req-92651e13-2015-4fa2-8d46-a098b5da8e5b d0b53d028b534befbb5b8dbbdd31893b 70759cdc0d6e4f5cbb730a53bd73cd63 - - default default] Successfully bumped revision number for resource 0c985eb7-a674-444f-b3b7-74a5010127c6 (type: floatingips) to 1
2026-05-09 18:12:55.428 10 INFO neutron.db.l3_db [None req-92651e13-2015-4fa2-8d46-a098b5da8e5b d0b53d028b534befbb5b8dbbdd31893b 70759cdc0d6e4f5cbb730a53bd73cd63 - - default default] Floating IP 0c985eb7-a674-444f-b3b7-74a5010127c6 associated. External IP: 10.96.250.214, port: 15ab7831-1d28-44b5-a6ba-777732c51674.
2026-05-09 18:12:55.432 9 INFO neutron.db.ovn_revision_numbers_db [None req-0f22e48a-f61b-4c90-b576-f8124e62de50 e58580ab245348a9864d0c63ad0273db 5facebc25ebb42f0b9b5a9c90cc7e640 - - default default] Successfully bumped revision number for resource 69910ab2-3829-4062-bdbd-9043ed4ddab4 (type: security_group_rules) to 0
2026-05-09 18:12:55.463 9 INFO neutron.api.wsgi [None req-0f22e48a-f61b-4c90-b576-f8124e62de50 e58580ab245348a9864d0c63ad0273db 5facebc25ebb42f0b9b5a9c90cc7e640 - - default default] 10.0.0.13 "POST /v2.0/security-group-rules HTTP/1.1" status: 201 len: 801 time: 0.1389289
2026-05-09 18:12:55.464 10 INFO neutron.api.wsgi [None req-92651e13-2015-4fa2-8d46-a098b5da8e5b d0b53d028b534befbb5b8dbbdd31893b 70759cdc0d6e4f5cbb730a53bd73cd63 - - default default] 10.0.0.13 "POST /v2.0/floatingips HTTP/1.1" status: 201 len: 1042 time: 0.9476056
2026-05-09 18:12:55.476 9 WARNING neutron_lib.context [None req-f4eb5a86-aebe-4759-ace2-81aa7d6bd6e8 e58580ab245348a9864d0c63ad0273db 5facebc25ebb42f0b9b5a9c90cc7e640 - - default default] Method 'is_advsvc' is deprecated since 2023.2 release (neutron-lib 3.8.0) and will be removed once support for the old RBAC API policies will be removed from Neutron. Please use method 'is_service_role' instead.
2026-05-09 18:12:55.502 10 INFO neutron.api.wsgi [None req-e12e4ce7-3e9c-4358-98c5-9e912bf73ad0 d0b53d028b534befbb5b8dbbdd31893b 70759cdc0d6e4f5cbb730a53bd73cd63 - - default default] 10.0.0.13 "GET /v2.0/floatingips/0c985eb7-a674-444f-b3b7-74a5010127c6 HTTP/1.1" status: 200 len: 1039 time: 0.0324135
2026-05-09 18:12:55.580 9 INFO neutron.api.wsgi [None req-c3a8ad30-3f16-4f19-8761-a7360c29ac45 d0b53d028b534befbb5b8dbbdd31893b 70759cdc0d6e4f5cbb730a53bd73cd63 - - default default] 10.0.0.13 "GET /v2.0/floatingips HTTP/1.1" status: 200 len: 1042 time: 0.0732839
2026-05-09 18:12:55.647 9 INFO neutron.db.ovn_revision_numbers_db [None req-f4eb5a86-aebe-4759-ace2-81aa7d6bd6e8 e58580ab245348a9864d0c63ad0273db 5facebc25ebb42f0b9b5a9c90cc7e640 - - default default] Successfully bumped revision number for resource bd194739-a05a-4ed7-a342-7df39f96c62c (type: security_group_rules) to 0
2026-05-09 18:12:55.681 9 INFO neutron.api.wsgi [None req-f4eb5a86-aebe-4759-ace2-81aa7d6bd6e8 e58580ab245348a9864d0c63ad0273db 5facebc25ebb42f0b9b5a9c90cc7e640 - - default default] 10.0.0.13 "POST /v2.0/security-group-rules HTTP/1.1" status: 201 len: 800 time: 0.2091563
2026-05-09 18:12:55.694 10 WARNING neutron_lib.context [None req-9d7c1b25-55cd-4de9-bd98-b2e74bacbeeb e58580ab245348a9864d0c63ad0273db 5facebc25ebb42f0b9b5a9c90cc7e640 - - default default] Method 'is_advsvc' is deprecated since 2023.2 release (neutron-lib 3.8.0) and will be removed once support for the old RBAC API policies will be removed from Neutron. Please use method 'is_service_role' instead.
2026-05-09 18:12:55.754 10 INFO neutron.db.securitygroups_db [None req-9d7c1b25-55cd-4de9-bd98-b2e74bacbeeb e58580ab245348a9864d0c63ad0273db 5facebc25ebb42f0b9b5a9c90cc7e640 - - default default] Project 5facebc25ebb42f0b9b5a9c90cc7e640 added a security group rule with legacy IPv6 ICMP protocol name icmp, ipv6-icmp should be used instead. It was automatically converted.
2026-05-09 18:12:55.787 9 INFO neutron.api.wsgi [req-de867365-4761-4d8d-b82e-8e000c6d9c1c req-8db233ee-d4fc-4db0-8f34-52fb38193183 8dffe8489e0548cbaf1ee072c86597d9 6569d886c6c24df29da5311d98b42a2f - - default default] 10.0.0.11 "GET /v2.0/ports?device_id=e4ddd88d-ab6f-4561-b96a-98488b3032d9 HTTP/1.1" status: 200 len: 1168 time: 0.0500562
2026-05-09 18:12:55.848 9 INFO neutron.api.wsgi [req-de867365-4761-4d8d-b82e-8e000c6d9c1c req-26c22d07-3bc1-417e-8b9b-63c1920ae839 8dffe8489e0548cbaf1ee072c86597d9 6569d886c6c24df29da5311d98b42a2f - - default default] 10.0.0.11 "GET /v2.0/security-groups?id=af5786b3-d460-4727-b3c3-99bd73dcd488&fields=id&fields=name HTTP/1.1" status: 200 len: 286 time: 0.0540209
2026-05-09 18:12:55.859 10 INFO neutron.db.ovn_revision_numbers_db [None req-9d7c1b25-55cd-4de9-bd98-b2e74bacbeeb e58580ab245348a9864d0c63ad0273db 5facebc25ebb42f0b9b5a9c90cc7e640 - - default default] Successfully bumped revision number for resource 14119db0-6e91-4daf-93a6-0c1e65d1cfaf (type: security_group_rules) to 0
2026-05-09 18:12:55.895 10 INFO neutron.api.wsgi [None req-9d7c1b25-55cd-4de9-bd98-b2e74bacbeeb e58580ab245348a9864d0c63ad0273db 5facebc25ebb42f0b9b5a9c90cc7e640 - - default default] 10.0.0.13 "POST /v2.0/security-group-rules HTTP/1.1" status: 201 len: 806 time: 0.2074223
2026-05-09 18:12:55.905 10 WARNING neutron_lib.context [None req-8615a830-5576-490e-941d-0d240ae5e4ea e58580ab245348a9864d0c63ad0273db 5facebc25ebb42f0b9b5a9c90cc7e640 - - default default] Method 'is_advsvc' is deprecated since 2023.2 release (neutron-lib 3.8.0) and will be removed once support for the old RBAC API policies will be removed from Neutron. Please use method 'is_service_role' instead.
2026-05-09 18:12:55.954 10 INFO neutron.db.securitygroups_db [None req-8615a830-5576-490e-941d-0d240ae5e4ea e58580ab245348a9864d0c63ad0273db 5facebc25ebb42f0b9b5a9c90cc7e640 - - default default] Project 5facebc25ebb42f0b9b5a9c90cc7e640 added a security group rule with legacy IPv6 ICMP protocol name icmp, ipv6-icmp should be used instead. It was automatically converted.
2026-05-09 18:12:56.061 10 INFO neutron.db.ovn_revision_numbers_db [None req-8615a830-5576-490e-941d-0d240ae5e4ea e58580ab245348a9864d0c63ad0273db 5facebc25ebb42f0b9b5a9c90cc7e640 - - default default] Successfully bumped revision number for resource af7d4509-c98a-4316-b773-4a95495aa68f (type: security_group_rules) to 0
2026-05-09 18:12:56.089 10 INFO neutron.api.wsgi [None req-8615a830-5576-490e-941d-0d240ae5e4ea e58580ab245348a9864d0c63ad0273db 5facebc25ebb42f0b9b5a9c90cc7e640 - - default default] 10.0.0.13 "POST /v2.0/security-group-rules HTTP/1.1" status: 201 len: 805 time: 0.1881995
2026-05-09 18:12:56.170 9 INFO neutron.db.ovn_revision_numbers_db [None req-7d2a12a6-d41f-4457-9868-fbcdd93d53b9 d0b53d028b534befbb5b8dbbdd31893b 70759cdc0d6e4f5cbb730a53bd73cd63 - - default default] Successfully bumped revision number for resource 0c985eb7-a674-444f-b3b7-74a5010127c6 (type: floatingips) to 2
2026-05-09 18:12:56.296 9 INFO neutron.db.ovn_revision_numbers_db [None req-7d2a12a6-d41f-4457-9868-fbcdd93d53b9 d0b53d028b534befbb5b8dbbdd31893b 70759cdc0d6e4f5cbb730a53bd73cd63 - - default default] Successfully bumped revision number for resource 0c985eb7-a674-444f-b3b7-74a5010127c6 (type: floatingips) to 2
2026-05-09 18:12:56.297 9 INFO neutron.db.l3_db [None req-7d2a12a6-d41f-4457-9868-fbcdd93d53b9 d0b53d028b534befbb5b8dbbdd31893b 70759cdc0d6e4f5cbb730a53bd73cd63 - - default default] Floating IP 0c985eb7-a674-444f-b3b7-74a5010127c6 associated. External IP: 10.96.250.214, port: 15ab7831-1d28-44b5-a6ba-777732c51674.
2026-05-09 18:12:56.357 9 INFO neutron.api.wsgi [None req-7d2a12a6-d41f-4457-9868-fbcdd93d53b9 d0b53d028b534befbb5b8dbbdd31893b 70759cdc0d6e4f5cbb730a53bd73cd63 - - default default] 10.0.0.13 "PUT /v2.0/floatingips/0c985eb7-a674-444f-b3b7-74a5010127c6 HTTP/1.1" status: 200 len: 1037 time: 0.7717662
2026-05-09 18:12:56.433 10 WARNING neutron_lib.context [None req-612cdf4c-42a9-45ff-b6ea-fa8a1c33fffb e58580ab245348a9864d0c63ad0273db 5facebc25ebb42f0b9b5a9c90cc7e640 - - default default] Method 'is_advsvc' is deprecated since 2023.2 release (neutron-lib 3.8.0) and will be removed once support for the old RBAC API policies will be removed from Neutron. Please use method 'is_service_role' instead.
2026-05-09 18:12:56.512 9 INFO neutron.db.ovn_revision_numbers_db [None req-cda71338-4489-41f5-b351-1ea0f0edeab3 d0b53d028b534befbb5b8dbbdd31893b 70759cdc0d6e4f5cbb730a53bd73cd63 - - default default] Successfully bumped revision number for resource 0c985eb7-a674-444f-b3b7-74a5010127c6 (type: floatingips) to 3
2026-05-09 18:12:56.549 10 INFO neutron.db.ovn_revision_numbers_db [None req-612cdf4c-42a9-45ff-b6ea-fa8a1c33fffb e58580ab245348a9864d0c63ad0273db 5facebc25ebb42f0b9b5a9c90cc7e640 - - default default] Successfully bumped revision number for resource 6b45b357-8786-4c96-9d44-dde8ed9cf965 (type: security_groups) to 1
2026-05-09 18:12:56.552 9 WARNING neutron.plugins.ml2.drivers.ovn.mech_driver.ovsdb.ovn_client [None req-57d009ec-7084-4d6c-9ca3-e7daa3de1979 - - - - - -] No hosting information found for port 6b87d2c8-4ba4-4ffc-9b73-8f1ef08a74fa: RuntimeError: No hosting information found for port 6b87d2c8-4ba4-4ffc-9b73-8f1ef08a74fa
2026-05-09 18:12:56.564 10 INFO neutron.db.ovn_revision_numbers_db [None req-612cdf4c-42a9-45ff-b6ea-fa8a1c33fffb e58580ab245348a9864d0c63ad0273db 5facebc25ebb42f0b9b5a9c90cc7e640 - - default default] Successfully bumped revision number for resource 1fffafe2-57be-42da-8415-26229306878a (type: security_group_rules) to 0
2026-05-09 18:12:56.574 9 INFO neutron.db.l3_db [None req-cda71338-4489-41f5-b351-1ea0f0edeab3 d0b53d028b534befbb5b8dbbdd31893b 70759cdc0d6e4f5cbb730a53bd73cd63 - - default default] Floating IP 0c985eb7-a674-444f-b3b7-74a5010127c6 disassociated. External IP: 10.96.250.214, port: a99f515a-5afa-437c-be06-d6e0d995a52e.
2026-05-09 18:12:56.576 10 INFO neutron.db.ovn_revision_numbers_db [None req-612cdf4c-42a9-45ff-b6ea-fa8a1c33fffb e58580ab245348a9864d0c63ad0273db 5facebc25ebb42f0b9b5a9c90cc7e640 - - default default] Successfully bumped revision number for resource d3755a32-bc1a-480a-9980-1049c727a4f1 (type: security_group_rules) to 0
2026-05-09 18:12:56.610 9 INFO neutron.api.wsgi [None req-cda71338-4489-41f5-b351-1ea0f0edeab3 d0b53d028b534befbb5b8dbbdd31893b 70759cdc0d6e4f5cbb730a53bd73cd63 - - default default] 10.0.0.13 "PUT /v2.0/floatingips/0c985eb7-a674-444f-b3b7-74a5010127c6 HTTP/1.1" status: 200 len: 748 time: 0.2485535
2026-05-09 18:12:56.621 10 INFO neutron.api.wsgi [None req-612cdf4c-42a9-45ff-b6ea-fa8a1c33fffb e58580ab245348a9864d0c63ad0273db 5facebc25ebb42f0b9b5a9c90cc7e640 - - default default] 10.0.0.13 "POST /v2.0/security-groups HTTP/1.1" status: 201 len: 1860 time: 0.1935484
2026-05-09 18:12:56.627 10 WARNING neutron_lib.context [None req-ff770b14-3e19-440c-bd7a-312a99928a25 e58580ab245348a9864d0c63ad0273db 5facebc25ebb42f0b9b5a9c90cc7e640 - - default default] Method 'is_advsvc' is deprecated since 2023.2 release (neutron-lib 3.8.0) and will be removed once support for the old RBAC API policies will be removed from Neutron. Please use method 'is_service_role' instead.
2026-05-09 18:12:56.629 9 INFO neutron.db.ovn_revision_numbers_db [None req-57d009ec-7084-4d6c-9ca3-e7daa3de1979 - - - - - -] Successfully bumped revision number for resource 6b87d2c8-4ba4-4ffc-9b73-8f1ef08a74fa (type: router_ports) to 2
2026-05-09 18:12:56.793 10 INFO neutron.db.ovn_revision_numbers_db [None req-ff770b14-3e19-440c-bd7a-312a99928a25 e58580ab245348a9864d0c63ad0273db 5facebc25ebb42f0b9b5a9c90cc7e640 - - default default] Successfully bumped revision number for resource 2ebb878e-8a55-42bf-8430-16283ae8b0d9 (type: security_group_rules) to 0
2026-05-09 18:12:56.842 10 INFO neutron.api.wsgi [None req-ff770b14-3e19-440c-bd7a-312a99928a25 e58580ab245348a9864d0c63ad0273db 5facebc25ebb42f0b9b5a9c90cc7e640 - - default default] 10.0.0.13 "POST /v2.0/security-group-rules HTTP/1.1" status: 201 len: 796 time: 0.2174320
2026-05-09 18:12:56.850 10 WARNING neutron_lib.context [None req-abb08fe1-95be-4684-aaeb-04282525254e e58580ab245348a9864d0c63ad0273db 5facebc25ebb42f0b9b5a9c90cc7e640 - - default default] Method 'is_advsvc' is deprecated since 2023.2 release (neutron-lib 3.8.0) and will be removed once support for the old RBAC API policies will be removed from Neutron. Please use method 'is_service_role' instead. /var/lib/openstack/lib/python3.12/site-packages/pycadf/identifier.py:71: UserWarning: Invalid uuid: neutron. To ensure interoperability, identifiers should be a valid uuid. warnings.warn(('Invalid uuid: %s. To ensure interoperability, '
2026-05-09 18:12:56.953 9 INFO neutron.api.wsgi [req-94eff6bd-e0a4-4a3a-8577-ee88376670f5 req-4db9f438-f99c-4b89-8817-8e8b0a829bb6 8dffe8489e0548cbaf1ee072c86597d9 6569d886c6c24df29da5311d98b42a2f - - default default] 10.0.0.11 "GET /v2.0/ports?device_id=e4ddd88d-ab6f-4561-b96a-98488b3032d9 HTTP/1.1" status: 200 len: 1168 time: 0.0514138
2026-05-09 18:12:56.987 10 INFO neutron.db.ovn_revision_numbers_db [None req-abb08fe1-95be-4684-aaeb-04282525254e e58580ab245348a9864d0c63ad0273db 5facebc25ebb42f0b9b5a9c90cc7e640 - - default default] Successfully bumped revision number for resource 9a785b0a-044b-43ae-a625-ec5fd70a44af (type: security_group_rules) to 0
2026-05-09 18:12:56.998 9 INFO neutron.api.wsgi [req-94eff6bd-e0a4-4a3a-8577-ee88376670f5 req-5d827219-abdb-4839-b135-cf7b120f3bcc 8dffe8489e0548cbaf1ee072c86597d9 6569d886c6c24df29da5311d98b42a2f - - default default] 10.0.0.11 "GET /v2.0/security-groups?id=af5786b3-d460-4727-b3c3-99bd73dcd488&fields=id&fields=name HTTP/1.1" status: 200 len: 286 time: 0.0390799
2026-05-09 18:12:57.012 10 INFO neutron.api.wsgi [None req-8e9320bb-28a4-4c85-8a3a-a9caa4cb9051 d0b53d028b534befbb5b8dbbdd31893b 70759cdc0d6e4f5cbb730a53bd73cd63 - - default default] 10.0.0.13 "DELETE /v2.0/floatingips/0c985eb7-a674-444f-b3b7-74a5010127c6 HTTP/1.1" status: 204 len: 168 time: 0.3961177
2026-05-09 18:12:57.043 10 INFO neutron.api.wsgi [None req-abb08fe1-95be-4684-aaeb-04282525254e e58580ab245348a9864d0c63ad0273db 5facebc25ebb42f0b9b5a9c90cc7e640 - - default default] 10.0.0.13 "POST /v2.0/security-group-rules HTTP/1.1" status: 201 len: 801 time: 0.1964157
2026-05-09 18:12:57.044 10 INFO neutron.api.v2.resource [None req-1c10d51d-504e-4310-bc64-70b843c2d41b d0b53d028b534befbb5b8dbbdd31893b 70759cdc0d6e4f5cbb730a53bd73cd63 - - default default] delete failed (client error): The resource could not be found.
2026-05-09 18:12:57.045 10 INFO neutron.api.wsgi [None req-1c10d51d-504e-4310-bc64-70b843c2d41b d0b53d028b534befbb5b8dbbdd31893b 70759cdc0d6e4f5cbb730a53bd73cd63 - - default default] 10.0.0.13 "DELETE /v2.0/floatingips/0c985eb7-a674-444f-b3b7-74a5010127c6 HTTP/1.1" status: 404 len: 345 time: 0.0215504
2026-05-09 18:12:57.060 9 WARNING neutron_lib.context [None req-fc5a14d3-c10a-4e1a-8133-b8dae361db06 e58580ab245348a9864d0c63ad0273db 5facebc25ebb42f0b9b5a9c90cc7e640 - - default default] Method 'is_advsvc' is deprecated since 2023.2 release (neutron-lib 3.8.0) and will be removed once support for the old RBAC API policies will be removed from Neutron. Please use method 'is_service_role' instead.
2026-05-09 18:12:57.287 9 WARNING neutron.scheduler.dhcp_agent_scheduler [None req-fc5a14d3-c10a-4e1a-8133-b8dae361db06 e58580ab245348a9864d0c63ad0273db 5facebc25ebb42f0b9b5a9c90cc7e640 - - default default] No more DHCP agents
2026-05-09 18:12:57.288 9 WARNING neutron.api.rpc.agentnotifiers.dhcp_rpc_agent_api [None req-fc5a14d3-c10a-4e1a-8133-b8dae361db06 e58580ab245348a9864d0c63ad0273db 5facebc25ebb42f0b9b5a9c90cc7e640 - - default default] Unable to schedule network e3d38db2-c557-4d75-b4d3-42faced4f97f: no agents available; will retry on subsequent port and subnet creation events.
2026-05-09 18:12:57.388 10 INFO neutron.api.wsgi [None req-09a21b87-bfff-4540-8537-2ccb8a212145 d0b53d028b534befbb5b8dbbdd31893b 70759cdc0d6e4f5cbb730a53bd73cd63 - - default default] 10.0.0.13 "DELETE /v2.0/ports/a99f515a-5afa-437c-be06-d6e0d995a52e HTTP/1.1" status: 204 len: 168 time: 0.3365042
2026-05-09 18:12:57.550 9 INFO neutron.api.wsgi [None req-fc5a14d3-c10a-4e1a-8133-b8dae361db06 e58580ab245348a9864d0c63ad0273db 5facebc25ebb42f0b9b5a9c90cc7e640 - - default default] 10.0.0.13 "POST /v2.0/floatingips HTTP/1.1" status: 201 len: 751 time: 0.4969697
2026-05-09 18:12:57.649 10 INFO neutron.api.wsgi [req-456798e9-b443-45a4-9ea1-8316769ed332 req-994f5b22-f001-4861-b63a-1e385f964c0b e58580ab245348a9864d0c63ad0273db 5facebc25ebb42f0b9b5a9c90cc7e640 - - default default] 10.0.0.11 "GET /v2.0/security-groups?name=tempest-secgroup-smoke-1348962606&fields=id&tenant_id=5facebc25ebb42f0b9b5a9c90cc7e640 HTTP/1.1" status: 200 len: 267 time: 0.0398817
2026-05-09 18:12:57.653 10 INFO neutron.api.wsgi [None req-1644b828-7908-4271-ab5d-9f932468d56a d0b53d028b534befbb5b8dbbdd31893b 70759cdc0d6e4f5cbb730a53bd73cd63 - - default default] 10.0.0.13 "DELETE /v2.0/ports/15ab7831-1d28-44b5-a6ba-777732c51674 HTTP/1.1" status: 204 len: 168 time: 0.2619348
2026-05-09 18:12:57.691 10 INFO neutron.api.wsgi [req-456798e9-b443-45a4-9ea1-8316769ed332 req-13e7f83a-171e-4ca9-9db4-a70b7118734e e58580ab245348a9864d0c63ad0273db 5facebc25ebb42f0b9b5a9c90cc7e640 - - default default] 10.0.0.11 "GET /v2.0/security-groups?name=tempest-securitygroup--1166441121&fields=id&tenant_id=5facebc25ebb42f0b9b5a9c90cc7e640 HTTP/1.1" status: 200 len: 267 time: 0.0364964
2026-05-09 18:12:57.731 9 INFO neutron.api.wsgi [None req-8a5f16ec-f8ee-4b4e-a1a2-2af62d9d32bf d0b53d028b534befbb5b8dbbdd31893b 70759cdc0d6e4f5cbb730a53bd73cd63 - - default default] 10.0.0.13 "GET /v2.0/ports?device_id=885513eb-e549-4fa3-bf05-c82b87f8978c HTTP/1.1" status: 200 len: 1140 time: 0.0732083
2026-05-09 18:12:57.739 10 INFO neutron.api.wsgi [req-456798e9-b443-45a4-9ea1-8316769ed332 req-0682664c-79ea-443d-9c70-51ee6e724f7a e58580ab245348a9864d0c63ad0273db 5facebc25ebb42f0b9b5a9c90cc7e640 - - default default] 10.0.0.11 "GET /v2.0/networks?id=95fdf351-a3d3-430c-8534-dd1ddb945c75 HTTP/1.1" status: 200 len: 872 time: 0.0424182
2026-05-09 18:12:57.756 10 INFO neutron.api.wsgi [req-456798e9-b443-45a4-9ea1-8316769ed332 req-32449bc8-f6f4-4863-bcd0-719d0861c789 e58580ab245348a9864d0c63ad0273db 5facebc25ebb42f0b9b5a9c90cc7e640 - - default default] 10.0.0.11 "GET /v2.0/quotas/5facebc25ebb42f0b9b5a9c90cc7e640 HTTP/1.1" status: 200 len: 491 time: 0.0103188
2026-05-09 18:12:57.831 10 INFO neutron.api.wsgi [req-456798e9-b443-45a4-9ea1-8316769ed332 req-a1fc17e2-52e4-4e3f-9f90-0631e2f37863 e58580ab245348a9864d0c63ad0273db 5facebc25ebb42f0b9b5a9c90cc7e640 - - default default] 10.0.0.11 "GET /v2.0/ports?tenant_id=5facebc25ebb42f0b9b5a9c90cc7e640&fields=id HTTP/1.1" status: 200 len: 302 time: 0.0682719
2026-05-09 18:12:57.884 10 INFO neutron.api.wsgi [req-456798e9-b443-45a4-9ea1-8316769ed332 req-20c0f033-3062-4995-b830-00b22bf95212 9b59f34a42f44b59acffada6688f4c19 eed4dfac04f141ca88fe8b718c7e9e03 - - 0ae8b721ae004486adb9c48fe559be89 0ae8b721ae004486adb9c48fe559be89] 10.0.0.11 "GET /v2.0/networks/95fdf351-a3d3-430c-8534-dd1ddb945c75?fields=segments HTTP/1.1" status: 200 len: 212 time: 0.0411747
2026-05-09 18:12:57.922 10 INFO neutron.api.wsgi [req-456798e9-b443-45a4-9ea1-8316769ed332 req-b0df964f-f619-4149-807d-2d9faa0607e5 9b59f34a42f44b59acffada6688f4c19 eed4dfac04f141ca88fe8b718c7e9e03 - - 0ae8b721ae004486adb9c48fe559be89 0ae8b721ae004486adb9c48fe559be89] 10.0.0.11 "GET /v2.0/networks/95fdf351-a3d3-430c-8534-dd1ddb945c75?fields=provider%3Aphysical_network&fields=provider%3Anetwork_type HTTP/1.1" status: 200 len: 277 time: 0.0315204
2026-05-09 18:12:58.070 9 INFO neutron.api.wsgi [req-cfae93df-228a-4220-82f2-7453d41d543f req-4e2bc31c-a761-43ab-b86b-15bb6e285523 e58580ab245348a9864d0c63ad0273db 5facebc25ebb42f0b9b5a9c90cc7e640 - - default default] 10.0.0.11 "GET /v2.0/ports?device_id=a054c0cb-2b84-4983-9ab7-c0555e189015 HTTP/1.1" status: 200 len: 210 time: 0.0247025
2026-05-09 18:12:58.126 10 INFO neutron.api.wsgi [req-3953b583-ac06-470c-a976-a054b3ad5246 req-25709a2a-ce11-4061-b667-710e8dd32036 8dffe8489e0548cbaf1ee072c86597d9 6569d886c6c24df29da5311d98b42a2f - - default default] 10.0.0.11 "GET /v2.0/ports?device_id=e4ddd88d-ab6f-4561-b96a-98488b3032d9 HTTP/1.1" status: 200 len: 1168 time: 0.0653698
2026-05-09 18:12:58.167 10 INFO neutron.api.wsgi [req-3953b583-ac06-470c-a976-a054b3ad5246 req-91995406-c0f0-4f73-a3f8-b781d682515f 8dffe8489e0548cbaf1ee072c86597d9 6569d886c6c24df29da5311d98b42a2f - - default default] 10.0.0.11 "GET /v2.0/security-groups?id=af5786b3-d460-4727-b3c3-99bd73dcd488&fields=id&fields=name HTTP/1.1" status: 200 len: 286 time: 0.0342948
2026-05-09 18:12:58.542 9 INFO neutron.api.wsgi [None req-0f7bc040-b5bc-4e67-b9bb-0acf04673b49 d0b53d028b534befbb5b8dbbdd31893b 70759cdc0d6e4f5cbb730a53bd73cd63 - - default default] 10.0.0.13 "PUT /v2.0/routers/885513eb-e549-4fa3-bf05-c82b87f8978c/remove_router_interface HTTP/1.1" status: 200 len: 503 time: 0.8056905 /var/lib/openstack/lib/python3.12/site-packages/pycadf/identifier.py:71: UserWarning: Invalid uuid: neutron. To ensure interoperability, identifiers should be a valid uuid. warnings.warn(('Invalid uuid: %s. To ensure interoperability, '
2026-05-09 18:12:59.150 9 INFO neutron.api.wsgi [req-acfddef5-0f2e-463f-9693-bfec8c7cb5cd req-29f54915-f6be-4e73-8d9a-963fe29e86c9 e58580ab245348a9864d0c63ad0273db 5facebc25ebb42f0b9b5a9c90cc7e640 - - default default] 10.0.0.11 "GET /v2.0/ports?device_id=a054c0cb-2b84-4983-9ab7-c0555e189015 HTTP/1.1" status: 200 len: 210 time: 0.0220089
2026-05-09 18:12:59.170 9 INFO neutron.api.wsgi [None req-bb12e324-c93e-4a12-988a-37d8169289ee d0b53d028b534befbb5b8dbbdd31893b 70759cdc0d6e4f5cbb730a53bd73cd63 - - default default] 10.0.0.13 "DELETE /v2.0/routers/885513eb-e549-4fa3-bf05-c82b87f8978c HTTP/1.1" status: 204 len: 168 time: 0.6229806
2026-05-09 18:12:59.255 10 INFO neutron.api.wsgi [req-608264ff-3a66-4703-8177-d294e41a7841 req-3400a99d-6ab9-4e7f-8a31-de909d1321f3 8dffe8489e0548cbaf1ee072c86597d9 6569d886c6c24df29da5311d98b42a2f - - default default] 10.0.0.11 "GET /v2.0/ports?device_id=e4ddd88d-ab6f-4561-b96a-98488b3032d9 HTTP/1.1" status: 200 len: 1168 time: 0.0334740
2026-05-09 18:12:59.293 10 INFO neutron.api.wsgi [req-608264ff-3a66-4703-8177-d294e41a7841 req-154ccf8e-eb02-458a-8b8f-16014dc26d5e 8dffe8489e0548cbaf1ee072c86597d9 6569d886c6c24df29da5311d98b42a2f - - default default] 10.0.0.11 "GET /v2.0/security-groups?id=af5786b3-d460-4727-b3c3-99bd73dcd488&fields=id&fields=name HTTP/1.1" status: 200 len: 286 time: 0.0316188
2026-05-09 18:12:59.298 9 INFO neutron.api.wsgi [None req-d2e81aa5-7ef8-4b1b-9c1c-3cfb5af0ed1e d0b53d028b534befbb5b8dbbdd31893b 70759cdc0d6e4f5cbb730a53bd73cd63 - - default default] 10.0.0.13 "DELETE /v2.0/subnets/4e610ae6-c675-46c0-bd7e-abbc966769f6 HTTP/1.1" status: 204 len: 168 time: 0.1231875
2026-05-09 18:12:59.586 9 INFO neutron.services.segments.plugin [-] Segment ec9c1411-1d10-46df-ba6e-4954d4a076be resource provider aggregate not found
2026-05-09 18:12:59.593 9 INFO neutron.services.segments.plugin [-] Segment ec9c1411-1d10-46df-ba6e-4954d4a076be resource provider aggregate not found
2026-05-09 18:12:59.605 9 INFO neutron.services.segments.plugin [-] Segment ec9c1411-1d10-46df-ba6e-4954d4a076be resource provider not found; error: Placement Client Error (4xx): {"errors": [{"status": 404, "title": "Not Found", "detail": "The resource could not be found.\n\n No resource provider with uuid ec9c1411-1d10-46df-ba6e-4954d4a076be found for delete ", "request_id": "req-f05aeca1-ea72-47bf-8705-ce77ad89d0e2"}]}
2026-05-09 18:12:59.609 9 INFO neutron.services.segments.plugin [-] Segment ec9c1411-1d10-46df-ba6e-4954d4a076be resource provider not found; error: Placement Client Error (4xx): {"errors": [{"status": 404, "title": "Not Found", "detail": "The resource could not be found.\n\n No resource provider with uuid ec9c1411-1d10-46df-ba6e-4954d4a076be found for delete ", "request_id": "req-56131db7-331a-4955-8666-f7742803a470"}]}
2026-05-09 18:12:59.618 9 INFO neutron.api.wsgi [None req-9b68ced5-04ac-4201-ad7f-c606a5e02f75 d0b53d028b534befbb5b8dbbdd31893b 70759cdc0d6e4f5cbb730a53bd73cd63 - - default default] 10.0.0.13 "DELETE /v2.0/networks/80d63589-eb77-4ef4-b5ed-3defc4485f50 HTTP/1.1" status: 204 len: 168 time: 0.3147130
2026-05-09 18:13:00.225 9 INFO neutron.api.wsgi [req-d14c462e-3a71-43be-8cb9-ca081c10fbb8 req-447d4d09-d3ce-4726-8caf-e2c07ded5f42 e58580ab245348a9864d0c63ad0273db 5facebc25ebb42f0b9b5a9c90cc7e640 - - default default] 10.0.0.11 "GET /v2.0/ports?device_id=a054c0cb-2b84-4983-9ab7-c0555e189015 HTTP/1.1" status: 200 len: 210 time: 0.0188155
2026-05-09 18:13:00.286 10 INFO neutron.api.wsgi [None req-3de8bd10-4744-466e-b4e1-badf6f2748fa eeb06f2e737947319181263885889c97 060fb54941ec4ee78175ce5716b185b4 - - default default] 10.0.0.13 "GET /v2.0/security-groups?tenant_id=70759cdc0d6e4f5cbb730a53bd73cd63&name=default HTTP/1.1" status: 200 len: 3120 time: 0.1727095
