2026-05-09 18:14:15.580 10 INFO neutron.api.wsgi [req-7241abaf-d7a1-4439-b7b3-aad49c76ae4f req-ff925da4-64de-4933-8bba-518dcd5e7b9a 9b59f34a42f44b59acffada6688f4c19 eed4dfac04f141ca88fe8b718c7e9e03 - - 0ae8b721ae004486adb9c48fe559be89 0ae8b721ae004486adb9c48fe559be89] 199.204.45.30 "GET /v2.0/ports?network_id=5a4a19e0-9d47-4030-9942-a5efd0579b3d&device_owner=network%3Adhcp HTTP/1.1" status: 200 len: 210 time: 0.0172944
2026-05-09 18:14:15.626 10 INFO neutron.api.wsgi [req-7241abaf-d7a1-4439-b7b3-aad49c76ae4f req-d4e69cfc-a74d-4a27-b2a3-fcd227967344 9b59f34a42f44b59acffada6688f4c19 eed4dfac04f141ca88fe8b718c7e9e03 - - 0ae8b721ae004486adb9c48fe559be89 0ae8b721ae004486adb9c48fe559be89] 199.204.45.30 "GET /v2.0/networks/5a4a19e0-9d47-4030-9942-a5efd0579b3d?fields=segments HTTP/1.1" status: 200 len: 212 time: 0.0432627
2026-05-09 18:14:15.667 9 WARNING neutron.scheduler.dhcp_agent_scheduler [None req-0a34a378-6ab2-437b-9faa-75b17608f2de 8b3f8c1bb34b49adb373c5e0f4457d01 0015fa2490d144fbbf9e977f0ff313fb - - default default] No more DHCP agents
2026-05-09 18:14:15.668 9 WARNING neutron.api.rpc.agentnotifiers.dhcp_rpc_agent_api [None req-0a34a378-6ab2-437b-9faa-75b17608f2de 8b3f8c1bb34b49adb373c5e0f4457d01 0015fa2490d144fbbf9e977f0ff313fb - - default default] Unable to schedule network 35006431-14e9-43db-b357-2dcf31bf61ec: no agents available; will retry on subsequent port and subnet creation events.
2026-05-09 18:14:15.674 10 INFO neutron.api.wsgi [req-7241abaf-d7a1-4439-b7b3-aad49c76ae4f req-e22565d5-ad6d-4f34-96de-a664e9c794d4 9b59f34a42f44b59acffada6688f4c19 eed4dfac04f141ca88fe8b718c7e9e03 - - 0ae8b721ae004486adb9c48fe559be89 0ae8b721ae004486adb9c48fe559be89] 199.204.45.30 "GET /v2.0/networks/5a4a19e0-9d47-4030-9942-a5efd0579b3d?fields=provider%3Aphysical_network&fields=provider%3Anetwork_type HTTP/1.1" status: 200 len: 277 time: 0.0424230
2026-05-09 18:14:15.732 9 INFO neutron.db.ovn_revision_numbers_db [None req-0a34a378-6ab2-437b-9faa-75b17608f2de 8b3f8c1bb34b49adb373c5e0f4457d01 0015fa2490d144fbbf9e977f0ff313fb - - default default] Successfully bumped revision number for resource 2de2d8ad-1105-4a96-a6b2-fb8efc396478 (type: ports) to 1
2026-05-09 18:14:15.754 9 INFO neutron.api.wsgi [None req-0a34a378-6ab2-437b-9faa-75b17608f2de 8b3f8c1bb34b49adb373c5e0f4457d01 0015fa2490d144fbbf9e977f0ff313fb - - default default] 10.0.0.13 "POST /v2.0/networks HTTP/1.1" status: 201 len: 831 time: 0.4818308
2026-05-09 18:14:15.763 9 WARNING neutron_lib.context [None req-97dd041f-b057-497e-95b7-ff11ae708f8a 8b3f8c1bb34b49adb373c5e0f4457d01 0015fa2490d144fbbf9e977f0ff313fb - - default default] Method 'is_advsvc' is deprecated since 2023.2 release (neutron-lib 3.8.0) and will be removed once support for the old RBAC API policies will be removed from Neutron. Please use method 'is_service_role' instead.
2026-05-09 18:14:15.820 10 INFO neutron.db.ovn_revision_numbers_db [None req-d9bbfa26-3771-4789-86d3-c06bd1c0a495 - - - - - -] Successfully bumped revision number for resource 25b315c9-986c-4bfb-a5d9-1b2ee8f7996c (type: ports) to 2
2026-05-09 18:14:15.848 9 INFO neutron.db.segments_db [None req-97dd041f-b057-497e-95b7-ff11ae708f8a 8b3f8c1bb34b49adb373c5e0f4457d01 0015fa2490d144fbbf9e977f0ff313fb - - default default] Added segment faf099d7-a9c4-4039-a4ff-c4019a8af4ee of type geneve for network 6e9fe6f5-b548-4309-b1d8-6e9e0babe018
2026-05-09 18:14:15.849 10 INFO neutron.db.ovn_revision_numbers_db [None req-d9bbfa26-3771-4789-86d3-c06bd1c0a495 - - - - - -] Successfully bumped revision number for resource e5532f4b-5b3a-438b-b6e5-e7e3d6801e93 (type: subnets) to 0
2026-05-09 18:14:15.866 10 INFO neutron.api.wsgi [None req-4f81ae69-d632-4975-8194-29d6a6dd1e43 ec386d65abfc4a69b5a328dfeb601a29 7bb2dc314c7a4491a4660a6fede2e6c1 - - default default] 10.0.0.13 "POST /v2.0/subnets HTTP/1.1" status: 201 len: 825 time: 0.7073636
2026-05-09 18:14:15.969 9 INFO neutron.db.ovn_revision_numbers_db [None req-97dd041f-b057-497e-95b7-ff11ae708f8a 8b3f8c1bb34b49adb373c5e0f4457d01 0015fa2490d144fbbf9e977f0ff313fb - - default default] Successfully bumped revision number for resource 6e9fe6f5-b548-4309-b1d8-6e9e0babe018 (type: networks) to 1
2026-05-09 18:14:16.151 9 WARNING neutron.scheduler.dhcp_agent_scheduler [None req-97dd041f-b057-497e-95b7-ff11ae708f8a 8b3f8c1bb34b49adb373c5e0f4457d01 0015fa2490d144fbbf9e977f0ff313fb - - default default] No more DHCP agents
2026-05-09 18:14:16.152 9 WARNING neutron.api.rpc.agentnotifiers.dhcp_rpc_agent_api [None req-97dd041f-b057-497e-95b7-ff11ae708f8a 8b3f8c1bb34b49adb373c5e0f4457d01 0015fa2490d144fbbf9e977f0ff313fb - - default default] Unable to schedule network 6e9fe6f5-b548-4309-b1d8-6e9e0babe018: no agents available; will retry on subsequent port and subnet creation events.
2026-05-09 18:14:16.162 10 INFO neutron.db.ovn_revision_numbers_db [None req-a061c98a-1a42-4896-851e-cdc43326e903 ec386d65abfc4a69b5a328dfeb601a29 7bb2dc314c7a4491a4660a6fede2e6c1 - - default default] Successfully bumped revision number for resource e5532f4b-5b3a-438b-b6e5-e7e3d6801e93 (type: subnets) to 1
2026-05-09 18:14:16.165 10 INFO neutron.api.wsgi [None req-a061c98a-1a42-4896-851e-cdc43326e903 ec386d65abfc4a69b5a328dfeb601a29 7bb2dc314c7a4491a4660a6fede2e6c1 - - default default] 10.0.0.13 "PUT /v2.0/subnets/e5532f4b-5b3a-438b-b6e5-e7e3d6801e93 HTTP/1.1" status: 200 len: 830 time: 0.2935836
2026-05-09 18:14:16.218 9 INFO neutron.db.ovn_revision_numbers_db [None req-97dd041f-b057-497e-95b7-ff11ae708f8a 8b3f8c1bb34b49adb373c5e0f4457d01 0015fa2490d144fbbf9e977f0ff313fb - - default default] Successfully bumped revision number for resource 18c28b6d-4af2-482f-a5ba-18c41d5e67b4 (type: ports) to 1
2026-05-09 18:14:16.237 9 INFO neutron.api.wsgi [None req-97dd041f-b057-497e-95b7-ff11ae708f8a 8b3f8c1bb34b49adb373c5e0f4457d01 0015fa2490d144fbbf9e977f0ff313fb - - default default] 10.0.0.13 "POST /v2.0/networks HTTP/1.1" status: 201 len: 831 time: 0.4786990
2026-05-09 18:14:16.277 10 INFO neutron.api.wsgi [None req-c0c50f7d-42c2-46e6-9e75-10fa0c066a7f 8b3f8c1bb34b49adb373c5e0f4457d01 0015fa2490d144fbbf9e977f0ff313fb - - default default] 10.0.0.13 "PUT /v2.0/networks/f500737a-dcd8-43c9-ba4e-bdcf8036e627/tags HTTP/1.1" status: 200 len: 210 time: 0.0346668
2026-05-09 18:14:16.317 9 INFO neutron.api.wsgi [None req-9a709d29-50b9-4ec5-97b6-3bbfd52b8ba5 8b3f8c1bb34b49adb373c5e0f4457d01 0015fa2490d144fbbf9e977f0ff313fb - - default default] 10.0.0.13 "PUT /v2.0/networks/79b116c9-176f-405e-9c67-1edeee0d4bd9/tags HTTP/1.1" status: 200 len: 218 time: 0.0350788
2026-05-09 18:14:16.353 9 INFO neutron.api.wsgi [None req-d4e6acf2-a928-4173-880d-23aeceec37d0 8b3f8c1bb34b49adb373c5e0f4457d01 0015fa2490d144fbbf9e977f0ff313fb - - default default] 10.0.0.13 "PUT /v2.0/networks/97ad9fe2-1971-4e2a-a47e-3f29a5886a54/tags HTTP/1.1" status: 200 len: 227 time: 0.0310359
2026-05-09 18:14:16.392 9 INFO neutron.api.wsgi [None req-37c7c57f-3793-4ced-9bf8-6c3fc8a1b17a 8b3f8c1bb34b49adb373c5e0f4457d01 0015fa2490d144fbbf9e977f0ff313fb - - default default] 10.0.0.13 "PUT /v2.0/networks/35006431-14e9-43db-b357-2dcf31bf61ec/tags HTTP/1.1" status: 200 len: 212 time: 0.0339537
2026-05-09 18:14:16.446 9 INFO neutron.api.wsgi [None req-d1269bd1-0d54-4ec8-898c-191e90b99249 8b3f8c1bb34b49adb373c5e0f4457d01 0015fa2490d144fbbf9e977f0ff313fb - - default default] 10.0.0.13 "GET /v2.0/networks?tags=red HTTP/1.1" status: 200 len: 2067 time: 0.0481513
2026-05-09 18:14:16.450 10 INFO neutron.db.ovn_revision_numbers_db [None req-db827cb3-a920-4aa0-b0c9-e5bbdba59da6 eeb06f2e737947319181263885889c97 060fb54941ec4ee78175ce5716b185b4 - - default default] Successfully bumped revision number for resource 33496254-46ba-42aa-8027-5b4743314912 (type: security_groups) to 1
2026-05-09 18:14:16.487 10 INFO neutron.db.ovn_revision_numbers_db [None req-db827cb3-a920-4aa0-b0c9-e5bbdba59da6 eeb06f2e737947319181263885889c97 060fb54941ec4ee78175ce5716b185b4 - - default default] Successfully bumped revision number for resource 20c68987-2ed7-464a-82f6-26c9c12e6d81 (type: security_group_rules) to 0
2026-05-09 18:14:16.491 9 INFO neutron.api.wsgi [None req-376d373f-09c0-4d5d-962c-bc14bb54fc6e 8b3f8c1bb34b49adb373c5e0f4457d01 0015fa2490d144fbbf9e977f0ff313fb - - default default] 10.0.0.13 "GET /v2.0/networks?tags=red%2Cblue HTTP/1.1" status: 200 len: 1456 time: 0.0397787
2026-05-09 18:14:16.538 10 INFO neutron.api.wsgi [-] 10.0.0.207 "GET / HTTP/1.1" status: 200 len: 247 time: 0.0016227
2026-05-09 18:14:16.540 10 INFO neutron.api.wsgi [-] 10.0.0.207 "GET / HTTP/1.1" status: 200 len: 247 time: 0.0012217
2026-05-09 18:14:16.543 9 INFO neutron.api.wsgi [None req-5c214485-37c6-461f-9b6e-95f04b7c715f 8b3f8c1bb34b49adb373c5e0f4457d01 0015fa2490d144fbbf9e977f0ff313fb - - default default] 10.0.0.13 "GET /v2.0/networks?tags-any=blue HTTP/1.1" status: 200 len: 1456 time: 0.0463777
2026-05-09 18:14:16.592 10 INFO neutron.api.wsgi [None req-b072f8ac-5b2a-4420-a855-43cda7b9514f 8b3f8c1bb34b49adb373c5e0f4457d01 0015fa2490d144fbbf9e977f0ff313fb - - default default] 10.0.0.13 "GET /v2.0/networks?tags-any=red%2Cblue HTTP/1.1" status: 200 len: 2067 time: 0.0445738
2026-05-09 18:14:16.611 10 INFO neutron.db.ovn_revision_numbers_db [None req-db827cb3-a920-4aa0-b0c9-e5bbdba59da6 eeb06f2e737947319181263885889c97 060fb54941ec4ee78175ce5716b185b4 - - default default] Successfully bumped revision number for resource 217d8ba3-2ce8-4456-ac35-6e1884c4a073 (type: security_group_rules) to 0
2026-05-09 18:14:16.628 10 INFO neutron.db.ovn_revision_numbers_db [None req-db827cb3-a920-4aa0-b0c9-e5bbdba59da6 eeb06f2e737947319181263885889c97 060fb54941ec4ee78175ce5716b185b4 - - default default] Successfully bumped revision number for resource 5058faa2-0bed-4668-9c35-7134a70fa202 (type: security_group_rules) to 0
2026-05-09 18:14:16.648 10 INFO neutron.db.ovn_revision_numbers_db [None req-db827cb3-a920-4aa0-b0c9-e5bbdba59da6 eeb06f2e737947319181263885889c97 060fb54941ec4ee78175ce5716b185b4 - - default default] Successfully bumped revision number for resource a8d92ea8-b668-4004-985d-51eda330fc55 (type: security_group_rules) to 0
2026-05-09 18:14:16.657 10 INFO neutron.api.wsgi [None req-28a230f5-8487-4a82-a49b-18be8b950d9f 8b3f8c1bb34b49adb373c5e0f4457d01 0015fa2490d144fbbf9e977f0ff313fb - - default default] 10.0.0.13 "GET /v2.0/networks?not-tags=red HTTP/1.1" status: 200 len: 2069 time: 0.0601525
2026-05-09 18:14:16.737 10 INFO neutron.api.wsgi [None req-db827cb3-a920-4aa0-b0c9-e5bbdba59da6 eeb06f2e737947319181263885889c97 060fb54941ec4ee78175ce5716b185b4 - - default default] 10.0.0.13 "GET /v2.0/security-groups?tenant_id=80d301ec29714dbda5903d8058d721e5&name=default HTTP/1.1" status: 200 len: 3120 time: 0.5417140
2026-05-09 18:14:16.765 10 INFO neutron.api.wsgi [None req-eceaa052-7ef3-434b-981e-5f569e16a195 8b3f8c1bb34b49adb373c5e0f4457d01 0015fa2490d144fbbf9e977f0ff313fb - - default default] 10.0.0.13 "GET /v2.0/networks?not-tags=red%2Cblue HTTP/1.1" status: 200 len: 2680 time: 0.1031411
2026-05-09 18:14:16.786 10 INFO neutron.services.segments.plugin [-] Segment 65f2cba6-df64-4af2-8e2d-af9d691b5150 resource provider aggregate not found
2026-05-09 18:14:16.792 10 INFO neutron.services.segments.plugin [-] Segment 65f2cba6-df64-4af2-8e2d-af9d691b5150 resource provider aggregate not found
2026-05-09 18:14:16.796 10 INFO neutron.services.segments.plugin [-] Segment 65f2cba6-df64-4af2-8e2d-af9d691b5150 resource provider not found; error: Placement Client Error (4xx): {"errors": [{"status": 404, "title": "Not Found", "detail": "The resource could not be found.\n\n No resource provider with uuid 65f2cba6-df64-4af2-8e2d-af9d691b5150 found for delete ", "request_id": "req-d8d1c9e8-23b1-421b-99a8-2d85e4e4b1ff"}]}
2026-05-09 18:14:16.808 10 INFO neutron.services.segments.plugin [-] Segment 65f2cba6-df64-4af2-8e2d-af9d691b5150 resource provider not found; error: Placement Client Error (4xx): {"errors": [{"status": 404, "title": "Not Found", "detail": "The resource could not be found.\n\n No resource provider with uuid 65f2cba6-df64-4af2-8e2d-af9d691b5150 found for delete ", "request_id": "req-ddc34b83-33c6-4507-bd8e-5075da1db267"}]}
2026-05-09 18:14:16.828 10 INFO neutron.api.wsgi [None req-323dda78-e057-433b-846d-3f31825a58a7 ec386d65abfc4a69b5a328dfeb601a29 7bb2dc314c7a4491a4660a6fede2e6c1 - - default default] 10.0.0.13 "DELETE /v2.0/networks/9dfbec97-4dbd-4545-9fe9-f4aaeb2552f6 HTTP/1.1" status: 204 len: 168 time: 0.6595819
2026-05-09 18:14:16.833 9 INFO neutron.api.wsgi [None req-db1d94b8-d7d8-48eb-b156-c65474a217da 8b3f8c1bb34b49adb373c5e0f4457d01 0015fa2490d144fbbf9e977f0ff313fb - - default default] 10.0.0.13 "GET /v2.0/networks?not-tags-any=blue HTTP/1.1" status: 200 len: 2680 time: 0.0604479
2026-05-09 18:14:16.842 10 INFO neutron.pecan_wsgi.hooks.translation [None req-75365c1d-3b92-4e4b-a4e4-4ec48141f595 ec386d65abfc4a69b5a328dfeb601a29 7bb2dc314c7a4491a4660a6fede2e6c1 - - default default] DELETE failed (client error): The resource could not be found.
2026-05-09 18:14:16.845 10 INFO neutron.api.wsgi [None req-75365c1d-3b92-4e4b-a4e4-4ec48141f595 ec386d65abfc4a69b5a328dfeb601a29 7bb2dc314c7a4491a4660a6fede2e6c1 - - default default] 10.0.0.13 "DELETE /v2.0/networks/9dfbec97-4dbd-4545-9fe9-f4aaeb2552f6 HTTP/1.1" status: 404 len: 339 time: 0.0118740
2026-05-09 18:14:16.891 9 INFO neutron.api.wsgi [None req-46655c72-1320-4725-b6f5-914a309bce57 8b3f8c1bb34b49adb373c5e0f4457d01 0015fa2490d144fbbf9e977f0ff313fb - - default default] 10.0.0.13 "GET /v2.0/networks?not-tags-any=red%2Cblue HTTP/1.1" status: 200 len: 2069 time: 0.0530844
2026-05-09 18:14:16.901 10 INFO neutron.api.wsgi [None req-19a9530f-ad8d-4e3b-80ef-23e331877a2a ec386d65abfc4a69b5a328dfeb601a29 7bb2dc314c7a4491a4660a6fede2e6c1 - - default default] 10.0.0.13 "GET /v2.0/networks?router%3Aexternal=True HTTP/1.1" status: 200 len: 845 time: 0.0513647
2026-05-09 18:14:16.946 9 INFO neutron.api.wsgi [None req-28abed6b-8714-4c09-a9ce-a51e6970ad95 ec386d65abfc4a69b5a328dfeb601a29 7bb2dc314c7a4491a4660a6fede2e6c1 - - default default] 10.0.0.13 "GET /v2.0/subnets?network_id=e3d38db2-c557-4d75-b4d3-42faced4f97f HTTP/1.1" status: 200 len: 843 time: 0.0408940
2026-05-09 18:14:16.959 10 INFO neutron.api.wsgi [None req-15630525-ba30-4662-b722-cfd1f627d2b3 ec386d65abfc4a69b5a328dfeb601a29 7bb2dc314c7a4491a4660a6fede2e6c1 - - default default] 10.0.0.13 "GET /v2.0/extensions HTTP/1.1" status: 200 len: 19293 time: 0.0059156
2026-05-09 18:14:17.025 10 INFO neutron.api.wsgi [None req-6038fff1-6ba7-40ba-b3fb-833b711e4aec ec386d65abfc4a69b5a328dfeb601a29 7bb2dc314c7a4491a4660a6fede2e6c1 - - default default] 10.0.0.13 "GET /v2.0/networks HTTP/1.1" status: 200 len: 1504 time: 0.0608561
2026-05-09 18:14:17.061 10 INFO neutron.api.wsgi [None req-8d556f8d-7f97-4345-9433-64f6b470c33b ec386d65abfc4a69b5a328dfeb601a29 7bb2dc314c7a4491a4660a6fede2e6c1 - - default default] 10.0.0.13 "GET /v2.0/subnets HTTP/1.1" status: 200 len: 1475 time: 0.0278478
2026-05-09 18:14:17.104 10 INFO neutron.api.wsgi [None req-f097d44e-7064-4d3b-b6b3-fced141f92ea ec386d65abfc4a69b5a328dfeb601a29 7bb2dc314c7a4491a4660a6fede2e6c1 - - default default] 10.0.0.13 "GET /v2.0/networks/5f6f967b-0d75-4f61-b024-89ad0d37f177 HTTP/1.1" status: 200 len: 863 time: 0.0376513
2026-05-09 18:14:17.119 9 INFO neutron.api.wsgi [None req-24091ea1-ece4-4584-a8af-14be271bde0f eeb06f2e737947319181263885889c97 060fb54941ec4ee78175ce5716b185b4 - - default default] 10.0.0.13 "DELETE /v2.0/security-groups/33496254-46ba-42aa-8027-5b4743314912 HTTP/1.1" status: 204 len: 168 time: 0.3755834
2026-05-09 18:14:17.138 9 INFO neutron.api.wsgi [None req-36998fb6-eec4-4338-9f58-ac53fa3fbf40 ec386d65abfc4a69b5a328dfeb601a29 7bb2dc314c7a4491a4660a6fede2e6c1 - - default default] 10.0.0.13 "GET /v2.0/subnets/86a8fada-aa2b-4593-960f-54b67f97fd8c HTTP/1.1" status: 200 len: 835 time: 0.0269165
2026-05-09 18:14:17.159 9 INFO neutron.pecan_wsgi.hooks.translation [None req-a607c0d0-84a6-4567-b222-a19b9e1d3b2b ec386d65abfc4a69b5a328dfeb601a29 7bb2dc314c7a4491a4660a6fede2e6c1 - - default default] DELETE failed (client error): The resource could not be found.
2026-05-09 18:14:17.161 9 INFO neutron.api.wsgi [None req-a607c0d0-84a6-4567-b222-a19b9e1d3b2b ec386d65abfc4a69b5a328dfeb601a29 7bb2dc314c7a4491a4660a6fede2e6c1 - - default default] 10.0.0.13 "DELETE /v2.0/subnets/e5532f4b-5b3a-438b-b6e5-e7e3d6801e93 HTTP/1.1" status: 404 len: 337 time: 0.0147891
2026-05-09 18:14:17.178 10 INFO neutron.pecan_wsgi.hooks.translation [None req-2e613028-0b7f-40c8-92dd-1167bbbfabab ec386d65abfc4a69b5a328dfeb601a29 7bb2dc314c7a4491a4660a6fede2e6c1 - - default default] DELETE failed (client error): The resource could not be found.
2026-05-09 18:14:17.181 10 INFO neutron.api.wsgi [None req-2e613028-0b7f-40c8-92dd-1167bbbfabab ec386d65abfc4a69b5a328dfeb601a29 7bb2dc314c7a4491a4660a6fede2e6c1 - - default default] 10.0.0.13 "DELETE /v2.0/networks/9dfbec97-4dbd-4545-9fe9-f4aaeb2552f6 HTTP/1.1" status: 404 len: 339 time: 0.0148938
2026-05-09 18:14:17.229 9 INFO neutron.services.segments.plugin [-] Segment ab5daf1f-9aaa-45bd-b1af-e4cfcc14ba46 resource provider aggregate not found
2026-05-09 18:14:17.234 9 INFO neutron.services.segments.plugin [-] Segment ab5daf1f-9aaa-45bd-b1af-e4cfcc14ba46 resource provider aggregate not found
2026-05-09 18:14:17.250 9 INFO neutron.services.segments.plugin [-] Segment ab5daf1f-9aaa-45bd-b1af-e4cfcc14ba46 resource provider not found; error: Placement Client Error (4xx): {"errors": [{"status": 404, "title": "Not Found", "detail": "The resource could not be found.\n\n No resource provider with uuid ab5daf1f-9aaa-45bd-b1af-e4cfcc14ba46 found for delete ", "request_id": "req-d8cdf81a-5d04-436b-ad18-d279dc394b96"}]}
2026-05-09 18:14:17.252 10 INFO neutron.api.wsgi [None req-f97f552f-6bf6-478a-87c1-05484384bcd9 eeb06f2e737947319181263885889c97 060fb54941ec4ee78175ce5716b185b4 - - default default] 10.0.0.13 "GET /v2.0/security-groups?tenant_id=f6a9c1a984c94cb1abdf4a1c37eedb7e&name=default HTTP/1.1" status: 200 len: 3120 time: 0.0414128
2026-05-09 18:14:17.254 9 INFO neutron.services.segments.plugin [-] Segment ab5daf1f-9aaa-45bd-b1af-e4cfcc14ba46 resource provider not found; error: Placement Client Error (4xx): {"errors": [{"status": 404, "title": "Not Found", "detail": "The resource could not be found.\n\n No resource provider with uuid ab5daf1f-9aaa-45bd-b1af-e4cfcc14ba46 found for delete ", "request_id": "req-4cfcb31c-9c1a-4a06-ba8e-a72c15d7474e"}]}
2026-05-09 18:14:17.297 9 INFO neutron.api.wsgi [None req-b9757ae6-3288-4423-a56a-112be5602c05 8b3f8c1bb34b49adb373c5e0f4457d01 0015fa2490d144fbbf9e977f0ff313fb - - default default] 10.0.0.13 "DELETE /v2.0/networks/f500737a-dcd8-43c9-ba4e-bdcf8036e627 HTTP/1.1" status: 204 len: 168 time: 0.3990390
2026-05-09 18:14:17.367 10 INFO neutron.api.wsgi [None req-3fba5471-02c1-4415-805f-9077d723f611 ec386d65abfc4a69b5a328dfeb601a29 7bb2dc314c7a4491a4660a6fede2e6c1 - - default default] 10.0.0.13 "DELETE /v2.0/subnets/86a8fada-aa2b-4593-960f-54b67f97fd8c HTTP/1.1" status: 204 len: 168 time: 0.1814163
2026-05-09 18:14:17.535 9 INFO neutron.api.wsgi [None req-e5b1fe57-1a68-489a-bd15-8fca5b38b37c eeb06f2e737947319181263885889c97 060fb54941ec4ee78175ce5716b185b4 - - default default] 10.0.0.13 "DELETE /v2.0/security-groups/651d5ce7-6218-449b-9933-c6f48fefe1ea HTTP/1.1" status: 204 len: 168 time: 0.2796304
2026-05-09 18:14:17.667 10 INFO neutron.api.wsgi [None req-25da8347-1feb-40e6-b9d8-f66368b5188d ec386d65abfc4a69b5a328dfeb601a29 7bb2dc314c7a4491a4660a6fede2e6c1 - - default default] 10.0.0.13 "DELETE /v2.0/networks/5f6f967b-0d75-4f61-b024-89ad0d37f177 HTTP/1.1" status: 204 len: 168 time: 0.2962999
2026-05-09 18:14:17.671 9 INFO neutron.api.wsgi [None req-d53b50ff-1ebd-49c2-b8f5-9e5eafa0d91b 8b3f8c1bb34b49adb373c5e0f4457d01 0015fa2490d144fbbf9e977f0ff313fb - - default default] 10.0.0.13 "DELETE /v2.0/networks/79b116c9-176f-405e-9c67-1edeee0d4bd9 HTTP/1.1" status: 204 len: 168 time: 0.3670967
2026-05-09 18:14:17.801 10 INFO neutron.db.ovn_revision_numbers_db [None req-ff0e62e9-4e14-4f5b-9e60-3350bf32e73c eeb06f2e737947319181263885889c97 060fb54941ec4ee78175ce5716b185b4 - - default default] Successfully bumped revision number for resource 9b820e7c-a736-423b-a181-5aa08f6c5f22 (type: security_groups) to 1
2026-05-09 18:14:17.820 10 INFO neutron.db.ovn_revision_numbers_db [None req-ff0e62e9-4e14-4f5b-9e60-3350bf32e73c eeb06f2e737947319181263885889c97 060fb54941ec4ee78175ce5716b185b4 - - default default] Successfully bumped revision number for resource 45bb7a95-04fc-4488-b862-c3787e61d3b3 (type: security_group_rules) to 0
2026-05-09 18:14:17.833 10 INFO neutron.db.ovn_revision_numbers_db [None req-ff0e62e9-4e14-4f5b-9e60-3350bf32e73c eeb06f2e737947319181263885889c97 060fb54941ec4ee78175ce5716b185b4 - - default default] Successfully bumped revision number for resource ad97bbed-059d-4edf-833c-dec4af4760f5 (type: security_group_rules) to 0
2026-05-09 18:14:17.848 10 INFO neutron.db.ovn_revision_numbers_db [None req-ff0e62e9-4e14-4f5b-9e60-3350bf32e73c eeb06f2e737947319181263885889c97 060fb54941ec4ee78175ce5716b185b4 - - default default] Successfully bumped revision number for resource bddd1023-fd8c-41f6-9ace-95aac4b6300b (type: security_group_rules) to 0
2026-05-09 18:14:17.860 10 INFO neutron.db.ovn_revision_numbers_db [None req-ff0e62e9-4e14-4f5b-9e60-3350bf32e73c eeb06f2e737947319181263885889c97 060fb54941ec4ee78175ce5716b185b4 - - default default] Successfully bumped revision number for resource d615dd37-44a5-429d-a43c-89d44da75b82 (type: security_group_rules) to 0
2026-05-09 18:14:17.901 10 INFO neutron.api.wsgi [None req-ff0e62e9-4e14-4f5b-9e60-3350bf32e73c eeb06f2e737947319181263885889c97 060fb54941ec4ee78175ce5716b185b4 - - default default] 10.0.0.13 "GET /v2.0/security-groups?tenant_id=bdd16700a61b4d78a56289e9659e0b34&name=default HTTP/1.1" status: 200 len: 3120 time: 0.2286913
2026-05-09 18:14:17.992 9 INFO neutron.api.wsgi [None req-5f1e3008-34d9-4eb1-beb3-50d18c25d132 8b3f8c1bb34b49adb373c5e0f4457d01 0015fa2490d144fbbf9e977f0ff313fb - - default default] 10.0.0.13 "DELETE /v2.0/networks/97ad9fe2-1971-4e2a-a47e-3f29a5886a54 HTTP/1.1" status: 204 len: 168 time: 0.3174524
2026-05-09 18:14:18.099 10 INFO neutron.api.wsgi [None req-ff85e001-39af-4644-8138-722cde30d08f eeb06f2e737947319181263885889c97 060fb54941ec4ee78175ce5716b185b4 - - default default] 10.0.0.13 "DELETE /v2.0/security-groups/9b820e7c-a736-423b-a181-5aa08f6c5f22 HTTP/1.1" status: 204 len: 168 time: 0.1933720
2026-05-09 18:14:18.316 9 INFO neutron.api.wsgi [None req-d3c5c6ef-d3f0-403a-9128-46bef70a6120 8b3f8c1bb34b49adb373c5e0f4457d01 0015fa2490d144fbbf9e977f0ff313fb - - default default] 10.0.0.13 "DELETE /v2.0/networks/35006431-14e9-43db-b357-2dcf31bf61ec HTTP/1.1" status: 204 len: 168 time: 0.3177581
2026-05-09 18:14:18.428 9 INFO neutron.api.wsgi [None req-614ba49b-f4c9-4be1-b62a-01183c9f5dee eeb06f2e737947319181263885889c97 060fb54941ec4ee78175ce5716b185b4 - - default default] 10.0.0.13 "GET /v2.0/security-groups?tenant_id=7bb2dc314c7a4491a4660a6fede2e6c1&name=default HTTP/1.1" status: 200 len: 3120 time: 0.2222533
2026-05-09 18:14:18.634 9 INFO neutron.api.wsgi [None req-2e73649d-58c4-4df3-ae2a-1b9bf1138030 8b3f8c1bb34b49adb373c5e0f4457d01 0015fa2490d144fbbf9e977f0ff313fb - - default default] 10.0.0.13 "DELETE /v2.0/networks/6e9fe6f5-b548-4309-b1d8-6e9e0babe018 HTTP/1.1" status: 204 len: 168 time: 0.3135746
2026-05-09 18:14:18.647 10 INFO neutron.api.wsgi [None req-1293f4fc-1e1d-45de-837d-7716cadfeb36 eeb06f2e737947319181263885889c97 060fb54941ec4ee78175ce5716b185b4 - - default default] 10.0.0.13 "DELETE /v2.0/security-groups/53af0ff5-f434-47bf-9650-6e903707b11d HTTP/1.1" status: 204 len: 168 time: 0.2117553
2026-05-09 18:14:18.816 10 INFO neutron.services.segments.plugin [-] Segment bd1a17ca-2060-4f7f-ab54-747ee42ae5b0 resource provider aggregate not found
2026-05-09 18:14:18.825 10 INFO neutron.services.segments.plugin [-] Segment bd1a17ca-2060-4f7f-ab54-747ee42ae5b0 resource provider aggregate not found
2026-05-09 18:14:18.832 10 INFO neutron.services.segments.plugin [-] Segment bd1a17ca-2060-4f7f-ab54-747ee42ae5b0 resource provider not found; error: Placement Client Error (4xx): {"errors": [{"status": 404, "title": "Not Found", "detail": "The resource could not be found.\n\n No resource provider with uuid bd1a17ca-2060-4f7f-ab54-747ee42ae5b0 found for delete ", "request_id": "req-5df36927-5807-4a0c-9f59-72d18e0d5c2c"}]}
2026-05-09 18:14:18.837 10 INFO neutron.services.segments.plugin [-] Segment bd1a17ca-2060-4f7f-ab54-747ee42ae5b0 resource provider not found; error: Placement Client Error (4xx): {"errors": [{"status": 404, "title": "Not Found", "detail": "The resource could not be found.\n\n No resource provider with uuid bd1a17ca-2060-4f7f-ab54-747ee42ae5b0 found for delete ", "request_id": "req-3b62ebab-8c25-4b6e-acf9-f6a1fb789acf"}]}
2026-05-09 18:14:19.268 9 INFO neutron.services.segments.plugin [-] Segment 60c852de-736a-4da3-9c42-57197629f172 resource provider aggregate not found
2026-05-09 18:14:19.271 9 INFO neutron.services.segments.plugin [-] Segment 60c852de-736a-4da3-9c42-57197629f172 resource provider aggregate not found
2026-05-09 18:14:19.281 9 INFO neutron.services.segments.plugin [-] Segment 60c852de-736a-4da3-9c42-57197629f172 resource provider not found; error: Placement Client Error (4xx): {"errors": [{"status": 404, "title": "Not Found", "detail": "The resource could not be found.\n\n No resource provider with uuid 60c852de-736a-4da3-9c42-57197629f172 found for delete ", "request_id": "req-6a0f9bad-05cc-454e-b828-1a0d1172be22"}]}
2026-05-09 18:14:19.283 9 INFO neutron.services.segments.plugin [-] Segment 60c852de-736a-4da3-9c42-57197629f172 resource provider not found; error: Placement Client Error (4xx): {"errors": [{"status": 404, "title": "Not Found", "detail": "The resource could not be found.\n\n No resource provider with uuid 60c852de-736a-4da3-9c42-57197629f172 found for delete ", "request_id": "req-5fa373b0-27a9-4e47-a104-0c3f40b803b9"}]}
2026-05-09 18:14:19.292 9 INFO neutron.services.segments.plugin [-] Segment 3c034a7c-036c-47b9-b405-b17c32c7490d resource provider aggregate not found
2026-05-09 18:14:19.300 9 INFO neutron.services.segments.plugin [-] Segment 3c034a7c-036c-47b9-b405-b17c32c7490d resource provider not found; error: Placement Client Error (4xx): {"errors": [{"status": 404, "title": "Not Found", "detail": "The resource could not be found.\n\n No resource provider with uuid 3c034a7c-036c-47b9-b405-b17c32c7490d found for delete ", "request_id": "req-f7e415a2-bfd6-4e26-a653-a9a2e1d1b1af"}]}
2026-05-09 18:14:19.303 9 INFO neutron.services.segments.plugin [-] Segment 3c034a7c-036c-47b9-b405-b17c32c7490d resource provider aggregate not found
2026-05-09 18:14:19.310 9 INFO neutron.services.segments.plugin [-] Segment 047349b3-6322-4be3-adb7-30a19e8ccbc3 resource provider aggregate not found
2026-05-09 18:14:19.318 9 INFO neutron.services.segments.plugin [-] Segment 3c034a7c-036c-47b9-b405-b17c32c7490d resource provider not found; error: Placement Client Error (4xx): {"errors": [{"status": 404, "title": "Not Found", "detail": "The resource could not be found.\n\n No resource provider with uuid 3c034a7c-036c-47b9-b405-b17c32c7490d found for delete ", "request_id": "req-cac8edf6-25d8-405d-8898-182993a2493e"}]}
2026-05-09 18:14:19.329 9 INFO neutron.services.segments.plugin [-] Segment 047349b3-6322-4be3-adb7-30a19e8ccbc3 resource provider not found; error: Placement Client Error (4xx): {"errors": [{"status": 404, "title": "Not Found", "detail": "The resource could not be found.\n\n No resource provider with uuid 047349b3-6322-4be3-adb7-30a19e8ccbc3 found for delete ", "request_id": "req-f4186332-9be2-4b48-bf10-e4c8f62bab3f"}]}
2026-05-09 18:14:19.332 9 INFO neutron.services.segments.plugin [-] Segment 047349b3-6322-4be3-adb7-30a19e8ccbc3 resource provider aggregate not found
2026-05-09 18:14:19.351 9 INFO neutron.services.segments.plugin [-] Segment 047349b3-6322-4be3-adb7-30a19e8ccbc3 resource provider not found; error: Placement Client Error (4xx): {"errors": [{"status": 404, "title": "Not Found", "detail": "The resource could not be found.\n\n No resource provider with uuid 047349b3-6322-4be3-adb7-30a19e8ccbc3 found for delete ", "request_id": "req-2b1d7432-030c-474a-807a-1131f93f8ad2"}]}
2026-05-09 18:14:19.357 9 INFO neutron.services.segments.plugin [-] Segment faf099d7-a9c4-4039-a4ff-c4019a8af4ee resource provider aggregate not found
2026-05-09 18:14:19.367 9 INFO neutron.services.segments.plugin [-] Segment faf099d7-a9c4-4039-a4ff-c4019a8af4ee resource provider aggregate not found
2026-05-09 18:14:19.370 9 INFO neutron.services.segments.plugin [-] Segment faf099d7-a9c4-4039-a4ff-c4019a8af4ee resource provider not found; error: Placement Client Error (4xx): {"errors": [{"status": 404, "title": "Not Found", "detail": "The resource could not be found.\n\n No resource provider with uuid faf099d7-a9c4-4039-a4ff-c4019a8af4ee found for delete ", "request_id": "req-0b4b5ad0-a57a-4a03-af38-66a6aacdd276"}]}
2026-05-09 18:14:19.378 9 INFO neutron.services.segments.plugin [-] Segment faf099d7-a9c4-4039-a4ff-c4019a8af4ee resource provider not found; error: Placement Client Error (4xx): {"errors": [{"status": 404, "title": "Not Found", "detail": "The resource could not be found.\n\n No resource provider with uuid faf099d7-a9c4-4039-a4ff-c4019a8af4ee found for delete ", "request_id": "req-1496682f-5792-4ae4-a090-d7b709bbb69c"}]}
2026-05-09 18:14:19.549 10 INFO neutron.db.ovn_revision_numbers_db [None req-28954c90-09e2-4d31-8637-af141d791dc6 eeb06f2e737947319181263885889c97 060fb54941ec4ee78175ce5716b185b4 - - default default] Successfully bumped revision number for resource 5327f77c-d1ba-47b4-9c91-bf09383b1f6a (type: security_groups) to 1
2026-05-09 18:14:19.565 10 INFO neutron.db.ovn_revision_numbers_db [None req-28954c90-09e2-4d31-8637-af141d791dc6 eeb06f2e737947319181263885889c97 060fb54941ec4ee78175ce5716b185b4 - - default default] Successfully bumped revision number for resource 42bc4385-53a4-4d7d-a9c1-319371dd0491 (type: security_group_rules) to 0
2026-05-09 18:14:19.579 10 INFO neutron.db.ovn_revision_numbers_db [None req-28954c90-09e2-4d31-8637-af141d791dc6 eeb06f2e737947319181263885889c97 060fb54941ec4ee78175ce5716b185b4 - - default default] Successfully bumped revision number for resource 6e8a9939-d768-4f11-9c87-75b3b484b0ab (type: security_group_rules) to 0
2026-05-09 18:14:19.609 10 INFO neutron.db.ovn_revision_numbers_db [None req-28954c90-09e2-4d31-8637-af141d791dc6 eeb06f2e737947319181263885889c97 060fb54941ec4ee78175ce5716b185b4 - - default default] Successfully bumped revision number for resource 7c8b34d7-d7e7-4a5e-abf4-c82e3fddccfb (type: security_group_rules) to 0
2026-05-09 18:14:19.624 10 INFO neutron.db.ovn_revision_numbers_db [None req-28954c90-09e2-4d31-8637-af141d791dc6 eeb06f2e737947319181263885889c97 060fb54941ec4ee78175ce5716b185b4 - - default default] Successfully bumped revision number for resource dc414123-80e6-45ce-b2aa-a25911c47848 (type: security_group_rules) to 0
2026-05-09 18:14:19.664 10 INFO neutron.api.wsgi [None req-28954c90-09e2-4d31-8637-af141d791dc6 eeb06f2e737947319181263885889c97 060fb54941ec4ee78175ce5716b185b4 - - default default] 10.0.0.13 "GET /v2.0/security-groups?tenant_id=f425343f5def4809ac57b9af281d0dca&name=default HTTP/1.1" status: 200 len: 3120 time: 0.3432734
2026-05-09 18:14:19.882 9 INFO neutron.api.wsgi [None req-d025a9bf-098b-4b68-91fe-5f91ddc49f06 eeb06f2e737947319181263885889c97 060fb54941ec4ee78175ce5716b185b4 - - default default] 10.0.0.13 "DELETE /v2.0/security-groups/5327f77c-d1ba-47b4-9c91-bf09383b1f6a HTTP/1.1" status: 204 len: 168 time: 0.2118793
2026-05-09 18:14:20.086 9 INFO neutron.api.wsgi [None req-c529a602-039c-421e-960b-5d71d76da63f eeb06f2e737947319181263885889c97 060fb54941ec4ee78175ce5716b185b4 - - default default] 10.0.0.13 "GET /v2.0/security-groups?tenant_id=0015fa2490d144fbbf9e977f0ff313fb&name=default HTTP/1.1" status: 200 len: 3120 time: 0.0421448
2026-05-09 18:14:20.291 9 INFO neutron.api.wsgi [None req-c9392b3b-153e-4708-880f-4de0600c8102 eeb06f2e737947319181263885889c97 060fb54941ec4ee78175ce5716b185b4 - - default default] 10.0.0.13 "DELETE /v2.0/security-groups/6f79a2d8-3f75-4f4a-9e3f-9e23d212a52f HTTP/1.1" status: 204 len: 168 time: 0.1995337
2026-05-09 18:14:20.533 10 INFO neutron.db.ovn_revision_numbers_db [None req-365e08c9-eef0-42aa-845f-28c9538bfedb eeb06f2e737947319181263885889c97 060fb54941ec4ee78175ce5716b185b4 - - default default] Successfully bumped revision number for resource 6deca2b8-ef60-449d-9c12-fbf907ba46a9 (type: security_groups) to 1
2026-05-09 18:14:20.548 10 INFO neutron.db.ovn_revision_numbers_db [None req-365e08c9-eef0-42aa-845f-28c9538bfedb eeb06f2e737947319181263885889c97 060fb54941ec4ee78175ce5716b185b4 - - default default] Successfully bumped revision number for resource 4a3a9fa3-02a4-43ef-9cbe-3bd2925070c8 (type: security_group_rules) to 0
2026-05-09 18:14:20.572 10 INFO neutron.db.ovn_revision_numbers_db [None req-365e08c9-eef0-42aa-845f-28c9538bfedb eeb06f2e737947319181263885889c97 060fb54941ec4ee78175ce5716b185b4 - - default default] Successfully bumped revision number for resource 4a9d913d-1c27-4790-9695-46a80cfebc60 (type: security_group_rules) to 0
2026-05-09 18:14:20.596 10 INFO neutron.db.ovn_revision_numbers_db [None req-365e08c9-eef0-42aa-845f-28c9538bfedb eeb06f2e737947319181263885889c97 060fb54941ec4ee78175ce5716b185b4 - - default default] Successfully bumped revision number for resource 6d0c71d7-6e0f-4e3b-a31b-0164c246a9b3 (type: security_group_rules) to 0
2026-05-09 18:14:20.610 10 INFO neutron.db.ovn_revision_numbers_db [None req-365e08c9-eef0-42aa-845f-28c9538bfedb eeb06f2e737947319181263885889c97 060fb54941ec4ee78175ce5716b185b4 - - default default] Successfully bumped revision number for resource 8bca4877-bbdb-418f-8533-276e49c8930e (type: security_group_rules) to 0
2026-05-09 18:14:20.655 10 WARNING neutron_lib.context [None req-b18b8016-10db-4e32-8192-043e57006263 fd5db9b2c4714df2903e07c91c63949b 75d1b071c9ea473ba3cfb08c399ef55d - - default default] Method 'is_advsvc' is deprecated since 2023.2 release (neutron-lib 3.8.0) and will be removed once support for the old RBAC API policies will be removed from Neutron. Please use method 'is_service_role' instead.
2026-05-09 18:14:20.662 10 INFO neutron.api.wsgi [None req-365e08c9-eef0-42aa-845f-28c9538bfedb eeb06f2e737947319181263885889c97 060fb54941ec4ee78175ce5716b185b4 - - default default] 10.0.0.13 "GET /v2.0/security-groups?tenant_id=5811b9cd40214dd8b0aa8b2f30cc12fb&name=default HTTP/1.1" status: 200 len: 3120 time: 0.2394698
2026-05-09 18:14:20.834 10 INFO neutron.db.ovn_revision_numbers_db [None req-b18b8016-10db-4e32-8192-043e57006263 fd5db9b2c4714df2903e07c91c63949b 75d1b071c9ea473ba3cfb08c399ef55d - - default default] Successfully bumped revision number for resource 2b9b2a00-bc35-4a7f-91ee-394719d0c5f0 (type: security_groups) to 1
2026-05-09 18:14:20.851 10 INFO neutron.db.ovn_revision_numbers_db [None req-b18b8016-10db-4e32-8192-043e57006263 fd5db9b2c4714df2903e07c91c63949b 75d1b071c9ea473ba3cfb08c399ef55d - - default default] Successfully bumped revision number for resource 6ca21089-4e09-46f7-8e1c-2446445ecc61 (type: security_group_rules) to 0
2026-05-09 18:14:20.865 10 INFO neutron.db.ovn_revision_numbers_db [None req-b18b8016-10db-4e32-8192-043e57006263 fd5db9b2c4714df2903e07c91c63949b 75d1b071c9ea473ba3cfb08c399ef55d - - default default] Successfully bumped revision number for resource a2796eaf-451b-4c0f-ad3e-db88875611fa (type: security_group_rules) to 0
2026-05-09 18:14:20.880 10 INFO neutron.db.ovn_revision_numbers_db [None req-b18b8016-10db-4e32-8192-043e57006263 fd5db9b2c4714df2903e07c91c63949b 75d1b071c9ea473ba3cfb08c399ef55d - - default default] Successfully bumped revision number for resource a91a6e7a-74c5-445d-9972-ef27adff2d6b (type: security_group_rules) to 0
2026-05-09 18:14:20.904 10 INFO neutron.api.wsgi [None req-76fc58c3-bff3-4111-ad87-97677ebfaab7 eeb06f2e737947319181263885889c97 060fb54941ec4ee78175ce5716b185b4 - - default default] 10.0.0.13 "DELETE /v2.0/security-groups/6deca2b8-ef60-449d-9c12-fbf907ba46a9 HTTP/1.1" status: 204 len: 168 time: 0.2357948
2026-05-09 18:14:20.905 10 INFO neutron.db.ovn_revision_numbers_db [None req-b18b8016-10db-4e32-8192-043e57006263 fd5db9b2c4714df2903e07c91c63949b 75d1b071c9ea473ba3cfb08c399ef55d - - default default] Successfully bumped revision number for resource cfa66cc7-70b3-4bf4-ab69-751146f677c1 (type: security_group_rules) to 0
2026-05-09 18:14:20.986 10 INFO neutron.db.segments_db [None req-b18b8016-10db-4e32-8192-043e57006263 fd5db9b2c4714df2903e07c91c63949b 75d1b071c9ea473ba3cfb08c399ef55d - - default default] Added segment 4d1413c2-2164-4eba-a51c-5677874957fb of type geneve for network 497614fd-07e7-4376-b0e7-69be85d9d07f
2026-05-09 18:14:21.094 10 INFO neutron.db.ovn_revision_numbers_db [None req-b18b8016-10db-4e32-8192-043e57006263 fd5db9b2c4714df2903e07c91c63949b 75d1b071c9ea473ba3cfb08c399ef55d - - default default] Successfully bumped revision number for resource 497614fd-07e7-4376-b0e7-69be85d9d07f (type: networks) to 1
2026-05-09 18:14:21.232 10 WARNING neutron.scheduler.dhcp_agent_scheduler [None req-b18b8016-10db-4e32-8192-043e57006263 fd5db9b2c4714df2903e07c91c63949b 75d1b071c9ea473ba3cfb08c399ef55d - - default default] No more DHCP agents
2026-05-09 18:14:21.233 10 WARNING neutron.api.rpc.agentnotifiers.dhcp_rpc_agent_api [None req-b18b8016-10db-4e32-8192-043e57006263 fd5db9b2c4714df2903e07c91c63949b 75d1b071c9ea473ba3cfb08c399ef55d - - default default] Unable to schedule network 497614fd-07e7-4376-b0e7-69be85d9d07f: no agents available; will retry on subsequent port and subnet creation events.
2026-05-09 18:14:21.291 10 INFO neutron.db.ovn_revision_numbers_db [None req-b18b8016-10db-4e32-8192-043e57006263 fd5db9b2c4714df2903e07c91c63949b 75d1b071c9ea473ba3cfb08c399ef55d - - default default] Successfully bumped revision number for resource 408fcd7d-5168-4e76-bfbd-75ba2f02bb74 (type: ports) to 1
2026-05-09 18:14:21.311 10 INFO neutron.api.wsgi [None req-b18b8016-10db-4e32-8192-043e57006263 fd5db9b2c4714df2903e07c91c63949b 75d1b071c9ea473ba3cfb08c399ef55d - - default default] 10.0.0.13 "POST /v2.0/networks HTTP/1.1" status: 201 len: 828 time: 0.9062784
2026-05-09 18:14:21.321 9 WARNING neutron_lib.context [None req-db11fd2c-87bb-4e33-b9cd-6aaaf5b41b7e fd5db9b2c4714df2903e07c91c63949b 75d1b071c9ea473ba3cfb08c399ef55d - - default default] Method 'is_advsvc' is deprecated since 2023.2 release (neutron-lib 3.8.0) and will be removed once support for the old RBAC API policies will be removed from Neutron. Please use method 'is_service_role' instead.
2026-05-09 18:14:21.414 9 INFO neutron.db.segments_db [None req-db11fd2c-87bb-4e33-b9cd-6aaaf5b41b7e fd5db9b2c4714df2903e07c91c63949b 75d1b071c9ea473ba3cfb08c399ef55d - - default default] Added segment ac94cd5a-f767-4bb5-9260-1ce2fa19c923 of type geneve for network c167e336-0064-4309-9576-f71debc926e3
2026-05-09 18:14:21.561 9 INFO neutron.db.ovn_revision_numbers_db [None req-db11fd2c-87bb-4e33-b9cd-6aaaf5b41b7e fd5db9b2c4714df2903e07c91c63949b 75d1b071c9ea473ba3cfb08c399ef55d - - default default] Successfully bumped revision number for resource c167e336-0064-4309-9576-f71debc926e3 (type: networks) to 1
2026-05-09 18:14:21.723 9 WARNING neutron.scheduler.dhcp_agent_scheduler [None req-db11fd2c-87bb-4e33-b9cd-6aaaf5b41b7e fd5db9b2c4714df2903e07c91c63949b 75d1b071c9ea473ba3cfb08c399ef55d - - default default] No more DHCP agents
2026-05-09 18:14:21.725 9 WARNING neutron.api.rpc.agentnotifiers.dhcp_rpc_agent_api [None req-db11fd2c-87bb-4e33-b9cd-6aaaf5b41b7e fd5db9b2c4714df2903e07c91c63949b 75d1b071c9ea473ba3cfb08c399ef55d - - default default] Unable to schedule network c167e336-0064-4309-9576-f71debc926e3: no agents available; will retry on subsequent port and subnet creation events.
2026-05-09 18:14:21.778 9 INFO neutron.db.ovn_revision_numbers_db [None req-db11fd2c-87bb-4e33-b9cd-6aaaf5b41b7e fd5db9b2c4714df2903e07c91c63949b 75d1b071c9ea473ba3cfb08c399ef55d - - default default] Successfully bumped revision number for resource 5e887668-9ac2-4656-b1b3-f5881bcef545 (type: ports) to 1
2026-05-09 18:14:21.802 9 INFO neutron.api.wsgi [None req-db11fd2c-87bb-4e33-b9cd-6aaaf5b41b7e fd5db9b2c4714df2903e07c91c63949b 75d1b071c9ea473ba3cfb08c399ef55d - - default default] 10.0.0.13 "POST /v2.0/networks HTTP/1.1" status: 201 len: 829 time: 0.4858706
2026-05-09 18:14:21.819 9 WARNING neutron_lib.context [None req-919b3eef-95f3-448e-beb2-425a6b2232b9 fd5db9b2c4714df2903e07c91c63949b 75d1b071c9ea473ba3cfb08c399ef55d - - default default] Method 'is_advsvc' is deprecated since 2023.2 release (neutron-lib 3.8.0) and will be removed once support for the old RBAC API policies will be removed from Neutron. Please use method 'is_service_role' instead.
2026-05-09 18:14:21.998 9 WARNING neutron.scheduler.dhcp_agent_scheduler [None req-919b3eef-95f3-448e-beb2-425a6b2232b9 fd5db9b2c4714df2903e07c91c63949b 75d1b071c9ea473ba3cfb08c399ef55d - - default default] No more DHCP agents
2026-05-09 18:14:21.999 9 WARNING neutron.api.rpc.agentnotifiers.dhcp_rpc_agent_api [None req-919b3eef-95f3-448e-beb2-425a6b2232b9 fd5db9b2c4714df2903e07c91c63949b 75d1b071c9ea473ba3cfb08c399ef55d - - default default] Unable to schedule network 497614fd-07e7-4376-b0e7-69be85d9d07f: no agents available; will retry on subsequent port and subnet creation events.
2026-05-09 18:14:22.545 10 WARNING neutron_lib.context [None req-76b0f248-c77d-4c53-92fb-e1f0c882651b 13c377d66f0d44d09ed47218b8c3add4 64ceebd45b9143aa9314280f560b1e14 - - default default] Method 'is_advsvc' is deprecated since 2023.2 release (neutron-lib 3.8.0) and will be removed once support for the old RBAC API policies will be removed from Neutron. Please use method 'is_service_role' instead.
2026-05-09 18:14:22.692 10 INFO neutron.db.ovn_revision_numbers_db [None req-76b0f248-c77d-4c53-92fb-e1f0c882651b 13c377d66f0d44d09ed47218b8c3add4 64ceebd45b9143aa9314280f560b1e14 - - default default] Successfully bumped revision number for resource 14549326-52aa-40b7-bcdf-1ec65615d838 (type: security_groups) to 1
2026-05-09 18:14:22.713 10 INFO neutron.db.ovn_revision_numbers_db [None req-76b0f248-c77d-4c53-92fb-e1f0c882651b 13c377d66f0d44d09ed47218b8c3add4 64ceebd45b9143aa9314280f560b1e14 - - default default] Successfully bumped revision number for resource 60c10d67-1edb-4dc4-a092-0a6dec05fcd5 (type: security_group_rules) to 0
2026-05-09 18:14:22.724 10 INFO neutron.db.ovn_revision_numbers_db [None req-76b0f248-c77d-4c53-92fb-e1f0c882651b 13c377d66f0d44d09ed47218b8c3add4 64ceebd45b9143aa9314280f560b1e14 - - default default] Successfully bumped revision number for resource a699c2e8-ca7f-4361-9e15-d008d2dc6b13 (type: security_group_rules) to 0
2026-05-09 18:14:22.738 10 INFO neutron.db.ovn_revision_numbers_db [None req-76b0f248-c77d-4c53-92fb-e1f0c882651b 13c377d66f0d44d09ed47218b8c3add4 64ceebd45b9143aa9314280f560b1e14 - - default default] Successfully bumped revision number for resource aedbc716-f620-4740-910a-b85eec863e8e (type: security_group_rules) to 0
2026-05-09 18:14:22.741 9 INFO neutron.db.ovn_revision_numbers_db [None req-b2505d0f-7951-4e96-a116-fd35f501acfb - - - - - -] Successfully bumped revision number for resource 408fcd7d-5168-4e76-bfbd-75ba2f02bb74 (type: ports) to 2
2026-05-09 18:14:22.765 10 INFO neutron.db.ovn_revision_numbers_db [None req-76b0f248-c77d-4c53-92fb-e1f0c882651b 13c377d66f0d44d09ed47218b8c3add4 64ceebd45b9143aa9314280f560b1e14 - - default default] Successfully bumped revision number for resource f34665ed-5140-4f9f-a747-ee8b36e12c09 (type: security_group_rules) to 0
2026-05-09 18:14:22.773 9 INFO neutron.db.ovn_revision_numbers_db [None req-b2505d0f-7951-4e96-a116-fd35f501acfb - - - - - -] Successfully bumped revision number for resource 9ac9268f-967b-491f-b148-4a569d978d43 (type: subnets) to 0
2026-05-09 18:14:22.786 9 INFO neutron.api.wsgi [None req-919b3eef-95f3-448e-beb2-425a6b2232b9 fd5db9b2c4714df2903e07c91c63949b 75d1b071c9ea473ba3cfb08c399ef55d - - default default] 10.0.0.13 "POST /v2.0/subnets HTTP/1.1" status: 201 len: 825 time: 0.9719982
2026-05-09 18:14:22.795 9 WARNING neutron_lib.context [None req-5a0bcf20-5d4d-46f7-b5a2-1f134a4a83c0 fd5db9b2c4714df2903e07c91c63949b 75d1b071c9ea473ba3cfb08c399ef55d - - default default] Method 'is_advsvc' is deprecated since 2023.2 release (neutron-lib 3.8.0) and will be removed once support for the old RBAC API policies will be removed from Neutron. Please use method 'is_service_role' instead.
2026-05-09 18:14:22.834 10 INFO neutron.db.segments_db [None req-76b0f248-c77d-4c53-92fb-e1f0c882651b 13c377d66f0d44d09ed47218b8c3add4 64ceebd45b9143aa9314280f560b1e14 - - default default] Added segment 914dc321-affb-4352-9207-f34bd131002d of type geneve for network 59f670a7-20fe-490b-b5e4-7411557e7780
2026-05-09 18:14:22.964 10 INFO neutron.db.ovn_revision_numbers_db [None req-76b0f248-c77d-4c53-92fb-e1f0c882651b 13c377d66f0d44d09ed47218b8c3add4 64ceebd45b9143aa9314280f560b1e14 - - default default] Successfully bumped revision number for resource 59f670a7-20fe-490b-b5e4-7411557e7780 (type: networks) to 1
2026-05-09 18:14:22.977 9 WARNING neutron.scheduler.dhcp_agent_scheduler [None req-5a0bcf20-5d4d-46f7-b5a2-1f134a4a83c0 fd5db9b2c4714df2903e07c91c63949b 75d1b071c9ea473ba3cfb08c399ef55d - - default default] No more DHCP agents
2026-05-09 18:14:22.979 9 WARNING neutron.api.rpc.agentnotifiers.dhcp_rpc_agent_api [None req-5a0bcf20-5d4d-46f7-b5a2-1f134a4a83c0 fd5db9b2c4714df2903e07c91c63949b 75d1b071c9ea473ba3cfb08c399ef55d - - default default] Unable to schedule network c167e336-0064-4309-9576-f71debc926e3: no agents available; will retry on subsequent port and subnet creation events.
2026-05-09 18:14:23.118 10 WARNING neutron.scheduler.dhcp_agent_scheduler [None req-76b0f248-c77d-4c53-92fb-e1f0c882651b 13c377d66f0d44d09ed47218b8c3add4 64ceebd45b9143aa9314280f560b1e14 - - default default] No more DHCP agents
2026-05-09 18:14:23.119 10 WARNING neutron.api.rpc.agentnotifiers.dhcp_rpc_agent_api [None req-76b0f248-c77d-4c53-92fb-e1f0c882651b 13c377d66f0d44d09ed47218b8c3add4 64ceebd45b9143aa9314280f560b1e14 - - default default] Unable to schedule network 59f670a7-20fe-490b-b5e4-7411557e7780: no agents available; will retry on subsequent port and subnet creation events.
2026-05-09 18:14:23.194 10 INFO neutron.db.ovn_revision_numbers_db [None req-76b0f248-c77d-4c53-92fb-e1f0c882651b 13c377d66f0d44d09ed47218b8c3add4 64ceebd45b9143aa9314280f560b1e14 - - default default] Successfully bumped revision number for resource 54c86fe6-ef9c-4b4c-abe9-ca7abaec50f6 (type: ports) to 1
2026-05-09 18:14:23.221 10 INFO neutron.api.wsgi [None req-76b0f248-c77d-4c53-92fb-e1f0c882651b 13c377d66f0d44d09ed47218b8c3add4 64ceebd45b9143aa9314280f560b1e14 - - default default] 10.0.0.13 "POST /v2.0/networks HTTP/1.1" status: 201 len: 828 time: 0.8826444
2026-05-09 18:14:23.235 10 WARNING neutron_lib.context [None req-d93845e5-2ed6-426f-9872-f6f5196c95a2 13c377d66f0d44d09ed47218b8c3add4 64ceebd45b9143aa9314280f560b1e14 - - default default] Method 'is_advsvc' is deprecated since 2023.2 release (neutron-lib 3.8.0) and will be removed once support for the old RBAC API policies will be removed from Neutron. Please use method 'is_service_role' instead.
2026-05-09 18:14:23.333 10 INFO neutron.api.wsgi [req-2506d694-0ae6-469d-94a4-89a46fef569e req-81b90750-3f92-49cf-9853-a64955ea4bf6 9b59f34a42f44b59acffada6688f4c19 eed4dfac04f141ca88fe8b718c7e9e03 - - 0ae8b721ae004486adb9c48fe559be89 0ae8b721ae004486adb9c48fe559be89] 10.0.0.40 "GET /v2.0/ports?device_id=46f39332-436e-4d3b-b557-d7d875e438b3 HTTP/1.1" status: 200 len: 1409 time: 0.0442173
2026-05-09 18:14:23.376 10 INFO neutron.api.wsgi [None req-fd4a8d10-cadc-4ce2-84c4-160b739b9361 eeb06f2e737947319181263885889c97 060fb54941ec4ee78175ce5716b185b4 - - default default] 10.0.0.148 "GET /v2.0/security-groups HTTP/1.1" status: 200 len: 36968 time: 0.1957061
2026-05-09 18:14:23.405 9 INFO neutron.db.ovn_revision_numbers_db [None req-1620fc96-9c6c-498a-91a4-2a9e00db40de - - - - - -] Successfully bumped revision number for resource 5e887668-9ac2-4656-b1b3-f5881bcef545 (type: ports) to 2
2026-05-09 18:14:23.405 10 INFO neutron.api.wsgi [None req-c743a608-e69d-4d3c-8aa8-fccca2510361 eeb06f2e737947319181263885889c97 060fb54941ec4ee78175ce5716b185b4 - - default default] 10.0.0.148 "GET /v2.0/network-ip-availabilities HTTP/1.1" status: 200 len: 2817 time: 0.0176840
2026-05-09 18:14:23.424 10 INFO neutron.api.wsgi [req-2506d694-0ae6-469d-94a4-89a46fef569e req-39ddc43c-b263-404d-9a62-9fe50226f747 9b59f34a42f44b59acffada6688f4c19 eed4dfac04f141ca88fe8b718c7e9e03 - - 0ae8b721ae004486adb9c48fe559be89 0ae8b721ae004486adb9c48fe559be89] 10.0.0.40 "GET /v2.0/security-groups?id=7aca3646-de48-4a39-a235-24a2123a4ab4&fields=id&fields=name HTTP/1.1" status: 200 len: 312 time: 0.0803313
2026-05-09 18:14:23.437 9 INFO neutron.db.ovn_revision_numbers_db [None req-1620fc96-9c6c-498a-91a4-2a9e00db40de - - - - - -] Successfully bumped revision number for resource e7d316e6-4302-4725-8c0b-a525587063e0 (type: subnets) to 0
2026-05-09 18:14:23.447 10 INFO neutron.api.wsgi [None req-fdccbd4f-b7f9-494f-96d7-8de8459dc6c6 eeb06f2e737947319181263885889c97 060fb54941ec4ee78175ce5716b185b4 - - default default] 10.0.0.148 "GET /v2.0/subnets HTTP/1.1" status: 200 len: 3417 time: 0.0377581
2026-05-09 18:14:23.450 9 INFO neutron.api.wsgi [None req-5a0bcf20-5d4d-46f7-b5a2-1f134a4a83c0 fd5db9b2c4714df2903e07c91c63949b 75d1b071c9ea473ba3cfb08c399ef55d - - default default] 10.0.0.13 "POST /v2.0/subnets HTTP/1.1" status: 201 len: 825 time: 0.6588657
2026-05-09 18:14:23.456 10 INFO neutron.api.wsgi [None req-158f9364-3e90-4dc4-a759-a88ba1f3ed15 eeb06f2e737947319181263885889c97 060fb54941ec4ee78175ce5716b185b4 - - default default] 10.0.0.148 "GET /v2.0/subnetpools HTTP/1.1" status: 200 len: 193 time: 0.0076804
