2026-05-09 18:16:16.529 10 INFO neutron.api.wsgi [None req-502c95c3-2e1b-4794-a0fa-90f2bcc37221 a2621d8e78b64f01af184d28640407ba 04f9aa491a4b4e328608c9dc4124bd45 - - default default] 10.0.0.13 "POST /v2.0/vpn/endpoint-groups HTTP/1.1" status: 400 len: 363 time: 0.0278633
2026-05-09 18:16:16.538 9 INFO neutron.api.wsgi [-] 10.0.0.207 "GET / HTTP/1.1" status: 200 len: 247 time: 0.0016110
2026-05-09 18:16:16.540 9 INFO neutron.api.wsgi [-] 10.0.0.207 "GET / HTTP/1.1" status: 200 len: 247 time: 0.0012989
2026-05-09 18:16:16.543 10 WARNING neutron_lib.context [None req-365ea809-1c7b-4caa-8e64-67ce5e887978 a2621d8e78b64f01af184d28640407ba 04f9aa491a4b4e328608c9dc4124bd45 - - default default] Method 'is_advsvc' is deprecated since 2023.2 release (neutron-lib 3.8.0) and will be removed once support for the old RBAC API policies will be removed from Neutron. Please use method 'is_service_role' instead.
2026-05-09 18:16:16.575 10 INFO neutron.api.v2.resource [None req-365ea809-1c7b-4caa-8e64-67ce5e887978 a2621d8e78b64f01af184d28640407ba 04f9aa491a4b4e328608c9dc4124bd45 - - default default] create failed (client error): The server could not comply with the request since it is either malformed or otherwise incorrect.
2026-05-09 18:16:16.577 10 INFO neutron.api.wsgi [None req-365ea809-1c7b-4caa-8e64-67ce5e887978 a2621d8e78b64f01af184d28640407ba 04f9aa491a4b4e328608c9dc4124bd45 - - default default] 10.0.0.13 "POST /v2.0/vpn/endpoint-groups HTTP/1.1" status: 400 len: 357 time: 0.0408983
2026-05-09 18:16:16.594 10 INFO neutron.api.wsgi [None req-63190698-885a-494e-93d6-77142fade4a5 a2621d8e78b64f01af184d28640407ba 04f9aa491a4b4e328608c9dc4124bd45 - - default default] 10.0.0.13 "GET /v2.0/vpn/ikepolicies HTTP/1.1" status: 200 len: 601 time: 0.0098729
2026-05-09 18:16:16.608 10 INFO neutron.api.wsgi [None req-316b889a-6cfd-47f9-b676-81a9272611e4 a2621d8e78b64f01af184d28640407ba 04f9aa491a4b4e328608c9dc4124bd45 - - default default] 10.0.0.13 "GET /v2.0/vpn/ipsecpolicies HTTP/1.1" status: 200 len: 611 time: 0.0092697
2026-05-09 18:16:16.619 10 INFO neutron.api.wsgi [None req-c80eab83-d998-4260-a50b-d55290889adf a2621d8e78b64f01af184d28640407ba 04f9aa491a4b4e328608c9dc4124bd45 - - default default] 10.0.0.13 "GET /v2.0/vpn/ipsec-site-connections HTTP/1.1" status: 200 len: 990 time: 0.0070240
2026-05-09 18:16:16.638 10 INFO neutron.api.wsgi [None req-78782511-3f26-471a-8dcd-000e943df009 a2621d8e78b64f01af184d28640407ba 04f9aa491a4b4e328608c9dc4124bd45 - - default default] 10.0.0.13 "GET /v2.0/vpn/vpnservices HTTP/1.1" status: 200 len: 1056 time: 0.0142593
2026-05-09 18:16:16.654 9 INFO neutron.api.wsgi [None req-a29842fb-a697-4e5d-a1d3-1b9a9b8fbbd6 a2621d8e78b64f01af184d28640407ba 04f9aa491a4b4e328608c9dc4124bd45 - - default default] 10.0.0.13 "GET /v2.0/vpn/endpoint-groups/65f6d620-f5a5-4bd3-aa94-181fa7bda70b HTTP/1.1" status: 200 len: 523 time: 0.0095501
2026-05-09 18:16:16.664 9 INFO neutron.api.wsgi [None req-286db682-4e25-48b3-9920-7b35a387f12a a2621d8e78b64f01af184d28640407ba 04f9aa491a4b4e328608c9dc4124bd45 - - default default] 10.0.0.13 "GET /v2.0/vpn/endpoint-groups/1b185967-2fa8-435c-91c0-fca927bda725 HTTP/1.1" status: 200 len: 514 time: 0.0065808
2026-05-09 18:16:16.680 10 INFO neutron.api.wsgi [None req-855f8519-215a-48cd-ad0d-bcf4a32d3ead a2621d8e78b64f01af184d28640407ba 04f9aa491a4b4e328608c9dc4124bd45 - - default default] 10.0.0.13 "GET /v2.0/vpn/ikepolicies/6c1cae84-6f4a-4020-a712-dad88ab1ed6e HTTP/1.1" status: 200 len: 597 time: 0.0112321
2026-05-09 18:16:16.693 10 INFO neutron.api.wsgi [None req-9f714aa8-8fae-407a-82ce-603f80c7f269 a2621d8e78b64f01af184d28640407ba 04f9aa491a4b4e328608c9dc4124bd45 - - default default] 10.0.0.13 "GET /v2.0/vpn/ipsecpolicies/51894ff9-5194-445e-adc9-5d1683bf352f HTTP/1.1" status: 200 len: 607 time: 0.0081086
2026-05-09 18:16:16.704 10 INFO neutron.api.wsgi [None req-f331de98-89ce-4ff8-b05a-703b2d18a5f2 a2621d8e78b64f01af184d28640407ba 04f9aa491a4b4e328608c9dc4124bd45 - - default default] 10.0.0.13 "GET /v2.0/vpn/vpnservices/1570d158-6d8b-4489-958f-1f8f9d862ae9 HTTP/1.1" status: 200 len: 644 time: 0.0062606
2026-05-09 18:16:17.276 9 INFO neutron.db.ovn_revision_numbers_db [None req-1f86fb80-a164-46b0-ba5d-f7d1a064b8d8 a2621d8e78b64f01af184d28640407ba 04f9aa491a4b4e328608c9dc4124bd45 - - default default] Successfully bumped revision number for resource fdf7d07c-1d0f-4f48-965c-00557d8edff7 (type: routers) to 10
2026-05-09 18:16:17.322 9 INFO neutron.api.wsgi [None req-1f86fb80-a164-46b0-ba5d-f7d1a064b8d8 a2621d8e78b64f01af184d28640407ba 04f9aa491a4b4e328608c9dc4124bd45 - - default default] 10.0.0.13 "DELETE /v2.0/vpn/ipsec-site-connections/3ccbe13d-cd40-4fbc-bd47-00f56509c388 HTTP/1.1" status: 204 len: 168 time: 0.6103325
2026-05-09 18:16:17.420 9 INFO neutron.api.wsgi [None req-a248ffe0-7ca3-43a4-aef6-ce295c991089 a2621d8e78b64f01af184d28640407ba 04f9aa491a4b4e328608c9dc4124bd45 - - default default] 10.0.0.13 "DELETE /v2.0/vpn/endpoint-groups/65f6d620-f5a5-4bd3-aa94-181fa7bda70b HTTP/1.1" status: 204 len: 168 time: 0.0917065
2026-05-09 18:16:17.461 9 INFO neutron.api.wsgi [None req-8ffcc1bd-1268-44dc-bb89-5fedf438bc36 a2621d8e78b64f01af184d28640407ba 04f9aa491a4b4e328608c9dc4124bd45 - - default default] 10.0.0.13 "DELETE /v2.0/vpn/endpoint-groups/1b185967-2fa8-435c-91c0-fca927bda725 HTTP/1.1" status: 204 len: 168 time: 0.0360949
2026-05-09 18:16:17.507 9 INFO neutron.api.wsgi [None req-7f17623e-ee19-4a2c-9405-4b6ba86216c0 a2621d8e78b64f01af184d28640407ba 04f9aa491a4b4e328608c9dc4124bd45 - - default default] 10.0.0.13 "DELETE /v2.0/vpn/ipsecpolicies/51894ff9-5194-445e-adc9-5d1683bf352f HTTP/1.1" status: 204 len: 168 time: 0.0422471
2026-05-09 18:16:17.545 10 INFO neutron.api.wsgi [None req-9fa81e38-a8bf-434e-8684-f09704a8c3bf a2621d8e78b64f01af184d28640407ba 04f9aa491a4b4e328608c9dc4124bd45 - - default default] 10.0.0.13 "DELETE /v2.0/vpn/ikepolicies/6c1cae84-6f4a-4020-a712-dad88ab1ed6e HTTP/1.1" status: 204 len: 168 time: 0.0328650
2026-05-09 18:16:17.592 10 INFO neutron.api.wsgi [None req-f6758044-9570-4367-9d97-a768cccffa9a a2621d8e78b64f01af184d28640407ba 04f9aa491a4b4e328608c9dc4124bd45 - - default default] 10.0.0.13 "DELETE /v2.0/vpn/vpnservices/1570d158-6d8b-4489-958f-1f8f9d862ae9 HTTP/1.1" status: 204 len: 168 time: 0.0425119
2026-05-09 18:16:19.164 10 INFO neutron.api.wsgi [None req-7823b2df-752c-42c5-9f57-c51df5627b4a eeb06f2e737947319181263885889c97 060fb54941ec4ee78175ce5716b185b4 - - default default] 199.204.45.30 "GET /v2.0/extensions/security-group HTTP/1.1" status: 200 len: 369 time: 0.0329037
2026-05-09 18:16:19.173 10 INFO neutron.api.wsgi [None req-62978654-71e1-487b-a89d-9461f84f95ed eeb06f2e737947319181263885889c97 060fb54941ec4ee78175ce5716b185b4 - - default default] 199.204.45.30 "GET /v2.0/extensions/dns-integration HTTP/1.1" status: 200 len: 371 time: 0.0040121
2026-05-09 18:16:19.182 10 INFO neutron.api.wsgi [None req-2d7193fa-fe2e-4db9-9046-d531e979d3b2 eeb06f2e737947319181263885889c97 060fb54941ec4ee78175ce5716b185b4 - - default default] 199.204.45.30 "GET /v2.0/extensions/qos HTTP/1.1" status: 200 len: 365 time: 0.0049908
2026-05-09 18:16:19.189 10 INFO neutron.api.wsgi [None req-031c1049-1203-40c1-abab-1d275f6e4f6c eeb06f2e737947319181263885889c97 060fb54941ec4ee78175ce5716b185b4 - - default default] 199.204.45.30 "GET /v2.0/extensions/allowed-address-pairs HTTP/1.1" status: 200 len: 383 time: 0.0029490
2026-05-09 18:16:19.238 10 INFO neutron.api.wsgi [None req-0644719e-d5ff-4dd1-beac-9bf0756c41a7 eeb06f2e737947319181263885889c97 060fb54941ec4ee78175ce5716b185b4 - - default default] 199.204.45.30 "GET /v2.0/ports/6199bc62-92ca-4a3d-88fb-6b896d84eb69 HTTP/1.1" status: 200 len: 1328 time: 0.0449021
2026-05-09 18:16:19.439 9 WARNING neutron.plugins.ml2.drivers.ovn.mech_driver.ovsdb.ovn_client [None req-e1ca9484-6039-48b3-92ed-8dc3fb0aef2c - - - - - -] No port found with ID 6403d2eb-ca84-4ac6-95f7-2d642ca28a06: RuntimeError: No port found with ID 6403d2eb-ca84-4ac6-95f7-2d642ca28a06 /var/lib/openstack/lib/python3.12/site-packages/pycadf/identifier.py:71: UserWarning: Invalid uuid: neutron. To ensure interoperability, identifiers should be a valid uuid. warnings.warn(('Invalid uuid: %s. To ensure interoperability, '
2026-05-09 18:16:19.994 10 INFO neutron.api.wsgi [None req-69462c51-27fb-41f1-8107-df413c67790e eeb06f2e737947319181263885889c97 060fb54941ec4ee78175ce5716b185b4 - - default default] 199.204.45.30 "GET /v2.0/extensions/security-group HTTP/1.1" status: 200 len: 369 time: 0.0058959
2026-05-09 18:16:20.002 10 INFO neutron.api.wsgi [None req-7176e07e-b918-4c48-9e44-401966d925d6 eeb06f2e737947319181263885889c97 060fb54941ec4ee78175ce5716b185b4 - - default default] 199.204.45.30 "GET /v2.0/extensions/dns-integration HTTP/1.1" status: 200 len: 371 time: 0.0039270
2026-05-09 18:16:20.012 10 INFO neutron.api.wsgi [None req-7ea6eefc-a4cf-446a-82d2-93332e97af05 eeb06f2e737947319181263885889c97 060fb54941ec4ee78175ce5716b185b4 - - default default] 199.204.45.30 "GET /v2.0/extensions/qos HTTP/1.1" status: 200 len: 365 time: 0.0060961
2026-05-09 18:16:20.023 10 INFO neutron.api.wsgi [None req-6070734a-a035-48a9-bec1-083bc674fdcd eeb06f2e737947319181263885889c97 060fb54941ec4ee78175ce5716b185b4 - - default default] 199.204.45.30 "GET /v2.0/extensions/allowed-address-pairs HTTP/1.1" status: 200 len: 383 time: 0.0044079
2026-05-09 18:16:20.032 10 INFO neutron.api.v2.resource [None req-4a0ea705-3747-40c3-a8cc-11cd92895f35 eeb06f2e737947319181263885889c97 060fb54941ec4ee78175ce5716b185b4 - - default default] show failed (client error): The resource could not be found.
2026-05-09 18:16:20.033 10 INFO neutron.api.wsgi [None req-4a0ea705-3747-40c3-a8cc-11cd92895f35 eeb06f2e737947319181263885889c97 060fb54941ec4ee78175ce5716b185b4 - - default default] 199.204.45.30 "GET /v2.0/security-groups/lb-d53e1700-de66-4091-b2ab-d79f809b9adc HTTP/1.1" status: 404 len: 355 time: 0.0070934
2026-05-09 18:16:20.067 10 INFO neutron.api.wsgi [None req-f7540398-4ace-42fa-8b36-73c675ed09bc eeb06f2e737947319181263885889c97 060fb54941ec4ee78175ce5716b185b4 - - default default] 199.204.45.30 "GET /v2.0/security-groups?name=lb-d53e1700-de66-4091-b2ab-d79f809b9adc HTTP/1.1" status: 200 len: 221 time: 0.0290771
2026-05-09 18:16:20.229 10 INFO neutron.services.segments.plugin [-] Segment d0c1eb79-4044-4cff-bb77-5790f06984e6 resource provider aggregate not found
2026-05-09 18:16:20.233 10 INFO neutron.services.segments.plugin [-] Segment d0c1eb79-4044-4cff-bb77-5790f06984e6 resource provider aggregate not found
2026-05-09 18:16:20.242 10 INFO neutron.services.segments.plugin [-] Segment d0c1eb79-4044-4cff-bb77-5790f06984e6 resource provider not found; error: Placement Client Error (4xx): {"errors": [{"status": 404, "title": "Not Found", "detail": "The resource could not be found.\n\n No resource provider with uuid d0c1eb79-4044-4cff-bb77-5790f06984e6 found for delete ", "request_id": "req-5600a482-1c41-4367-94f9-2bc84de2aaa5"}]}
2026-05-09 18:16:20.244 10 INFO neutron.services.segments.plugin [-] Segment d0c1eb79-4044-4cff-bb77-5790f06984e6 resource provider not found; error: Placement Client Error (4xx): {"errors": [{"status": 404, "title": "Not Found", "detail": "The resource could not be found.\n\n No resource provider with uuid d0c1eb79-4044-4cff-bb77-5790f06984e6 found for delete ", "request_id": "req-2d5b2d65-84ce-4032-a85c-afe6f8466da2"}]}
2026-05-09 18:16:20.356 10 INFO neutron.db.ovn_revision_numbers_db [None req-7b12d4ff-9d77-4a1a-934d-11f58d5da2df eeb06f2e737947319181263885889c97 060fb54941ec4ee78175ce5716b185b4 - - default default] Successfully bumped revision number for resource fe8a3460-7504-40b1-a696-bb1633c904bc (type: security_groups) to 1
2026-05-09 18:16:20.400 10 INFO neutron.db.ovn_revision_numbers_db [None req-7b12d4ff-9d77-4a1a-934d-11f58d5da2df eeb06f2e737947319181263885889c97 060fb54941ec4ee78175ce5716b185b4 - - default default] Successfully bumped revision number for resource 37f74b01-4e87-4165-85f2-baa0c22129a6 (type: security_group_rules) to 0
2026-05-09 18:16:20.422 10 INFO neutron.api.wsgi [None req-cb1d3308-73d7-4458-a795-70ca481aed93 a2621d8e78b64f01af184d28640407ba 04f9aa491a4b4e328608c9dc4124bd45 - - default default] 10.0.0.13 "DELETE /v2.0/vpn/vpnservices/db4a7729-dab3-40f7-8ecd-a10a92d210a9 HTTP/1.1" status: 204 len: 168 time: 2.8252659
2026-05-09 18:16:20.425 10 INFO neutron.db.ovn_revision_numbers_db [None req-7b12d4ff-9d77-4a1a-934d-11f58d5da2df eeb06f2e737947319181263885889c97 060fb54941ec4ee78175ce5716b185b4 - - default default] Successfully bumped revision number for resource 507cb498-6571-4414-ba94-2a69b354b022 (type: security_group_rules) to 0
2026-05-09 18:16:20.458 10 INFO neutron.api.wsgi [None req-7b12d4ff-9d77-4a1a-934d-11f58d5da2df eeb06f2e737947319181263885889c97 060fb54941ec4ee78175ce5716b185b4 - - default default] 199.204.45.30 "POST /v2.0/security-groups HTTP/1.1" status: 201 len: 1843 time: 0.3880973
2026-05-09 18:16:20.488 9 INFO neutron.api.wsgi [None req-700d27cf-7161-4fa7-a7ef-27d931dc45ce a2621d8e78b64f01af184d28640407ba 04f9aa491a4b4e328608c9dc4124bd45 - - default default] 10.0.0.13 "GET /v2.0/routers/fdf7d07c-1d0f-4f48-965c-00557d8edff7 HTTP/1.1" status: 200 len: 1135 time: 0.0587244
2026-05-09 18:16:20.494 10 INFO neutron.api.wsgi [None req-752be2f1-785a-4bc6-9884-54013e24eacf eeb06f2e737947319181263885889c97 060fb54941ec4ee78175ce5716b185b4 - - default default] 199.204.45.30 "GET /v2.0/security-group-rules?security_group_id=fe8a3460-7504-40b1-a696-bb1633c904bc HTTP/1.1" status: 200 len: 1382 time: 0.0303524
2026-05-09 18:16:20.836 10 INFO neutron.db.ovn_revision_numbers_db [None req-3742ded5-acac-41d9-95da-b32f98bd99fc eeb06f2e737947319181263885889c97 060fb54941ec4ee78175ce5716b185b4 - - default default] Successfully bumped revision number for resource 6199bc62-92ca-4a3d-88fb-6b896d84eb69 (type: ports) to 2
2026-05-09 18:16:20.846 10 INFO neutron.api.wsgi [None req-3742ded5-acac-41d9-95da-b32f98bd99fc eeb06f2e737947319181263885889c97 060fb54941ec4ee78175ce5716b185b4 - - default default] 199.204.45.30 "PUT /v2.0/ports/6199bc62-92ca-4a3d-88fb-6b896d84eb69 HTTP/1.1" status: 200 len: 1328 time: 0.3399773 /var/lib/openstack/lib/python3.12/site-packages/pycadf/identifier.py:71: UserWarning: Invalid uuid: neutron. To ensure interoperability, identifiers should be a valid uuid. warnings.warn(('Invalid uuid: %s. To ensure interoperability, '
2026-05-09 18:16:20.935 10 INFO neutron.api.wsgi [None req-898384d8-4fa5-4eb4-92a9-e47aeb3d076c eeb06f2e737947319181263885889c97 060fb54941ec4ee78175ce5716b185b4 - - default default] 199.204.45.30 "GET /v2.0/extensions/security-group HTTP/1.1" status: 200 len: 369 time: 0.0052817
2026-05-09 18:16:20.943 10 INFO neutron.api.wsgi [None req-1fc67062-d7bd-4f8b-9494-4b152e296af1 eeb06f2e737947319181263885889c97 060fb54941ec4ee78175ce5716b185b4 - - default default] 199.204.45.30 "GET /v2.0/extensions/dns-integration HTTP/1.1" status: 200 len: 371 time: 0.0044243
2026-05-09 18:16:20.950 10 INFO neutron.api.wsgi [None req-972ef9b9-95de-4d9f-8b01-ed7d1abe5118 eeb06f2e737947319181263885889c97 060fb54941ec4ee78175ce5716b185b4 - - default default] 199.204.45.30 "GET /v2.0/extensions/qos HTTP/1.1" status: 200 len: 365 time: 0.0041962
2026-05-09 18:16:20.958 10 INFO neutron.api.wsgi [None req-e011c035-0688-495a-b7e0-b801b8a23494 eeb06f2e737947319181263885889c97 060fb54941ec4ee78175ce5716b185b4 - - default default] 199.204.45.30 "GET /v2.0/extensions/allowed-address-pairs HTTP/1.1" status: 200 len: 383 time: 0.0042348
2026-05-09 18:16:20.987 10 INFO neutron.api.wsgi [None req-055d5b8f-3b06-4164-8f14-3f6b2115ba2e eeb06f2e737947319181263885889c97 060fb54941ec4ee78175ce5716b185b4 - - default default] 199.204.45.30 "GET /v2.0/subnets/fcce7e84-3ce0-4d5b-87ca-8c6be477acb6 HTTP/1.1" status: 200 len: 874 time: 0.0251050
2026-05-09 18:16:21.364 9 INFO neutron.db.ovn_revision_numbers_db [None req-9a360e91-40b5-49e6-a7f3-2ea42f2ff024 a2621d8e78b64f01af184d28640407ba 04f9aa491a4b4e328608c9dc4124bd45 - - default default] Successfully bumped revision number for resource fdf7d07c-1d0f-4f48-965c-00557d8edff7 (type: routers) to 11
2026-05-09 18:16:21.373 9 INFO neutron.api.wsgi [None req-9a360e91-40b5-49e6-a7f3-2ea42f2ff024 a2621d8e78b64f01af184d28640407ba 04f9aa491a4b4e328608c9dc4124bd45 - - default default] 10.0.0.13 "PUT /v2.0/routers/fdf7d07c-1d0f-4f48-965c-00557d8edff7 HTTP/1.1" status: 200 len: 1135 time: 0.8785567
2026-05-09 18:16:21.447 9 INFO neutron.api.wsgi [None req-74997d5f-6fa1-4da7-bb2b-1b5f6fe8105e a2621d8e78b64f01af184d28640407ba 04f9aa491a4b4e328608c9dc4124bd45 - - default default] 10.0.0.13 "GET /v2.0/ports?device_id=fdf7d07c-1d0f-4f48-965c-00557d8edff7 HTTP/1.1" status: 200 len: 1140 time: 0.0681980
2026-05-09 18:16:22.403 9 INFO neutron.api.wsgi [None req-7173c854-e48d-4d45-81ce-09e4b681cae4 a2621d8e78b64f01af184d28640407ba 04f9aa491a4b4e328608c9dc4124bd45 - - default default] 10.0.0.13 "PUT /v2.0/routers/fdf7d07c-1d0f-4f48-965c-00557d8edff7/remove_router_interface HTTP/1.1" status: 200 len: 503 time: 0.9513450
2026-05-09 18:16:23.237 10 INFO neutron.api.wsgi [None req-e32cdcfd-fca6-41e5-9008-2f4a7061465c eeb06f2e737947319181263885889c97 060fb54941ec4ee78175ce5716b185b4 - - default default] 10.0.0.148 "GET /v2.0/security-groups HTTP/1.1" status: 200 len: 33359 time: 0.0846026
2026-05-09 18:16:23.258 10 INFO neutron.api.wsgi [None req-18e74fb3-0e1e-4429-b783-fd36b54d702a a2621d8e78b64f01af184d28640407ba 04f9aa491a4b4e328608c9dc4124bd45 - - default default] 10.0.0.13 "DELETE /v2.0/routers/fdf7d07c-1d0f-4f48-965c-00557d8edff7 HTTP/1.1" status: 204 len: 168 time: 0.8508458
2026-05-09 18:16:23.302 10 INFO neutron.api.wsgi [None req-2db98629-36ac-4ad1-b2c0-818c72947e71 eeb06f2e737947319181263885889c97 060fb54941ec4ee78175ce5716b185b4 - - default default] 10.0.0.148 "GET /v2.0/subnets HTTP/1.1" status: 200 len: 7596 time: 0.0556319
2026-05-09 18:16:23.359 10 INFO neutron.api.wsgi [None req-9d43c8c9-8923-4255-898c-528844b4316c eeb06f2e737947319181263885889c97 060fb54941ec4ee78175ce5716b185b4 - - default default] 10.0.0.148 "GET /v2.0/floatingips HTTP/1.1" status: 200 len: 1878 time: 0.0471818
2026-05-09 18:16:23.385 10 INFO neutron.api.wsgi [None req-517f594e-9636-41d4-8c9b-94e100de4d50 a2621d8e78b64f01af184d28640407ba 04f9aa491a4b4e328608c9dc4124bd45 - - default default] 10.0.0.13 "GET /v2.0/routers/28529e65-f67f-4b59-89ec-4dfcdb635ca0 HTTP/1.1" status: 200 len: 1137 time: 0.1219792 /var/lib/openstack/lib/python3.12/site-packages/pycadf/identifier.py:71: UserWarning: Invalid uuid: neutron. To ensure interoperability, identifiers should be a valid uuid. warnings.warn(('Invalid uuid: %s. To ensure interoperability, '
2026-05-09 18:16:23.432 10 INFO neutron.api.wsgi [None req-c9b55938-65cd-4fdf-84d6-64b02519036f eeb06f2e737947319181263885889c97 060fb54941ec4ee78175ce5716b185b4 - - default default] 10.0.0.148 "GET /v2.0/routers HTTP/1.1" status: 200 len: 3030 time: 0.0714121
2026-05-09 18:16:23.443 10 INFO neutron.api.wsgi [None req-a9d46207-db9a-46b8-8823-0b4695e9bf1c eeb06f2e737947319181263885889c97 060fb54941ec4ee78175ce5716b185b4 - - default default] 10.0.0.148 "GET /v2.0/agents?binary=ovn-controller HTTP/1.1" status: 200 len: 591 time: 0.0095277
2026-05-09 18:16:23.486 10 INFO neutron.api.wsgi [None req-61ac6d36-29a2-4610-93dd-b265b6cc6c35 eeb06f2e737947319181263885889c97 060fb54941ec4ee78175ce5716b185b4 - - default default] 10.0.0.148 "GET /v2.0/subnets HTTP/1.1" status: 200 len: 7596 time: 0.0421762
2026-05-09 18:16:23.497 10 INFO neutron.api.wsgi [None req-56041da5-d070-4f7a-9684-e520eca4cc71 eeb06f2e737947319181263885889c97 060fb54941ec4ee78175ce5716b185b4 - - default default] 10.0.0.148 "GET /v2.0/subnetpools HTTP/1.1" status: 200 len: 193 time: 0.0081725
2026-05-09 18:16:23.512 10 INFO neutron.api.wsgi [None req-0c8ff2e0-2cf8-46c1-a158-1da9b71f1843 eeb06f2e737947319181263885889c97 060fb54941ec4ee78175ce5716b185b4 - - default default] 10.0.0.148 "GET /v2.0/network-ip-availabilities HTTP/1.1" status: 200 len: 4605 time: 0.0140162
2026-05-09 18:16:23.575 10 INFO neutron.api.wsgi [None req-4fd7772a-c447-43a9-bdba-8cf0f7840376 eeb06f2e737947319181263885889c97 060fb54941ec4ee78175ce5716b185b4 - - default default] 10.0.0.148 "GET /v2.0/networks HTTP/1.1" status: 200 len: 6948 time: 0.0615561
2026-05-09 18:16:23.662 10 INFO neutron.api.wsgi [None req-19da8700-91e4-4363-83b6-b83baa91aebe eeb06f2e737947319181263885889c97 060fb54941ec4ee78175ce5716b185b4 - - default default] 10.0.0.148 "GET /v2.0/ports HTTP/1.1" status: 200 len: 25980 time: 0.0815544
2026-05-09 18:16:23.692 10 INFO neutron.api.wsgi [None req-4bfb8a1b-f8ad-47bb-88ab-dc24fc3cb32b eeb06f2e737947319181263885889c97 060fb54941ec4ee78175ce5716b185b4 - - default default] 10.0.0.148 "GET /v2.0/agents HTTP/1.1" status: 200 len: 1390 time: 0.0178556
2026-05-09 18:16:24.151 9 INFO neutron.db.ovn_revision_numbers_db [None req-f9dbc105-74f9-4c73-96ec-e38f65f06b62 a2621d8e78b64f01af184d28640407ba 04f9aa491a4b4e328608c9dc4124bd45 - - default default] Successfully bumped revision number for resource 28529e65-f67f-4b59-89ec-4dfcdb635ca0 (type: routers) to 5
2026-05-09 18:16:24.164 9 INFO neutron.api.wsgi [None req-f9dbc105-74f9-4c73-96ec-e38f65f06b62 a2621d8e78b64f01af184d28640407ba 04f9aa491a4b4e328608c9dc4124bd45 - - default default] 10.0.0.13 "PUT /v2.0/routers/28529e65-f67f-4b59-89ec-4dfcdb635ca0 HTTP/1.1" status: 200 len: 1137 time: 0.7723670
2026-05-09 18:16:24.252 9 INFO neutron.api.wsgi [None req-ae8efd34-da60-404e-bf5b-bbf9fceabde9 a2621d8e78b64f01af184d28640407ba 04f9aa491a4b4e328608c9dc4124bd45 - - default default] 10.0.0.13 "GET /v2.0/ports?device_id=28529e65-f67f-4b59-89ec-4dfcdb635ca0 HTTP/1.1" status: 200 len: 1144 time: 0.0830107
2026-05-09 18:16:25.023 9 INFO neutron.api.wsgi [None req-b715aa49-cbdc-45af-b3c6-b8f520d16928 a2621d8e78b64f01af184d28640407ba 04f9aa491a4b4e328608c9dc4124bd45 - - default default] 10.0.0.13 "PUT /v2.0/routers/28529e65-f67f-4b59-89ec-4dfcdb635ca0/remove_router_interface HTTP/1.1" status: 200 len: 503 time: 0.7652352 /var/lib/openstack/lib/python3.12/site-packages/pycadf/identifier.py:71: UserWarning: Invalid uuid: neutron. To ensure interoperability, identifiers should be a valid uuid. warnings.warn(('Invalid uuid: %s. To ensure interoperability, '
2026-05-09 18:16:25.814 9 INFO neutron.api.wsgi [None req-7e667ac8-451f-499d-a181-e925f442bc12 a2621d8e78b64f01af184d28640407ba 04f9aa491a4b4e328608c9dc4124bd45 - - default default] 10.0.0.13 "DELETE /v2.0/routers/28529e65-f67f-4b59-89ec-4dfcdb635ca0 HTTP/1.1" status: 204 len: 168 time: 0.7846217
2026-05-09 18:16:25.876 9 INFO neutron.api.wsgi [None req-7a66b851-1ee0-4efa-98b8-2c9dfa8311e6 a2621d8e78b64f01af184d28640407ba 04f9aa491a4b4e328608c9dc4124bd45 - - default default] 10.0.0.13 "GET /v2.0/routers/721999f9-0de6-4852-aa33-6a32b11d1613 HTTP/1.1" status: 200 len: 1136 time: 0.0553625
2026-05-09 18:16:26.473 9 INFO neutron.db.ovn_revision_numbers_db [None req-8a25a18e-c034-4f5d-a167-87e4d7f1fa68 a2621d8e78b64f01af184d28640407ba 04f9aa491a4b4e328608c9dc4124bd45 - - default default] Successfully bumped revision number for resource 721999f9-0de6-4852-aa33-6a32b11d1613 (type: routers) to 5
2026-05-09 18:16:26.479 9 INFO neutron.api.wsgi [None req-8a25a18e-c034-4f5d-a167-87e4d7f1fa68 a2621d8e78b64f01af184d28640407ba 04f9aa491a4b4e328608c9dc4124bd45 - - default default] 10.0.0.13 "PUT /v2.0/routers/721999f9-0de6-4852-aa33-6a32b11d1613 HTTP/1.1" status: 200 len: 1136 time: 0.5964732
2026-05-09 18:16:26.551 10 INFO neutron.api.wsgi [req-e7d41082-30a4-43cb-873c-2a439c489e02 req-9bc715dc-753d-45af-916a-1427d4abb0be 9b59f34a42f44b59acffada6688f4c19 eed4dfac04f141ca88fe8b718c7e9e03 - - 0ae8b721ae004486adb9c48fe559be89 0ae8b721ae004486adb9c48fe559be89] 199.204.45.30 "GET /v2.0/ports?device_id=0b2a292c-182a-4f1e-8532-48b30b28b722&fields=binding%3Ahost_id&fields=binding%3Avif_type HTTP/1.1" status: 200 len: 265 time: 0.1728961
2026-05-09 18:16:26.561 9 INFO neutron.api.wsgi [None req-eb717680-65d7-4598-bcf4-7f4868d77c4c a2621d8e78b64f01af184d28640407ba 04f9aa491a4b4e328608c9dc4124bd45 - - default default] 10.0.0.13 "GET /v2.0/ports?device_id=721999f9-0de6-4852-aa33-6a32b11d1613 HTTP/1.1" status: 200 len: 1144 time: 0.0763779
2026-05-09 18:16:27.387 9 INFO neutron.api.wsgi [None req-ca69a137-8f5c-4732-8aed-3827e444eaf2 a2621d8e78b64f01af184d28640407ba 04f9aa491a4b4e328608c9dc4124bd45 - - default default] 10.0.0.13 "PUT /v2.0/routers/721999f9-0de6-4852-aa33-6a32b11d1613/remove_router_interface HTTP/1.1" status: 200 len: 503 time: 0.8192687 /var/lib/openstack/lib/python3.12/site-packages/pycadf/identifier.py:71: UserWarning: Invalid uuid: neutron. To ensure interoperability, identifiers should be a valid uuid. warnings.warn(('Invalid uuid: %s. To ensure interoperability, '
2026-05-09 18:16:27.608 10 INFO neutron.api.wsgi [req-e7d41082-30a4-43cb-873c-2a439c489e02 req-20bfc287-abfe-464a-b3c4-dae61f9c48a9 9b59f34a42f44b59acffada6688f4c19 eed4dfac04f141ca88fe8b718c7e9e03 - - 0ae8b721ae004486adb9c48fe559be89 0ae8b721ae004486adb9c48fe559be89] 199.204.45.30 "GET /v2.0/ports?tenant_id=ff67b3960dac4c32be0b9698806c3094&device_id=0b2a292c-182a-4f1e-8532-48b30b28b722 HTTP/1.1" status: 200 len: 1634 time: 0.0404921
2026-05-09 18:16:28.165 10 INFO neutron.api.wsgi [req-e7d41082-30a4-43cb-873c-2a439c489e02 req-8197b9c1-b4c0-49a8-bca2-7413bbce6937 9b59f34a42f44b59acffada6688f4c19 eed4dfac04f141ca88fe8b718c7e9e03 - - 0ae8b721ae004486adb9c48fe559be89 0ae8b721ae004486adb9c48fe559be89] 199.204.45.30 "GET /v2.0/networks?id=eb6c7c1a-8814-46eb-bff8-a8c09df7e7bf HTTP/1.1" status: 200 len: 1002 time: 0.0475147
2026-05-09 18:16:28.198 10 INFO neutron.api.wsgi [req-e7d41082-30a4-43cb-873c-2a439c489e02 req-9d4afbf2-2a69-4491-a7cf-65e853c63eab 9b59f34a42f44b59acffada6688f4c19 eed4dfac04f141ca88fe8b718c7e9e03 - - 0ae8b721ae004486adb9c48fe559be89 0ae8b721ae004486adb9c48fe559be89] 199.204.45.30 "GET /v2.0/floatingips?fixed_ip_address=10.2.1.34&port_id=13732477-eddb-4eb8-b79c-24933252efbd HTTP/1.1" status: 200 len: 1058 time: 0.0273056
2026-05-09 18:16:28.218 10 INFO neutron.api.wsgi [req-e7d41082-30a4-43cb-873c-2a439c489e02 req-db0e6b2d-1bce-42e6-a504-29cec0d3c436 9b59f34a42f44b59acffada6688f4c19 eed4dfac04f141ca88fe8b718c7e9e03 - - 0ae8b721ae004486adb9c48fe559be89 0ae8b721ae004486adb9c48fe559be89] 199.204.45.30 "GET /v2.0/floatingips?fixed_ip_address=fd7b%3Af9f7%3Afff%3A4eca%3A%3A1d6&port_id=13732477-eddb-4eb8-b79c-24933252efbd HTTP/1.1" status: 200 len: 217 time: 0.0144970
2026-05-09 18:16:28.252 10 INFO neutron.api.wsgi [req-e7d41082-30a4-43cb-873c-2a439c489e02 req-9523aea2-9354-46ec-bcc1-b2a4c515ab70 9b59f34a42f44b59acffada6688f4c19 eed4dfac04f141ca88fe8b718c7e9e03 - - 0ae8b721ae004486adb9c48fe559be89 0ae8b721ae004486adb9c48fe559be89] 199.204.45.30 "GET /v2.0/subnets?id=fe000266-84f7-49f2-b58a-39c8af7b0746&id=37957fa7-0981-4d9b-93f2-202fc453e4b7 HTTP/1.1" status: 200 len: 1610 time: 0.0283608
2026-05-09 18:16:28.276 10 INFO neutron.api.wsgi [req-e7d41082-30a4-43cb-873c-2a439c489e02 req-a45726b7-1915-4642-b4f6-f590932173d8 9b59f34a42f44b59acffada6688f4c19 eed4dfac04f141ca88fe8b718c7e9e03 - - 0ae8b721ae004486adb9c48fe559be89 0ae8b721ae004486adb9c48fe559be89] 199.204.45.30 "GET /v2.0/ports?network_id=eb6c7c1a-8814-46eb-bff8-a8c09df7e7bf&device_owner=network%3Adhcp HTTP/1.1" status: 200 len: 210 time: 0.0195782
2026-05-09 18:16:28.297 9 INFO neutron.api.wsgi [None req-f6ecfab5-3ce3-4ea7-87e4-c6809652522f a2621d8e78b64f01af184d28640407ba 04f9aa491a4b4e328608c9dc4124bd45 - - default default] 10.0.0.13 "DELETE /v2.0/routers/721999f9-0de6-4852-aa33-6a32b11d1613 HTTP/1.1" status: 204 len: 168 time: 0.9021525
2026-05-09 18:16:28.298 10 INFO neutron.api.wsgi [req-e7d41082-30a4-43cb-873c-2a439c489e02 req-576eb552-dce1-4868-8431-56e24b4fd489 9b59f34a42f44b59acffada6688f4c19 eed4dfac04f141ca88fe8b718c7e9e03 - - 0ae8b721ae004486adb9c48fe559be89 0ae8b721ae004486adb9c48fe559be89] 199.204.45.30 "GET /v2.0/ports?network_id=eb6c7c1a-8814-46eb-bff8-a8c09df7e7bf&device_owner=network%3Adhcp HTTP/1.1" status: 200 len: 210 time: 0.0171824
2026-05-09 18:16:28.318 9 INFO neutron.api.v2.resource [None req-49f47337-0acd-4c0d-ace2-9a6829d48cf5 a2621d8e78b64f01af184d28640407ba 04f9aa491a4b4e328608c9dc4124bd45 - - default default] show failed (client error): The resource could not be found.
2026-05-09 18:16:28.321 9 INFO neutron.api.wsgi [None req-49f47337-0acd-4c0d-ace2-9a6829d48cf5 a2621d8e78b64f01af184d28640407ba 04f9aa491a4b4e328608c9dc4124bd45 - - default default] 10.0.0.13 "GET /v2.0/routers/00b9cf90-5774-450d-8867-a2a6b96fd062 HTTP/1.1" status: 404 len: 336 time: 0.0186224
2026-05-09 18:16:28.345 10 INFO neutron.api.wsgi [req-e7d41082-30a4-43cb-873c-2a439c489e02 req-6cc3e106-b8de-4422-8328-18c8aff55d33 9b59f34a42f44b59acffada6688f4c19 eed4dfac04f141ca88fe8b718c7e9e03 - - 0ae8b721ae004486adb9c48fe559be89 0ae8b721ae004486adb9c48fe559be89] 199.204.45.30 "GET /v2.0/networks/eb6c7c1a-8814-46eb-bff8-a8c09df7e7bf?fields=segments HTTP/1.1" status: 200 len: 212 time: 0.0427859
2026-05-09 18:16:28.391 10 INFO neutron.api.wsgi [req-e7d41082-30a4-43cb-873c-2a439c489e02 req-0b839c13-06c7-44c6-a4f7-7657a9140259 9b59f34a42f44b59acffada6688f4c19 eed4dfac04f141ca88fe8b718c7e9e03 - - 0ae8b721ae004486adb9c48fe559be89 0ae8b721ae004486adb9c48fe559be89] 199.204.45.30 "GET /v2.0/networks/eb6c7c1a-8814-46eb-bff8-a8c09df7e7bf?fields=provider%3Aphysical_network&fields=provider%3Anetwork_type HTTP/1.1" status: 200 len: 277 time: 0.0419805
2026-05-09 18:16:28.502 9 INFO neutron.api.wsgi [None req-47305e8e-3d62-4c2e-8bf2-feb07a10cc52 a2621d8e78b64f01af184d28640407ba 04f9aa491a4b4e328608c9dc4124bd45 - - default default] 10.0.0.13 "DELETE /v2.0/subnets/4fe53a57-6b34-467b-9a3a-34993c51d912 HTTP/1.1" status: 204 len: 168 time: 0.1769612
2026-05-09 18:16:28.651 9 INFO neutron.api.wsgi [None req-4fd81847-0b36-4db8-968c-20e3b8944797 a2621d8e78b64f01af184d28640407ba 04f9aa491a4b4e328608c9dc4124bd45 - - default default] 10.0.0.13 "DELETE /v2.0/subnets/f5ce6a25-7783-4289-aac7-9120d8037c0e HTTP/1.1" status: 204 len: 168 time: 0.1436224
2026-05-09 18:16:28.839 9 INFO neutron.api.wsgi [None req-4e347700-2590-4fe5-9f94-fc60e70a737b a2621d8e78b64f01af184d28640407ba 04f9aa491a4b4e328608c9dc4124bd45 - - default default] 10.0.0.13 "DELETE /v2.0/subnets/8a5fd9bc-903b-4080-a72c-92e08aa9c8dc HTTP/1.1" status: 204 len: 168 time: 0.1814930
2026-05-09 18:16:28.855 10 INFO neutron.pecan_wsgi.hooks.translation [None req-4673669b-e26d-49c3-9ab2-c9cc2db361e9 a2621d8e78b64f01af184d28640407ba 04f9aa491a4b4e328608c9dc4124bd45 - - default default] DELETE failed (client error): The resource could not be found.
2026-05-09 18:16:28.859 10 INFO neutron.api.wsgi [None req-4673669b-e26d-49c3-9ab2-c9cc2db361e9 a2621d8e78b64f01af184d28640407ba 04f9aa491a4b4e328608c9dc4124bd45 - - default default] 10.0.0.13 "DELETE /v2.0/subnets/8302dacc-c521-441f-a89e-474b6feb7f1e HTTP/1.1" status: 404 len: 337 time: 0.0164287
2026-05-09 18:16:29.150 10 INFO neutron.services.segments.plugin [-] Segment cc41047d-6f65-457a-abb7-6f560b429d97 resource provider aggregate not found
2026-05-09 18:16:29.154 10 INFO neutron.services.segments.plugin [-] Segment cc41047d-6f65-457a-abb7-6f560b429d97 resource provider aggregate not found
2026-05-09 18:16:29.165 10 INFO neutron.services.segments.plugin [-] Segment cc41047d-6f65-457a-abb7-6f560b429d97 resource provider not found; error: Placement Client Error (4xx): {"errors": [{"status": 404, "title": "Not Found", "detail": "The resource could not be found.\n\n No resource provider with uuid cc41047d-6f65-457a-abb7-6f560b429d97 found for delete ", "request_id": "req-7875dc24-8498-46ed-95c3-14004f6d132e"}]}
2026-05-09 18:16:29.167 10 INFO neutron.services.segments.plugin [-] Segment cc41047d-6f65-457a-abb7-6f560b429d97 resource provider not found; error: Placement Client Error (4xx): {"errors": [{"status": 404, "title": "Not Found", "detail": "The resource could not be found.\n\n No resource provider with uuid cc41047d-6f65-457a-abb7-6f560b429d97 found for delete ", "request_id": "req-a7cff298-0dae-4407-b238-627c6b308f40"}]}
2026-05-09 18:16:29.197 10 INFO neutron.api.wsgi [None req-2d55661a-5a14-40d7-84d1-53dcab2cade7 a2621d8e78b64f01af184d28640407ba 04f9aa491a4b4e328608c9dc4124bd45 - - default default] 10.0.0.13 "DELETE /v2.0/networks/a51dfc51-aeab-41a0-88bd-80fefa676525 HTTP/1.1" status: 204 len: 168 time: 0.3346560
2026-05-09 18:16:29.199 9 INFO neutron.api.wsgi [req-1cf0c9d8-ce76-4696-beac-1322e4afaf0a req-730e6ac1-08a3-4e3b-97db-f9f03fa131b7 eeb06f2e737947319181263885889c97 060fb54941ec4ee78175ce5716b185b4 - - default default] 10.0.0.11 "GET /v2.0/security-groups?id=ef093b86-bebf-4b52-bff6-62669d6eb231&fields=id HTTP/1.1" status: 200 len: 267 time: 0.0522459
2026-05-09 18:16:29.248 9 INFO neutron.api.wsgi [req-1cf0c9d8-ce76-4696-beac-1322e4afaf0a req-d90e397a-1d1a-4580-89b1-ef611ad2b1a6 eeb06f2e737947319181263885889c97 060fb54941ec4ee78175ce5716b185b4 - - default default] 10.0.0.11 "GET /v2.0/networks?id=d7c8fd23-caf6-4d86-b44d-7f05ed6b0cc1 HTTP/1.1" status: 200 len: 937 time: 0.0406024
2026-05-09 18:16:29.264 9 INFO neutron.api.wsgi [req-1cf0c9d8-ce76-4696-beac-1322e4afaf0a req-2ec4aa7b-d709-41e0-9b92-53aaf45c730d eeb06f2e737947319181263885889c97 060fb54941ec4ee78175ce5716b185b4 - - default default] 10.0.0.11 "GET /v2.0/quotas/060fb54941ec4ee78175ce5716b185b4 HTTP/1.1" status: 200 len: 490 time: 0.0090268
2026-05-09 18:16:29.317 9 INFO neutron.api.wsgi [req-1cf0c9d8-ce76-4696-beac-1322e4afaf0a req-d7d48e4c-56a5-4be0-b326-4431ab793463 eeb06f2e737947319181263885889c97 060fb54941ec4ee78175ce5716b185b4 - - default default] 10.0.0.11 "GET /v2.0/ports?tenant_id=060fb54941ec4ee78175ce5716b185b4&fields=id HTTP/1.1" status: 200 len: 348 time: 0.0451391
2026-05-09 18:16:29.412 9 INFO neutron.api.wsgi [req-1cf0c9d8-ce76-4696-beac-1322e4afaf0a req-3d9efb8c-0492-49a8-ba64-3d3e0a074de3 9b59f34a42f44b59acffada6688f4c19 eed4dfac04f141ca88fe8b718c7e9e03 - - 0ae8b721ae004486adb9c48fe559be89 0ae8b721ae004486adb9c48fe559be89] 10.0.0.11 "GET /v2.0/networks/d7c8fd23-caf6-4d86-b44d-7f05ed6b0cc1?fields=segments HTTP/1.1" status: 200 len: 212 time: 0.0842187
2026-05-09 18:16:29.458 9 INFO neutron.api.wsgi [req-1cf0c9d8-ce76-4696-beac-1322e4afaf0a req-53ab4123-54f2-4ca5-ba77-16db2dc7de13 9b59f34a42f44b59acffada6688f4c19 eed4dfac04f141ca88fe8b718c7e9e03 - - 0ae8b721ae004486adb9c48fe559be89 0ae8b721ae004486adb9c48fe559be89] 10.0.0.11 "GET /v2.0/networks/d7c8fd23-caf6-4d86-b44d-7f05ed6b0cc1?fields=provider%3Aphysical_network&fields=provider%3Anetwork_type HTTP/1.1" status: 200 len: 277 time: 0.0391355
2026-05-09 18:16:29.495 10 INFO neutron.api.wsgi [None req-956c1e4c-db52-496e-9f09-e5cd6471ad4c a2621d8e78b64f01af184d28640407ba 04f9aa491a4b4e328608c9dc4124bd45 - - default default] 10.0.0.13 "DELETE /v2.0/networks/202c3f23-a10b-49d7-a291-4e44aa39d172 HTTP/1.1" status: 204 len: 168 time: 0.2934129
2026-05-09 18:16:29.777 10 INFO neutron.api.wsgi [None req-fde226a3-e238-4564-844c-c1cea4f58cbe a2621d8e78b64f01af184d28640407ba 04f9aa491a4b4e328608c9dc4124bd45 - - default default] 10.0.0.13 "DELETE /v2.0/networks/04cf3363-e922-48f9-8080-4cf3f6fc4812 HTTP/1.1" status: 204 len: 168 time: 0.2772768
2026-05-09 18:16:29.790 10 INFO neutron.pecan_wsgi.hooks.translation [None req-3293c7c5-09e0-4827-9f52-0c8ecea96ce1 a2621d8e78b64f01af184d28640407ba 04f9aa491a4b4e328608c9dc4124bd45 - - default default] DELETE failed (client error): The resource could not be found.
2026-05-09 18:16:29.793 10 INFO neutron.api.wsgi [None req-3293c7c5-09e0-4827-9f52-0c8ecea96ce1 a2621d8e78b64f01af184d28640407ba 04f9aa491a4b4e328608c9dc4124bd45 - - default default] 10.0.0.13 "DELETE /v2.0/networks/3f457dbd-283a-4abc-923b-97f451b407a9 HTTP/1.1" status: 404 len: 339 time: 0.0111923
2026-05-09 18:16:30.235 10 INFO neutron.api.wsgi [req-bd122ad8-4c60-4351-8d04-622b48465f1d req-6c3fb6c8-944d-4853-b5a8-328f77903cf7 eeb06f2e737947319181263885889c97 060fb54941ec4ee78175ce5716b185b4 - - default default] 10.0.0.11 "GET /v2.0/ports?device_id=30096f02-c4d4-4751-891d-6a7aaca0f46e HTTP/1.1" status: 200 len: 210 time: 0.1643860
2026-05-09 18:16:30.310 9 INFO neutron.api.wsgi [req-fb7f87db-d974-474e-8f51-cfa11edfe290 req-ad8a2bde-515e-4fb8-9902-88aa3df25431 eeb06f2e737947319181263885889c97 060fb54941ec4ee78175ce5716b185b4 - - default default] 10.0.0.11 "GET /v2.0/ports?device_id=30096f02-c4d4-4751-891d-6a7aaca0f46e HTTP/1.1" status: 200 len: 210 time: 0.0330286
2026-05-09 18:16:30.513 10 INFO neutron.api.wsgi [None req-88b25426-f85c-4097-b231-be49cc10ae21 eeb06f2e737947319181263885889c97 060fb54941ec4ee78175ce5716b185b4 - - default default] 10.0.0.13 "GET /v2.0/security-groups?tenant_id=04f9aa491a4b4e328608c9dc4124bd45&name=default HTTP/1.1" status: 200 len: 3124 time: 0.1199803
2026-05-09 18:16:30.724 10 INFO neutron.api.wsgi [None req-0ca9e279-9266-47bc-a78c-48c8ec88c59c eeb06f2e737947319181263885889c97 060fb54941ec4ee78175ce5716b185b4 - - default default] 10.0.0.13 "DELETE /v2.0/security-groups/5d09a60d-3b3c-42cb-8372-921114e610ca HTTP/1.1" status: 204 len: 168 time: 0.2064466
2026-05-09 18:16:30.938 10 INFO neutron.db.ovn_revision_numbers_db [None req-b193176d-12b3-4a36-ada0-b2216d829c23 eeb06f2e737947319181263885889c97 060fb54941ec4ee78175ce5716b185b4 - - default default] Successfully bumped revision number for resource c302f65d-7bb2-43e4-bb2c-1fcf177a1443 (type: security_groups) to 1
2026-05-09 18:16:30.950 10 INFO neutron.db.ovn_revision_numbers_db [None req-b193176d-12b3-4a36-ada0-b2216d829c23 eeb06f2e737947319181263885889c97 060fb54941ec4ee78175ce5716b185b4 - - default default] Successfully bumped revision number for resource 58c462e1-71de-4dfe-b1fe-cb2460dff7df (type: security_group_rules) to 0
2026-05-09 18:16:30.962 10 INFO neutron.db.ovn_revision_numbers_db [None req-b193176d-12b3-4a36-ada0-b2216d829c23 eeb06f2e737947319181263885889c97 060fb54941ec4ee78175ce5716b185b4 - - default default] Successfully bumped revision number for resource a10df9f1-4b82-4638-bbb9-96c4cefe068e (type: security_group_rules) to 0
2026-05-09 18:16:30.983 10 INFO neutron.db.ovn_revision_numbers_db [None req-b193176d-12b3-4a36-ada0-b2216d829c23 eeb06f2e737947319181263885889c97 060fb54941ec4ee78175ce5716b185b4 - - default default] Successfully bumped revision number for resource b7b27a5e-a049-4407-af23-16f6f2debd4f (type: security_group_rules) to 0
2026-05-09 18:16:31.000 10 INFO neutron.db.ovn_revision_numbers_db [None req-b193176d-12b3-4a36-ada0-b2216d829c23 eeb06f2e737947319181263885889c97 060fb54941ec4ee78175ce5716b185b4 - - default default] Successfully bumped revision number for resource c560e67d-2407-4bdb-8f3b-cd236f4d07f8 (type: security_group_rules) to 0
2026-05-09 18:16:31.044 10 INFO neutron.api.wsgi [None req-b193176d-12b3-4a36-ada0-b2216d829c23 eeb06f2e737947319181263885889c97 060fb54941ec4ee78175ce5716b185b4 - - default default] 10.0.0.13 "GET /v2.0/security-groups?tenant_id=2435db911d004df1b72cde7b530c197c&name=default HTTP/1.1" status: 200 len: 3124 time: 0.2313228
2026-05-09 18:16:31.176 10 INFO neutron.services.segments.plugin [-] Segment c4012d0e-7420-4570-979c-9d66941ba88e resource provider aggregate not found
2026-05-09 18:16:31.188 10 INFO neutron.services.segments.plugin [-] Segment c4012d0e-7420-4570-979c-9d66941ba88e resource provider not found; error: Placement Client Error (4xx): {"errors": [{"status": 404, "title": "Not Found", "detail": "The resource could not be found.\n\n No resource provider with uuid c4012d0e-7420-4570-979c-9d66941ba88e found for delete ", "request_id": "req-4ee39bce-5ad1-48d5-a05e-1586d4cb7b1b"}]}
2026-05-09 18:16:31.191 10 INFO neutron.services.segments.plugin [-] Segment c4012d0e-7420-4570-979c-9d66941ba88e resource provider aggregate not found
2026-05-09 18:16:31.203 10 INFO neutron.services.segments.plugin [-] Segment dfcd03a7-7774-4db0-b12f-8217a54335a9 resource provider aggregate not found
2026-05-09 18:16:31.206 10 INFO neutron.services.segments.plugin [-] Segment c4012d0e-7420-4570-979c-9d66941ba88e resource provider not found; error: Placement Client Error (4xx): {"errors": [{"status": 404, "title": "Not Found", "detail": "The resource could not be found.\n\n No resource provider with uuid c4012d0e-7420-4570-979c-9d66941ba88e found for delete ", "request_id": "req-1dbdb0a6-9430-47e9-97fd-21d80c3813d1"}]}
2026-05-09 18:16:31.217 10 INFO neutron.services.segments.plugin [-] Segment dfcd03a7-7774-4db0-b12f-8217a54335a9 resource provider aggregate not found
2026-05-09 18:16:31.222 10 INFO neutron.services.segments.plugin [-] Segment dfcd03a7-7774-4db0-b12f-8217a54335a9 resource provider not found; error: Placement Client Error (4xx): {"errors": [{"status": 404, "title": "Not Found", "detail": "The resource could not be found.\n\n No resource provider with uuid dfcd03a7-7774-4db0-b12f-8217a54335a9 found for delete ", "request_id": "req-d2a37d94-ea51-4ce3-965e-36c94b111f55"}]}
2026-05-09 18:16:31.228 10 INFO neutron.services.segments.plugin [-] Segment dfcd03a7-7774-4db0-b12f-8217a54335a9 resource provider not found; error: Placement Client Error (4xx): {"errors": [{"status": 404, "title": "Not Found", "detail": "The resource could not be found.\n\n No resource provider with uuid dfcd03a7-7774-4db0-b12f-8217a54335a9 found for delete ", "request_id": "req-144e103c-54fb-409f-9e18-828b17514a3a"}]}
2026-05-09 18:16:31.284 10 INFO neutron.api.wsgi [None req-e8c19018-8200-4b44-b53f-9bc9f38c6fb3 eeb06f2e737947319181263885889c97 060fb54941ec4ee78175ce5716b185b4 - - default default] 10.0.0.13 "DELETE /v2.0/security-groups/c302f65d-7bb2-43e4-bb2c-1fcf177a1443 HTTP/1.1" status: 204 len: 168 time: 0.2349544
2026-05-09 18:16:31.540 9 INFO neutron.api.wsgi [-] 10.0.0.207 "GET / HTTP/1.1" status: 200 len: 247 time: 0.0028646
2026-05-09 18:16:31.540 10 INFO neutron.api.wsgi [-] 10.0.0.207 "GET / HTTP/1.1" status: 200 len: 247 time: 0.0028281
2026-05-09 18:16:32.990 10 INFO neutron.api.wsgi [req-dbcb3130-07ea-4752-b861-0c1241c83ad4 req-2bc42394-c4ab-41b7-8d6f-1b6a7018f68a eeb06f2e737947319181263885889c97 060fb54941ec4ee78175ce5716b185b4 - - default default] 10.0.0.11 "GET /v2.0/ports?device_id=30096f02-c4d4-4751-891d-6a7aaca0f46e HTTP/1.1" status: 200 len: 210 time: 0.0208642
2026-05-09 18:16:33.070 9 INFO neutron.api.wsgi [req-5a5a3930-bcd9-41d5-95ff-7353c82d7bdb req-cb13c4f6-cde2-4e1e-8c87-30611af68aa8 eeb06f2e737947319181263885889c97 060fb54941ec4ee78175ce5716b185b4 - - default default] 10.0.0.11 "GET /v2.0/ports?device_id=30096f02-c4d4-4751-891d-6a7aaca0f46e HTTP/1.1" status: 200 len: 210 time: 0.0172524
2026-05-09 18:16:34.042 10 INFO neutron.api.wsgi [req-1cf0c9d8-ce76-4696-beac-1322e4afaf0a req-149483e7-47ca-4aaa-b575-b2e9553fbf0f eeb06f2e737947319181263885889c97 060fb54941ec4ee78175ce5716b185b4 - - default default] 199.204.45.30 "GET /v2.0/networks?id=d7c8fd23-caf6-4d86-b44d-7f05ed6b0cc1 HTTP/1.1" status: 200 len: 937 time: 0.0411839
2026-05-09 18:16:34.084 10 INFO neutron.api.wsgi [req-1cf0c9d8-ce76-4696-beac-1322e4afaf0a req-fd16ffc7-4c90-4e15-bed4-076d9041c478 eeb06f2e737947319181263885889c97 060fb54941ec4ee78175ce5716b185b4 - - default default] 199.204.45.30 "GET /v2.0/security-groups?fields=id&fields=name&tenant_id=060fb54941ec4ee78175ce5716b185b4 HTTP/1.1" status: 200 len: 542 time: 0.0367708
2026-05-09 18:16:34.322 10 WARNING neutron.scheduler.dhcp_agent_scheduler [req-1cf0c9d8-ce76-4696-beac-1322e4afaf0a req-871a1d2b-fbd8-48ce-8a4a-35dc2c7a6560 eeb06f2e737947319181263885889c97 060fb54941ec4ee78175ce5716b185b4 - - default default] No more DHCP agents
2026-05-09 18:16:34.323 10 WARNING neutron.api.rpc.agentnotifiers.dhcp_rpc_agent_api [req-1cf0c9d8-ce76-4696-beac-1322e4afaf0a req-871a1d2b-fbd8-48ce-8a4a-35dc2c7a6560 eeb06f2e737947319181263885889c97 060fb54941ec4ee78175ce5716b185b4 - - default default] Unable to schedule network d7c8fd23-caf6-4d86-b44d-7f05ed6b0cc1: no agents available; will retry on subsequent port and subnet creation events.
2026-05-09 18:16:34.533 10 INFO neutron.db.ovn_revision_numbers_db [req-1cf0c9d8-ce76-4696-beac-1322e4afaf0a req-871a1d2b-fbd8-48ce-8a4a-35dc2c7a6560 eeb06f2e737947319181263885889c97 060fb54941ec4ee78175ce5716b185b4 - - default default] Successfully bumped revision number for resource 75949493-3d94-4eac-81b9-280b066d17a9 (type: ports) to 1
2026-05-09 18:16:34.560 10 INFO neutron.api.wsgi [req-1cf0c9d8-ce76-4696-beac-1322e4afaf0a req-871a1d2b-fbd8-48ce-8a4a-35dc2c7a6560 eeb06f2e737947319181263885889c97 060fb54941ec4ee78175ce5716b185b4 - - default default] 199.204.45.30 "POST /v2.0/ports HTTP/1.1" status: 201 len: 1287 time: 0.4738290 /var/lib/openstack/lib/python3.12/site-packages/pycadf/identifier.py:71: UserWarning: Invalid uuid: neutron. To ensure interoperability, identifiers should be a valid uuid. warnings.warn(('Invalid uuid: %s. To ensure interoperability, '
2026-05-09 18:16:34.916 10 INFO neutron.db.ovn_revision_numbers_db [req-1cf0c9d8-ce76-4696-beac-1322e4afaf0a req-45105dae-bf13-4b26-afbf-6b309cdde229 9b59f34a42f44b59acffada6688f4c19 eed4dfac04f141ca88fe8b718c7e9e03 - - 0ae8b721ae004486adb9c48fe559be89 0ae8b721ae004486adb9c48fe559be89] Successfully bumped revision number for resource 75949493-3d94-4eac-81b9-280b066d17a9 (type: ports) to 2
2026-05-09 18:16:35.132 10 INFO neutron.db.ovn_revision_numbers_db [req-1cf0c9d8-ce76-4696-beac-1322e4afaf0a req-45105dae-bf13-4b26-afbf-6b309cdde229 9b59f34a42f44b59acffada6688f4c19 eed4dfac04f141ca88fe8b718c7e9e03 - - 0ae8b721ae004486adb9c48fe559be89 0ae8b721ae004486adb9c48fe559be89] Successfully bumped revision number for resource 75949493-3d94-4eac-81b9-280b066d17a9 (type: ports) to 4
2026-05-09 18:16:35.152 10 INFO neutron.api.wsgi [req-1cf0c9d8-ce76-4696-beac-1322e4afaf0a req-45105dae-bf13-4b26-afbf-6b309cdde229 9b59f34a42f44b59acffada6688f4c19 eed4dfac04f141ca88fe8b718c7e9e03 - - 0ae8b721ae004486adb9c48fe559be89 0ae8b721ae004486adb9c48fe559be89] 199.204.45.30 "PUT /v2.0/ports/75949493-3d94-4eac-81b9-280b066d17a9 HTTP/1.1" status: 200 len: 1412 time: 0.5847859
2026-05-09 18:16:35.282 10 INFO neutron.notifiers.nova [-] Nova event matching ['req-6ea27ba5-8f11-4ffb-b10a-8b22bd0d4d19'] response: {'name': 'network-changed', 'server_uuid': '30096f02-c4d4-4751-891d-6a7aaca0f46e', 'tag': '75949493-3d94-4eac-81b9-280b066d17a9', 'status': 'completed', 'code': 200} /var/lib/openstack/lib/python3.12/site-packages/pycadf/identifier.py:71: UserWarning: Invalid uuid: neutron. To ensure interoperability, identifiers should be a valid uuid. warnings.warn(('Invalid uuid: %s. To ensure interoperability, '
2026-05-09 18:16:35.825 10 INFO neutron.api.wsgi [req-cc37d6e9-5b4c-4b71-b611-a44d8af24d89 req-8bcdfc76-9b7b-4440-bdb5-f8d84915f6ff 9b59f34a42f44b59acffada6688f4c19 eed4dfac04f141ca88fe8b718c7e9e03 - - 0ae8b721ae004486adb9c48fe559be89 0ae8b721ae004486adb9c48fe559be89] 199.204.45.30 "GET /v2.0/ports?tenant_id=060fb54941ec4ee78175ce5716b185b4&device_id=30096f02-c4d4-4751-891d-6a7aaca0f46e HTTP/1.1" status: 200 len: 1415 time: 0.0353189
2026-05-09 18:16:35.869 10 INFO neutron.api.wsgi [req-cc37d6e9-5b4c-4b71-b611-a44d8af24d89 req-cffd85b3-f2de-44ca-b562-57c671ac493f 9b59f34a42f44b59acffada6688f4c19 eed4dfac04f141ca88fe8b718c7e9e03 - - 0ae8b721ae004486adb9c48fe559be89 0ae8b721ae004486adb9c48fe559be89] 199.204.45.30 "GET /v2.0/networks?tenant_id=060fb54941ec4ee78175ce5716b185b4&shared=False HTTP/1.1" status: 200 len: 937 time: 0.0407557
2026-05-09 18:16:35.915 10 INFO neutron.api.wsgi [req-cc37d6e9-5b4c-4b71-b611-a44d8af24d89 req-b749d8c7-0e6f-4378-8817-b04d38debe33 9b59f34a42f44b59acffada6688f4c19 eed4dfac04f141ca88fe8b718c7e9e03 - - 0ae8b721ae004486adb9c48fe559be89 0ae8b721ae004486adb9c48fe559be89] 199.204.45.30 "GET /v2.0/networks?shared=True HTTP/1.1" status: 200 len: 952 time: 0.0401947
2026-05-09 18:16:36.290 10 INFO neutron.api.wsgi [req-f20b6a2c-3e42-4c36-b65d-25d9ba9aee93 req-91dac5ca-5646-4c45-8374-174bde80c663 eeb06f2e737947319181263885889c97 060fb54941ec4ee78175ce5716b185b4 - - default default] 10.0.0.11 "GET /v2.0/ports?device_id=30096f02-c4d4-4751-891d-6a7aaca0f46e HTTP/1.1" status: 200 len: 1415 time: 0.0317566
2026-05-09 18:16:36.328 10 INFO neutron.api.wsgi [req-f20b6a2c-3e42-4c36-b65d-25d9ba9aee93 req-12b5f33b-364c-4f3e-aed6-b3504c376b36 eeb06f2e737947319181263885889c97 060fb54941ec4ee78175ce5716b185b4 - - default default] 10.0.0.11 "GET /v2.0/security-groups?id=ef093b86-bebf-4b52-bff6-62669d6eb231&fields=id&fields=name HTTP/1.1" status: 200 len: 294 time: 0.0319264
2026-05-09 18:16:36.416 9 INFO neutron.api.wsgi [req-317d443c-0d3f-41e3-843d-cade91913cfb req-ce708367-efdd-4794-9ca4-6a9050b5145e eeb06f2e737947319181263885889c97 060fb54941ec4ee78175ce5716b185b4 - - default default] 10.0.0.11 "GET /v2.0/ports?device_id=30096f02-c4d4-4751-891d-6a7aaca0f46e HTTP/1.1" status: 200 len: 1415 time: 0.0360291
2026-05-09 18:16:36.962 10 INFO neutron.api.wsgi [req-1cf0c9d8-ce76-4696-beac-1322e4afaf0a req-e8593ad1-51b9-4b42-b9db-539ce64482a5 9b59f34a42f44b59acffada6688f4c19 eed4dfac04f141ca88fe8b718c7e9e03 - - 0ae8b721ae004486adb9c48fe559be89 0ae8b721ae004486adb9c48fe559be89] 199.204.45.30 "GET /v2.0/ports?tenant_id=060fb54941ec4ee78175ce5716b185b4&device_id=30096f02-c4d4-4751-891d-6a7aaca0f46e HTTP/1.1" status: 200 len: 1415 time: 0.0336623
2026-05-09 18:16:36.985 10 INFO neutron.api.wsgi [req-1cf0c9d8-ce76-4696-beac-1322e4afaf0a req-2016eefe-5cc2-46e3-ae47-609c0295e6eb 9b59f34a42f44b59acffada6688f4c19 eed4dfac04f141ca88fe8b718c7e9e03 - - 0ae8b721ae004486adb9c48fe559be89 0ae8b721ae004486adb9c48fe559be89] 199.204.45.30 "GET /v2.0/floatingips?fixed_ip_address=172.24.1.208&port_id=75949493-3d94-4eac-81b9-280b066d17a9 HTTP/1.1" status: 200 len: 217 time: 0.0164886
2026-05-09 18:16:37.015 10 INFO neutron.api.wsgi [req-1cf0c9d8-ce76-4696-beac-1322e4afaf0a req-12727727-34e2-4391-8901-e0daf6f7ecbc 9b59f34a42f44b59acffada6688f4c19 eed4dfac04f141ca88fe8b718c7e9e03 - - 0ae8b721ae004486adb9c48fe559be89 0ae8b721ae004486adb9c48fe559be89] 199.204.45.30 "GET /v2.0/subnets?id=a2178373-181a-462f-a610-cfec91bb862d HTTP/1.1" status: 200 len: 853 time: 0.0238390
