2026-05-09 18:14:23.468 9 WARNING neutron_lib.context [None req-c4752f87-c2c2-4c0c-b673-364ee026e8eb fd5db9b2c4714df2903e07c91c63949b 75d1b071c9ea473ba3cfb08c399ef55d - - default default] Method 'is_advsvc' is deprecated since 2023.2 release (neutron-lib 3.8.0) and will be removed once support for the old RBAC API policies will be removed from Neutron. Please use method 'is_service_role' instead.
2026-05-09 18:14:23.528 10 INFO neutron.api.wsgi [None req-8f8fd303-942a-4786-98e0-4c80d078ae70 eeb06f2e737947319181263885889c97 060fb54941ec4ee78175ce5716b185b4 - - default default] 10.0.0.148 "GET /v2.0/ports HTTP/1.1" status: 200 len: 14945 time: 0.0700955
2026-05-09 18:14:23.553 10 INFO neutron.api.wsgi [None req-9f417844-84d2-4fce-8df5-ab1c4ea9e1a7 eeb06f2e737947319181263885889c97 060fb54941ec4ee78175ce5716b185b4 - - default default] 10.0.0.148 "GET /v2.0/agents HTTP/1.1" status: 200 len: 1390 time: 0.0140817
2026-05-09 18:14:23.574 9 INFO neutron.db.ovn_revision_numbers_db [None req-c4752f87-c2c2-4c0c-b673-364ee026e8eb fd5db9b2c4714df2903e07c91c63949b 75d1b071c9ea473ba3cfb08c399ef55d - - default default] Successfully bumped revision number for resource 515dee5f-6f42-490f-b707-360436f72b3b (type: routers) to 1
2026-05-09 18:14:23.581 10 WARNING neutron.scheduler.dhcp_agent_scheduler [None req-d93845e5-2ed6-426f-9872-f6f5196c95a2 13c377d66f0d44d09ed47218b8c3add4 64ceebd45b9143aa9314280f560b1e14 - - default default] No more DHCP agents
2026-05-09 18:14:23.583 10 WARNING neutron.api.rpc.agentnotifiers.dhcp_rpc_agent_api [None req-d93845e5-2ed6-426f-9872-f6f5196c95a2 13c377d66f0d44d09ed47218b8c3add4 64ceebd45b9143aa9314280f560b1e14 - - default default] Unable to schedule network 59f670a7-20fe-490b-b5e4-7411557e7780: no agents available; will retry on subsequent port and subnet creation events.
2026-05-09 18:14:23.587 9 INFO neutron.api.wsgi [None req-c4752f87-c2c2-4c0c-b673-364ee026e8eb fd5db9b2c4714df2903e07c91c63949b 75d1b071c9ea473ba3cfb08c399ef55d - - default default] 10.0.0.13 "POST /v2.0/routers HTTP/1.1" status: 201 len: 802 time: 0.1256258
2026-05-09 18:14:23.642 10 INFO neutron.api.wsgi [None req-3cd358d7-990d-42af-b210-dcf2037d1304 eeb06f2e737947319181263885889c97 060fb54941ec4ee78175ce5716b185b4 - - default default] 10.0.0.148 "GET /v2.0/networks HTTP/1.1" status: 200 len: 5322 time: 0.0875173
2026-05-09 18:14:23.697 10 INFO neutron.api.wsgi [None req-ba46377c-f9b4-43a4-9b94-a257b8e0a263 eeb06f2e737947319181263885889c97 060fb54941ec4ee78175ce5716b185b4 - - default default] 10.0.0.148 "GET /v2.0/subnets HTTP/1.1" status: 200 len: 4051 time: 0.0487339
2026-05-09 18:14:23.806 10 INFO neutron.api.wsgi [None req-9444580c-f756-4c50-8004-2afd1a5c6f87 eeb06f2e737947319181263885889c97 060fb54941ec4ee78175ce5716b185b4 - - default default] 10.0.0.148 "GET /v2.0/routers HTTP/1.1" status: 200 len: 1763 time: 0.1069934
2026-05-09 18:14:23.825 10 INFO neutron.api.wsgi [None req-8496ed04-d7dc-4b19-b0e6-95d7dd4ddfb4 eeb06f2e737947319181263885889c97 060fb54941ec4ee78175ce5716b185b4 - - default default] 10.0.0.148 "GET /v2.0/agents?binary=ovn-controller HTTP/1.1" status: 200 len: 591 time: 0.0166738
2026-05-09 18:14:23.882 10 INFO neutron.api.wsgi [None req-a2bd7e0c-23d9-4a41-88fd-ced4bb554250 eeb06f2e737947319181263885889c97 060fb54941ec4ee78175ce5716b185b4 - - default default] 10.0.0.148 "GET /v2.0/floatingips HTTP/1.1" status: 200 len: 1035 time: 0.0524540
2026-05-09 18:14:24.056 10 WARNING neutron.scheduler.dhcp_agent_scheduler [None req-a0841f4a-07f6-4e04-8417-dcabaacac744 fd5db9b2c4714df2903e07c91c63949b 75d1b071c9ea473ba3cfb08c399ef55d - - default default] No more DHCP agents
2026-05-09 18:14:24.058 10 WARNING neutron.api.rpc.agentnotifiers.dhcp_rpc_agent_api [None req-a0841f4a-07f6-4e04-8417-dcabaacac744 fd5db9b2c4714df2903e07c91c63949b 75d1b071c9ea473ba3cfb08c399ef55d - - default default] Unable to schedule network 497614fd-07e7-4376-b0e7-69be85d9d07f: no agents available; will retry on subsequent port and subnet creation events.
2026-05-09 18:14:24.210 10 INFO neutron.db.ovn_revision_numbers_db [None req-a0841f4a-07f6-4e04-8417-dcabaacac744 fd5db9b2c4714df2903e07c91c63949b 75d1b071c9ea473ba3cfb08c399ef55d - - default default] Successfully bumped revision number for resource a3f993f3-aeca-479e-a05d-7941dd3d2b18 (type: ports) to 1
2026-05-09 18:14:24.217 10 INFO neutron.db.ovn_revision_numbers_db [None req-919742e1-26b7-42ef-9945-e24e4ce7a54a - - - - - -] Successfully bumped revision number for resource 54c86fe6-ef9c-4b4c-abe9-ca7abaec50f6 (type: ports) to 2
2026-05-09 18:14:24.255 10 INFO neutron.db.ovn_revision_numbers_db [None req-919742e1-26b7-42ef-9945-e24e4ce7a54a - - - - - -] Successfully bumped revision number for resource 2b0617ce-c5c7-4d87-899b-756cdf3330f0 (type: subnets) to 0
2026-05-09 18:14:24.279 10 INFO neutron.api.wsgi [None req-d93845e5-2ed6-426f-9872-f6f5196c95a2 13c377d66f0d44d09ed47218b8c3add4 64ceebd45b9143aa9314280f560b1e14 - - default default] 10.0.0.13 "POST /v2.0/subnets HTTP/1.1" status: 201 len: 825 time: 1.0484791
2026-05-09 18:14:24.291 9 WARNING neutron_lib.context [None req-5b97db1b-2c63-42d6-ad7f-3acd193e869b 13c377d66f0d44d09ed47218b8c3add4 64ceebd45b9143aa9314280f560b1e14 - - default default] Method 'is_advsvc' is deprecated since 2023.2 release (neutron-lib 3.8.0) and will be removed once support for the old RBAC API policies will be removed from Neutron. Please use method 'is_service_role' instead.
2026-05-09 18:14:24.361 9 INFO neutron.api.wsgi [None req-f13c00a0-f621-49e5-8b55-7ab2d2d02e5c 809f7668c4f34f3c9917021962a9dbca 89cc5fc47a5a47f888d4d928203a0389 - - default default] 10.0.0.13 "POST /v2.0/qos/policies HTTP/1.1" status: 201 len: 558 time: 0.1702759
2026-05-09 18:14:24.391 9 INFO neutron.api.wsgi [None req-1809910a-6935-4650-a05b-1bb0e68d0acd 809f7668c4f34f3c9917021962a9dbca 89cc5fc47a5a47f888d4d928203a0389 - - default default] 10.0.0.13 "PUT /v2.0/policies/17149591-f24d-48bd-b062-5f45fd058146/tags HTTP/1.1" status: 200 len: 218 time: 0.0241077
2026-05-09 18:14:24.409 9 INFO neutron.db.segments_db [None req-5b97db1b-2c63-42d6-ad7f-3acd193e869b 13c377d66f0d44d09ed47218b8c3add4 64ceebd45b9143aa9314280f560b1e14 - - default default] Added segment 1b6abbf4-ffb2-44dc-b19a-45e45387ec28 of type geneve for network de6f5b0c-889c-4747-9e87-8195347633c5
2026-05-09 18:14:24.417 9 INFO neutron.api.wsgi [None req-24812c0e-86ff-447d-a47a-92ba37f57e34 809f7668c4f34f3c9917021962a9dbca 89cc5fc47a5a47f888d4d928203a0389 - - default default] 10.0.0.13 "GET /v2.0/policies/17149591-f24d-48bd-b062-5f45fd058146/tags HTTP/1.1" status: 200 len: 218 time: 0.0203152
2026-05-09 18:14:24.455 9 INFO neutron.api.wsgi [None req-6b2a26e9-6ecd-4032-b2da-b748b1ddf7cc 809f7668c4f34f3c9917021962a9dbca 89cc5fc47a5a47f888d4d928203a0389 - - default default] 10.0.0.13 "PUT /v2.0/policies/17149591-f24d-48bd-b062-5f45fd058146/tags/green HTTP/1.1" status: 201 len: 201 time: 0.0325322
2026-05-09 18:14:24.475 9 INFO neutron.api.wsgi [None req-e6d3094c-5f90-404c-b297-f35b24037601 809f7668c4f34f3c9917021962a9dbca 89cc5fc47a5a47f888d4d928203a0389 - - default default] 10.0.0.13 "GET /v2.0/policies/17149591-f24d-48bd-b062-5f45fd058146/tags HTTP/1.1" status: 200 len: 227 time: 0.0158851
2026-05-09 18:14:24.498 9 INFO neutron.api.wsgi [None req-68fd19d1-68a3-4786-aed4-90e1a2a767be 809f7668c4f34f3c9917021962a9dbca 89cc5fc47a5a47f888d4d928203a0389 - - default default] 10.0.0.13 "PUT /v2.0/policies/17149591-f24d-48bd-b062-5f45fd058146/tags/red HTTP/1.1" status: 201 len: 201 time: 0.0185935
2026-05-09 18:14:24.519 9 INFO neutron.api.wsgi [None req-75ed638c-a84e-4571-afa9-b153f03b0f15 809f7668c4f34f3c9917021962a9dbca 89cc5fc47a5a47f888d4d928203a0389 - - default default] 10.0.0.13 "GET /v2.0/policies/17149591-f24d-48bd-b062-5f45fd058146/tags HTTP/1.1" status: 200 len: 227 time: 0.0155866
2026-05-09 18:14:24.548 9 INFO neutron.db.ovn_revision_numbers_db [None req-5b97db1b-2c63-42d6-ad7f-3acd193e869b 13c377d66f0d44d09ed47218b8c3add4 64ceebd45b9143aa9314280f560b1e14 - - default default] Successfully bumped revision number for resource de6f5b0c-889c-4747-9e87-8195347633c5 (type: networks) to 1
2026-05-09 18:14:24.553 9 INFO neutron.api.wsgi [None req-3fc6a471-f60a-4bd8-a060-af30fab2c215 809f7668c4f34f3c9917021962a9dbca 89cc5fc47a5a47f888d4d928203a0389 - - default default] 10.0.0.13 "PUT /v2.0/policies/17149591-f24d-48bd-b062-5f45fd058146/tags/black.or.white HTTP/1.1" status: 201 len: 201 time: 0.0292859
2026-05-09 18:14:24.578 10 INFO neutron.api.wsgi [None req-40f6b09f-a368-42dc-a949-ddc6ae36ad6d 809f7668c4f34f3c9917021962a9dbca 89cc5fc47a5a47f888d4d928203a0389 - - default default] 10.0.0.13 "GET /v2.0/policies/17149591-f24d-48bd-b062-5f45fd058146/tags HTTP/1.1" status: 200 len: 245 time: 0.0218332
2026-05-09 18:14:24.616 10 INFO neutron.api.wsgi [None req-10a537d9-88c1-4281-b4b5-b29ee99322ba 809f7668c4f34f3c9917021962a9dbca 89cc5fc47a5a47f888d4d928203a0389 - - default default] 10.0.0.13 "PUT /v2.0/policies/17149591-f24d-48bd-b062-5f45fd058146/tags HTTP/1.1" status: 200 len: 230 time: 0.0314353
2026-05-09 18:14:24.646 10 INFO neutron.api.wsgi [None req-709d51e8-b4e2-4963-a55a-e89cbfc7145f 809f7668c4f34f3c9917021962a9dbca 89cc5fc47a5a47f888d4d928203a0389 - - default default] 10.0.0.13 "GET /v2.0/policies/17149591-f24d-48bd-b062-5f45fd058146/tags HTTP/1.1" status: 200 len: 230 time: 0.0249362
2026-05-09 18:14:24.672 9 INFO neutron.api.wsgi [None req-650dec0d-70e0-4ef5-b5b4-4d25fa3a5139 809f7668c4f34f3c9917021962a9dbca 89cc5fc47a5a47f888d4d928203a0389 - - default default] 10.0.0.13 "GET /v2.0/policies/17149591-f24d-48bd-b062-5f45fd058146/tags/red HTTP/1.1" status: 204 len: 168 time: 0.0213881
2026-05-09 18:14:24.672 10 INFO neutron.plugins.ml2.drivers.ovn.mech_driver.mech_driver [None req-6c9ba9a2-4c19-4d11-8306-037631046865 - - - - - -] OVN reports status up for port: a3f993f3-aeca-479e-a05d-7941dd3d2b18
2026-05-09 18:14:24.685 10 INFO neutron.plugins.ml2.plugin [None req-6c9ba9a2-4c19-4d11-8306-037631046865 - - - - - -] Attempt 1 to provision port a3f993f3-aeca-479e-a05d-7941dd3d2b18
2026-05-09 18:14:24.694 10 INFO neutron.db.ovn_revision_numbers_db [None req-a0841f4a-07f6-4e04-8417-dcabaacac744 fd5db9b2c4714df2903e07c91c63949b 75d1b071c9ea473ba3cfb08c399ef55d - - default default] Successfully bumped revision number for resource a3f993f3-aeca-479e-a05d-7941dd3d2b18 (type: ports) to 1
2026-05-09 18:14:24.700 9 INFO neutron.api.v2.resource [None req-36fd2624-6501-47f2-bf97-0305a6dbe27c 809f7668c4f34f3c9917021962a9dbca 89cc5fc47a5a47f888d4d928203a0389 - - default default] show failed (client error): The resource could not be found.
2026-05-09 18:14:24.702 9 INFO neutron.api.wsgi [None req-36fd2624-6501-47f2-bf97-0305a6dbe27c 809f7668c4f34f3c9917021962a9dbca 89cc5fc47a5a47f888d4d928203a0389 - - default default] 10.0.0.13 "GET /v2.0/policies/17149591-f24d-48bd-b062-5f45fd058146/tags/green HTTP/1.1" status: 404 len: 299 time: 0.0251455
2026-05-09 18:14:24.727 9 WARNING neutron.scheduler.dhcp_agent_scheduler [None req-5b97db1b-2c63-42d6-ad7f-3acd193e869b 13c377d66f0d44d09ed47218b8c3add4 64ceebd45b9143aa9314280f560b1e14 - - default default] No more DHCP agents
2026-05-09 18:14:24.729 9 WARNING neutron.api.rpc.agentnotifiers.dhcp_rpc_agent_api [None req-5b97db1b-2c63-42d6-ad7f-3acd193e869b 13c377d66f0d44d09ed47218b8c3add4 64ceebd45b9143aa9314280f560b1e14 - - default default] Unable to schedule network de6f5b0c-889c-4747-9e87-8195347633c5: no agents available; will retry on subsequent port and subnet creation events.
2026-05-09 18:14:24.744 10 WARNING neutron.scheduler.dhcp_agent_scheduler [None req-a0841f4a-07f6-4e04-8417-dcabaacac744 fd5db9b2c4714df2903e07c91c63949b 75d1b071c9ea473ba3cfb08c399ef55d - - default default] No more DHCP agents
2026-05-09 18:14:24.749 10 WARNING neutron.api.rpc.agentnotifiers.dhcp_rpc_agent_api [None req-a0841f4a-07f6-4e04-8417-dcabaacac744 fd5db9b2c4714df2903e07c91c63949b 75d1b071c9ea473ba3cfb08c399ef55d - - default default] Unable to schedule network 497614fd-07e7-4376-b0e7-69be85d9d07f: no agents available; will retry on subsequent port and subnet creation events.
2026-05-09 18:14:24.748 9 INFO neutron.api.wsgi [None req-76becd36-cb87-4467-a33b-9a8921ffe898 809f7668c4f34f3c9917021962a9dbca 89cc5fc47a5a47f888d4d928203a0389 - - default default] 10.0.0.13 "DELETE /v2.0/policies/17149591-f24d-48bd-b062-5f45fd058146/tags/red HTTP/1.1" status: 204 len: 168 time: 0.0416362
2026-05-09 18:14:24.798 9 INFO neutron.api.wsgi [None req-ea6d6070-6f11-419a-896b-68398bb91f70 809f7668c4f34f3c9917021962a9dbca 89cc5fc47a5a47f888d4d928203a0389 - - default default] 10.0.0.13 "GET /v2.0/policies/17149591-f24d-48bd-b062-5f45fd058146/tags HTTP/1.1" status: 200 len: 223 time: 0.0415797
2026-05-09 18:14:24.848 9 INFO neutron.api.v2.resource [None req-1ac6c1d9-09d8-4fa0-9d9c-4541c8468673 809f7668c4f34f3c9917021962a9dbca 89cc5fc47a5a47f888d4d928203a0389 - - default default] delete failed (client error): The resource could not be found.
2026-05-09 18:14:24.850 9 INFO neutron.api.wsgi [None req-1ac6c1d9-09d8-4fa0-9d9c-4541c8468673 809f7668c4f34f3c9917021962a9dbca 89cc5fc47a5a47f888d4d928203a0389 - - default default] 10.0.0.13 "DELETE /v2.0/policies/17149591-f24d-48bd-b062-5f45fd058146/tags/green HTTP/1.1" status: 404 len: 299 time: 0.0455143
2026-05-09 18:14:24.865 9 INFO neutron.db.ovn_revision_numbers_db [None req-5b97db1b-2c63-42d6-ad7f-3acd193e869b 13c377d66f0d44d09ed47218b8c3add4 64ceebd45b9143aa9314280f560b1e14 - - default default] Successfully bumped revision number for resource 26119152-7a3a-431d-9e9a-dfccaf029569 (type: ports) to 1
2026-05-09 18:14:24.884 9 INFO neutron.api.wsgi [req-a0fe327e-9f0e-411a-b2c9-826a6a0b41e9 req-9c22dde9-17a9-43f6-bdc5-83bb68a91e67 c28037732c7340848d26cc0cb94af0d0 a5baad018ea34ee0ab508c948d138339 - - default default] 10.0.0.11 "GET /v2.0/ports?device_id=46f39332-436e-4d3b-b557-d7d875e438b3 HTTP/1.1" status: 200 len: 1170 time: 0.1268051
2026-05-09 18:14:24.896 9 INFO neutron.api.wsgi [None req-5b97db1b-2c63-42d6-ad7f-3acd193e869b 13c377d66f0d44d09ed47218b8c3add4 64ceebd45b9143aa9314280f560b1e14 - - default default] 10.0.0.13 "POST /v2.0/networks HTTP/1.1" status: 201 len: 831 time: 0.6119037
2026-05-09 18:14:24.904 9 WARNING neutron_lib.context [None req-e5814267-a719-4bac-8eff-6fb344ba1eaa 13c377d66f0d44d09ed47218b8c3add4 64ceebd45b9143aa9314280f560b1e14 - - default default] Method 'is_advsvc' is deprecated since 2023.2 release (neutron-lib 3.8.0) and will be removed once support for the old RBAC API policies will be removed from Neutron. Please use method 'is_service_role' instead.
2026-05-09 18:14:24.906 9 INFO neutron.api.wsgi [None req-66fb65a1-b22c-44a3-8d3a-a6451563c966 809f7668c4f34f3c9917021962a9dbca 89cc5fc47a5a47f888d4d928203a0389 - - default default] 10.0.0.13 "DELETE /v2.0/policies/17149591-f24d-48bd-b062-5f45fd058146/tags HTTP/1.1" status: 204 len: 168 time: 0.0513813
2026-05-09 18:14:24.933 9 INFO neutron.api.wsgi [req-a0fe327e-9f0e-411a-b2c9-826a6a0b41e9 req-5e4d719d-3635-4e32-9a1a-a50d5e82ee18 c28037732c7340848d26cc0cb94af0d0 a5baad018ea34ee0ab508c948d138339 - - default default] 10.0.0.11 "GET /v2.0/security-groups?id=7aca3646-de48-4a39-a235-24a2123a4ab4&fields=id&fields=name HTTP/1.1" status: 200 len: 312 time: 0.0447264
2026-05-09 18:14:24.935 9 INFO neutron.api.wsgi [None req-30c2f076-9147-422f-8882-f9aad1c30843 809f7668c4f34f3c9917021962a9dbca 89cc5fc47a5a47f888d4d928203a0389 - - default default] 10.0.0.13 "GET /v2.0/policies/17149591-f24d-48bd-b062-5f45fd058146/tags HTTP/1.1" status: 200 len: 205 time: 0.0229354
2026-05-09 18:14:24.989 9 INFO neutron.api.wsgi [None req-53645202-c2b9-4f79-bfc4-ce953bf80732 809f7668c4f34f3c9917021962a9dbca 89cc5fc47a5a47f888d4d928203a0389 - - default default] 10.0.0.13 "DELETE /v2.0/qos/policies/17149591-f24d-48bd-b062-5f45fd058146 HTTP/1.1" status: 204 len: 168 time: 0.0481703
2026-05-09 18:14:25.112 9 WARNING neutron.scheduler.dhcp_agent_scheduler [None req-e5814267-a719-4bac-8eff-6fb344ba1eaa 13c377d66f0d44d09ed47218b8c3add4 64ceebd45b9143aa9314280f560b1e14 - - default default] No more DHCP agents
2026-05-09 18:14:25.113 9 WARNING neutron.api.rpc.agentnotifiers.dhcp_rpc_agent_api [None req-e5814267-a719-4bac-8eff-6fb344ba1eaa 13c377d66f0d44d09ed47218b8c3add4 64ceebd45b9143aa9314280f560b1e14 - - default default] Unable to schedule network de6f5b0c-889c-4747-9e87-8195347633c5: no agents available; will retry on subsequent port and subnet creation events.
2026-05-09 18:14:25.190 10 INFO neutron.db.ovn_revision_numbers_db [None req-a0841f4a-07f6-4e04-8417-dcabaacac744 fd5db9b2c4714df2903e07c91c63949b 75d1b071c9ea473ba3cfb08c399ef55d - - default default] Successfully bumped revision number for resource a3f993f3-aeca-479e-a05d-7941dd3d2b18 (type: router_ports) to 1
2026-05-09 18:14:25.194 10 INFO neutron.api.wsgi [None req-a0841f4a-07f6-4e04-8417-dcabaacac744 fd5db9b2c4714df2903e07c91c63949b 75d1b071c9ea473ba3cfb08c399ef55d - - default default] 10.0.0.13 "PUT /v2.0/routers/515dee5f-6f42-490f-b707-360436f72b3b/add_router_interface HTTP/1.1" status: 200 len: 503 time: 1.5970776
2026-05-09 18:14:25.302 10 INFO neutron.api.wsgi [None req-99fa2681-fb94-4fa1-9197-729dc8def75f fd5db9b2c4714df2903e07c91c63949b 75d1b071c9ea473ba3cfb08c399ef55d - - default default] 10.0.0.13 "GET /v2.0/ports/a3f993f3-aeca-479e-a05d-7941dd3d2b18 HTTP/1.1" status: 200 len: 1137 time: 0.1017432
2026-05-09 18:14:25.341 10 INFO neutron.db.ovn_revision_numbers_db [None req-6c9ba9a2-4c19-4d11-8306-037631046865 - - - - - -] Successfully bumped revision number for resource a3f993f3-aeca-479e-a05d-7941dd3d2b18 (type: ports) to 2
2026-05-09 18:14:25.544 9 INFO neutron.db.ovn_revision_numbers_db [None req-9f3f02cb-c04b-4efe-902c-3130170d08ec - - - - - -] Successfully bumped revision number for resource 26119152-7a3a-431d-9e9a-dfccaf029569 (type: ports) to 2
2026-05-09 18:14:25.578 9 INFO neutron.db.ovn_revision_numbers_db [None req-9f3f02cb-c04b-4efe-902c-3130170d08ec - - - - - -] Successfully bumped revision number for resource fcb8a15d-7228-41f2-90d1-3baf67a8e8ff (type: subnets) to 0
2026-05-09 18:14:25.596 9 INFO neutron.api.wsgi [None req-e5814267-a719-4bac-8eff-6fb344ba1eaa 13c377d66f0d44d09ed47218b8c3add4 64ceebd45b9143aa9314280f560b1e14 - - default default] 10.0.0.13 "POST /v2.0/subnets HTTP/1.1" status: 201 len: 828 time: 0.6960459
2026-05-09 18:14:25.605 9 WARNING neutron_lib.context [None req-30fe1dd3-b589-4018-a33e-3a0aaf45866e 13c377d66f0d44d09ed47218b8c3add4 64ceebd45b9143aa9314280f560b1e14 - - default default] Method 'is_advsvc' is deprecated since 2023.2 release (neutron-lib 3.8.0) and will be removed once support for the old RBAC API policies will be removed from Neutron. Please use method 'is_service_role' instead.
2026-05-09 18:14:25.682 9 INFO neutron.db.segments_db [None req-30fe1dd3-b589-4018-a33e-3a0aaf45866e 13c377d66f0d44d09ed47218b8c3add4 64ceebd45b9143aa9314280f560b1e14 - - default default] Added segment 66ad0ba4-9f81-4fbe-a01c-a1f537c92591 of type geneve for network 6e314ca0-48a0-4bcd-bd3f-5d8a8e745661
2026-05-09 18:14:25.729 10 WARNING neutron.scheduler.dhcp_agent_scheduler [None req-13af4b7b-a7fc-49a7-9601-e2af0d045f46 fd5db9b2c4714df2903e07c91c63949b 75d1b071c9ea473ba3cfb08c399ef55d - - default default] No more DHCP agents
2026-05-09 18:14:25.732 10 WARNING neutron.api.rpc.agentnotifiers.dhcp_rpc_agent_api [None req-13af4b7b-a7fc-49a7-9601-e2af0d045f46 fd5db9b2c4714df2903e07c91c63949b 75d1b071c9ea473ba3cfb08c399ef55d - - default default] Unable to schedule network c167e336-0064-4309-9576-f71debc926e3: no agents available; will retry on subsequent port and subnet creation events.
2026-05-09 18:14:25.778 10 INFO neutron.db.ovn_revision_numbers_db [None req-e558bd03-440d-453c-b5e7-6bc91dc76f87 eeb06f2e737947319181263885889c97 060fb54941ec4ee78175ce5716b185b4 - - default default] Successfully bumped revision number for resource 4bf4d3ba-33b5-4330-bc07-b5f1b96cc208 (type: security_groups) to 1
2026-05-09 18:14:25.793 10 INFO neutron.db.ovn_revision_numbers_db [None req-e558bd03-440d-453c-b5e7-6bc91dc76f87 eeb06f2e737947319181263885889c97 060fb54941ec4ee78175ce5716b185b4 - - default default] Successfully bumped revision number for resource 906284f4-f3f5-4c97-8fd1-f0a884d80063 (type: security_group_rules) to 0
2026-05-09 18:14:25.804 9 INFO neutron.db.ovn_revision_numbers_db [None req-30fe1dd3-b589-4018-a33e-3a0aaf45866e 13c377d66f0d44d09ed47218b8c3add4 64ceebd45b9143aa9314280f560b1e14 - - default default] Successfully bumped revision number for resource 6e314ca0-48a0-4bcd-bd3f-5d8a8e745661 (type: networks) to 1
2026-05-09 18:14:25.810 10 INFO neutron.db.ovn_revision_numbers_db [None req-e558bd03-440d-453c-b5e7-6bc91dc76f87 eeb06f2e737947319181263885889c97 060fb54941ec4ee78175ce5716b185b4 - - default default] Successfully bumped revision number for resource 91509c0a-adc3-4251-a16a-6236fb60dd06 (type: security_group_rules) to 0
2026-05-09 18:14:25.823 10 INFO neutron.db.ovn_revision_numbers_db [None req-e558bd03-440d-453c-b5e7-6bc91dc76f87 eeb06f2e737947319181263885889c97 060fb54941ec4ee78175ce5716b185b4 - - default default] Successfully bumped revision number for resource cee1993f-76cb-4e3a-abe7-575e7f082d3c (type: security_group_rules) to 0
2026-05-09 18:14:25.840 10 INFO neutron.db.ovn_revision_numbers_db [None req-e558bd03-440d-453c-b5e7-6bc91dc76f87 eeb06f2e737947319181263885889c97 060fb54941ec4ee78175ce5716b185b4 - - default default] Successfully bumped revision number for resource dfa4ff20-de8a-438b-809d-9b59947c48bf (type: security_group_rules) to 0
2026-05-09 18:14:25.853 10 INFO neutron.db.ovn_revision_numbers_db [None req-13af4b7b-a7fc-49a7-9601-e2af0d045f46 fd5db9b2c4714df2903e07c91c63949b 75d1b071c9ea473ba3cfb08c399ef55d - - default default] Successfully bumped revision number for resource 7e4f6704-a958-4858-acbc-4f9e5aa62de5 (type: ports) to 1
2026-05-09 18:14:25.877 10 INFO neutron.api.wsgi [None req-e558bd03-440d-453c-b5e7-6bc91dc76f87 eeb06f2e737947319181263885889c97 060fb54941ec4ee78175ce5716b185b4 - - default default] 10.0.0.13 "GET /v2.0/security-groups?tenant_id=89cc5fc47a5a47f888d4d928203a0389&name=default HTTP/1.1" status: 200 len: 3120 time: 0.2811813
2026-05-09 18:14:25.996 9 WARNING neutron.scheduler.dhcp_agent_scheduler [None req-30fe1dd3-b589-4018-a33e-3a0aaf45866e 13c377d66f0d44d09ed47218b8c3add4 64ceebd45b9143aa9314280f560b1e14 - - default default] No more DHCP agents
2026-05-09 18:14:25.997 9 WARNING neutron.api.rpc.agentnotifiers.dhcp_rpc_agent_api [None req-30fe1dd3-b589-4018-a33e-3a0aaf45866e 13c377d66f0d44d09ed47218b8c3add4 64ceebd45b9143aa9314280f560b1e14 - - default default] Unable to schedule network 6e314ca0-48a0-4bcd-bd3f-5d8a8e745661: no agents available; will retry on subsequent port and subnet creation events.
2026-05-09 18:14:26.099 9 INFO neutron.db.ovn_revision_numbers_db [None req-30fe1dd3-b589-4018-a33e-3a0aaf45866e 13c377d66f0d44d09ed47218b8c3add4 64ceebd45b9143aa9314280f560b1e14 - - default default] Successfully bumped revision number for resource 575e4d5e-4ac2-4963-883b-462cf780e0c8 (type: ports) to 1
2026-05-09 18:14:26.099 10 INFO neutron.api.wsgi [req-624537c9-0f08-4119-be99-8284b7215d20 req-a1340625-5c6e-4489-8671-985046e8692c c28037732c7340848d26cc0cb94af0d0 a5baad018ea34ee0ab508c948d138339 - - default default] 10.0.0.11 "GET /v2.0/ports?device_id=46f39332-436e-4d3b-b557-d7d875e438b3 HTTP/1.1" status: 200 len: 1170 time: 0.0949459
2026-05-09 18:14:26.122 9 INFO neutron.api.wsgi [None req-30fe1dd3-b589-4018-a33e-3a0aaf45866e 13c377d66f0d44d09ed47218b8c3add4 64ceebd45b9143aa9314280f560b1e14 - - default default] 10.0.0.13 "POST /v2.0/networks HTTP/1.1" status: 201 len: 831 time: 0.5202036
2026-05-09 18:14:26.133 9 WARNING neutron_lib.context [None req-1a3ca2a7-ece0-4c27-b826-db661af626e1 13c377d66f0d44d09ed47218b8c3add4 64ceebd45b9143aa9314280f560b1e14 - - default default] Method 'is_advsvc' is deprecated since 2023.2 release (neutron-lib 3.8.0) and will be removed once support for the old RBAC API policies will be removed from Neutron. Please use method 'is_service_role' instead.
2026-05-09 18:14:26.160 10 INFO neutron.api.wsgi [req-624537c9-0f08-4119-be99-8284b7215d20 req-478a57fd-470b-478a-a991-6022b9752d1b c28037732c7340848d26cc0cb94af0d0 a5baad018ea34ee0ab508c948d138339 - - default default] 10.0.0.11 "GET /v2.0/security-groups?id=7aca3646-de48-4a39-a235-24a2123a4ab4&fields=id&fields=name HTTP/1.1" status: 200 len: 312 time: 0.0510004
2026-05-09 18:14:26.168 10 INFO neutron.api.wsgi [None req-989089c3-9436-4b30-8464-72bb41d6ceb2 eeb06f2e737947319181263885889c97 060fb54941ec4ee78175ce5716b185b4 - - default default] 10.0.0.13 "DELETE /v2.0/security-groups/4bf4d3ba-33b5-4330-bc07-b5f1b96cc208 HTTP/1.1" status: 204 len: 168 time: 0.2848406
2026-05-09 18:14:26.314 9 WARNING neutron.scheduler.dhcp_agent_scheduler [None req-1a3ca2a7-ece0-4c27-b826-db661af626e1 13c377d66f0d44d09ed47218b8c3add4 64ceebd45b9143aa9314280f560b1e14 - - default default] No more DHCP agents
2026-05-09 18:14:26.316 9 WARNING neutron.api.rpc.agentnotifiers.dhcp_rpc_agent_api [None req-1a3ca2a7-ece0-4c27-b826-db661af626e1 13c377d66f0d44d09ed47218b8c3add4 64ceebd45b9143aa9314280f560b1e14 - - default default] Unable to schedule network 6e314ca0-48a0-4bcd-bd3f-5d8a8e745661: no agents available; will retry on subsequent port and subnet creation events.
2026-05-09 18:14:26.395 10 INFO neutron.db.ovn_revision_numbers_db [None req-18e5312e-2b24-459d-a407-e4a21294ef98 eeb06f2e737947319181263885889c97 060fb54941ec4ee78175ce5716b185b4 - - default default] Successfully bumped revision number for resource bdc59625-1299-4431-a603-a24e7fae9656 (type: security_groups) to 1
2026-05-09 18:14:26.415 10 INFO neutron.db.ovn_revision_numbers_db [None req-18e5312e-2b24-459d-a407-e4a21294ef98 eeb06f2e737947319181263885889c97 060fb54941ec4ee78175ce5716b185b4 - - default default] Successfully bumped revision number for resource 504938c7-0aaa-4863-b167-d57e2e518e2b (type: security_group_rules) to 0
2026-05-09 18:14:26.427 9 INFO neutron.plugins.ml2.drivers.ovn.mech_driver.mech_driver [None req-028f2b95-c220-49c5-8df1-825b2af8bf37 - - - - - -] OVN reports status up for port: 7e4f6704-a958-4858-acbc-4f9e5aa62de5
2026-05-09 18:14:26.433 10 INFO neutron.db.ovn_revision_numbers_db [None req-18e5312e-2b24-459d-a407-e4a21294ef98 eeb06f2e737947319181263885889c97 060fb54941ec4ee78175ce5716b185b4 - - default default] Successfully bumped revision number for resource 7b16dcf1-1ffc-431b-9d66-040ff216b3db (type: security_group_rules) to 0
2026-05-09 18:14:26.448 10 INFO neutron.db.ovn_revision_numbers_db [None req-18e5312e-2b24-459d-a407-e4a21294ef98 eeb06f2e737947319181263885889c97 060fb54941ec4ee78175ce5716b185b4 - - default default] Successfully bumped revision number for resource 87135dcf-c923-41fa-8cfd-ff0efc0bde45 (type: security_group_rules) to 0
2026-05-09 18:14:26.450 10 INFO neutron.db.ovn_revision_numbers_db [None req-13af4b7b-a7fc-49a7-9601-e2af0d045f46 fd5db9b2c4714df2903e07c91c63949b 75d1b071c9ea473ba3cfb08c399ef55d - - default default] Successfully bumped revision number for resource 7e4f6704-a958-4858-acbc-4f9e5aa62de5 (type: ports) to 1
2026-05-09 18:14:26.452 9 INFO neutron.plugins.ml2.plugin [None req-028f2b95-c220-49c5-8df1-825b2af8bf37 - - - - - -] Attempt 1 to provision port 7e4f6704-a958-4858-acbc-4f9e5aa62de5
2026-05-09 18:14:26.463 10 INFO neutron.db.ovn_revision_numbers_db [None req-18e5312e-2b24-459d-a407-e4a21294ef98 eeb06f2e737947319181263885889c97 060fb54941ec4ee78175ce5716b185b4 - - default default] Successfully bumped revision number for resource 8aa4093c-8fa6-48d9-9235-ef54ca518013 (type: security_group_rules) to 0
2026-05-09 18:14:26.497 10 INFO neutron.api.wsgi [None req-18e5312e-2b24-459d-a407-e4a21294ef98 eeb06f2e737947319181263885889c97 060fb54941ec4ee78175ce5716b185b4 - - default default] 10.0.0.13 "GET /v2.0/security-groups?tenant_id=05c544458763438c85f2c2a2d75b1c14&name=default HTTP/1.1" status: 200 len: 3120 time: 0.2306042
2026-05-09 18:14:26.503 10 WARNING neutron.scheduler.dhcp_agent_scheduler [None req-13af4b7b-a7fc-49a7-9601-e2af0d045f46 fd5db9b2c4714df2903e07c91c63949b 75d1b071c9ea473ba3cfb08c399ef55d - - default default] No more DHCP agents
2026-05-09 18:14:26.511 10 WARNING neutron.api.rpc.agentnotifiers.dhcp_rpc_agent_api [None req-13af4b7b-a7fc-49a7-9601-e2af0d045f46 fd5db9b2c4714df2903e07c91c63949b 75d1b071c9ea473ba3cfb08c399ef55d - - default default] Unable to schedule network c167e336-0064-4309-9576-f71debc926e3: no agents available; will retry on subsequent port and subnet creation events.
2026-05-09 18:14:26.539 10 INFO neutron.api.wsgi [req-eb05d207-a631-4e67-8ff6-d88c498dcb1f req-e4f5fe9e-6aeb-4b29-9707-2bb5795df5d6 c28037732c7340848d26cc0cb94af0d0 a5baad018ea34ee0ab508c948d138339 - - default default] 199.204.45.30 "GET /v2.0/ports?device_id=46f39332-436e-4d3b-b557-d7d875e438b3 HTTP/1.1" status: 200 len: 1170 time: 0.0363991
2026-05-09 18:14:26.777 10 INFO neutron.db.ovn_revision_numbers_db [None req-13af4b7b-a7fc-49a7-9601-e2af0d045f46 fd5db9b2c4714df2903e07c91c63949b 75d1b071c9ea473ba3cfb08c399ef55d - - default default] Successfully bumped revision number for resource 7e4f6704-a958-4858-acbc-4f9e5aa62de5 (type: router_ports) to 1
2026-05-09 18:14:26.781 10 INFO neutron.api.wsgi [None req-13af4b7b-a7fc-49a7-9601-e2af0d045f46 fd5db9b2c4714df2903e07c91c63949b 75d1b071c9ea473ba3cfb08c399ef55d - - default default] 10.0.0.13 "PUT /v2.0/routers/515dee5f-6f42-490f-b707-360436f72b3b/add_router_interface HTTP/1.1" status: 200 len: 503 time: 1.4733856
2026-05-09 18:14:26.839 9 INFO neutron.api.wsgi [None req-64c5cc1d-e583-4387-b9fd-41869dfe8901 fd5db9b2c4714df2903e07c91c63949b 75d1b071c9ea473ba3cfb08c399ef55d - - default default] 10.0.0.13 "GET /v2.0/ports/7e4f6704-a958-4858-acbc-4f9e5aa62de5 HTTP/1.1" status: 200 len: 1137 time: 0.0476420
2026-05-09 18:14:26.879 9 INFO neutron.api.wsgi [None req-9630b11e-6cdd-4b9c-9710-c0f1f9e01caa eeb06f2e737947319181263885889c97 060fb54941ec4ee78175ce5716b185b4 - - default default] 10.0.0.13 "DELETE /v2.0/security-groups/bdc59625-1299-4431-a603-a24e7fae9656 HTTP/1.1" status: 204 len: 168 time: 0.3756974
2026-05-09 18:14:26.887 10 INFO neutron.db.l3_db [req-eb05d207-a631-4e67-8ff6-d88c498dcb1f req-bf5f6137-df86-44dd-ba44-8d38686f9d93 c28037732c7340848d26cc0cb94af0d0 a5baad018ea34ee0ab508c948d138339 - - default default] Floating IP 240231ad-cc4e-4181-896c-789d1220161f disassociated. External IP: 10.96.250.216, port: f3a2bb7f-923c-489f-b887-1b4720ea793e.
2026-05-09 18:14:26.895 9 INFO neutron.api.wsgi [None req-f9b316ee-4572-4334-b5d5-4b70285fdb5d fd5db9b2c4714df2903e07c91c63949b 75d1b071c9ea473ba3cfb08c399ef55d - - default default] 10.0.0.13 "GET /v2.0/ports/7e4f6704-a958-4858-acbc-4f9e5aa62de5 HTTP/1.1" status: 200 len: 1137 time: 0.0510290
2026-05-09 18:14:26.897 9 INFO neutron.db.ovn_revision_numbers_db [None req-a95f1868-5a7d-49b9-8b96-15f3f9deaf62 - - - - - -] Successfully bumped revision number for resource 575e4d5e-4ac2-4963-883b-462cf780e0c8 (type: ports) to 2
2026-05-09 18:14:26.974 9 INFO neutron.db.ovn_revision_numbers_db [None req-a95f1868-5a7d-49b9-8b96-15f3f9deaf62 - - - - - -] Successfully bumped revision number for resource 8952de80-d7c8-4bf8-94c6-a48d1cc33892 (type: subnets) to 0
2026-05-09 18:14:26.996 10 INFO neutron.api.wsgi [req-eb05d207-a631-4e67-8ff6-d88c498dcb1f req-bf5f6137-df86-44dd-ba44-8d38686f9d93 c28037732c7340848d26cc0cb94af0d0 a5baad018ea34ee0ab508c948d138339 - - default default] 199.204.45.30 "DELETE /v2.0/ports/f3a2bb7f-923c-489f-b887-1b4720ea793e HTTP/1.1" status: 204 len: 173 time: 0.4435606
2026-05-09 18:14:26.997 9 INFO neutron.api.wsgi [None req-1a3ca2a7-ece0-4c27-b826-db661af626e1 13c377d66f0d44d09ed47218b8c3add4 64ceebd45b9143aa9314280f560b1e14 - - default default] 10.0.0.13 "POST /v2.0/subnets HTTP/1.1" status: 201 len: 828 time: 0.8691261
2026-05-09 18:14:27.010 9 WARNING neutron_lib.context [None req-b8835b85-921b-4cbd-8807-1a6672c5286c 13c377d66f0d44d09ed47218b8c3add4 64ceebd45b9143aa9314280f560b1e14 - - default default] Method 'is_advsvc' is deprecated since 2023.2 release (neutron-lib 3.8.0) and will be removed once support for the old RBAC API policies will be removed from Neutron. Please use method 'is_service_role' instead.
2026-05-09 18:14:27.029 10 INFO neutron.notifiers.nova [-] Nova event matching ['req-b5ca9497-b3c2-4d57-acc1-10d7773ceb34'] response: {'server_uuid': '46f39332-436e-4d3b-b557-d7d875e438b3', 'name': 'network-vif-deleted', 'tag': 'f3a2bb7f-923c-489f-b887-1b4720ea793e', 'status': 'completed', 'code': 200}
2026-05-09 18:14:27.069 9 INFO neutron.db.ovn_revision_numbers_db [None req-028f2b95-c220-49c5-8df1-825b2af8bf37 - - - - - -] Successfully bumped revision number for resource 7e4f6704-a958-4858-acbc-4f9e5aa62de5 (type: ports) to 2
2026-05-09 18:14:27.111 9 INFO neutron.db.segments_db [None req-b8835b85-921b-4cbd-8807-1a6672c5286c 13c377d66f0d44d09ed47218b8c3add4 64ceebd45b9143aa9314280f560b1e14 - - default default] Added segment e175baad-638f-465b-ba4d-1112cf8f1c15 of type geneve for network 389240de-1319-427f-b6e3-76e87a5aeeab
2026-05-09 18:14:27.249 9 INFO neutron.db.ovn_revision_numbers_db [None req-b8835b85-921b-4cbd-8807-1a6672c5286c 13c377d66f0d44d09ed47218b8c3add4 64ceebd45b9143aa9314280f560b1e14 - - default default] Successfully bumped revision number for resource 389240de-1319-427f-b6e3-76e87a5aeeab (type: networks) to 1
2026-05-09 18:14:27.268 10 INFO neutron.api.wsgi [req-344067b4-ed6c-4551-b6f7-52d6ced4dd14 req-1a4ed3a9-a949-41cf-b3ba-81738d859703 c28037732c7340848d26cc0cb94af0d0 a5baad018ea34ee0ab508c948d138339 - - default default] 10.0.0.11 "GET /v2.0/ports?device_id=46f39332-436e-4d3b-b557-d7d875e438b3 HTTP/1.1" status: 200 len: 210 time: 0.0164456
2026-05-09 18:14:27.426 9 WARNING neutron.scheduler.dhcp_agent_scheduler [None req-b8835b85-921b-4cbd-8807-1a6672c5286c 13c377d66f0d44d09ed47218b8c3add4 64ceebd45b9143aa9314280f560b1e14 - - default default] No more DHCP agents
2026-05-09 18:14:27.428 9 WARNING neutron.api.rpc.agentnotifiers.dhcp_rpc_agent_api [None req-b8835b85-921b-4cbd-8807-1a6672c5286c 13c377d66f0d44d09ed47218b8c3add4 64ceebd45b9143aa9314280f560b1e14 - - default default] Unable to schedule network 389240de-1319-427f-b6e3-76e87a5aeeab: no agents available; will retry on subsequent port and subnet creation events.
2026-05-09 18:14:27.510 9 INFO neutron.db.ovn_revision_numbers_db [None req-b8835b85-921b-4cbd-8807-1a6672c5286c 13c377d66f0d44d09ed47218b8c3add4 64ceebd45b9143aa9314280f560b1e14 - - default default] Successfully bumped revision number for resource 4145c3ee-35a9-42dd-9487-7b5d9795af0b (type: ports) to 1
2026-05-09 18:14:27.536 9 INFO neutron.api.wsgi [None req-b8835b85-921b-4cbd-8807-1a6672c5286c 13c377d66f0d44d09ed47218b8c3add4 64ceebd45b9143aa9314280f560b1e14 - - default default] 10.0.0.13 "POST /v2.0/networks HTTP/1.1" status: 201 len: 829 time: 0.5314963
2026-05-09 18:14:27.552 10 WARNING neutron_lib.context [None req-e6ba1431-2e3f-48af-9772-ab8df13b6d0e 13c377d66f0d44d09ed47218b8c3add4 64ceebd45b9143aa9314280f560b1e14 - - default default] Method 'is_advsvc' is deprecated since 2023.2 release (neutron-lib 3.8.0) and will be removed once support for the old RBAC API policies will be removed from Neutron. Please use method 'is_service_role' instead.
2026-05-09 18:14:27.647 9 INFO neutron.api.wsgi [None req-3820500f-71b4-48b3-95f2-7dc1bfef5c86 fd5db9b2c4714df2903e07c91c63949b 75d1b071c9ea473ba3cfb08c399ef55d - - default default] 10.0.0.13 "PUT /v2.0/routers/515dee5f-6f42-490f-b707-360436f72b3b/remove_router_interface HTTP/1.1" status: 200 len: 503 time: 0.7377803 /var/lib/openstack/lib/python3.12/site-packages/pycadf/identifier.py:71: UserWarning: Invalid uuid: neutron. To ensure interoperability, identifiers should be a valid uuid. warnings.warn(('Invalid uuid: %s. To ensure interoperability, '
2026-05-09 18:14:27.726 9 INFO neutron.api.wsgi [None req-60e296da-a1a5-450b-bc08-24d86ee3d54d fd5db9b2c4714df2903e07c91c63949b 75d1b071c9ea473ba3cfb08c399ef55d - - default default] 10.0.0.13 "GET /v2.0/ports/a3f993f3-aeca-479e-a05d-7941dd3d2b18 HTTP/1.1" status: 200 len: 1137 time: 0.0756509
2026-05-09 18:14:27.770 10 WARNING neutron.scheduler.dhcp_agent_scheduler [None req-e6ba1431-2e3f-48af-9772-ab8df13b6d0e 13c377d66f0d44d09ed47218b8c3add4 64ceebd45b9143aa9314280f560b1e14 - - default default] No more DHCP agents
2026-05-09 18:14:27.771 10 WARNING neutron.api.rpc.agentnotifiers.dhcp_rpc_agent_api [None req-e6ba1431-2e3f-48af-9772-ab8df13b6d0e 13c377d66f0d44d09ed47218b8c3add4 64ceebd45b9143aa9314280f560b1e14 - - default default] Unable to schedule network 389240de-1319-427f-b6e3-76e87a5aeeab: no agents available; will retry on subsequent port and subnet creation events.
2026-05-09 18:14:28.194 10 INFO neutron.db.ovn_revision_numbers_db [None req-f2702c25-20e4-4e38-835d-3e73d134f862 - - - - - -] Successfully bumped revision number for resource 4145c3ee-35a9-42dd-9487-7b5d9795af0b (type: ports) to 2
2026-05-09 18:14:28.222 10 INFO neutron.db.ovn_revision_numbers_db [None req-f2702c25-20e4-4e38-835d-3e73d134f862 - - - - - -] Successfully bumped revision number for resource c1e060fc-4d8d-498f-9f86-ba9480b5d4ef (type: subnets) to 0
2026-05-09 18:14:28.238 10 INFO neutron.api.wsgi [None req-e6ba1431-2e3f-48af-9772-ab8df13b6d0e 13c377d66f0d44d09ed47218b8c3add4 64ceebd45b9143aa9314280f560b1e14 - - default default] 10.0.0.13 "POST /v2.0/subnets HTTP/1.1" status: 201 len: 828 time: 0.6899447
2026-05-09 18:14:28.248 10 WARNING neutron_lib.context [None req-8d1f1dfd-dc53-4e11-ba45-68e481e286b7 13c377d66f0d44d09ed47218b8c3add4 64ceebd45b9143aa9314280f560b1e14 - - default default] Method 'is_advsvc' is deprecated since 2023.2 release (neutron-lib 3.8.0) and will be removed once support for the old RBAC API policies will be removed from Neutron. Please use method 'is_service_role' instead.
2026-05-09 18:14:28.261 9 INFO neutron.api.wsgi [None req-fd95f69d-1e82-4c6c-a7a7-75da41348d9e fd5db9b2c4714df2903e07c91c63949b 75d1b071c9ea473ba3cfb08c399ef55d - - default default] 10.0.0.13 "PUT /v2.0/routers/515dee5f-6f42-490f-b707-360436f72b3b/remove_router_interface HTTP/1.1" status: 200 len: 503 time: 0.5296500 /var/lib/openstack/lib/python3.12/site-packages/pycadf/identifier.py:71: UserWarning: Invalid uuid: neutron. To ensure interoperability, identifiers should be a valid uuid. warnings.warn(('Invalid uuid: %s. To ensure interoperability, '
2026-05-09 18:14:28.288 9 INFO neutron.api.wsgi [None req-150d1707-db7f-451e-b4e7-8fbad8c9b75d fd5db9b2c4714df2903e07c91c63949b 75d1b071c9ea473ba3cfb08c399ef55d - - default default] 10.0.0.13 "GET /v2.0/ports?device_id=515dee5f-6f42-490f-b707-360436f72b3b HTTP/1.1" status: 200 len: 205 time: 0.0224073
2026-05-09 18:14:28.330 10 INFO neutron.db.segments_db [None req-8d1f1dfd-dc53-4e11-ba45-68e481e286b7 13c377d66f0d44d09ed47218b8c3add4 64ceebd45b9143aa9314280f560b1e14 - - default default] Added segment 0b24459c-ec04-4f5f-8863-fb0ff6dfcc48 of type geneve for network be907fdf-5ee0-493e-a6c8-61c427c35df5
2026-05-09 18:14:28.359 9 INFO neutron.api.wsgi [req-377d42c8-07dd-49e4-a34d-b6cb553977ff req-41ded462-46c2-4682-af8f-a314fe48d97b c28037732c7340848d26cc0cb94af0d0 a5baad018ea34ee0ab508c948d138339 - - default default] 10.0.0.11 "GET /v2.0/ports?device_id=46f39332-436e-4d3b-b557-d7d875e438b3 HTTP/1.1" status: 200 len: 210 time: 0.0232806
2026-05-09 18:14:28.464 10 INFO neutron.db.ovn_revision_numbers_db [None req-8d1f1dfd-dc53-4e11-ba45-68e481e286b7 13c377d66f0d44d09ed47218b8c3add4 64ceebd45b9143aa9314280f560b1e14 - - default default] Successfully bumped revision number for resource be907fdf-5ee0-493e-a6c8-61c427c35df5 (type: networks) to 1
2026-05-09 18:14:28.478 9 INFO neutron.api.wsgi [None req-08c5822d-fc7c-4a4d-a6f5-77d6a404081d fd5db9b2c4714df2903e07c91c63949b 75d1b071c9ea473ba3cfb08c399ef55d - - default default] 10.0.0.13 "DELETE /v2.0/routers/515dee5f-6f42-490f-b707-360436f72b3b HTTP/1.1" status: 204 len: 168 time: 0.1847260
2026-05-09 18:14:28.639 10 WARNING neutron.scheduler.dhcp_agent_scheduler [None req-8d1f1dfd-dc53-4e11-ba45-68e481e286b7 13c377d66f0d44d09ed47218b8c3add4 64ceebd45b9143aa9314280f560b1e14 - - default default] No more DHCP agents
2026-05-09 18:14:28.640 9 INFO neutron.api.wsgi [None req-6d964c03-66ec-44c5-ba2b-6dcaba035c89 fd5db9b2c4714df2903e07c91c63949b 75d1b071c9ea473ba3cfb08c399ef55d - - default default] 10.0.0.13 "DELETE /v2.0/subnets/e7d316e6-4302-4725-8c0b-a525587063e0 HTTP/1.1" status: 204 len: 168 time: 0.1547363
2026-05-09 18:14:28.640 10 WARNING neutron.api.rpc.agentnotifiers.dhcp_rpc_agent_api [None req-8d1f1dfd-dc53-4e11-ba45-68e481e286b7 13c377d66f0d44d09ed47218b8c3add4 64ceebd45b9143aa9314280f560b1e14 - - default default] Unable to schedule network be907fdf-5ee0-493e-a6c8-61c427c35df5: no agents available; will retry on subsequent port and subnet creation events.
2026-05-09 18:14:28.701 10 INFO neutron.db.ovn_revision_numbers_db [None req-8d1f1dfd-dc53-4e11-ba45-68e481e286b7 13c377d66f0d44d09ed47218b8c3add4 64ceebd45b9143aa9314280f560b1e14 - - default default] Successfully bumped revision number for resource 3b8e8ea5-1d05-42ab-86b6-0ff2e0a6ddbf (type: ports) to 1
2026-05-09 18:14:28.726 10 INFO neutron.api.wsgi [None req-8d1f1dfd-dc53-4e11-ba45-68e481e286b7 13c377d66f0d44d09ed47218b8c3add4 64ceebd45b9143aa9314280f560b1e14 - - default default] 10.0.0.13 "POST /v2.0/networks HTTP/1.1" status: 201 len: 831 time: 0.4816849
2026-05-09 18:14:28.736 10 WARNING neutron_lib.context [None req-6b6e1ff8-9f5e-453d-b3f6-bb6f781740d2 13c377d66f0d44d09ed47218b8c3add4 64ceebd45b9143aa9314280f560b1e14 - - default default] Method 'is_advsvc' is deprecated since 2023.2 release (neutron-lib 3.8.0) and will be removed once support for the old RBAC API policies will be removed from Neutron. Please use method 'is_service_role' instead.
2026-05-09 18:14:28.833 9 INFO neutron.api.wsgi [None req-dbc616f8-915a-4be4-a870-fce9524341ea fd5db9b2c4714df2903e07c91c63949b 75d1b071c9ea473ba3cfb08c399ef55d - - default default] 10.0.0.13 "DELETE /v2.0/subnets/9ac9268f-967b-491f-b148-4a569d978d43 HTTP/1.1" status: 204 len: 168 time: 0.1891201
2026-05-09 18:14:28.943 10 WARNING neutron.scheduler.dhcp_agent_scheduler [None req-6b6e1ff8-9f5e-453d-b3f6-bb6f781740d2 13c377d66f0d44d09ed47218b8c3add4 64ceebd45b9143aa9314280f560b1e14 - - default default] No more DHCP agents
2026-05-09 18:14:28.945 10 WARNING neutron.api.rpc.agentnotifiers.dhcp_rpc_agent_api [None req-6b6e1ff8-9f5e-453d-b3f6-bb6f781740d2 13c377d66f0d44d09ed47218b8c3add4 64ceebd45b9143aa9314280f560b1e14 - - default default] Unable to schedule network be907fdf-5ee0-493e-a6c8-61c427c35df5: no agents available; will retry on subsequent port and subnet creation events.
2026-05-09 18:14:29.155 9 INFO neutron.services.segments.plugin [-] Segment ac94cd5a-f767-4bb5-9260-1ce2fa19c923 resource provider aggregate not found
2026-05-09 18:14:29.159 9 INFO neutron.services.segments.plugin [-] Segment ac94cd5a-f767-4bb5-9260-1ce2fa19c923 resource provider aggregate not found
2026-05-09 18:14:29.173 9 INFO neutron.services.segments.plugin [-] Segment ac94cd5a-f767-4bb5-9260-1ce2fa19c923 resource provider not found; error: Placement Client Error (4xx): {"errors": [{"status": 404, "title": "Not Found", "detail": "The resource could not be found.\n\n No resource provider with uuid ac94cd5a-f767-4bb5-9260-1ce2fa19c923 found for delete ", "request_id": "req-0e478909-a309-439e-a762-cf5475ebaacf"}]}
2026-05-09 18:14:29.177 9 INFO neutron.services.segments.plugin [-] Segment ac94cd5a-f767-4bb5-9260-1ce2fa19c923 resource provider not found; error: Placement Client Error (4xx): {"errors": [{"status": 404, "title": "Not Found", "detail": "The resource could not be found.\n\n No resource provider with uuid ac94cd5a-f767-4bb5-9260-1ce2fa19c923 found for delete ", "request_id": "req-95d6cd38-14c2-4ace-8c2a-b984e83a0cf3"}]}
2026-05-09 18:14:29.197 9 INFO neutron.api.wsgi [None req-e3184d00-ab71-42f2-841e-2ef8d62cafa3 fd5db9b2c4714df2903e07c91c63949b 75d1b071c9ea473ba3cfb08c399ef55d - - default default] 10.0.0.13 "DELETE /v2.0/networks/c167e336-0064-4309-9576-f71debc926e3 HTTP/1.1" status: 204 len: 168 time: 0.3593209
2026-05-09 18:14:29.441 10 INFO neutron.db.ovn_revision_numbers_db [None req-9f798a62-7506-42d1-9db8-c3ce457bcd14 - - - - - -] Successfully bumped revision number for resource 3b8e8ea5-1d05-42ab-86b6-0ff2e0a6ddbf (type: ports) to 2
2026-05-09 18:14:29.443 10 INFO neutron.api.wsgi [req-a080ea07-0f45-4c09-ad8b-5c2cc83f4d7e req-99db1736-9440-4121-a20b-9fac56e6d4cb c28037732c7340848d26cc0cb94af0d0 a5baad018ea34ee0ab508c948d138339 - - default default] 10.0.0.11 "GET /v2.0/ports?device_id=46f39332-436e-4d3b-b557-d7d875e438b3 HTTP/1.1" status: 200 len: 210 time: 0.0187240
2026-05-09 18:14:29.480 10 INFO neutron.db.ovn_revision_numbers_db [None req-9f798a62-7506-42d1-9db8-c3ce457bcd14 - - - - - -] Successfully bumped revision number for resource 7a831421-a1ac-4b65-8b56-b03bc6b562b8 (type: subnets) to 0
2026-05-09 18:14:29.499 10 INFO neutron.api.wsgi [None req-6b6e1ff8-9f5e-453d-b3f6-bb6f781740d2 13c377d66f0d44d09ed47218b8c3add4 64ceebd45b9143aa9314280f560b1e14 - - default default] 10.0.0.13 "POST /v2.0/subnets HTTP/1.1" status: 201 len: 828 time: 0.7680223
2026-05-09 18:14:29.540 10 INFO neutron.services.segments.plugin [-] Segment 4d1413c2-2164-4eba-a51c-5677874957fb resource provider aggregate not found
2026-05-09 18:14:29.546 10 INFO neutron.services.segments.plugin [-] Segment 4d1413c2-2164-4eba-a51c-5677874957fb resource provider aggregate not found
2026-05-09 18:14:29.556 10 INFO neutron.services.segments.plugin [-] Segment 4d1413c2-2164-4eba-a51c-5677874957fb resource provider not found; error: Placement Client Error (4xx): {"errors": [{"status": 404, "title": "Not Found", "detail": "The resource could not be found.\n\n No resource provider with uuid 4d1413c2-2164-4eba-a51c-5677874957fb found for delete ", "request_id": "req-ea3ded8b-b1f2-4822-8be5-a0d68aa4b914"}]}
2026-05-09 18:14:29.558 10 INFO neutron.services.segments.plugin [-] Segment 4d1413c2-2164-4eba-a51c-5677874957fb resource provider not found; error: Placement Client Error (4xx): {"errors": [{"status": 404, "title": "Not Found", "detail": "The resource could not be found.\n\n No resource provider with uuid 4d1413c2-2164-4eba-a51c-5677874957fb found for delete ", "request_id": "req-cf70ca76-9c89-430a-85b8-e999e37f3786"}]}
2026-05-09 18:14:29.571 9 INFO neutron.api.wsgi [None req-e06b1ecc-319e-4555-9ae6-48067fe73e8c 13c377d66f0d44d09ed47218b8c3add4 64ceebd45b9143aa9314280f560b1e14 - - default default] 10.0.0.13 "PUT /v2.0/subnets/2b0617ce-c5c7-4d87-899b-756cdf3330f0/tags HTTP/1.1" status: 200 len: 210 time: 0.0656946
2026-05-09 18:14:29.577 10 INFO neutron.api.wsgi [None req-6647eb4e-4c24-4399-94d6-13a8008facf9 fd5db9b2c4714df2903e07c91c63949b 75d1b071c9ea473ba3cfb08c399ef55d - - default default] 10.0.0.13 "DELETE /v2.0/networks/497614fd-07e7-4376-b0e7-69be85d9d07f HTTP/1.1" status: 204 len: 168 time: 0.3731709
2026-05-09 18:14:29.587 10 WARNING neutron_lib.context [None req-7062efda-6d7f-4b0f-8ae9-9369ba8ef07d fd5db9b2c4714df2903e07c91c63949b 75d1b071c9ea473ba3cfb08c399ef55d - - default default] Method 'is_advsvc' is deprecated since 2023.2 release (neutron-lib 3.8.0) and will be removed once support for the old RBAC API policies will be removed from Neutron. Please use method 'is_service_role' instead.
2026-05-09 18:14:29.627 9 INFO neutron.api.wsgi [None req-f1f43ed9-ef24-4672-9ddc-b964ff496ab1 13c377d66f0d44d09ed47218b8c3add4 64ceebd45b9143aa9314280f560b1e14 - - default default] 10.0.0.13 "PUT /v2.0/subnets/fcb8a15d-7228-41f2-90d1-3baf67a8e8ff/tags HTTP/1.1" status: 200 len: 218 time: 0.0508788
2026-05-09 18:14:29.676 10 INFO neutron.db.segments_db [None req-7062efda-6d7f-4b0f-8ae9-9369ba8ef07d fd5db9b2c4714df2903e07c91c63949b 75d1b071c9ea473ba3cfb08c399ef55d - - default default] Added segment f5e2444a-8586-421d-a1e1-643436a70935 of type geneve for network ba0c69af-f294-46c7-a58b-5175dd539da0
2026-05-09 18:14:29.680 10 INFO neutron.api.wsgi [None req-a55c6686-75a2-4342-b19c-3972bce1bb23 13c377d66f0d44d09ed47218b8c3add4 64ceebd45b9143aa9314280f560b1e14 - - default default] 10.0.0.13 "PUT /v2.0/subnets/8952de80-d7c8-4bf8-94c6-a48d1cc33892/tags HTTP/1.1" status: 200 len: 227 time: 0.0490379
2026-05-09 18:14:29.726 10 INFO neutron.api.wsgi [None req-47a95760-b889-4bdb-83b8-d8db2d7a856d 13c377d66f0d44d09ed47218b8c3add4 64ceebd45b9143aa9314280f560b1e14 - - default default] 10.0.0.13 "PUT /v2.0/subnets/c1e060fc-4d8d-498f-9f86-ba9480b5d4ef/tags HTTP/1.1" status: 200 len: 212 time: 0.0417414
2026-05-09 18:14:29.779 9 INFO neutron.api.wsgi [None req-469d8a0a-7646-4d57-9c0c-02a89e0162e2 13c377d66f0d44d09ed47218b8c3add4 64ceebd45b9143aa9314280f560b1e14 - - default default] 10.0.0.13 "GET /v2.0/subnets?tags=red HTTP/1.1" status: 200 len: 2099 time: 0.0455780
2026-05-09 18:14:29.792 10 INFO neutron.db.ovn_revision_numbers_db [None req-7062efda-6d7f-4b0f-8ae9-9369ba8ef07d fd5db9b2c4714df2903e07c91c63949b 75d1b071c9ea473ba3cfb08c399ef55d - - default default] Successfully bumped revision number for resource ba0c69af-f294-46c7-a58b-5175dd539da0 (type: networks) to 1
2026-05-09 18:14:29.819 9 INFO neutron.api.wsgi [None req-b64327cc-1289-4139-a4e8-1e1892527dd4 13c377d66f0d44d09ed47218b8c3add4 64ceebd45b9143aa9314280f560b1e14 - - default default] 10.0.0.13 "GET /v2.0/subnets?tags=red%2Cblue HTTP/1.1" status: 200 len: 1478 time: 0.0351985
2026-05-09 18:14:29.859 9 INFO neutron.api.wsgi [None req-728da02e-4302-4929-8088-d0797870f84f 13c377d66f0d44d09ed47218b8c3add4 64ceebd45b9143aa9314280f560b1e14 - - default default] 10.0.0.13 "GET /v2.0/subnets?tags-any=blue HTTP/1.1" status: 200 len: 1478 time: 0.0339680
2026-05-09 18:14:29.885 9 INFO neutron.api.wsgi [None req-c1de366c-0416-4136-b354-3108f0d6eed4 13c377d66f0d44d09ed47218b8c3add4 64ceebd45b9143aa9314280f560b1e14 - - default default] 10.0.0.13 "GET /v2.0/subnets?tags-any=red%2Cblue HTTP/1.1" status: 200 len: 2099 time: 0.0211670
