2026-05-09 18:12:27.907 9 INFO neutron.api.wsgi [None req-37cc3c77-92cc-4f63-a514-b8c61db90563 b8f7ec614f224595a731c24156601e0c 660143fa0de84c819031cdef06142175 - - default default] 10.0.0.13 "GET /v2.0/security-group-rules HTTP/1.1" status: 200 len: 4333 time: 0.0694942
2026-05-09 18:12:27.909 10 WARNING keystonemiddleware.audit [None req-61594454-3658-474d-8953-795812782598 - - - - - -] Skipping service tempest-service-1779091022 as it have no endpoints. /var/lib/openstack/lib/python3.12/site-packages/pycadf/identifier.py:71: UserWarning: Invalid uuid: neutron. To ensure interoperability, identifiers should be a valid uuid. warnings.warn(('Invalid uuid: %s. To ensure interoperability, '
2026-05-09 18:12:28.084 10 INFO neutron.api.wsgi [None req-a2657ca3-509c-4c52-8337-b2fe614d4acf b8f7ec614f224595a731c24156601e0c 660143fa0de84c819031cdef06142175 - - default default] 10.0.0.13 "DELETE /v2.0/security-group-rules/99bdec56-46bc-4d67-959a-3302277d4a0c HTTP/1.1" status: 204 len: 168 time: 0.1703207
2026-05-09 18:12:28.145 9 INFO neutron.api.wsgi [None req-96bf184f-b665-4162-9427-7c124050a8a4 b8f7ec614f224595a731c24156601e0c 660143fa0de84c819031cdef06142175 - - default default] 10.0.0.13 "GET /v2.0/security-group-rules HTTP/1.1" status: 200 len: 3755 time: 0.0557933
2026-05-09 18:12:28.154 9 WARNING neutron_lib.context [None req-44773704-3a19-4d81-9aed-9d56b13bf776 b8f7ec614f224595a731c24156601e0c 660143fa0de84c819031cdef06142175 - - default default] Method 'is_advsvc' is deprecated since 2023.2 release (neutron-lib 3.8.0) and will be removed once support for the old RBAC API policies will be removed from Neutron. Please use method 'is_service_role' instead.
2026-05-09 18:12:28.271 9 INFO neutron.db.ovn_revision_numbers_db [None req-44773704-3a19-4d81-9aed-9d56b13bf776 b8f7ec614f224595a731c24156601e0c 660143fa0de84c819031cdef06142175 - - default default] Successfully bumped revision number for resource 7e9d434a-de2d-4bcd-898c-ed9b20fdd4a5 (type: security_group_rules) to 0
2026-05-09 18:12:28.318 9 INFO neutron.api.wsgi [None req-44773704-3a19-4d81-9aed-9d56b13bf776 b8f7ec614f224595a731c24156601e0c 660143fa0de84c819031cdef06142175 - - default default] 10.0.0.13 "POST /v2.0/security-group-rules HTTP/1.1" status: 201 len: 800 time: 0.1671598
2026-05-09 18:12:28.338 9 INFO neutron.api.wsgi [None req-9fe0e8d5-ce49-4603-aef8-f118afe208ab b8f7ec614f224595a731c24156601e0c 660143fa0de84c819031cdef06142175 - - default default] 10.0.0.13 "GET /v2.0/security-group-rules/7e9d434a-de2d-4bcd-898c-ed9b20fdd4a5 HTTP/1.1" status: 200 len: 795 time: 0.0156269
2026-05-09 18:12:28.404 9 INFO neutron.api.wsgi [None req-45ed72ab-0800-4656-8059-c6d4232ab0f9 b8f7ec614f224595a731c24156601e0c 660143fa0de84c819031cdef06142175 - - default default] 10.0.0.13 "GET /v2.0/security-group-rules HTTP/1.1" status: 200 len: 4333 time: 0.0610411
2026-05-09 18:12:28.524 9 INFO neutron.api.wsgi [None req-c5cddefb-9267-4f81-8b10-d0eef1f99a59 b8f7ec614f224595a731c24156601e0c 660143fa0de84c819031cdef06142175 - - default default] 10.0.0.13 "DELETE /v2.0/security-group-rules/7e9d434a-de2d-4bcd-898c-ed9b20fdd4a5 HTTP/1.1" status: 204 len: 168 time: 0.1140308
2026-05-09 18:12:28.579 9 INFO neutron.api.wsgi [None req-154b9a7d-1bd9-48dc-a65c-3d8d270590c6 b8f7ec614f224595a731c24156601e0c 660143fa0de84c819031cdef06142175 - - default default] 10.0.0.13 "GET /v2.0/security-group-rules HTTP/1.1" status: 200 len: 3755 time: 0.0504725
2026-05-09 18:12:28.587 9 WARNING neutron_lib.context [None req-e10b0e19-1948-4422-81df-fa2cf239520d b8f7ec614f224595a731c24156601e0c 660143fa0de84c819031cdef06142175 - - default default] Method 'is_advsvc' is deprecated since 2023.2 release (neutron-lib 3.8.0) and will be removed once support for the old RBAC API policies will be removed from Neutron. Please use method 'is_service_role' instead.
2026-05-09 18:12:28.632 9 INFO neutron.db.securitygroups_db [None req-e10b0e19-1948-4422-81df-fa2cf239520d b8f7ec614f224595a731c24156601e0c 660143fa0de84c819031cdef06142175 - - default default] Project 660143fa0de84c819031cdef06142175 added a security group rule with legacy IPv6 ICMP protocol name icmp, ipv6-icmp should be used instead. It was automatically converted.
2026-05-09 18:12:28.649 10 INFO neutron.api.wsgi [None req-91514b69-03f5-4401-a32e-5f498e77df8a eeb06f2e737947319181263885889c97 060fb54941ec4ee78175ce5716b185b4 - - default default] 10.0.0.13 "DELETE /v2.0/routers/a36a02c4-646f-49c0-b12c-8c3b871bb79d HTTP/1.1" status: 204 len: 168 time: 0.7425396
2026-05-09 18:12:28.657 10 WARNING keystonemiddleware.audit [None req-e2b524a4-c161-408a-a1e3-e16d3888ab9a - - - - - -] Skipping service tempest-service-1779091022 as it have no endpoints.
2026-05-09 18:12:28.731 9 INFO neutron.db.ovn_revision_numbers_db [None req-e10b0e19-1948-4422-81df-fa2cf239520d b8f7ec614f224595a731c24156601e0c 660143fa0de84c819031cdef06142175 - - default default] Successfully bumped revision number for resource 0b87afd5-de08-473c-86a5-ce76cf14bb55 (type: security_group_rules) to 0
2026-05-09 18:12:28.806 9 INFO neutron.api.wsgi [None req-e10b0e19-1948-4422-81df-fa2cf239520d b8f7ec614f224595a731c24156601e0c 660143fa0de84c819031cdef06142175 - - default default] 10.0.0.13 "POST /v2.0/security-group-rules HTTP/1.1" status: 201 len: 806 time: 0.2224033
2026-05-09 18:12:28.832 10 INFO neutron.api.wsgi [None req-92095753-533c-4f8a-90e4-8cc73659dfe9 b8f7ec614f224595a731c24156601e0c 660143fa0de84c819031cdef06142175 - - default default] 10.0.0.13 "GET /v2.0/security-group-rules/0b87afd5-de08-473c-86a5-ce76cf14bb55 HTTP/1.1" status: 200 len: 801 time: 0.0218153
2026-05-09 18:12:28.877 10 INFO neutron.api.wsgi [None req-cf8a657f-6f29-4e31-8484-57973842830f eeb06f2e737947319181263885889c97 060fb54941ec4ee78175ce5716b185b4 - - default default] 10.0.0.13 "DELETE /v2.0/subnets/378d0ab5-4b89-49df-bee5-db4f0ac4ad06 HTTP/1.1" status: 204 len: 168 time: 0.2226269
2026-05-09 18:12:28.885 10 WARNING keystonemiddleware.audit [None req-da9b48c2-1692-4cda-a2bc-151aee061514 - - - - - -] Skipping service tempest-service-1779091022 as it have no endpoints.
2026-05-09 18:12:28.930 10 INFO neutron.api.wsgi [None req-a29941b4-e53e-4648-bea9-21dc355c3511 b8f7ec614f224595a731c24156601e0c 660143fa0de84c819031cdef06142175 - - default default] 10.0.0.13 "GET /v2.0/security-group-rules HTTP/1.1" status: 200 len: 4339 time: 0.0940080
2026-05-09 18:12:29.328 10 INFO neutron.api.wsgi [None req-1d0d2c0c-3765-4509-b06f-195875f431e5 b8f7ec614f224595a731c24156601e0c 660143fa0de84c819031cdef06142175 - - default default] 10.0.0.13 "DELETE /v2.0/security-group-rules/0b87afd5-de08-473c-86a5-ce76cf14bb55 HTTP/1.1" status: 204 len: 168 time: 0.3916311
2026-05-09 18:12:29.382 9 INFO neutron.api.wsgi [None req-763ee2c2-fc96-42fc-a65e-ea4f4aa649bc b8f7ec614f224595a731c24156601e0c 660143fa0de84c819031cdef06142175 - - default default] 10.0.0.13 "GET /v2.0/security-group-rules HTTP/1.1" status: 200 len: 3755 time: 0.0501950
2026-05-09 18:12:29.608 10 INFO neutron.services.segments.plugin [-] Segment d6b93682-fbe5-4dd1-a8c7-d099c4442bc5 resource provider aggregate not found
2026-05-09 18:12:29.612 10 INFO neutron.services.segments.plugin [-] Segment d6b93682-fbe5-4dd1-a8c7-d099c4442bc5 resource provider aggregate not found
2026-05-09 18:12:29.624 10 INFO neutron.services.segments.plugin [-] Segment d6b93682-fbe5-4dd1-a8c7-d099c4442bc5 resource provider not found; error: Placement Client Error (4xx): {"errors": [{"status": 404, "title": "Not Found", "detail": "The resource could not be found.\n\n No resource provider with uuid d6b93682-fbe5-4dd1-a8c7-d099c4442bc5 found for delete ", "request_id": "req-a39dc674-a065-4c7a-a8f2-2c25912785f4"}]}
2026-05-09 18:12:29.628 10 INFO neutron.services.segments.plugin [-] Segment d6b93682-fbe5-4dd1-a8c7-d099c4442bc5 resource provider not found; error: Placement Client Error (4xx): {"errors": [{"status": 404, "title": "Not Found", "detail": "The resource could not be found.\n\n No resource provider with uuid d6b93682-fbe5-4dd1-a8c7-d099c4442bc5 found for delete ", "request_id": "req-42cff6a8-c12a-4c72-afaf-f2cdcc48737d"}]}
2026-05-09 18:12:29.662 9 INFO neutron.api.wsgi [None req-92a64052-9e68-4aed-88ce-72ecd4e6f929 b8f7ec614f224595a731c24156601e0c 660143fa0de84c819031cdef06142175 - - default default] 10.0.0.13 "DELETE /v2.0/security-groups/21ed9b0b-87a3-4801-bbcf-d2775ed6a488 HTTP/1.1" status: 204 len: 168 time: 0.2745268
2026-05-09 18:12:29.672 10 INFO neutron.api.wsgi [None req-4085e007-a466-4cdf-ab13-72792dca12ad eeb06f2e737947319181263885889c97 060fb54941ec4ee78175ce5716b185b4 - - default default] 10.0.0.13 "DELETE /v2.0/networks/bcd8b69c-74e5-4b01-8d65-d2480345f088 HTTP/1.1" status: 204 len: 168 time: 0.7883728
2026-05-09 18:12:29.701 9 INFO neutron.api.wsgi [None req-43afc240-d825-47c0-b218-039d9deab43b b8f7ec614f224595a731c24156601e0c 660143fa0de84c819031cdef06142175 - - default default] 10.0.0.13 "GET /v2.0/security-groups HTTP/1.1" status: 200 len: 3120 time: 0.0346489
2026-05-09 18:12:29.741 9 INFO neutron.api.wsgi [None req-b13badb0-81c6-48f3-9ca8-21fa1b8973ab b8f7ec614f224595a731c24156601e0c 660143fa0de84c819031cdef06142175 - - default default] 10.0.0.13 "GET /v2.0/security-groups HTTP/1.1" status: 200 len: 3120 time: 0.0322399
2026-05-09 18:12:29.881 10 WARNING keystonemiddleware.audit [None req-3b241d2a-122f-4fc3-80b3-edbe4eaa7116 - - - - - -] Skipping service tempest-service-1779091022 as it have no endpoints.
2026-05-09 18:12:29.922 10 INFO neutron.api.wsgi [None req-f9ec06a1-7892-43b2-8a3f-d2b3ab493e43 eeb06f2e737947319181263885889c97 060fb54941ec4ee78175ce5716b185b4 - - default default] 10.0.0.13 "GET /v2.0/security-groups?tenant_id=ab3f496445bd4d37af73a4db4c89305f&name=default HTTP/1.1" status: 200 len: 3120 time: 0.0432889
2026-05-09 18:12:29.931 9 WARNING keystonemiddleware.audit [None req-10c25bbd-782f-45e1-9492-c58a5cabd832 - - - - - -] Skipping service tempest-service-1779091022 as it have no endpoints.
2026-05-09 18:12:30.159 9 INFO neutron.api.wsgi [None req-84ff0a72-80c3-42f0-95f8-14b73b4af954 eeb06f2e737947319181263885889c97 060fb54941ec4ee78175ce5716b185b4 - - default default] 10.0.0.13 "DELETE /v2.0/security-groups/79aae30c-35d1-4173-8fa7-e5b91c36572e HTTP/1.1" status: 204 len: 168 time: 0.2314684
2026-05-09 18:12:30.485 9 INFO neutron.api.wsgi [None req-3ef10272-b579-4533-bd50-1dcfd651430b eeb06f2e737947319181263885889c97 060fb54941ec4ee78175ce5716b185b4 - - default default] 10.0.0.13 "GET /v2.0/security-groups?tenant_id=660143fa0de84c819031cdef06142175&name=default HTTP/1.1" status: 200 len: 3120 time: 0.2606099
2026-05-09 18:12:30.747 9 INFO neutron.db.ovn_revision_numbers_db [None req-a8982495-b6b9-47e5-acbd-2c1552cab86c eeb06f2e737947319181263885889c97 060fb54941ec4ee78175ce5716b185b4 - - default default] Successfully bumped revision number for resource e60e50b9-cf0f-4943-b6c8-5d537282ceb4 (type: security_groups) to 1
2026-05-09 18:12:30.768 9 INFO neutron.db.ovn_revision_numbers_db [None req-a8982495-b6b9-47e5-acbd-2c1552cab86c eeb06f2e737947319181263885889c97 060fb54941ec4ee78175ce5716b185b4 - - default default] Successfully bumped revision number for resource 0799347c-7e00-44da-beda-29696f6e0085 (type: security_group_rules) to 0
2026-05-09 18:12:30.800 9 INFO neutron.db.ovn_revision_numbers_db [None req-a8982495-b6b9-47e5-acbd-2c1552cab86c eeb06f2e737947319181263885889c97 060fb54941ec4ee78175ce5716b185b4 - - default default] Successfully bumped revision number for resource 10a69166-b410-4d20-95f0-661e97bceb63 (type: security_group_rules) to 0
2026-05-09 18:12:30.816 10 INFO neutron.api.wsgi [None req-7213c06d-2cee-4d90-a6c4-709fa5c3bb3a eeb06f2e737947319181263885889c97 060fb54941ec4ee78175ce5716b185b4 - - default default] 10.0.0.13 "DELETE /v2.0/security-groups/73ad38da-c5e3-4fe9-b5e1-9191d6b24b65 HTTP/1.1" status: 204 len: 168 time: 0.3272333
2026-05-09 18:12:30.819 9 INFO neutron.db.ovn_revision_numbers_db [None req-a8982495-b6b9-47e5-acbd-2c1552cab86c eeb06f2e737947319181263885889c97 060fb54941ec4ee78175ce5716b185b4 - - default default] Successfully bumped revision number for resource b88fb501-6e77-47ba-a36b-bb205b54b092 (type: security_group_rules) to 0
2026-05-09 18:12:30.836 9 INFO neutron.db.ovn_revision_numbers_db [None req-a8982495-b6b9-47e5-acbd-2c1552cab86c eeb06f2e737947319181263885889c97 060fb54941ec4ee78175ce5716b185b4 - - default default] Successfully bumped revision number for resource c275da84-358b-4705-ab84-1f42d246a5ef (type: security_group_rules) to 0
2026-05-09 18:12:30.865 9 INFO neutron.api.wsgi [None req-a8982495-b6b9-47e5-acbd-2c1552cab86c eeb06f2e737947319181263885889c97 060fb54941ec4ee78175ce5716b185b4 - - default default] 10.0.0.13 "GET /v2.0/security-groups?tenant_id=0353605a376842b8a7b4fd0481942164&name=default HTTP/1.1" status: 200 len: 3120 time: 0.4153185
2026-05-09 18:12:31.092 9 INFO neutron.api.wsgi [None req-cd57cf87-2182-4489-8636-664d2a79a94b eeb06f2e737947319181263885889c97 060fb54941ec4ee78175ce5716b185b4 - - default default] 10.0.0.13 "DELETE /v2.0/security-groups/e60e50b9-cf0f-4943-b6c8-5d537282ceb4 HTTP/1.1" status: 204 len: 168 time: 0.2234771
2026-05-09 18:12:31.331 10 INFO neutron.db.ovn_revision_numbers_db [None req-cd13f6fd-1f56-47eb-a516-715dbc7d5ecf eeb06f2e737947319181263885889c97 060fb54941ec4ee78175ce5716b185b4 - - default default] Successfully bumped revision number for resource 49032b05-fef0-4525-8e38-577197d9894c (type: security_groups) to 1
2026-05-09 18:12:31.360 10 INFO neutron.db.ovn_revision_numbers_db [None req-cd13f6fd-1f56-47eb-a516-715dbc7d5ecf eeb06f2e737947319181263885889c97 060fb54941ec4ee78175ce5716b185b4 - - default default] Successfully bumped revision number for resource 02e9260e-1464-4df2-b4eb-c5041fa10b67 (type: security_group_rules) to 0
2026-05-09 18:12:31.377 10 INFO neutron.db.ovn_revision_numbers_db [None req-cd13f6fd-1f56-47eb-a516-715dbc7d5ecf eeb06f2e737947319181263885889c97 060fb54941ec4ee78175ce5716b185b4 - - default default] Successfully bumped revision number for resource 32bb85da-4aa0-4504-b68e-d30c54e06eea (type: security_group_rules) to 0
2026-05-09 18:12:31.396 10 INFO neutron.db.ovn_revision_numbers_db [None req-cd13f6fd-1f56-47eb-a516-715dbc7d5ecf eeb06f2e737947319181263885889c97 060fb54941ec4ee78175ce5716b185b4 - - default default] Successfully bumped revision number for resource 83067444-ba49-4a08-805f-ebf769d51482 (type: security_group_rules) to 0
2026-05-09 18:12:31.410 10 INFO neutron.db.ovn_revision_numbers_db [None req-cd13f6fd-1f56-47eb-a516-715dbc7d5ecf eeb06f2e737947319181263885889c97 060fb54941ec4ee78175ce5716b185b4 - - default default] Successfully bumped revision number for resource b3d50875-4978-4dba-b90b-47d744501b33 (type: security_group_rules) to 0
2026-05-09 18:12:31.538 9 INFO neutron.api.wsgi [-] 10.0.0.207 "GET / HTTP/1.1" status: 200 len: 247 time: 0.0012238
2026-05-09 18:12:31.540 9 INFO neutron.api.wsgi [-] 10.0.0.207 "GET / HTTP/1.1" status: 200 len: 247 time: 0.0008931
2026-05-09 18:12:31.544 9 INFO neutron.db.ovn_revision_numbers_db [None req-ea5610a0-1ef0-45b4-844c-736f8b5a8420 eeb06f2e737947319181263885889c97 060fb54941ec4ee78175ce5716b185b4 - - default default] Successfully bumped revision number for resource 70fd1180-9e0e-419b-b933-9679ddb56fe5 (type: security_groups) to 1
2026-05-09 18:12:31.568 10 INFO neutron.api.wsgi [None req-cd13f6fd-1f56-47eb-a516-715dbc7d5ecf eeb06f2e737947319181263885889c97 060fb54941ec4ee78175ce5716b185b4 - - default default] 10.0.0.13 "GET /v2.0/security-groups?tenant_id=9458e7c77fa345abab4f465368b0240b&name=default HTTP/1.1" status: 200 len: 3120 time: 0.3862567
2026-05-09 18:12:31.574 9 INFO neutron.db.ovn_revision_numbers_db [None req-ea5610a0-1ef0-45b4-844c-736f8b5a8420 eeb06f2e737947319181263885889c97 060fb54941ec4ee78175ce5716b185b4 - - default default] Successfully bumped revision number for resource 235fc823-4aad-4b84-8c35-a025d5fd55a2 (type: security_group_rules) to 0
2026-05-09 18:12:31.595 9 INFO neutron.db.ovn_revision_numbers_db [None req-ea5610a0-1ef0-45b4-844c-736f8b5a8420 eeb06f2e737947319181263885889c97 060fb54941ec4ee78175ce5716b185b4 - - default default] Successfully bumped revision number for resource 263af9b7-4374-49fc-86cc-f61e3eab58f9 (type: security_group_rules) to 0
2026-05-09 18:12:31.618 9 INFO neutron.db.ovn_revision_numbers_db [None req-ea5610a0-1ef0-45b4-844c-736f8b5a8420 eeb06f2e737947319181263885889c97 060fb54941ec4ee78175ce5716b185b4 - - default default] Successfully bumped revision number for resource 9144d052-77bc-43c7-900f-4952aab76d19 (type: security_group_rules) to 0
2026-05-09 18:12:31.633 9 INFO neutron.db.ovn_revision_numbers_db [None req-ea5610a0-1ef0-45b4-844c-736f8b5a8420 eeb06f2e737947319181263885889c97 060fb54941ec4ee78175ce5716b185b4 - - default default] Successfully bumped revision number for resource f5ea5486-3b86-4ec8-a154-fe60d81340a4 (type: security_group_rules) to 0
2026-05-09 18:12:31.660 9 INFO neutron.api.wsgi [None req-ea5610a0-1ef0-45b4-844c-736f8b5a8420 eeb06f2e737947319181263885889c97 060fb54941ec4ee78175ce5716b185b4 - - default default] 10.0.0.13 "GET /v2.0/security-groups?tenant_id=3c97a7c671304837a9db59a904d68dd5&name=default HTTP/1.1" status: 200 len: 3120 time: 0.5193245
2026-05-09 18:12:31.783 10 INFO neutron.api.wsgi [None req-6007a6e6-7a6d-4d55-b699-05434e020502 eeb06f2e737947319181263885889c97 060fb54941ec4ee78175ce5716b185b4 - - default default] 10.0.0.13 "DELETE /v2.0/security-groups/49032b05-fef0-4525-8e38-577197d9894c HTTP/1.1" status: 204 len: 168 time: 0.2064643
2026-05-09 18:12:31.856 9 INFO neutron.api.wsgi [None req-b92e3989-bbf7-4374-a10f-a09073ea9a0c eeb06f2e737947319181263885889c97 060fb54941ec4ee78175ce5716b185b4 - - default default] 10.0.0.13 "DELETE /v2.0/security-groups/70fd1180-9e0e-419b-b933-9679ddb56fe5 HTTP/1.1" status: 204 len: 168 time: 0.1916428
2026-05-09 18:12:32.095 9 INFO neutron.db.ovn_revision_numbers_db [None req-1c3b057a-284e-4cd9-9177-6ee888a4cfd5 eeb06f2e737947319181263885889c97 060fb54941ec4ee78175ce5716b185b4 - - default default] Successfully bumped revision number for resource 5fad8cdf-ed2a-45c9-b582-c0cb7f249ae6 (type: security_groups) to 1
2026-05-09 18:12:32.109 9 INFO neutron.db.ovn_revision_numbers_db [None req-1c3b057a-284e-4cd9-9177-6ee888a4cfd5 eeb06f2e737947319181263885889c97 060fb54941ec4ee78175ce5716b185b4 - - default default] Successfully bumped revision number for resource 1ae5e71a-1e34-47d5-ae9d-fd7ac51b8edf (type: security_group_rules) to 0
2026-05-09 18:12:32.130 9 INFO neutron.db.ovn_revision_numbers_db [None req-1c3b057a-284e-4cd9-9177-6ee888a4cfd5 eeb06f2e737947319181263885889c97 060fb54941ec4ee78175ce5716b185b4 - - default default] Successfully bumped revision number for resource 7ec3c072-ae43-445d-89e8-b7fd769ff4b4 (type: security_group_rules) to 0
2026-05-09 18:12:32.145 9 INFO neutron.db.ovn_revision_numbers_db [None req-1c3b057a-284e-4cd9-9177-6ee888a4cfd5 eeb06f2e737947319181263885889c97 060fb54941ec4ee78175ce5716b185b4 - - default default] Successfully bumped revision number for resource 8cef7a9e-a9a5-4d04-acab-0a1071bfbac4 (type: security_group_rules) to 0
2026-05-09 18:12:32.164 9 INFO neutron.db.ovn_revision_numbers_db [None req-1c3b057a-284e-4cd9-9177-6ee888a4cfd5 eeb06f2e737947319181263885889c97 060fb54941ec4ee78175ce5716b185b4 - - default default] Successfully bumped revision number for resource 9353e013-9fcb-43b8-9c4d-75646df56c0c (type: security_group_rules) to 0
2026-05-09 18:12:32.210 9 INFO neutron.api.wsgi [None req-1c3b057a-284e-4cd9-9177-6ee888a4cfd5 eeb06f2e737947319181263885889c97 060fb54941ec4ee78175ce5716b185b4 - - default default] 10.0.0.13 "GET /v2.0/security-groups?tenant_id=ff529ed61a7a48929e78a86dd03a2f96&name=default HTTP/1.1" status: 200 len: 3120 time: 0.2297604
2026-05-09 18:12:32.373 10 INFO neutron.db.ovn_revision_numbers_db [None req-fa8b9703-723f-4b4f-8b31-4e617ef30b51 eeb06f2e737947319181263885889c97 060fb54941ec4ee78175ce5716b185b4 - - default default] Successfully bumped revision number for resource 7e1f88b3-f0ce-402f-b23e-67842555c5a6 (type: security_groups) to 1
2026-05-09 18:12:32.393 10 INFO neutron.db.ovn_revision_numbers_db [None req-fa8b9703-723f-4b4f-8b31-4e617ef30b51 eeb06f2e737947319181263885889c97 060fb54941ec4ee78175ce5716b185b4 - - default default] Successfully bumped revision number for resource a48c2cf7-9279-4ad6-9234-21853a66050a (type: security_group_rules) to 0
2026-05-09 18:12:32.406 10 INFO neutron.db.ovn_revision_numbers_db [None req-fa8b9703-723f-4b4f-8b31-4e617ef30b51 eeb06f2e737947319181263885889c97 060fb54941ec4ee78175ce5716b185b4 - - default default] Successfully bumped revision number for resource b21f957c-104c-4c4f-a416-70d548b2cd23 (type: security_group_rules) to 0
2026-05-09 18:12:32.462 10 INFO neutron.db.ovn_revision_numbers_db [None req-fa8b9703-723f-4b4f-8b31-4e617ef30b51 eeb06f2e737947319181263885889c97 060fb54941ec4ee78175ce5716b185b4 - - default default] Successfully bumped revision number for resource d46472b5-2ce4-4f53-affd-11a83bb3fa8b (type: security_group_rules) to 0
2026-05-09 18:12:32.484 10 INFO neutron.db.ovn_revision_numbers_db [None req-fa8b9703-723f-4b4f-8b31-4e617ef30b51 eeb06f2e737947319181263885889c97 060fb54941ec4ee78175ce5716b185b4 - - default default] Successfully bumped revision number for resource ede7a94e-653d-4161-843b-8a7dea804779 (type: security_group_rules) to 0
2026-05-09 18:12:32.555 10 INFO neutron.db.segments_db [None req-fa8b9703-723f-4b4f-8b31-4e617ef30b51 eeb06f2e737947319181263885889c97 060fb54941ec4ee78175ce5716b185b4 - - default default] Added segment fec434aa-cb52-47d4-8d52-61665f2f5426 of type geneve for network 4370b263-9821-4ee8-bff9-2e315ec73b4d
2026-05-09 18:12:32.574 9 INFO neutron.api.wsgi [-] 10.0.0.13 "GET / HTTP/1.1" status: 200 len: 279 time: 0.0024135
2026-05-09 18:12:32.602 9 INFO neutron.api.wsgi [None req-4f206603-de69-4a56-88ac-826f4be3b681 eeb06f2e737947319181263885889c97 060fb54941ec4ee78175ce5716b185b4 - - default default] 10.0.0.13 "DELETE /v2.0/security-groups/5fad8cdf-ed2a-45c9-b582-c0cb7f249ae6 HTTP/1.1" status: 204 len: 168 time: 0.3874521
2026-05-09 18:12:32.618 10 INFO neutron.api.wsgi [None req-0e81b25d-2b4b-4c35-aa1f-19122ced799b e0c56e086e504c15950aace1fe3e7b8e f964a77e2e9b46e1b3f8d50521df4858 - - default default] 10.0.0.13 "GET /v2.0/ HTTP/1.1" status: 200 len: 826 time: 0.0378246
2026-05-09 18:12:32.685 10 INFO neutron.db.ovn_revision_numbers_db [None req-fa8b9703-723f-4b4f-8b31-4e617ef30b51 eeb06f2e737947319181263885889c97 060fb54941ec4ee78175ce5716b185b4 - - default default] Successfully bumped revision number for resource 4370b263-9821-4ee8-bff9-2e315ec73b4d (type: networks) to 1
2026-05-09 18:12:32.835 10 WARNING neutron.scheduler.dhcp_agent_scheduler [None req-fa8b9703-723f-4b4f-8b31-4e617ef30b51 eeb06f2e737947319181263885889c97 060fb54941ec4ee78175ce5716b185b4 - - default default] No more DHCP agents
2026-05-09 18:12:32.836 10 WARNING neutron.api.rpc.agentnotifiers.dhcp_rpc_agent_api [None req-fa8b9703-723f-4b4f-8b31-4e617ef30b51 eeb06f2e737947319181263885889c97 060fb54941ec4ee78175ce5716b185b4 - - default default] Unable to schedule network 4370b263-9821-4ee8-bff9-2e315ec73b4d: no agents available; will retry on subsequent port and subnet creation events.
2026-05-09 18:12:32.894 10 INFO neutron.db.ovn_revision_numbers_db [None req-fa8b9703-723f-4b4f-8b31-4e617ef30b51 eeb06f2e737947319181263885889c97 060fb54941ec4ee78175ce5716b185b4 - - default default] Successfully bumped revision number for resource 4e160b06-74c3-4c2d-89e9-afcdcf5e3915 (type: ports) to 1
2026-05-09 18:12:32.914 10 INFO neutron.api.wsgi [None req-fa8b9703-723f-4b4f-8b31-4e617ef30b51 eeb06f2e737947319181263885889c97 060fb54941ec4ee78175ce5716b185b4 - - default default] 10.0.0.13 "POST /v2.0/networks HTTP/1.1" status: 201 len: 945 time: 0.8729265
2026-05-09 18:12:33.037 10 WARNING neutron.scheduler.dhcp_agent_scheduler [None req-e82a2164-b49c-4f90-9168-2cb0524886cc eeb06f2e737947319181263885889c97 060fb54941ec4ee78175ce5716b185b4 - - default default] No more DHCP agents
2026-05-09 18:12:33.040 10 WARNING neutron.api.rpc.agentnotifiers.dhcp_rpc_agent_api [None req-e82a2164-b49c-4f90-9168-2cb0524886cc eeb06f2e737947319181263885889c97 060fb54941ec4ee78175ce5716b185b4 - - default default] Unable to schedule network 4370b263-9821-4ee8-bff9-2e315ec73b4d: no agents available; will retry on subsequent port and subnet creation events.
2026-05-09 18:12:33.327 10 INFO neutron.db.ovn_revision_numbers_db [None req-da380f3f-777d-4bd5-8184-9b8f09d7e797 eeb06f2e737947319181263885889c97 060fb54941ec4ee78175ce5716b185b4 - - default default] Successfully bumped revision number for resource dad2531d-31ea-4207-8e07-316e9bf8b57d (type: security_groups) to 1
2026-05-09 18:12:33.344 10 INFO neutron.db.ovn_revision_numbers_db [None req-da380f3f-777d-4bd5-8184-9b8f09d7e797 eeb06f2e737947319181263885889c97 060fb54941ec4ee78175ce5716b185b4 - - default default] Successfully bumped revision number for resource 4a944619-8088-4881-8c6b-cc87b81728d7 (type: security_group_rules) to 0
2026-05-09 18:12:33.362 10 INFO neutron.db.ovn_revision_numbers_db [None req-da380f3f-777d-4bd5-8184-9b8f09d7e797 eeb06f2e737947319181263885889c97 060fb54941ec4ee78175ce5716b185b4 - - default default] Successfully bumped revision number for resource a6d75a44-eceb-43fe-968d-7bd62ac651e9 (type: security_group_rules) to 0
2026-05-09 18:12:33.377 10 INFO neutron.db.ovn_revision_numbers_db [None req-da380f3f-777d-4bd5-8184-9b8f09d7e797 eeb06f2e737947319181263885889c97 060fb54941ec4ee78175ce5716b185b4 - - default default] Successfully bumped revision number for resource b6dd1138-54a4-4d66-b0b5-e9aa7bc6a0b9 (type: security_group_rules) to 0
2026-05-09 18:12:33.395 10 INFO neutron.db.ovn_revision_numbers_db [None req-da380f3f-777d-4bd5-8184-9b8f09d7e797 eeb06f2e737947319181263885889c97 060fb54941ec4ee78175ce5716b185b4 - - default default] Successfully bumped revision number for resource b863ba5f-5de0-4b9f-b98c-1a47ccc0f46b (type: security_group_rules) to 0
2026-05-09 18:12:33.436 10 INFO neutron.api.wsgi [None req-da380f3f-777d-4bd5-8184-9b8f09d7e797 eeb06f2e737947319181263885889c97 060fb54941ec4ee78175ce5716b185b4 - - default default] 10.0.0.13 "GET /v2.0/security-groups?tenant_id=f964a77e2e9b46e1b3f8d50521df4858&name=default HTTP/1.1" status: 200 len: 3120 time: 0.3830619
2026-05-09 18:12:33.450 10 INFO neutron.db.ovn_revision_numbers_db [None req-9910c934-b01f-4e06-bd26-32220c3da508 - - - - - -] Successfully bumped revision number for resource 4e160b06-74c3-4c2d-89e9-afcdcf5e3915 (type: ports) to 2
2026-05-09 18:12:33.478 10 INFO neutron.db.ovn_revision_numbers_db [None req-9910c934-b01f-4e06-bd26-32220c3da508 - - - - - -] Successfully bumped revision number for resource 977eb955-6931-4cee-86e4-dfcdf128e8bf (type: subnets) to 0
2026-05-09 18:12:33.494 10 INFO neutron.api.wsgi [None req-e82a2164-b49c-4f90-9168-2cb0524886cc eeb06f2e737947319181263885889c97 060fb54941ec4ee78175ce5716b185b4 - - default default] 10.0.0.13 "POST /v2.0/subnets HTTP/1.1" status: 201 len: 889 time: 0.5745471
2026-05-09 18:12:33.691 9 INFO neutron.api.wsgi [None req-3825606a-0336-4cb4-a377-4b3a1dbb8955 eeb06f2e737947319181263885889c97 060fb54941ec4ee78175ce5716b185b4 - - default default] 10.0.0.13 "DELETE /v2.0/security-groups/dad2531d-31ea-4207-8e07-316e9bf8b57d HTTP/1.1" status: 204 len: 168 time: 0.2498720
2026-05-09 18:12:33.881 9 WARNING neutron.scheduler.dhcp_agent_scheduler [None req-7be842f1-fa1d-4265-afb9-1e796557c34a eeb06f2e737947319181263885889c97 060fb54941ec4ee78175ce5716b185b4 - - default default] No more DHCP agents
2026-05-09 18:12:33.882 9 WARNING neutron.api.rpc.agentnotifiers.dhcp_rpc_agent_api [None req-7be842f1-fa1d-4265-afb9-1e796557c34a eeb06f2e737947319181263885889c97 060fb54941ec4ee78175ce5716b185b4 - - default default] Unable to schedule network e3d38db2-c557-4d75-b4d3-42faced4f97f: no agents available; will retry on subsequent port and subnet creation events.
2026-05-09 18:12:34.029 9 INFO neutron.db.ovn_revision_numbers_db [None req-7be842f1-fa1d-4265-afb9-1e796557c34a eeb06f2e737947319181263885889c97 060fb54941ec4ee78175ce5716b185b4 - - default default] Successfully bumped revision number for resource 16f6e123-a97a-415b-8ad1-5fd83a318509 (type: ports) to 1
2026-05-09 18:12:34.615 9 INFO neutron.plugins.ml2.drivers.ovn.mech_driver.ovsdb.commands [None req-00bea2ae-b9f0-4e9b-a172-5bda64969cc7 - - - - - -] Schedule LRP lrp-16f6e123-a97a-415b-8ad1-5fd83a318509 on gateway facc2238-7c05-4b98-a9e1-6b4ca8997d25 with priority 1
2026-05-09 18:12:34.623 9 INFO neutron.plugins.ml2.drivers.ovn.mech_driver.mech_driver [None req-98ba7b4c-f91b-417c-b0fe-ae3b176c654d - - - - - -] OVN reports status up for port: 16f6e123-a97a-415b-8ad1-5fd83a318509
2026-05-09 18:12:34.647 10 INFO neutron.plugins.ml2.drivers.ovn.mech_driver.ovsdb.ovsdb_monitor [None req-c0f54260-1416-4b99-a956-f237bda8be13 - - - - - -] Router 786c1d96-cfa9-4924-8280-b654a7b3a743 is bound to host instance
2026-05-09 18:12:34.647 9 INFO neutron.plugins.ml2.plugin [None req-98ba7b4c-f91b-417c-b0fe-ae3b176c654d - - - - - -] Attempt 1 to provision port 16f6e123-a97a-415b-8ad1-5fd83a318509
2026-05-09 18:12:34.668 9 INFO neutron.db.ovn_revision_numbers_db [None req-7be842f1-fa1d-4265-afb9-1e796557c34a eeb06f2e737947319181263885889c97 060fb54941ec4ee78175ce5716b185b4 - - default default] Successfully bumped revision number for resource 16f6e123-a97a-415b-8ad1-5fd83a318509 (type: router_ports) to 1
2026-05-09 18:12:34.756 9 INFO neutron.db.ovn_revision_numbers_db [None req-7be842f1-fa1d-4265-afb9-1e796557c34a eeb06f2e737947319181263885889c97 060fb54941ec4ee78175ce5716b185b4 - - default default] Successfully bumped revision number for resource 786c1d96-cfa9-4924-8280-b654a7b3a743 (type: routers) to 2
2026-05-09 18:12:34.787 9 INFO neutron.api.wsgi [None req-7be842f1-fa1d-4265-afb9-1e796557c34a eeb06f2e737947319181263885889c97 060fb54941ec4ee78175ce5716b185b4 - - default default] 10.0.0.13 "POST /v2.0/routers HTTP/1.1" status: 201 len: 1167 time: 1.2853346
2026-05-09 18:12:35.074 10 INFO neutron.db.ovn_revision_numbers_db [None req-6a088ead-8c2c-4204-ad10-3ecb7ab11a99 - - - - - -] Successfully bumped revision number for resource 16f6e123-a97a-415b-8ad1-5fd83a318509 (type: ports) to 1
2026-05-09 18:12:35.238 9 WARNING neutron.scheduler.dhcp_agent_scheduler [None req-6e6a4732-7a56-414b-8a0c-6af123affa5b eeb06f2e737947319181263885889c97 060fb54941ec4ee78175ce5716b185b4 - - default default] No more DHCP agents
2026-05-09 18:12:35.241 9 WARNING neutron.api.rpc.agentnotifiers.dhcp_rpc_agent_api [None req-6e6a4732-7a56-414b-8a0c-6af123affa5b eeb06f2e737947319181263885889c97 060fb54941ec4ee78175ce5716b185b4 - - default default] Unable to schedule network 4370b263-9821-4ee8-bff9-2e315ec73b4d: no agents available; will retry on subsequent port and subnet creation events.
2026-05-09 18:12:35.332 9 INFO neutron.db.ovn_revision_numbers_db [None req-b34e620e-99e2-4a9f-9a82-4a185a2ed0e2 eeb06f2e737947319181263885889c97 060fb54941ec4ee78175ce5716b185b4 - - default default] Successfully bumped revision number for resource a5c11f62-9611-4ab0-8aaf-6a52d8756bf4 (type: security_groups) to 1
2026-05-09 18:12:35.342 10 INFO neutron.db.ovn_revision_numbers_db [None req-6a088ead-8c2c-4204-ad10-3ecb7ab11a99 - - - - - -] Successfully bumped revision number for resource 16f6e123-a97a-415b-8ad1-5fd83a318509 (type: ports) to 4
2026-05-09 18:12:35.348 9 INFO neutron.db.ovn_revision_numbers_db [None req-b34e620e-99e2-4a9f-9a82-4a185a2ed0e2 eeb06f2e737947319181263885889c97 060fb54941ec4ee78175ce5716b185b4 - - default default] Successfully bumped revision number for resource 08f50ed3-eb01-4d2c-85e3-25cd389ef516 (type: security_group_rules) to 0
2026-05-09 18:12:35.369 9 INFO neutron.db.ovn_revision_numbers_db [None req-b34e620e-99e2-4a9f-9a82-4a185a2ed0e2 eeb06f2e737947319181263885889c97 060fb54941ec4ee78175ce5716b185b4 - - default default] Successfully bumped revision number for resource 3e3699c9-c163-40ce-8ded-8a64b88de4de (type: security_group_rules) to 0
2026-05-09 18:12:35.386 9 INFO neutron.db.ovn_revision_numbers_db [None req-6e6a4732-7a56-414b-8a0c-6af123affa5b eeb06f2e737947319181263885889c97 060fb54941ec4ee78175ce5716b185b4 - - default default] Successfully bumped revision number for resource 7dcc48ca-567c-4390-a705-d904c4d4d245 (type: ports) to 1
2026-05-09 18:12:35.389 9 INFO neutron.db.ovn_revision_numbers_db [None req-b34e620e-99e2-4a9f-9a82-4a185a2ed0e2 eeb06f2e737947319181263885889c97 060fb54941ec4ee78175ce5716b185b4 - - default default] Successfully bumped revision number for resource bc7059c2-fa76-462e-99a8-711d0c0f609f (type: security_group_rules) to 0
2026-05-09 18:12:35.420 9 INFO neutron.db.ovn_revision_numbers_db [None req-b34e620e-99e2-4a9f-9a82-4a185a2ed0e2 eeb06f2e737947319181263885889c97 060fb54941ec4ee78175ce5716b185b4 - - default default] Successfully bumped revision number for resource dcf5db94-add6-48e5-a4ba-00fa9848e290 (type: security_group_rules) to 0
2026-05-09 18:12:35.458 9 INFO neutron.api.wsgi [None req-b34e620e-99e2-4a9f-9a82-4a185a2ed0e2 eeb06f2e737947319181263885889c97 060fb54941ec4ee78175ce5716b185b4 - - default default] 10.0.0.13 "GET /v2.0/security-groups?tenant_id=de4eaa139d6042a3956c8003e0da4d5a&name=default HTTP/1.1" status: 200 len: 3120 time: 0.4038105
2026-05-09 18:12:35.670 10 INFO neutron.db.ovn_revision_numbers_db [None req-6a088ead-8c2c-4204-ad10-3ecb7ab11a99 - - - - - -] Successfully bumped revision number for resource 16f6e123-a97a-415b-8ad1-5fd83a318509 (type: ports) to 5
2026-05-09 18:12:35.689 10 INFO neutron.api.wsgi [None req-01a49155-6afa-4e55-8c66-1df74d87662d eeb06f2e737947319181263885889c97 060fb54941ec4ee78175ce5716b185b4 - - default default] 10.0.0.13 "DELETE /v2.0/security-groups/a5c11f62-9611-4ab0-8aaf-6a52d8756bf4 HTTP/1.1" status: 204 len: 168 time: 0.2262869
2026-05-09 18:12:35.926 9 INFO neutron.db.ovn_revision_numbers_db [None req-6e6a4732-7a56-414b-8a0c-6af123affa5b eeb06f2e737947319181263885889c97 060fb54941ec4ee78175ce5716b185b4 - - default default] Successfully bumped revision number for resource 7dcc48ca-567c-4390-a705-d904c4d4d245 (type: ports) to 1
2026-05-09 18:12:35.977 9 WARNING neutron.scheduler.dhcp_agent_scheduler [None req-6e6a4732-7a56-414b-8a0c-6af123affa5b eeb06f2e737947319181263885889c97 060fb54941ec4ee78175ce5716b185b4 - - default default] No more DHCP agents
2026-05-09 18:12:35.979 9 WARNING neutron.api.rpc.agentnotifiers.dhcp_rpc_agent_api [None req-6e6a4732-7a56-414b-8a0c-6af123affa5b eeb06f2e737947319181263885889c97 060fb54941ec4ee78175ce5716b185b4 - - default default] Unable to schedule network 4370b263-9821-4ee8-bff9-2e315ec73b4d: no agents available; will retry on subsequent port and subnet creation events.
2026-05-09 18:12:36.444 9 INFO neutron.db.ovn_revision_numbers_db [None req-6e6a4732-7a56-414b-8a0c-6af123affa5b eeb06f2e737947319181263885889c97 060fb54941ec4ee78175ce5716b185b4 - - default default] Successfully bumped revision number for resource 7dcc48ca-567c-4390-a705-d904c4d4d245 (type: router_ports) to 1
2026-05-09 18:12:36.448 9 INFO neutron.api.wsgi [None req-6e6a4732-7a56-414b-8a0c-6af123affa5b eeb06f2e737947319181263885889c97 060fb54941ec4ee78175ce5716b185b4 - - default default] 10.0.0.13 "PUT /v2.0/routers/786c1d96-cfa9-4924-8280-b654a7b3a743/add_router_interface HTTP/1.1" status: 200 len: 503 time: 1.6560650
2026-05-09 18:12:37.088 9 INFO neutron.plugins.ml2.drivers.ovn.mech_driver.mech_driver [None req-98ba7b4c-f91b-417c-b0fe-ae3b176c654d - - - - - -] OVN reports status up for port: 7dcc48ca-567c-4390-a705-d904c4d4d245
2026-05-09 18:12:37.095 9 INFO neutron.plugins.ml2.plugin [None req-98ba7b4c-f91b-417c-b0fe-ae3b176c654d - - - - - -] Attempt 1 to provision port 7dcc48ca-567c-4390-a705-d904c4d4d245
2026-05-09 18:12:37.149 10 WARNING neutron_lib.context [None req-4af744f2-0447-45ec-85c1-1d2c8743d305 e14e4455e3a1448499bf77582dd1bf95 8d78b7a87f9846169e5dabb7aafb71e1 - - default default] Method 'is_advsvc' is deprecated since 2023.2 release (neutron-lib 3.8.0) and will be removed once support for the old RBAC API policies will be removed from Neutron. Please use method 'is_service_role' instead.
2026-05-09 18:12:37.269 10 INFO neutron.db.ovn_revision_numbers_db [None req-4af744f2-0447-45ec-85c1-1d2c8743d305 e14e4455e3a1448499bf77582dd1bf95 8d78b7a87f9846169e5dabb7aafb71e1 - - default default] Successfully bumped revision number for resource 195ae6ba-485b-4834-b2e3-128e72848f07 (type: security_groups) to 1
2026-05-09 18:12:37.285 10 INFO neutron.db.ovn_revision_numbers_db [None req-4af744f2-0447-45ec-85c1-1d2c8743d305 e14e4455e3a1448499bf77582dd1bf95 8d78b7a87f9846169e5dabb7aafb71e1 - - default default] Successfully bumped revision number for resource 11f8fd1b-cf9f-401a-8c05-11dd14616900 (type: security_group_rules) to 0
2026-05-09 18:12:37.301 10 INFO neutron.db.ovn_revision_numbers_db [None req-4af744f2-0447-45ec-85c1-1d2c8743d305 e14e4455e3a1448499bf77582dd1bf95 8d78b7a87f9846169e5dabb7aafb71e1 - - default default] Successfully bumped revision number for resource 49164448-d1fe-4a0d-a243-bada67a477f9 (type: security_group_rules) to 0
2026-05-09 18:12:37.339 10 INFO neutron.api.wsgi [None req-4af744f2-0447-45ec-85c1-1d2c8743d305 e14e4455e3a1448499bf77582dd1bf95 8d78b7a87f9846169e5dabb7aafb71e1 - - default default] 10.0.0.13 "POST /v2.0/security-groups HTTP/1.1" status: 201 len: 1860 time: 0.1943953
2026-05-09 18:12:37.352 9 WARNING neutron_lib.context [None req-5df2c388-46e7-4887-97af-faa13ce3664b e14e4455e3a1448499bf77582dd1bf95 8d78b7a87f9846169e5dabb7aafb71e1 - - default default] Method 'is_advsvc' is deprecated since 2023.2 release (neutron-lib 3.8.0) and will be removed once support for the old RBAC API policies will be removed from Neutron. Please use method 'is_service_role' instead.
2026-05-09 18:12:37.549 9 INFO neutron.db.ovn_revision_numbers_db [None req-5df2c388-46e7-4887-97af-faa13ce3664b e14e4455e3a1448499bf77582dd1bf95 8d78b7a87f9846169e5dabb7aafb71e1 - - default default] Successfully bumped revision number for resource 318916b4-7b77-4c66-a45d-88798e2ebed1 (type: security_group_rules) to 0
2026-05-09 18:12:37.551 9 INFO neutron.db.ovn_revision_numbers_db [None req-98ba7b4c-f91b-417c-b0fe-ae3b176c654d - - - - - -] Successfully bumped revision number for resource 7dcc48ca-567c-4390-a705-d904c4d4d245 (type: ports) to 2
2026-05-09 18:12:37.591 10 INFO neutron.db.ovn_revision_numbers_db [None req-53c09dd4-1d93-4e41-a9aa-01e911bc1df4 eeb06f2e737947319181263885889c97 060fb54941ec4ee78175ce5716b185b4 - - default default] Successfully bumped revision number for resource b540a012-a4f1-4a7e-b1a7-7b6f3e85a988 (type: security_groups) to 1
2026-05-09 18:12:37.604 9 INFO neutron.api.wsgi [None req-5df2c388-46e7-4887-97af-faa13ce3664b e14e4455e3a1448499bf77582dd1bf95 8d78b7a87f9846169e5dabb7aafb71e1 - - default default] 10.0.0.13 "POST /v2.0/security-group-rules HTTP/1.1" status: 201 len: 796 time: 0.2569616
2026-05-09 18:12:37.608 10 INFO neutron.db.ovn_revision_numbers_db [None req-53c09dd4-1d93-4e41-a9aa-01e911bc1df4 eeb06f2e737947319181263885889c97 060fb54941ec4ee78175ce5716b185b4 - - default default] Successfully bumped revision number for resource 2ae853f6-7b6f-4672-a61a-491a80d8af76 (type: security_group_rules) to 0
2026-05-09 18:12:37.612 9 WARNING neutron_lib.context [None req-3e54df82-f42b-4903-a555-c4dbbf029716 e14e4455e3a1448499bf77582dd1bf95 8d78b7a87f9846169e5dabb7aafb71e1 - - default default] Method 'is_advsvc' is deprecated since 2023.2 release (neutron-lib 3.8.0) and will be removed once support for the old RBAC API policies will be removed from Neutron. Please use method 'is_service_role' instead.
2026-05-09 18:12:37.627 10 INFO neutron.db.ovn_revision_numbers_db [None req-53c09dd4-1d93-4e41-a9aa-01e911bc1df4 eeb06f2e737947319181263885889c97 060fb54941ec4ee78175ce5716b185b4 - - default default] Successfully bumped revision number for resource ab908a69-7440-4c2f-bf06-6b256f7756ec (type: security_group_rules) to 0
2026-05-09 18:12:37.646 10 INFO neutron.db.ovn_revision_numbers_db [None req-53c09dd4-1d93-4e41-a9aa-01e911bc1df4 eeb06f2e737947319181263885889c97 060fb54941ec4ee78175ce5716b185b4 - - default default] Successfully bumped revision number for resource e288e504-edf9-4fa5-9393-d17b7d28f7b5 (type: security_group_rules) to 0
2026-05-09 18:12:37.662 10 INFO neutron.db.ovn_revision_numbers_db [None req-53c09dd4-1d93-4e41-a9aa-01e911bc1df4 eeb06f2e737947319181263885889c97 060fb54941ec4ee78175ce5716b185b4 - - default default] Successfully bumped revision number for resource e53a8649-f81f-493c-852b-861b51dafbc3 (type: security_group_rules) to 0
2026-05-09 18:12:37.684 10 INFO neutron.db.ovn_revision_numbers_db [None req-55036528-8445-4784-b669-9d60108f2299 eeb06f2e737947319181263885889c97 060fb54941ec4ee78175ce5716b185b4 - - default default] Successfully bumped revision number for resource af5786b3-d460-4727-b3c3-99bd73dcd488 (type: security_groups) to 1
2026-05-09 18:12:37.698 10 INFO neutron.api.wsgi [None req-53c09dd4-1d93-4e41-a9aa-01e911bc1df4 eeb06f2e737947319181263885889c97 060fb54941ec4ee78175ce5716b185b4 - - default default] 10.0.0.13 "GET /v2.0/security-groups?tenant_id=a455d64c24cb403abc9cbf8a6d1ee2fc&name=default HTTP/1.1" status: 200 len: 3120 time: 0.3658249
2026-05-09 18:12:37.699 10 INFO neutron.db.ovn_revision_numbers_db [None req-55036528-8445-4784-b669-9d60108f2299 eeb06f2e737947319181263885889c97 060fb54941ec4ee78175ce5716b185b4 - - default default] Successfully bumped revision number for resource 5fadb652-5d44-4c94-b5d3-f2a561f0d6b9 (type: security_group_rules) to 0
2026-05-09 18:12:37.723 10 INFO neutron.db.ovn_revision_numbers_db [None req-55036528-8445-4784-b669-9d60108f2299 eeb06f2e737947319181263885889c97 060fb54941ec4ee78175ce5716b185b4 - - default default] Successfully bumped revision number for resource 94cbb307-da0c-4c78-92ce-4c76bab7dad9 (type: security_group_rules) to 0
2026-05-09 18:12:37.727 9 INFO neutron.db.ovn_revision_numbers_db [None req-3e54df82-f42b-4903-a555-c4dbbf029716 e14e4455e3a1448499bf77582dd1bf95 8d78b7a87f9846169e5dabb7aafb71e1 - - default default] Successfully bumped revision number for resource 5a8c5fb1-9190-4f18-b7c8-10a7186616f8 (type: security_group_rules) to 0
2026-05-09 18:12:37.747 10 INFO neutron.db.ovn_revision_numbers_db [None req-55036528-8445-4784-b669-9d60108f2299 eeb06f2e737947319181263885889c97 060fb54941ec4ee78175ce5716b185b4 - - default default] Successfully bumped revision number for resource d85f59bf-2d36-4e79-89ec-fcbf7444b922 (type: security_group_rules) to 0
2026-05-09 18:12:37.754 9 INFO neutron.api.wsgi [None req-3e54df82-f42b-4903-a555-c4dbbf029716 e14e4455e3a1448499bf77582dd1bf95 8d78b7a87f9846169e5dabb7aafb71e1 - - default default] 10.0.0.13 "POST /v2.0/security-group-rules HTTP/1.1" status: 201 len: 801 time: 0.1461604
2026-05-09 18:12:37.762 10 INFO neutron.db.ovn_revision_numbers_db [None req-55036528-8445-4784-b669-9d60108f2299 eeb06f2e737947319181263885889c97 060fb54941ec4ee78175ce5716b185b4 - - default default] Successfully bumped revision number for resource f46bcaeb-b68f-492a-83df-0327beac5c17 (type: security_group_rules) to 0
2026-05-09 18:12:37.762 9 WARNING neutron_lib.context [None req-1f4820de-2914-49c6-84ec-0bd399e722fe e14e4455e3a1448499bf77582dd1bf95 8d78b7a87f9846169e5dabb7aafb71e1 - - default default] Method 'is_advsvc' is deprecated since 2023.2 release (neutron-lib 3.8.0) and will be removed once support for the old RBAC API policies will be removed from Neutron. Please use method 'is_service_role' instead.
2026-05-09 18:12:37.837 10 INFO neutron.db.segments_db [None req-55036528-8445-4784-b669-9d60108f2299 eeb06f2e737947319181263885889c97 060fb54941ec4ee78175ce5716b185b4 - - default default] Added segment a97c020c-0ab4-40fe-a2d6-21afb52dc947 of type geneve for network 8cba6952-5d1b-49ca-9e13-3a909559bad5
2026-05-09 18:12:37.951 10 INFO neutron.db.ovn_revision_numbers_db [None req-55036528-8445-4784-b669-9d60108f2299 eeb06f2e737947319181263885889c97 060fb54941ec4ee78175ce5716b185b4 - - default default] Successfully bumped revision number for resource 8cba6952-5d1b-49ca-9e13-3a909559bad5 (type: networks) to 1
2026-05-09 18:12:37.957 10 INFO neutron.api.wsgi [None req-d15272cc-027e-41d1-8c99-693a6d423b5d eeb06f2e737947319181263885889c97 060fb54941ec4ee78175ce5716b185b4 - - default default] 10.0.0.13 "DELETE /v2.0/security-groups/b540a012-a4f1-4a7e-b1a7-7b6f3e85a988 HTTP/1.1" status: 204 len: 168 time: 0.2527673
2026-05-09 18:12:37.977 9 WARNING neutron.scheduler.dhcp_agent_scheduler [None req-1f4820de-2914-49c6-84ec-0bd399e722fe e14e4455e3a1448499bf77582dd1bf95 8d78b7a87f9846169e5dabb7aafb71e1 - - default default] No more DHCP agents
2026-05-09 18:12:37.979 9 WARNING neutron.api.rpc.agentnotifiers.dhcp_rpc_agent_api [None req-1f4820de-2914-49c6-84ec-0bd399e722fe e14e4455e3a1448499bf77582dd1bf95 8d78b7a87f9846169e5dabb7aafb71e1 - - default default] Unable to schedule network e3d38db2-c557-4d75-b4d3-42faced4f97f: no agents available; will retry on subsequent port and subnet creation events.
2026-05-09 18:12:38.110 10 WARNING neutron.scheduler.dhcp_agent_scheduler [None req-55036528-8445-4784-b669-9d60108f2299 eeb06f2e737947319181263885889c97 060fb54941ec4ee78175ce5716b185b4 - - default default] No more DHCP agents
2026-05-09 18:12:38.112 10 WARNING neutron.api.rpc.agentnotifiers.dhcp_rpc_agent_api [None req-55036528-8445-4784-b669-9d60108f2299 eeb06f2e737947319181263885889c97 060fb54941ec4ee78175ce5716b185b4 - - default default] Unable to schedule network 8cba6952-5d1b-49ca-9e13-3a909559bad5: no agents available; will retry on subsequent port and subnet creation events.
2026-05-09 18:12:38.193 10 INFO neutron.db.ovn_revision_numbers_db [None req-55036528-8445-4784-b669-9d60108f2299 eeb06f2e737947319181263885889c97 060fb54941ec4ee78175ce5716b185b4 - - default default] Successfully bumped revision number for resource fe9ae7e5-e4f8-420e-a65e-c29348bb704c (type: ports) to 1
2026-05-09 18:12:38.213 10 INFO neutron.api.wsgi [None req-55036528-8445-4784-b669-9d60108f2299 eeb06f2e737947319181263885889c97 060fb54941ec4ee78175ce5716b185b4 - - default default] 10.0.0.13 "POST /v2.0/networks HTTP/1.1" status: 201 len: 943 time: 0.8008697
2026-05-09 18:12:38.270 9 INFO neutron.api.wsgi [None req-1f4820de-2914-49c6-84ec-0bd399e722fe e14e4455e3a1448499bf77582dd1bf95 8d78b7a87f9846169e5dabb7aafb71e1 - - default default] 10.0.0.13 "POST /v2.0/floatingips HTTP/1.1" status: 201 len: 751 time: 0.5115776
2026-05-09 18:12:38.338 10 WARNING neutron.scheduler.dhcp_agent_scheduler [None req-e80828d4-9cbc-4131-9dd1-12dac7437f56 eeb06f2e737947319181263885889c97 060fb54941ec4ee78175ce5716b185b4 - - default default] No more DHCP agents
2026-05-09 18:12:38.339 10 WARNING neutron.api.rpc.agentnotifiers.dhcp_rpc_agent_api [None req-e80828d4-9cbc-4131-9dd1-12dac7437f56 eeb06f2e737947319181263885889c97 060fb54941ec4ee78175ce5716b185b4 - - default default] Unable to schedule network 8cba6952-5d1b-49ca-9e13-3a909559bad5: no agents available; will retry on subsequent port and subnet creation events.
2026-05-09 18:12:38.576 10 INFO neutron.db.ovn_revision_numbers_db [None req-0592223f-e4b5-47f1-b8f2-b4234f5042d9 eeb06f2e737947319181263885889c97 060fb54941ec4ee78175ce5716b185b4 - - default default] Successfully bumped revision number for resource 6f437e9b-10b7-45c6-a2cc-7b2635ef7a86 (type: security_groups) to 1
2026-05-09 18:12:38.593 10 INFO neutron.db.ovn_revision_numbers_db [None req-0592223f-e4b5-47f1-b8f2-b4234f5042d9 eeb06f2e737947319181263885889c97 060fb54941ec4ee78175ce5716b185b4 - - default default] Successfully bumped revision number for resource 7b68332e-2202-4a1a-a6c6-a7fdbf368b75 (type: security_group_rules) to 0
2026-05-09 18:12:38.611 10 INFO neutron.db.ovn_revision_numbers_db [None req-0592223f-e4b5-47f1-b8f2-b4234f5042d9 eeb06f2e737947319181263885889c97 060fb54941ec4ee78175ce5716b185b4 - - default default] Successfully bumped revision number for resource e7661dd5-f358-4b7f-a7d2-f45d09356c50 (type: security_group_rules) to 0
2026-05-09 18:12:38.630 10 INFO neutron.db.ovn_revision_numbers_db [None req-0592223f-e4b5-47f1-b8f2-b4234f5042d9 eeb06f2e737947319181263885889c97 060fb54941ec4ee78175ce5716b185b4 - - default default] Successfully bumped revision number for resource efa95f26-772e-43ef-94a5-f16de41f9cf6 (type: security_group_rules) to 0
2026-05-09 18:12:38.649 10 INFO neutron.db.ovn_revision_numbers_db [None req-0592223f-e4b5-47f1-b8f2-b4234f5042d9 eeb06f2e737947319181263885889c97 060fb54941ec4ee78175ce5716b185b4 - - default default] Successfully bumped revision number for resource f575f151-ff4c-4a14-a9e4-459da435e765 (type: security_group_rules) to 0
2026-05-09 18:12:38.690 10 INFO neutron.api.wsgi [None req-0592223f-e4b5-47f1-b8f2-b4234f5042d9 eeb06f2e737947319181263885889c97 060fb54941ec4ee78175ce5716b185b4 - - default default] 10.0.0.13 "GET /v2.0/security-groups?tenant_id=f799b4aa663e4f5788d38f60252bb1e3&name=default HTTP/1.1" status: 200 len: 3120 time: 0.4286726
2026-05-09 18:12:38.731 9 INFO neutron.api.wsgi [req-9410bea7-4b0f-4a7e-8be5-abe86d5be671 req-386935f2-ba35-4e0e-8427-48780ccc1b32 e14e4455e3a1448499bf77582dd1bf95 8d78b7a87f9846169e5dabb7aafb71e1 - - default default] 10.0.0.11 "GET /v2.0/security-groups?name=tempest-securitygroup--1996046049&fields=id&tenant_id=8d78b7a87f9846169e5dabb7aafb71e1 HTTP/1.1" status: 200 len: 267 time: 0.0513148
2026-05-09 18:12:38.791 10 INFO neutron.db.ovn_revision_numbers_db [None req-a78542cf-4a59-4ecc-a696-a2ebaf2c104f - - - - - -] Successfully bumped revision number for resource fe9ae7e5-e4f8-420e-a65e-c29348bb704c (type: ports) to 2
2026-05-09 18:12:38.791 9 INFO neutron.api.wsgi [req-9410bea7-4b0f-4a7e-8be5-abe86d5be671 req-aa580ae4-e508-4b04-96be-71f1650b5643 e14e4455e3a1448499bf77582dd1bf95 8d78b7a87f9846169e5dabb7aafb71e1 - - default default] 10.0.0.11 "GET /v2.0/networks?id=4370b263-9821-4ee8-bff9-2e315ec73b4d HTTP/1.1" status: 200 len: 874 time: 0.0528288
