2026-05-09 18:11:56.048 10 INFO neutron.api.wsgi [None req-c150fc83-4e1c-4d64-9641-2e80913e430e 8f37decd58d145af8bdf4ba3bc5011fa 4fddf38b4cfc497fb987fcc201f47212 - - default default] 10.0.0.13 "GET /v2.0/ports/fe16a9d1-62c0-4e5a-973d-e3e1a0a6c87a HTTP/1.1" status: 200 len: 1149 time: 0.0284624
2026-05-09 18:11:56.054 10 INFO neutron.api.wsgi [None req-49e2a329-b7c7-4b87-bb6a-a1de6ef83162 eeb06f2e737947319181263885889c97 060fb54941ec4ee78175ce5716b185b4 - - default default] 10.0.0.13 "DELETE /v2.0/networks/332a1b89-8973-42ce-8e5b-abc7dbecf2b1 HTTP/1.1" status: 204 len: 168 time: 0.3886962
2026-05-09 18:11:56.302 10 INFO neutron.api.wsgi [None req-a227ef36-f694-4a2c-8e72-4c991d103756 eeb06f2e737947319181263885889c97 060fb54941ec4ee78175ce5716b185b4 - - default default] 10.0.0.13 "GET /v2.0/security-groups?tenant_id=c76cda61b9fb49b2b83ade76c98f229b&name=default HTTP/1.1" status: 200 len: 3120 time: 0.0406253 /var/lib/openstack/lib/python3.12/site-packages/pycadf/identifier.py:71: UserWarning: Invalid uuid: neutron. To ensure interoperability, identifiers should be a valid uuid. warnings.warn(('Invalid uuid: %s. To ensure interoperability, '
2026-05-09 18:11:56.409 9 INFO neutron.api.wsgi [req-a1f81e0e-537a-43c8-b4e3-25a6876139d4 req-00113d32-35f4-434d-a7d7-9e7c7ed23dd8 9b59f34a42f44b59acffada6688f4c19 eed4dfac04f141ca88fe8b718c7e9e03 - - 0ae8b721ae004486adb9c48fe559be89 0ae8b721ae004486adb9c48fe559be89] 199.204.45.30 "GET /v2.0/ports?tenant_id=365b69a84d63487eb973ec7dfa6a29df&device_id=552f4470-e04c-4c27-8821-3b400a6f4ca7 HTTP/1.1" status: 200 len: 1407 time: 0.0454381
2026-05-09 18:11:56.460 9 INFO neutron.api.wsgi [req-a1f81e0e-537a-43c8-b4e3-25a6876139d4 req-f5ceeff8-9c4b-48c4-bd45-2eb53223051c 9b59f34a42f44b59acffada6688f4c19 eed4dfac04f141ca88fe8b718c7e9e03 - - 0ae8b721ae004486adb9c48fe559be89 0ae8b721ae004486adb9c48fe559be89] 199.204.45.30 "GET /v2.0/networks?tenant_id=365b69a84d63487eb973ec7dfa6a29df&shared=False HTTP/1.1" status: 200 len: 975 time: 0.0462010
2026-05-09 18:11:56.513 9 INFO neutron.api.wsgi [req-a1f81e0e-537a-43c8-b4e3-25a6876139d4 req-bdc1ccd6-5a61-4b62-a0be-ed98c2aad5c9 9b59f34a42f44b59acffada6688f4c19 eed4dfac04f141ca88fe8b718c7e9e03 - - 0ae8b721ae004486adb9c48fe559be89 0ae8b721ae004486adb9c48fe559be89] 199.204.45.30 "GET /v2.0/networks?shared=True HTTP/1.1" status: 200 len: 952 time: 0.0465834
2026-05-09 18:11:56.558 9 INFO neutron.api.wsgi [req-f7c2e087-fd3b-42ad-9eb6-ca24e432d69f req-6141978d-8d3e-44fa-b777-3c9d7ce90ddc 8f0d8512bd4f4758a4301bd660f73fca 365b69a84d63487eb973ec7dfa6a29df - - default default] 10.0.0.11 "GET /v2.0/ports?device_id=552f4470-e04c-4c27-8821-3b400a6f4ca7 HTTP/1.1" status: 200 len: 1168 time: 0.0278378
2026-05-09 18:11:56.561 10 INFO neutron.api.wsgi [None req-f3b397ec-5c5f-49bc-95fb-16202a69869a eeb06f2e737947319181263885889c97 060fb54941ec4ee78175ce5716b185b4 - - default default] 10.0.0.13 "DELETE /v2.0/security-groups/6ef31a11-0856-40ed-bc57-ba936f420df4 HTTP/1.1" status: 204 len: 168 time: 0.2544506
2026-05-09 18:11:56.589 9 INFO neutron.api.wsgi [req-f7c2e087-fd3b-42ad-9eb6-ca24e432d69f req-bfc10770-9d43-4f36-8ffa-c58f054f6549 8f0d8512bd4f4758a4301bd660f73fca 365b69a84d63487eb973ec7dfa6a29df - - default default] 10.0.0.11 "GET /v2.0/security-groups?id=4bdc8416-9e0a-47be-9fa2-cca2d9432767&fields=id&fields=name HTTP/1.1" status: 200 len: 286 time: 0.0248375
2026-05-09 18:11:56.708 10 INFO neutron.api.wsgi [None req-e8603e24-fce2-431f-9c02-edf905421993 8f37decd58d145af8bdf4ba3bc5011fa 4fddf38b4cfc497fb987fcc201f47212 - - default default] 10.0.0.13 "PUT /v2.0/routers/25997ee4-84bf-4353-9c31-8accc875cc24/remove_router_interface HTTP/1.1" status: 200 len: 503 time: 0.6488178 /var/lib/openstack/lib/python3.12/site-packages/pycadf/identifier.py:71: UserWarning: Invalid uuid: neutron. To ensure interoperability, identifiers should be a valid uuid. warnings.warn(('Invalid uuid: %s. To ensure interoperability, '
2026-05-09 18:11:56.815 10 INFO neutron.api.wsgi [None req-86918592-c2b5-45cb-955b-b1b492eb93bd 8f37decd58d145af8bdf4ba3bc5011fa 4fddf38b4cfc497fb987fcc201f47212 - - default default] 10.0.0.13 "GET /v2.0/ports/c9a0cf70-c112-4eb1-bfc2-986c90ddaa37 HTTP/1.1" status: 200 len: 1141 time: 0.1028345
2026-05-09 18:11:57.307 9 INFO neutron.api.wsgi [None req-204676c6-6e27-4e33-bb61-a91e7757bb23 8f37decd58d145af8bdf4ba3bc5011fa 4fddf38b4cfc497fb987fcc201f47212 - - default default] 10.0.0.13 "PUT /v2.0/routers/25997ee4-84bf-4353-9c31-8accc875cc24/remove_router_interface HTTP/1.1" status: 200 len: 503 time: 0.4871721 /var/lib/openstack/lib/python3.12/site-packages/pycadf/identifier.py:71: UserWarning: Invalid uuid: neutron. To ensure interoperability, identifiers should be a valid uuid. warnings.warn(('Invalid uuid: %s. To ensure interoperability, '
2026-05-09 18:11:57.330 9 INFO neutron.api.wsgi [None req-5d603b39-8aeb-4eaf-8a14-17cbc8125fee 8f37decd58d145af8bdf4ba3bc5011fa 4fddf38b4cfc497fb987fcc201f47212 - - default default] 10.0.0.13 "GET /v2.0/ports?device_id=25997ee4-84bf-4353-9c31-8accc875cc24 HTTP/1.1" status: 200 len: 205 time: 0.0194154
2026-05-09 18:11:57.492 9 INFO neutron.api.wsgi [None req-67c72e6f-0a60-4dad-bf20-2e2f671777a3 8f37decd58d145af8bdf4ba3bc5011fa 4fddf38b4cfc497fb987fcc201f47212 - - default default] 10.0.0.13 "DELETE /v2.0/routers/25997ee4-84bf-4353-9c31-8accc875cc24 HTTP/1.1" status: 204 len: 168 time: 0.1554070
2026-05-09 18:11:57.564 9 INFO neutron.api.wsgi [req-01942df3-4de6-43d4-b082-cd500b354d38 req-43bf2b2f-8b39-46d3-a1a3-3243426b7274 9b59f34a42f44b59acffada6688f4c19 eed4dfac04f141ca88fe8b718c7e9e03 - - 0ae8b721ae004486adb9c48fe559be89 0ae8b721ae004486adb9c48fe559be89] 199.204.45.30 "GET /v2.0/ports?tenant_id=365b69a84d63487eb973ec7dfa6a29df&device_id=552f4470-e04c-4c27-8821-3b400a6f4ca7 HTTP/1.1" status: 200 len: 1407 time: 0.0396366
2026-05-09 18:11:57.588 9 INFO neutron.api.wsgi [req-01942df3-4de6-43d4-b082-cd500b354d38 req-27336c44-e453-4e80-9b2b-96c8d7fef211 9b59f34a42f44b59acffada6688f4c19 eed4dfac04f141ca88fe8b718c7e9e03 - - 0ae8b721ae004486adb9c48fe559be89 0ae8b721ae004486adb9c48fe559be89] 199.204.45.30 "GET /v2.0/floatingips?fixed_ip_address=10.100.0.8&port_id=2df2045e-8485-4782-ab12-eba7453463e9 HTTP/1.1" status: 200 len: 217 time: 0.0183182
2026-05-09 18:11:57.622 9 INFO neutron.api.wsgi [req-01942df3-4de6-43d4-b082-cd500b354d38 req-dcad5846-401a-4e54-b83d-8fa0edbfa8ac 9b59f34a42f44b59acffada6688f4c19 eed4dfac04f141ca88fe8b718c7e9e03 - - 0ae8b721ae004486adb9c48fe559be89 0ae8b721ae004486adb9c48fe559be89] 199.204.45.30 "GET /v2.0/subnets?id=28198540-c215-4e97-8062-12b696f2e429 HTTP/1.1" status: 200 len: 894 time: 0.0263076
2026-05-09 18:11:57.642 9 INFO neutron.api.wsgi [req-01942df3-4de6-43d4-b082-cd500b354d38 req-a7dd5499-ed0d-48d0-948b-24fa13067f03 9b59f34a42f44b59acffada6688f4c19 eed4dfac04f141ca88fe8b718c7e9e03 - - 0ae8b721ae004486adb9c48fe559be89 0ae8b721ae004486adb9c48fe559be89] 199.204.45.30 "GET /v2.0/ports?network_id=c0494428-cc6c-4e54-ad7c-e18bb568c6c2&device_owner=network%3Adhcp HTTP/1.1" status: 200 len: 210 time: 0.0157585
2026-05-09 18:11:57.666 9 INFO neutron.api.wsgi [None req-0cf43370-77d3-4340-8e5e-fc5c9c092f66 8f37decd58d145af8bdf4ba3bc5011fa 4fddf38b4cfc497fb987fcc201f47212 - - default default] 10.0.0.13 "DELETE /v2.0/subnets/41da1f01-caa3-4074-8da4-32f15942a183 HTTP/1.1" status: 204 len: 168 time: 0.1709025
2026-05-09 18:11:57.694 9 INFO neutron.api.wsgi [req-01942df3-4de6-43d4-b082-cd500b354d38 req-a3d76382-9eaf-43ac-bfad-014fca9af3e1 9b59f34a42f44b59acffada6688f4c19 eed4dfac04f141ca88fe8b718c7e9e03 - - 0ae8b721ae004486adb9c48fe559be89 0ae8b721ae004486adb9c48fe559be89] 199.204.45.30 "GET /v2.0/networks/c0494428-cc6c-4e54-ad7c-e18bb568c6c2?fields=segments HTTP/1.1" status: 200 len: 212 time: 0.0459371
2026-05-09 18:11:57.741 10 INFO neutron.api.wsgi [req-80794f01-9084-4c73-b61e-5721d9ff215d req-ff2eedf6-208c-4a4e-8242-36ae6e601049 8f0d8512bd4f4758a4301bd660f73fca 365b69a84d63487eb973ec7dfa6a29df - - default default] 10.0.0.11 "GET /v2.0/ports?device_id=552f4470-e04c-4c27-8821-3b400a6f4ca7 HTTP/1.1" status: 200 len: 1168 time: 0.0917854
2026-05-09 18:11:57.746 9 INFO neutron.api.wsgi [req-01942df3-4de6-43d4-b082-cd500b354d38 req-6f76eb05-3a10-4b82-9e91-5d3e0377cb23 9b59f34a42f44b59acffada6688f4c19 eed4dfac04f141ca88fe8b718c7e9e03 - - 0ae8b721ae004486adb9c48fe559be89 0ae8b721ae004486adb9c48fe559be89] 199.204.45.30 "GET /v2.0/networks/c0494428-cc6c-4e54-ad7c-e18bb568c6c2?fields=provider%3Aphysical_network&fields=provider%3Anetwork_type HTTP/1.1" status: 200 len: 277 time: 0.0450137
2026-05-09 18:11:57.781 10 INFO neutron.api.wsgi [req-80794f01-9084-4c73-b61e-5721d9ff215d req-328e7281-2e2b-4e17-ab50-5615a2702f0f 8f0d8512bd4f4758a4301bd660f73fca 365b69a84d63487eb973ec7dfa6a29df - - default default] 10.0.0.11 "GET /v2.0/security-groups?id=4bdc8416-9e0a-47be-9fa2-cca2d9432767&fields=id&fields=name HTTP/1.1" status: 200 len: 286 time: 0.0304625
2026-05-09 18:11:57.821 9 INFO neutron.api.wsgi [None req-de2af8a5-4102-4595-8d64-feb2284b3f8e 8f37decd58d145af8bdf4ba3bc5011fa 4fddf38b4cfc497fb987fcc201f47212 - - default default] 10.0.0.13 "DELETE /v2.0/subnets/f951f308-45b2-4fc4-863f-79770925695c HTTP/1.1" status: 204 len: 168 time: 0.1487162
2026-05-09 18:11:58.113 9 INFO neutron.services.segments.plugin [-] Segment ed4ef30c-996b-4246-8429-62a1b512d326 resource provider aggregate not found
2026-05-09 18:11:58.117 9 INFO neutron.services.segments.plugin [-] Segment ed4ef30c-996b-4246-8429-62a1b512d326 resource provider aggregate not found
2026-05-09 18:11:58.123 9 INFO neutron.services.segments.plugin [-] Segment ed4ef30c-996b-4246-8429-62a1b512d326 resource provider not found; error: Placement Client Error (4xx): {"errors": [{"status": 404, "title": "Not Found", "detail": "The resource could not be found.\n\n No resource provider with uuid ed4ef30c-996b-4246-8429-62a1b512d326 found for delete ", "request_id": "req-537eccc3-98ff-45df-acb6-eeae8b71fc3c"}]}
2026-05-09 18:11:58.128 9 INFO neutron.services.segments.plugin [-] Segment ed4ef30c-996b-4246-8429-62a1b512d326 resource provider not found; error: Placement Client Error (4xx): {"errors": [{"status": 404, "title": "Not Found", "detail": "The resource could not be found.\n\n No resource provider with uuid ed4ef30c-996b-4246-8429-62a1b512d326 found for delete ", "request_id": "req-cfcffc22-8622-4d48-a5a8-b1bb24ebb619"}]}
2026-05-09 18:11:58.151 9 INFO neutron.api.wsgi [None req-573eafe8-a6e0-4e83-ad6e-9f783c46180c 8f37decd58d145af8bdf4ba3bc5011fa 4fddf38b4cfc497fb987fcc201f47212 - - default default] 10.0.0.13 "DELETE /v2.0/networks/55a95482-cd32-4c2b-ac98-56ec086fa2ed HTTP/1.1" status: 204 len: 168 time: 0.3253717
2026-05-09 18:11:58.356 10 WARNING keystonemiddleware.audit [None req-fe9c811f-fb11-4494-a432-ddfb531a7ce1 - - - - - -] Skipping service tempest-service-1779091022 as it have no endpoints.
2026-05-09 18:11:58.467 9 INFO neutron.api.wsgi [None req-5fcbd8e5-2720-4e99-bf47-a29f7cd6386b 8f37decd58d145af8bdf4ba3bc5011fa 4fddf38b4cfc497fb987fcc201f47212 - - default default] 10.0.0.13 "DELETE /v2.0/networks/776e1a89-e3b4-4f49-9cae-67f18b9fe900 HTTP/1.1" status: 204 len: 168 time: 0.3125029
2026-05-09 18:11:58.475 9 WARNING neutron_lib.context [None req-4783d33b-05c6-49da-b11c-680163fab276 8f37decd58d145af8bdf4ba3bc5011fa 4fddf38b4cfc497fb987fcc201f47212 - - default default] Method 'is_advsvc' is deprecated since 2023.2 release (neutron-lib 3.8.0) and will be removed once support for the old RBAC API policies will be removed from Neutron. Please use method 'is_service_role' instead.
2026-05-09 18:11:58.486 10 INFO neutron.db.ovn_revision_numbers_db [None req-bdf5fe72-ad21-47d4-b2c2-de973b86343d eeb06f2e737947319181263885889c97 060fb54941ec4ee78175ce5716b185b4 - - default default] Successfully bumped revision number for resource 79aae30c-35d1-4173-8fa7-e5b91c36572e (type: security_groups) to 1
2026-05-09 18:11:58.499 10 INFO neutron.db.ovn_revision_numbers_db [None req-bdf5fe72-ad21-47d4-b2c2-de973b86343d eeb06f2e737947319181263885889c97 060fb54941ec4ee78175ce5716b185b4 - - default default] Successfully bumped revision number for resource 16b2788e-b220-4af7-bede-07519a2a8d60 (type: security_group_rules) to 0
2026-05-09 18:11:58.511 10 INFO neutron.db.ovn_revision_numbers_db [None req-bdf5fe72-ad21-47d4-b2c2-de973b86343d eeb06f2e737947319181263885889c97 060fb54941ec4ee78175ce5716b185b4 - - default default] Successfully bumped revision number for resource 1fe21992-a714-4016-a03a-08c5f5fb8628 (type: security_group_rules) to 0
2026-05-09 18:11:58.524 10 INFO neutron.db.ovn_revision_numbers_db [None req-bdf5fe72-ad21-47d4-b2c2-de973b86343d eeb06f2e737947319181263885889c97 060fb54941ec4ee78175ce5716b185b4 - - default default] Successfully bumped revision number for resource 378582dd-77ee-4fd4-975f-362926c47e25 (type: security_group_rules) to 0
2026-05-09 18:11:58.536 10 INFO neutron.db.ovn_revision_numbers_db [None req-bdf5fe72-ad21-47d4-b2c2-de973b86343d eeb06f2e737947319181263885889c97 060fb54941ec4ee78175ce5716b185b4 - - default default] Successfully bumped revision number for resource 794ce28a-c001-40de-8db9-9270bfe8fabf (type: security_group_rules) to 0
2026-05-09 18:11:58.557 9 INFO neutron.db.segments_db [None req-4783d33b-05c6-49da-b11c-680163fab276 8f37decd58d145af8bdf4ba3bc5011fa 4fddf38b4cfc497fb987fcc201f47212 - - default default] Added segment 8ab73de7-e011-4d00-bc85-00afb86053d1 of type geneve for network 13d9bc8b-ea0c-44c6-bc85-1a6d973c16e6
2026-05-09 18:11:58.604 10 INFO neutron.db.segments_db [None req-bdf5fe72-ad21-47d4-b2c2-de973b86343d eeb06f2e737947319181263885889c97 060fb54941ec4ee78175ce5716b185b4 - - default default] Added segment d6b93682-fbe5-4dd1-a8c7-d099c4442bc5 of type geneve for network bcd8b69c-74e5-4b01-8d65-d2480345f088
2026-05-09 18:11:58.665 9 INFO neutron.db.ovn_revision_numbers_db [None req-4783d33b-05c6-49da-b11c-680163fab276 8f37decd58d145af8bdf4ba3bc5011fa 4fddf38b4cfc497fb987fcc201f47212 - - default default] Successfully bumped revision number for resource 13d9bc8b-ea0c-44c6-bc85-1a6d973c16e6 (type: networks) to 1
2026-05-09 18:11:58.713 10 INFO neutron.db.ovn_revision_numbers_db [None req-bdf5fe72-ad21-47d4-b2c2-de973b86343d eeb06f2e737947319181263885889c97 060fb54941ec4ee78175ce5716b185b4 - - default default] Successfully bumped revision number for resource bcd8b69c-74e5-4b01-8d65-d2480345f088 (type: networks) to 1
2026-05-09 18:11:58.860 9 WARNING neutron.scheduler.dhcp_agent_scheduler [None req-4783d33b-05c6-49da-b11c-680163fab276 8f37decd58d145af8bdf4ba3bc5011fa 4fddf38b4cfc497fb987fcc201f47212 - - default default] No more DHCP agents
2026-05-09 18:11:58.862 9 WARNING neutron.api.rpc.agentnotifiers.dhcp_rpc_agent_api [None req-4783d33b-05c6-49da-b11c-680163fab276 8f37decd58d145af8bdf4ba3bc5011fa 4fddf38b4cfc497fb987fcc201f47212 - - default default] Unable to schedule network 13d9bc8b-ea0c-44c6-bc85-1a6d973c16e6: no agents available; will retry on subsequent port and subnet creation events.
2026-05-09 18:11:58.870 9 INFO neutron.api.wsgi [req-4de6a9e1-287b-4f81-97c0-f4a28c51589d req-686297ad-f971-4a4d-ac4a-f68831aad57e 8f0d8512bd4f4758a4301bd660f73fca 365b69a84d63487eb973ec7dfa6a29df - - default default] 10.0.0.11 "GET /v2.0/ports?device_id=552f4470-e04c-4c27-8821-3b400a6f4ca7 HTTP/1.1" status: 200 len: 1168 time: 0.0272174
2026-05-09 18:11:58.934 10 WARNING neutron.scheduler.dhcp_agent_scheduler [None req-bdf5fe72-ad21-47d4-b2c2-de973b86343d eeb06f2e737947319181263885889c97 060fb54941ec4ee78175ce5716b185b4 - - default default] No more DHCP agents
2026-05-09 18:11:58.935 10 WARNING neutron.api.rpc.agentnotifiers.dhcp_rpc_agent_api [None req-bdf5fe72-ad21-47d4-b2c2-de973b86343d eeb06f2e737947319181263885889c97 060fb54941ec4ee78175ce5716b185b4 - - default default] Unable to schedule network bcd8b69c-74e5-4b01-8d65-d2480345f088: no agents available; will retry on subsequent port and subnet creation events.
2026-05-09 18:11:58.940 9 INFO neutron.api.wsgi [req-4de6a9e1-287b-4f81-97c0-f4a28c51589d req-4da7fe03-bb3f-491b-bb86-fc8ba60e9c27 8f0d8512bd4f4758a4301bd660f73fca 365b69a84d63487eb973ec7dfa6a29df - - default default] 10.0.0.11 "GET /v2.0/security-groups?id=4bdc8416-9e0a-47be-9fa2-cca2d9432767&fields=id&fields=name HTTP/1.1" status: 200 len: 286 time: 0.0635369
2026-05-09 18:11:58.946 9 INFO neutron.db.ovn_revision_numbers_db [None req-4783d33b-05c6-49da-b11c-680163fab276 8f37decd58d145af8bdf4ba3bc5011fa 4fddf38b4cfc497fb987fcc201f47212 - - default default] Successfully bumped revision number for resource 4db43160-5b96-4640-9ab2-d59057ce7bf3 (type: ports) to 1
2026-05-09 18:11:58.972 9 INFO neutron.api.wsgi [None req-4783d33b-05c6-49da-b11c-680163fab276 8f37decd58d145af8bdf4ba3bc5011fa 4fddf38b4cfc497fb987fcc201f47212 - - default default] 10.0.0.13 "POST /v2.0/networks HTTP/1.1" status: 201 len: 830 time: 0.4997523
2026-05-09 18:11:58.984 9 WARNING neutron_lib.context [None req-53db1691-2efa-4254-8e63-ab1a580a4272 8f37decd58d145af8bdf4ba3bc5011fa 4fddf38b4cfc497fb987fcc201f47212 - - default default] Method 'is_advsvc' is deprecated since 2023.2 release (neutron-lib 3.8.0) and will be removed once support for the old RBAC API policies will be removed from Neutron. Please use method 'is_service_role' instead.
2026-05-09 18:11:59.000 10 INFO neutron.db.ovn_revision_numbers_db [None req-bdf5fe72-ad21-47d4-b2c2-de973b86343d eeb06f2e737947319181263885889c97 060fb54941ec4ee78175ce5716b185b4 - - default default] Successfully bumped revision number for resource 27242d1c-aadf-4fcf-b7ed-da483d3f5d15 (type: ports) to 1
2026-05-09 18:11:59.018 10 INFO neutron.api.wsgi [None req-bdf5fe72-ad21-47d4-b2c2-de973b86343d eeb06f2e737947319181263885889c97 060fb54941ec4ee78175ce5716b185b4 - - default default] 10.0.0.13 "POST /v2.0/networks HTTP/1.1" status: 201 len: 946 time: 0.7756760
2026-05-09 18:11:59.028 9 WARNING keystonemiddleware.audit [None req-1fd6f473-9ad2-40b5-9ce9-bc37fcd997c0 - - - - - -] Skipping service tempest-service-1779091022 as it have no endpoints.
2026-05-09 18:11:59.059 10 WARNING neutron.plugins.ml2.drivers.ovn.mech_driver.ovsdb.ovn_client [None req-592fd614-5ba9-436a-8ad4-c694a11481b2 - - - - - -] No port found with ID c9a0cf70-c112-4eb1-bfc2-986c90ddaa37: RuntimeError: No port found with ID c9a0cf70-c112-4eb1-bfc2-986c90ddaa37
2026-05-09 18:11:59.216 9 WARNING neutron.scheduler.dhcp_agent_scheduler [None req-c259da96-cc21-4975-a8eb-a43f4c2d5948 eeb06f2e737947319181263885889c97 060fb54941ec4ee78175ce5716b185b4 - - default default] No more DHCP agents
2026-05-09 18:11:59.218 9 WARNING neutron.api.rpc.agentnotifiers.dhcp_rpc_agent_api [None req-c259da96-cc21-4975-a8eb-a43f4c2d5948 eeb06f2e737947319181263885889c97 060fb54941ec4ee78175ce5716b185b4 - - default default] Unable to schedule network bcd8b69c-74e5-4b01-8d65-d2480345f088: no agents available; will retry on subsequent port and subnet creation events.
2026-05-09 18:11:59.225 9 WARNING neutron.scheduler.dhcp_agent_scheduler [None req-53db1691-2efa-4254-8e63-ab1a580a4272 8f37decd58d145af8bdf4ba3bc5011fa 4fddf38b4cfc497fb987fcc201f47212 - - default default] No more DHCP agents
2026-05-09 18:11:59.233 9 WARNING neutron.api.rpc.agentnotifiers.dhcp_rpc_agent_api [None req-53db1691-2efa-4254-8e63-ab1a580a4272 8f37decd58d145af8bdf4ba3bc5011fa 4fddf38b4cfc497fb987fcc201f47212 - - default default] Unable to schedule network 13d9bc8b-ea0c-44c6-bc85-1a6d973c16e6: no agents available; will retry on subsequent port and subnet creation events.
2026-05-09 18:11:59.273 9 INFO neutron.db.ovn_revision_numbers_db [None req-53db1691-2efa-4254-8e63-ab1a580a4272 8f37decd58d145af8bdf4ba3bc5011fa 4fddf38b4cfc497fb987fcc201f47212 - - default default] Successfully bumped revision number for resource 913dd31b-51dd-441e-a82b-c24dff9ce8cf (type: subnets) to 0
2026-05-09 18:11:59.286 9 INFO neutron.db.ovn_revision_numbers_db [None req-e79a887f-06e8-49e1-85fd-1caf8ced4ebe eeb06f2e737947319181263885889c97 060fb54941ec4ee78175ce5716b185b4 - - default default] Successfully bumped revision number for resource 4920f149-983b-4c83-a44d-b9c6db6126a6 (type: security_groups) to 1
2026-05-09 18:11:59.293 9 INFO neutron.api.wsgi [None req-53db1691-2efa-4254-8e63-ab1a580a4272 8f37decd58d145af8bdf4ba3bc5011fa 4fddf38b4cfc497fb987fcc201f47212 - - default default] 10.0.0.13 "POST /v2.0/subnets HTTP/1.1" status: 201 len: 845 time: 0.3148315
2026-05-09 18:11:59.307 9 WARNING neutron_lib.context [None req-563da772-48fc-4f99-aace-0aec5e5988ea 8f37decd58d145af8bdf4ba3bc5011fa 4fddf38b4cfc497fb987fcc201f47212 - - default default] Method 'is_advsvc' is deprecated since 2023.2 release (neutron-lib 3.8.0) and will be removed once support for the old RBAC API policies will be removed from Neutron. Please use method 'is_service_role' instead.
2026-05-09 18:11:59.315 9 INFO neutron.db.ovn_revision_numbers_db [None req-e79a887f-06e8-49e1-85fd-1caf8ced4ebe eeb06f2e737947319181263885889c97 060fb54941ec4ee78175ce5716b185b4 - - default default] Successfully bumped revision number for resource 013cf349-e1e8-4c15-911a-4b93efa1a2d3 (type: security_group_rules) to 0
2026-05-09 18:11:59.340 9 INFO neutron.db.ovn_revision_numbers_db [None req-e79a887f-06e8-49e1-85fd-1caf8ced4ebe eeb06f2e737947319181263885889c97 060fb54941ec4ee78175ce5716b185b4 - - default default] Successfully bumped revision number for resource 55221f7b-214e-46bb-9367-d1fa1bac9f15 (type: security_group_rules) to 0
2026-05-09 18:11:59.375 9 INFO neutron.db.ovn_revision_numbers_db [None req-e79a887f-06e8-49e1-85fd-1caf8ced4ebe eeb06f2e737947319181263885889c97 060fb54941ec4ee78175ce5716b185b4 - - default default] Successfully bumped revision number for resource a262db08-01d1-435e-aaaf-c8678e8bf687 (type: security_group_rules) to 0
2026-05-09 18:11:59.396 9 INFO neutron.db.ovn_revision_numbers_db [None req-e79a887f-06e8-49e1-85fd-1caf8ced4ebe eeb06f2e737947319181263885889c97 060fb54941ec4ee78175ce5716b185b4 - - default default] Successfully bumped revision number for resource f5c929af-4c12-47a8-a891-7ce0f6b86037 (type: security_group_rules) to 0
2026-05-09 18:11:59.448 9 INFO neutron.db.ovn_revision_numbers_db [None req-563da772-48fc-4f99-aace-0aec5e5988ea 8f37decd58d145af8bdf4ba3bc5011fa 4fddf38b4cfc497fb987fcc201f47212 - - default default] Successfully bumped revision number for resource 093a0b58-4fad-4889-8de7-6f241192a517 (type: routers) to 1
2026-05-09 18:11:59.467 9 INFO neutron.api.wsgi [None req-563da772-48fc-4f99-aace-0aec5e5988ea 8f37decd58d145af8bdf4ba3bc5011fa 4fddf38b4cfc497fb987fcc201f47212 - - default default] 10.0.0.13 "POST /v2.0/routers HTTP/1.1" status: 201 len: 805 time: 0.1638179
2026-05-09 18:11:59.471 9 INFO neutron.api.wsgi [None req-e79a887f-06e8-49e1-85fd-1caf8ced4ebe eeb06f2e737947319181263885889c97 060fb54941ec4ee78175ce5716b185b4 - - default default] 10.0.0.13 "GET /v2.0/security-groups?tenant_id=35f15112cade49e3a6f1986c0bcb1a9d&name=default HTTP/1.1" status: 200 len: 3120 time: 0.4649789
2026-05-09 18:11:59.478 10 WARNING neutron_lib.context [None req-9a426f6f-aa4e-4d4d-b107-18514e0cb794 8f37decd58d145af8bdf4ba3bc5011fa 4fddf38b4cfc497fb987fcc201f47212 - - default default] Method 'is_advsvc' is deprecated since 2023.2 release (neutron-lib 3.8.0) and will be removed once support for the old RBAC API policies will be removed from Neutron. Please use method 'is_service_role' instead.
2026-05-09 18:11:59.685 9 INFO neutron.api.wsgi [None req-fc636127-1587-4860-ba62-56ac3578d420 eeb06f2e737947319181263885889c97 060fb54941ec4ee78175ce5716b185b4 - - default default] 10.0.0.13 "DELETE /v2.0/security-groups/4920f149-983b-4c83-a44d-b9c6db6126a6 HTTP/1.1" status: 204 len: 168 time: 0.2071431
2026-05-09 18:11:59.742 9 INFO neutron.db.ovn_revision_numbers_db [None req-09670f40-bbfc-4247-9310-027fdb59f569 - - - - - -] Successfully bumped revision number for resource 27242d1c-aadf-4fcf-b7ed-da483d3f5d15 (type: ports) to 2
2026-05-09 18:11:59.776 9 INFO neutron.db.ovn_revision_numbers_db [None req-09670f40-bbfc-4247-9310-027fdb59f569 - - - - - -] Successfully bumped revision number for resource 378d0ab5-4b89-49df-bee5-db4f0ac4ad06 (type: subnets) to 0
2026-05-09 18:11:59.779 10 WARNING neutron.scheduler.dhcp_agent_scheduler [None req-9a426f6f-aa4e-4d4d-b107-18514e0cb794 8f37decd58d145af8bdf4ba3bc5011fa 4fddf38b4cfc497fb987fcc201f47212 - - default default] No more DHCP agents
2026-05-09 18:11:59.780 10 WARNING neutron.api.rpc.agentnotifiers.dhcp_rpc_agent_api [None req-9a426f6f-aa4e-4d4d-b107-18514e0cb794 8f37decd58d145af8bdf4ba3bc5011fa 4fddf38b4cfc497fb987fcc201f47212 - - default default] Unable to schedule network 13d9bc8b-ea0c-44c6-bc85-1a6d973c16e6: no agents available; will retry on subsequent port and subnet creation events.
2026-05-09 18:11:59.796 9 INFO neutron.api.wsgi [None req-c259da96-cc21-4975-a8eb-a43f4c2d5948 eeb06f2e737947319181263885889c97 060fb54941ec4ee78175ce5716b185b4 - - default default] 10.0.0.13 "POST /v2.0/subnets HTTP/1.1" status: 201 len: 890 time: 0.7702522
2026-05-09 18:11:59.802 9 WARNING keystonemiddleware.audit [None req-5b09749e-6a09-4bd6-b66d-18f581187d57 - - - - - -] Skipping service tempest-service-1779091022 as it have no endpoints.
2026-05-09 18:11:59.894 10 INFO neutron.plugins.ml2.drivers.ovn.mech_driver.mech_driver [None req-592fd614-5ba9-436a-8ad4-c694a11481b2 - - - - - -] OVN reports status up for port: 2df2045e-8485-4782-ab12-eba7453463e9
2026-05-09 18:11:59.908 10 INFO neutron.db.ovn_revision_numbers_db [None req-9a426f6f-aa4e-4d4d-b107-18514e0cb794 8f37decd58d145af8bdf4ba3bc5011fa 4fddf38b4cfc497fb987fcc201f47212 - - default default] Successfully bumped revision number for resource 67d6520d-df68-458f-9d64-42ee15e76074 (type: ports) to 1
2026-05-09 18:11:59.910 10 INFO neutron.plugins.ml2.plugin [None req-592fd614-5ba9-436a-8ad4-c694a11481b2 - - - - - -] Attempt 1 to provision port 2df2045e-8485-4782-ab12-eba7453463e9
2026-05-09 18:11:59.930 9 INFO neutron.db.ovn_revision_numbers_db [None req-04c5ebd2-2fde-4284-8c21-be399291e33d eeb06f2e737947319181263885889c97 060fb54941ec4ee78175ce5716b185b4 - - default default] Successfully bumped revision number for resource 9452cd4e-7c69-4b8b-9b3c-71afba17d46c (type: security_groups) to 1
2026-05-09 18:11:59.935 10 INFO neutron.api.wsgi [None req-9a426f6f-aa4e-4d4d-b107-18514e0cb794 8f37decd58d145af8bdf4ba3bc5011fa 4fddf38b4cfc497fb987fcc201f47212 - - default default] 10.0.0.13 "POST /v2.0/ports HTTP/1.1" status: 201 len: 1161 time: 0.4621665 /var/lib/openstack/lib/python3.12/site-packages/pycadf/identifier.py:71: UserWarning: Invalid uuid: neutron. To ensure interoperability, identifiers should be a valid uuid. warnings.warn(('Invalid uuid: %s. To ensure interoperability, '
2026-05-09 18:11:59.957 9 INFO neutron.db.ovn_revision_numbers_db [None req-04c5ebd2-2fde-4284-8c21-be399291e33d eeb06f2e737947319181263885889c97 060fb54941ec4ee78175ce5716b185b4 - - default default] Successfully bumped revision number for resource 40ea6dd3-2058-418d-a3c8-bec970fc68cf (type: security_group_rules) to 0
2026-05-09 18:12:00.000 9 INFO neutron.db.ovn_revision_numbers_db [None req-04c5ebd2-2fde-4284-8c21-be399291e33d eeb06f2e737947319181263885889c97 060fb54941ec4ee78175ce5716b185b4 - - default default] Successfully bumped revision number for resource 7ce18ae5-0e27-4958-a41e-ab7ffb125553 (type: security_group_rules) to 0
2026-05-09 18:12:00.017 9 INFO neutron.db.ovn_revision_numbers_db [None req-04c5ebd2-2fde-4284-8c21-be399291e33d eeb06f2e737947319181263885889c97 060fb54941ec4ee78175ce5716b185b4 - - default default] Successfully bumped revision number for resource 8c9ac48b-cec2-4d07-805f-dc8330e9e45c (type: security_group_rules) to 0
2026-05-09 18:12:00.037 9 INFO neutron.db.ovn_revision_numbers_db [None req-04c5ebd2-2fde-4284-8c21-be399291e33d eeb06f2e737947319181263885889c97 060fb54941ec4ee78175ce5716b185b4 - - default default] Successfully bumped revision number for resource a0c1ca54-2455-4188-a9dd-0b5e3eae233e (type: security_group_rules) to 0
2026-05-09 18:12:00.059 10 INFO neutron.api.wsgi [req-b41f4f0a-bace-4721-b6de-ab9038aa5a84 req-529c880b-dbf2-4eba-901b-88eb943b61bb 8f0d8512bd4f4758a4301bd660f73fca 365b69a84d63487eb973ec7dfa6a29df - - default default] 10.0.0.11 "GET /v2.0/ports?device_id=552f4470-e04c-4c27-8821-3b400a6f4ca7 HTTP/1.1" status: 200 len: 1168 time: 0.0637453
2026-05-09 18:12:00.090 10 INFO neutron.notifiers.nova [-] Nova event matching ['req-0721cfa2-e896-49b4-b6cd-8e9619a49db3'] response: {'server_uuid': '552f4470-e04c-4c27-8821-3b400a6f4ca7', 'name': 'network-vif-plugged', 'status': 'completed', 'tag': '2df2045e-8485-4782-ab12-eba7453463e9', 'code': 200}
2026-05-09 18:12:00.097 9 INFO neutron.api.wsgi [None req-04c5ebd2-2fde-4284-8c21-be399291e33d eeb06f2e737947319181263885889c97 060fb54941ec4ee78175ce5716b185b4 - - default default] 10.0.0.13 "GET /v2.0/security-groups?tenant_id=e32b26a14ae24ccda2d707626d6ea4e9&name=default HTTP/1.1" status: 200 len: 3120 time: 0.3260212
2026-05-09 18:12:00.112 10 INFO neutron.api.wsgi [req-b41f4f0a-bace-4721-b6de-ab9038aa5a84 req-4cf58f00-137b-4402-9811-518d81778249 8f0d8512bd4f4758a4301bd660f73fca 365b69a84d63487eb973ec7dfa6a29df - - default default] 10.0.0.11 "GET /v2.0/security-groups?id=4bdc8416-9e0a-47be-9fa2-cca2d9432767&fields=id&fields=name HTTP/1.1" status: 200 len: 286 time: 0.0502481
2026-05-09 18:12:00.141 9 INFO neutron.services.segments.plugin [-] Segment ac3e0fcf-a66a-4fcd-a564-2b1034fd4e0e resource provider aggregate not found
2026-05-09 18:12:00.146 9 INFO neutron.services.segments.plugin [-] Segment ac3e0fcf-a66a-4fcd-a564-2b1034fd4e0e resource provider aggregate not found
2026-05-09 18:12:00.154 9 INFO neutron.services.segments.plugin [-] Segment ac3e0fcf-a66a-4fcd-a564-2b1034fd4e0e resource provider not found; error: Placement Client Error (4xx): {"errors": [{"status": 404, "title": "Not Found", "detail": "The resource could not be found.\n\n No resource provider with uuid ac3e0fcf-a66a-4fcd-a564-2b1034fd4e0e found for delete ", "request_id": "req-e1375fba-a476-4e44-a67c-c6a021d9b945"}]}
2026-05-09 18:12:00.165 9 INFO neutron.services.segments.plugin [-] Segment ac3e0fcf-a66a-4fcd-a564-2b1034fd4e0e resource provider not found; error: Placement Client Error (4xx): {"errors": [{"status": 404, "title": "Not Found", "detail": "The resource could not be found.\n\n No resource provider with uuid ac3e0fcf-a66a-4fcd-a564-2b1034fd4e0e found for delete ", "request_id": "req-ce604bfa-3628-40f9-8d11-4350f767ce2e"}]}
2026-05-09 18:12:00.262 9 WARNING neutron.scheduler.dhcp_agent_scheduler [None req-41f0cbca-34b2-423c-b9dd-3e1f15098f2b eeb06f2e737947319181263885889c97 060fb54941ec4ee78175ce5716b185b4 - - default default] No more DHCP agents
2026-05-09 18:12:00.264 9 WARNING neutron.api.rpc.agentnotifiers.dhcp_rpc_agent_api [None req-41f0cbca-34b2-423c-b9dd-3e1f15098f2b eeb06f2e737947319181263885889c97 060fb54941ec4ee78175ce5716b185b4 - - default default] Unable to schedule network e3d38db2-c557-4d75-b4d3-42faced4f97f: no agents available; will retry on subsequent port and subnet creation events.
2026-05-09 18:12:00.287 10 INFO neutron.db.ovn_revision_numbers_db [None req-592fd614-5ba9-436a-8ad4-c694a11481b2 - - - - - -] Successfully bumped revision number for resource 2df2045e-8485-4782-ab12-eba7453463e9 (type: ports) to 5
2026-05-09 18:12:00.372 9 INFO neutron.api.wsgi [None req-cf446285-79e1-4cb1-be58-e193726fa502 eeb06f2e737947319181263885889c97 060fb54941ec4ee78175ce5716b185b4 - - default default] 10.0.0.13 "DELETE /v2.0/security-groups/9452cd4e-7c69-4b8b-9b3c-71afba17d46c HTTP/1.1" status: 204 len: 168 time: 0.2691662
2026-05-09 18:12:00.387 9 INFO neutron.db.ovn_revision_numbers_db [None req-41f0cbca-34b2-423c-b9dd-3e1f15098f2b eeb06f2e737947319181263885889c97 060fb54941ec4ee78175ce5716b185b4 - - default default] Successfully bumped revision number for resource d49665c7-79f4-4ea5-96b3-2b8f5894c14d (type: ports) to 1
2026-05-09 18:12:00.702 10 INFO neutron.db.ovn_revision_numbers_db [None req-03d774bf-092b-48f9-9315-9bdb5deda561 8f37decd58d145af8bdf4ba3bc5011fa 4fddf38b4cfc497fb987fcc201f47212 - - default default] Successfully bumped revision number for resource 67d6520d-df68-458f-9d64-42ee15e76074 (type: ports) to 2
2026-05-09 18:12:00.978 9 INFO neutron.plugins.ml2.drivers.ovn.mech_driver.ovsdb.commands [None req-00bea2ae-b9f0-4e9b-a172-5bda64969cc7 - - - - - -] Schedule LRP lrp-d49665c7-79f4-4ea5-96b3-2b8f5894c14d on gateway facc2238-7c05-4b98-a9e1-6b4ca8997d25 with priority 1
2026-05-09 18:12:01.004 9 INFO neutron.plugins.ml2.drivers.ovn.mech_driver.ovsdb.ovsdb_monitor [None req-70ae9c29-6517-46ad-8c23-0f079233e9d1 - - - - - -] Router a36a02c4-646f-49c0-b12c-8c3b871bb79d is bound to host instance
2026-05-09 18:12:01.032 9 INFO neutron.db.ovn_revision_numbers_db [None req-41f0cbca-34b2-423c-b9dd-3e1f15098f2b eeb06f2e737947319181263885889c97 060fb54941ec4ee78175ce5716b185b4 - - default default] Successfully bumped revision number for resource d49665c7-79f4-4ea5-96b3-2b8f5894c14d (type: router_ports) to 1
2026-05-09 18:12:01.099 9 INFO neutron.db.ovn_revision_numbers_db [None req-41f0cbca-34b2-423c-b9dd-3e1f15098f2b eeb06f2e737947319181263885889c97 060fb54941ec4ee78175ce5716b185b4 - - default default] Successfully bumped revision number for resource a36a02c4-646f-49c0-b12c-8c3b871bb79d (type: routers) to 2
2026-05-09 18:12:01.114 9 INFO neutron.api.wsgi [None req-41f0cbca-34b2-423c-b9dd-3e1f15098f2b eeb06f2e737947319181263885889c97 060fb54941ec4ee78175ce5716b185b4 - - default default] 10.0.0.13 "POST /v2.0/routers HTTP/1.1" status: 201 len: 1168 time: 1.3141305
2026-05-09 18:12:01.121 9 WARNING keystonemiddleware.audit [None req-521bf97a-770a-4dad-9e70-66d9cdab9821 - - - - - -] Skipping service tempest-service-1779091022 as it have no endpoints.
2026-05-09 18:12:01.157 9 WARNING neutron.plugins.ml2.drivers.ovn.mech_driver.ovsdb.ovn_client [None req-51014f0b-0319-4fa2-9449-c24534b31d9c - - - - - -] No port found with ID fe16a9d1-62c0-4e5a-973d-e3e1a0a6c87a: RuntimeError: No port found with ID fe16a9d1-62c0-4e5a-973d-e3e1a0a6c87a
2026-05-09 18:12:01.176 9 INFO neutron.plugins.ml2.drivers.ovn.mech_driver.mech_driver [None req-51014f0b-0319-4fa2-9449-c24534b31d9c - - - - - -] OVN reports status up for port: 67d6520d-df68-458f-9d64-42ee15e76074
2026-05-09 18:12:01.180 10 INFO neutron.db.ovn_revision_numbers_db [None req-03d774bf-092b-48f9-9315-9bdb5deda561 8f37decd58d145af8bdf4ba3bc5011fa 4fddf38b4cfc497fb987fcc201f47212 - - default default] Successfully bumped revision number for resource 67d6520d-df68-458f-9d64-42ee15e76074 (type: ports) to 2
2026-05-09 18:12:01.208 9 INFO neutron.plugins.ml2.plugin [None req-51014f0b-0319-4fa2-9449-c24534b31d9c - - - - - -] Attempt 1 to provision port 67d6520d-df68-458f-9d64-42ee15e76074
2026-05-09 18:12:01.226 10 WARNING neutron.scheduler.dhcp_agent_scheduler [None req-03d774bf-092b-48f9-9315-9bdb5deda561 8f37decd58d145af8bdf4ba3bc5011fa 4fddf38b4cfc497fb987fcc201f47212 - - default default] No more DHCP agents
2026-05-09 18:12:01.228 10 WARNING neutron.api.rpc.agentnotifiers.dhcp_rpc_agent_api [None req-03d774bf-092b-48f9-9315-9bdb5deda561 8f37decd58d145af8bdf4ba3bc5011fa 4fddf38b4cfc497fb987fcc201f47212 - - default default] Unable to schedule network 13d9bc8b-ea0c-44c6-bc85-1a6d973c16e6: no agents available; will retry on subsequent port and subnet creation events.
2026-05-09 18:12:01.396 10 INFO neutron.db.ovn_revision_numbers_db [None req-03d774bf-092b-48f9-9315-9bdb5deda561 8f37decd58d145af8bdf4ba3bc5011fa 4fddf38b4cfc497fb987fcc201f47212 - - default default] Successfully bumped revision number for resource 67d6520d-df68-458f-9d64-42ee15e76074 (type: router_ports) to 2
2026-05-09 18:12:01.402 10 INFO neutron.api.wsgi [None req-03d774bf-092b-48f9-9315-9bdb5deda561 8f37decd58d145af8bdf4ba3bc5011fa 4fddf38b4cfc497fb987fcc201f47212 - - default default] 10.0.0.13 "PUT /v2.0/routers/093a0b58-4fad-4889-8de7-6f241192a517/add_router_interface HTTP/1.1" status: 200 len: 503 time: 1.4627988 /var/lib/openstack/lib/python3.12/site-packages/pycadf/identifier.py:71: UserWarning: Invalid uuid: neutron. To ensure interoperability, identifiers should be a valid uuid. warnings.warn(('Invalid uuid: %s. To ensure interoperability, '
2026-05-09 18:12:01.483 10 INFO neutron.api.wsgi [None req-4f115b80-eee6-400f-aade-86f4814f3311 8f37decd58d145af8bdf4ba3bc5011fa 4fddf38b4cfc497fb987fcc201f47212 - - default default] 10.0.0.13 "GET /v2.0/ports/67d6520d-df68-458f-9d64-42ee15e76074 HTTP/1.1" status: 200 len: 1217 time: 0.0769737
2026-05-09 18:12:01.539 10 INFO neutron.api.wsgi [-] 10.0.0.207 "GET / HTTP/1.1" status: 200 len: 247 time: 0.0016975
2026-05-09 18:12:01.540 10 INFO neutron.api.wsgi [-] 10.0.0.207 "GET / HTTP/1.1" status: 200 len: 247 time: 0.0011046
2026-05-09 18:12:01.608 9 INFO neutron.api.wsgi [req-f78cf17f-a569-4993-ac5b-85248c0db82c req-03465b9a-d18b-4099-ab24-e87bcca4b40b 8f0d8512bd4f4758a4301bd660f73fca 365b69a84d63487eb973ec7dfa6a29df - - default default] 10.0.0.11 "GET /v2.0/ports?device_id=552f4470-e04c-4c27-8821-3b400a6f4ca7 HTTP/1.1" status: 200 len: 1170 time: 0.4259152
2026-05-09 18:12:01.680 9 INFO neutron.api.wsgi [req-f78cf17f-a569-4993-ac5b-85248c0db82c req-a208299c-c3d1-4039-b969-07d995423daf 8f0d8512bd4f4758a4301bd660f73fca 365b69a84d63487eb973ec7dfa6a29df - - default default] 10.0.0.11 "GET /v2.0/security-groups?id=4bdc8416-9e0a-47be-9fa2-cca2d9432767&fields=id&fields=name HTTP/1.1" status: 200 len: 286 time: 0.0664456
2026-05-09 18:12:01.910 9 ERROR neutron.plugins.ml2.managers [None req-51014f0b-0319-4fa2-9449-c24534b31d9c - - - - - -] Mechanism driver 'ovn' failed in update_port_postcommit: ovsdbapp.backend.ovs_idl.idlutils.RowNotFound: Cannot find Logical_Switch_Port with name=67d6520d-df68-458f-9d64-42ee15e76074
2026-05-09 18:12:01.910 9 ERROR neutron.plugins.ml2.managers
Traceback (most recent call last):
2026-05-09 18:12:01.910 9 ERROR neutron.plugins.ml2.managers
File "/var/lib/openstack/lib/python3.12/site-packages/neutron/plugins/ml2/managers.py", line 481, in _call_on_drivers
2026-05-09 18:12:01.910 9 ERROR neutron.plugins.ml2.managers getattr(driver.obj, method_name)(context)
2026-05-09 18:12:01.910 9 ERROR neutron.plugins.ml2.managers
File "/var/lib/openstack/lib/python3.12/site-packages/neutron/plugins/ml2/drivers/ovn/mech_driver/mech_driver.py", line 987, in update_port_postcommit
2026-05-09 18:12:01.910 9 ERROR neutron.plugins.ml2.managers self._ovn_update_port(context.plugin_context, port, original_port,
2026-05-09 18:12:01.910 9 ERROR neutron.plugins.ml2.managers
File "/var/lib/openstack/lib/python3.12/site-packages/neutron/plugins/ml2/drivers/ovn/mech_driver/mech_driver.py", line 867, in _ovn_update_port
2026-05-09 18:12:01.910 9 ERROR neutron.plugins.ml2.managers self._ovn_client.update_port(plugin_context, port,
2026-05-09 18:12:01.910 9 ERROR neutron.plugins.ml2.managers
File "/var/lib/openstack/lib/python3.12/site-packages/neutron/plugins/ml2/drivers/ovn/mech_driver/ovsdb/ovn_client.py", line 759, in update_port
2026-05-09 18:12:01.910 9 ERROR neutron.plugins.ml2.managers ovn_port = self._nb_idl.lookup('Logical_Switch_Port', port['id'])
2026-05-09 18:12:01.910 9 ERROR neutron.plugins.ml2.managers ^^^^^^^^^^^^^^^^^^^^^^^^^^^^^^^^^^^^^^^^^^^^^^^^^^^^^^
2026-05-09 18:12:01.910 9 ERROR neutron.plugins.ml2.managers
File "/var/lib/openstack/lib/python3.12/site-packages/ovsdbapp/backend/ovs_idl/__init__.py", line 184, in lookup
2026-05-09 18:12:01.910 9 ERROR neutron.plugins.ml2.managers return self._lookup(table, record)
2026-05-09 18:12:01.910 9 ERROR neutron.plugins.ml2.managers ^^^^^^^^^^^^^^^^^^^^^^^^^^^
2026-05-09 18:12:01.910 9 ERROR neutron.plugins.ml2.managers
File "/var/lib/openstack/lib/python3.12/site-packages/ovsdbapp/backend/ovs_idl/__init__.py", line 235, in _lookup
2026-05-09 18:12:01.910 9 ERROR neutron.plugins.ml2.managers row = idlutils.row_by_value(self, rl.table, rl.column, record)
2026-05-09 18:12:01.910 9 ERROR neutron.plugins.ml2.managers ^^^^^^^^^^^^^^^^^^^^^^^^^^^^^^^^^^^^^^^^^^^^^^^^^^^^^^^^
2026-05-09 18:12:01.910 9 ERROR neutron.plugins.ml2.managers
File "/var/lib/openstack/lib/python3.12/site-packages/ovsdbapp/backend/ovs_idl/idlutils.py", line 114, in row_by_value
2026-05-09 18:12:01.910 9 ERROR neutron.plugins.ml2.managers raise RowNotFound(table=table, col=column, match=match)
2026-05-09 18:12:01.910 9 ERROR neutron.plugins.ml2.managers ovsdbapp.backend.ovs_idl.idlutils.RowNotFound: Cannot find Logical_Switch_Port with name=67d6520d-df68-458f-9d64-42ee15e76074
2026-05-09 18:12:01.910 9 ERROR neutron.plugins.ml2.managers
2026-05-09 18:12:01.934 9 ERROR ovsdbapp.backend.ovs_idl.command [None req-51014f0b-0319-4fa2-9449-c24534b31d9c - - - - - -] Error executing command (LspGetUpCommand): ovsdbapp.backend.ovs_idl.idlutils.RowNotFound: Cannot find Logical_Switch_Port with name=67d6520d-df68-458f-9d64-42ee15e76074
2026-05-09 18:12:01.934 9 ERROR ovsdbapp.backend.ovs_idl.command
Traceback (most recent call last):
2026-05-09 18:12:01.934 9 ERROR ovsdbapp.backend.ovs_idl.command
File "/var/lib/openstack/lib/python3.12/site-packages/ovsdbapp/backend/ovs_idl/command.py", line 47, in execute
2026-05-09 18:12:01.934 9 ERROR ovsdbapp.backend.ovs_idl.command self.run_idl(None)
2026-05-09 18:12:01.934 9 ERROR ovsdbapp.backend.ovs_idl.command
File "/var/lib/openstack/lib/python3.12/site-packages/ovsdbapp/schema/ovn_northbound/commands.py", line 679, in run_idl
2026-05-09 18:12:01.934 9 ERROR ovsdbapp.backend.ovs_idl.command lsp = self.api.lookup('Logical_Switch_Port', self.port)
2026-05-09 18:12:01.934 9 ERROR ovsdbapp.backend.ovs_idl.command ^^^^^^^^^^^^^^^^^^^^^^^^^^^^^^^^^^^^^^^^^^^^^^^^^
2026-05-09 18:12:01.934 9 ERROR ovsdbapp.backend.ovs_idl.command
File "/var/lib/openstack/lib/python3.12/site-packages/ovsdbapp/backend/ovs_idl/__init__.py", line 184, in lookup
2026-05-09 18:12:01.934 9 ERROR ovsdbapp.backend.ovs_idl.command return self._lookup(table, record)
2026-05-09 18:12:01.934 9 ERROR ovsdbapp.backend.ovs_idl.command ^^^^^^^^^^^^^^^^^^^^^^^^^^^
2026-05-09 18:12:01.934 9 ERROR ovsdbapp.backend.ovs_idl.command
File "/var/lib/openstack/lib/python3.12/site-packages/ovsdbapp/backend/ovs_idl/__init__.py", line 235, in _lookup
2026-05-09 18:12:01.934 9 ERROR ovsdbapp.backend.ovs_idl.command row = idlutils.row_by_value(self, rl.table, rl.column, record)
2026-05-09 18:12:01.934 9 ERROR ovsdbapp.backend.ovs_idl.command ^^^^^^^^^^^^^^^^^^^^^^^^^^^^^^^^^^^^^^^^^^^^^^^^^^^^^^^^
2026-05-09 18:12:01.934 9 ERROR ovsdbapp.backend.ovs_idl.command
File "/var/lib/openstack/lib/python3.12/site-packages/ovsdbapp/backend/ovs_idl/idlutils.py", line 114, in row_by_value
2026-05-09 18:12:01.934 9 ERROR ovsdbapp.backend.ovs_idl.command raise RowNotFound(table=table, col=column, match=match)
2026-05-09 18:12:01.934 9 ERROR ovsdbapp.backend.ovs_idl.command ovsdbapp.backend.ovs_idl.idlutils.RowNotFound: Cannot find Logical_Switch_Port with name=67d6520d-df68-458f-9d64-42ee15e76074
2026-05-09 18:12:01.934 9 ERROR ovsdbapp.backend.ovs_idl.command
2026-05-09 18:12:01.935 9 ERROR ovsdbapp.event [None req-51014f0b-0319-4fa2-9449-c24534b31d9c - - - - - -] Unexpected exception in notify_loop: ovsdbapp.backend.ovs_idl.idlutils.RowNotFound: Cannot find Logical_Switch_Port with name=67d6520d-df68-458f-9d64-42ee15e76074
2026-05-09 18:12:01.935 9 ERROR ovsdbapp.event
Traceback (most recent call last):
2026-05-09 18:12:01.935 9 ERROR ovsdbapp.event
File "/var/lib/openstack/lib/python3.12/site-packages/ovsdbapp/event.py", line 177, in notify_loop
2026-05-09 18:12:01.935 9 ERROR ovsdbapp.event match.run(event, row, updates)
2026-05-09 18:12:01.935 9 ERROR ovsdbapp.event
File "/var/lib/openstack/lib/python3.12/site-packages/neutron/plugins/ml2/drivers/ovn/mech_driver/ovsdb/ovsdb_monitor.py", line 511, in run
2026-05-09 18:12:01.935 9 ERROR ovsdbapp.event self.driver.set_port_status_up(row.name)
2026-05-09 18:12:01.935 9 ERROR ovsdbapp.event
File "/var/lib/openstack/lib/python3.12/site-packages/neutron/plugins/ml2/drivers/ovn/mech_driver/mech_driver.py", line 1286, in set_port_status_up
2026-05-09 18:12:01.935 9 ERROR ovsdbapp.event self._ovn_client.update_lsp_host_info(admin_context, db_port)
2026-05-09 18:12:01.935 9 ERROR ovsdbapp.event
File "/var/lib/openstack/lib/python3.12/site-packages/neutron/plugins/ml2/drivers/ovn/mech_driver/ovsdb/ovn_client.py", line 314, in update_lsp_host_info
2026-05-09 18:12:01.935 9 ERROR ovsdbapp.event port_up = self._nb_idl.lsp_get_up(db_port.id).execute(
2026-05-09 18:12:01.935 9 ERROR ovsdbapp.event ^^^^^^^^^^^^^^^^^^^^^^^^^^^^^^^^^^^^^^^^^^^^
2026-05-09 18:12:01.935 9 ERROR ovsdbapp.event
File "/var/lib/openstack/lib/python3.12/site-packages/ovsdbapp/backend/ovs_idl/command.py", line 47, in execute
2026-05-09 18:12:01.935 9 ERROR ovsdbapp.event self.run_idl(None)
2026-05-09 18:12:01.935 9 ERROR ovsdbapp.event
File "/var/lib/openstack/lib/python3.12/site-packages/ovsdbapp/schema/ovn_northbound/commands.py", line 679, in run_idl
2026-05-09 18:12:01.935 9 ERROR ovsdbapp.event lsp = self.api.lookup('Logical_Switch_Port', self.port)
2026-05-09 18:12:01.935 9 ERROR ovsdbapp.event ^^^^^^^^^^^^^^^^^^^^^^^^^^^^^^^^^^^^^^^^^^^^^^^^^
2026-05-09 18:12:01.935 9 ERROR ovsdbapp.event
File "/var/lib/openstack/lib/python3.12/site-packages/ovsdbapp/backend/ovs_idl/__init__.py", line 184, in lookup
2026-05-09 18:12:01.935 9 ERROR ovsdbapp.event return self._lookup(table, record)
2026-05-09 18:12:01.935 9 ERROR ovsdbapp.event ^^^^^^^^^^^^^^^^^^^^^^^^^^^
2026-05-09 18:12:01.935 9 ERROR ovsdbapp.event
File "/var/lib/openstack/lib/python3.12/site-packages/ovsdbapp/backend/ovs_idl/__init__.py", line 235, in _lookup
2026-05-09 18:12:01.935 9 ERROR ovsdbapp.event row = idlutils.row_by_value(self, rl.table, rl.column, record)
2026-05-09 18:12:01.935 9 ERROR ovsdbapp.event ^^^^^^^^^^^^^^^^^^^^^^^^^^^^^^^^^^^^^^^^^^^^^^^^^^^^^^^^
2026-05-09 18:12:01.935 9 ERROR ovsdbapp.event
File "/var/lib/openstack/lib/python3.12/site-packages/ovsdbapp/backend/ovs_idl/idlutils.py", line 114, in row_by_value
2026-05-09 18:12:01.935 9 ERROR ovsdbapp.event raise RowNotFound(table=table, col=column, match=match)
2026-05-09 18:12:01.935 9 ERROR ovsdbapp.event ovsdbapp.backend.ovs_idl.idlutils.RowNotFound: Cannot find Logical_Switch_Port with name=67d6520d-df68-458f-9d64-42ee15e76074
2026-05-09 18:12:01.935 9 ERROR ovsdbapp.event
2026-05-09 18:12:01.936 9 INFO neutron.plugins.ml2.drivers.ovn.mech_driver.mech_driver [None req-51014f0b-0319-4fa2-9449-c24534b31d9c - - - - - -] OVN reports status up for port: d49665c7-79f4-4ea5-96b3-2b8f5894c14d
2026-05-09 18:12:01.942 9 INFO neutron.db.ovn_revision_numbers_db [None req-336485eb-3bb5-4898-af3a-1449d65f4feb - - - - - -] Successfully bumped revision number for resource d49665c7-79f4-4ea5-96b3-2b8f5894c14d (type: ports) to 1
2026-05-09 18:12:01.954 9 INFO neutron.plugins.ml2.plugin [None req-51014f0b-0319-4fa2-9449-c24534b31d9c - - - - - -] Attempt 1 to provision port d49665c7-79f4-4ea5-96b3-2b8f5894c14d
2026-05-09 18:12:02.029 10 INFO neutron.api.wsgi [None req-1f242f07-e4ed-49e8-8aee-73daa6a70309 8f37decd58d145af8bdf4ba3bc5011fa 4fddf38b4cfc497fb987fcc201f47212 - - default default] 10.0.0.13 "PUT /v2.0/routers/093a0b58-4fad-4889-8de7-6f241192a517/remove_router_interface HTTP/1.1" status: 200 len: 503 time: 0.5397961 /var/lib/openstack/lib/python3.12/site-packages/pycadf/identifier.py:71: UserWarning: Invalid uuid: neutron. To ensure interoperability, identifiers should be a valid uuid. warnings.warn(('Invalid uuid: %s. To ensure interoperability, '
2026-05-09 18:12:02.048 9 WARNING neutron.scheduler.dhcp_agent_scheduler [None req-7f24a512-80d8-43fd-b6b8-e76ae6c6b327 eeb06f2e737947319181263885889c97 060fb54941ec4ee78175ce5716b185b4 - - default default] No more DHCP agents
2026-05-09 18:12:02.055 9 WARNING neutron.api.rpc.agentnotifiers.dhcp_rpc_agent_api [None req-7f24a512-80d8-43fd-b6b8-e76ae6c6b327 eeb06f2e737947319181263885889c97 060fb54941ec4ee78175ce5716b185b4 - - default default] Unable to schedule network bcd8b69c-74e5-4b01-8d65-d2480345f088: no agents available; will retry on subsequent port and subnet creation events.
2026-05-09 18:12:02.087 10 INFO neutron.api.v2.resource [None req-0e11c07e-b712-4802-8a9d-33d37811fe8e 8f37decd58d145af8bdf4ba3bc5011fa 4fddf38b4cfc497fb987fcc201f47212 - - default default] remove_router_interface failed (client error): The resource could not be found.
2026-05-09 18:12:02.088 10 INFO neutron.api.wsgi [None req-0e11c07e-b712-4802-8a9d-33d37811fe8e 8f37decd58d145af8bdf4ba3bc5011fa 4fddf38b4cfc497fb987fcc201f47212 - - default default] 10.0.0.13 "PUT /v2.0/routers/093a0b58-4fad-4889-8de7-6f241192a517/remove_router_interface HTTP/1.1" status: 404 len: 398 time: 0.0520027
2026-05-09 18:12:02.116 9 INFO neutron.api.wsgi [None req-eddac6af-98af-45c6-8a7b-09ddd3f05f2a 8f37decd58d145af8bdf4ba3bc5011fa 4fddf38b4cfc497fb987fcc201f47212 - - default default] 10.0.0.13 "GET /v2.0/ports?device_id=093a0b58-4fad-4889-8de7-6f241192a517 HTTP/1.1" status: 200 len: 205 time: 0.0214350
2026-05-09 18:12:02.119 10 INFO neutron.notifiers.nova [-] Nova event matching ['req-0b23ecd1-20cc-46bc-bca1-7b711deab3bc'] response: {'server_uuid': '552f4470-e04c-4c27-8821-3b400a6f4ca7', 'name': 'network-vif-plugged', 'status': 'completed', 'tag': '2df2045e-8485-4782-ab12-eba7453463e9', 'code': 200}
2026-05-09 18:12:02.196 9 INFO neutron.db.ovn_revision_numbers_db [None req-7f24a512-80d8-43fd-b6b8-e76ae6c6b327 eeb06f2e737947319181263885889c97 060fb54941ec4ee78175ce5716b185b4 - - default default] Successfully bumped revision number for resource 3dbc2d24-1082-427b-ab01-b3b45a50540a (type: ports) to 1
2026-05-09 18:12:02.335 9 INFO neutron.db.ovn_revision_numbers_db [None req-336485eb-3bb5-4898-af3a-1449d65f4feb - - - - - -] Successfully bumped revision number for resource d49665c7-79f4-4ea5-96b3-2b8f5894c14d (type: ports) to 4
