2026-05-09 18:09:09.841 9 INFO neutron.api.wsgi [None req-f51cefbb-4e99-4dd9-a2b9-7eb13c91cf89 eeb06f2e737947319181263885889c97 060fb54941ec4ee78175ce5716b185b4 - - default default] 199.204.45.30,10.0.0.207 "GET /v2.0/security-groups/272d867f-f775-491d-9773-ab782167a8f5?project_id=eed4dfac04f141ca88fe8b718c7e9e03 HTTP/1.1" status: 200 len: 4251 time: 0.0613422
2026-05-09 18:09:09.881 9 INFO neutron.api.wsgi [None req-d513bffa-04b3-4262-9691-1fd0d3756c1a eeb06f2e737947319181263885889c97 060fb54941ec4ee78175ce5716b185b4 - - default default] 199.204.45.30,10.0.0.207 "GET /v2.0/security-groups/272d867f-f775-491d-9773-ab782167a8f5 HTTP/1.1" status: 200 len: 4251 time: 0.0303819
2026-05-09 18:09:09.902 9 INFO neutron.api.wsgi [None req-91812861-013a-4734-9300-90f18f92057f eeb06f2e737947319181263885889c97 060fb54941ec4ee78175ce5716b185b4 - - default default] 199.204.45.30,10.0.0.207 "GET /v2.0/security-group-rules/be5f0ca3-8a3e-45a1-bde9-ce303716d57c HTTP/1.1" status: 200 len: 777 time: 0.0146101
2026-05-09 18:09:16.540 9 INFO neutron.api.wsgi [-] 10.0.0.207 "GET / HTTP/1.1" status: 200 len: 247 time: 0.0024481
2026-05-09 18:09:16.540 10 INFO neutron.api.wsgi [-] 10.0.0.207 "GET / HTTP/1.1" status: 200 len: 247 time: 0.0029247
2026-05-09 18:09:16.941 9 INFO neutron.api.wsgi [None req-1d7aa44c-0a8f-4ef8-ae97-73186a32b60b eeb06f2e737947319181263885889c97 060fb54941ec4ee78175ce5716b185b4 - - default default] 199.204.45.30,10.0.0.207 "GET /v2.0/quotas/eed4dfac04f141ca88fe8b718c7e9e03 HTTP/1.1" status: 200 len: 466 time: 0.0119796
2026-05-09 18:09:23.195 10 INFO neutron.api.wsgi [None req-426fa5d8-d898-43ae-9c9b-6d30c8f54f63 eeb06f2e737947319181263885889c97 060fb54941ec4ee78175ce5716b185b4 - - default default] 10.0.0.148 "GET /v2.0/routers HTTP/1.1" status: 200 len: 189 time: 0.0573742
2026-05-09 18:09:23.224 10 INFO neutron.api.wsgi [None req-bab3c0c7-00b2-4326-b5b3-f2d158acbd6b eeb06f2e737947319181263885889c97 060fb54941ec4ee78175ce5716b185b4 - - default default] 10.0.0.148 "GET /v2.0/agents?binary=ovn-controller HTTP/1.1" status: 200 len: 591 time: 0.0284615
2026-05-09 18:09:23.241 10 INFO neutron.api.wsgi [None req-238bc3ac-3265-419a-aac9-7d4ba71293f0 eeb06f2e737947319181263885889c97 060fb54941ec4ee78175ce5716b185b4 - - default default] 10.0.0.148 "GET /v2.0/network-ip-availabilities HTTP/1.1" status: 200 len: 1280 time: 0.0162122
2026-05-09 18:09:23.269 10 INFO neutron.api.wsgi [None req-a2e624a5-6252-4e40-b75c-e36abb4af6de eeb06f2e737947319181263885889c97 060fb54941ec4ee78175ce5716b185b4 - - default default] 10.0.0.148 "GET /v2.0/subnets HTTP/1.1" status: 200 len: 1484 time: 0.0269959
2026-05-09 18:09:23.297 10 INFO neutron.api.wsgi [None req-3e1ec8a4-1235-4ec6-80c6-22b7bde7fe07 eeb06f2e737947319181263885889c97 060fb54941ec4ee78175ce5716b185b4 - - default default] 10.0.0.148 "GET /v2.0/subnets HTTP/1.1" status: 200 len: 1484 time: 0.0274248
2026-05-09 18:09:23.304 10 INFO neutron.api.wsgi [None req-9c21805a-d0c3-4aff-8174-4f13625116d4 eeb06f2e737947319181263885889c97 060fb54941ec4ee78175ce5716b185b4 - - default default] 10.0.0.148 "GET /v2.0/subnetpools HTTP/1.1" status: 200 len: 193 time: 0.0056307
2026-05-09 18:09:23.315 10 INFO neutron.api.wsgi [None req-3e6f00f3-2ce3-4d3c-ba78-e239e7ec75a7 eeb06f2e737947319181263885889c97 060fb54941ec4ee78175ce5716b185b4 - - default default] 10.0.0.148 "GET /v2.0/floatingips HTTP/1.1" status: 200 len: 193 time: 0.0101831
2026-05-09 18:09:23.352 10 INFO neutron.api.wsgi [None req-c32e5dcb-db71-49ba-a602-beb70eb5df41 eeb06f2e737947319181263885889c97 060fb54941ec4ee78175ce5716b185b4 - - default default] 10.0.0.148 "GET /v2.0/security-groups HTTP/1.1" status: 200 len: 17578 time: 0.0367582
2026-05-09 18:09:23.370 10 INFO neutron.api.wsgi [None req-3f155ab6-58f4-4014-bc3a-eb4f10a7d8ba eeb06f2e737947319181263885889c97 060fb54941ec4ee78175ce5716b185b4 - - default default] 10.0.0.148 "GET /v2.0/agents HTTP/1.1" status: 200 len: 1390 time: 0.0105782
2026-05-09 18:09:23.408 10 INFO neutron.api.wsgi [None req-d2fdd261-c016-46fe-84e0-8b8533934272 eeb06f2e737947319181263885889c97 060fb54941ec4ee78175ce5716b185b4 - - default default] 10.0.0.148 "GET /v2.0/networks HTTP/1.1" status: 200 len: 2350 time: 0.0370119
2026-05-09 18:09:23.447 10 INFO neutron.api.wsgi [None req-e8226d29-e315-40e5-bdcd-fb9e3a82d9e8 eeb06f2e737947319181263885889c97 060fb54941ec4ee78175ce5716b185b4 - - default default] 10.0.0.148 "GET /v2.0/ports HTTP/1.1" status: 200 len: 5351 time: 0.0370400
2026-05-09 18:09:31.539 10 INFO neutron.api.wsgi [-] 10.0.0.207 "GET / HTTP/1.1" status: 200 len: 247 time: 0.0012155
2026-05-09 18:09:31.542 9 INFO neutron.api.wsgi [-] 10.0.0.207 "GET / HTTP/1.1" status: 200 len: 247 time: 0.0033150
2026-05-09 18:09:46.539 10 INFO neutron.api.wsgi [-] 10.0.0.207 "GET / HTTP/1.1" status: 200 len: 247 time: 0.0018201
2026-05-09 18:09:46.540 9 INFO neutron.api.wsgi [-] 10.0.0.207 "GET / HTTP/1.1" status: 200 len: 247 time: 0.0023515
2026-05-09 18:10:01.540 10 INFO neutron.api.wsgi [-] 10.0.0.207 "GET / HTTP/1.1" status: 200 len: 247 time: 0.0018730
2026-05-09 18:10:01.541 9 INFO neutron.api.wsgi [-] 10.0.0.207 "GET / HTTP/1.1" status: 200 len: 247 time: 0.0034082
2026-05-09 18:10:05.796 9 INFO neutron.api.wsgi [None req-7860ae02-33ac-4391-9023-dfaa7254136b eeb06f2e737947319181263885889c97 060fb54941ec4ee78175ce5716b185b4 - - default default] 199.204.45.30,10.0.0.207 "GET /v2.0/networks?name=public HTTP/1.1" status: 200 len: 928 time: 0.0767887
2026-05-09 18:10:16.540 9 INFO neutron.api.wsgi [-] 10.0.0.207 "GET / HTTP/1.1" status: 200 len: 247 time: 0.0023708
2026-05-09 18:10:16.544 10 INFO neutron.api.wsgi [-] 10.0.0.207 "GET / HTTP/1.1" status: 200 len: 247 time: 0.0057676
2026-05-09 18:10:23.253 10 INFO neutron.api.wsgi [None req-be0e474b-772e-4dc1-ae3c-7bc86417d9d2 eeb06f2e737947319181263885889c97 060fb54941ec4ee78175ce5716b185b4 - - default default] 10.0.0.148 "GET /v2.0/security-groups HTTP/1.1" status: 200 len: 17578 time: 0.1234972
2026-05-09 18:10:23.284 10 INFO neutron.api.wsgi [None req-d3bf3dd5-8c25-469e-9862-9b6854238ad5 eeb06f2e737947319181263885889c97 060fb54941ec4ee78175ce5716b185b4 - - default default] 10.0.0.148 "GET /v2.0/subnets HTTP/1.1" status: 200 len: 1484 time: 0.0223248
2026-05-09 18:10:23.305 10 INFO neutron.api.wsgi [None req-a06c4fab-4785-499d-9725-aa0e3f1fcb01 eeb06f2e737947319181263885889c97 060fb54941ec4ee78175ce5716b185b4 - - default default] 10.0.0.148 "GET /v2.0/subnets HTTP/1.1" status: 200 len: 1484 time: 0.0198891
2026-05-09 18:10:23.314 10 INFO neutron.api.wsgi [None req-8504ef47-c1a0-4ee1-ada3-20fbb97e9ed9 eeb06f2e737947319181263885889c97 060fb54941ec4ee78175ce5716b185b4 - - default default] 10.0.0.148 "GET /v2.0/subnetpools HTTP/1.1" status: 200 len: 193 time: 0.0078588
2026-05-09 18:10:23.329 10 INFO neutron.api.wsgi [None req-02e71eaa-1e9e-4341-aab4-7b3c44052ab8 eeb06f2e737947319181263885889c97 060fb54941ec4ee78175ce5716b185b4 - - default default] 10.0.0.148 "GET /v2.0/routers HTTP/1.1" status: 200 len: 189 time: 0.0141008
2026-05-09 18:10:23.372 10 INFO neutron.api.wsgi [None req-386a8406-ee38-478b-8467-e5e769d3ce48 eeb06f2e737947319181263885889c97 060fb54941ec4ee78175ce5716b185b4 - - default default] 10.0.0.148 "GET /v2.0/agents?binary=ovn-controller HTTP/1.1" status: 200 len: 591 time: 0.0421517
2026-05-09 18:10:23.387 10 INFO neutron.api.wsgi [None req-15131ace-eb83-423f-b3a4-4a5d24bef47d eeb06f2e737947319181263885889c97 060fb54941ec4ee78175ce5716b185b4 - - default default] 10.0.0.148 "GET /v2.0/floatingips HTTP/1.1" status: 200 len: 193 time: 0.0148206
2026-05-09 18:10:23.434 10 INFO neutron.api.wsgi [None req-d0eee2d5-19ee-4369-80b4-57140a8649c5 eeb06f2e737947319181263885889c97 060fb54941ec4ee78175ce5716b185b4 - - default default] 10.0.0.148 "GET /v2.0/networks HTTP/1.1" status: 200 len: 2350 time: 0.0457928
2026-05-09 18:10:23.470 10 INFO neutron.api.wsgi [None req-6030d2e7-c9cc-4856-a04d-66596a068104 eeb06f2e737947319181263885889c97 060fb54941ec4ee78175ce5716b185b4 - - default default] 10.0.0.148 "GET /v2.0/ports HTTP/1.1" status: 200 len: 5351 time: 0.0342712
2026-05-09 18:10:23.484 10 INFO neutron.api.wsgi [None req-a8054bea-969d-484d-a701-2bb312bfb506 eeb06f2e737947319181263885889c97 060fb54941ec4ee78175ce5716b185b4 - - default default] 10.0.0.148 "GET /v2.0/agents HTTP/1.1" status: 200 len: 1390 time: 0.0094507
2026-05-09 18:10:23.493 10 INFO neutron.api.wsgi [None req-e9813df8-f499-4e55-a2b7-4e7a5dd4c9c8 eeb06f2e737947319181263885889c97 060fb54941ec4ee78175ce5716b185b4 - - default default] 10.0.0.148 "GET /v2.0/network-ip-availabilities HTTP/1.1" status: 200 len: 1280 time: 0.0081222
2026-05-09 18:10:31.539 9 INFO neutron.api.wsgi [-] 10.0.0.207 "GET / HTTP/1.1" status: 200 len: 247 time: 0.0023992
2026-05-09 18:10:31.542 9 INFO neutron.api.wsgi [-] 10.0.0.207 "GET / HTTP/1.1" status: 200 len: 247 time: 0.0019674
2026-05-09 18:10:46.428 9 INFO neutron.api.wsgi [None req-841af89e-9dee-4593-97c7-8d2b2471d2de eeb06f2e737947319181263885889c97 060fb54941ec4ee78175ce5716b185b4 - - default default] 10.0.0.13 "GET /v2.0/networks HTTP/1.1" status: 200 len: 2369 time: 0.1496239
2026-05-09 18:10:46.538 9 INFO neutron.api.wsgi [-] 10.0.0.207 "GET / HTTP/1.1" status: 200 len: 247 time: 0.0012553
2026-05-09 18:10:46.539 9 INFO neutron.api.wsgi [-] 10.0.0.207 "GET / HTTP/1.1" status: 200 len: 247 time: 0.0009384
2026-05-09 18:10:47.518 10 INFO neutron.api.wsgi [None req-bea56d83-80e1-45e9-9503-2f1472362118 eeb06f2e737947319181263885889c97 060fb54941ec4ee78175ce5716b185b4 - - default default] 10.0.0.13 "GET /v2.0/floatingips HTTP/1.1" status: 200 len: 212 time: 0.0171144
2026-05-09 18:10:47.538 10 INFO neutron.api.wsgi [None req-4d70224d-0151-423f-9aea-9b5701377799 eeb06f2e737947319181263885889c97 060fb54941ec4ee78175ce5716b185b4 - - default default] 10.0.0.13 "GET /v2.0/routers HTTP/1.1" status: 200 len: 208 time: 0.0144289
2026-05-09 18:10:47.582 10 INFO neutron.api.wsgi [None req-65925846-391a-4d01-9f6c-f65d077b56b9 eeb06f2e737947319181263885889c97 060fb54941ec4ee78175ce5716b185b4 - - default default] 10.0.0.13 "GET /v2.0/ports HTTP/1.1" status: 200 len: 5370 time: 0.0391378
2026-05-09 18:10:47.614 10 INFO neutron.api.wsgi [None req-fe7647c7-4174-447c-ba55-0d4380054467 eeb06f2e737947319181263885889c97 060fb54941ec4ee78175ce5716b185b4 - - default default] 10.0.0.13 "GET /v2.0/subnets HTTP/1.1" status: 200 len: 1503 time: 0.0277040
2026-05-09 18:10:47.662 10 INFO neutron.api.wsgi [None req-d9982dbf-4d6d-445e-862f-42fbe64e2884 eeb06f2e737947319181263885889c97 060fb54941ec4ee78175ce5716b185b4 - - default default] 10.0.0.13 "GET /v2.0/networks HTTP/1.1" status: 200 len: 2369 time: 0.0428686
2026-05-09 18:10:47.696 10 INFO neutron.api.wsgi [None req-b5c8c9a4-f2a5-4257-ae2b-51f360a45768 eeb06f2e737947319181263885889c97 060fb54941ec4ee78175ce5716b185b4 - - default default] 10.0.0.13 "GET /v2.0/security-groups HTTP/1.1" status: 200 len: 17597 time: 0.0264540
2026-05-09 18:10:47.710 10 INFO neutron.api.wsgi [None req-8809f274-8683-446e-89c6-aef89fee1b92 eeb06f2e737947319181263885889c97 060fb54941ec4ee78175ce5716b185b4 - - default default] 10.0.0.13 "GET /v2.0/subnetpools HTTP/1.1" status: 200 len: 212 time: 0.0090916
2026-05-09 18:10:58.629 10 INFO neutron.plugins.ml2.drivers.ovn.mech_driver.ovsdb.extensions.qos [None req-2692403d-7c37-4aff-a348-59dc84fe394e eeb06f2e737947319181263885889c97 060fb54941ec4ee78175ce5716b185b4 - - default default] Starting OVNClientQosExtension
2026-05-09 18:10:58.630 10 INFO neutron.plugins.ml2.drivers.ovn.mech_driver.ovsdb.extensions.placement [None req-2692403d-7c37-4aff-a348-59dc84fe394e eeb06f2e737947319181263885889c97 060fb54941ec4ee78175ce5716b185b4 - - default default] Starting OVNClientPlacementExtension
2026-05-09 18:10:58.686 10 INFO neutron.db.ovn_revision_numbers_db [None req-2692403d-7c37-4aff-a348-59dc84fe394e eeb06f2e737947319181263885889c97 060fb54941ec4ee78175ce5716b185b4 - - default default] Successfully bumped revision number for resource bf1d2bb9-20b4-480a-b9df-c25bd13e62f9 (type: security_groups) to 1
2026-05-09 18:10:58.709 9 INFO neutron.db.ovn_revision_numbers_db [None req-54b2a0ec-04e0-41e5-b379-e1202e0cf3ab eeb06f2e737947319181263885889c97 060fb54941ec4ee78175ce5716b185b4 - - default default] Successfully bumped revision number for resource c69b024f-bf3f-45fc-ad38-12e7528ffaef (type: security_groups) to 1
2026-05-09 18:10:58.712 10 INFO neutron.db.ovn_revision_numbers_db [None req-2692403d-7c37-4aff-a348-59dc84fe394e eeb06f2e737947319181263885889c97 060fb54941ec4ee78175ce5716b185b4 - - default default] Successfully bumped revision number for resource 0439a993-b7d9-4f56-9584-fcdce90bbbb4 (type: security_group_rules) to 0
2026-05-09 18:10:58.725 9 INFO neutron.db.ovn_revision_numbers_db [None req-54b2a0ec-04e0-41e5-b379-e1202e0cf3ab eeb06f2e737947319181263885889c97 060fb54941ec4ee78175ce5716b185b4 - - default default] Successfully bumped revision number for resource 4c36b847-948f-46ab-8b81-08cc5083bdd7 (type: security_group_rules) to 0
2026-05-09 18:10:58.726 10 INFO neutron.db.ovn_revision_numbers_db [None req-2692403d-7c37-4aff-a348-59dc84fe394e eeb06f2e737947319181263885889c97 060fb54941ec4ee78175ce5716b185b4 - - default default] Successfully bumped revision number for resource 171762c3-0935-4e75-a29d-475510f301b3 (type: security_group_rules) to 0
2026-05-09 18:10:58.752 9 INFO neutron.db.ovn_revision_numbers_db [None req-54b2a0ec-04e0-41e5-b379-e1202e0cf3ab eeb06f2e737947319181263885889c97 060fb54941ec4ee78175ce5716b185b4 - - default default] Successfully bumped revision number for resource 8892e4dd-f8f6-4e05-aeb5-92f919b8d2ca (type: security_group_rules) to 0
2026-05-09 18:10:58.754 10 INFO neutron.db.ovn_revision_numbers_db [None req-2692403d-7c37-4aff-a348-59dc84fe394e eeb06f2e737947319181263885889c97 060fb54941ec4ee78175ce5716b185b4 - - default default] Successfully bumped revision number for resource 2260b0ca-3564-42e9-af5f-c415c077c02a (type: security_group_rules) to 0
2026-05-09 18:10:58.768 9 INFO neutron.db.ovn_revision_numbers_db [None req-54b2a0ec-04e0-41e5-b379-e1202e0cf3ab eeb06f2e737947319181263885889c97 060fb54941ec4ee78175ce5716b185b4 - - default default] Successfully bumped revision number for resource 9aaf3942-bd44-4794-ba62-e50e998dee6b (type: security_group_rules) to 0
2026-05-09 18:10:58.776 10 INFO neutron.db.ovn_revision_numbers_db [None req-2692403d-7c37-4aff-a348-59dc84fe394e eeb06f2e737947319181263885889c97 060fb54941ec4ee78175ce5716b185b4 - - default default] Successfully bumped revision number for resource 29577460-3538-41a3-a797-8476764c8b08 (type: security_group_rules) to 0
2026-05-09 18:10:58.784 9 INFO neutron.db.ovn_revision_numbers_db [None req-54b2a0ec-04e0-41e5-b379-e1202e0cf3ab eeb06f2e737947319181263885889c97 060fb54941ec4ee78175ce5716b185b4 - - default default] Successfully bumped revision number for resource a95f05a4-3971-4e58-aa26-ba298a9c2109 (type: security_group_rules) to 0
2026-05-09 18:10:58.790 9 INFO neutron.db.ovn_revision_numbers_db [None req-aed887d9-d529-4b83-b3be-7c14c971154b eeb06f2e737947319181263885889c97 060fb54941ec4ee78175ce5716b185b4 - - default default] Successfully bumped revision number for resource 126bbf72-ce1a-4e4d-b519-da9cbd5377a0 (type: security_groups) to 1
2026-05-09 18:10:58.834 9 INFO neutron.db.ovn_revision_numbers_db [None req-aed887d9-d529-4b83-b3be-7c14c971154b eeb06f2e737947319181263885889c97 060fb54941ec4ee78175ce5716b185b4 - - default default] Successfully bumped revision number for resource 1a059762-f4f8-44e0-943c-aba550742e32 (type: security_group_rules) to 0
2026-05-09 18:10:58.871 9 INFO neutron.db.ovn_revision_numbers_db [None req-aed887d9-d529-4b83-b3be-7c14c971154b eeb06f2e737947319181263885889c97 060fb54941ec4ee78175ce5716b185b4 - - default default] Successfully bumped revision number for resource 24d2ceb3-2802-4126-8474-bf746199fa87 (type: security_group_rules) to 0
2026-05-09 18:10:58.889 9 INFO neutron.db.ovn_revision_numbers_db [None req-aed887d9-d529-4b83-b3be-7c14c971154b eeb06f2e737947319181263885889c97 060fb54941ec4ee78175ce5716b185b4 - - default default] Successfully bumped revision number for resource 6cdec4de-cfe5-4024-911e-6f66a088e9c2 (type: security_group_rules) to 0
2026-05-09 18:10:58.894 9 INFO neutron.db.segments_db [None req-54b2a0ec-04e0-41e5-b379-e1202e0cf3ab eeb06f2e737947319181263885889c97 060fb54941ec4ee78175ce5716b185b4 - - default default] Added segment e5123b8d-f7ba-4588-8683-e2aecfacbb54 of type geneve for network aeb8acc8-bf02-479f-8131-4f085a1d8f3a
2026-05-09 18:10:58.904 9 INFO neutron.db.ovn_revision_numbers_db [None req-aed887d9-d529-4b83-b3be-7c14c971154b eeb06f2e737947319181263885889c97 060fb54941ec4ee78175ce5716b185b4 - - default default] Successfully bumped revision number for resource ad95f692-8963-4711-89fe-62eb6f1cf02e (type: security_group_rules) to 0
2026-05-09 18:10:58.904 10 INFO neutron.db.segments_db [None req-2692403d-7c37-4aff-a348-59dc84fe394e eeb06f2e737947319181263885889c97 060fb54941ec4ee78175ce5716b185b4 - - default default] Added segment 75352578-927d-41d0-84b7-91874202ed2b of type geneve for network 50e02cd5-954d-4c32-ac19-ceee577a73d1
2026-05-09 18:10:59.005 9 INFO neutron.db.segments_db [None req-aed887d9-d529-4b83-b3be-7c14c971154b eeb06f2e737947319181263885889c97 060fb54941ec4ee78175ce5716b185b4 - - default default] Added segment 44ece08f-2524-4f71-bc71-2806dc165d4f of type geneve for network 1890cbe8-6ff9-4eed-94c9-188d7dd10469
2026-05-09 18:10:59.018 9 INFO neutron.db.ovn_revision_numbers_db [None req-54b2a0ec-04e0-41e5-b379-e1202e0cf3ab eeb06f2e737947319181263885889c97 060fb54941ec4ee78175ce5716b185b4 - - default default] Successfully bumped revision number for resource aeb8acc8-bf02-479f-8131-4f085a1d8f3a (type: networks) to 1
2026-05-09 18:10:59.035 10 INFO neutron.db.ovn_revision_numbers_db [None req-2692403d-7c37-4aff-a348-59dc84fe394e eeb06f2e737947319181263885889c97 060fb54941ec4ee78175ce5716b185b4 - - default default] Successfully bumped revision number for resource 50e02cd5-954d-4c32-ac19-ceee577a73d1 (type: networks) to 1
2026-05-09 18:10:59.122 9 INFO neutron.db.ovn_revision_numbers_db [None req-aed887d9-d529-4b83-b3be-7c14c971154b eeb06f2e737947319181263885889c97 060fb54941ec4ee78175ce5716b185b4 - - default default] Successfully bumped revision number for resource 1890cbe8-6ff9-4eed-94c9-188d7dd10469 (type: networks) to 1
2026-05-09 18:10:59.183 9 WARNING neutron.scheduler.dhcp_agent_scheduler [None req-54b2a0ec-04e0-41e5-b379-e1202e0cf3ab eeb06f2e737947319181263885889c97 060fb54941ec4ee78175ce5716b185b4 - - default default] No more DHCP agents
2026-05-09 18:10:59.185 9 WARNING neutron.api.rpc.agentnotifiers.dhcp_rpc_agent_api [None req-54b2a0ec-04e0-41e5-b379-e1202e0cf3ab eeb06f2e737947319181263885889c97 060fb54941ec4ee78175ce5716b185b4 - - default default] Unable to schedule network aeb8acc8-bf02-479f-8131-4f085a1d8f3a: no agents available; will retry on subsequent port and subnet creation events.
2026-05-09 18:10:59.253 10 WARNING neutron.scheduler.dhcp_agent_scheduler [None req-2692403d-7c37-4aff-a348-59dc84fe394e eeb06f2e737947319181263885889c97 060fb54941ec4ee78175ce5716b185b4 - - default default] No more DHCP agents
2026-05-09 18:10:59.254 10 WARNING neutron.api.rpc.agentnotifiers.dhcp_rpc_agent_api [None req-2692403d-7c37-4aff-a348-59dc84fe394e eeb06f2e737947319181263885889c97 060fb54941ec4ee78175ce5716b185b4 - - default default] Unable to schedule network 50e02cd5-954d-4c32-ac19-ceee577a73d1: no agents available; will retry on subsequent port and subnet creation events.
2026-05-09 18:10:59.257 9 INFO neutron.db.ovn_revision_numbers_db [None req-54b2a0ec-04e0-41e5-b379-e1202e0cf3ab eeb06f2e737947319181263885889c97 060fb54941ec4ee78175ce5716b185b4 - - default default] Successfully bumped revision number for resource eba7d86d-4e9a-498c-b570-36978643df05 (type: ports) to 1
2026-05-09 18:10:59.276 9 INFO neutron.api.wsgi [None req-54b2a0ec-04e0-41e5-b379-e1202e0cf3ab eeb06f2e737947319181263885889c97 060fb54941ec4ee78175ce5716b185b4 - - default default] 10.0.0.13 "POST /v2.0/networks HTTP/1.1" status: 201 len: 946 time: 0.7374508
2026-05-09 18:10:59.277 9 WARNING neutron.scheduler.dhcp_agent_scheduler [None req-aed887d9-d529-4b83-b3be-7c14c971154b eeb06f2e737947319181263885889c97 060fb54941ec4ee78175ce5716b185b4 - - default default] No more DHCP agents
2026-05-09 18:10:59.278 9 WARNING neutron.api.rpc.agentnotifiers.dhcp_rpc_agent_api [None req-aed887d9-d529-4b83-b3be-7c14c971154b eeb06f2e737947319181263885889c97 060fb54941ec4ee78175ce5716b185b4 - - default default] Unable to schedule network 1890cbe8-6ff9-4eed-94c9-188d7dd10469: no agents available; will retry on subsequent port and subnet creation events.
2026-05-09 18:10:59.339 9 INFO neutron.db.ovn_revision_numbers_db [None req-aed887d9-d529-4b83-b3be-7c14c971154b eeb06f2e737947319181263885889c97 060fb54941ec4ee78175ce5716b185b4 - - default default] Successfully bumped revision number for resource 931fc024-4173-4303-8edf-1942525bc561 (type: ports) to 1
2026-05-09 18:10:59.359 9 INFO neutron.api.wsgi [None req-aed887d9-d529-4b83-b3be-7c14c971154b eeb06f2e737947319181263885889c97 060fb54941ec4ee78175ce5716b185b4 - - default default] 10.0.0.13 "POST /v2.0/networks HTTP/1.1" status: 201 len: 950 time: 0.7329733
2026-05-09 18:10:59.408 10 INFO neutron.db.ovn_revision_numbers_db [None req-2692403d-7c37-4aff-a348-59dc84fe394e eeb06f2e737947319181263885889c97 060fb54941ec4ee78175ce5716b185b4 - - default default] Successfully bumped revision number for resource b8118e2b-46dc-47c2-a8a2-5f612cde18b2 (type: ports) to 1
2026-05-09 18:10:59.456 10 INFO neutron.api.wsgi [None req-2692403d-7c37-4aff-a348-59dc84fe394e eeb06f2e737947319181263885889c97 060fb54941ec4ee78175ce5716b185b4 - - default default] 10.0.0.13 "POST /v2.0/networks HTTP/1.1" status: 201 len: 940 time: 1.1494491
2026-05-09 18:10:59.496 9 WARNING neutron.scheduler.dhcp_agent_scheduler [None req-07552657-3dd9-4760-a5e7-bf85d80abb51 eeb06f2e737947319181263885889c97 060fb54941ec4ee78175ce5716b185b4 - - default default] No more DHCP agents
2026-05-09 18:10:59.498 9 WARNING neutron.api.rpc.agentnotifiers.dhcp_rpc_agent_api [None req-07552657-3dd9-4760-a5e7-bf85d80abb51 eeb06f2e737947319181263885889c97 060fb54941ec4ee78175ce5716b185b4 - - default default] Unable to schedule network 1890cbe8-6ff9-4eed-94c9-188d7dd10469: no agents available; will retry on subsequent port and subnet creation events.
2026-05-09 18:10:59.498 10 INFO neutron.db.ovn_revision_numbers_db [None req-f7696341-0a72-4aae-9cf3-b0efef7de13f eeb06f2e737947319181263885889c97 060fb54941ec4ee78175ce5716b185b4 - - default default] Successfully bumped revision number for resource a3071bbc-0867-4b60-94cb-facb15651bc7 (type: security_groups) to 1
2026-05-09 18:10:59.513 10 INFO neutron.db.ovn_revision_numbers_db [None req-f7696341-0a72-4aae-9cf3-b0efef7de13f eeb06f2e737947319181263885889c97 060fb54941ec4ee78175ce5716b185b4 - - default default] Successfully bumped revision number for resource 530149c4-2ff5-45e4-90ba-29f2e13eb835 (type: security_group_rules) to 0
2026-05-09 18:10:59.520 10 WARNING neutron.scheduler.dhcp_agent_scheduler [None req-66669851-5758-47c2-982e-0c7f0f377940 eeb06f2e737947319181263885889c97 060fb54941ec4ee78175ce5716b185b4 - - default default] No more DHCP agents
2026-05-09 18:10:59.521 10 WARNING neutron.api.rpc.agentnotifiers.dhcp_rpc_agent_api [None req-66669851-5758-47c2-982e-0c7f0f377940 eeb06f2e737947319181263885889c97 060fb54941ec4ee78175ce5716b185b4 - - default default] Unable to schedule network aeb8acc8-bf02-479f-8131-4f085a1d8f3a: no agents available; will retry on subsequent port and subnet creation events.
2026-05-09 18:10:59.541 10 INFO neutron.db.ovn_revision_numbers_db [None req-f7696341-0a72-4aae-9cf3-b0efef7de13f eeb06f2e737947319181263885889c97 060fb54941ec4ee78175ce5716b185b4 - - default default] Successfully bumped revision number for resource 9d3d65f6-942c-4a96-92a2-6d1b21409f03 (type: security_group_rules) to 0
2026-05-09 18:10:59.557 10 INFO neutron.db.ovn_revision_numbers_db [None req-f7696341-0a72-4aae-9cf3-b0efef7de13f eeb06f2e737947319181263885889c97 060fb54941ec4ee78175ce5716b185b4 - - default default] Successfully bumped revision number for resource e639094d-a08c-4fb4-bd00-78378b81d740 (type: security_group_rules) to 0
2026-05-09 18:10:59.576 10 INFO neutron.db.ovn_revision_numbers_db [None req-f7696341-0a72-4aae-9cf3-b0efef7de13f eeb06f2e737947319181263885889c97 060fb54941ec4ee78175ce5716b185b4 - - default default] Successfully bumped revision number for resource f2b938f8-449c-4372-84b9-80378a136db0 (type: security_group_rules) to 0
2026-05-09 18:10:59.601 9 WARNING neutron.scheduler.dhcp_agent_scheduler [None req-cb4acefd-7a0d-4f8f-8c46-508df9431ba6 eeb06f2e737947319181263885889c97 060fb54941ec4ee78175ce5716b185b4 - - default default] No more DHCP agents
2026-05-09 18:10:59.603 9 WARNING neutron.api.rpc.agentnotifiers.dhcp_rpc_agent_api [None req-cb4acefd-7a0d-4f8f-8c46-508df9431ba6 eeb06f2e737947319181263885889c97 060fb54941ec4ee78175ce5716b185b4 - - default default] Unable to schedule network 50e02cd5-954d-4c32-ac19-ceee577a73d1: no agents available; will retry on subsequent port and subnet creation events.
2026-05-09 18:10:59.621 10 INFO neutron.api.wsgi [None req-f7696341-0a72-4aae-9cf3-b0efef7de13f eeb06f2e737947319181263885889c97 060fb54941ec4ee78175ce5716b185b4 - - default default] 10.0.0.13 "GET /v2.0/security-groups?tenant_id=d403c4a65dbf40b984948ad08303451f&name=default HTTP/1.1" status: 200 len: 3116 time: 0.3905454
2026-05-09 18:10:59.942 10 INFO neutron.api.wsgi [None req-1958efdf-5b87-4318-8337-511a977ae840 eeb06f2e737947319181263885889c97 060fb54941ec4ee78175ce5716b185b4 - - default default] 10.0.0.13 "DELETE /v2.0/security-groups/a3071bbc-0867-4b60-94cb-facb15651bc7 HTTP/1.1" status: 204 len: 168 time: 0.3152740
2026-05-09 18:10:59.947 9 INFO neutron.db.ovn_revision_numbers_db [None req-7b4e21e9-75a4-4c10-9835-9d8233ad8d0b - - - - - -] Successfully bumped revision number for resource 931fc024-4173-4303-8edf-1942525bc561 (type: ports) to 2
2026-05-09 18:10:59.982 9 INFO neutron.db.ovn_revision_numbers_db [None req-7b4e21e9-75a4-4c10-9835-9d8233ad8d0b - - - - - -] Successfully bumped revision number for resource 7af610ff-db28-4718-bc36-ff19b9c8352b (type: subnets) to 0
2026-05-09 18:11:00.001 9 INFO neutron.api.wsgi [None req-07552657-3dd9-4760-a5e7-bf85d80abb51 eeb06f2e737947319181263885889c97 060fb54941ec4ee78175ce5716b185b4 - - default default] 10.0.0.13 "POST /v2.0/subnets HTTP/1.1" status: 201 len: 894 time: 0.6376359
2026-05-09 18:11:00.033 9 INFO neutron.db.ovn_revision_numbers_db [None req-715808af-9a4e-47c5-a854-d18d69a8785e - - - - - -] Successfully bumped revision number for resource b8118e2b-46dc-47c2-a8a2-5f612cde18b2 (type: ports) to 2
2026-05-09 18:11:00.063 9 INFO neutron.db.ovn_revision_numbers_db [None req-715808af-9a4e-47c5-a854-d18d69a8785e - - - - - -] Successfully bumped revision number for resource b16043e0-772b-4aeb-922c-a971b7eb77e0 (type: subnets) to 0
2026-05-09 18:11:00.078 9 INFO neutron.api.wsgi [None req-cb4acefd-7a0d-4f8f-8c46-508df9431ba6 eeb06f2e737947319181263885889c97 060fb54941ec4ee78175ce5716b185b4 - - default default] 10.0.0.13 "POST /v2.0/subnets HTTP/1.1" status: 201 len: 884 time: 0.6169438
2026-05-09 18:11:00.214 10 INFO neutron.db.ovn_revision_numbers_db [None req-0b95d0e7-c10c-4c5c-8c4d-5694bc13abcf - - - - - -] Successfully bumped revision number for resource eba7d86d-4e9a-498c-b570-36978643df05 (type: ports) to 2
2026-05-09 18:11:00.249 10 INFO neutron.db.ovn_revision_numbers_db [None req-0b95d0e7-c10c-4c5c-8c4d-5694bc13abcf - - - - - -] Successfully bumped revision number for resource bb1da024-374f-49f4-949a-e80687a8b360 (type: subnets) to 0
2026-05-09 18:11:00.285 10 INFO neutron.api.wsgi [None req-66669851-5758-47c2-982e-0c7f0f377940 eeb06f2e737947319181263885889c97 060fb54941ec4ee78175ce5716b185b4 - - default default] 10.0.0.13 "POST /v2.0/subnets HTTP/1.1" status: 201 len: 890 time: 1.0032179
2026-05-09 18:11:00.564 10 WARNING neutron.scheduler.dhcp_agent_scheduler [None req-520952a4-9350-4358-adea-e4d78d5c68c2 eeb06f2e737947319181263885889c97 060fb54941ec4ee78175ce5716b185b4 - - default default] No more DHCP agents
2026-05-09 18:11:00.570 10 WARNING neutron.api.rpc.agentnotifiers.dhcp_rpc_agent_api [None req-520952a4-9350-4358-adea-e4d78d5c68c2 eeb06f2e737947319181263885889c97 060fb54941ec4ee78175ce5716b185b4 - - default default] Unable to schedule network e3d38db2-c557-4d75-b4d3-42faced4f97f: no agents available; will retry on subsequent port and subnet creation events.
2026-05-09 18:11:00.679 9 WARNING neutron.scheduler.dhcp_agent_scheduler [None req-b7039e1d-7b0f-416c-99b5-e4056f7e428a eeb06f2e737947319181263885889c97 060fb54941ec4ee78175ce5716b185b4 - - default default] No more DHCP agents
2026-05-09 18:11:00.681 9 WARNING neutron.api.rpc.agentnotifiers.dhcp_rpc_agent_api [None req-b7039e1d-7b0f-416c-99b5-e4056f7e428a eeb06f2e737947319181263885889c97 060fb54941ec4ee78175ce5716b185b4 - - default default] Unable to schedule network e3d38db2-c557-4d75-b4d3-42faced4f97f: no agents available; will retry on subsequent port and subnet creation events.
2026-05-09 18:11:00.693 10 INFO neutron.db.ovn_revision_numbers_db [None req-520952a4-9350-4358-adea-e4d78d5c68c2 eeb06f2e737947319181263885889c97 060fb54941ec4ee78175ce5716b185b4 - - default default] Successfully bumped revision number for resource d5b11e0c-95c1-4b5a-98a0-08762bff5528 (type: ports) to 1
2026-05-09 18:11:00.807 10 WARNING neutron.scheduler.dhcp_agent_scheduler [None req-41fcfb58-ad85-4191-ae7b-8b543c994518 eeb06f2e737947319181263885889c97 060fb54941ec4ee78175ce5716b185b4 - - default default] No more DHCP agents
2026-05-09 18:11:00.808 10 WARNING neutron.api.rpc.agentnotifiers.dhcp_rpc_agent_api [None req-41fcfb58-ad85-4191-ae7b-8b543c994518 eeb06f2e737947319181263885889c97 060fb54941ec4ee78175ce5716b185b4 - - default default] Unable to schedule network e3d38db2-c557-4d75-b4d3-42faced4f97f: no agents available; will retry on subsequent port and subnet creation events.
2026-05-09 18:11:00.814 9 INFO neutron.db.ovn_revision_numbers_db [None req-b7039e1d-7b0f-416c-99b5-e4056f7e428a eeb06f2e737947319181263885889c97 060fb54941ec4ee78175ce5716b185b4 - - default default] Successfully bumped revision number for resource bd1ab969-fab1-4530-8f73-9a67b313c99d (type: ports) to 1
2026-05-09 18:11:01.093 10 INFO neutron.plugins.ml2.drivers.ovn.mech_driver.ovsdb.extensions.qos [None req-520952a4-9350-4358-adea-e4d78d5c68c2 eeb06f2e737947319181263885889c97 060fb54941ec4ee78175ce5716b185b4 - - default default] Starting OVNClientQosExtension
2026-05-09 18:11:01.167 10 INFO neutron.db.ovn_revision_numbers_db [None req-41fcfb58-ad85-4191-ae7b-8b543c994518 eeb06f2e737947319181263885889c97 060fb54941ec4ee78175ce5716b185b4 - - default default] Successfully bumped revision number for resource b18cd671-60a2-4192-b43d-25f390939d97 (type: ports) to 1
2026-05-09 18:11:01.369 9 INFO neutron.plugins.ml2.drivers.ovn.mech_driver.ovsdb.extensions.qos [None req-b7039e1d-7b0f-416c-99b5-e4056f7e428a eeb06f2e737947319181263885889c97 060fb54941ec4ee78175ce5716b185b4 - - default default] Starting OVNClientQosExtension
2026-05-09 18:11:01.485 10 INFO neutron.plugins.ml2.drivers.ovn.mech_driver.ovsdb.commands [None req-5db080dd-16c0-401d-b5a4-26dc52ec8ed8 - - - - - -] Schedule LRP lrp-d5b11e0c-95c1-4b5a-98a0-08762bff5528 on gateway facc2238-7c05-4b98-a9e1-6b4ca8997d25 with priority 1
2026-05-09 18:11:01.493 9 INFO neutron.plugins.ml2.drivers.ovn.mech_driver.mech_driver [None req-873b34f8-100e-43a3-ab87-251903ea1482 - - - - - -] OVN reports status up for port: d5b11e0c-95c1-4b5a-98a0-08762bff5528
2026-05-09 18:11:01.505 9 INFO neutron.plugins.ml2.drivers.ovn.mech_driver.ovsdb.ovsdb_monitor [-] Router eee8f90e-d1ed-4a33-8383-fd30fad1e9ce is bound to host instance
2026-05-09 18:11:01.526 9 INFO neutron.plugins.ml2.plugin [None req-873b34f8-100e-43a3-ab87-251903ea1482 - - - - - -] Attempt 1 to provision port d5b11e0c-95c1-4b5a-98a0-08762bff5528
2026-05-09 18:11:01.538 10 INFO neutron.api.wsgi [-] 10.0.0.207 "GET / HTTP/1.1" status: 200 len: 247 time: 0.0012398
2026-05-09 18:11:01.539 10 INFO neutron.api.wsgi [-] 10.0.0.207 "GET / HTTP/1.1" status: 200 len: 247 time: 0.0009339
2026-05-09 18:11:01.546 10 INFO neutron.db.ovn_revision_numbers_db [None req-520952a4-9350-4358-adea-e4d78d5c68c2 eeb06f2e737947319181263885889c97 060fb54941ec4ee78175ce5716b185b4 - - default default] Successfully bumped revision number for resource d5b11e0c-95c1-4b5a-98a0-08762bff5528 (type: router_ports) to 1
2026-05-09 18:11:01.615 10 INFO neutron.db.ovn_revision_numbers_db [None req-520952a4-9350-4358-adea-e4d78d5c68c2 eeb06f2e737947319181263885889c97 060fb54941ec4ee78175ce5716b185b4 - - default default] Successfully bumped revision number for resource eee8f90e-d1ed-4a33-8383-fd30fad1e9ce (type: routers) to 2
2026-05-09 18:11:01.631 10 INFO neutron.api.wsgi [None req-520952a4-9350-4358-adea-e4d78d5c68c2 eeb06f2e737947319181263885889c97 060fb54941ec4ee78175ce5716b185b4 - - default default] 10.0.0.13 "POST /v2.0/routers HTTP/1.1" status: 201 len: 1172 time: 1.6172810
2026-05-09 18:11:01.806 10 INFO neutron.plugins.ml2.drivers.ovn.mech_driver.ovsdb.commands [None req-5db080dd-16c0-401d-b5a4-26dc52ec8ed8 - - - - - -] Schedule LRP lrp-b18cd671-60a2-4192-b43d-25f390939d97 on gateway facc2238-7c05-4b98-a9e1-6b4ca8997d25 with priority 1
2026-05-09 18:11:01.818 10 INFO neutron.plugins.ml2.drivers.ovn.mech_driver.mech_driver [-] OVN reports status up for port: b18cd671-60a2-4192-b43d-25f390939d97
2026-05-09 18:11:01.826 10 INFO neutron.plugins.ml2.plugin [None req-109b19be-5de5-472e-be55-de992690fe9a - - - - - -] Attempt 1 to provision port b18cd671-60a2-4192-b43d-25f390939d97
2026-05-09 18:11:01.841 9 INFO neutron.plugins.ml2.drivers.ovn.mech_driver.ovsdb.commands [None req-00bea2ae-b9f0-4e9b-a172-5bda64969cc7 - - - - - -] Schedule LRP lrp-bd1ab969-fab1-4530-8f73-9a67b313c99d on gateway facc2238-7c05-4b98-a9e1-6b4ca8997d25 with priority 1
2026-05-09 18:11:01.890 10 INFO neutron.db.ovn_revision_numbers_db [None req-41fcfb58-ad85-4191-ae7b-8b543c994518 eeb06f2e737947319181263885889c97 060fb54941ec4ee78175ce5716b185b4 - - default default] Successfully bumped revision number for resource b18cd671-60a2-4192-b43d-25f390939d97 (type: router_ports) to 1
2026-05-09 18:11:01.899 9 INFO neutron.db.ovn_revision_numbers_db [None req-b7039e1d-7b0f-416c-99b5-e4056f7e428a eeb06f2e737947319181263885889c97 060fb54941ec4ee78175ce5716b185b4 - - default default] Successfully bumped revision number for resource bd1ab969-fab1-4530-8f73-9a67b313c99d (type: router_ports) to 1
2026-05-09 18:11:01.969 10 INFO neutron.db.ovn_revision_numbers_db [None req-41fcfb58-ad85-4191-ae7b-8b543c994518 eeb06f2e737947319181263885889c97 060fb54941ec4ee78175ce5716b185b4 - - default default] Successfully bumped revision number for resource 5b934efb-d381-475e-a0ae-e0abaa411f0a (type: routers) to 2
2026-05-09 18:11:01.981 9 INFO neutron.db.ovn_revision_numbers_db [None req-b7039e1d-7b0f-416c-99b5-e4056f7e428a eeb06f2e737947319181263885889c97 060fb54941ec4ee78175ce5716b185b4 - - default default] Successfully bumped revision number for resource ed98eff1-d6b6-4b8c-b294-956617961f0e (type: routers) to 2
2026-05-09 18:11:01.985 10 INFO neutron.api.wsgi [None req-41fcfb58-ad85-4191-ae7b-8b543c994518 eeb06f2e737947319181263885889c97 060fb54941ec4ee78175ce5716b185b4 - - default default] 10.0.0.13 "POST /v2.0/routers HTTP/1.1" status: 201 len: 1168 time: 1.6918559
2026-05-09 18:11:02.005 9 INFO neutron.api.wsgi [None req-b7039e1d-7b0f-416c-99b5-e4056f7e428a eeb06f2e737947319181263885889c97 060fb54941ec4ee78175ce5716b185b4 - - default default] 10.0.0.13 "POST /v2.0/routers HTTP/1.1" status: 201 len: 1162 time: 1.9206355
2026-05-09 18:11:02.038 9 INFO neutron.db.ovn_revision_numbers_db [None req-df8fe305-2669-491a-ad9a-58347207a4b8 eeb06f2e737947319181263885889c97 060fb54941ec4ee78175ce5716b185b4 - - default default] Successfully bumped revision number for resource e6d4fbcf-c015-471a-b220-4890a57b9444 (type: security_groups) to 1
2026-05-09 18:11:02.055 9 INFO neutron.db.ovn_revision_numbers_db [None req-df8fe305-2669-491a-ad9a-58347207a4b8 eeb06f2e737947319181263885889c97 060fb54941ec4ee78175ce5716b185b4 - - default default] Successfully bumped revision number for resource 9242bbd1-2951-498e-89b7-b6f7f43d8f36 (type: security_group_rules) to 0
2026-05-09 18:11:02.068 9 INFO neutron.db.ovn_revision_numbers_db [None req-df8fe305-2669-491a-ad9a-58347207a4b8 eeb06f2e737947319181263885889c97 060fb54941ec4ee78175ce5716b185b4 - - default default] Successfully bumped revision number for resource c9dbb6a7-feb1-4977-811f-6e776c25507f (type: security_group_rules) to 0
2026-05-09 18:11:02.088 9 INFO neutron.db.ovn_revision_numbers_db [None req-df8fe305-2669-491a-ad9a-58347207a4b8 eeb06f2e737947319181263885889c97 060fb54941ec4ee78175ce5716b185b4 - - default default] Successfully bumped revision number for resource e7f2220d-b81b-4996-a588-206a6248709b (type: security_group_rules) to 0
2026-05-09 18:11:02.105 9 INFO neutron.db.ovn_revision_numbers_db [None req-df8fe305-2669-491a-ad9a-58347207a4b8 eeb06f2e737947319181263885889c97 060fb54941ec4ee78175ce5716b185b4 - - default default] Successfully bumped revision number for resource f3972e63-fd4e-4241-bc3f-40d4fc6cc62f (type: security_group_rules) to 0
2026-05-09 18:11:02.106 9 INFO neutron.db.ovn_revision_numbers_db [None req-978eeff7-f09e-4904-80eb-0eeb02b385f3 - - - - - -] Successfully bumped revision number for resource d5b11e0c-95c1-4b5a-98a0-08762bff5528 (type: ports) to 1
2026-05-09 18:11:02.171 9 INFO neutron.db.segments_db [None req-df8fe305-2669-491a-ad9a-58347207a4b8 eeb06f2e737947319181263885889c97 060fb54941ec4ee78175ce5716b185b4 - - default default] Added segment 1b100587-4c37-4548-ab47-b8ebd572a7bf of type geneve for network 668543f6-45e7-40d8-8d67-3b68b440ec96
2026-05-09 18:11:02.294 10 WARNING neutron.scheduler.dhcp_agent_scheduler [None req-dc120c52-63de-4234-b906-1077238b98e2 eeb06f2e737947319181263885889c97 060fb54941ec4ee78175ce5716b185b4 - - default default] No more DHCP agents
2026-05-09 18:11:02.298 10 WARNING neutron.api.rpc.agentnotifiers.dhcp_rpc_agent_api [None req-dc120c52-63de-4234-b906-1077238b98e2 eeb06f2e737947319181263885889c97 060fb54941ec4ee78175ce5716b185b4 - - default default] Unable to schedule network 1890cbe8-6ff9-4eed-94c9-188d7dd10469: no agents available; will retry on subsequent port and subnet creation events.
2026-05-09 18:11:02.298 9 INFO neutron.db.ovn_revision_numbers_db [None req-df8fe305-2669-491a-ad9a-58347207a4b8 eeb06f2e737947319181263885889c97 060fb54941ec4ee78175ce5716b185b4 - - default default] Successfully bumped revision number for resource 668543f6-45e7-40d8-8d67-3b68b440ec96 (type: networks) to 1
2026-05-09 18:11:02.461 10 INFO neutron.db.ovn_revision_numbers_db [None req-dc120c52-63de-4234-b906-1077238b98e2 eeb06f2e737947319181263885889c97 060fb54941ec4ee78175ce5716b185b4 - - default default] Successfully bumped revision number for resource 02199bb6-baa1-4305-b7b4-f4ba6f38d2b1 (type: ports) to 1
2026-05-09 18:11:02.468 9 WARNING neutron.scheduler.dhcp_agent_scheduler [None req-df8fe305-2669-491a-ad9a-58347207a4b8 eeb06f2e737947319181263885889c97 060fb54941ec4ee78175ce5716b185b4 - - default default] No more DHCP agents
2026-05-09 18:11:02.469 9 WARNING neutron.api.rpc.agentnotifiers.dhcp_rpc_agent_api [None req-df8fe305-2669-491a-ad9a-58347207a4b8 eeb06f2e737947319181263885889c97 060fb54941ec4ee78175ce5716b185b4 - - default default] Unable to schedule network 668543f6-45e7-40d8-8d67-3b68b440ec96: no agents available; will retry on subsequent port and subnet creation events.
2026-05-09 18:11:02.471 9 INFO neutron.db.ovn_revision_numbers_db [None req-978eeff7-f09e-4904-80eb-0eeb02b385f3 - - - - - -] Successfully bumped revision number for resource d5b11e0c-95c1-4b5a-98a0-08762bff5528 (type: ports) to 4
2026-05-09 18:11:02.538 9 INFO neutron.db.ovn_revision_numbers_db [None req-df8fe305-2669-491a-ad9a-58347207a4b8 eeb06f2e737947319181263885889c97 060fb54941ec4ee78175ce5716b185b4 - - default default] Successfully bumped revision number for resource aace8bc9-78df-4043-8413-432c4d8f9745 (type: ports) to 1
2026-05-09 18:11:02.568 9 INFO neutron.api.wsgi [None req-df8fe305-2669-491a-ad9a-58347207a4b8 eeb06f2e737947319181263885889c97 060fb54941ec4ee78175ce5716b185b4 - - default default] 10.0.0.13 "POST /v2.0/networks HTTP/1.1" status: 201 len: 952 time: 0.8779478
2026-05-09 18:11:02.725 9 WARNING neutron.scheduler.dhcp_agent_scheduler [None req-21fe192e-07bc-4b68-886d-4b346b452716 eeb06f2e737947319181263885889c97 060fb54941ec4ee78175ce5716b185b4 - - default default] No more DHCP agents
2026-05-09 18:11:02.728 9 WARNING neutron.api.rpc.agentnotifiers.dhcp_rpc_agent_api [None req-21fe192e-07bc-4b68-886d-4b346b452716 eeb06f2e737947319181263885889c97 060fb54941ec4ee78175ce5716b185b4 - - default default] Unable to schedule network 668543f6-45e7-40d8-8d67-3b68b440ec96: no agents available; will retry on subsequent port and subnet creation events.
2026-05-09 18:11:02.788 10 WARNING neutron.scheduler.dhcp_agent_scheduler [None req-aeb4d1dc-dc25-447c-9504-a79aba23996a eeb06f2e737947319181263885889c97 060fb54941ec4ee78175ce5716b185b4 - - default default] No more DHCP agents
2026-05-09 18:11:02.791 10 WARNING neutron.api.rpc.agentnotifiers.dhcp_rpc_agent_api [None req-aeb4d1dc-dc25-447c-9504-a79aba23996a eeb06f2e737947319181263885889c97 060fb54941ec4ee78175ce5716b185b4 - - default default] Unable to schedule network 50e02cd5-954d-4c32-ac19-ceee577a73d1: no agents available; will retry on subsequent port and subnet creation events.
2026-05-09 18:11:02.793 10 WARNING neutron.scheduler.dhcp_agent_scheduler [None req-3c06c922-f107-4141-bff1-bf31239766b3 eeb06f2e737947319181263885889c97 060fb54941ec4ee78175ce5716b185b4 - - default default] No more DHCP agents
2026-05-09 18:11:02.797 10 WARNING neutron.api.rpc.agentnotifiers.dhcp_rpc_agent_api [None req-3c06c922-f107-4141-bff1-bf31239766b3 eeb06f2e737947319181263885889c97 060fb54941ec4ee78175ce5716b185b4 - - default default] Unable to schedule network aeb8acc8-bf02-479f-8131-4f085a1d8f3a: no agents available; will retry on subsequent port and subnet creation events.
2026-05-09 18:11:02.813 9 INFO neutron.db.ovn_revision_numbers_db [None req-978eeff7-f09e-4904-80eb-0eeb02b385f3 - - - - - -] Successfully bumped revision number for resource d5b11e0c-95c1-4b5a-98a0-08762bff5528 (type: ports) to 5
2026-05-09 18:11:02.874 9 INFO neutron.plugins.ml2.drivers.ovn.mech_driver.ovsdb.ovsdb_monitor [None req-978eeff7-f09e-4904-80eb-0eeb02b385f3 - - - - - -] Router 5b934efb-d381-475e-a0ae-e0abaa411f0a is bound to host instance
2026-05-09 18:11:02.947 10 INFO neutron.db.ovn_revision_numbers_db [None req-aeb4d1dc-dc25-447c-9504-a79aba23996a eeb06f2e737947319181263885889c97 060fb54941ec4ee78175ce5716b185b4 - - default default] Successfully bumped revision number for resource 28584ea2-b798-43b2-88d1-d6b217b7200f (type: ports) to 1
2026-05-09 18:11:02.956 10 INFO neutron.db.ovn_revision_numbers_db [None req-3c06c922-f107-4141-bff1-bf31239766b3 eeb06f2e737947319181263885889c97 060fb54941ec4ee78175ce5716b185b4 - - default default] Successfully bumped revision number for resource 787bd2fa-0cfe-41ba-abd2-fd39fb28d9cd (type: ports) to 1
2026-05-09 18:11:03.152 9 INFO neutron.db.ovn_revision_numbers_db [None req-a6eaf2e8-8113-45a1-b1ac-01bcaa8601e9 - - - - - -] Successfully bumped revision number for resource aace8bc9-78df-4043-8413-432c4d8f9745 (type: ports) to 2
2026-05-09 18:11:03.179 9 INFO neutron.db.ovn_revision_numbers_db [None req-a6eaf2e8-8113-45a1-b1ac-01bcaa8601e9 - - - - - -] Successfully bumped revision number for resource bfeaf146-da2d-4769-bb50-aa31eba1d854 (type: subnets) to 0
2026-05-09 18:11:03.195 9 INFO neutron.api.wsgi [None req-21fe192e-07bc-4b68-886d-4b346b452716 eeb06f2e737947319181263885889c97 060fb54941ec4ee78175ce5716b185b4 - - default default] 10.0.0.13 "POST /v2.0/subnets HTTP/1.1" status: 201 len: 896 time: 0.6223109
2026-05-09 18:11:03.280 9 INFO neutron.db.ovn_revision_numbers_db [None req-188ff584-6edc-48f3-b773-c5e8de5b4ad8 - - - - - -] Successfully bumped revision number for resource b18cd671-60a2-4192-b43d-25f390939d97 (type: ports) to 1
2026-05-09 18:11:03.464 10 INFO neutron.db.ovn_revision_numbers_db [None req-dc120c52-63de-4234-b906-1077238b98e2 eeb06f2e737947319181263885889c97 060fb54941ec4ee78175ce5716b185b4 - - default default] Successfully bumped revision number for resource 02199bb6-baa1-4305-b7b4-f4ba6f38d2b1 (type: ports) to 1
2026-05-09 18:11:03.578 10 WARNING neutron.scheduler.dhcp_agent_scheduler [None req-dc120c52-63de-4234-b906-1077238b98e2 eeb06f2e737947319181263885889c97 060fb54941ec4ee78175ce5716b185b4 - - default default] No more DHCP agents
2026-05-09 18:11:03.586 10 WARNING neutron.api.rpc.agentnotifiers.dhcp_rpc_agent_api [None req-dc120c52-63de-4234-b906-1077238b98e2 eeb06f2e737947319181263885889c97 060fb54941ec4ee78175ce5716b185b4 - - default default] Unable to schedule network 1890cbe8-6ff9-4eed-94c9-188d7dd10469: no agents available; will retry on subsequent port and subnet creation events.
2026-05-09 18:11:03.674 9 WARNING neutron.scheduler.dhcp_agent_scheduler [None req-65345e3f-58e5-4eab-8f93-e5f9c0bf5fc4 eeb06f2e737947319181263885889c97 060fb54941ec4ee78175ce5716b185b4 - - default default] No more DHCP agents
2026-05-09 18:11:03.676 9 WARNING neutron.api.rpc.agentnotifiers.dhcp_rpc_agent_api [None req-65345e3f-58e5-4eab-8f93-e5f9c0bf5fc4 eeb06f2e737947319181263885889c97 060fb54941ec4ee78175ce5716b185b4 - - default default] Unable to schedule network e3d38db2-c557-4d75-b4d3-42faced4f97f: no agents available; will retry on subsequent port and subnet creation events.
2026-05-09 18:11:03.688 9 INFO neutron.db.ovn_revision_numbers_db [None req-188ff584-6edc-48f3-b773-c5e8de5b4ad8 - - - - - -] Successfully bumped revision number for resource b18cd671-60a2-4192-b43d-25f390939d97 (type: ports) to 4
2026-05-09 18:11:03.777 9 INFO neutron.db.ovn_revision_numbers_db [None req-65345e3f-58e5-4eab-8f93-e5f9c0bf5fc4 eeb06f2e737947319181263885889c97 060fb54941ec4ee78175ce5716b185b4 - - default default] Successfully bumped revision number for resource 44e03c3d-b586-4de7-b2bc-7d88d0cbe863 (type: ports) to 1
2026-05-09 18:11:03.863 10 INFO neutron.db.ovn_revision_numbers_db [None req-aeb4d1dc-dc25-447c-9504-a79aba23996a eeb06f2e737947319181263885889c97 060fb54941ec4ee78175ce5716b185b4 - - default default] Successfully bumped revision number for resource 28584ea2-b798-43b2-88d1-d6b217b7200f (type: ports) to 1
2026-05-09 18:11:03.918 10 INFO neutron.db.ovn_revision_numbers_db [None req-3c06c922-f107-4141-bff1-bf31239766b3 eeb06f2e737947319181263885889c97 060fb54941ec4ee78175ce5716b185b4 - - default default] Successfully bumped revision number for resource 787bd2fa-0cfe-41ba-abd2-fd39fb28d9cd (type: ports) to 1
2026-05-09 18:11:03.965 10 WARNING neutron.scheduler.dhcp_agent_scheduler [None req-aeb4d1dc-dc25-447c-9504-a79aba23996a eeb06f2e737947319181263885889c97 060fb54941ec4ee78175ce5716b185b4 - - default default] No more DHCP agents
2026-05-09 18:11:03.970 10 WARNING neutron.api.rpc.agentnotifiers.dhcp_rpc_agent_api [None req-aeb4d1dc-dc25-447c-9504-a79aba23996a eeb06f2e737947319181263885889c97 060fb54941ec4ee78175ce5716b185b4 - - default default] Unable to schedule network 50e02cd5-954d-4c32-ac19-ceee577a73d1: no agents available; will retry on subsequent port and subnet creation events.
2026-05-09 18:11:04.012 10 WARNING neutron.scheduler.dhcp_agent_scheduler [None req-3c06c922-f107-4141-bff1-bf31239766b3 eeb06f2e737947319181263885889c97 060fb54941ec4ee78175ce5716b185b4 - - default default] No more DHCP agents
2026-05-09 18:11:04.015 10 WARNING neutron.api.rpc.agentnotifiers.dhcp_rpc_agent_api [None req-3c06c922-f107-4141-bff1-bf31239766b3 eeb06f2e737947319181263885889c97 060fb54941ec4ee78175ce5716b185b4 - - default default] Unable to schedule network aeb8acc8-bf02-479f-8131-4f085a1d8f3a: no agents available; will retry on subsequent port and subnet creation events.
2026-05-09 18:11:04.057 9 INFO neutron.db.ovn_revision_numbers_db [None req-188ff584-6edc-48f3-b773-c5e8de5b4ad8 - - - - - -] Successfully bumped revision number for resource b18cd671-60a2-4192-b43d-25f390939d97 (type: ports) to 5
2026-05-09 18:11:04.066 9 INFO neutron.plugins.ml2.drivers.ovn.mech_driver.mech_driver [None req-873b34f8-100e-43a3-ab87-251903ea1482 - - - - - -] OVN reports status up for port: bd1ab969-fab1-4530-8f73-9a67b313c99d
2026-05-09 18:11:04.074 9 INFO neutron.plugins.ml2.plugin [None req-873b34f8-100e-43a3-ab87-251903ea1482 - - - - - -] Attempt 1 to provision port bd1ab969-fab1-4530-8f73-9a67b313c99d
2026-05-09 18:11:04.144 9 INFO neutron.plugins.ml2.drivers.ovn.mech_driver.ovsdb.ovsdb_monitor [None req-188ff584-6edc-48f3-b773-c5e8de5b4ad8 - - - - - -] Router ed98eff1-d6b6-4b8c-b294-956617961f0e is bound to host instance
2026-05-09 18:11:04.424 9 INFO neutron.plugins.ml2.drivers.ovn.mech_driver.ovsdb.commands [None req-00bea2ae-b9f0-4e9b-a172-5bda64969cc7 - - - - - -] Schedule LRP lrp-44e03c3d-b586-4de7-b2bc-7d88d0cbe863 on gateway facc2238-7c05-4b98-a9e1-6b4ca8997d25 with priority 1
2026-05-09 18:11:04.454 10 INFO neutron.plugins.ml2.drivers.ovn.mech_driver.ovsdb.ovsdb_monitor [-] Router e10a44f0-f4fa-4896-8fd6-1d145853eb80 is bound to host instance
2026-05-09 18:11:04.465 9 INFO neutron.db.ovn_revision_numbers_db [None req-65345e3f-58e5-4eab-8f93-e5f9c0bf5fc4 eeb06f2e737947319181263885889c97 060fb54941ec4ee78175ce5716b185b4 - - default default] Successfully bumped revision number for resource 44e03c3d-b586-4de7-b2bc-7d88d0cbe863 (type: router_ports) to 1
