2026-05-09 18:11:11.966 9 WARNING neutron.plugins.ml2.drivers.ovn.mech_driver.ovsdb.ovn_client [None req-163184e4-e560-45b3-958c-c7fdc79e585e - - - - - -] No port found with ID 02199bb6-baa1-4305-b7b4-f4ba6f38d2b1: RuntimeError: No port found with ID 02199bb6-baa1-4305-b7b4-f4ba6f38d2b1
2026-05-09 18:11:11.967 9 INFO neutron.plugins.ml2.drivers.ovn.mech_driver.mech_driver [None req-163184e4-e560-45b3-958c-c7fdc79e585e - - - - - -] OVN reports status up for port: 28584ea2-b798-43b2-88d1-d6b217b7200f
2026-05-09 18:11:11.977 9 INFO neutron.api.wsgi [req-3de179b7-4931-44f8-bad6-17ec1d137537 req-0595ff5f-7ec5-4908-b487-2b41489403c7 3e907a99f7a547ae8920cf384578cde2 bb4e98ddf21f424e97f3918c78698640 - - default default] 10.0.0.11 "GET /v2.0/ports?device_id=1297c47d-3f34-41fc-9ab8-76081aedc72b HTTP/1.1" status: 200 len: 210 time: 0.0222616
2026-05-09 18:11:11.980 9 INFO neutron.plugins.ml2.plugin [None req-163184e4-e560-45b3-958c-c7fdc79e585e - - - - - -] Attempt 1 to provision port 28584ea2-b798-43b2-88d1-d6b217b7200f
2026-05-09 18:11:12.018 9 INFO neutron.api.wsgi [None req-72377d1b-7f1a-4df1-b094-c45249496dc1 eeb06f2e737947319181263885889c97 060fb54941ec4ee78175ce5716b185b4 - - default default] 10.0.0.13 "DELETE /v2.0/subnets/bb1da024-374f-49f4-949a-e80687a8b360 HTTP/1.1" status: 204 len: 168 time: 0.1644800
2026-05-09 18:11:12.020 10 INFO neutron.api.wsgi [None req-f20c3038-0e1c-415e-aac4-7f2e9541f620 eeb06f2e737947319181263885889c97 060fb54941ec4ee78175ce5716b185b4 - - default default] 10.0.0.13 "DELETE /v2.0/subnets/7af610ff-db28-4718-bc36-ff19b9c8352b HTTP/1.1" status: 204 len: 168 time: 0.1761646
2026-05-09 18:11:12.300 10 INFO neutron.api.wsgi [req-7361f53e-a839-4804-8261-956d6d05df17 req-6e8c7e46-489b-476a-aaa9-4083a6318c1c 6d3ce188c66a4e10b82fa1afc8adf7ac 10fa3e971f3443e9b0e2c7d85ccf702b - - default default] 10.0.0.11 "GET /v2.0/ports?device_id=04a08424-941f-4a3a-a562-81444956d10d HTTP/1.1" status: 200 len: 210 time: 0.0194528
2026-05-09 18:11:12.442 9 INFO neutron.api.wsgi [None req-c3cdecb8-7aba-4cd5-8989-177a66b5727a eeb06f2e737947319181263885889c97 060fb54941ec4ee78175ce5716b185b4 - - default default] 10.0.0.13 "DELETE /v2.0/networks/aeb8acc8-bf02-479f-8131-4f085a1d8f3a HTTP/1.1" status: 204 len: 168 time: 0.4191444
2026-05-09 18:11:12.443 9 INFO neutron.db.ovn_revision_numbers_db [None req-163184e4-e560-45b3-958c-c7fdc79e585e - - - - - -] Successfully bumped revision number for resource 28584ea2-b798-43b2-88d1-d6b217b7200f (type: ports) to 2
2026-05-09 18:11:12.520 10 INFO neutron.api.wsgi [None req-fb854671-49bb-486f-805f-a42ddc758ed7 eeb06f2e737947319181263885889c97 060fb54941ec4ee78175ce5716b185b4 - - default default] 10.0.0.13 "DELETE /v2.0/networks/1890cbe8-6ff9-4eed-94c9-188d7dd10469 HTTP/1.1" status: 204 len: 168 time: 0.4949369
2026-05-09 18:11:12.618 10 INFO neutron.api.wsgi [None req-4556edd4-7f63-428a-aa51-d44894724b8b eeb06f2e737947319181263885889c97 060fb54941ec4ee78175ce5716b185b4 - - default default] 10.0.0.13 "GET /v2.0/security-groups?tenant_id=ffb45321ed3b41709c7cc9ab958f1add&name=default HTTP/1.1" status: 200 len: 3116 time: 0.0363107
2026-05-09 18:11:12.814 10 INFO neutron.api.wsgi [None req-5c378e56-7252-4eb3-8a77-c91084910eb2 eeb06f2e737947319181263885889c97 060fb54941ec4ee78175ce5716b185b4 - - default default] 10.0.0.13 "DELETE /v2.0/security-groups/c69b024f-bf3f-45fc-ad38-12e7528ffaef HTTP/1.1" status: 204 len: 168 time: 0.1914880
2026-05-09 18:11:12.889 10 INFO neutron.api.wsgi [None req-736e67ca-aef3-4144-97cd-c7a459f66f34 eeb06f2e737947319181263885889c97 060fb54941ec4ee78175ce5716b185b4 - - default default] 10.0.0.13 "GET /v2.0/security-groups?tenant_id=e8d0a857ece042058c2f76a62999fd7e&name=default HTTP/1.1" status: 200 len: 3116 time: 0.0297534
2026-05-09 18:11:12.961 9 INFO neutron.services.segments.plugin [-] Segment e5123b8d-f7ba-4588-8683-e2aecfacbb54 resource provider aggregate not found
2026-05-09 18:11:12.990 9 INFO neutron.services.segments.plugin [-] Segment e5123b8d-f7ba-4588-8683-e2aecfacbb54 resource provider aggregate not found
2026-05-09 18:11:13.055 9 INFO neutron.api.wsgi [req-83c34f4d-271b-40ad-a177-e2661aba9b3b req-26a3063c-5654-4342-8679-e7c3564a07dd 3e907a99f7a547ae8920cf384578cde2 bb4e98ddf21f424e97f3918c78698640 - - default default] 10.0.0.11 "GET /v2.0/ports?device_id=1297c47d-3f34-41fc-9ab8-76081aedc72b HTTP/1.1" status: 200 len: 210 time: 0.0193093
2026-05-09 18:11:13.082 10 INFO neutron.api.wsgi [None req-a2d529c1-0376-4d7a-9306-807361b73021 eeb06f2e737947319181263885889c97 060fb54941ec4ee78175ce5716b185b4 - - default default] 10.0.0.13 "DELETE /v2.0/security-groups/126bbf72-ce1a-4e4d-b519-da9cbd5377a0 HTTP/1.1" status: 204 len: 168 time: 0.1888757
2026-05-09 18:11:13.114 10 INFO neutron.services.segments.plugin [-] Segment 44ece08f-2524-4f71-bc71-2806dc165d4f resource provider aggregate not found
2026-05-09 18:11:13.121 9 INFO neutron.services.segments.plugin [-] Segment e5123b8d-f7ba-4588-8683-e2aecfacbb54 resource provider not found; error: Placement Client Error (4xx): {"errors": [{"status": 404, "title": "Not Found", "detail": "The resource could not be found.\n\n No resource provider with uuid e5123b8d-f7ba-4588-8683-e2aecfacbb54 found for delete ", "request_id": "req-cf2409dc-427c-4a48-b3ca-c4b5097fce59"}]}
2026-05-09 18:11:13.125 9 INFO neutron.services.segments.plugin [-] Segment e5123b8d-f7ba-4588-8683-e2aecfacbb54 resource provider not found; error: Placement Client Error (4xx): {"errors": [{"status": 404, "title": "Not Found", "detail": "The resource could not be found.\n\n No resource provider with uuid e5123b8d-f7ba-4588-8683-e2aecfacbb54 found for delete ", "request_id": "req-539ff982-7c57-4d1a-ad5a-41c4ee0de895"}]}
2026-05-09 18:11:13.130 10 INFO neutron.services.segments.plugin [-] Segment 44ece08f-2524-4f71-bc71-2806dc165d4f resource provider not found; error: Placement Client Error (4xx): {"errors": [{"status": 404, "title": "Not Found", "detail": "The resource could not be found.\n\n No resource provider with uuid 44ece08f-2524-4f71-bc71-2806dc165d4f found for delete ", "request_id": "req-1b63fa50-41c4-4cfc-ad6f-9128f09ae5be"}]}
2026-05-09 18:11:13.143 10 INFO neutron.services.segments.plugin [-] Segment 44ece08f-2524-4f71-bc71-2806dc165d4f resource provider aggregate not found
2026-05-09 18:11:13.158 10 INFO neutron.services.segments.plugin [-] Segment 44ece08f-2524-4f71-bc71-2806dc165d4f resource provider not found; error: Placement Client Error (4xx): {"errors": [{"status": 404, "title": "Not Found", "detail": "The resource could not be found.\n\n No resource provider with uuid 44ece08f-2524-4f71-bc71-2806dc165d4f found for delete ", "request_id": "req-1ebf1b9d-5ace-4cfc-b715-7e50336116f2"}]}
2026-05-09 18:11:13.393 10 INFO neutron.api.wsgi [req-b0311a32-23b1-4c9e-979c-e22eeb0b4c55 req-4c0dfb7e-f9c6-49f3-8aed-b185ddb0cf97 6d3ce188c66a4e10b82fa1afc8adf7ac 10fa3e971f3443e9b0e2c7d85ccf702b - - default default] 10.0.0.11 "GET /v2.0/ports?device_id=04a08424-941f-4a3a-a562-81444956d10d HTTP/1.1" status: 200 len: 210 time: 0.0223379
2026-05-09 18:11:14.131 9 INFO neutron.api.wsgi [req-23c2a55a-5af5-4e08-910e-11c5da571431 req-3184b45b-dfb8-4c7c-8bd5-d9bdd97a24f8 3e907a99f7a547ae8920cf384578cde2 bb4e98ddf21f424e97f3918c78698640 - - default default] 10.0.0.11 "GET /v2.0/ports?device_id=1297c47d-3f34-41fc-9ab8-76081aedc72b HTTP/1.1" status: 200 len: 210 time: 0.0250754
2026-05-09 18:11:14.461 10 INFO neutron.api.wsgi [req-a78541d9-fb63-4db1-b0d6-42fd3b282260 req-034b47a8-6123-4368-82d5-acf56fec30de 6d3ce188c66a4e10b82fa1afc8adf7ac 10fa3e971f3443e9b0e2c7d85ccf702b - - default default] 10.0.0.11 "GET /v2.0/ports?device_id=04a08424-941f-4a3a-a562-81444956d10d HTTP/1.1" status: 200 len: 210 time: 0.0166504
2026-05-09 18:11:15.000 9 INFO neutron.db.ovn_revision_numbers_db [None req-57adbde6-8e3f-4d49-8077-3e7e453c11a8 eeb06f2e737947319181263885889c97 060fb54941ec4ee78175ce5716b185b4 - - default default] Successfully bumped revision number for resource 6ef31a11-0856-40ed-bc57-ba936f420df4 (type: security_groups) to 1
2026-05-09 18:11:15.012 9 INFO neutron.db.ovn_revision_numbers_db [None req-57adbde6-8e3f-4d49-8077-3e7e453c11a8 eeb06f2e737947319181263885889c97 060fb54941ec4ee78175ce5716b185b4 - - default default] Successfully bumped revision number for resource 5751b294-7096-460b-ae87-5f91020ff44f (type: security_group_rules) to 0
2026-05-09 18:11:15.024 9 INFO neutron.db.ovn_revision_numbers_db [None req-57adbde6-8e3f-4d49-8077-3e7e453c11a8 eeb06f2e737947319181263885889c97 060fb54941ec4ee78175ce5716b185b4 - - default default] Successfully bumped revision number for resource a061d13a-5183-4608-b247-5ad779270563 (type: security_group_rules) to 0
2026-05-09 18:11:15.036 9 INFO neutron.db.ovn_revision_numbers_db [None req-57adbde6-8e3f-4d49-8077-3e7e453c11a8 eeb06f2e737947319181263885889c97 060fb54941ec4ee78175ce5716b185b4 - - default default] Successfully bumped revision number for resource c2b875de-aaad-40e4-9ecb-9265b1f46121 (type: security_group_rules) to 0
2026-05-09 18:11:15.049 9 INFO neutron.db.ovn_revision_numbers_db [None req-57adbde6-8e3f-4d49-8077-3e7e453c11a8 eeb06f2e737947319181263885889c97 060fb54941ec4ee78175ce5716b185b4 - - default default] Successfully bumped revision number for resource f6cfe8dd-33aa-41a5-b9e0-295c6e16360e (type: security_group_rules) to 0
2026-05-09 18:11:15.115 9 INFO neutron.db.segments_db [None req-57adbde6-8e3f-4d49-8077-3e7e453c11a8 eeb06f2e737947319181263885889c97 060fb54941ec4ee78175ce5716b185b4 - - default default] Added segment bded1901-3f6a-4d56-82d7-404c84527e3c of type geneve for network 332a1b89-8973-42ce-8e5b-abc7dbecf2b1
2026-05-09 18:11:15.214 9 INFO neutron.api.wsgi [req-a50c27a5-4531-4aee-83bb-76f2f0879538 req-3a57b26d-0910-4f92-b8ef-717df1a7753b 3e907a99f7a547ae8920cf384578cde2 bb4e98ddf21f424e97f3918c78698640 - - default default] 10.0.0.11 "GET /v2.0/ports?device_id=1297c47d-3f34-41fc-9ab8-76081aedc72b HTTP/1.1" status: 200 len: 210 time: 0.0187852
2026-05-09 18:11:15.218 9 INFO neutron.db.ovn_revision_numbers_db [None req-57adbde6-8e3f-4d49-8077-3e7e453c11a8 eeb06f2e737947319181263885889c97 060fb54941ec4ee78175ce5716b185b4 - - default default] Successfully bumped revision number for resource 332a1b89-8973-42ce-8e5b-abc7dbecf2b1 (type: networks) to 1
2026-05-09 18:11:15.458 10 INFO neutron.api.wsgi [req-a8b67eaa-47bb-4f05-b942-9916abe03aa3 req-c0268673-697c-43e6-857f-70125a5ea85b 6d3ce188c66a4e10b82fa1afc8adf7ac 10fa3e971f3443e9b0e2c7d85ccf702b - - default default] 199.204.45.30 "GET /v2.0/networks?id=50e02cd5-954d-4c32-ac19-ceee577a73d1 HTTP/1.1" status: 200 len: 869 time: 0.1949713
2026-05-09 18:11:15.477 9 WARNING neutron.scheduler.dhcp_agent_scheduler [None req-57adbde6-8e3f-4d49-8077-3e7e453c11a8 eeb06f2e737947319181263885889c97 060fb54941ec4ee78175ce5716b185b4 - - default default] No more DHCP agents
2026-05-09 18:11:15.478 9 WARNING neutron.api.rpc.agentnotifiers.dhcp_rpc_agent_api [None req-57adbde6-8e3f-4d49-8077-3e7e453c11a8 eeb06f2e737947319181263885889c97 060fb54941ec4ee78175ce5716b185b4 - - default default] Unable to schedule network 332a1b89-8973-42ce-8e5b-abc7dbecf2b1: no agents available; will retry on subsequent port and subnet creation events.
2026-05-09 18:11:15.512 10 INFO neutron.api.wsgi [req-a8b67eaa-47bb-4f05-b942-9916abe03aa3 req-08c949b9-8080-425e-8ead-8fc0cbc6b56e 6d3ce188c66a4e10b82fa1afc8adf7ac 10fa3e971f3443e9b0e2c7d85ccf702b - - default default] 199.204.45.30 "GET /v2.0/security-groups?fields=id&fields=name&tenant_id=10fa3e971f3443e9b0e2c7d85ccf702b HTTP/1.1" status: 200 len: 378 time: 0.0374367
2026-05-09 18:11:15.519 10 WARNING neutron_lib.context [req-a8b67eaa-47bb-4f05-b942-9916abe03aa3 req-ce6f3e50-270f-4751-a969-f2257662e1b6 6d3ce188c66a4e10b82fa1afc8adf7ac 10fa3e971f3443e9b0e2c7d85ccf702b - - default default] Method 'is_advsvc' is deprecated since 2023.2 release (neutron-lib 3.8.0) and will be removed once support for the old RBAC API policies will be removed from Neutron. Please use method 'is_service_role' instead.
2026-05-09 18:11:15.538 10 INFO neutron.api.wsgi [req-004632ff-05f6-45ce-9771-e4e06c33b79f req-2fb6210e-9d00-45da-a4a3-fb69cbfa919c 6d3ce188c66a4e10b82fa1afc8adf7ac 10fa3e971f3443e9b0e2c7d85ccf702b - - default default] 10.0.0.11 "GET /v2.0/ports?device_id=04a08424-941f-4a3a-a562-81444956d10d HTTP/1.1" status: 200 len: 210 time: 0.0174134
2026-05-09 18:11:15.540 9 INFO neutron.db.ovn_revision_numbers_db [None req-57adbde6-8e3f-4d49-8077-3e7e453c11a8 eeb06f2e737947319181263885889c97 060fb54941ec4ee78175ce5716b185b4 - - default default] Successfully bumped revision number for resource 57c905cb-bab1-46ac-a407-ee98148111b3 (type: ports) to 1
2026-05-09 18:11:15.560 9 INFO neutron.api.wsgi [None req-57adbde6-8e3f-4d49-8077-3e7e453c11a8 eeb06f2e737947319181263885889c97 060fb54941ec4ee78175ce5716b185b4 - - default default] 10.0.0.13 "POST /v2.0/networks HTTP/1.1" status: 201 len: 949 time: 0.8670816
2026-05-09 18:11:15.687 9 WARNING neutron.scheduler.dhcp_agent_scheduler [None req-aff86519-259c-4958-bb1a-5ec2b73ab9a6 eeb06f2e737947319181263885889c97 060fb54941ec4ee78175ce5716b185b4 - - default default] No more DHCP agents
2026-05-09 18:11:15.688 9 WARNING neutron.api.rpc.agentnotifiers.dhcp_rpc_agent_api [None req-aff86519-259c-4958-bb1a-5ec2b73ab9a6 eeb06f2e737947319181263885889c97 060fb54941ec4ee78175ce5716b185b4 - - default default] Unable to schedule network 332a1b89-8973-42ce-8e5b-abc7dbecf2b1: no agents available; will retry on subsequent port and subnet creation events.
2026-05-09 18:11:15.862 10 WARNING neutron.scheduler.dhcp_agent_scheduler [req-a8b67eaa-47bb-4f05-b942-9916abe03aa3 req-ce6f3e50-270f-4751-a969-f2257662e1b6 6d3ce188c66a4e10b82fa1afc8adf7ac 10fa3e971f3443e9b0e2c7d85ccf702b - - default default] No more DHCP agents
2026-05-09 18:11:15.864 10 WARNING neutron.api.rpc.agentnotifiers.dhcp_rpc_agent_api [req-a8b67eaa-47bb-4f05-b942-9916abe03aa3 req-ce6f3e50-270f-4751-a969-f2257662e1b6 6d3ce188c66a4e10b82fa1afc8adf7ac 10fa3e971f3443e9b0e2c7d85ccf702b - - default default] Unable to schedule network 50e02cd5-954d-4c32-ac19-ceee577a73d1: no agents available; will retry on subsequent port and subnet creation events.
2026-05-09 18:11:16.032 10 INFO neutron.db.ovn_revision_numbers_db [req-a8b67eaa-47bb-4f05-b942-9916abe03aa3 req-ce6f3e50-270f-4751-a969-f2257662e1b6 6d3ce188c66a4e10b82fa1afc8adf7ac 10fa3e971f3443e9b0e2c7d85ccf702b - - default default] Successfully bumped revision number for resource 2242b9b2-87b5-4905-8544-920478a84418 (type: ports) to 1
2026-05-09 18:11:16.062 10 INFO neutron.api.wsgi [req-a8b67eaa-47bb-4f05-b942-9916abe03aa3 req-ce6f3e50-270f-4751-a969-f2257662e1b6 6d3ce188c66a4e10b82fa1afc8adf7ac 10fa3e971f3443e9b0e2c7d85ccf702b - - default default] 199.204.45.30 "POST /v2.0/ports HTTP/1.1" status: 201 len: 1158 time: 0.5461700 /var/lib/openstack/lib/python3.12/site-packages/pycadf/identifier.py:71: UserWarning: Invalid uuid: neutron. To ensure interoperability, identifiers should be a valid uuid. warnings.warn(('Invalid uuid: %s. To ensure interoperability, '
2026-05-09 18:11:16.073 10 INFO neutron.api.wsgi [req-a8b67eaa-47bb-4f05-b942-9916abe03aa3 req-3f6c8664-8c6c-4445-830f-bd5a412e9b7e 6d3ce188c66a4e10b82fa1afc8adf7ac 10fa3e971f3443e9b0e2c7d85ccf702b - - default default] 199.204.45.30 "GET /v2.0/extensions HTTP/1.1" status: 200 len: 19298 time: 0.0069883
2026-05-09 18:11:16.121 9 INFO neutron.db.ovn_revision_numbers_db [None req-4c3deb1d-3ad3-4e85-a7ef-878a3c788c90 - - - - - -] Successfully bumped revision number for resource 57c905cb-bab1-46ac-a407-ee98148111b3 (type: ports) to 2
2026-05-09 18:11:16.150 9 INFO neutron.db.ovn_revision_numbers_db [None req-4c3deb1d-3ad3-4e85-a7ef-878a3c788c90 - - - - - -] Successfully bumped revision number for resource f61b11ed-0b01-4c30-b232-a46b22611297 (type: subnets) to 0
2026-05-09 18:11:16.162 9 INFO neutron.api.wsgi [None req-aff86519-259c-4958-bb1a-5ec2b73ab9a6 eeb06f2e737947319181263885889c97 060fb54941ec4ee78175ce5716b185b4 - - default default] 10.0.0.13 "POST /v2.0/subnets HTTP/1.1" status: 201 len: 893 time: 0.5949602
2026-05-09 18:11:16.285 9 INFO neutron.api.wsgi [req-53431020-6735-4487-866c-ed362d4d77ee req-253707bf-3c87-4b58-9817-00a28496e7a7 3e907a99f7a547ae8920cf384578cde2 bb4e98ddf21f424e97f3918c78698640 - - default default] 10.0.0.11 "GET /v2.0/ports?device_id=1297c47d-3f34-41fc-9ab8-76081aedc72b HTTP/1.1" status: 200 len: 210 time: 0.0197349
2026-05-09 18:11:16.540 9 WARNING neutron.scheduler.dhcp_agent_scheduler [None req-92aa4a73-6572-4858-ad13-a4ca13098662 eeb06f2e737947319181263885889c97 060fb54941ec4ee78175ce5716b185b4 - - default default] No more DHCP agents
2026-05-09 18:11:16.541 10 INFO neutron.api.wsgi [-] 10.0.0.207 "GET / HTTP/1.1" status: 200 len: 247 time: 0.0037811
2026-05-09 18:11:16.542 9 WARNING neutron.api.rpc.agentnotifiers.dhcp_rpc_agent_api [None req-92aa4a73-6572-4858-ad13-a4ca13098662 eeb06f2e737947319181263885889c97 060fb54941ec4ee78175ce5716b185b4 - - default default] Unable to schedule network e3d38db2-c557-4d75-b4d3-42faced4f97f: no agents available; will retry on subsequent port and subnet creation events.
2026-05-09 18:11:16.545 10 INFO neutron.api.wsgi [-] 10.0.0.207 "GET / HTTP/1.1" status: 200 len: 247 time: 0.0025103
2026-05-09 18:11:16.660 9 INFO neutron.db.ovn_revision_numbers_db [None req-92aa4a73-6572-4858-ad13-a4ca13098662 eeb06f2e737947319181263885889c97 060fb54941ec4ee78175ce5716b185b4 - - default default] Successfully bumped revision number for resource c357b08a-b04a-411d-b68b-153bb08be597 (type: ports) to 1
2026-05-09 18:11:16.709 10 INFO neutron.api.wsgi [req-b381396a-d390-4ee2-8993-408b677e3fc4 req-800bd0c5-9e41-4b65-ba1e-13e04ac1f3a5 6d3ce188c66a4e10b82fa1afc8adf7ac 10fa3e971f3443e9b0e2c7d85ccf702b - - default default] 10.0.0.11 "GET /v2.0/ports?device_id=04a08424-941f-4a3a-a562-81444956d10d HTTP/1.1" status: 200 len: 1156 time: 0.1135607
2026-05-09 18:11:16.772 10 INFO neutron.api.wsgi [req-b381396a-d390-4ee2-8993-408b677e3fc4 req-d316a93b-be25-48ec-bf53-76de29caa3ad 6d3ce188c66a4e10b82fa1afc8adf7ac 10fa3e971f3443e9b0e2c7d85ccf702b - - default default] 10.0.0.11 "GET /v2.0/security-groups?id=3a0a10aa-79f0-4726-b001-a22260caf593&fields=id&fields=name HTTP/1.1" status: 200 len: 311 time: 0.0464509
2026-05-09 18:11:17.019 9 INFO neutron.db.ovn_revision_numbers_db [None req-d271b210-c8b1-4284-ac4f-e29a7a269ac4 eeb06f2e737947319181263885889c97 060fb54941ec4ee78175ce5716b185b4 - - default default] Successfully bumped revision number for resource 59102dae-5b31-43ac-a2c9-53b41f2177a4 (type: security_groups) to 1
2026-05-09 18:11:17.041 10 INFO neutron.db.ovn_revision_numbers_db [req-a8b67eaa-47bb-4f05-b942-9916abe03aa3 req-d75ef060-156e-4149-ae8b-40c3acd9ffa3 9b59f34a42f44b59acffada6688f4c19 eed4dfac04f141ca88fe8b718c7e9e03 - - 0ae8b721ae004486adb9c48fe559be89 0ae8b721ae004486adb9c48fe559be89] Successfully bumped revision number for resource 2242b9b2-87b5-4905-8544-920478a84418 (type: ports) to 2
2026-05-09 18:11:17.054 9 INFO neutron.db.ovn_revision_numbers_db [None req-d271b210-c8b1-4284-ac4f-e29a7a269ac4 eeb06f2e737947319181263885889c97 060fb54941ec4ee78175ce5716b185b4 - - default default] Successfully bumped revision number for resource 10755349-c2df-4784-9743-f1a61c8d435e (type: security_group_rules) to 0
2026-05-09 18:11:17.079 9 INFO neutron.db.ovn_revision_numbers_db [None req-d271b210-c8b1-4284-ac4f-e29a7a269ac4 eeb06f2e737947319181263885889c97 060fb54941ec4ee78175ce5716b185b4 - - default default] Successfully bumped revision number for resource 174e1914-cd11-43fb-80ce-a2947666bbff (type: security_group_rules) to 0
2026-05-09 18:11:17.091 9 INFO neutron.api.wsgi [req-99b7259e-035d-4911-82fc-cf6543554fa8 req-afb9f63e-59cf-4332-9cf8-725d10a398dd 3e907a99f7a547ae8920cf384578cde2 bb4e98ddf21f424e97f3918c78698640 - - default default] 199.204.45.30 "GET /v2.0/networks?id=668543f6-45e7-40d8-8d67-3b68b440ec96 HTTP/1.1" status: 200 len: 881 time: 0.0909903
2026-05-09 18:11:17.103 9 INFO neutron.db.ovn_revision_numbers_db [None req-d271b210-c8b1-4284-ac4f-e29a7a269ac4 eeb06f2e737947319181263885889c97 060fb54941ec4ee78175ce5716b185b4 - - default default] Successfully bumped revision number for resource 5555e177-8d63-48d6-ace3-5e6159177202 (type: security_group_rules) to 0
2026-05-09 18:11:17.125 9 INFO neutron.db.ovn_revision_numbers_db [None req-d271b210-c8b1-4284-ac4f-e29a7a269ac4 eeb06f2e737947319181263885889c97 060fb54941ec4ee78175ce5716b185b4 - - default default] Successfully bumped revision number for resource 5e850de3-a04c-43e6-881a-e846da059e34 (type: security_group_rules) to 0
2026-05-09 18:11:17.142 9 INFO neutron.api.wsgi [req-99b7259e-035d-4911-82fc-cf6543554fa8 req-9ba97971-2a45-4296-addf-f497ee78bc26 3e907a99f7a547ae8920cf384578cde2 bb4e98ddf21f424e97f3918c78698640 - - default default] 199.204.45.30 "GET /v2.0/security-groups?fields=id&fields=name&tenant_id=bb4e98ddf21f424e97f3918c78698640 HTTP/1.1" status: 200 len: 380 time: 0.0454199
2026-05-09 18:11:17.153 9 WARNING neutron_lib.context [req-99b7259e-035d-4911-82fc-cf6543554fa8 req-85b2f43b-8ef5-44ed-9935-d759559bb674 3e907a99f7a547ae8920cf384578cde2 bb4e98ddf21f424e97f3918c78698640 - - default default] Method 'is_advsvc' is deprecated since 2023.2 release (neutron-lib 3.8.0) and will be removed once support for the old RBAC API policies will be removed from Neutron. Please use method 'is_service_role' instead.
2026-05-09 18:11:17.212 9 INFO neutron.api.wsgi [None req-d271b210-c8b1-4284-ac4f-e29a7a269ac4 eeb06f2e737947319181263885889c97 060fb54941ec4ee78175ce5716b185b4 - - default default] 10.0.0.13 "GET /v2.0/security-groups?tenant_id=7851ae2d7296442e9b976c75dec48cd8&name=default HTTP/1.1" status: 200 len: 3120 time: 0.3812008
2026-05-09 18:11:17.297 10 INFO neutron.db.ovn_revision_numbers_db [req-a8b67eaa-47bb-4f05-b942-9916abe03aa3 req-d75ef060-156e-4149-ae8b-40c3acd9ffa3 9b59f34a42f44b59acffada6688f4c19 eed4dfac04f141ca88fe8b718c7e9e03 - - 0ae8b721ae004486adb9c48fe559be89 0ae8b721ae004486adb9c48fe559be89] Successfully bumped revision number for resource 2242b9b2-87b5-4905-8544-920478a84418 (type: ports) to 4
2026-05-09 18:11:17.317 10 INFO neutron.api.wsgi [req-a8b67eaa-47bb-4f05-b942-9916abe03aa3 req-d75ef060-156e-4149-ae8b-40c3acd9ffa3 9b59f34a42f44b59acffada6688f4c19 eed4dfac04f141ca88fe8b718c7e9e03 - - 0ae8b721ae004486adb9c48fe559be89 0ae8b721ae004486adb9c48fe559be89] 199.204.45.30 "PUT /v2.0/ports/2242b9b2-87b5-4905-8544-920478a84418 HTTP/1.1" status: 200 len: 1404 time: 0.8576536
2026-05-09 18:11:17.443 9 INFO neutron.api.wsgi [req-5284e22a-018a-4239-ad68-047eefcc0eff req-5c19f573-f49c-43b7-8ac9-0b995dda7221 3e907a99f7a547ae8920cf384578cde2 bb4e98ddf21f424e97f3918c78698640 - - default default] 10.0.0.11 "GET /v2.0/ports?device_id=1297c47d-3f34-41fc-9ab8-76081aedc72b HTTP/1.1" status: 200 len: 210 time: 0.0823660
2026-05-09 18:11:17.530 9 INFO neutron.plugins.ml2.drivers.ovn.mech_driver.ovsdb.commands [None req-00bea2ae-b9f0-4e9b-a172-5bda64969cc7 - - - - - -] Schedule LRP lrp-c357b08a-b04a-411d-b68b-153bb08be597 on gateway facc2238-7c05-4b98-a9e1-6b4ca8997d25 with priority 1
2026-05-09 18:11:17.540 10 INFO neutron.plugins.ml2.drivers.ovn.mech_driver.mech_driver [None req-7b0cc02a-66ee-444a-b5a5-a5e844251126 - - - - - -] OVN reports status up for port: c357b08a-b04a-411d-b68b-153bb08be597
2026-05-09 18:11:17.550 10 INFO neutron.plugins.ml2.plugin [None req-7b0cc02a-66ee-444a-b5a5-a5e844251126 - - - - - -] Attempt 1 to provision port c357b08a-b04a-411d-b68b-153bb08be597
2026-05-09 18:11:17.567 10 INFO neutron.plugins.ml2.drivers.ovn.mech_driver.ovsdb.ovsdb_monitor [None req-47d24363-a745-4a43-93da-7fc13c5c7677 - - - - - -] Router 948ee478-7aea-4360-ab49-55a1ad00536c is bound to host instance
2026-05-09 18:11:17.590 9 INFO neutron.db.ovn_revision_numbers_db [None req-92aa4a73-6572-4858-ad13-a4ca13098662 eeb06f2e737947319181263885889c97 060fb54941ec4ee78175ce5716b185b4 - - default default] Successfully bumped revision number for resource c357b08a-b04a-411d-b68b-153bb08be597 (type: router_ports) to 1
2026-05-09 18:11:17.676 9 INFO neutron.db.ovn_revision_numbers_db [None req-92aa4a73-6572-4858-ad13-a4ca13098662 eeb06f2e737947319181263885889c97 060fb54941ec4ee78175ce5716b185b4 - - default default] Successfully bumped revision number for resource 948ee478-7aea-4360-ab49-55a1ad00536c (type: routers) to 2
2026-05-09 18:11:17.682 9 INFO neutron.api.wsgi [None req-e2f56556-e9b8-4467-a8de-bb68df0fe75b eeb06f2e737947319181263885889c97 060fb54941ec4ee78175ce5716b185b4 - - default default] 10.0.0.13 "DELETE /v2.0/security-groups/59102dae-5b31-43ac-a2c9-53b41f2177a4 HTTP/1.1" status: 204 len: 168 time: 0.4625788
2026-05-09 18:11:17.700 9 INFO neutron.api.wsgi [None req-92aa4a73-6572-4858-ad13-a4ca13098662 eeb06f2e737947319181263885889c97 060fb54941ec4ee78175ce5716b185b4 - - default default] 10.0.0.13 "POST /v2.0/routers HTTP/1.1" status: 201 len: 1171 time: 1.5335407 /var/lib/openstack/lib/python3.12/site-packages/pycadf/identifier.py:71: UserWarning: Invalid uuid: neutron. To ensure interoperability, identifiers should be a valid uuid. warnings.warn(('Invalid uuid: %s. To ensure interoperability, '
2026-05-09 18:11:17.726 9 WARNING neutron.scheduler.dhcp_agent_scheduler [req-99b7259e-035d-4911-82fc-cf6543554fa8 req-85b2f43b-8ef5-44ed-9935-d759559bb674 3e907a99f7a547ae8920cf384578cde2 bb4e98ddf21f424e97f3918c78698640 - - default default] No more DHCP agents
2026-05-09 18:11:17.728 9 WARNING neutron.api.rpc.agentnotifiers.dhcp_rpc_agent_api [req-99b7259e-035d-4911-82fc-cf6543554fa8 req-85b2f43b-8ef5-44ed-9935-d759559bb674 3e907a99f7a547ae8920cf384578cde2 bb4e98ddf21f424e97f3918c78698640 - - default default] Unable to schedule network 668543f6-45e7-40d8-8d67-3b68b440ec96: no agents available; will retry on subsequent port and subnet creation events. /var/lib/openstack/lib/python3.12/site-packages/pycadf/identifier.py:71: UserWarning: Invalid uuid: neutron. To ensure interoperability, identifiers should be a valid uuid. warnings.warn(('Invalid uuid: %s. To ensure interoperability, '
2026-05-09 18:11:17.917 9 INFO neutron.db.ovn_revision_numbers_db [req-99b7259e-035d-4911-82fc-cf6543554fa8 req-85b2f43b-8ef5-44ed-9935-d759559bb674 3e907a99f7a547ae8920cf384578cde2 bb4e98ddf21f424e97f3918c78698640 - - default default] Successfully bumped revision number for resource bb3dc746-8d7e-4d78-93fb-1994a329b0b1 (type: ports) to 1
2026-05-09 18:11:17.931 10 INFO neutron.notifiers.nova [-] Nova event matching ['req-ad35e1ae-02d9-47f0-931e-eb636491ffbc'] response: {'name': 'network-changed', 'server_uuid': '04a08424-941f-4a3a-a562-81444956d10d', 'tag': '2242b9b2-87b5-4905-8544-920478a84418', 'status': 'completed', 'code': 200}
2026-05-09 18:11:17.950 9 INFO neutron.api.wsgi [req-99b7259e-035d-4911-82fc-cf6543554fa8 req-85b2f43b-8ef5-44ed-9935-d759559bb674 3e907a99f7a547ae8920cf384578cde2 bb4e98ddf21f424e97f3918c78698640 - - default default] 199.204.45.30 "POST /v2.0/ports HTTP/1.1" status: 201 len: 1158 time: 0.8035188
2026-05-09 18:11:17.956 9 INFO neutron.api.wsgi [req-5c33dc1e-c895-40a6-876c-57f7c106f2a5 req-e6ea560f-b119-4cfb-b7bb-64f07531306f 6d3ce188c66a4e10b82fa1afc8adf7ac 10fa3e971f3443e9b0e2c7d85ccf702b - - default default] 10.0.0.11 "GET /v2.0/ports?device_id=04a08424-941f-4a3a-a562-81444956d10d HTTP/1.1" status: 200 len: 1168 time: 0.1086867
2026-05-09 18:11:17.967 10 INFO neutron.db.ovn_revision_numbers_db [None req-c7c08deb-ec1e-4aa3-95f5-68c06ace6644 eeb06f2e737947319181263885889c97 060fb54941ec4ee78175ce5716b185b4 - - default default] Successfully bumped revision number for resource 3a04af3a-c816-443e-921f-2c63da218a11 (type: security_groups) to 1
2026-05-09 18:11:17.980 10 INFO neutron.db.ovn_revision_numbers_db [None req-cff17f7b-a4b7-42fb-99c7-ae7ceee06a10 - - - - - -] Successfully bumped revision number for resource c357b08a-b04a-411d-b68b-153bb08be597 (type: ports) to 1
2026-05-09 18:11:17.985 10 INFO neutron.db.ovn_revision_numbers_db [None req-c7c08deb-ec1e-4aa3-95f5-68c06ace6644 eeb06f2e737947319181263885889c97 060fb54941ec4ee78175ce5716b185b4 - - default default] Successfully bumped revision number for resource 15ab324c-72c8-456a-b27f-1e2c4f6eb7ab (type: security_group_rules) to 0
2026-05-09 18:11:17.998 10 INFO neutron.db.ovn_revision_numbers_db [None req-c7c08deb-ec1e-4aa3-95f5-68c06ace6644 eeb06f2e737947319181263885889c97 060fb54941ec4ee78175ce5716b185b4 - - default default] Successfully bumped revision number for resource 538ec71d-150d-411d-a9a5-2d7c5712d55e (type: security_group_rules) to 0
2026-05-09 18:11:18.015 10 INFO neutron.db.ovn_revision_numbers_db [None req-c7c08deb-ec1e-4aa3-95f5-68c06ace6644 eeb06f2e737947319181263885889c97 060fb54941ec4ee78175ce5716b185b4 - - default default] Successfully bumped revision number for resource 83ff4e08-a6bb-4c19-a007-bc0cd98b2a7f (type: security_group_rules) to 0
2026-05-09 18:11:18.030 9 INFO neutron.api.wsgi [req-5c33dc1e-c895-40a6-876c-57f7c106f2a5 req-bef07724-92d7-4695-9b4b-c2e66c5a8294 6d3ce188c66a4e10b82fa1afc8adf7ac 10fa3e971f3443e9b0e2c7d85ccf702b - - default default] 10.0.0.11 "GET /v2.0/security-groups?id=3a0a10aa-79f0-4726-b001-a22260caf593&fields=id&fields=name HTTP/1.1" status: 200 len: 311 time: 0.0663106
2026-05-09 18:11:18.030 10 INFO neutron.db.ovn_revision_numbers_db [None req-c7c08deb-ec1e-4aa3-95f5-68c06ace6644 eeb06f2e737947319181263885889c97 060fb54941ec4ee78175ce5716b185b4 - - default default] Successfully bumped revision number for resource a211c1cc-b96c-4378-a443-3399dbb36aee (type: security_group_rules) to 0
2026-05-09 18:11:18.072 10 INFO neutron.api.wsgi [None req-c7c08deb-ec1e-4aa3-95f5-68c06ace6644 eeb06f2e737947319181263885889c97 060fb54941ec4ee78175ce5716b185b4 - - default default] 10.0.0.13 "GET /v2.0/security-groups?tenant_id=45fa33c211b74955ab36fc26890cb5bc&name=default HTTP/1.1" status: 200 len: 3120 time: 0.2408264
2026-05-09 18:11:18.167 9 WARNING neutron.plugins.ml2.drivers.ovn.mech_driver.ovsdb.ovn_client [None req-14585657-30fe-4743-af78-243cae92ec5f - - - - - -] No hosting information found for port 28584ea2-b798-43b2-88d1-d6b217b7200f: RuntimeError: No hosting information found for port 28584ea2-b798-43b2-88d1-d6b217b7200f
2026-05-09 18:11:18.285 10 INFO neutron.api.wsgi [None req-f517950f-f08e-486e-8ab9-9887e0d2df97 eeb06f2e737947319181263885889c97 060fb54941ec4ee78175ce5716b185b4 - - default default] 10.0.0.13 "DELETE /v2.0/security-groups/3a04af3a-c816-443e-921f-2c63da218a11 HTTP/1.1" status: 204 len: 168 time: 0.2080176
2026-05-09 18:11:18.296 10 INFO neutron.db.ovn_revision_numbers_db [None req-cff17f7b-a4b7-42fb-99c7-ae7ceee06a10 - - - - - -] Successfully bumped revision number for resource c357b08a-b04a-411d-b68b-153bb08be597 (type: ports) to 4
2026-05-09 18:11:18.402 10 INFO neutron.api.wsgi [req-a8b67eaa-47bb-4f05-b942-9916abe03aa3 req-d48e22d2-0682-4d0f-bd4d-834516fd54a0 9b59f34a42f44b59acffada6688f4c19 eed4dfac04f141ca88fe8b718c7e9e03 - - 0ae8b721ae004486adb9c48fe559be89 0ae8b721ae004486adb9c48fe559be89] 199.204.45.30 "GET /v2.0/ports?tenant_id=10fa3e971f3443e9b0e2c7d85ccf702b&device_id=04a08424-941f-4a3a-a562-81444956d10d HTTP/1.1" status: 200 len: 1407 time: 0.0727746
2026-05-09 18:11:18.449 9 WARNING neutron.scheduler.dhcp_agent_scheduler [None req-99aae0a1-0698-4d20-abb5-d781894f3b3e eeb06f2e737947319181263885889c97 060fb54941ec4ee78175ce5716b185b4 - - default default] No more DHCP agents
2026-05-09 18:11:18.451 10 INFO neutron.api.wsgi [req-a8b67eaa-47bb-4f05-b942-9916abe03aa3 req-54d32677-9001-446a-8faa-b1b037c9bebd 9b59f34a42f44b59acffada6688f4c19 eed4dfac04f141ca88fe8b718c7e9e03 - - 0ae8b721ae004486adb9c48fe559be89 0ae8b721ae004486adb9c48fe559be89] 199.204.45.30 "GET /v2.0/floatingips?fixed_ip_address=10.100.0.3&port_id=2242b9b2-87b5-4905-8544-920478a84418 HTTP/1.1" status: 200 len: 217 time: 0.0394671
2026-05-09 18:11:18.452 9 WARNING neutron.api.rpc.agentnotifiers.dhcp_rpc_agent_api [None req-99aae0a1-0698-4d20-abb5-d781894f3b3e eeb06f2e737947319181263885889c97 060fb54941ec4ee78175ce5716b185b4 - - default default] Unable to schedule network 332a1b89-8973-42ce-8e5b-abc7dbecf2b1: no agents available; will retry on subsequent port and subnet creation events.
2026-05-09 18:11:18.473 9 INFO neutron.db.ovn_revision_numbers_db [None req-14585657-30fe-4743-af78-243cae92ec5f - - - - - -] Successfully bumped revision number for resource 28584ea2-b798-43b2-88d1-d6b217b7200f (type: router_ports) to 2
2026-05-09 18:11:18.473 9 INFO neutron.plugins.ml2.drivers.ovn.mech_driver.mech_driver [None req-14585657-30fe-4743-af78-243cae92ec5f - - - - - -] OVN reports status up for port: bf0a726f-a1cd-4fb3-844a-b256bed18b4b
2026-05-09 18:11:18.482 9 INFO neutron.plugins.ml2.plugin [None req-14585657-30fe-4743-af78-243cae92ec5f - - - - - -] Attempt 1 to provision port bf0a726f-a1cd-4fb3-844a-b256bed18b4b
2026-05-09 18:11:18.492 10 INFO neutron.api.wsgi [req-a8b67eaa-47bb-4f05-b942-9916abe03aa3 req-d1b4b913-53b8-43c1-8f0b-c912317d8305 9b59f34a42f44b59acffada6688f4c19 eed4dfac04f141ca88fe8b718c7e9e03 - - 0ae8b721ae004486adb9c48fe559be89 0ae8b721ae004486adb9c48fe559be89] 199.204.45.30 "GET /v2.0/subnets?id=b16043e0-772b-4aeb-922c-a971b7eb77e0 HTTP/1.1" status: 200 len: 887 time: 0.0368531
2026-05-09 18:11:18.552 10 INFO neutron.api.wsgi [req-a8b67eaa-47bb-4f05-b942-9916abe03aa3 req-4f783c2b-51cf-4197-b6cf-e934d72d5f8f 9b59f34a42f44b59acffada6688f4c19 eed4dfac04f141ca88fe8b718c7e9e03 - - 0ae8b721ae004486adb9c48fe559be89 0ae8b721ae004486adb9c48fe559be89] 199.204.45.30 "GET /v2.0/ports?network_id=50e02cd5-954d-4c32-ac19-ceee577a73d1&device_owner=network%3Adhcp HTTP/1.1" status: 200 len: 210 time: 0.0414617
2026-05-09 18:11:18.622 10 INFO neutron.api.wsgi [req-a8b67eaa-47bb-4f05-b942-9916abe03aa3 req-e54a1e8f-edcc-4300-8b99-497657bf50b3 9b59f34a42f44b59acffada6688f4c19 eed4dfac04f141ca88fe8b718c7e9e03 - - 0ae8b721ae004486adb9c48fe559be89 0ae8b721ae004486adb9c48fe559be89] 199.204.45.30 "GET /v2.0/networks/50e02cd5-954d-4c32-ac19-ceee577a73d1?fields=segments HTTP/1.1" status: 200 len: 212 time: 0.0648031
2026-05-09 18:11:18.645 9 INFO neutron.db.ovn_revision_numbers_db [None req-99aae0a1-0698-4d20-abb5-d781894f3b3e eeb06f2e737947319181263885889c97 060fb54941ec4ee78175ce5716b185b4 - - default default] Successfully bumped revision number for resource 2c27003a-7533-41ce-bda1-63e1501fa11f (type: ports) to 1
2026-05-09 18:11:18.649 10 INFO neutron.api.wsgi [req-9355748b-fd30-4e7d-8c3f-cef1b97e1fc6 req-f30833d7-dfa0-4430-b816-55a053b1f5da 3e907a99f7a547ae8920cf384578cde2 bb4e98ddf21f424e97f3918c78698640 - - default default] 10.0.0.11 "GET /v2.0/ports?device_id=1297c47d-3f34-41fc-9ab8-76081aedc72b HTTP/1.1" status: 200 len: 1168 time: 0.1258504
2026-05-09 18:11:18.652 9 INFO neutron.db.ovn_revision_numbers_db [req-99b7259e-035d-4911-82fc-cf6543554fa8 req-133c8d3d-2c2f-40b1-8815-9328a03975b8 9b59f34a42f44b59acffada6688f4c19 eed4dfac04f141ca88fe8b718c7e9e03 - - 0ae8b721ae004486adb9c48fe559be89 0ae8b721ae004486adb9c48fe559be89] Successfully bumped revision number for resource bb3dc746-8d7e-4d78-93fb-1994a329b0b1 (type: ports) to 2
2026-05-09 18:11:18.693 10 INFO neutron.api.wsgi [req-a8b67eaa-47bb-4f05-b942-9916abe03aa3 req-4d7c260e-ae2a-4e86-a913-32c23bafc78c 9b59f34a42f44b59acffada6688f4c19 eed4dfac04f141ca88fe8b718c7e9e03 - - 0ae8b721ae004486adb9c48fe559be89 0ae8b721ae004486adb9c48fe559be89] 199.204.45.30 "GET /v2.0/networks/50e02cd5-954d-4c32-ac19-ceee577a73d1?fields=provider%3Aphysical_network&fields=provider%3Anetwork_type HTTP/1.1" status: 200 len: 277 time: 0.0640743
2026-05-09 18:11:18.699 10 INFO neutron.api.wsgi [req-9355748b-fd30-4e7d-8c3f-cef1b97e1fc6 req-8e982a1f-6b5d-4f09-9cf1-7ef20c200cf0 3e907a99f7a547ae8920cf384578cde2 bb4e98ddf21f424e97f3918c78698640 - - default default] 10.0.0.11 "GET /v2.0/security-groups?id=76d01bd0-875f-403b-9381-c40b3cfb593b&fields=id&fields=name HTTP/1.1" status: 200 len: 313 time: 0.0429754
2026-05-09 18:11:18.786 10 INFO neutron.db.ovn_revision_numbers_db [None req-cff17f7b-a4b7-42fb-99c7-ae7ceee06a10 - - - - - -] Successfully bumped revision number for resource c357b08a-b04a-411d-b68b-153bb08be597 (type: ports) to 5
2026-05-09 18:11:19.000 9 INFO neutron.db.ovn_revision_numbers_db [req-99b7259e-035d-4911-82fc-cf6543554fa8 req-133c8d3d-2c2f-40b1-8815-9328a03975b8 9b59f34a42f44b59acffada6688f4c19 eed4dfac04f141ca88fe8b718c7e9e03 - - 0ae8b721ae004486adb9c48fe559be89 0ae8b721ae004486adb9c48fe559be89] Successfully bumped revision number for resource bb3dc746-8d7e-4d78-93fb-1994a329b0b1 (type: ports) to 4
2026-05-09 18:11:19.031 9 INFO neutron.api.wsgi [req-99b7259e-035d-4911-82fc-cf6543554fa8 req-133c8d3d-2c2f-40b1-8815-9328a03975b8 9b59f34a42f44b59acffada6688f4c19 eed4dfac04f141ca88fe8b718c7e9e03 - - 0ae8b721ae004486adb9c48fe559be89 0ae8b721ae004486adb9c48fe559be89] 199.204.45.30 "PUT /v2.0/ports/bb3dc746-8d7e-4d78-93fb-1994a329b0b1 HTTP/1.1" status: 200 len: 1404 time: 1.0723159
2026-05-09 18:11:19.100 9 INFO neutron.db.ovn_revision_numbers_db [None req-14585657-30fe-4743-af78-243cae92ec5f - - - - - -] Successfully bumped revision number for resource bf0a726f-a1cd-4fb3-844a-b256bed18b4b (type: ports) to 2 /var/lib/openstack/lib/python3.12/site-packages/pycadf/identifier.py:71: UserWarning: Invalid uuid: neutron. To ensure interoperability, identifiers should be a valid uuid. warnings.warn(('Invalid uuid: %s. To ensure interoperability, '
2026-05-09 18:11:19.150 9 INFO neutron.api.wsgi [req-4ea21e67-515d-4308-be56-70be5f08f437 req-90b690ab-e949-4b95-a2f7-5ac6974ffb3f 6d3ce188c66a4e10b82fa1afc8adf7ac 10fa3e971f3443e9b0e2c7d85ccf702b - - default default] 10.0.0.11 "GET /v2.0/ports?device_id=04a08424-941f-4a3a-a562-81444956d10d HTTP/1.1" status: 200 len: 1168 time: 0.0508311
2026-05-09 18:11:19.209 9 INFO neutron.api.wsgi [req-4ea21e67-515d-4308-be56-70be5f08f437 req-373d9e49-ac32-4f80-a3e2-906134931fa6 6d3ce188c66a4e10b82fa1afc8adf7ac 10fa3e971f3443e9b0e2c7d85ccf702b - - default default] 10.0.0.11 "GET /v2.0/security-groups?id=3a0a10aa-79f0-4726-b001-a22260caf593&fields=id&fields=name HTTP/1.1" status: 200 len: 311 time: 0.0514905
2026-05-09 18:11:19.393 9 INFO neutron.db.ovn_revision_numbers_db [None req-99aae0a1-0698-4d20-abb5-d781894f3b3e eeb06f2e737947319181263885889c97 060fb54941ec4ee78175ce5716b185b4 - - default default] Successfully bumped revision number for resource 2c27003a-7533-41ce-bda1-63e1501fa11f (type: ports) to 1
2026-05-09 18:11:19.444 9 WARNING neutron.scheduler.dhcp_agent_scheduler [None req-99aae0a1-0698-4d20-abb5-d781894f3b3e eeb06f2e737947319181263885889c97 060fb54941ec4ee78175ce5716b185b4 - - default default] No more DHCP agents
2026-05-09 18:11:19.446 9 WARNING neutron.api.rpc.agentnotifiers.dhcp_rpc_agent_api [None req-99aae0a1-0698-4d20-abb5-d781894f3b3e eeb06f2e737947319181263885889c97 060fb54941ec4ee78175ce5716b185b4 - - default default] Unable to schedule network 332a1b89-8973-42ce-8e5b-abc7dbecf2b1: no agents available; will retry on subsequent port and subnet creation events.
2026-05-09 18:11:19.561 9 INFO neutron.notifiers.nova [-] Nova event matching ['req-3f3f1d86-95c0-4ddd-bfee-119c0a345fb9'] response: {'name': 'network-changed', 'server_uuid': '1297c47d-3f34-41fc-9ab8-76081aedc72b', 'tag': 'bb3dc746-8d7e-4d78-93fb-1994a329b0b1', 'status': 'completed', 'code': 200}
2026-05-09 18:11:19.755 9 INFO neutron.api.wsgi [req-55eb754f-bb47-4999-a4ec-24195e79b55a req-9b277036-94cf-445a-9c8c-2bea620d74cb 9b59f34a42f44b59acffada6688f4c19 eed4dfac04f141ca88fe8b718c7e9e03 - - 0ae8b721ae004486adb9c48fe559be89 0ae8b721ae004486adb9c48fe559be89] 199.204.45.30 "GET /v2.0/ports?tenant_id=10fa3e971f3443e9b0e2c7d85ccf702b&device_id=04a08424-941f-4a3a-a562-81444956d10d HTTP/1.1" status: 200 len: 1407 time: 0.0490904
2026-05-09 18:11:19.850 9 INFO neutron.api.wsgi [req-55eb754f-bb47-4999-a4ec-24195e79b55a req-d547fb87-74ec-412f-877f-e3c4dfd01bf0 9b59f34a42f44b59acffada6688f4c19 eed4dfac04f141ca88fe8b718c7e9e03 - - 0ae8b721ae004486adb9c48fe559be89 0ae8b721ae004486adb9c48fe559be89] 199.204.45.30 "GET /v2.0/networks?id=50e02cd5-954d-4c32-ac19-ceee577a73d1 HTTP/1.1" status: 200 len: 968 time: 0.0651369
2026-05-09 18:11:19.864 9 INFO neutron.api.wsgi [req-3fc386d7-1c7b-4530-9959-a3823e775365 req-bae00589-f1c4-4d6e-84d7-ef11c35655b2 3e907a99f7a547ae8920cf384578cde2 bb4e98ddf21f424e97f3918c78698640 - - default default] 10.0.0.11 "GET /v2.0/ports?device_id=1297c47d-3f34-41fc-9ab8-76081aedc72b HTTP/1.1" status: 200 len: 1168 time: 0.1077127
2026-05-09 18:11:19.896 9 INFO neutron.api.wsgi [req-55eb754f-bb47-4999-a4ec-24195e79b55a req-0708781f-7e52-4be1-bd3a-e2f70067670b 9b59f34a42f44b59acffada6688f4c19 eed4dfac04f141ca88fe8b718c7e9e03 - - 0ae8b721ae004486adb9c48fe559be89 0ae8b721ae004486adb9c48fe559be89] 199.204.45.30 "GET /v2.0/floatingips?fixed_ip_address=10.100.0.3&port_id=2242b9b2-87b5-4905-8544-920478a84418 HTTP/1.1" status: 200 len: 217 time: 0.0308003
2026-05-09 18:11:19.940 9 INFO neutron.api.wsgi [req-3fc386d7-1c7b-4530-9959-a3823e775365 req-1b30f988-6025-421d-acee-5c7d444ae2b5 3e907a99f7a547ae8920cf384578cde2 bb4e98ddf21f424e97f3918c78698640 - - default default] 10.0.0.11 "GET /v2.0/security-groups?id=76d01bd0-875f-403b-9381-c40b3cfb593b&fields=id&fields=name HTTP/1.1" status: 200 len: 313 time: 0.0577376
2026-05-09 18:11:19.949 9 INFO neutron.api.wsgi [req-55eb754f-bb47-4999-a4ec-24195e79b55a req-9280f3b7-7f1e-4dee-9375-201ee508d244 9b59f34a42f44b59acffada6688f4c19 eed4dfac04f141ca88fe8b718c7e9e03 - - 0ae8b721ae004486adb9c48fe559be89 0ae8b721ae004486adb9c48fe559be89] 199.204.45.30 "GET /v2.0/subnets?id=b16043e0-772b-4aeb-922c-a971b7eb77e0 HTTP/1.1" status: 200 len: 887 time: 0.0400698
2026-05-09 18:11:19.997 9 INFO neutron.api.wsgi [req-55eb754f-bb47-4999-a4ec-24195e79b55a req-8c8e2e85-43c9-48cb-a11e-b412202e7649 9b59f34a42f44b59acffada6688f4c19 eed4dfac04f141ca88fe8b718c7e9e03 - - 0ae8b721ae004486adb9c48fe559be89 0ae8b721ae004486adb9c48fe559be89] 199.204.45.30 "GET /v2.0/ports?network_id=50e02cd5-954d-4c32-ac19-ceee577a73d1&device_owner=network%3Adhcp HTTP/1.1" status: 200 len: 210 time: 0.0383039
2026-05-09 18:11:20.046 9 INFO neutron.api.wsgi [req-55eb754f-bb47-4999-a4ec-24195e79b55a req-bef05d13-6476-475b-ac43-d43fe4828597 9b59f34a42f44b59acffada6688f4c19 eed4dfac04f141ca88fe8b718c7e9e03 - - 0ae8b721ae004486adb9c48fe559be89 0ae8b721ae004486adb9c48fe559be89] 199.204.45.30 "GET /v2.0/networks/50e02cd5-954d-4c32-ac19-ceee577a73d1?fields=segments HTTP/1.1" status: 200 len: 212 time: 0.0440652
2026-05-09 18:11:20.106 9 INFO neutron.api.wsgi [req-55eb754f-bb47-4999-a4ec-24195e79b55a req-dd25f9c2-38ba-498f-b3ac-112bdeab7ece 9b59f34a42f44b59acffada6688f4c19 eed4dfac04f141ca88fe8b718c7e9e03 - - 0ae8b721ae004486adb9c48fe559be89 0ae8b721ae004486adb9c48fe559be89] 199.204.45.30 "GET /v2.0/networks/50e02cd5-954d-4c32-ac19-ceee577a73d1?fields=provider%3Aphysical_network&fields=provider%3Anetwork_type HTTP/1.1" status: 200 len: 277 time: 0.0551140
2026-05-09 18:11:20.228 10 INFO neutron.api.wsgi [req-99b7259e-035d-4911-82fc-cf6543554fa8 req-348d430a-51ee-4733-b546-16b4b7730192 9b59f34a42f44b59acffada6688f4c19 eed4dfac04f141ca88fe8b718c7e9e03 - - 0ae8b721ae004486adb9c48fe559be89 0ae8b721ae004486adb9c48fe559be89] 199.204.45.30 "GET /v2.0/ports?tenant_id=bb4e98ddf21f424e97f3918c78698640&device_id=1297c47d-3f34-41fc-9ab8-76081aedc72b HTTP/1.1" status: 200 len: 1407 time: 0.1782176
2026-05-09 18:11:20.234 9 INFO neutron.db.ovn_revision_numbers_db [None req-99aae0a1-0698-4d20-abb5-d781894f3b3e eeb06f2e737947319181263885889c97 060fb54941ec4ee78175ce5716b185b4 - - default default] Successfully bumped revision number for resource 2c27003a-7533-41ce-bda1-63e1501fa11f (type: router_ports) to 1
2026-05-09 18:11:20.239 9 INFO neutron.api.wsgi [None req-99aae0a1-0698-4d20-abb5-d781894f3b3e eeb06f2e737947319181263885889c97 060fb54941ec4ee78175ce5716b185b4 - - default default] 10.0.0.13 "PUT /v2.0/routers/948ee478-7aea-4360-ab49-55a1ad00536c/add_router_interface HTTP/1.1" status: 200 len: 503 time: 2.5288329
2026-05-09 18:11:20.249 10 INFO neutron.api.wsgi [req-99b7259e-035d-4911-82fc-cf6543554fa8 req-ef9ba246-6cb3-4057-97a5-76eb09c5d160 9b59f34a42f44b59acffada6688f4c19 eed4dfac04f141ca88fe8b718c7e9e03 - - 0ae8b721ae004486adb9c48fe559be89 0ae8b721ae004486adb9c48fe559be89] 199.204.45.30 "GET /v2.0/floatingips?fixed_ip_address=10.100.0.4&port_id=bb3dc746-8d7e-4d78-93fb-1994a329b0b1 HTTP/1.1" status: 200 len: 217 time: 0.0159895
2026-05-09 18:11:20.290 10 INFO neutron.api.wsgi [req-99b7259e-035d-4911-82fc-cf6543554fa8 req-31adb09b-730f-4307-804d-f2f555f06800 9b59f34a42f44b59acffada6688f4c19 eed4dfac04f141ca88fe8b718c7e9e03 - - 0ae8b721ae004486adb9c48fe559be89 0ae8b721ae004486adb9c48fe559be89] 199.204.45.30 "GET /v2.0/subnets?id=bfeaf146-da2d-4769-bb50-aa31eba1d854 HTTP/1.1" status: 200 len: 899 time: 0.0336759
2026-05-09 18:11:20.298 10 INFO neutron.api.wsgi [req-02989db2-1e5c-4fe6-83a4-08e874fe5400 req-734399ca-a68e-485f-91dc-26a9d336719c 6d3ce188c66a4e10b82fa1afc8adf7ac 10fa3e971f3443e9b0e2c7d85ccf702b - - default default] 10.0.0.11 "GET /v2.0/ports?device_id=04a08424-941f-4a3a-a562-81444956d10d HTTP/1.1" status: 200 len: 1168 time: 0.0313439
2026-05-09 18:11:20.312 10 INFO neutron.api.wsgi [req-99b7259e-035d-4911-82fc-cf6543554fa8 req-bab88809-6ab0-4cba-a3f6-7e7576c08db7 9b59f34a42f44b59acffada6688f4c19 eed4dfac04f141ca88fe8b718c7e9e03 - - 0ae8b721ae004486adb9c48fe559be89 0ae8b721ae004486adb9c48fe559be89] 199.204.45.30 "GET /v2.0/ports?network_id=668543f6-45e7-40d8-8d67-3b68b440ec96&device_owner=network%3Adhcp HTTP/1.1" status: 200 len: 210 time: 0.0141954
2026-05-09 18:11:20.339 10 INFO neutron.api.wsgi [req-02989db2-1e5c-4fe6-83a4-08e874fe5400 req-d0880be8-edff-425f-b4bf-d7ca18d0f9c0 6d3ce188c66a4e10b82fa1afc8adf7ac 10fa3e971f3443e9b0e2c7d85ccf702b - - default default] 10.0.0.11 "GET /v2.0/security-groups?id=3a0a10aa-79f0-4726-b001-a22260caf593&fields=id&fields=name HTTP/1.1" status: 200 len: 311 time: 0.0353663
2026-05-09 18:11:20.356 10 INFO neutron.api.wsgi [req-99b7259e-035d-4911-82fc-cf6543554fa8 req-521dd69f-022e-479d-b38d-b973a0726c4c 9b59f34a42f44b59acffada6688f4c19 eed4dfac04f141ca88fe8b718c7e9e03 - - 0ae8b721ae004486adb9c48fe559be89 0ae8b721ae004486adb9c48fe559be89] 199.204.45.30 "GET /v2.0/networks/668543f6-45e7-40d8-8d67-3b68b440ec96?fields=segments HTTP/1.1" status: 200 len: 212 time: 0.0370460
2026-05-09 18:11:20.402 10 INFO neutron.api.wsgi [req-99b7259e-035d-4911-82fc-cf6543554fa8 req-c6eeb8c9-0b86-4b82-8ffd-abc5daee53b7 9b59f34a42f44b59acffada6688f4c19 eed4dfac04f141ca88fe8b718c7e9e03 - - 0ae8b721ae004486adb9c48fe559be89 0ae8b721ae004486adb9c48fe559be89] 199.204.45.30 "GET /v2.0/networks/668543f6-45e7-40d8-8d67-3b68b440ec96?fields=provider%3Aphysical_network&fields=provider%3Anetwork_type HTTP/1.1" status: 200 len: 277 time: 0.0381422
2026-05-09 18:11:21.034 10 INFO neutron.api.wsgi [req-f10d5bb2-1fde-4f1c-a257-87a28ade9173 req-82957e97-2943-4338-b947-d5602229b482 3e907a99f7a547ae8920cf384578cde2 bb4e98ddf21f424e97f3918c78698640 - - default default] 10.0.0.11 "GET /v2.0/ports?device_id=1297c47d-3f34-41fc-9ab8-76081aedc72b HTTP/1.1" status: 200 len: 1168 time: 0.0307813
2026-05-09 18:11:21.072 10 INFO neutron.api.wsgi [req-f10d5bb2-1fde-4f1c-a257-87a28ade9173 req-a19640cd-062e-4515-8ee4-d1ea9677645e 3e907a99f7a547ae8920cf384578cde2 bb4e98ddf21f424e97f3918c78698640 - - default default] 10.0.0.11 "GET /v2.0/security-groups?id=76d01bd0-875f-403b-9381-c40b3cfb593b&fields=id&fields=name HTTP/1.1" status: 200 len: 313 time: 0.0322769
2026-05-09 18:11:21.196 9 WARNING neutron_lib.context [None req-8d23ecc4-8ad5-435e-9559-b3533b5db7a3 4f58cfedb2234b3fb12f2ea86ca4d94a c76cda61b9fb49b2b83ade76c98f229b - - default default] Method 'is_advsvc' is deprecated since 2023.2 release (neutron-lib 3.8.0) and will be removed once support for the old RBAC API policies will be removed from Neutron. Please use method 'is_service_role' instead.
2026-05-09 18:11:21.379 9 INFO neutron.db.ovn_revision_numbers_db [None req-8d23ecc4-8ad5-435e-9559-b3533b5db7a3 4f58cfedb2234b3fb12f2ea86ca4d94a c76cda61b9fb49b2b83ade76c98f229b - - default default] Successfully bumped revision number for resource be07f989-8ee5-4ffa-86cc-c27675aea294 (type: security_groups) to 1
2026-05-09 18:11:21.395 9 INFO neutron.db.ovn_revision_numbers_db [None req-8d23ecc4-8ad5-435e-9559-b3533b5db7a3 4f58cfedb2234b3fb12f2ea86ca4d94a c76cda61b9fb49b2b83ade76c98f229b - - default default] Successfully bumped revision number for resource d06878df-0a4d-41b1-99ce-213cd36071e0 (type: security_group_rules) to 0
2026-05-09 18:11:21.427 9 INFO neutron.db.ovn_revision_numbers_db [None req-8d23ecc4-8ad5-435e-9559-b3533b5db7a3 4f58cfedb2234b3fb12f2ea86ca4d94a c76cda61b9fb49b2b83ade76c98f229b - - default default] Successfully bumped revision number for resource f10e552a-dc02-4d19-b964-d34444c75889 (type: security_group_rules) to 0
2026-05-09 18:11:21.454 10 INFO neutron.api.wsgi [req-ff6f7dfe-54c3-4451-b1d2-516857917fc4 req-659d0ffb-d257-4551-a1e2-0f25af97d138 9b59f34a42f44b59acffada6688f4c19 eed4dfac04f141ca88fe8b718c7e9e03 - - 0ae8b721ae004486adb9c48fe559be89 0ae8b721ae004486adb9c48fe559be89] 199.204.45.30 "GET /v2.0/ports?tenant_id=bb4e98ddf21f424e97f3918c78698640&device_id=1297c47d-3f34-41fc-9ab8-76081aedc72b HTTP/1.1" status: 200 len: 1407 time: 0.0342436
2026-05-09 18:11:21.458 10 INFO neutron.api.wsgi [req-b5dacc92-a589-44cf-93da-241c8ef01c39 req-15873269-6b9a-430d-81c9-9a684a5d9350 6d3ce188c66a4e10b82fa1afc8adf7ac 10fa3e971f3443e9b0e2c7d85ccf702b - - default default] 10.0.0.11 "GET /v2.0/ports?device_id=04a08424-941f-4a3a-a562-81444956d10d HTTP/1.1" status: 200 len: 1168 time: 0.0663447
2026-05-09 18:11:21.468 9 INFO neutron.api.wsgi [None req-8d23ecc4-8ad5-435e-9559-b3533b5db7a3 4f58cfedb2234b3fb12f2ea86ca4d94a c76cda61b9fb49b2b83ade76c98f229b - - default default] 10.0.0.13 "POST /v2.0/security-groups HTTP/1.1" status: 201 len: 1859 time: 0.2764680
