2026-05-09 18:11:43.857 7 INFO placement.requestlog [None req-d5e3baa9-f506-4cfb-9c4d-d3c018e8e9ec - - - - - -] 10.0.0.207 "GET /" status: 200 len: 136 microversion: 1.0
2026-05-09 18:11:45.821 8 INFO placement.requestlog [None req-62de41a6-93bd-4fb6-ae88-e38812606961 9b59f34a42f44b59acffada6688f4c19 eed4dfac04f141ca88fe8b718c7e9e03 - - 0ae8b721ae004486adb9c48fe559be89 0ae8b721ae004486adb9c48fe559be89] 10.0.0.126 "GET /resource_providers/f0bdd60d-8d88-4dc9-9407-b88d6dbbe628/aggregates" status: 404 len: 235 microversion: 1.1 [pid: 8|app: 0|req: 355/705] 10.0.0.126 () {32 vars in 824 bytes} [Sat May 9 18:11:45 2026] GET /resource_providers/f0bdd60d-8d88-4dc9-9407-b88d6dbbe628/aggregates => generated 235 bytes in 11 msecs (HTTP/1.1 404) 5 headers in 202 bytes (1 switches on core 0)
2026-05-09 18:11:45.824 7 INFO placement.requestlog [None req-f4bdebac-28f2-40b6-b931-b82cd78e0c29 9b59f34a42f44b59acffada6688f4c19 eed4dfac04f141ca88fe8b718c7e9e03 - - 0ae8b721ae004486adb9c48fe559be89 0ae8b721ae004486adb9c48fe559be89] 10.0.0.126 "GET /resource_providers/f0bdd60d-8d88-4dc9-9407-b88d6dbbe628/aggregates" status: 404 len: 235 microversion: 1.1 [pid: 7|app: 0|req: 351/706] 10.0.0.126 () {32 vars in 824 bytes} [Sat May 9 18:11:45 2026] GET /resource_providers/f0bdd60d-8d88-4dc9-9407-b88d6dbbe628/aggregates => generated 235 bytes in 14 msecs (HTTP/1.1 404) 5 headers in 202 bytes (1 switches on core 0)
2026-05-09 18:11:45.833 8 INFO placement.requestlog [None req-84bfb4f5-1821-4466-ab81-8105db53039c 9b59f34a42f44b59acffada6688f4c19 eed4dfac04f141ca88fe8b718c7e9e03 - - 0ae8b721ae004486adb9c48fe559be89 0ae8b721ae004486adb9c48fe559be89] 10.0.0.126 "DELETE /resource_providers/f0bdd60d-8d88-4dc9-9407-b88d6dbbe628" status: 404 len: 246 microversion: 1.1 [pid: 8|app: 0|req: 356/707] 10.0.0.126 () {34 vars in 824 bytes} [Sat May 9 18:11:45 2026] DELETE /resource_providers/f0bdd60d-8d88-4dc9-9407-b88d6dbbe628 => generated 246 bytes in 7 msecs (HTTP/1.1 404) 6 headers in 231 bytes (1 switches on core 0)
2026-05-09 18:11:45.846 7 INFO placement.requestlog [None req-88e2b204-1a63-4fc3-b578-8e7421fbb3ed 9b59f34a42f44b59acffada6688f4c19 eed4dfac04f141ca88fe8b718c7e9e03 - - 0ae8b721ae004486adb9c48fe559be89 0ae8b721ae004486adb9c48fe559be89] 10.0.0.126 "DELETE /resource_providers/f0bdd60d-8d88-4dc9-9407-b88d6dbbe628" status: 404 len: 246 microversion: 1.1 [pid: 7|app: 0|req: 352/708] 10.0.0.126 () {34 vars in 824 bytes} [Sat May 9 18:11:45 2026] DELETE /resource_providers/f0bdd60d-8d88-4dc9-9407-b88d6dbbe628 => generated 246 bytes in 14 msecs (HTTP/1.1 404) 6 headers in 231 bytes (1 switches on core 0)
2026-05-09 18:11:48.287 8 INFO placement.requestlog [None req-a20e9e25-3faa-4a33-8a3a-0558f64375f9 9b59f34a42f44b59acffada6688f4c19 eed4dfac04f141ca88fe8b718c7e9e03 - - 0ae8b721ae004486adb9c48fe559be89 0ae8b721ae004486adb9c48fe559be89] 10.0.0.126 "GET /resource_providers/7a9f2ae1-600d-49a9-9ab6-122bb33d14e5/aggregates" status: 404 len: 235 microversion: 1.1
2026-05-09 18:11:48.287 7 INFO placement.requestlog [None req-15bbd374-418c-422b-8d25-7c372d8c12a1 9b59f34a42f44b59acffada6688f4c19 eed4dfac04f141ca88fe8b718c7e9e03 - - 0ae8b721ae004486adb9c48fe559be89 0ae8b721ae004486adb9c48fe559be89] 10.0.0.126 "GET /resource_providers/7a9f2ae1-600d-49a9-9ab6-122bb33d14e5/aggregates" status: 404 len: 235 microversion: 1.1 [pid: 8|app: 0|req: 357/709] 10.0.0.126 () {32 vars in 824 bytes} [Sat May 9 18:11:48 2026] GET /resource_providers/7a9f2ae1-600d-49a9-9ab6-122bb33d14e5/aggregates => generated 235 bytes in 11 msecs (HTTP/1.1 404) 5 headers in 202 bytes (1 switches on core 0) [pid: 7|app: 0|req: 353/710] 10.0.0.126 () {32 vars in 824 bytes} [Sat May 9 18:11:48 2026] GET /resource_providers/7a9f2ae1-600d-49a9-9ab6-122bb33d14e5/aggregates => generated 235 bytes in 11 msecs (HTTP/1.1 404) 5 headers in 202 bytes (1 switches on core 0)
2026-05-09 18:11:48.303 7 INFO placement.requestlog [None req-08d43f8d-17e4-4836-8959-b78feff1bdaa 9b59f34a42f44b59acffada6688f4c19 eed4dfac04f141ca88fe8b718c7e9e03 - - 0ae8b721ae004486adb9c48fe559be89 0ae8b721ae004486adb9c48fe559be89] 10.0.0.126 "DELETE /resource_providers/7a9f2ae1-600d-49a9-9ab6-122bb33d14e5" status: 404 len: 246 microversion: 1.1 [pid: 7|app: 0|req: 354/711] 10.0.0.126 () {34 vars in 824 bytes} [Sat May 9 18:11:48 2026] DELETE /resource_providers/7a9f2ae1-600d-49a9-9ab6-122bb33d14e5 => generated 246 bytes in 8 msecs (HTTP/1.1 404) 6 headers in 231 bytes (1 switches on core 0)
2026-05-09 18:11:48.305 8 INFO placement.requestlog [None req-3bb06f90-a370-4142-b22c-73f99a9f2c0a 9b59f34a42f44b59acffada6688f4c19 eed4dfac04f141ca88fe8b718c7e9e03 - - 0ae8b721ae004486adb9c48fe559be89 0ae8b721ae004486adb9c48fe559be89] 10.0.0.126 "DELETE /resource_providers/7a9f2ae1-600d-49a9-9ab6-122bb33d14e5" status: 404 len: 246 microversion: 1.1 [pid: 8|app: 0|req: 358/712] 10.0.0.126 () {34 vars in 824 bytes} [Sat May 9 18:11:48 2026] DELETE /resource_providers/7a9f2ae1-600d-49a9-9ab6-122bb33d14e5 => generated 246 bytes in 9 msecs (HTTP/1.1 404) 6 headers in 231 bytes (1 switches on core 0)
2026-05-09 18:11:49.083 7 INFO placement.requestlog [req-5d6da905-ca8a-445b-9974-8b403b557e34 req-e18d497e-f1e3-4a12-b8d3-e35379b1c522 7f30780e8d1a410c88eb28e01f03c0f0 eed4dfac04f141ca88fe8b718c7e9e03 - - 0ae8b721ae004486adb9c48fe559be89 0ae8b721ae004486adb9c48fe559be89] 199.204.45.30 "GET /resource_providers/e039bda1-9606-4654-8f70-74180625fbd3/allocations" status: 200 len: 238 microversion: 1.0 [pid: 7|app: 0|req: 355/713] 199.204.45.30 () {32 vars in 855 bytes} [Sat May 9 18:11:49 2026] GET /resource_providers/e039bda1-9606-4654-8f70-74180625fbd3/allocations => generated 238 bytes in 24 msecs (HTTP/1.1 200) 6 headers in 224 bytes (1 switches on core 0)
2026-05-09 18:11:49.104 8 INFO placement.requestlog [req-5d6da905-ca8a-445b-9974-8b403b557e34 req-8f8b2bdb-f030-41b5-865b-65f34c5fdaf9 7f30780e8d1a410c88eb28e01f03c0f0 eed4dfac04f141ca88fe8b718c7e9e03 - - 0ae8b721ae004486adb9c48fe559be89 0ae8b721ae004486adb9c48fe559be89] 199.204.45.30 "GET /allocations/543147aa-64ef-4747-8ebc-9c46c299e77e" status: 200 len: 243 microversion: 1.28 [pid: 8|app: 0|req: 359/714] 199.204.45.30 () {34 vars in 861 bytes} [Sat May 9 18:11:49 2026] GET /allocations/543147aa-64ef-4747-8ebc-9c46c299e77e => generated 243 bytes in 13 msecs (HTTP/1.1 200) 8 headers in 296 bytes (1 switches on core 0)
2026-05-09 18:11:49.130 7 INFO placement.requestlog [req-5d6da905-ca8a-445b-9974-8b403b557e34 req-a8d53ba0-be47-4e18-95e6-86b04a003afe 7f30780e8d1a410c88eb28e01f03c0f0 eed4dfac04f141ca88fe8b718c7e9e03 - - 0ae8b721ae004486adb9c48fe559be89 0ae8b721ae004486adb9c48fe559be89] 199.204.45.30 "GET /allocations/1297c47d-3f34-41fc-9ab8-76081aedc72b" status: 200 len: 257 microversion: 1.28 [pid: 7|app: 0|req: 356/715] 199.204.45.30 () {34 vars in 861 bytes} [Sat May 9 18:11:49 2026] GET /allocations/1297c47d-3f34-41fc-9ab8-76081aedc72b => generated 257 bytes in 20 msecs (HTTP/1.1 200) 8 headers in 296 bytes (1 switches on core 0)
2026-05-09 18:11:49.515 8 INFO placement.requestlog [req-01942df3-4de6-43d4-b082-cd500b354d38 req-776f31f9-a9b0-48f9-baa8-41d4bb3eac52 7f30780e8d1a410c88eb28e01f03c0f0 eed4dfac04f141ca88fe8b718c7e9e03 - - 0ae8b721ae004486adb9c48fe559be89 0ae8b721ae004486adb9c48fe559be89] 10.0.0.2 "GET /allocation_candidates?limit=1000&resources=DISK_GB%3A1%2CMEMORY_MB%3A512%2CVCPU%3A1&root_required=%21COMPUTE_STATUS_DISABLED" status: 200 len: 2387 microversion: 1.36 [pid: 8|app: 0|req: 360/716] 10.0.0.2 () {34 vars in 1009 bytes} [Sat May 9 18:11:49 2026] GET /allocation_candidates?limit=1000&resources=DISK_GB%3A1%2CMEMORY_MB%3A512%2CVCPU%3A1&root_required=%21COMPUTE_STATUS_DISABLED => generated 2387 bytes in 48 msecs (HTTP/1.1 200) 8 headers in 297 bytes (1 switches on core 0)
2026-05-09 18:11:49.552 7 INFO placement.requestlog [req-01942df3-4de6-43d4-b082-cd500b354d38 req-560a33ef-89ed-432b-82b3-4bd19ce4d21a 7f30780e8d1a410c88eb28e01f03c0f0 eed4dfac04f141ca88fe8b718c7e9e03 - - 0ae8b721ae004486adb9c48fe559be89 0ae8b721ae004486adb9c48fe559be89] 10.0.0.2 "GET /allocations/552f4470-e04c-4c27-8821-3b400a6f4ca7" status: 200 len: 19 microversion: 1.28 [pid: 7|app: 0|req: 357/717] 10.0.0.2 () {34 vars in 858 bytes} [Sat May 9 18:11:49 2026] GET /allocations/552f4470-e04c-4c27-8821-3b400a6f4ca7 => generated 19 bytes in 10 msecs (HTTP/1.1 200) 8 headers in 295 bytes (1 switches on core 0)
2026-05-09 18:11:49.629 8 INFO placement.requestlog [req-01942df3-4de6-43d4-b082-cd500b354d38 req-a89dd5ac-36f6-47fe-8098-870e1841915a 7f30780e8d1a410c88eb28e01f03c0f0 eed4dfac04f141ca88fe8b718c7e9e03 - - 0ae8b721ae004486adb9c48fe559be89 0ae8b721ae004486adb9c48fe559be89] 10.0.0.2 "PUT /allocations/552f4470-e04c-4c27-8821-3b400a6f4ca7" status: 204 len: 0 microversion: 1.36 [pid: 8|app: 0|req: 361/718] 10.0.0.2 () {38 vars in 911 bytes} [Sat May 9 18:11:49 2026] PUT /allocations/552f4470-e04c-4c27-8821-3b400a6f4ca7 => generated 0 bytes in 71 msecs (HTTP/1.1 204) 5 headers in 199 bytes (1 switches on core 0)
2026-05-09 18:11:50.185 7 INFO placement.requestlog [req-5d6da905-ca8a-445b-9974-8b403b557e34 req-1a07c8bf-7c24-44ad-b038-62aab019093f 7f30780e8d1a410c88eb28e01f03c0f0 eed4dfac04f141ca88fe8b718c7e9e03 - - 0ae8b721ae004486adb9c48fe559be89 0ae8b721ae004486adb9c48fe559be89] 199.204.45.30 "DELETE /allocations/1297c47d-3f34-41fc-9ab8-76081aedc72b" status: 204 len: 0 microversion: 1.0 [pid: 7|app: 0|req: 358/719] 199.204.45.30 () {34 vars in 839 bytes} [Sat May 9 18:11:50 2026] DELETE /allocations/1297c47d-3f34-41fc-9ab8-76081aedc72b => generated 0 bytes in 23 msecs (HTTP/1.1 204) 5 headers in 198 bytes (1 switches on core 0)
2026-05-09 18:11:50.220 8 INFO placement.requestlog [req-43c838f5-1b1d-44de-9990-705becc9f2ae req-eb2d0bdf-35ea-431a-ad3c-a309a5669e50 7f30780e8d1a410c88eb28e01f03c0f0 eed4dfac04f141ca88fe8b718c7e9e03 - - 0ae8b721ae004486adb9c48fe559be89 0ae8b721ae004486adb9c48fe559be89] 199.204.45.30 "GET /resource_providers/e039bda1-9606-4654-8f70-74180625fbd3/allocations" status: 200 len: 238 microversion: 1.0 [pid: 8|app: 0|req: 362/720] 199.204.45.30 () {32 vars in 855 bytes} [Sat May 9 18:11:50 2026] GET /resource_providers/e039bda1-9606-4654-8f70-74180625fbd3/allocations => generated 238 bytes in 16 msecs (HTTP/1.1 200) 6 headers in 224 bytes (1 switches on core 0)
2026-05-09 18:11:50.237 7 INFO placement.requestlog [req-43c838f5-1b1d-44de-9990-705becc9f2ae req-eca06a33-e581-4fe2-afd9-19152b2bd57b 7f30780e8d1a410c88eb28e01f03c0f0 eed4dfac04f141ca88fe8b718c7e9e03 - - 0ae8b721ae004486adb9c48fe559be89 0ae8b721ae004486adb9c48fe559be89] 199.204.45.30 "GET /allocations/552f4470-e04c-4c27-8821-3b400a6f4ca7" status: 200 len: 257 microversion: 1.28 [pid: 7|app: 0|req: 359/721] 199.204.45.30 () {34 vars in 861 bytes} [Sat May 9 18:11:50 2026] GET /allocations/552f4470-e04c-4c27-8821-3b400a6f4ca7 => generated 257 bytes in 10 msecs (HTTP/1.1 200) 8 headers in 296 bytes (1 switches on core 0)
2026-05-09 18:11:50.257 8 INFO placement.requestlog [req-43c838f5-1b1d-44de-9990-705becc9f2ae req-13f26ace-452b-48c0-adb5-65034d8e55c8 7f30780e8d1a410c88eb28e01f03c0f0 eed4dfac04f141ca88fe8b718c7e9e03 - - 0ae8b721ae004486adb9c48fe559be89 0ae8b721ae004486adb9c48fe559be89] 199.204.45.30 "GET /allocations/543147aa-64ef-4747-8ebc-9c46c299e77e" status: 200 len: 243 microversion: 1.28 [pid: 8|app: 0|req: 363/722] 199.204.45.30 () {34 vars in 861 bytes} [Sat May 9 18:11:50 2026] GET /allocations/543147aa-64ef-4747-8ebc-9c46c299e77e => generated 243 bytes in 13 msecs (HTTP/1.1 200) 8 headers in 296 bytes (1 switches on core 0)
2026-05-09 18:11:51.093 7 INFO placement.requestlog [req-01942df3-4de6-43d4-b082-cd500b354d38 req-1a661c18-309c-491b-b189-f0ba6ff8bf0e 7f30780e8d1a410c88eb28e01f03c0f0 eed4dfac04f141ca88fe8b718c7e9e03 - - 0ae8b721ae004486adb9c48fe559be89 0ae8b721ae004486adb9c48fe559be89] 199.204.45.30 "GET /allocations/552f4470-e04c-4c27-8821-3b400a6f4ca7" status: 200 len: 257 microversion: 1.28 [pid: 7|app: 0|req: 360/723] 199.204.45.30 () {34 vars in 861 bytes} [Sat May 9 18:11:51 2026] GET /allocations/552f4470-e04c-4c27-8821-3b400a6f4ca7 => generated 257 bytes in 13 msecs (HTTP/1.1 200) 8 headers in 296 bytes (1 switches on core 0)
2026-05-09 18:11:51.304 8 INFO placement.requestlog [req-43c838f5-1b1d-44de-9990-705becc9f2ae req-eb7492bd-781d-4953-a52c-f5b48e9d2999 7f30780e8d1a410c88eb28e01f03c0f0 eed4dfac04f141ca88fe8b718c7e9e03 - - 0ae8b721ae004486adb9c48fe559be89 0ae8b721ae004486adb9c48fe559be89] 199.204.45.30 "DELETE /allocations/543147aa-64ef-4747-8ebc-9c46c299e77e" status: 204 len: 0 microversion: 1.0 [pid: 8|app: 0|req: 364/724] 199.204.45.30 () {34 vars in 839 bytes} [Sat May 9 18:11:51 2026] DELETE /allocations/543147aa-64ef-4747-8ebc-9c46c299e77e => generated 0 bytes in 21 msecs (HTTP/1.1 204) 5 headers in 198 bytes (1 switches on core 0)
2026-05-09 18:11:52.312 7 INFO placement.requestlog [req-01942df3-4de6-43d4-b082-cd500b354d38 req-9da0d4b4-6dd9-45c7-8f62-5e8f1bab4998 7f30780e8d1a410c88eb28e01f03c0f0 eed4dfac04f141ca88fe8b718c7e9e03 - - 0ae8b721ae004486adb9c48fe559be89 0ae8b721ae004486adb9c48fe559be89] 199.204.45.30 "GET /resource_providers/e039bda1-9606-4654-8f70-74180625fbd3/allocations" status: 200 len: 152 microversion: 1.0 [pid: 7|app: 0|req: 361/725] 199.204.45.30 () {32 vars in 855 bytes} [Sat May 9 18:11:52 2026] GET /resource_providers/e039bda1-9606-4654-8f70-74180625fbd3/allocations => generated 152 bytes in 13 msecs (HTTP/1.1 200) 6 headers in 224 bytes (1 switches on core 0)
2026-05-09 18:11:52.334 8 INFO placement.requestlog [req-01942df3-4de6-43d4-b082-cd500b354d38 req-7691ff3e-7f8d-464b-bfeb-1ec26cfa53f5 7f30780e8d1a410c88eb28e01f03c0f0 eed4dfac04f141ca88fe8b718c7e9e03 - - 0ae8b721ae004486adb9c48fe559be89 0ae8b721ae004486adb9c48fe559be89] 199.204.45.30 "GET /allocations/552f4470-e04c-4c27-8821-3b400a6f4ca7" status: 200 len: 257 microversion: 1.28 [pid: 8|app: 0|req: 365/726] 199.204.45.30 () {34 vars in 861 bytes} [Sat May 9 18:11:52 2026] GET /allocations/552f4470-e04c-4c27-8821-3b400a6f4ca7 => generated 257 bytes in 13 msecs (HTTP/1.1 200) 8 headers in 296 bytes (1 switches on core 0)
2026-05-09 18:11:53.864 8 INFO placement.requestlog [None req-d53c1a5d-e0c3-4f3b-ac5c-2887d7dd6a20 9b59f34a42f44b59acffada6688f4c19 eed4dfac04f141ca88fe8b718c7e9e03 - - 0ae8b721ae004486adb9c48fe559be89 0ae8b721ae004486adb9c48fe559be89] 10.0.0.126 "GET /resource_providers/1b100587-4c37-4548-ab47-b8ebd572a7bf/aggregates" status: 404 len: 235 microversion: 1.1 [pid: 8|app: 0|req: 366/727] 10.0.0.126 () {32 vars in 824 bytes} [Sat May 9 18:11:53 2026] GET /resource_providers/1b100587-4c37-4548-ab47-b8ebd572a7bf/aggregates => generated 235 bytes in 10 msecs (HTTP/1.1 404) 5 headers in 202 bytes (1 switches on core 0)
2026-05-09 18:11:53.865 8 INFO placement.requestlog [None req-790ec7ce-ba08-4458-89d3-0685e8508f1a - - - - - -] 10.0.0.207 "GET /" status: 200 len: 136 microversion: 1.0
2026-05-09 18:11:53.865 7 INFO placement.requestlog [None req-c8b22dfb-1d68-4776-9723-b8be334a95ca 9b59f34a42f44b59acffada6688f4c19 eed4dfac04f141ca88fe8b718c7e9e03 - - 0ae8b721ae004486adb9c48fe559be89 0ae8b721ae004486adb9c48fe559be89] 10.0.0.126 "GET /resource_providers/1b100587-4c37-4548-ab47-b8ebd572a7bf/aggregates" status: 404 len: 235 microversion: 1.1 [pid: 7|app: 0|req: 362/729] 10.0.0.126 () {32 vars in 824 bytes} [Sat May 9 18:11:53 2026] GET /resource_providers/1b100587-4c37-4548-ab47-b8ebd572a7bf/aggregates => generated 235 bytes in 12 msecs (HTTP/1.1 404) 5 headers in 202 bytes (1 switches on core 0)
2026-05-09 18:11:53.866 8 INFO placement.requestlog [None req-856f4e86-2121-4ab4-9e20-4fb11a41c918 - - - - - -] 10.0.0.207 "GET /" status: 200 len: 136 microversion: 1.0
2026-05-09 18:11:53.888 8 INFO placement.requestlog [None req-d058d5d4-1e58-4fe1-93e7-954948485f6c 9b59f34a42f44b59acffada6688f4c19 eed4dfac04f141ca88fe8b718c7e9e03 - - 0ae8b721ae004486adb9c48fe559be89 0ae8b721ae004486adb9c48fe559be89] 10.0.0.126 "DELETE /resource_providers/1b100587-4c37-4548-ab47-b8ebd572a7bf" status: 404 len: 246 microversion: 1.1 [pid: 8|app: 0|req: 369/731] 10.0.0.126 () {34 vars in 824 bytes} [Sat May 9 18:11:53 2026] DELETE /resource_providers/1b100587-4c37-4548-ab47-b8ebd572a7bf => generated 246 bytes in 9 msecs (HTTP/1.1 404) 6 headers in 231 bytes (1 switches on core 0)
2026-05-09 18:11:53.892 7 INFO placement.requestlog [None req-b2e46607-7928-4484-8cd6-9674bc882756 9b59f34a42f44b59acffada6688f4c19 eed4dfac04f141ca88fe8b718c7e9e03 - - 0ae8b721ae004486adb9c48fe559be89 0ae8b721ae004486adb9c48fe559be89] 10.0.0.126 "DELETE /resource_providers/1b100587-4c37-4548-ab47-b8ebd572a7bf" status: 404 len: 246 microversion: 1.1 [pid: 7|app: 0|req: 363/732] 10.0.0.126 () {34 vars in 824 bytes} [Sat May 9 18:11:53 2026] DELETE /resource_providers/1b100587-4c37-4548-ab47-b8ebd572a7bf => generated 246 bytes in 13 msecs (HTTP/1.1 404) 6 headers in 231 bytes (1 switches on core 0)
2026-05-09 18:11:55.962 7 INFO placement.requestlog [None req-05548384-e70f-4713-a198-fa1287d85af0 9b59f34a42f44b59acffada6688f4c19 eed4dfac04f141ca88fe8b718c7e9e03 - - 0ae8b721ae004486adb9c48fe559be89 0ae8b721ae004486adb9c48fe559be89] 10.0.0.126 "GET /resource_providers/bded1901-3f6a-4d56-82d7-404c84527e3c/aggregates" status: 404 len: 235 microversion: 1.1 [pid: 7|app: 0|req: 364/733] 10.0.0.126 () {32 vars in 824 bytes} [Sat May 9 18:11:55 2026] GET /resource_providers/bded1901-3f6a-4d56-82d7-404c84527e3c/aggregates => generated 235 bytes in 9 msecs (HTTP/1.1 404) 5 headers in 202 bytes (1 switches on core 0)
2026-05-09 18:11:55.965 8 INFO placement.requestlog [None req-73a59fe4-3761-4fed-b879-9f11f836680a 9b59f34a42f44b59acffada6688f4c19 eed4dfac04f141ca88fe8b718c7e9e03 - - 0ae8b721ae004486adb9c48fe559be89 0ae8b721ae004486adb9c48fe559be89] 10.0.0.126 "GET /resource_providers/bded1901-3f6a-4d56-82d7-404c84527e3c/aggregates" status: 404 len: 235 microversion: 1.1 [pid: 8|app: 0|req: 370/734] 10.0.0.126 () {32 vars in 824 bytes} [Sat May 9 18:11:55 2026] GET /resource_providers/bded1901-3f6a-4d56-82d7-404c84527e3c/aggregates => generated 235 bytes in 12 msecs (HTTP/1.1 404) 5 headers in 202 bytes (1 switches on core 0)
2026-05-09 18:11:55.972 7 INFO placement.requestlog [None req-bbae3372-c6b1-47e3-8cda-cbb03b3e0cc5 9b59f34a42f44b59acffada6688f4c19 eed4dfac04f141ca88fe8b718c7e9e03 - - 0ae8b721ae004486adb9c48fe559be89 0ae8b721ae004486adb9c48fe559be89] 10.0.0.126 "DELETE /resource_providers/bded1901-3f6a-4d56-82d7-404c84527e3c" status: 404 len: 246 microversion: 1.1 [pid: 7|app: 0|req: 365/735] 10.0.0.126 () {34 vars in 824 bytes} [Sat May 9 18:11:55 2026] DELETE /resource_providers/bded1901-3f6a-4d56-82d7-404c84527e3c => generated 246 bytes in 6 msecs (HTTP/1.1 404) 6 headers in 231 bytes (1 switches on core 0)
2026-05-09 18:11:55.980 8 INFO placement.requestlog [None req-3223f82c-114d-4bff-8b03-5193c57a5469 9b59f34a42f44b59acffada6688f4c19 eed4dfac04f141ca88fe8b718c7e9e03 - - 0ae8b721ae004486adb9c48fe559be89 0ae8b721ae004486adb9c48fe559be89] 10.0.0.126 "DELETE /resource_providers/bded1901-3f6a-4d56-82d7-404c84527e3c" status: 404 len: 246 microversion: 1.1 [pid: 8|app: 0|req: 371/736] 10.0.0.126 () {34 vars in 824 bytes} [Sat May 9 18:11:55 2026] DELETE /resource_providers/bded1901-3f6a-4d56-82d7-404c84527e3c => generated 246 bytes in 10 msecs (HTTP/1.1 404) 6 headers in 231 bytes (1 switches on core 0)
2026-05-09 18:11:58.112 7 INFO placement.requestlog [None req-602476aa-41e8-4628-bbaf-148dc60d6e22 9b59f34a42f44b59acffada6688f4c19 eed4dfac04f141ca88fe8b718c7e9e03 - - 0ae8b721ae004486adb9c48fe559be89 0ae8b721ae004486adb9c48fe559be89] 10.0.0.126 "GET /resource_providers/ed4ef30c-996b-4246-8429-62a1b512d326/aggregates" status: 404 len: 235 microversion: 1.1 [pid: 7|app: 0|req: 366/737] 10.0.0.126 () {32 vars in 824 bytes} [Sat May 9 18:11:58 2026] GET /resource_providers/ed4ef30c-996b-4246-8429-62a1b512d326/aggregates => generated 235 bytes in 8 msecs (HTTP/1.1 404) 5 headers in 202 bytes (1 switches on core 0)
2026-05-09 18:11:58.115 8 INFO placement.requestlog [None req-dfd8c3c1-a005-47ac-b592-90d42b60a138 9b59f34a42f44b59acffada6688f4c19 eed4dfac04f141ca88fe8b718c7e9e03 - - 0ae8b721ae004486adb9c48fe559be89 0ae8b721ae004486adb9c48fe559be89] 10.0.0.126 "GET /resource_providers/ed4ef30c-996b-4246-8429-62a1b512d326/aggregates" status: 404 len: 235 microversion: 1.1 [pid: 8|app: 0|req: 372/738] 10.0.0.126 () {32 vars in 824 bytes} [Sat May 9 18:11:58 2026] GET /resource_providers/ed4ef30c-996b-4246-8429-62a1b512d326/aggregates => generated 235 bytes in 9 msecs (HTTP/1.1 404) 5 headers in 202 bytes (1 switches on core 0)
2026-05-09 18:11:58.121 7 INFO placement.requestlog [None req-537eccc3-98ff-45df-acb6-eeae8b71fc3c 9b59f34a42f44b59acffada6688f4c19 eed4dfac04f141ca88fe8b718c7e9e03 - - 0ae8b721ae004486adb9c48fe559be89 0ae8b721ae004486adb9c48fe559be89] 10.0.0.126 "DELETE /resource_providers/ed4ef30c-996b-4246-8429-62a1b512d326" status: 404 len: 246 microversion: 1.1 [pid: 7|app: 0|req: 367/739] 10.0.0.126 () {34 vars in 824 bytes} [Sat May 9 18:11:58 2026] DELETE /resource_providers/ed4ef30c-996b-4246-8429-62a1b512d326 => generated 246 bytes in 5 msecs (HTTP/1.1 404) 6 headers in 231 bytes (1 switches on core 0)
2026-05-09 18:11:58.127 8 INFO placement.requestlog [None req-cfcffc22-8622-4d48-a5a8-b1bb24ebb619 9b59f34a42f44b59acffada6688f4c19 eed4dfac04f141ca88fe8b718c7e9e03 - - 0ae8b721ae004486adb9c48fe559be89 0ae8b721ae004486adb9c48fe559be89] 10.0.0.126 "DELETE /resource_providers/ed4ef30c-996b-4246-8429-62a1b512d326" status: 404 len: 246 microversion: 1.1 [pid: 8|app: 0|req: 373/740] 10.0.0.126 () {34 vars in 824 bytes} [Sat May 9 18:11:58 2026] DELETE /resource_providers/ed4ef30c-996b-4246-8429-62a1b512d326 => generated 246 bytes in 7 msecs (HTTP/1.1 404) 6 headers in 231 bytes (1 switches on core 0)
2026-05-09 18:12:00.139 7 INFO placement.requestlog [None req-1a91adac-104f-406e-96d7-c50c0e625bf2 9b59f34a42f44b59acffada6688f4c19 eed4dfac04f141ca88fe8b718c7e9e03 - - 0ae8b721ae004486adb9c48fe559be89 0ae8b721ae004486adb9c48fe559be89] 10.0.0.126 "GET /resource_providers/ac3e0fcf-a66a-4fcd-a564-2b1034fd4e0e/aggregates" status: 404 len: 235 microversion: 1.1 [pid: 7|app: 0|req: 368/741] 10.0.0.126 () {32 vars in 824 bytes} [Sat May 9 18:12:00 2026] GET /resource_providers/ac3e0fcf-a66a-4fcd-a564-2b1034fd4e0e/aggregates => generated 235 bytes in 9 msecs (HTTP/1.1 404) 5 headers in 202 bytes (1 switches on core 0)
2026-05-09 18:12:00.144 8 INFO placement.requestlog [None req-472bb935-64ce-449f-902a-02f30bcff96a 9b59f34a42f44b59acffada6688f4c19 eed4dfac04f141ca88fe8b718c7e9e03 - - 0ae8b721ae004486adb9c48fe559be89 0ae8b721ae004486adb9c48fe559be89] 10.0.0.126 "GET /resource_providers/ac3e0fcf-a66a-4fcd-a564-2b1034fd4e0e/aggregates" status: 404 len: 235 microversion: 1.1 [pid: 8|app: 0|req: 374/742] 10.0.0.126 () {32 vars in 824 bytes} [Sat May 9 18:12:00 2026] GET /resource_providers/ac3e0fcf-a66a-4fcd-a564-2b1034fd4e0e/aggregates => generated 235 bytes in 10 msecs (HTTP/1.1 404) 5 headers in 202 bytes (1 switches on core 0)
2026-05-09 18:12:00.153 7 INFO placement.requestlog [None req-e1375fba-a476-4e44-a67c-c6a021d9b945 9b59f34a42f44b59acffada6688f4c19 eed4dfac04f141ca88fe8b718c7e9e03 - - 0ae8b721ae004486adb9c48fe559be89 0ae8b721ae004486adb9c48fe559be89] 10.0.0.126 "DELETE /resource_providers/ac3e0fcf-a66a-4fcd-a564-2b1034fd4e0e" status: 404 len: 246 microversion: 1.1 [pid: 7|app: 0|req: 369/743] 10.0.0.126 () {34 vars in 824 bytes} [Sat May 9 18:12:00 2026] DELETE /resource_providers/ac3e0fcf-a66a-4fcd-a564-2b1034fd4e0e => generated 246 bytes in 8 msecs (HTTP/1.1 404) 6 headers in 231 bytes (1 switches on core 0)
2026-05-09 18:12:00.163 8 INFO placement.requestlog [None req-ce604bfa-3628-40f9-8d11-4350f767ce2e 9b59f34a42f44b59acffada6688f4c19 eed4dfac04f141ca88fe8b718c7e9e03 - - 0ae8b721ae004486adb9c48fe559be89 0ae8b721ae004486adb9c48fe559be89] 10.0.0.126 "DELETE /resource_providers/ac3e0fcf-a66a-4fcd-a564-2b1034fd4e0e" status: 404 len: 246 microversion: 1.1 [pid: 8|app: 0|req: 375/744] 10.0.0.126 () {34 vars in 824 bytes} [Sat May 9 18:12:00 2026] DELETE /resource_providers/ac3e0fcf-a66a-4fcd-a564-2b1034fd4e0e => generated 246 bytes in 13 msecs (HTTP/1.1 404) 6 headers in 231 bytes (1 switches on core 0)
2026-05-09 18:12:02.873 8 INFO placement.requestlog [None req-20bfe21f-5a96-41c6-bc87-d91f7815ddb3 9b59f34a42f44b59acffada6688f4c19 eed4dfac04f141ca88fe8b718c7e9e03 - - 0ae8b721ae004486adb9c48fe559be89 0ae8b721ae004486adb9c48fe559be89] 10.0.0.126 "GET /resource_providers/8ab73de7-e011-4d00-bc85-00afb86053d1/aggregates" status: 404 len: 235 microversion: 1.1 [pid: 8|app: 0|req: 376/745] 10.0.0.126 () {32 vars in 824 bytes} [Sat May 9 18:12:02 2026] GET /resource_providers/8ab73de7-e011-4d00-bc85-00afb86053d1/aggregates => generated 235 bytes in 9 msecs (HTTP/1.1 404) 5 headers in 202 bytes (1 switches on core 0)
2026-05-09 18:12:02.875 7 INFO placement.requestlog [None req-eccb8e69-671e-4c61-ba0d-77bd58cbbfdc 9b59f34a42f44b59acffada6688f4c19 eed4dfac04f141ca88fe8b718c7e9e03 - - 0ae8b721ae004486adb9c48fe559be89 0ae8b721ae004486adb9c48fe559be89] 10.0.0.126 "GET /resource_providers/8ab73de7-e011-4d00-bc85-00afb86053d1/aggregates" status: 404 len: 235 microversion: 1.1 [pid: 7|app: 0|req: 370/746] 10.0.0.126 () {32 vars in 824 bytes} [Sat May 9 18:12:02 2026] GET /resource_providers/8ab73de7-e011-4d00-bc85-00afb86053d1/aggregates => generated 235 bytes in 13 msecs (HTTP/1.1 404) 5 headers in 202 bytes (1 switches on core 0)
2026-05-09 18:12:02.886 8 INFO placement.requestlog [None req-58c1b86e-12a7-428f-9fd9-12dbf3674284 9b59f34a42f44b59acffada6688f4c19 eed4dfac04f141ca88fe8b718c7e9e03 - - 0ae8b721ae004486adb9c48fe559be89 0ae8b721ae004486adb9c48fe559be89] 10.0.0.126 "DELETE /resource_providers/8ab73de7-e011-4d00-bc85-00afb86053d1" status: 404 len: 246 microversion: 1.1 [pid: 8|app: 0|req: 377/747] 10.0.0.126 () {34 vars in 824 bytes} [Sat May 9 18:12:02 2026] DELETE /resource_providers/8ab73de7-e011-4d00-bc85-00afb86053d1 => generated 246 bytes in 7 msecs (HTTP/1.1 404) 6 headers in 231 bytes (1 switches on core 0)
2026-05-09 18:12:02.897 7 INFO placement.requestlog [None req-1f10f7e3-ad08-4433-9e22-dac047abaf26 9b59f34a42f44b59acffada6688f4c19 eed4dfac04f141ca88fe8b718c7e9e03 - - 0ae8b721ae004486adb9c48fe559be89 0ae8b721ae004486adb9c48fe559be89] 10.0.0.126 "DELETE /resource_providers/8ab73de7-e011-4d00-bc85-00afb86053d1" status: 404 len: 246 microversion: 1.1 [pid: 7|app: 0|req: 371/748] 10.0.0.126 () {34 vars in 824 bytes} [Sat May 9 18:12:02 2026] DELETE /resource_providers/8ab73de7-e011-4d00-bc85-00afb86053d1 => generated 246 bytes in 14 msecs (HTTP/1.1 404) 6 headers in 231 bytes (1 switches on core 0)
2026-05-09 18:12:03.855 8 INFO placement.requestlog [None req-07d94360-24de-4202-aff0-1b45d4fe8fa7 - - - - - -] 10.0.0.207 "GET /" status: 200 len: 136 microversion: 1.0
2026-05-09 18:12:03.856 7 INFO placement.requestlog [None req-b934dfa7-689d-48be-8901-2b5b9497dce3 - - - - - -] 10.0.0.207 "GET /" status: 200 len: 136 microversion: 1.0
2026-05-09 18:12:06.446 8 INFO placement.requestlog [req-c5ff60bc-5d45-4445-b9f9-99f40cebfbc1 req-3c7cbe2f-f7be-4cdf-b471-503c9f33a639 7f30780e8d1a410c88eb28e01f03c0f0 eed4dfac04f141ca88fe8b718c7e9e03 - - 0ae8b721ae004486adb9c48fe559be89 0ae8b721ae004486adb9c48fe559be89] 10.0.0.2 "GET /allocation_candidates?limit=1000&resources=DISK_GB%3A1%2CMEMORY_MB%3A512%2CVCPU%3A1&root_required=%21COMPUTE_STATUS_DISABLED" status: 200 len: 2386 microversion: 1.36 [pid: 8|app: 0|req: 379/751] 10.0.0.2 () {34 vars in 1009 bytes} [Sat May 9 18:12:06 2026] GET /allocation_candidates?limit=1000&resources=DISK_GB%3A1%2CMEMORY_MB%3A512%2CVCPU%3A1&root_required=%21COMPUTE_STATUS_DISABLED => generated 2386 bytes in 50 msecs (HTTP/1.1 200) 8 headers in 297 bytes (1 switches on core 0)
2026-05-09 18:12:06.491 7 INFO placement.requestlog [req-c5ff60bc-5d45-4445-b9f9-99f40cebfbc1 req-6e2f2a4b-baf6-4890-bfc4-6711c7d314b0 7f30780e8d1a410c88eb28e01f03c0f0 eed4dfac04f141ca88fe8b718c7e9e03 - - 0ae8b721ae004486adb9c48fe559be89 0ae8b721ae004486adb9c48fe559be89] 10.0.0.2 "GET /allocations/189359c2-6209-484f-b9fb-ef22756b7feb" status: 200 len: 19 microversion: 1.28 [pid: 7|app: 0|req: 373/752] 10.0.0.2 () {34 vars in 858 bytes} [Sat May 9 18:12:06 2026] GET /allocations/189359c2-6209-484f-b9fb-ef22756b7feb => generated 19 bytes in 9 msecs (HTTP/1.1 200) 8 headers in 295 bytes (1 switches on core 0)
2026-05-09 18:12:06.585 8 INFO placement.requestlog [req-c5ff60bc-5d45-4445-b9f9-99f40cebfbc1 req-4c081d39-605b-40b9-a428-50d294a5670d 7f30780e8d1a410c88eb28e01f03c0f0 eed4dfac04f141ca88fe8b718c7e9e03 - - 0ae8b721ae004486adb9c48fe559be89 0ae8b721ae004486adb9c48fe559be89] 10.0.0.2 "PUT /allocations/189359c2-6209-484f-b9fb-ef22756b7feb" status: 204 len: 0 microversion: 1.36 [pid: 8|app: 0|req: 380/753] 10.0.0.2 () {38 vars in 911 bytes} [Sat May 9 18:12:06 2026] PUT /allocations/189359c2-6209-484f-b9fb-ef22756b7feb => generated 0 bytes in 88 msecs (HTTP/1.1 204) 5 headers in 199 bytes (1 switches on core 0)
2026-05-09 18:12:06.749 7 INFO placement.requestlog [req-5c9aff88-df04-4077-b165-71aaac158ace req-f7462448-0cea-41ef-905c-20b087f48c7f 7f30780e8d1a410c88eb28e01f03c0f0 eed4dfac04f141ca88fe8b718c7e9e03 - - 0ae8b721ae004486adb9c48fe559be89 0ae8b721ae004486adb9c48fe559be89] 199.204.45.30 "GET /resource_providers/e039bda1-9606-4654-8f70-74180625fbd3/allocations" status: 200 len: 252 microversion: 1.0 [pid: 7|app: 0|req: 374/754] 199.204.45.30 () {32 vars in 855 bytes} [Sat May 9 18:12:06 2026] GET /resource_providers/e039bda1-9606-4654-8f70-74180625fbd3/allocations => generated 252 bytes in 14 msecs (HTTP/1.1 200) 6 headers in 224 bytes (1 switches on core 0)
2026-05-09 18:12:06.770 8 INFO placement.requestlog [req-5c9aff88-df04-4077-b165-71aaac158ace req-648538b0-74f9-4093-a3c4-be1e893a121a 7f30780e8d1a410c88eb28e01f03c0f0 eed4dfac04f141ca88fe8b718c7e9e03 - - 0ae8b721ae004486adb9c48fe559be89 0ae8b721ae004486adb9c48fe559be89] 199.204.45.30 "GET /allocations/552f4470-e04c-4c27-8821-3b400a6f4ca7" status: 200 len: 257 microversion: 1.28 [pid: 8|app: 0|req: 381/755] 199.204.45.30 () {34 vars in 861 bytes} [Sat May 9 18:12:06 2026] GET /allocations/552f4470-e04c-4c27-8821-3b400a6f4ca7 => generated 257 bytes in 15 msecs (HTTP/1.1 200) 8 headers in 296 bytes (1 switches on core 0)
2026-05-09 18:12:06.789 7 INFO placement.requestlog [req-5c9aff88-df04-4077-b165-71aaac158ace req-3f70ce96-3700-4b5e-960b-e303963e24f1 7f30780e8d1a410c88eb28e01f03c0f0 eed4dfac04f141ca88fe8b718c7e9e03 - - 0ae8b721ae004486adb9c48fe559be89 0ae8b721ae004486adb9c48fe559be89] 199.204.45.30 "GET /allocations/189359c2-6209-484f-b9fb-ef22756b7feb" status: 200 len: 257 microversion: 1.28 [pid: 7|app: 0|req: 375/756] 199.204.45.30 () {34 vars in 861 bytes} [Sat May 9 18:12:06 2026] GET /allocations/189359c2-6209-484f-b9fb-ef22756b7feb => generated 257 bytes in 11 msecs (HTTP/1.1 200) 8 headers in 296 bytes (1 switches on core 0)
2026-05-09 18:12:07.883 8 INFO placement.requestlog [req-5c9aff88-df04-4077-b165-71aaac158ace req-f881e93c-b317-4736-acce-3aad4dd8f687 7f30780e8d1a410c88eb28e01f03c0f0 eed4dfac04f141ca88fe8b718c7e9e03 - - 0ae8b721ae004486adb9c48fe559be89 0ae8b721ae004486adb9c48fe559be89] 199.204.45.30 "DELETE /allocations/552f4470-e04c-4c27-8821-3b400a6f4ca7" status: 204 len: 0 microversion: 1.0 [pid: 8|app: 0|req: 382/757] 199.204.45.30 () {34 vars in 839 bytes} [Sat May 9 18:12:07 2026] DELETE /allocations/552f4470-e04c-4c27-8821-3b400a6f4ca7 => generated 0 bytes in 73 msecs (HTTP/1.1 204) 5 headers in 198 bytes (1 switches on core 0)
2026-05-09 18:12:08.150 7 INFO placement.requestlog [req-c5ff60bc-5d45-4445-b9f9-99f40cebfbc1 req-b40a6698-948b-4892-bcaf-9f3817a89289 7f30780e8d1a410c88eb28e01f03c0f0 eed4dfac04f141ca88fe8b718c7e9e03 - - 0ae8b721ae004486adb9c48fe559be89 0ae8b721ae004486adb9c48fe559be89] 199.204.45.30 "GET /allocations/189359c2-6209-484f-b9fb-ef22756b7feb" status: 200 len: 257 microversion: 1.28 [pid: 7|app: 0|req: 376/758] 199.204.45.30 () {34 vars in 861 bytes} [Sat May 9 18:12:08 2026] GET /allocations/189359c2-6209-484f-b9fb-ef22756b7feb => generated 257 bytes in 11 msecs (HTTP/1.1 200) 8 headers in 296 bytes (1 switches on core 0)
2026-05-09 18:12:09.364 8 INFO placement.requestlog [req-c5ff60bc-5d45-4445-b9f9-99f40cebfbc1 req-126d5432-793d-4737-9f3c-a73348808044 7f30780e8d1a410c88eb28e01f03c0f0 eed4dfac04f141ca88fe8b718c7e9e03 - - 0ae8b721ae004486adb9c48fe559be89 0ae8b721ae004486adb9c48fe559be89] 199.204.45.30 "GET /resource_providers/e039bda1-9606-4654-8f70-74180625fbd3/allocations" status: 200 len: 152 microversion: 1.0 [pid: 8|app: 0|req: 383/759] 199.204.45.30 () {32 vars in 855 bytes} [Sat May 9 18:12:09 2026] GET /resource_providers/e039bda1-9606-4654-8f70-74180625fbd3/allocations => generated 152 bytes in 192 msecs (HTTP/1.1 200) 6 headers in 224 bytes (1 switches on core 0)
2026-05-09 18:12:09.386 7 INFO placement.requestlog [req-c5ff60bc-5d45-4445-b9f9-99f40cebfbc1 req-06961a49-c4c4-4f07-aea6-2319bd0a8a1f 7f30780e8d1a410c88eb28e01f03c0f0 eed4dfac04f141ca88fe8b718c7e9e03 - - 0ae8b721ae004486adb9c48fe559be89 0ae8b721ae004486adb9c48fe559be89] 199.204.45.30 "GET /allocations/189359c2-6209-484f-b9fb-ef22756b7feb" status: 200 len: 257 microversion: 1.28 [pid: 7|app: 0|req: 377/760] 199.204.45.30 () {34 vars in 861 bytes} [Sat May 9 18:12:09 2026] GET /allocations/189359c2-6209-484f-b9fb-ef22756b7feb => generated 257 bytes in 14 msecs (HTTP/1.1 200) 8 headers in 296 bytes (1 switches on core 0)
2026-05-09 18:12:09.813 8 INFO placement.requestlog [None req-b3bb26f2-fe4c-4525-8f2c-a3871ddf52d2 9b59f34a42f44b59acffada6688f4c19 eed4dfac04f141ca88fe8b718c7e9e03 - - 0ae8b721ae004486adb9c48fe559be89 0ae8b721ae004486adb9c48fe559be89] 10.0.0.126 "GET /resource_providers/ba6328b2-fb55-44e3-929f-c81e8941c50b/aggregates" status: 404 len: 235 microversion: 1.1 [pid: 8|app: 0|req: 384/761] 10.0.0.126 () {32 vars in 824 bytes} [Sat May 9 18:12:09 2026] GET /resource_providers/ba6328b2-fb55-44e3-929f-c81e8941c50b/aggregates => generated 235 bytes in 7 msecs (HTTP/1.1 404) 5 headers in 202 bytes (1 switches on core 0)
2026-05-09 18:12:09.825 8 INFO placement.requestlog [None req-d1d655eb-7af8-4d51-bdb0-355c72e976be 9b59f34a42f44b59acffada6688f4c19 eed4dfac04f141ca88fe8b718c7e9e03 - - 0ae8b721ae004486adb9c48fe559be89 0ae8b721ae004486adb9c48fe559be89] 10.0.0.126 "DELETE /resource_providers/ba6328b2-fb55-44e3-929f-c81e8941c50b" status: 404 len: 246 microversion: 1.1 [pid: 8|app: 0|req: 385/762] 10.0.0.126 () {34 vars in 824 bytes} [Sat May 9 18:12:09 2026] DELETE /resource_providers/ba6328b2-fb55-44e3-929f-c81e8941c50b => generated 246 bytes in 4 msecs (HTTP/1.1 404) 6 headers in 231 bytes (1 switches on core 0)
2026-05-09 18:12:09.826 7 INFO placement.requestlog [None req-c2eae550-4a35-452e-bc36-32fac48f3eaf 9b59f34a42f44b59acffada6688f4c19 eed4dfac04f141ca88fe8b718c7e9e03 - - 0ae8b721ae004486adb9c48fe559be89 0ae8b721ae004486adb9c48fe559be89] 10.0.0.126 "GET /resource_providers/ba6328b2-fb55-44e3-929f-c81e8941c50b/aggregates" status: 404 len: 235 microversion: 1.1 [pid: 7|app: 0|req: 378/763] 10.0.0.126 () {32 vars in 824 bytes} [Sat May 9 18:12:09 2026] GET /resource_providers/ba6328b2-fb55-44e3-929f-c81e8941c50b/aggregates => generated 235 bytes in 13 msecs (HTTP/1.1 404) 5 headers in 202 bytes (1 switches on core 0)
2026-05-09 18:12:09.844 8 INFO placement.requestlog [None req-0d5d15cb-276b-467f-a38f-d72f4c80243e 9b59f34a42f44b59acffada6688f4c19 eed4dfac04f141ca88fe8b718c7e9e03 - - 0ae8b721ae004486adb9c48fe559be89 0ae8b721ae004486adb9c48fe559be89] 10.0.0.126 "DELETE /resource_providers/ba6328b2-fb55-44e3-929f-c81e8941c50b" status: 404 len: 246 microversion: 1.1 [pid: 8|app: 0|req: 386/764] 10.0.0.126 () {34 vars in 824 bytes} [Sat May 9 18:12:09 2026] DELETE /resource_providers/ba6328b2-fb55-44e3-929f-c81e8941c50b => generated 246 bytes in 10 msecs (HTTP/1.1 404) 6 headers in 231 bytes (1 switches on core 0)
2026-05-09 18:12:11.908 8 INFO placement.requestlog [None req-97819eab-2324-4611-9516-c7852b7051f0 9b59f34a42f44b59acffada6688f4c19 eed4dfac04f141ca88fe8b718c7e9e03 - - 0ae8b721ae004486adb9c48fe559be89 0ae8b721ae004486adb9c48fe559be89] 10.0.0.126 "GET /resource_providers/28e8bc97-969d-4ea9-b193-c1fe5d41fa3f/aggregates" status: 404 len: 235 microversion: 1.1 [pid: 8|app: 0|req: 387/765] 10.0.0.126 () {32 vars in 824 bytes} [Sat May 9 18:12:11 2026] GET /resource_providers/28e8bc97-969d-4ea9-b193-c1fe5d41fa3f/aggregates => generated 235 bytes in 7 msecs (HTTP/1.1 404) 5 headers in 202 bytes (1 switches on core 0)
2026-05-09 18:12:11.909 7 INFO placement.requestlog [None req-423fba88-f792-4d3d-9b29-5ba141f7a9fe 9b59f34a42f44b59acffada6688f4c19 eed4dfac04f141ca88fe8b718c7e9e03 - - 0ae8b721ae004486adb9c48fe559be89 0ae8b721ae004486adb9c48fe559be89] 10.0.0.126 "GET /resource_providers/28e8bc97-969d-4ea9-b193-c1fe5d41fa3f/aggregates" status: 404 len: 235 microversion: 1.1 [pid: 7|app: 0|req: 379/766] 10.0.0.126 () {32 vars in 824 bytes} [Sat May 9 18:12:11 2026] GET /resource_providers/28e8bc97-969d-4ea9-b193-c1fe5d41fa3f/aggregates => generated 235 bytes in 11 msecs (HTTP/1.1 404) 5 headers in 202 bytes (1 switches on core 0)
2026-05-09 18:12:11.924 8 INFO placement.requestlog [None req-9ca549e1-f64b-4d9a-87f8-2f33c5805edf 9b59f34a42f44b59acffada6688f4c19 eed4dfac04f141ca88fe8b718c7e9e03 - - 0ae8b721ae004486adb9c48fe559be89 0ae8b721ae004486adb9c48fe559be89] 10.0.0.126 "DELETE /resource_providers/28e8bc97-969d-4ea9-b193-c1fe5d41fa3f" status: 404 len: 246 microversion: 1.1 [pid: 8|app: 0|req: 388/767] 10.0.0.126 () {34 vars in 824 bytes} [Sat May 9 18:12:11 2026] DELETE /resource_providers/28e8bc97-969d-4ea9-b193-c1fe5d41fa3f => generated 246 bytes in 9 msecs (HTTP/1.1 404) 6 headers in 231 bytes (1 switches on core 0)
2026-05-09 18:12:11.938 7 INFO placement.requestlog [None req-221afffb-1310-4fe7-ad25-f7856d872083 9b59f34a42f44b59acffada6688f4c19 eed4dfac04f141ca88fe8b718c7e9e03 - - 0ae8b721ae004486adb9c48fe559be89 0ae8b721ae004486adb9c48fe559be89] 10.0.0.126 "DELETE /resource_providers/28e8bc97-969d-4ea9-b193-c1fe5d41fa3f" status: 404 len: 246 microversion: 1.1 [pid: 7|app: 0|req: 380/768] 10.0.0.126 () {34 vars in 824 bytes} [Sat May 9 18:12:11 2026] DELETE /resource_providers/28e8bc97-969d-4ea9-b193-c1fe5d41fa3f => generated 246 bytes in 15 msecs (HTTP/1.1 404) 6 headers in 231 bytes (1 switches on core 0)
2026-05-09 18:12:13.855 7 INFO placement.requestlog [None req-3940aa15-7559-458f-adef-c126497e21c1 - - - - - -] 10.0.0.207 "GET /" status: 200 len: 136 microversion: 1.0
2026-05-09 18:12:13.856 8 INFO placement.requestlog [None req-8701a476-724d-4a2a-8601-ce82f9434dc8 - - - - - -] 10.0.0.207 "GET /" status: 200 len: 136 microversion: 1.0
2026-05-09 18:12:16.612 7 INFO placement.requestlog [req-19095884-5f39-40df-be95-8c72049b44d4 req-134d5373-dfe5-4a23-8a6d-f8b0ff343075 7f30780e8d1a410c88eb28e01f03c0f0 eed4dfac04f141ca88fe8b718c7e9e03 - - 0ae8b721ae004486adb9c48fe559be89 0ae8b721ae004486adb9c48fe559be89] 199.204.45.30 "GET /resource_providers/e039bda1-9606-4654-8f70-74180625fbd3/allocations" status: 200 len: 152 microversion: 1.0 [pid: 7|app: 0|req: 382/771] 199.204.45.30 () {32 vars in 855 bytes} [Sat May 9 18:12:16 2026] GET /resource_providers/e039bda1-9606-4654-8f70-74180625fbd3/allocations => generated 152 bytes in 32 msecs (HTTP/1.1 200) 6 headers in 224 bytes (1 switches on core 0)
2026-05-09 18:12:16.642 8 INFO placement.requestlog [req-19095884-5f39-40df-be95-8c72049b44d4 req-e3309295-936f-4dbc-ab58-d2a4a04bcfbf 7f30780e8d1a410c88eb28e01f03c0f0 eed4dfac04f141ca88fe8b718c7e9e03 - - 0ae8b721ae004486adb9c48fe559be89 0ae8b721ae004486adb9c48fe559be89] 199.204.45.30 "GET /resource_providers?in_tree=e039bda1-9606-4654-8f70-74180625fbd3" status: 200 len: 797 microversion: 1.14 [pid: 8|app: 0|req: 390/772] 199.204.45.30 () {34 vars in 890 bytes} [Sat May 9 18:12:16 2026] GET /resource_providers?in_tree=e039bda1-9606-4654-8f70-74180625fbd3 => generated 797 bytes in 21 msecs (HTTP/1.1 200) 6 headers in 225 bytes (1 switches on core 0)
2026-05-09 18:12:16.660 7 INFO placement.requestlog [req-19095884-5f39-40df-be95-8c72049b44d4 req-9142cf1a-5ea1-4a62-a133-2d6728405be6 7f30780e8d1a410c88eb28e01f03c0f0 eed4dfac04f141ca88fe8b718c7e9e03 - - 0ae8b721ae004486adb9c48fe559be89 0ae8b721ae004486adb9c48fe559be89] 199.204.45.30 "GET /resource_providers/e039bda1-9606-4654-8f70-74180625fbd3/inventories" status: 200 len: 400 microversion: 1.0 [pid: 7|app: 0|req: 383/773] 199.204.45.30 () {32 vars in 855 bytes} [Sat May 9 18:12:16 2026] GET /resource_providers/e039bda1-9606-4654-8f70-74180625fbd3/inventories => generated 400 bytes in 14 msecs (HTTP/1.1 200) 6 headers in 224 bytes (1 switches on core 0)
2026-05-09 18:12:16.687 8 INFO placement.requestlog [req-19095884-5f39-40df-be95-8c72049b44d4 req-06ba42b5-f954-4250-bea6-ef94bfc76121 7f30780e8d1a410c88eb28e01f03c0f0 eed4dfac04f141ca88fe8b718c7e9e03 - - 0ae8b721ae004486adb9c48fe559be89 0ae8b721ae004486adb9c48fe559be89] 199.204.45.30 "GET /resource_providers/e039bda1-9606-4654-8f70-74180625fbd3/aggregates" status: 200 len: 53 microversion: 1.19 [pid: 8|app: 0|req: 391/774] 199.204.45.30 () {34 vars in 897 bytes} [Sat May 9 18:12:16 2026] GET /resource_providers/e039bda1-9606-4654-8f70-74180625fbd3/aggregates => generated 53 bytes in 20 msecs (HTTP/1.1 200) 8 headers in 295 bytes (1 switches on core 0)
2026-05-09 18:12:16.717 7 INFO placement.requestlog [req-19095884-5f39-40df-be95-8c72049b44d4 req-6c4c9427-a963-47d3-a9f2-0d9e9a67e823 7f30780e8d1a410c88eb28e01f03c0f0 eed4dfac04f141ca88fe8b718c7e9e03 - - 0ae8b721ae004486adb9c48fe559be89 0ae8b721ae004486adb9c48fe559be89] 199.204.45.30 "GET /resource_providers/e039bda1-9606-4654-8f70-74180625fbd3/traits" status: 200 len: 1919 microversion: 1.6 [pid: 7|app: 0|req: 384/775] 199.204.45.30 () {34 vars in 888 bytes} [Sat May 9 18:12:16 2026] GET /resource_providers/e039bda1-9606-4654-8f70-74180625fbd3/traits => generated 1919 bytes in 25 msecs (HTTP/1.1 200) 6 headers in 225 bytes (1 switches on core 0)
2026-05-09 18:12:16.741 8 INFO placement.requestlog [req-19095884-5f39-40df-be95-8c72049b44d4 req-878d8426-976f-4aba-b518-c02e7dad51bb 7f30780e8d1a410c88eb28e01f03c0f0 eed4dfac04f141ca88fe8b718c7e9e03 - - 0ae8b721ae004486adb9c48fe559be89 0ae8b721ae004486adb9c48fe559be89] 199.204.45.30 "GET /resource_providers/e039bda1-9606-4654-8f70-74180625fbd3/allocations" status: 200 len: 152 microversion: 1.0 [pid: 8|app: 0|req: 392/776] 199.204.45.30 () {32 vars in 855 bytes} [Sat May 9 18:12:16 2026] GET /resource_providers/e039bda1-9606-4654-8f70-74180625fbd3/allocations => generated 152 bytes in 15 msecs (HTTP/1.1 200) 6 headers in 224 bytes (1 switches on core 0)
2026-05-09 18:12:16.776 7 INFO placement.requestlog [req-19095884-5f39-40df-be95-8c72049b44d4 req-74a94039-9d68-4ed8-a8d3-afc5c19a2643 7f30780e8d1a410c88eb28e01f03c0f0 eed4dfac04f141ca88fe8b718c7e9e03 - - 0ae8b721ae004486adb9c48fe559be89 0ae8b721ae004486adb9c48fe559be89] 199.204.45.30 "GET /allocations/189359c2-6209-484f-b9fb-ef22756b7feb" status: 200 len: 257 microversion: 1.28 [pid: 7|app: 0|req: 385/777] 199.204.45.30 () {34 vars in 861 bytes} [Sat May 9 18:12:16 2026] GET /allocations/189359c2-6209-484f-b9fb-ef22756b7feb => generated 257 bytes in 25 msecs (HTTP/1.1 200) 8 headers in 296 bytes (1 switches on core 0)
2026-05-09 18:12:16.966 8 INFO placement.requestlog [None req-7b592f4f-bb06-40aa-acab-ef1b752d73cc 9b59f34a42f44b59acffada6688f4c19 eed4dfac04f141ca88fe8b718c7e9e03 - - 0ae8b721ae004486adb9c48fe559be89 0ae8b721ae004486adb9c48fe559be89] 10.0.0.126 "GET /resource_providers/89f786bb-96ee-47b8-83ae-83697e0f9099/aggregates" status: 404 len: 235 microversion: 1.1
2026-05-09 18:12:16.966 7 INFO placement.requestlog [None req-85a29388-b161-4a47-9e6b-abfedc77fc5f 9b59f34a42f44b59acffada6688f4c19 eed4dfac04f141ca88fe8b718c7e9e03 - - 0ae8b721ae004486adb9c48fe559be89 0ae8b721ae004486adb9c48fe559be89] 10.0.0.126 "GET /resource_providers/89f786bb-96ee-47b8-83ae-83697e0f9099/aggregates" status: 404 len: 235 microversion: 1.1 [pid: 8|app: 0|req: 393/778] 10.0.0.126 () {32 vars in 824 bytes} [Sat May 9 18:12:16 2026] GET /resource_providers/89f786bb-96ee-47b8-83ae-83697e0f9099/aggregates => generated 235 bytes in 11 msecs (HTTP/1.1 404) 5 headers in 202 bytes (1 switches on core 0) [pid: 7|app: 0|req: 386/779] 10.0.0.126 () {32 vars in 824 bytes} [Sat May 9 18:12:16 2026] GET /resource_providers/89f786bb-96ee-47b8-83ae-83697e0f9099/aggregates => generated 235 bytes in 12 msecs (HTTP/1.1 404) 5 headers in 202 bytes (1 switches on core 0)
2026-05-09 18:12:16.985 8 INFO placement.requestlog [None req-78225958-efe2-4120-ad43-f9203ffc4ea3 9b59f34a42f44b59acffada6688f4c19 eed4dfac04f141ca88fe8b718c7e9e03 - - 0ae8b721ae004486adb9c48fe559be89 0ae8b721ae004486adb9c48fe559be89] 10.0.0.126 "DELETE /resource_providers/89f786bb-96ee-47b8-83ae-83697e0f9099" status: 404 len: 246 microversion: 1.1 [pid: 8|app: 0|req: 394/780] 10.0.0.126 () {34 vars in 824 bytes} [Sat May 9 18:12:16 2026] DELETE /resource_providers/89f786bb-96ee-47b8-83ae-83697e0f9099 => generated 246 bytes in 9 msecs (HTTP/1.1 404) 6 headers in 231 bytes (1 switches on core 0)
2026-05-09 18:12:16.987 7 INFO placement.requestlog [None req-2e36d132-94ab-4f90-addb-6c1bc5aba880 9b59f34a42f44b59acffada6688f4c19 eed4dfac04f141ca88fe8b718c7e9e03 - - 0ae8b721ae004486adb9c48fe559be89 0ae8b721ae004486adb9c48fe559be89] 10.0.0.126 "DELETE /resource_providers/89f786bb-96ee-47b8-83ae-83697e0f9099" status: 404 len: 246 microversion: 1.1 [pid: 7|app: 0|req: 387/781] 10.0.0.126 () {34 vars in 824 bytes} [Sat May 9 18:12:16 2026] DELETE /resource_providers/89f786bb-96ee-47b8-83ae-83697e0f9099 => generated 246 bytes in 9 msecs (HTTP/1.1 404) 6 headers in 231 bytes (1 switches on core 0)
2026-05-09 18:12:20.739 8 INFO placement.requestlog [None req-e7b0aaf9-2bb6-4f6c-9cb9-48378aa716b4 9b59f34a42f44b59acffada6688f4c19 eed4dfac04f141ca88fe8b718c7e9e03 - - 0ae8b721ae004486adb9c48fe559be89 0ae8b721ae004486adb9c48fe559be89] 10.0.0.126 "GET /resource_providers/c20bbe03-e0f4-459b-90bb-d84d6c0586ea/aggregates" status: 404 len: 235 microversion: 1.1 [pid: 8|app: 0|req: 395/782] 10.0.0.126 () {32 vars in 824 bytes} [Sat May 9 18:12:20 2026] GET /resource_providers/c20bbe03-e0f4-459b-90bb-d84d6c0586ea/aggregates => generated 235 bytes in 10 msecs (HTTP/1.1 404) 5 headers in 202 bytes (1 switches on core 0)
2026-05-09 18:12:20.741 7 INFO placement.requestlog [None req-86936a4f-298e-40f8-b6de-eb2c531bb894 9b59f34a42f44b59acffada6688f4c19 eed4dfac04f141ca88fe8b718c7e9e03 - - 0ae8b721ae004486adb9c48fe559be89 0ae8b721ae004486adb9c48fe559be89] 10.0.0.126 "GET /resource_providers/c20bbe03-e0f4-459b-90bb-d84d6c0586ea/aggregates" status: 404 len: 235 microversion: 1.1 [pid: 7|app: 0|req: 388/783] 10.0.0.126 () {32 vars in 824 bytes} [Sat May 9 18:12:20 2026] GET /resource_providers/c20bbe03-e0f4-459b-90bb-d84d6c0586ea/aggregates => generated 235 bytes in 10 msecs (HTTP/1.1 404) 5 headers in 202 bytes (1 switches on core 0)
2026-05-09 18:12:20.763 8 INFO placement.requestlog [None req-87754a5e-70d8-473b-8e11-839a62b40b54 9b59f34a42f44b59acffada6688f4c19 eed4dfac04f141ca88fe8b718c7e9e03 - - 0ae8b721ae004486adb9c48fe559be89 0ae8b721ae004486adb9c48fe559be89] 10.0.0.126 "DELETE /resource_providers/c20bbe03-e0f4-459b-90bb-d84d6c0586ea" status: 404 len: 246 microversion: 1.1 [pid: 8|app: 0|req: 396/784] 10.0.0.126 () {34 vars in 824 bytes} [Sat May 9 18:12:20 2026] DELETE /resource_providers/c20bbe03-e0f4-459b-90bb-d84d6c0586ea => generated 246 bytes in 15 msecs (HTTP/1.1 404) 6 headers in 231 bytes (1 switches on core 0)
2026-05-09 18:12:20.766 7 INFO placement.requestlog [None req-c22ac923-657d-4cde-85f3-33e580afebf0 9b59f34a42f44b59acffada6688f4c19 eed4dfac04f141ca88fe8b718c7e9e03 - - 0ae8b721ae004486adb9c48fe559be89 0ae8b721ae004486adb9c48fe559be89] 10.0.0.126 "DELETE /resource_providers/c20bbe03-e0f4-459b-90bb-d84d6c0586ea" status: 404 len: 246 microversion: 1.1 [pid: 7|app: 0|req: 389/785] 10.0.0.126 () {34 vars in 824 bytes} [Sat May 9 18:12:20 2026] DELETE /resource_providers/c20bbe03-e0f4-459b-90bb-d84d6c0586ea => generated 246 bytes in 13 msecs (HTTP/1.1 404) 6 headers in 231 bytes (1 switches on core 0)
2026-05-09 18:12:22.687 8 INFO placement.requestlog [None req-251203a6-e32b-40f3-8be4-f3ba11803357 9b59f34a42f44b59acffada6688f4c19 eed4dfac04f141ca88fe8b718c7e9e03 - - 0ae8b721ae004486adb9c48fe559be89 0ae8b721ae004486adb9c48fe559be89] 10.0.0.126 "GET /resource_providers/3d9b7fb6-0677-4cac-9cb5-8eeb4e68ee21/aggregates" status: 404 len: 235 microversion: 1.1 [pid: 8|app: 0|req: 397/786] 10.0.0.126 () {32 vars in 824 bytes} [Sat May 9 18:12:22 2026] GET /resource_providers/3d9b7fb6-0677-4cac-9cb5-8eeb4e68ee21/aggregates => generated 235 bytes in 10 msecs (HTTP/1.1 404) 5 headers in 202 bytes (1 switches on core 0)
2026-05-09 18:12:22.694 7 INFO placement.requestlog [None req-be35b6cf-215d-478c-97b8-df5e561bc0f9 9b59f34a42f44b59acffada6688f4c19 eed4dfac04f141ca88fe8b718c7e9e03 - - 0ae8b721ae004486adb9c48fe559be89 0ae8b721ae004486adb9c48fe559be89] 10.0.0.126 "GET /resource_providers/3d9b7fb6-0677-4cac-9cb5-8eeb4e68ee21/aggregates" status: 404 len: 235 microversion: 1.1 [pid: 7|app: 0|req: 390/787] 10.0.0.126 () {32 vars in 824 bytes} [Sat May 9 18:12:22 2026] GET /resource_providers/3d9b7fb6-0677-4cac-9cb5-8eeb4e68ee21/aggregates => generated 235 bytes in 15 msecs (HTTP/1.1 404) 5 headers in 202 bytes (1 switches on core 0)
