2026-05-09 18:12:22.702 8 INFO placement.requestlog [None req-5b737084-af37-4746-947b-ac447d143f25 9b59f34a42f44b59acffada6688f4c19 eed4dfac04f141ca88fe8b718c7e9e03 - - 0ae8b721ae004486adb9c48fe559be89 0ae8b721ae004486adb9c48fe559be89] 10.0.0.126 "DELETE /resource_providers/3d9b7fb6-0677-4cac-9cb5-8eeb4e68ee21" status: 404 len: 246 microversion: 1.1 [pid: 8|app: 0|req: 398/788] 10.0.0.126 () {34 vars in 824 bytes} [Sat May 9 18:12:22 2026] DELETE /resource_providers/3d9b7fb6-0677-4cac-9cb5-8eeb4e68ee21 => generated 246 bytes in 10 msecs (HTTP/1.1 404) 6 headers in 231 bytes (1 switches on core 0)
2026-05-09 18:12:22.710 7 INFO placement.requestlog [None req-4d835698-d015-4b81-abc1-148d5849c4e1 9b59f34a42f44b59acffada6688f4c19 eed4dfac04f141ca88fe8b718c7e9e03 - - 0ae8b721ae004486adb9c48fe559be89 0ae8b721ae004486adb9c48fe559be89] 10.0.0.126 "DELETE /resource_providers/3d9b7fb6-0677-4cac-9cb5-8eeb4e68ee21" status: 404 len: 246 microversion: 1.1 [pid: 7|app: 0|req: 391/789] 10.0.0.126 () {34 vars in 824 bytes} [Sat May 9 18:12:22 2026] DELETE /resource_providers/3d9b7fb6-0677-4cac-9cb5-8eeb4e68ee21 => generated 246 bytes in 9 msecs (HTTP/1.1 404) 6 headers in 231 bytes (1 switches on core 0)
2026-05-09 18:12:23.856 8 INFO placement.requestlog [None req-7bf7a595-8331-4124-9a41-1976089182c8 - - - - - -] 10.0.0.207 "GET /" status: 200 len: 136 microversion: 1.0
2026-05-09 18:12:23.858 7 INFO placement.requestlog [None req-834f5821-d684-4536-9297-cd84a359df05 - - - - - -] 10.0.0.207 "GET /" status: 200 len: 136 microversion: 1.0
2026-05-09 18:12:24.443 8 INFO placement.requestlog [req-9374c30d-7496-44e4-9782-1308f185b15e req-e44c3539-5a36-4cab-9b0f-de8a37b60ef0 7f30780e8d1a410c88eb28e01f03c0f0 eed4dfac04f141ca88fe8b718c7e9e03 - - 0ae8b721ae004486adb9c48fe559be89 0ae8b721ae004486adb9c48fe559be89] 199.204.45.30 "GET /resource_providers/e039bda1-9606-4654-8f70-74180625fbd3/allocations" status: 200 len: 152 microversion: 1.0 [pid: 8|app: 0|req: 400/792] 199.204.45.30 () {32 vars in 855 bytes} [Sat May 9 18:12:24 2026] GET /resource_providers/e039bda1-9606-4654-8f70-74180625fbd3/allocations => generated 152 bytes in 18 msecs (HTTP/1.1 200) 6 headers in 224 bytes (1 switches on core 0)
2026-05-09 18:12:24.460 7 INFO placement.requestlog [req-9374c30d-7496-44e4-9782-1308f185b15e req-0d700cc2-e06d-41fb-9ba5-a667f4361fb8 7f30780e8d1a410c88eb28e01f03c0f0 eed4dfac04f141ca88fe8b718c7e9e03 - - 0ae8b721ae004486adb9c48fe559be89 0ae8b721ae004486adb9c48fe559be89] 199.204.45.30 "GET /allocations/189359c2-6209-484f-b9fb-ef22756b7feb" status: 200 len: 257 microversion: 1.28 [pid: 7|app: 0|req: 393/793] 199.204.45.30 () {34 vars in 861 bytes} [Sat May 9 18:12:24 2026] GET /allocations/189359c2-6209-484f-b9fb-ef22756b7feb => generated 257 bytes in 11 msecs (HTTP/1.1 200) 8 headers in 296 bytes (1 switches on core 0)
2026-05-09 18:12:25.511 8 INFO placement.requestlog [req-9374c30d-7496-44e4-9782-1308f185b15e req-c711a05d-2d0d-4407-b087-7aa5b6d43d21 7f30780e8d1a410c88eb28e01f03c0f0 eed4dfac04f141ca88fe8b718c7e9e03 - - 0ae8b721ae004486adb9c48fe559be89 0ae8b721ae004486adb9c48fe559be89] 199.204.45.30 "DELETE /allocations/189359c2-6209-484f-b9fb-ef22756b7feb" status: 204 len: 0 microversion: 1.0 [pid: 8|app: 0|req: 401/794] 199.204.45.30 () {34 vars in 839 bytes} [Sat May 9 18:12:25 2026] DELETE /allocations/189359c2-6209-484f-b9fb-ef22756b7feb => generated 0 bytes in 31 msecs (HTTP/1.1 204) 5 headers in 198 bytes (1 switches on core 0)
2026-05-09 18:12:29.607 8 INFO placement.requestlog [None req-d18ada2f-8227-4a48-bef5-4f64321e9517 9b59f34a42f44b59acffada6688f4c19 eed4dfac04f141ca88fe8b718c7e9e03 - - 0ae8b721ae004486adb9c48fe559be89 0ae8b721ae004486adb9c48fe559be89] 10.0.0.126 "GET /resource_providers/d6b93682-fbe5-4dd1-a8c7-d099c4442bc5/aggregates" status: 404 len: 235 microversion: 1.1 [pid: 8|app: 0|req: 402/795] 10.0.0.126 () {32 vars in 824 bytes} [Sat May 9 18:12:29 2026] GET /resource_providers/d6b93682-fbe5-4dd1-a8c7-d099c4442bc5/aggregates => generated 235 bytes in 9 msecs (HTTP/1.1 404) 5 headers in 202 bytes (1 switches on core 0)
2026-05-09 18:12:29.611 7 INFO placement.requestlog [None req-26bec361-d86c-46d5-935f-62c55739e2c8 9b59f34a42f44b59acffada6688f4c19 eed4dfac04f141ca88fe8b718c7e9e03 - - 0ae8b721ae004486adb9c48fe559be89 0ae8b721ae004486adb9c48fe559be89] 10.0.0.126 "GET /resource_providers/d6b93682-fbe5-4dd1-a8c7-d099c4442bc5/aggregates" status: 404 len: 235 microversion: 1.1 [pid: 7|app: 0|req: 394/796] 10.0.0.126 () {32 vars in 824 bytes} [Sat May 9 18:12:29 2026] GET /resource_providers/d6b93682-fbe5-4dd1-a8c7-d099c4442bc5/aggregates => generated 235 bytes in 13 msecs (HTTP/1.1 404) 5 headers in 202 bytes (1 switches on core 0)
2026-05-09 18:12:29.623 8 INFO placement.requestlog [None req-a39dc674-a065-4c7a-a8f2-2c25912785f4 9b59f34a42f44b59acffada6688f4c19 eed4dfac04f141ca88fe8b718c7e9e03 - - 0ae8b721ae004486adb9c48fe559be89 0ae8b721ae004486adb9c48fe559be89] 10.0.0.126 "DELETE /resource_providers/d6b93682-fbe5-4dd1-a8c7-d099c4442bc5" status: 404 len: 246 microversion: 1.1 [pid: 8|app: 0|req: 403/797] 10.0.0.126 () {34 vars in 824 bytes} [Sat May 9 18:12:29 2026] DELETE /resource_providers/d6b93682-fbe5-4dd1-a8c7-d099c4442bc5 => generated 246 bytes in 8 msecs (HTTP/1.1 404) 6 headers in 231 bytes (1 switches on core 0)
2026-05-09 18:12:29.627 7 INFO placement.requestlog [None req-42cff6a8-c12a-4c72-afaf-f2cdcc48737d 9b59f34a42f44b59acffada6688f4c19 eed4dfac04f141ca88fe8b718c7e9e03 - - 0ae8b721ae004486adb9c48fe559be89 0ae8b721ae004486adb9c48fe559be89] 10.0.0.126 "DELETE /resource_providers/d6b93682-fbe5-4dd1-a8c7-d099c4442bc5" status: 404 len: 246 microversion: 1.1 [pid: 7|app: 0|req: 395/798] 10.0.0.126 () {34 vars in 824 bytes} [Sat May 9 18:12:29 2026] DELETE /resource_providers/d6b93682-fbe5-4dd1-a8c7-d099c4442bc5 => generated 246 bytes in 9 msecs (HTTP/1.1 404) 6 headers in 231 bytes (1 switches on core 0)
2026-05-09 18:12:33.856 7 INFO placement.requestlog [None req-3ea92b6c-919e-4d99-af3a-1d22623ab913 - - - - - -] 10.0.0.207 "GET /" status: 200 len: 136 microversion: 1.0
2026-05-09 18:12:33.856 8 INFO placement.requestlog [None req-b0217b5c-b04f-461a-9471-f516b25ff431 - - - - - -] 10.0.0.207 "GET /" status: 200 len: 136 microversion: 1.0
2026-05-09 18:12:39.124 8 INFO placement.requestlog [req-9410bea7-4b0f-4a7e-8be5-abe86d5be671 req-cb9a7aab-d3c0-4bcd-a677-f828da829c4b 7f30780e8d1a410c88eb28e01f03c0f0 eed4dfac04f141ca88fe8b718c7e9e03 - - 0ae8b721ae004486adb9c48fe559be89 0ae8b721ae004486adb9c48fe559be89] 10.0.0.2 "GET /allocation_candidates?limit=1000&resources=DISK_GB%3A1%2CMEMORY_MB%3A512%2CVCPU%3A1&root_required=%21COMPUTE_STATUS_DISABLED" status: 200 len: 2384 microversion: 1.36 [pid: 8|app: 0|req: 405/801] 10.0.0.2 () {34 vars in 1009 bytes} [Sat May 9 18:12:39 2026] GET /allocation_candidates?limit=1000&resources=DISK_GB%3A1%2CMEMORY_MB%3A512%2CVCPU%3A1&root_required=%21COMPUTE_STATUS_DISABLED => generated 2384 bytes in 39 msecs (HTTP/1.1 200) 8 headers in 297 bytes (1 switches on core 0)
2026-05-09 18:12:39.150 7 INFO placement.requestlog [req-9410bea7-4b0f-4a7e-8be5-abe86d5be671 req-50e7bada-e7a2-4aa7-bc5b-c552dd48c9e5 7f30780e8d1a410c88eb28e01f03c0f0 eed4dfac04f141ca88fe8b718c7e9e03 - - 0ae8b721ae004486adb9c48fe559be89 0ae8b721ae004486adb9c48fe559be89] 10.0.0.2 "GET /allocations/6ac39868-aa92-452d-887f-61212166f29a" status: 200 len: 19 microversion: 1.28 [pid: 7|app: 0|req: 397/802] 10.0.0.2 () {34 vars in 858 bytes} [Sat May 9 18:12:39 2026] GET /allocations/6ac39868-aa92-452d-887f-61212166f29a => generated 19 bytes in 10 msecs (HTTP/1.1 200) 8 headers in 295 bytes (1 switches on core 0)
2026-05-09 18:12:39.220 8 INFO placement.requestlog [req-9410bea7-4b0f-4a7e-8be5-abe86d5be671 req-ec189e1e-2c91-497a-ab60-1e3669214da7 7f30780e8d1a410c88eb28e01f03c0f0 eed4dfac04f141ca88fe8b718c7e9e03 - - 0ae8b721ae004486adb9c48fe559be89 0ae8b721ae004486adb9c48fe559be89] 10.0.0.2 "PUT /allocations/6ac39868-aa92-452d-887f-61212166f29a" status: 204 len: 0 microversion: 1.36 [pid: 8|app: 0|req: 406/803] 10.0.0.2 () {38 vars in 911 bytes} [Sat May 9 18:12:39 2026] PUT /allocations/6ac39868-aa92-452d-887f-61212166f29a => generated 0 bytes in 66 msecs (HTTP/1.1 204) 5 headers in 199 bytes (1 switches on core 0)
2026-05-09 18:12:40.767 7 INFO placement.requestlog [req-9410bea7-4b0f-4a7e-8be5-abe86d5be671 req-930a735f-4c48-483b-8856-4f1e3d0b2d2a 7f30780e8d1a410c88eb28e01f03c0f0 eed4dfac04f141ca88fe8b718c7e9e03 - - 0ae8b721ae004486adb9c48fe559be89 0ae8b721ae004486adb9c48fe559be89] 199.204.45.30 "GET /allocations/6ac39868-aa92-452d-887f-61212166f29a" status: 200 len: 257 microversion: 1.28 [pid: 7|app: 0|req: 398/804] 199.204.45.30 () {34 vars in 861 bytes} [Sat May 9 18:12:40 2026] GET /allocations/6ac39868-aa92-452d-887f-61212166f29a => generated 257 bytes in 10 msecs (HTTP/1.1 200) 8 headers in 296 bytes (1 switches on core 0)
2026-05-09 18:12:41.805 8 INFO placement.requestlog [req-9410bea7-4b0f-4a7e-8be5-abe86d5be671 req-f1cd3b12-c1ae-4d1d-be66-5ca513a8712e 7f30780e8d1a410c88eb28e01f03c0f0 eed4dfac04f141ca88fe8b718c7e9e03 - - 0ae8b721ae004486adb9c48fe559be89 0ae8b721ae004486adb9c48fe559be89] 199.204.45.30 "GET /resource_providers/e039bda1-9606-4654-8f70-74180625fbd3/allocations" status: 200 len: 152 microversion: 1.0 [pid: 8|app: 0|req: 407/805] 199.204.45.30 () {32 vars in 855 bytes} [Sat May 9 18:12:41 2026] GET /resource_providers/e039bda1-9606-4654-8f70-74180625fbd3/allocations => generated 152 bytes in 14 msecs (HTTP/1.1 200) 6 headers in 224 bytes (1 switches on core 0)
2026-05-09 18:12:41.827 7 INFO placement.requestlog [req-9410bea7-4b0f-4a7e-8be5-abe86d5be671 req-1ec8f159-3010-4749-830a-155116b3cf2f 7f30780e8d1a410c88eb28e01f03c0f0 eed4dfac04f141ca88fe8b718c7e9e03 - - 0ae8b721ae004486adb9c48fe559be89 0ae8b721ae004486adb9c48fe559be89] 199.204.45.30 "GET /allocations/6ac39868-aa92-452d-887f-61212166f29a" status: 200 len: 257 microversion: 1.28 [pid: 7|app: 0|req: 399/806] 199.204.45.30 () {34 vars in 861 bytes} [Sat May 9 18:12:41 2026] GET /allocations/6ac39868-aa92-452d-887f-61212166f29a => generated 257 bytes in 18 msecs (HTTP/1.1 200) 8 headers in 296 bytes (1 switches on core 0)
2026-05-09 18:12:43.856 8 INFO placement.requestlog [None req-48e2e05c-866c-4c66-8044-955764749842 - - - - - -] 10.0.0.207 "GET /" status: 200 len: 136 microversion: 1.0
2026-05-09 18:12:43.856 7 INFO placement.requestlog [None req-f677d2c6-12c3-4ba7-b841-2c8e4da5dfd8 - - - - - -] 10.0.0.207 "GET /" status: 200 len: 136 microversion: 1.0
2026-05-09 18:12:45.343 8 INFO placement.requestlog [req-35070570-b1f8-4662-a44c-371c3b518407 req-af240563-4972-4d3b-bf8e-74313e5b4b14 7f30780e8d1a410c88eb28e01f03c0f0 eed4dfac04f141ca88fe8b718c7e9e03 - - 0ae8b721ae004486adb9c48fe559be89 0ae8b721ae004486adb9c48fe559be89] 10.0.0.2 "GET /allocation_candidates?limit=1000&resources=DISK_GB%3A1%2CMEMORY_MB%3A512%2CVCPU%3A1&root_required=%21COMPUTE_STATUS_DISABLED" status: 200 len: 2386 microversion: 1.36 [pid: 8|app: 0|req: 409/809] 10.0.0.2 () {34 vars in 1009 bytes} [Sat May 9 18:12:45 2026] GET /allocation_candidates?limit=1000&resources=DISK_GB%3A1%2CMEMORY_MB%3A512%2CVCPU%3A1&root_required=%21COMPUTE_STATUS_DISABLED => generated 2386 bytes in 39 msecs (HTTP/1.1 200) 8 headers in 297 bytes (1 switches on core 0)
2026-05-09 18:12:45.366 7 INFO placement.requestlog [req-35070570-b1f8-4662-a44c-371c3b518407 req-c369fac1-a804-436f-a7dc-1e2e55981024 7f30780e8d1a410c88eb28e01f03c0f0 eed4dfac04f141ca88fe8b718c7e9e03 - - 0ae8b721ae004486adb9c48fe559be89 0ae8b721ae004486adb9c48fe559be89] 10.0.0.2 "GET /allocations/e4ddd88d-ab6f-4561-b96a-98488b3032d9" status: 200 len: 19 microversion: 1.28 [pid: 7|app: 0|req: 401/810] 10.0.0.2 () {34 vars in 858 bytes} [Sat May 9 18:12:45 2026] GET /allocations/e4ddd88d-ab6f-4561-b96a-98488b3032d9 => generated 19 bytes in 10 msecs (HTTP/1.1 200) 8 headers in 295 bytes (1 switches on core 0)
2026-05-09 18:12:45.436 8 INFO placement.requestlog [req-35070570-b1f8-4662-a44c-371c3b518407 req-f85183c9-bc38-4ab2-b8c4-5e5628ca6b22 7f30780e8d1a410c88eb28e01f03c0f0 eed4dfac04f141ca88fe8b718c7e9e03 - - 0ae8b721ae004486adb9c48fe559be89 0ae8b721ae004486adb9c48fe559be89] 10.0.0.2 "PUT /allocations/e4ddd88d-ab6f-4561-b96a-98488b3032d9" status: 204 len: 0 microversion: 1.36 [pid: 8|app: 0|req: 410/811] 10.0.0.2 () {38 vars in 911 bytes} [Sat May 9 18:12:45 2026] PUT /allocations/e4ddd88d-ab6f-4561-b96a-98488b3032d9 => generated 0 bytes in 66 msecs (HTTP/1.1 204) 5 headers in 199 bytes (1 switches on core 0)
2026-05-09 18:12:47.122 7 INFO placement.requestlog [req-35070570-b1f8-4662-a44c-371c3b518407 req-c261dec6-5d07-4e47-8e46-049fb90dd167 7f30780e8d1a410c88eb28e01f03c0f0 eed4dfac04f141ca88fe8b718c7e9e03 - - 0ae8b721ae004486adb9c48fe559be89 0ae8b721ae004486adb9c48fe559be89] 199.204.45.30 "GET /allocations/e4ddd88d-ab6f-4561-b96a-98488b3032d9" status: 200 len: 257 microversion: 1.28 [pid: 7|app: 0|req: 402/812] 199.204.45.30 () {34 vars in 861 bytes} [Sat May 9 18:12:47 2026] GET /allocations/e4ddd88d-ab6f-4561-b96a-98488b3032d9 => generated 257 bytes in 13 msecs (HTTP/1.1 200) 8 headers in 296 bytes (1 switches on core 0)
2026-05-09 18:12:48.178 8 INFO placement.requestlog [req-35070570-b1f8-4662-a44c-371c3b518407 req-074073d1-4e98-4615-9b3c-5bc8dd3a930e 7f30780e8d1a410c88eb28e01f03c0f0 eed4dfac04f141ca88fe8b718c7e9e03 - - 0ae8b721ae004486adb9c48fe559be89 0ae8b721ae004486adb9c48fe559be89] 199.204.45.30 "GET /resource_providers/e039bda1-9606-4654-8f70-74180625fbd3/allocations" status: 200 len: 252 microversion: 1.0 [pid: 8|app: 0|req: 411/813] 199.204.45.30 () {32 vars in 855 bytes} [Sat May 9 18:12:48 2026] GET /resource_providers/e039bda1-9606-4654-8f70-74180625fbd3/allocations => generated 252 bytes in 13 msecs (HTTP/1.1 200) 6 headers in 224 bytes (1 switches on core 0)
2026-05-09 18:12:48.196 7 INFO placement.requestlog [req-35070570-b1f8-4662-a44c-371c3b518407 req-5d7991d6-44e7-4446-87a1-84c516cd0aaf 7f30780e8d1a410c88eb28e01f03c0f0 eed4dfac04f141ca88fe8b718c7e9e03 - - 0ae8b721ae004486adb9c48fe559be89 0ae8b721ae004486adb9c48fe559be89] 199.204.45.30 "GET /allocations/e4ddd88d-ab6f-4561-b96a-98488b3032d9" status: 200 len: 257 microversion: 1.28 [pid: 7|app: 0|req: 403/814] 199.204.45.30 () {34 vars in 861 bytes} [Sat May 9 18:12:48 2026] GET /allocations/e4ddd88d-ab6f-4561-b96a-98488b3032d9 => generated 257 bytes in 15 msecs (HTTP/1.1 200) 8 headers in 296 bytes (1 switches on core 0)
2026-05-09 18:12:48.212 8 INFO placement.requestlog [req-35070570-b1f8-4662-a44c-371c3b518407 req-bfdfebae-7799-4fb2-924e-b2c5cfc7c3e4 7f30780e8d1a410c88eb28e01f03c0f0 eed4dfac04f141ca88fe8b718c7e9e03 - - 0ae8b721ae004486adb9c48fe559be89 0ae8b721ae004486adb9c48fe559be89] 199.204.45.30 "GET /allocations/6ac39868-aa92-452d-887f-61212166f29a" status: 200 len: 257 microversion: 1.28 [pid: 8|app: 0|req: 412/815] 199.204.45.30 () {34 vars in 861 bytes} [Sat May 9 18:12:48 2026] GET /allocations/6ac39868-aa92-452d-887f-61212166f29a => generated 257 bytes in 11 msecs (HTTP/1.1 200) 8 headers in 296 bytes (1 switches on core 0)
2026-05-09 18:12:53.855 8 INFO placement.requestlog [None req-aa6d7856-1566-4386-b214-f272f46c5c53 - - - - - -] 10.0.0.207 "GET /" status: 200 len: 136 microversion: 1.0
2026-05-09 18:12:53.856 7 INFO placement.requestlog [None req-5e2871cd-0cf7-4917-be73-81a6ad35261b - - - - - -] 10.0.0.207 "GET /" status: 200 len: 136 microversion: 1.0
2026-05-09 18:12:58.080 8 INFO placement.requestlog [req-456798e9-b443-45a4-9ea1-8316769ed332 req-794107b5-e5a8-4329-8e49-ffa12cb5af79 7f30780e8d1a410c88eb28e01f03c0f0 eed4dfac04f141ca88fe8b718c7e9e03 - - 0ae8b721ae004486adb9c48fe559be89 0ae8b721ae004486adb9c48fe559be89] 10.0.0.2 "GET /allocation_candidates?limit=1000&resources=DISK_GB%3A1%2CMEMORY_MB%3A512%2CVCPU%3A1&root_required=%21COMPUTE_STATUS_DISABLED" status: 200 len: 2387 microversion: 1.36 [pid: 8|app: 0|req: 414/818] 10.0.0.2 () {34 vars in 1009 bytes} [Sat May 9 18:12:58 2026] GET /allocation_candidates?limit=1000&resources=DISK_GB%3A1%2CMEMORY_MB%3A512%2CVCPU%3A1&root_required=%21COMPUTE_STATUS_DISABLED => generated 2387 bytes in 40 msecs (HTTP/1.1 200) 8 headers in 297 bytes (1 switches on core 0)
2026-05-09 18:12:58.108 7 INFO placement.requestlog [req-456798e9-b443-45a4-9ea1-8316769ed332 req-47c9934d-2408-4547-9ab8-b1678863a7c6 7f30780e8d1a410c88eb28e01f03c0f0 eed4dfac04f141ca88fe8b718c7e9e03 - - 0ae8b721ae004486adb9c48fe559be89 0ae8b721ae004486adb9c48fe559be89] 10.0.0.2 "GET /allocations/a054c0cb-2b84-4983-9ab7-c0555e189015" status: 200 len: 19 microversion: 1.28 [pid: 7|app: 0|req: 405/819] 10.0.0.2 () {34 vars in 858 bytes} [Sat May 9 18:12:58 2026] GET /allocations/a054c0cb-2b84-4983-9ab7-c0555e189015 => generated 19 bytes in 9 msecs (HTTP/1.1 200) 8 headers in 295 bytes (1 switches on core 0)
2026-05-09 18:12:58.170 8 INFO placement.requestlog [req-456798e9-b443-45a4-9ea1-8316769ed332 req-23fa5e47-3ca0-4701-a3ac-7ea78c8ef1ba 7f30780e8d1a410c88eb28e01f03c0f0 eed4dfac04f141ca88fe8b718c7e9e03 - - 0ae8b721ae004486adb9c48fe559be89 0ae8b721ae004486adb9c48fe559be89] 10.0.0.2 "PUT /allocations/a054c0cb-2b84-4983-9ab7-c0555e189015" status: 204 len: 0 microversion: 1.36 [pid: 8|app: 0|req: 415/820] 10.0.0.2 () {38 vars in 911 bytes} [Sat May 9 18:12:58 2026] PUT /allocations/a054c0cb-2b84-4983-9ab7-c0555e189015 => generated 0 bytes in 57 msecs (HTTP/1.1 204) 5 headers in 199 bytes (1 switches on core 0)
2026-05-09 18:12:59.585 7 INFO placement.requestlog [None req-62076ba1-ce4d-451a-8f96-9ef1f0e1501a 9b59f34a42f44b59acffada6688f4c19 eed4dfac04f141ca88fe8b718c7e9e03 - - 0ae8b721ae004486adb9c48fe559be89 0ae8b721ae004486adb9c48fe559be89] 10.0.0.126 "GET /resource_providers/ec9c1411-1d10-46df-ba6e-4954d4a076be/aggregates" status: 404 len: 235 microversion: 1.1 [pid: 7|app: 0|req: 406/821] 10.0.0.126 () {32 vars in 824 bytes} [Sat May 9 18:12:59 2026] GET /resource_providers/ec9c1411-1d10-46df-ba6e-4954d4a076be/aggregates => generated 235 bytes in 10 msecs (HTTP/1.1 404) 5 headers in 202 bytes (1 switches on core 0)
2026-05-09 18:12:59.588 8 INFO placement.requestlog [None req-bb6ab46a-cbb8-4876-aa4a-a84636b4f09a 9b59f34a42f44b59acffada6688f4c19 eed4dfac04f141ca88fe8b718c7e9e03 - - 0ae8b721ae004486adb9c48fe559be89 0ae8b721ae004486adb9c48fe559be89] 10.0.0.126 "GET /resource_providers/ec9c1411-1d10-46df-ba6e-4954d4a076be/aggregates" status: 404 len: 235 microversion: 1.1 [pid: 8|app: 0|req: 416/822] 10.0.0.126 () {32 vars in 824 bytes} [Sat May 9 18:12:59 2026] GET /resource_providers/ec9c1411-1d10-46df-ba6e-4954d4a076be/aggregates => generated 235 bytes in 12 msecs (HTTP/1.1 404) 5 headers in 202 bytes (1 switches on core 0)
2026-05-09 18:12:59.603 7 INFO placement.requestlog [None req-f05aeca1-ea72-47bf-8705-ce77ad89d0e2 9b59f34a42f44b59acffada6688f4c19 eed4dfac04f141ca88fe8b718c7e9e03 - - 0ae8b721ae004486adb9c48fe559be89 0ae8b721ae004486adb9c48fe559be89] 10.0.0.126 "DELETE /resource_providers/ec9c1411-1d10-46df-ba6e-4954d4a076be" status: 404 len: 246 microversion: 1.1 [pid: 7|app: 0|req: 407/823] 10.0.0.126 () {34 vars in 824 bytes} [Sat May 9 18:12:59 2026] DELETE /resource_providers/ec9c1411-1d10-46df-ba6e-4954d4a076be => generated 246 bytes in 7 msecs (HTTP/1.1 404) 6 headers in 231 bytes (1 switches on core 0)
2026-05-09 18:12:59.607 8 INFO placement.requestlog [None req-56131db7-331a-4955-8666-f7742803a470 9b59f34a42f44b59acffada6688f4c19 eed4dfac04f141ca88fe8b718c7e9e03 - - 0ae8b721ae004486adb9c48fe559be89 0ae8b721ae004486adb9c48fe559be89] 10.0.0.126 "DELETE /resource_providers/ec9c1411-1d10-46df-ba6e-4954d4a076be" status: 404 len: 246 microversion: 1.1 [pid: 8|app: 0|req: 417/824] 10.0.0.126 () {34 vars in 824 bytes} [Sat May 9 18:12:59 2026] DELETE /resource_providers/ec9c1411-1d10-46df-ba6e-4954d4a076be => generated 246 bytes in 11 msecs (HTTP/1.1 404) 6 headers in 231 bytes (1 switches on core 0)
2026-05-09 18:12:59.674 7 INFO placement.requestlog [req-456798e9-b443-45a4-9ea1-8316769ed332 req-8337648a-23f4-45c7-a0b9-69fb98308bed 7f30780e8d1a410c88eb28e01f03c0f0 eed4dfac04f141ca88fe8b718c7e9e03 - - 0ae8b721ae004486adb9c48fe559be89 0ae8b721ae004486adb9c48fe559be89] 199.204.45.30 "GET /allocations/a054c0cb-2b84-4983-9ab7-c0555e189015" status: 200 len: 258 microversion: 1.28 [pid: 7|app: 0|req: 408/825] 199.204.45.30 () {34 vars in 861 bytes} [Sat May 9 18:12:59 2026] GET /allocations/a054c0cb-2b84-4983-9ab7-c0555e189015 => generated 258 bytes in 11 msecs (HTTP/1.1 200) 8 headers in 296 bytes (1 switches on core 0)
2026-05-09 18:13:00.712 8 INFO placement.requestlog [req-456798e9-b443-45a4-9ea1-8316769ed332 req-8e745500-27e4-4d96-8ba9-1a02c412cb6d 7f30780e8d1a410c88eb28e01f03c0f0 eed4dfac04f141ca88fe8b718c7e9e03 - - 0ae8b721ae004486adb9c48fe559be89 0ae8b721ae004486adb9c48fe559be89] 199.204.45.30 "GET /resource_providers/e039bda1-9606-4654-8f70-74180625fbd3/allocations" status: 200 len: 353 microversion: 1.0 [pid: 8|app: 0|req: 418/826] 199.204.45.30 () {32 vars in 855 bytes} [Sat May 9 18:13:00 2026] GET /resource_providers/e039bda1-9606-4654-8f70-74180625fbd3/allocations => generated 353 bytes in 16 msecs (HTTP/1.1 200) 6 headers in 224 bytes (1 switches on core 0)
2026-05-09 18:13:00.729 7 INFO placement.requestlog [req-456798e9-b443-45a4-9ea1-8316769ed332 req-a8258aa6-e5b9-461b-be9b-54be7908f5cd 7f30780e8d1a410c88eb28e01f03c0f0 eed4dfac04f141ca88fe8b718c7e9e03 - - 0ae8b721ae004486adb9c48fe559be89 0ae8b721ae004486adb9c48fe559be89] 199.204.45.30 "GET /allocations/e4ddd88d-ab6f-4561-b96a-98488b3032d9" status: 200 len: 258 microversion: 1.28 [pid: 7|app: 0|req: 409/827] 199.204.45.30 () {34 vars in 861 bytes} [Sat May 9 18:13:00 2026] GET /allocations/e4ddd88d-ab6f-4561-b96a-98488b3032d9 => generated 258 bytes in 10 msecs (HTTP/1.1 200) 8 headers in 296 bytes (1 switches on core 0)
2026-05-09 18:13:00.745 8 INFO placement.requestlog [req-456798e9-b443-45a4-9ea1-8316769ed332 req-a4bd65b0-b3a4-476d-87d2-13c40759545e 7f30780e8d1a410c88eb28e01f03c0f0 eed4dfac04f141ca88fe8b718c7e9e03 - - 0ae8b721ae004486adb9c48fe559be89 0ae8b721ae004486adb9c48fe559be89] 199.204.45.30 "GET /allocations/a054c0cb-2b84-4983-9ab7-c0555e189015" status: 200 len: 258 microversion: 1.28 [pid: 8|app: 0|req: 419/828] 199.204.45.30 () {34 vars in 861 bytes} [Sat May 9 18:13:00 2026] GET /allocations/a054c0cb-2b84-4983-9ab7-c0555e189015 => generated 258 bytes in 10 msecs (HTTP/1.1 200) 8 headers in 296 bytes (1 switches on core 0)
2026-05-09 18:13:00.766 7 INFO placement.requestlog [req-456798e9-b443-45a4-9ea1-8316769ed332 req-4ef008ed-56e7-43cc-91c2-658e61912615 7f30780e8d1a410c88eb28e01f03c0f0 eed4dfac04f141ca88fe8b718c7e9e03 - - 0ae8b721ae004486adb9c48fe559be89 0ae8b721ae004486adb9c48fe559be89] 199.204.45.30 "GET /allocations/6ac39868-aa92-452d-887f-61212166f29a" status: 200 len: 258 microversion: 1.28 [pid: 7|app: 0|req: 410/829] 199.204.45.30 () {34 vars in 861 bytes} [Sat May 9 18:13:00 2026] GET /allocations/6ac39868-aa92-452d-887f-61212166f29a => generated 258 bytes in 15 msecs (HTTP/1.1 200) 8 headers in 296 bytes (1 switches on core 0)
2026-05-09 18:13:03.688 8 INFO placement.requestlog [None req-74281a43-0e33-4176-aa2f-9f9a4dbb940b 9b59f34a42f44b59acffada6688f4c19 eed4dfac04f141ca88fe8b718c7e9e03 - - 0ae8b721ae004486adb9c48fe559be89 0ae8b721ae004486adb9c48fe559be89] 10.0.0.126 "GET /resource_providers/85471b92-bdba-4638-9f2d-2214d92853f2/aggregates" status: 404 len: 235 microversion: 1.1
2026-05-09 18:13:03.688 7 INFO placement.requestlog [None req-52dd4ce8-fa30-482b-a255-d69c02e9e14b 9b59f34a42f44b59acffada6688f4c19 eed4dfac04f141ca88fe8b718c7e9e03 - - 0ae8b721ae004486adb9c48fe559be89 0ae8b721ae004486adb9c48fe559be89] 10.0.0.126 "GET /resource_providers/85471b92-bdba-4638-9f2d-2214d92853f2/aggregates" status: 404 len: 235 microversion: 1.1 [pid: 8|app: 0|req: 420/830] 10.0.0.126 () {32 vars in 824 bytes} [Sat May 9 18:13:03 2026] GET /resource_providers/85471b92-bdba-4638-9f2d-2214d92853f2/aggregates => generated 235 bytes in 10 msecs (HTTP/1.1 404) 5 headers in 202 bytes (1 switches on core 0) [pid: 7|app: 0|req: 411/831] 10.0.0.126 () {32 vars in 824 bytes} [Sat May 9 18:13:03 2026] GET /resource_providers/85471b92-bdba-4638-9f2d-2214d92853f2/aggregates => generated 235 bytes in 10 msecs (HTTP/1.1 404) 5 headers in 202 bytes (1 switches on core 0)
2026-05-09 18:13:03.699 8 INFO placement.requestlog [None req-d286776f-e918-4156-942c-d3576cf51958 9b59f34a42f44b59acffada6688f4c19 eed4dfac04f141ca88fe8b718c7e9e03 - - 0ae8b721ae004486adb9c48fe559be89 0ae8b721ae004486adb9c48fe559be89] 10.0.0.126 "DELETE /resource_providers/85471b92-bdba-4638-9f2d-2214d92853f2" status: 404 len: 246 microversion: 1.1 [pid: 8|app: 0|req: 421/832] 10.0.0.126 () {34 vars in 824 bytes} [Sat May 9 18:13:03 2026] DELETE /resource_providers/85471b92-bdba-4638-9f2d-2214d92853f2 => generated 246 bytes in 7 msecs (HTTP/1.1 404) 6 headers in 231 bytes (1 switches on core 0)
2026-05-09 18:13:03.706 7 INFO placement.requestlog [None req-d2408ed1-558e-4f51-b7a1-05be19e14665 9b59f34a42f44b59acffada6688f4c19 eed4dfac04f141ca88fe8b718c7e9e03 - - 0ae8b721ae004486adb9c48fe559be89 0ae8b721ae004486adb9c48fe559be89] 10.0.0.126 "DELETE /resource_providers/85471b92-bdba-4638-9f2d-2214d92853f2" status: 404 len: 246 microversion: 1.1 [pid: 7|app: 0|req: 412/833] 10.0.0.126 () {34 vars in 824 bytes} [Sat May 9 18:13:03 2026] DELETE /resource_providers/85471b92-bdba-4638-9f2d-2214d92853f2 => generated 246 bytes in 10 msecs (HTTP/1.1 404) 6 headers in 231 bytes (1 switches on core 0)
2026-05-09 18:13:03.855 7 INFO placement.requestlog [None req-46733e7b-f931-4255-b220-f525fde6c991 - - - - - -] 10.0.0.207 "GET /" status: 200 len: 136 microversion: 1.0
2026-05-09 18:13:03.855 8 INFO placement.requestlog [None req-96954baf-1a1c-46d4-a8f0-6069cfb94d2e - - - - - -] 10.0.0.207 "GET /" status: 200 len: 136 microversion: 1.0
2026-05-09 18:13:05.716 7 INFO placement.requestlog [None req-118872ac-91c4-4980-9028-d939f16bbffe 9b59f34a42f44b59acffada6688f4c19 eed4dfac04f141ca88fe8b718c7e9e03 - - 0ae8b721ae004486adb9c48fe559be89 0ae8b721ae004486adb9c48fe559be89] 10.0.0.126 "GET /resource_providers/716db7a1-872e-4eb4-90cb-51fbf08b7584/aggregates" status: 404 len: 235 microversion: 1.1 [pid: 7|app: 0|req: 414/836] 10.0.0.126 () {32 vars in 824 bytes} [Sat May 9 18:13:05 2026] GET /resource_providers/716db7a1-872e-4eb4-90cb-51fbf08b7584/aggregates => generated 235 bytes in 10 msecs (HTTP/1.1 404) 5 headers in 202 bytes (1 switches on core 0)
2026-05-09 18:13:05.719 8 INFO placement.requestlog [None req-37459ba9-9626-4f02-98b8-c99f4f85aaff 9b59f34a42f44b59acffada6688f4c19 eed4dfac04f141ca88fe8b718c7e9e03 - - 0ae8b721ae004486adb9c48fe559be89 0ae8b721ae004486adb9c48fe559be89] 10.0.0.126 "GET /resource_providers/716db7a1-872e-4eb4-90cb-51fbf08b7584/aggregates" status: 404 len: 235 microversion: 1.1 [pid: 8|app: 0|req: 423/837] 10.0.0.126 () {32 vars in 824 bytes} [Sat May 9 18:13:05 2026] GET /resource_providers/716db7a1-872e-4eb4-90cb-51fbf08b7584/aggregates => generated 235 bytes in 7 msecs (HTTP/1.1 404) 5 headers in 202 bytes (1 switches on core 0)
2026-05-09 18:13:05.732 8 INFO placement.requestlog [None req-898f476b-d4fa-4626-a066-826cb43d0e8b 9b59f34a42f44b59acffada6688f4c19 eed4dfac04f141ca88fe8b718c7e9e03 - - 0ae8b721ae004486adb9c48fe559be89 0ae8b721ae004486adb9c48fe559be89] 10.0.0.126 "DELETE /resource_providers/716db7a1-872e-4eb4-90cb-51fbf08b7584" status: 404 len: 246 microversion: 1.1 [pid: 8|app: 0|req: 424/838] 10.0.0.126 () {34 vars in 824 bytes} [Sat May 9 18:13:05 2026] DELETE /resource_providers/716db7a1-872e-4eb4-90cb-51fbf08b7584 => generated 246 bytes in 6 msecs (HTTP/1.1 404) 6 headers in 231 bytes (1 switches on core 0)
2026-05-09 18:13:05.732 7 INFO placement.requestlog [None req-5b168288-a7c4-4ada-a98c-1f2e689fe9c2 9b59f34a42f44b59acffada6688f4c19 eed4dfac04f141ca88fe8b718c7e9e03 - - 0ae8b721ae004486adb9c48fe559be89 0ae8b721ae004486adb9c48fe559be89] 10.0.0.126 "DELETE /resource_providers/716db7a1-872e-4eb4-90cb-51fbf08b7584" status: 404 len: 246 microversion: 1.1 [pid: 7|app: 0|req: 415/839] 10.0.0.126 () {34 vars in 824 bytes} [Sat May 9 18:13:05 2026] DELETE /resource_providers/716db7a1-872e-4eb4-90cb-51fbf08b7584 => generated 246 bytes in 7 msecs (HTTP/1.1 404) 6 headers in 231 bytes (1 switches on core 0)
2026-05-09 18:13:09.384 7 INFO placement.requestlog [None req-32990b3b-b653-49f5-8314-8f537144b347 9b59f34a42f44b59acffada6688f4c19 eed4dfac04f141ca88fe8b718c7e9e03 - - 0ae8b721ae004486adb9c48fe559be89 0ae8b721ae004486adb9c48fe559be89] 10.0.0.126 "GET /resource_providers/fafb4061-580d-4051-9313-b6992fdc6ec8/aggregates" status: 404 len: 235 microversion: 1.1
2026-05-09 18:13:09.384 8 INFO placement.requestlog [None req-3b28f8d2-99b8-4cf6-8d53-caaa206e0d7b 9b59f34a42f44b59acffada6688f4c19 eed4dfac04f141ca88fe8b718c7e9e03 - - 0ae8b721ae004486adb9c48fe559be89 0ae8b721ae004486adb9c48fe559be89] 10.0.0.126 "GET /resource_providers/fafb4061-580d-4051-9313-b6992fdc6ec8/aggregates" status: 404 len: 235 microversion: 1.1 [pid: 7|app: 0|req: 416/840] 10.0.0.126 () {32 vars in 824 bytes} [Sat May 9 18:13:09 2026] GET /resource_providers/fafb4061-580d-4051-9313-b6992fdc6ec8/aggregates => generated 235 bytes in 15 msecs (HTTP/1.1 404) 5 headers in 202 bytes (1 switches on core 0) [pid: 8|app: 0|req: 425/841] 10.0.0.126 () {32 vars in 824 bytes} [Sat May 9 18:13:09 2026] GET /resource_providers/fafb4061-580d-4051-9313-b6992fdc6ec8/aggregates => generated 235 bytes in 15 msecs (HTTP/1.1 404) 5 headers in 202 bytes (1 switches on core 0)
2026-05-09 18:13:09.401 7 INFO placement.requestlog [None req-daa522e1-f38c-421f-b43c-829c8f686919 9b59f34a42f44b59acffada6688f4c19 eed4dfac04f141ca88fe8b718c7e9e03 - - 0ae8b721ae004486adb9c48fe559be89 0ae8b721ae004486adb9c48fe559be89] 10.0.0.126 "DELETE /resource_providers/fafb4061-580d-4051-9313-b6992fdc6ec8" status: 404 len: 246 microversion: 1.1 [pid: 7|app: 0|req: 417/842] 10.0.0.126 () {34 vars in 824 bytes} [Sat May 9 18:13:09 2026] DELETE /resource_providers/fafb4061-580d-4051-9313-b6992fdc6ec8 => generated 246 bytes in 9 msecs (HTTP/1.1 404) 6 headers in 231 bytes (1 switches on core 0)
2026-05-09 18:13:09.409 8 INFO placement.requestlog [None req-58dbc532-deab-4e79-bee3-1ee279db9bb5 9b59f34a42f44b59acffada6688f4c19 eed4dfac04f141ca88fe8b718c7e9e03 - - 0ae8b721ae004486adb9c48fe559be89 0ae8b721ae004486adb9c48fe559be89] 10.0.0.126 "DELETE /resource_providers/fafb4061-580d-4051-9313-b6992fdc6ec8" status: 404 len: 246 microversion: 1.1 [pid: 8|app: 0|req: 426/843] 10.0.0.126 () {34 vars in 824 bytes} [Sat May 9 18:13:09 2026] DELETE /resource_providers/fafb4061-580d-4051-9313-b6992fdc6ec8 => generated 246 bytes in 16 msecs (HTTP/1.1 404) 6 headers in 231 bytes (1 switches on core 0)
2026-05-09 18:13:10.417 8 INFO placement.requestlog [None req-babcd97f-1f73-4329-bdc4-fab946285238 9b59f34a42f44b59acffada6688f4c19 eed4dfac04f141ca88fe8b718c7e9e03 - - 0ae8b721ae004486adb9c48fe559be89 0ae8b721ae004486adb9c48fe559be89] 10.0.0.126 "GET /resource_providers/48a93f02-6e9e-4fee-b9f6-bdd447a52c49/aggregates" status: 404 len: 235 microversion: 1.1 [pid: 8|app: 0|req: 427/844] 10.0.0.126 () {32 vars in 824 bytes} [Sat May 9 18:13:10 2026] GET /resource_providers/48a93f02-6e9e-4fee-b9f6-bdd447a52c49/aggregates => generated 235 bytes in 19 msecs (HTTP/1.1 404) 5 headers in 202 bytes (1 switches on core 0)
2026-05-09 18:13:10.426 7 INFO placement.requestlog [None req-f4b75e0b-5f42-4f97-9800-845b5bd8e915 9b59f34a42f44b59acffada6688f4c19 eed4dfac04f141ca88fe8b718c7e9e03 - - 0ae8b721ae004486adb9c48fe559be89 0ae8b721ae004486adb9c48fe559be89] 10.0.0.126 "GET /resource_providers/48a93f02-6e9e-4fee-b9f6-bdd447a52c49/aggregates" status: 404 len: 235 microversion: 1.1 [pid: 7|app: 0|req: 418/845] 10.0.0.126 () {32 vars in 824 bytes} [Sat May 9 18:13:10 2026] GET /resource_providers/48a93f02-6e9e-4fee-b9f6-bdd447a52c49/aggregates => generated 235 bytes in 25 msecs (HTTP/1.1 404) 5 headers in 202 bytes (1 switches on core 0)
2026-05-09 18:13:10.441 7 INFO placement.requestlog [None req-3076d604-86cf-42e9-9a56-f03bd9fc5484 9b59f34a42f44b59acffada6688f4c19 eed4dfac04f141ca88fe8b718c7e9e03 - - 0ae8b721ae004486adb9c48fe559be89 0ae8b721ae004486adb9c48fe559be89] 10.0.0.126 "DELETE /resource_providers/48a93f02-6e9e-4fee-b9f6-bdd447a52c49" status: 404 len: 246 microversion: 1.1 [pid: 7|app: 0|req: 419/846] 10.0.0.126 () {34 vars in 824 bytes} [Sat May 9 18:13:10 2026] DELETE /resource_providers/48a93f02-6e9e-4fee-b9f6-bdd447a52c49 => generated 246 bytes in 8 msecs (HTTP/1.1 404) 6 headers in 231 bytes (1 switches on core 0)
2026-05-09 18:13:10.442 8 INFO placement.requestlog [None req-528d9a37-0a02-4d30-b7f9-291ea178947c 9b59f34a42f44b59acffada6688f4c19 eed4dfac04f141ca88fe8b718c7e9e03 - - 0ae8b721ae004486adb9c48fe559be89 0ae8b721ae004486adb9c48fe559be89] 10.0.0.126 "DELETE /resource_providers/48a93f02-6e9e-4fee-b9f6-bdd447a52c49" status: 404 len: 246 microversion: 1.1 [pid: 8|app: 0|req: 428/847] 10.0.0.126 () {34 vars in 824 bytes} [Sat May 9 18:13:10 2026] DELETE /resource_providers/48a93f02-6e9e-4fee-b9f6-bdd447a52c49 => generated 246 bytes in 16 msecs (HTTP/1.1 404) 6 headers in 231 bytes (1 switches on core 0)
2026-05-09 18:13:11.426 8 INFO placement.requestlog [None req-473518a7-37d5-4a25-ae31-43667601de86 9b59f34a42f44b59acffada6688f4c19 eed4dfac04f141ca88fe8b718c7e9e03 - - 0ae8b721ae004486adb9c48fe559be89 0ae8b721ae004486adb9c48fe559be89] 10.0.0.126 "GET /resource_providers/3e01d684-0c27-49d7-a007-d239c1946722/aggregates" status: 404 len: 235 microversion: 1.1 [pid: 8|app: 0|req: 429/848] 10.0.0.126 () {32 vars in 824 bytes} [Sat May 9 18:13:11 2026] GET /resource_providers/3e01d684-0c27-49d7-a007-d239c1946722/aggregates => generated 235 bytes in 12 msecs (HTTP/1.1 404) 5 headers in 202 bytes (1 switches on core 0)
2026-05-09 18:13:11.427 7 INFO placement.requestlog [None req-5ba1252e-542e-431d-91b0-4ef4d0e18b6e 9b59f34a42f44b59acffada6688f4c19 eed4dfac04f141ca88fe8b718c7e9e03 - - 0ae8b721ae004486adb9c48fe559be89 0ae8b721ae004486adb9c48fe559be89] 10.0.0.126 "GET /resource_providers/3e01d684-0c27-49d7-a007-d239c1946722/aggregates" status: 404 len: 235 microversion: 1.1 [pid: 7|app: 0|req: 420/849] 10.0.0.126 () {32 vars in 824 bytes} [Sat May 9 18:13:11 2026] GET /resource_providers/3e01d684-0c27-49d7-a007-d239c1946722/aggregates => generated 235 bytes in 12 msecs (HTTP/1.1 404) 5 headers in 202 bytes (1 switches on core 0)
2026-05-09 18:13:11.442 7 INFO placement.requestlog [None req-663f1730-dd05-46fa-b5fd-77815f6ffe5d 9b59f34a42f44b59acffada6688f4c19 eed4dfac04f141ca88fe8b718c7e9e03 - - 0ae8b721ae004486adb9c48fe559be89 0ae8b721ae004486adb9c48fe559be89] 10.0.0.126 "DELETE /resource_providers/3e01d684-0c27-49d7-a007-d239c1946722" status: 404 len: 246 microversion: 1.1 [pid: 7|app: 0|req: 421/850] 10.0.0.126 () {34 vars in 824 bytes} [Sat May 9 18:13:11 2026] DELETE /resource_providers/3e01d684-0c27-49d7-a007-d239c1946722 => generated 246 bytes in 9 msecs (HTTP/1.1 404) 6 headers in 231 bytes (1 switches on core 0)
2026-05-09 18:13:11.445 8 INFO placement.requestlog [None req-404ec177-7ef3-4665-bf6c-213dd326fbbb 9b59f34a42f44b59acffada6688f4c19 eed4dfac04f141ca88fe8b718c7e9e03 - - 0ae8b721ae004486adb9c48fe559be89 0ae8b721ae004486adb9c48fe559be89] 10.0.0.126 "DELETE /resource_providers/3e01d684-0c27-49d7-a007-d239c1946722" status: 404 len: 246 microversion: 1.1 [pid: 8|app: 0|req: 430/851] 10.0.0.126 () {34 vars in 824 bytes} [Sat May 9 18:13:11 2026] DELETE /resource_providers/3e01d684-0c27-49d7-a007-d239c1946722 => generated 246 bytes in 12 msecs (HTTP/1.1 404) 6 headers in 231 bytes (1 switches on core 0)
2026-05-09 18:13:12.460 7 INFO placement.requestlog [None req-113d6f6f-33c7-4d13-922e-c2d401d97b01 9b59f34a42f44b59acffada6688f4c19 eed4dfac04f141ca88fe8b718c7e9e03 - - 0ae8b721ae004486adb9c48fe559be89 0ae8b721ae004486adb9c48fe559be89] 10.0.0.126 "GET /resource_providers/bf53f7ed-5737-4eb8-bb4c-6952170f3045/aggregates" status: 404 len: 235 microversion: 1.1 [pid: 7|app: 0|req: 422/852] 10.0.0.126 () {32 vars in 824 bytes} [Sat May 9 18:13:12 2026] GET /resource_providers/bf53f7ed-5737-4eb8-bb4c-6952170f3045/aggregates => generated 235 bytes in 11 msecs (HTTP/1.1 404) 5 headers in 202 bytes (1 switches on core 0)
2026-05-09 18:13:12.467 8 INFO placement.requestlog [None req-990fb301-e237-49f5-aeba-0aff819c660a 9b59f34a42f44b59acffada6688f4c19 eed4dfac04f141ca88fe8b718c7e9e03 - - 0ae8b721ae004486adb9c48fe559be89 0ae8b721ae004486adb9c48fe559be89] 10.0.0.126 "GET /resource_providers/bf53f7ed-5737-4eb8-bb4c-6952170f3045/aggregates" status: 404 len: 235 microversion: 1.1 [pid: 8|app: 0|req: 431/853] 10.0.0.126 () {32 vars in 824 bytes} [Sat May 9 18:13:12 2026] GET /resource_providers/bf53f7ed-5737-4eb8-bb4c-6952170f3045/aggregates => generated 235 bytes in 14 msecs (HTTP/1.1 404) 5 headers in 202 bytes (1 switches on core 0)
2026-05-09 18:13:12.475 7 INFO placement.requestlog [None req-d8b8ccd6-3570-411f-ab92-33f17bbf880c 9b59f34a42f44b59acffada6688f4c19 eed4dfac04f141ca88fe8b718c7e9e03 - - 0ae8b721ae004486adb9c48fe559be89 0ae8b721ae004486adb9c48fe559be89] 10.0.0.126 "DELETE /resource_providers/bf53f7ed-5737-4eb8-bb4c-6952170f3045" status: 404 len: 246 microversion: 1.1 [pid: 7|app: 0|req: 423/854] 10.0.0.126 () {34 vars in 824 bytes} [Sat May 9 18:13:12 2026] DELETE /resource_providers/bf53f7ed-5737-4eb8-bb4c-6952170f3045 => generated 246 bytes in 9 msecs (HTTP/1.1 404) 6 headers in 231 bytes (1 switches on core 0)
2026-05-09 18:13:12.482 8 INFO placement.requestlog [None req-c75fa6eb-9ce0-4b8f-9db7-986de9c04ab2 9b59f34a42f44b59acffada6688f4c19 eed4dfac04f141ca88fe8b718c7e9e03 - - 0ae8b721ae004486adb9c48fe559be89 0ae8b721ae004486adb9c48fe559be89] 10.0.0.126 "DELETE /resource_providers/bf53f7ed-5737-4eb8-bb4c-6952170f3045" status: 404 len: 246 microversion: 1.1 [pid: 8|app: 0|req: 432/855] 10.0.0.126 () {34 vars in 824 bytes} [Sat May 9 18:13:12 2026] DELETE /resource_providers/bf53f7ed-5737-4eb8-bb4c-6952170f3045 => generated 246 bytes in 9 msecs (HTTP/1.1 404) 6 headers in 231 bytes (1 switches on core 0)
2026-05-09 18:13:13.543 7 INFO placement.requestlog [req-dda6217e-a08e-433a-a474-9e58a87f768c req-0e5af572-4903-4cd7-a192-f7ec6f74f123 7f30780e8d1a410c88eb28e01f03c0f0 eed4dfac04f141ca88fe8b718c7e9e03 - - 0ae8b721ae004486adb9c48fe559be89 0ae8b721ae004486adb9c48fe559be89] 199.204.45.30 "GET /resource_providers/e039bda1-9606-4654-8f70-74180625fbd3/allocations" status: 200 len: 353 microversion: 1.0 [pid: 7|app: 0|req: 424/856] 199.204.45.30 () {32 vars in 855 bytes} [Sat May 9 18:13:13 2026] GET /resource_providers/e039bda1-9606-4654-8f70-74180625fbd3/allocations => generated 353 bytes in 19 msecs (HTTP/1.1 200) 6 headers in 224 bytes (1 switches on core 0)
2026-05-09 18:13:13.576 8 INFO placement.requestlog [req-dda6217e-a08e-433a-a474-9e58a87f768c req-ca315092-ebaf-4b84-ad44-7fb07eb369c9 7f30780e8d1a410c88eb28e01f03c0f0 eed4dfac04f141ca88fe8b718c7e9e03 - - 0ae8b721ae004486adb9c48fe559be89 0ae8b721ae004486adb9c48fe559be89] 199.204.45.30 "GET /allocations/e4ddd88d-ab6f-4561-b96a-98488b3032d9" status: 200 len: 258 microversion: 1.28 [pid: 8|app: 0|req: 433/857] 199.204.45.30 () {34 vars in 861 bytes} [Sat May 9 18:13:13 2026] GET /allocations/e4ddd88d-ab6f-4561-b96a-98488b3032d9 => generated 258 bytes in 25 msecs (HTTP/1.1 200) 8 headers in 296 bytes (1 switches on core 0)
2026-05-09 18:13:13.602 7 INFO placement.requestlog [req-dda6217e-a08e-433a-a474-9e58a87f768c req-e81e9f5b-378e-43ad-8c81-8a2c1ca121df 7f30780e8d1a410c88eb28e01f03c0f0 eed4dfac04f141ca88fe8b718c7e9e03 - - 0ae8b721ae004486adb9c48fe559be89 0ae8b721ae004486adb9c48fe559be89] 199.204.45.30 "GET /allocations/a054c0cb-2b84-4983-9ab7-c0555e189015" status: 200 len: 258 microversion: 1.28 [pid: 7|app: 0|req: 425/858] 199.204.45.30 () {34 vars in 861 bytes} [Sat May 9 18:13:13 2026] GET /allocations/a054c0cb-2b84-4983-9ab7-c0555e189015 => generated 258 bytes in 21 msecs (HTTP/1.1 200) 8 headers in 296 bytes (1 switches on core 0)
2026-05-09 18:13:13.624 8 INFO placement.requestlog [req-dda6217e-a08e-433a-a474-9e58a87f768c req-5aa8abe2-378e-45d2-b2de-72aff5836677 7f30780e8d1a410c88eb28e01f03c0f0 eed4dfac04f141ca88fe8b718c7e9e03 - - 0ae8b721ae004486adb9c48fe559be89 0ae8b721ae004486adb9c48fe559be89] 199.204.45.30 "GET /allocations/6ac39868-aa92-452d-887f-61212166f29a" status: 200 len: 258 microversion: 1.28 [pid: 8|app: 0|req: 434/859] 199.204.45.30 () {34 vars in 861 bytes} [Sat May 9 18:13:13 2026] GET /allocations/6ac39868-aa92-452d-887f-61212166f29a => generated 258 bytes in 14 msecs (HTTP/1.1 200) 8 headers in 296 bytes (1 switches on core 0)
2026-05-09 18:13:13.856 8 INFO placement.requestlog [None req-9385f2b2-c253-47a3-abb5-18cc7586f452 - - - - - -] 10.0.0.207 "GET /" status: 200 len: 136 microversion: 1.0
2026-05-09 18:13:13.856 7 INFO placement.requestlog [None req-164886ea-3f21-4ecd-b660-6d65760df9b0 - - - - - -] 10.0.0.207 "GET /" status: 200 len: 136 microversion: 1.0
2026-05-09 18:13:14.673 8 INFO placement.requestlog [req-dda6217e-a08e-433a-a474-9e58a87f768c req-9f3ca57a-91e9-454a-894c-780f5949b6a5 7f30780e8d1a410c88eb28e01f03c0f0 eed4dfac04f141ca88fe8b718c7e9e03 - - 0ae8b721ae004486adb9c48fe559be89 0ae8b721ae004486adb9c48fe559be89] 199.204.45.30 "DELETE /allocations/e4ddd88d-ab6f-4561-b96a-98488b3032d9" status: 204 len: 0 microversion: 1.0 [pid: 8|app: 0|req: 436/862] 199.204.45.30 () {34 vars in 839 bytes} [Sat May 9 18:13:14 2026] DELETE /allocations/e4ddd88d-ab6f-4561-b96a-98488b3032d9 => generated 0 bytes in 24 msecs (HTTP/1.1 204) 5 headers in 198 bytes (1 switches on core 0)
2026-05-09 18:13:19.162 8 INFO placement.requestlog [None req-b871aa48-74a3-43e6-a480-6ef87a47ef25 9b59f34a42f44b59acffada6688f4c19 eed4dfac04f141ca88fe8b718c7e9e03 - - 0ae8b721ae004486adb9c48fe559be89 0ae8b721ae004486adb9c48fe559be89] 10.0.0.126 "GET /resource_providers/a97c020c-0ab4-40fe-a2d6-21afb52dc947/aggregates" status: 404 len: 235 microversion: 1.1 [pid: 8|app: 0|req: 437/863] 10.0.0.126 () {32 vars in 824 bytes} [Sat May 9 18:13:19 2026] GET /resource_providers/a97c020c-0ab4-40fe-a2d6-21afb52dc947/aggregates => generated 235 bytes in 12 msecs (HTTP/1.1 404) 5 headers in 202 bytes (1 switches on core 0)
2026-05-09 18:13:19.165 7 INFO placement.requestlog [None req-8eed0a52-ff68-442a-9000-3f34418f71b1 9b59f34a42f44b59acffada6688f4c19 eed4dfac04f141ca88fe8b718c7e9e03 - - 0ae8b721ae004486adb9c48fe559be89 0ae8b721ae004486adb9c48fe559be89] 10.0.0.126 "GET /resource_providers/a97c020c-0ab4-40fe-a2d6-21afb52dc947/aggregates" status: 404 len: 235 microversion: 1.1 [pid: 7|app: 0|req: 427/864] 10.0.0.126 () {32 vars in 824 bytes} [Sat May 9 18:13:19 2026] GET /resource_providers/a97c020c-0ab4-40fe-a2d6-21afb52dc947/aggregates => generated 235 bytes in 16 msecs (HTTP/1.1 404) 5 headers in 202 bytes (1 switches on core 0)
2026-05-09 18:13:19.174 8 INFO placement.requestlog [None req-1e0dc1f0-e99a-42ff-9538-80caee580eab 9b59f34a42f44b59acffada6688f4c19 eed4dfac04f141ca88fe8b718c7e9e03 - - 0ae8b721ae004486adb9c48fe559be89 0ae8b721ae004486adb9c48fe559be89] 10.0.0.126 "DELETE /resource_providers/a97c020c-0ab4-40fe-a2d6-21afb52dc947" status: 404 len: 246 microversion: 1.1 [pid: 8|app: 0|req: 438/865] 10.0.0.126 () {34 vars in 824 bytes} [Sat May 9 18:13:19 2026] DELETE /resource_providers/a97c020c-0ab4-40fe-a2d6-21afb52dc947 => generated 246 bytes in 7 msecs (HTTP/1.1 404) 6 headers in 231 bytes (1 switches on core 0)
2026-05-09 18:13:19.185 7 INFO placement.requestlog [None req-c902c27e-665d-4ca9-92e0-e564d8f18b80 9b59f34a42f44b59acffada6688f4c19 eed4dfac04f141ca88fe8b718c7e9e03 - - 0ae8b721ae004486adb9c48fe559be89 0ae8b721ae004486adb9c48fe559be89] 10.0.0.126 "DELETE /resource_providers/a97c020c-0ab4-40fe-a2d6-21afb52dc947" status: 404 len: 246 microversion: 1.1 [pid: 7|app: 0|req: 428/866] 10.0.0.126 () {34 vars in 824 bytes} [Sat May 9 18:13:19 2026] DELETE /resource_providers/a97c020c-0ab4-40fe-a2d6-21afb52dc947 => generated 246 bytes in 14 msecs (HTTP/1.1 404) 6 headers in 231 bytes (1 switches on core 0)
2026-05-09 18:13:20.086 8 INFO placement.requestlog [req-66be7a14-0f3d-4a1a-a3d7-55813b3a153e req-890a7430-7c79-406c-8dda-29dd3a6ff5b7 7f30780e8d1a410c88eb28e01f03c0f0 eed4dfac04f141ca88fe8b718c7e9e03 - - 0ae8b721ae004486adb9c48fe559be89 0ae8b721ae004486adb9c48fe559be89] 199.204.45.30 "GET /resource_providers/e039bda1-9606-4654-8f70-74180625fbd3/allocations" status: 200 len: 253 microversion: 1.0 [pid: 8|app: 0|req: 439/867] 199.204.45.30 () {32 vars in 855 bytes} [Sat May 9 18:13:20 2026] GET /resource_providers/e039bda1-9606-4654-8f70-74180625fbd3/allocations => generated 253 bytes in 18 msecs (HTTP/1.1 200) 6 headers in 224 bytes (1 switches on core 0)
2026-05-09 18:13:20.116 7 INFO placement.requestlog [req-66be7a14-0f3d-4a1a-a3d7-55813b3a153e req-037e2e5c-f2fd-40c1-a58d-0f20a950a17f 7f30780e8d1a410c88eb28e01f03c0f0 eed4dfac04f141ca88fe8b718c7e9e03 - - 0ae8b721ae004486adb9c48fe559be89 0ae8b721ae004486adb9c48fe559be89] 199.204.45.30 "GET /resource_providers/e039bda1-9606-4654-8f70-74180625fbd3/allocations" status: 200 len: 253 microversion: 1.0 [pid: 7|app: 0|req: 429/868] 199.204.45.30 () {32 vars in 855 bytes} [Sat May 9 18:13:20 2026] GET /resource_providers/e039bda1-9606-4654-8f70-74180625fbd3/allocations => generated 253 bytes in 24 msecs (HTTP/1.1 200) 6 headers in 224 bytes (1 switches on core 0)
2026-05-09 18:13:20.141 8 INFO placement.requestlog [req-66be7a14-0f3d-4a1a-a3d7-55813b3a153e req-13357a42-adcc-4d3e-a3da-0f366d64f3a0 7f30780e8d1a410c88eb28e01f03c0f0 eed4dfac04f141ca88fe8b718c7e9e03 - - 0ae8b721ae004486adb9c48fe559be89 0ae8b721ae004486adb9c48fe559be89] 199.204.45.30 "GET /allocations/a054c0cb-2b84-4983-9ab7-c0555e189015" status: 200 len: 258 microversion: 1.28 [pid: 8|app: 0|req: 440/869] 199.204.45.30 () {34 vars in 861 bytes} [Sat May 9 18:13:20 2026] GET /allocations/a054c0cb-2b84-4983-9ab7-c0555e189015 => generated 258 bytes in 15 msecs (HTTP/1.1 200) 8 headers in 296 bytes (1 switches on core 0)
2026-05-09 18:13:20.170 7 INFO placement.requestlog [req-66be7a14-0f3d-4a1a-a3d7-55813b3a153e req-0382cdab-3e33-4555-99eb-bdae87d84a7a 7f30780e8d1a410c88eb28e01f03c0f0 eed4dfac04f141ca88fe8b718c7e9e03 - - 0ae8b721ae004486adb9c48fe559be89 0ae8b721ae004486adb9c48fe559be89] 199.204.45.30 "GET /allocations/6ac39868-aa92-452d-887f-61212166f29a" status: 200 len: 258 microversion: 1.28 [pid: 7|app: 0|req: 430/870] 199.204.45.30 () {34 vars in 861 bytes} [Sat May 9 18:13:20 2026] GET /allocations/6ac39868-aa92-452d-887f-61212166f29a => generated 258 bytes in 22 msecs (HTTP/1.1 200) 8 headers in 296 bytes (1 switches on core 0)
2026-05-09 18:13:23.855 8 INFO placement.requestlog [None req-532c7121-aa07-43d2-acd1-ea3513d33f64 - - - - - -] 10.0.0.207 "GET /" status: 200 len: 136 microversion: 1.0
2026-05-09 18:13:23.856 7 INFO placement.requestlog [None req-40ddcc66-8321-425a-85bb-a366ed0d7fec - - - - - -] 10.0.0.207 "GET /" status: 200 len: 136 microversion: 1.0
2026-05-09 18:13:33.318 7 INFO placement.requestlog [req-3449e860-606d-4810-bd5a-9de21b652f7d req-cca08590-264b-41bc-bebc-e7f3a250b4c2 7f30780e8d1a410c88eb28e01f03c0f0 eed4dfac04f141ca88fe8b718c7e9e03 - - 0ae8b721ae004486adb9c48fe559be89 0ae8b721ae004486adb9c48fe559be89] 10.0.0.2 "GET /allocation_candidates?limit=1000&resources=DISK_GB%3A1%2CMEMORY_MB%3A512%2CVCPU%3A1&root_required=%21COMPUTE_STATUS_DISABLED" status: 200 len: 2387 microversion: 1.36 [pid: 7|app: 0|req: 432/873] 10.0.0.2 () {34 vars in 1009 bytes} [Sat May 9 18:13:33 2026] GET /allocation_candidates?limit=1000&resources=DISK_GB%3A1%2CMEMORY_MB%3A512%2CVCPU%3A1&root_required=%21COMPUTE_STATUS_DISABLED => generated 2387 bytes in 42 msecs (HTTP/1.1 200) 8 headers in 297 bytes (1 switches on core 0)
2026-05-09 18:13:33.345 8 INFO placement.requestlog [req-3449e860-606d-4810-bd5a-9de21b652f7d req-6fc0583d-b571-47e8-9668-8c3bd84d6c34 7f30780e8d1a410c88eb28e01f03c0f0 eed4dfac04f141ca88fe8b718c7e9e03 - - 0ae8b721ae004486adb9c48fe559be89 0ae8b721ae004486adb9c48fe559be89] 10.0.0.2 "GET /allocations/0117d131-6bca-4007-b1fa-d918021e99cd" status: 200 len: 19 microversion: 1.28 [pid: 8|app: 0|req: 442/874] 10.0.0.2 () {34 vars in 858 bytes} [Sat May 9 18:13:33 2026] GET /allocations/0117d131-6bca-4007-b1fa-d918021e99cd => generated 19 bytes in 10 msecs (HTTP/1.1 200) 8 headers in 295 bytes (1 switches on core 0)
2026-05-09 18:13:33.423 7 INFO placement.requestlog [req-3449e860-606d-4810-bd5a-9de21b652f7d req-67b4f097-3602-4d21-814a-d3a5adc0faea 7f30780e8d1a410c88eb28e01f03c0f0 eed4dfac04f141ca88fe8b718c7e9e03 - - 0ae8b721ae004486adb9c48fe559be89 0ae8b721ae004486adb9c48fe559be89] 10.0.0.2 "PUT /allocations/0117d131-6bca-4007-b1fa-d918021e99cd" status: 204 len: 0 microversion: 1.36 [pid: 7|app: 0|req: 433/875] 10.0.0.2 () {38 vars in 911 bytes} [Sat May 9 18:13:33 2026] PUT /allocations/0117d131-6bca-4007-b1fa-d918021e99cd => generated 0 bytes in 74 msecs (HTTP/1.1 204) 5 headers in 199 bytes (1 switches on core 0)
2026-05-09 18:13:33.556 8 INFO placement.requestlog [req-42e5101f-1407-4334-af88-4f57826ef9eb req-ef20ad82-8abc-4bd6-ad43-e8443a132ddd 7f30780e8d1a410c88eb28e01f03c0f0 eed4dfac04f141ca88fe8b718c7e9e03 - - 0ae8b721ae004486adb9c48fe559be89 0ae8b721ae004486adb9c48fe559be89] 199.204.45.30 "GET /resource_providers/e039bda1-9606-4654-8f70-74180625fbd3/allocations" status: 200 len: 353 microversion: 1.0 [pid: 8|app: 0|req: 443/876] 199.204.45.30 () {32 vars in 855 bytes} [Sat May 9 18:13:33 2026] GET /resource_providers/e039bda1-9606-4654-8f70-74180625fbd3/allocations => generated 353 bytes in 15 msecs (HTTP/1.1 200) 6 headers in 224 bytes (1 switches on core 0)
