2026-08-11 17:00:23.935 7 INFO neutron.services.segments.plugin [-] Segment cd5c182f-8886-448e-b7b4-da9c78bf8178 resource provider not found; error: Placement Client Error (4xx): {"errors": [{"status": 404, "title": "Not Found", "detail": "The resource could not be found.\n\n No resource provider with uuid cd5c182f-8886-448e-b7b4-da9c78bf8178 found for delete ", "request_id": "req-594ef228-6919-4820-8b18-1dba9c8cafef"}]}
2026-08-11 17:00:23.937 7 INFO neutron.services.segments.plugin [-] Segment cd5c182f-8886-448e-b7b4-da9c78bf8178 resource provider not found; error: Placement Client Error (4xx): {"errors": [{"status": 404, "title": "Not Found", "detail": "The resource could not be found.\n\n No resource provider with uuid cd5c182f-8886-448e-b7b4-da9c78bf8178 found for delete ", "request_id": "req-05a59066-6488-4e5c-871e-28e9fee5c1e9"}]} [pid: 7|app: 0|req: 1123/2430] 10.0.0.228 () {32 vars in 726 bytes} [Tue Aug 11 17:00:23 2026] DELETE /v2.0/networks/7ab7beef-79e4-4671-ba26-80cf99034890 => generated 0 bytes in 571 msecs (HTTP/1.1 204) 3 headers in 131 bytes (1 switches on core 0)
2026-08-11 17:00:24.153 8 INFO neutron_taas.services.taas.taas_plugin [None req-02f611bd-9df5-4bfc-bea5-ca2e65565646 39141a75e08e42c0a00e7b0f03be3149 111481021eed47b88853e12f0544342e - - default default] TaaS: Handle Delete Port: 10e9f57e-7ec4-4e30-9702-48d011bda04e
2026-08-11 17:00:24.155 8 INFO neutron_taas.services.taas.tap_mirror_plugin [None req-02f611bd-9df5-4bfc-bea5-ca2e65565646 39141a75e08e42c0a00e7b0f03be3149 111481021eed47b88853e12f0544342e - - default default] Tap Mirror: Handle Delete Port: 10e9f57e-7ec4-4e30-9702-48d011bda04e [pid: 8|app: 0|req: 1308/2433] 10.0.0.228 () {32 vars in 726 bytes} [Tue Aug 11 17:00:24 2026] DELETE /v2.0/networks/918b94af-8ab5-4704-897c-779a70cb5756 => generated 0 bytes in 453 msecs (HTTP/1.1 204) 3 headers in 131 bytes (1 switches on core 0)
2026-08-11 17:00:24.629 7 INFO neutron_taas.services.taas.taas_plugin [None req-5a4f884e-4cb7-4715-8741-59e8e7f36661 39141a75e08e42c0a00e7b0f03be3149 111481021eed47b88853e12f0544342e - - default default] TaaS: Handle Delete Port: bee50515-0556-4255-99ee-f2cd536779a1
2026-08-11 17:00:24.633 7 INFO neutron_taas.services.taas.tap_mirror_plugin [None req-5a4f884e-4cb7-4715-8741-59e8e7f36661 39141a75e08e42c0a00e7b0f03be3149 111481021eed47b88853e12f0544342e - - default default] Tap Mirror: Handle Delete Port: bee50515-0556-4255-99ee-f2cd536779a1 [pid: 7|app: 0|req: 1126/2434] 10.0.0.228 () {32 vars in 726 bytes} [Tue Aug 11 17:00:24 2026] DELETE /v2.0/networks/8dc378be-d5be-40b9-b74e-7318ac3a7d4c => generated 0 bytes in 483 msecs (HTTP/1.1 204) 3 headers in 131 bytes (1 switches on core 0)
2026-08-11 17:00:25.101 8 INFO neutron_taas.services.taas.taas_plugin [None req-187d8e3b-99c2-430b-be67-3aba0ecf8ad4 39141a75e08e42c0a00e7b0f03be3149 111481021eed47b88853e12f0544342e - - default default] TaaS: Handle Delete Port: ed56fc2f-d53e-44fc-a302-524fb492491a
2026-08-11 17:00:25.104 8 INFO neutron_taas.services.taas.tap_mirror_plugin [None req-187d8e3b-99c2-430b-be67-3aba0ecf8ad4 39141a75e08e42c0a00e7b0f03be3149 111481021eed47b88853e12f0544342e - - default default] Tap Mirror: Handle Delete Port: ed56fc2f-d53e-44fc-a302-524fb492491a
2026-08-11 17:00:25.427 8 INFO neutron.services.segments.plugin [-] Segment d1a90288-91f7-4fa9-a157-f099a3d29778 resource provider aggregate not found
2026-08-11 17:00:25.435 8 INFO neutron.services.segments.plugin [-] Segment d1a90288-91f7-4fa9-a157-f099a3d29778 resource provider aggregate not found [pid: 8|app: 0|req: 1309/2435] 10.0.0.228 () {32 vars in 726 bytes} [Tue Aug 11 17:00:24 2026] DELETE /v2.0/networks/9ba9e29a-8495-4731-aa9f-e017a700d8cd => generated 0 bytes in 480 msecs (HTTP/1.1 204) 3 headers in 131 bytes (1 switches on core 0)
2026-08-11 17:00:25.454 8 INFO neutron.services.segments.plugin [-] Segment d1a90288-91f7-4fa9-a157-f099a3d29778 resource provider not found; error: Placement Client Error (4xx): {"errors": [{"status": 404, "title": "Not Found", "detail": "The resource could not be found.\n\n No resource provider with uuid d1a90288-91f7-4fa9-a157-f099a3d29778 found for delete ", "request_id": "req-989a556d-98b1-4100-9cfc-337a36acea3c"}]}
2026-08-11 17:00:25.458 8 INFO neutron.services.segments.plugin [-] Segment d1a90288-91f7-4fa9-a157-f099a3d29778 resource provider not found; error: Placement Client Error (4xx): {"errors": [{"status": 404, "title": "Not Found", "detail": "The resource could not be found.\n\n No resource provider with uuid d1a90288-91f7-4fa9-a157-f099a3d29778 found for delete ", "request_id": "req-ac55f9ab-82e1-4f0f-8998-06abc8b65a17"}]}
2026-08-11 17:00:25.479 8 INFO neutron.services.segments.plugin [-] Segment 240fc445-74a4-4bb9-8841-827a7acab774 resource provider aggregate not found
2026-08-11 17:00:25.485 8 INFO neutron.services.segments.plugin [-] Segment 240fc445-74a4-4bb9-8841-827a7acab774 resource provider aggregate not found
2026-08-11 17:00:25.501 8 INFO neutron.services.segments.plugin [-] Segment 240fc445-74a4-4bb9-8841-827a7acab774 resource provider not found; error: Placement Client Error (4xx): {"errors": [{"status": 404, "title": "Not Found", "detail": "The resource could not be found.\n\n No resource provider with uuid 240fc445-74a4-4bb9-8841-827a7acab774 found for delete ", "request_id": "req-b7548b22-ce8b-4cca-a016-8cec79e3ada8"}]}
2026-08-11 17:00:25.503 8 INFO neutron.services.segments.plugin [-] Segment 240fc445-74a4-4bb9-8841-827a7acab774 resource provider not found; error: Placement Client Error (4xx): {"errors": [{"status": 404, "title": "Not Found", "detail": "The resource could not be found.\n\n No resource provider with uuid 240fc445-74a4-4bb9-8841-827a7acab774 found for delete ", "request_id": "req-c740c4c8-295f-4288-be0e-798777f87e4e"}]}
2026-08-11 17:00:25.958 7 INFO neutron.services.segments.plugin [-] Segment 68870d2f-4881-45c4-9c80-ca121c26897d resource provider aggregate not found
2026-08-11 17:00:25.964 7 INFO neutron.services.segments.plugin [-] Segment 68870d2f-4881-45c4-9c80-ca121c26897d resource provider aggregate not found
2026-08-11 17:00:25.986 7 INFO neutron.services.segments.plugin [-] Segment 68870d2f-4881-45c4-9c80-ca121c26897d resource provider not found; error: Placement Client Error (4xx): {"errors": [{"status": 404, "title": "Not Found", "detail": "The resource could not be found.\n\n No resource provider with uuid 68870d2f-4881-45c4-9c80-ca121c26897d found for delete ", "request_id": "req-4165fd96-c6ab-4e1f-a1d6-33af63b91c10"}]}
2026-08-11 17:00:25.991 7 INFO neutron.services.segments.plugin [-] Segment 68870d2f-4881-45c4-9c80-ca121c26897d resource provider not found; error: Placement Client Error (4xx): {"errors": [{"status": 404, "title": "Not Found", "detail": "The resource could not be found.\n\n No resource provider with uuid 68870d2f-4881-45c4-9c80-ca121c26897d found for delete ", "request_id": "req-0f35e855-b218-47d3-a212-f30a4cf92ea2"}]}
2026-08-11 17:00:26.834 7 INFO neutron.db.ovn_revision_numbers_db [None req-010863a7-8aaa-448d-bba5-127f96f7010e 43046b814ea64fa58f94929667fcc9de 324ebd803ac649a7a829a8e935411f28 - - default default] Successfully bumped revision number for resource b9878eba-aa7e-45b2-9607-7bea3d82ca11 (type: security_groups) to 1
2026-08-11 17:00:26.868 7 INFO neutron.db.ovn_revision_numbers_db [None req-010863a7-8aaa-448d-bba5-127f96f7010e 43046b814ea64fa58f94929667fcc9de 324ebd803ac649a7a829a8e935411f28 - - default default] Successfully bumped revision number for resource 2ee1db22-c25b-40e7-b049-ebe6535b08d2 (type: security_group_rules) to 0
2026-08-11 17:00:26.942 8 INFO neutron.db.ovn_revision_numbers_db [None req-e3641efd-2e5c-4e9e-b2ef-ec0dee44b8e9 43046b814ea64fa58f94929667fcc9de 324ebd803ac649a7a829a8e935411f28 - - default default] Successfully bumped revision number for resource dc5d2a6a-e77c-4b49-b148-c95c5ff5133c (type: security_groups) to 1
2026-08-11 17:00:26.951 7 INFO neutron.db.ovn_revision_numbers_db [None req-010863a7-8aaa-448d-bba5-127f96f7010e 43046b814ea64fa58f94929667fcc9de 324ebd803ac649a7a829a8e935411f28 - - default default] Successfully bumped revision number for resource 68afced0-edc6-48a1-852d-226c4ab0e7bc (type: security_group_rules) to 0
2026-08-11 17:00:26.967 8 INFO neutron.db.ovn_revision_numbers_db [None req-e3641efd-2e5c-4e9e-b2ef-ec0dee44b8e9 43046b814ea64fa58f94929667fcc9de 324ebd803ac649a7a829a8e935411f28 - - default default] Successfully bumped revision number for resource 6e2b5ea6-12cc-450f-9857-ee20a113c638 (type: security_group_rules) to 0
2026-08-11 17:00:26.977 7 INFO neutron.db.ovn_revision_numbers_db [None req-010863a7-8aaa-448d-bba5-127f96f7010e 43046b814ea64fa58f94929667fcc9de 324ebd803ac649a7a829a8e935411f28 - - default default] Successfully bumped revision number for resource 74b7d451-4b7d-4a95-b679-0905a575323c (type: security_group_rules) to 0
2026-08-11 17:00:27.008 8 INFO neutron.db.ovn_revision_numbers_db [None req-e3641efd-2e5c-4e9e-b2ef-ec0dee44b8e9 43046b814ea64fa58f94929667fcc9de 324ebd803ac649a7a829a8e935411f28 - - default default] Successfully bumped revision number for resource da85c724-c1cf-47bd-852a-efa376e65530 (type: security_group_rules) to 0
2026-08-11 17:00:27.016 7 INFO neutron.db.ovn_revision_numbers_db [None req-010863a7-8aaa-448d-bba5-127f96f7010e 43046b814ea64fa58f94929667fcc9de 324ebd803ac649a7a829a8e935411f28 - - default default] Successfully bumped revision number for resource b21e4d21-5302-44bc-b0e4-1da8c3b7f25a (type: security_group_rules) to 0
2026-08-11 17:00:27.024 8 INFO neutron.db.ovn_revision_numbers_db [None req-e3641efd-2e5c-4e9e-b2ef-ec0dee44b8e9 43046b814ea64fa58f94929667fcc9de 324ebd803ac649a7a829a8e935411f28 - - default default] Successfully bumped revision number for resource dd161503-0726-44f2-859f-cb73c0a82ac8 (type: security_group_rules) to 0
2026-08-11 17:00:27.046 8 INFO neutron.db.ovn_revision_numbers_db [None req-e3641efd-2e5c-4e9e-b2ef-ec0dee44b8e9 43046b814ea64fa58f94929667fcc9de 324ebd803ac649a7a829a8e935411f28 - - default default] Successfully bumped revision number for resource ea986fc3-c0ea-4f34-a8d9-4d83df9f02c6 (type: security_group_rules) to 0 [pid: 7|app: 0|req: 1127/2436] 10.0.0.228 () {32 vars in 774 bytes} [Tue Aug 11 17:00:26 2026] GET /v2.0/security-groups?tenant_id=16fb757f3854425c8a3820935bce4777&name=default => generated 2925 bytes in 617 msecs (HTTP/1.1 200) 4 headers in 158 bytes (1 switches on core 0) [pid: 8|app: 0|req: 1310/2437] 10.0.0.228 () {32 vars in 774 bytes} [Tue Aug 11 17:00:26 2026] GET /v2.0/security-groups?tenant_id=476e8cc9350249e19d9496623b86d0e2&name=default => generated 2925 bytes in 638 msecs (HTTP/1.1 200) 4 headers in 158 bytes (1 switches on core 0) [pid: 8|app: 0|req: 1311/2438] 10.0.0.228 () {32 vars in 740 bytes} [Tue Aug 11 17:00:27 2026] DELETE /v2.0/security-groups/b9878eba-aa7e-45b2-9607-7bea3d82ca11 => generated 0 bytes in 348 msecs (HTTP/1.1 204) 2 headers in 112 bytes (1 switches on core 0)
2026-08-11 17:00:27.496 7 INFO neutron.db.ovn_revision_numbers_db [None req-00adb1dc-fcb8-4c57-83ac-6fd5b75673d2 a900c36990f54f82a44b450f6bbd7984 4ff9966e87684a6582e2120e2e7b69dc - - default default] Successfully bumped revision number for resource d8d55f76-e9bb-4d49-9233-a3fc77d96e53 (type: security_groups) to 1
2026-08-11 17:00:27.511 7 INFO neutron.db.ovn_revision_numbers_db [None req-00adb1dc-fcb8-4c57-83ac-6fd5b75673d2 a900c36990f54f82a44b450f6bbd7984 4ff9966e87684a6582e2120e2e7b69dc - - default default] Successfully bumped revision number for resource 3006fb76-44e9-4294-8063-dcdc889680d5 (type: security_group_rules) to 0
2026-08-11 17:00:27.524 7 INFO neutron.db.ovn_revision_numbers_db [None req-00adb1dc-fcb8-4c57-83ac-6fd5b75673d2 a900c36990f54f82a44b450f6bbd7984 4ff9966e87684a6582e2120e2e7b69dc - - default default] Successfully bumped revision number for resource 93b6535b-4740-4c60-8982-89aa5d6ab753 (type: security_group_rules) to 0
2026-08-11 17:00:27.538 7 INFO neutron.db.ovn_revision_numbers_db [None req-00adb1dc-fcb8-4c57-83ac-6fd5b75673d2 a900c36990f54f82a44b450f6bbd7984 4ff9966e87684a6582e2120e2e7b69dc - - default default] Successfully bumped revision number for resource a632103e-d945-4562-84c5-315f7b20faaa (type: security_group_rules) to 0
2026-08-11 17:00:27.555 7 INFO neutron.db.ovn_revision_numbers_db [None req-00adb1dc-fcb8-4c57-83ac-6fd5b75673d2 a900c36990f54f82a44b450f6bbd7984 4ff9966e87684a6582e2120e2e7b69dc - - default default] Successfully bumped revision number for resource da91747c-9432-43b1-8cc8-a1c3bc659b11 (type: security_group_rules) to 0
2026-08-11 17:00:27.654 7 INFO neutron.db.segments_db [None req-00adb1dc-fcb8-4c57-83ac-6fd5b75673d2 a900c36990f54f82a44b450f6bbd7984 4ff9966e87684a6582e2120e2e7b69dc - - default default] Added segment 9fa4323e-ea19-4cb1-b538-f2e035a2ad9a of type geneve for network ad2a3fa8-3eb8-4f9a-97bb-9c6085c89533 [pid: 8|app: 0|req: 1312/2439] 10.0.0.228 () {32 vars in 740 bytes} [Tue Aug 11 17:00:27 2026] DELETE /v2.0/security-groups/dc5d2a6a-e77c-4b49-b148-c95c5ff5133c => generated 0 bytes in 384 msecs (HTTP/1.1 204) 2 headers in 112 bytes (1 switches on core 0)
2026-08-11 17:00:27.841 7 INFO neutron.db.ovn_revision_numbers_db [None req-00adb1dc-fcb8-4c57-83ac-6fd5b75673d2 a900c36990f54f82a44b450f6bbd7984 4ff9966e87684a6582e2120e2e7b69dc - - default default] Successfully bumped revision number for resource ad2a3fa8-3eb8-4f9a-97bb-9c6085c89533 (type: networks) to 1 [pid: 8|app: 0|req: 1313/2440] 10.0.0.228 () {32 vars in 774 bytes} [Tue Aug 11 17:00:27 2026] GET /v2.0/security-groups?tenant_id=111481021eed47b88853e12f0544342e&name=default => generated 2925 bytes in 43 msecs (HTTP/1.1 200) 4 headers in 158 bytes (1 switches on core 0)
2026-08-11 17:00:28.071 7 WARNING neutron.scheduler.dhcp_agent_scheduler [None req-00adb1dc-fcb8-4c57-83ac-6fd5b75673d2 a900c36990f54f82a44b450f6bbd7984 4ff9966e87684a6582e2120e2e7b69dc - - default default] No more DHCP agents
2026-08-11 17:00:28.073 7 WARNING neutron.api.rpc.agentnotifiers.dhcp_rpc_agent_api [None req-00adb1dc-fcb8-4c57-83ac-6fd5b75673d2 a900c36990f54f82a44b450f6bbd7984 4ff9966e87684a6582e2120e2e7b69dc - - default default] Unable to schedule network ad2a3fa8-3eb8-4f9a-97bb-9c6085c89533: no agents available; will retry on subsequent port and subnet creation events.
2026-08-11 17:00:28.202 7 INFO neutron.plugins.ml2.drivers.ovn.mech_driver.mech_driver [None req-577bb923-8f76-4c7d-990c-ee5740a04520 - - - - - -] OVN reports status down for port: 53a59c5c-7326-4a45-92ba-a9c967ace11d [pid: 8|app: 0|req: 1314/2441] 10.0.0.228 () {32 vars in 740 bytes} [Tue Aug 11 17:00:27 2026] DELETE /v2.0/security-groups/d3a5ef00-4b66-4866-a86c-462ac86673d1 => generated 0 bytes in 417 msecs (HTTP/1.1 204) 2 headers in 112 bytes (1 switches on core 0)
2026-08-11 17:00:28.294 7 INFO neutron.db.ovn_revision_numbers_db [None req-00adb1dc-fcb8-4c57-83ac-6fd5b75673d2 a900c36990f54f82a44b450f6bbd7984 4ff9966e87684a6582e2120e2e7b69dc - - default default] Successfully bumped revision number for resource 53a59c5c-7326-4a45-92ba-a9c967ace11d (type: ports) to 1 [pid: 7|app: 0|req: 1128/2442] 10.0.0.228 () {34 vars in 670 bytes} [Tue Aug 11 17:00:27 2026] POST /v2.0/networks => generated 651 bytes in 1310 msecs (HTTP/1.1 201) 4 headers in 162 bytes (1 switches on core 0)
2026-08-11 17:00:28.484 8 INFO neutron.db.segments_db [None req-49b76ca9-56f8-4e69-868f-8e3ed5328db0 a900c36990f54f82a44b450f6bbd7984 4ff9966e87684a6582e2120e2e7b69dc - - default default] Added segment 4dfa0551-2ab3-40a8-90eb-9733149587d2 of type geneve for network a8e665cc-3f76-466e-81a9-f23c2dbf1f23
2026-08-11 17:00:28.630 8 INFO neutron.db.ovn_revision_numbers_db [None req-49b76ca9-56f8-4e69-868f-8e3ed5328db0 a900c36990f54f82a44b450f6bbd7984 4ff9966e87684a6582e2120e2e7b69dc - - default default] Successfully bumped revision number for resource a8e665cc-3f76-466e-81a9-f23c2dbf1f23 (type: networks) to 1
2026-08-11 17:00:28.758 7 INFO neutron.db.ovn_revision_numbers_db [None req-ccc5bb51-118a-4262-a2e5-e47a1b58bd16 43046b814ea64fa58f94929667fcc9de 324ebd803ac649a7a829a8e935411f28 - - default default] Successfully bumped revision number for resource 2193e9f8-ac01-4deb-8be1-0562a8a733ea (type: security_groups) to 1
2026-08-11 17:00:28.773 7 INFO neutron.db.ovn_revision_numbers_db [None req-ccc5bb51-118a-4262-a2e5-e47a1b58bd16 43046b814ea64fa58f94929667fcc9de 324ebd803ac649a7a829a8e935411f28 - - default default] Successfully bumped revision number for resource 790bbfbd-620c-4f2e-a5c1-99ce0900011d (type: security_group_rules) to 0
2026-08-11 17:00:28.790 7 INFO neutron.db.ovn_revision_numbers_db [None req-ccc5bb51-118a-4262-a2e5-e47a1b58bd16 43046b814ea64fa58f94929667fcc9de 324ebd803ac649a7a829a8e935411f28 - - default default] Successfully bumped revision number for resource 865f428b-5ce3-4c4d-b61a-14fed01ba90c (type: security_group_rules) to 0
2026-08-11 17:00:28.809 7 INFO neutron.db.ovn_revision_numbers_db [None req-ccc5bb51-118a-4262-a2e5-e47a1b58bd16 43046b814ea64fa58f94929667fcc9de 324ebd803ac649a7a829a8e935411f28 - - default default] Successfully bumped revision number for resource a9d65538-ac66-4dba-bfe2-995cefba0939 (type: security_group_rules) to 0
2026-08-11 17:00:28.825 7 INFO neutron.db.ovn_revision_numbers_db [None req-ccc5bb51-118a-4262-a2e5-e47a1b58bd16 43046b814ea64fa58f94929667fcc9de 324ebd803ac649a7a829a8e935411f28 - - default default] Successfully bumped revision number for resource fd8eaf15-9db2-49af-91c9-55f80bc5e023 (type: security_group_rules) to 0
2026-08-11 17:00:28.879 8 WARNING neutron.scheduler.dhcp_agent_scheduler [None req-49b76ca9-56f8-4e69-868f-8e3ed5328db0 a900c36990f54f82a44b450f6bbd7984 4ff9966e87684a6582e2120e2e7b69dc - - default default] No more DHCP agents
2026-08-11 17:00:28.880 8 WARNING neutron.api.rpc.agentnotifiers.dhcp_rpc_agent_api [None req-49b76ca9-56f8-4e69-868f-8e3ed5328db0 a900c36990f54f82a44b450f6bbd7984 4ff9966e87684a6582e2120e2e7b69dc - - default default] Unable to schedule network a8e665cc-3f76-466e-81a9-f23c2dbf1f23: no agents available; will retry on subsequent port and subnet creation events. [pid: 7|app: 0|req: 1129/2443] 10.0.0.228 () {32 vars in 774 bytes} [Tue Aug 11 17:00:28 2026] GET /v2.0/security-groups?tenant_id=b12d740f1848433395b28e1868293444&name=default => generated 2925 bytes in 359 msecs (HTTP/1.1 200) 4 headers in 158 bytes (1 switches on core 0)
2026-08-11 17:00:29.017 8 INFO neutron.db.ovn_revision_numbers_db [None req-49b76ca9-56f8-4e69-868f-8e3ed5328db0 a900c36990f54f82a44b450f6bbd7984 4ff9966e87684a6582e2120e2e7b69dc - - default default] Successfully bumped revision number for resource c39abc36-7464-4216-bf08-940b4c0db7ab (type: ports) to 1
2026-08-11 17:00:29.025 7 INFO neutron.plugins.ml2.drivers.ovn.mech_driver.mech_driver [None req-577bb923-8f76-4c7d-990c-ee5740a04520 - - - - - -] OVN reports status down for port: c39abc36-7464-4216-bf08-940b4c0db7ab [pid: 8|app: 0|req: 1315/2444] 10.0.0.228 () {34 vars in 670 bytes} [Tue Aug 11 17:00:28 2026] POST /v2.0/networks => generated 650 bytes in 668 msecs (HTTP/1.1 201) 4 headers in 162 bytes (1 switches on core 0) [pid: 8|app: 0|req: 1316/2445] 10.0.0.228 () {34 vars in 753 bytes} [Tue Aug 11 17:00:29 2026] PUT /v2.0/networks/ad2a3fa8-3eb8-4f9a-97bb-9c6085c89533/tags => generated 25 bytes in 73 msecs (HTTP/1.1 200) 4 headers in 156 bytes (1 switches on core 0) [pid: 8|app: 0|req: 1317/2446] 10.0.0.228 () {32 vars in 733 bytes} [Tue Aug 11 17:00:29 2026] GET /v2.0/networks/ad2a3fa8-3eb8-4f9a-97bb-9c6085c89533/tags => generated 25 bytes in 57 msecs (HTTP/1.1 200) 4 headers in 156 bytes (1 switches on core 0) [pid: 8|app: 0|req: 1318/2447] 10.0.0.228 () {34 vars in 753 bytes} [Tue Aug 11 17:00:29 2026] PUT /v2.0/networks/a8e665cc-3f76-466e-81a9-f23c2dbf1f23/tags => generated 17 bytes in 70 msecs (HTTP/1.1 200) 4 headers in 156 bytes (1 switches on core 0) [pid: 8|app: 0|req: 1319/2448] 10.0.0.228 () {32 vars in 733 bytes} [Tue Aug 11 17:00:29 2026] GET /v2.0/networks/a8e665cc-3f76-466e-81a9-f23c2dbf1f23/tags => generated 17 bytes in 66 msecs (HTTP/1.1 200) 4 headers in 156 bytes (1 switches on core 0) [pid: 7|app: 0|req: 1130/2449] 10.0.0.228 () {32 vars in 740 bytes} [Tue Aug 11 17:00:28 2026] DELETE /v2.0/security-groups/2193e9f8-ac01-4deb-8be1-0562a8a733ea => generated 0 bytes in 461 msecs (HTTP/1.1 204) 2 headers in 112 bytes (1 switches on core 0) [pid: 8|app: 0|req: 1320/2450] 10.0.0.228 () {34 vars in 753 bytes} [Tue Aug 11 17:00:29 2026] PUT /v2.0/networks/a8e665cc-3f76-466e-81a9-f23c2dbf1f23/tags => generated 12 bytes in 239 msecs (HTTP/1.1 200) 4 headers in 156 bytes (1 switches on core 0) [pid: 7|app: 0|req: 1131/2451] 10.0.0.228 () {32 vars in 733 bytes} [Tue Aug 11 17:00:29 2026] GET /v2.0/networks/a8e665cc-3f76-466e-81a9-f23c2dbf1f23/tags => generated 12 bytes in 56 msecs (HTTP/1.1 200) 4 headers in 156 bytes (1 switches on core 0) [pid: 8|app: 0|req: 1321/2452] 10.0.0.228 () {32 vars in 733 bytes} [Tue Aug 11 17:00:29 2026] GET /v2.0/networks/ad2a3fa8-3eb8-4f9a-97bb-9c6085c89533/tags => generated 25 bytes in 58 msecs (HTTP/1.1 200) 4 headers in 156 bytes (1 switches on core 0)
2026-08-11 17:00:29.853 7 INFO neutron_taas.services.taas.taas_plugin [None req-08fe605b-e79c-4bc4-8690-5210b948c264 a900c36990f54f82a44b450f6bbd7984 4ff9966e87684a6582e2120e2e7b69dc - - default default] TaaS: Handle Delete Port: 53a59c5c-7326-4a45-92ba-a9c967ace11d
2026-08-11 17:00:29.856 7 INFO neutron_taas.services.taas.tap_mirror_plugin [None req-08fe605b-e79c-4bc4-8690-5210b948c264 a900c36990f54f82a44b450f6bbd7984 4ff9966e87684a6582e2120e2e7b69dc - - default default] Tap Mirror: Handle Delete Port: 53a59c5c-7326-4a45-92ba-a9c967ace11d
2026-08-11 17:00:30.102 7 INFO neutron.services.segments.plugin [-] Segment 9fa4323e-ea19-4cb1-b538-f2e035a2ad9a resource provider aggregate not found
2026-08-11 17:00:30.107 7 INFO neutron.services.segments.plugin [-] Segment 9fa4323e-ea19-4cb1-b538-f2e035a2ad9a resource provider aggregate not found
2026-08-11 17:00:30.125 7 INFO neutron.services.segments.plugin [-] Segment 9fa4323e-ea19-4cb1-b538-f2e035a2ad9a resource provider not found; error: Placement Client Error (4xx): {"errors": [{"status": 404, "title": "Not Found", "detail": "The resource could not be found.\n\n No resource provider with uuid 9fa4323e-ea19-4cb1-b538-f2e035a2ad9a found for delete ", "request_id": "req-2bc52adf-24ec-447a-878f-0b2f6ea1d50c"}]}
2026-08-11 17:00:30.137 7 INFO neutron.services.segments.plugin [-] Segment 9fa4323e-ea19-4cb1-b538-f2e035a2ad9a resource provider not found; error: Placement Client Error (4xx): {"errors": [{"status": 404, "title": "Not Found", "detail": "The resource could not be found.\n\n No resource provider with uuid 9fa4323e-ea19-4cb1-b538-f2e035a2ad9a found for delete ", "request_id": "req-5f5ecca1-e217-4513-8edd-565716cb4669"}]} [pid: 7|app: 0|req: 1132/2453] 10.0.0.228 () {32 vars in 726 bytes} [Tue Aug 11 17:00:29 2026] DELETE /v2.0/networks/ad2a3fa8-3eb8-4f9a-97bb-9c6085c89533 => generated 0 bytes in 459 msecs (HTTP/1.1 204) 3 headers in 131 bytes (1 switches on core 0)
2026-08-11 17:00:30.356 8 INFO neutron_taas.services.taas.taas_plugin [None req-9255d082-d74b-4461-a486-103c26bab0c3 a900c36990f54f82a44b450f6bbd7984 4ff9966e87684a6582e2120e2e7b69dc - - default default] TaaS: Handle Delete Port: c39abc36-7464-4216-bf08-940b4c0db7ab
2026-08-11 17:00:30.362 8 INFO neutron_taas.services.taas.tap_mirror_plugin [None req-9255d082-d74b-4461-a486-103c26bab0c3 a900c36990f54f82a44b450f6bbd7984 4ff9966e87684a6582e2120e2e7b69dc - - default default] Tap Mirror: Handle Delete Port: c39abc36-7464-4216-bf08-940b4c0db7ab
2026-08-11 17:00:30.588 8 INFO neutron.services.segments.plugin [-] Segment 4dfa0551-2ab3-40a8-90eb-9733149587d2 resource provider aggregate not found
2026-08-11 17:00:30.596 8 INFO neutron.services.segments.plugin [-] Segment 4dfa0551-2ab3-40a8-90eb-9733149587d2 resource provider aggregate not found
2026-08-11 17:00:30.607 8 INFO neutron.services.segments.plugin [-] Segment 4dfa0551-2ab3-40a8-90eb-9733149587d2 resource provider not found; error: Placement Client Error (4xx): {"errors": [{"status": 404, "title": "Not Found", "detail": "The resource could not be found.\n\n No resource provider with uuid 4dfa0551-2ab3-40a8-90eb-9733149587d2 found for delete ", "request_id": "req-255dc3e0-3141-4896-b14e-61bf6f3f1823"}]}
2026-08-11 17:00:30.618 8 INFO neutron.services.segments.plugin [-] Segment 4dfa0551-2ab3-40a8-90eb-9733149587d2 resource provider not found; error: Placement Client Error (4xx): {"errors": [{"status": 404, "title": "Not Found", "detail": "The resource could not be found.\n\n No resource provider with uuid 4dfa0551-2ab3-40a8-90eb-9733149587d2 found for delete ", "request_id": "req-45c96b95-3fdf-49ee-b08b-c34c41694af4"}]} [pid: 8|app: 0|req: 1322/2454] 10.0.0.228 () {32 vars in 726 bytes} [Tue Aug 11 17:00:30 2026] DELETE /v2.0/networks/a8e665cc-3f76-466e-81a9-f23c2dbf1f23 => generated 0 bytes in 462 msecs (HTTP/1.1 204) 3 headers in 131 bytes (1 switches on core 0)
2026-08-11 17:00:31.517 7 INFO neutron.db.ovn_revision_numbers_db [None req-5742ef66-a1a8-4a72-8d73-778cfa2ad8d0 6d97e28288434357bb046ab69feb22f0 1791813b405b47c18d6da051ba07a262 - - default default] Successfully bumped revision number for resource 823a0490-23bd-4f02-9071-2c69a50ed001 (type: security_groups) to 1
2026-08-11 17:00:31.529 7 INFO neutron.db.ovn_revision_numbers_db [None req-5742ef66-a1a8-4a72-8d73-778cfa2ad8d0 6d97e28288434357bb046ab69feb22f0 1791813b405b47c18d6da051ba07a262 - - default default] Successfully bumped revision number for resource 2d5f71c9-34e8-4d00-9bba-e04bb54195ec (type: security_group_rules) to 0
2026-08-11 17:00:31.542 7 INFO neutron.db.ovn_revision_numbers_db [None req-5742ef66-a1a8-4a72-8d73-778cfa2ad8d0 6d97e28288434357bb046ab69feb22f0 1791813b405b47c18d6da051ba07a262 - - default default] Successfully bumped revision number for resource 3744d4a3-ee70-4414-9624-a49a1b3f313c (type: security_group_rules) to 0
2026-08-11 17:00:31.565 7 INFO neutron.db.ovn_revision_numbers_db [None req-5742ef66-a1a8-4a72-8d73-778cfa2ad8d0 6d97e28288434357bb046ab69feb22f0 1791813b405b47c18d6da051ba07a262 - - default default] Successfully bumped revision number for resource 7dd6433e-a9ca-4f72-94e4-348baaa402e4 (type: security_group_rules) to 0
2026-08-11 17:00:31.580 7 INFO neutron.db.ovn_revision_numbers_db [None req-5742ef66-a1a8-4a72-8d73-778cfa2ad8d0 6d97e28288434357bb046ab69feb22f0 1791813b405b47c18d6da051ba07a262 - - default default] Successfully bumped revision number for resource d3d282bf-eb89-444b-a5c1-b7adfd5eea8e (type: security_group_rules) to 0
2026-08-11 17:00:31.621 8 INFO neutron.db.ovn_revision_numbers_db [None req-2292112a-7a5b-4b37-a174-f3a242c2d6fc d58028daca9f4bceabc30140cc9af864 740b204685b34c03a76e0182933acfd9 - - default default] Successfully bumped revision number for resource 83aca469-f10c-4333-bf10-8590582d6f29 (type: security_groups) to 1
2026-08-11 17:00:31.634 8 INFO neutron.db.ovn_revision_numbers_db [None req-2292112a-7a5b-4b37-a174-f3a242c2d6fc d58028daca9f4bceabc30140cc9af864 740b204685b34c03a76e0182933acfd9 - - default default] Successfully bumped revision number for resource 19aae310-6d61-451d-ab76-ed0097e407ff (type: security_group_rules) to 0
2026-08-11 17:00:31.646 8 INFO neutron.db.ovn_revision_numbers_db [None req-2292112a-7a5b-4b37-a174-f3a242c2d6fc d58028daca9f4bceabc30140cc9af864 740b204685b34c03a76e0182933acfd9 - - default default] Successfully bumped revision number for resource 3a3cdbc7-064a-4b54-bd22-8bee18726c5b (type: security_group_rules) to 0
2026-08-11 17:00:31.657 8 INFO neutron.db.ovn_revision_numbers_db [None req-2292112a-7a5b-4b37-a174-f3a242c2d6fc d58028daca9f4bceabc30140cc9af864 740b204685b34c03a76e0182933acfd9 - - default default] Successfully bumped revision number for resource 526b3b9f-f690-48ed-b451-16f719d3a19d (type: security_group_rules) to 0
2026-08-11 17:00:31.668 7 INFO neutron.db.segments_db [None req-5742ef66-a1a8-4a72-8d73-778cfa2ad8d0 6d97e28288434357bb046ab69feb22f0 1791813b405b47c18d6da051ba07a262 - - default default] Added segment 6d541d9d-10d3-4129-95d3-5dc7987606c3 of type geneve for network bbd61d46-f5a0-44d6-b726-1c2793d46382
2026-08-11 17:00:31.669 8 INFO neutron.db.ovn_revision_numbers_db [None req-2292112a-7a5b-4b37-a174-f3a242c2d6fc d58028daca9f4bceabc30140cc9af864 740b204685b34c03a76e0182933acfd9 - - default default] Successfully bumped revision number for resource 8bb7af39-5389-444b-9404-abb373fde94d (type: security_group_rules) to 0
2026-08-11 17:00:31.760 8 INFO neutron.db.segments_db [None req-2292112a-7a5b-4b37-a174-f3a242c2d6fc d58028daca9f4bceabc30140cc9af864 740b204685b34c03a76e0182933acfd9 - - default default] Added segment 4925c4eb-cc48-452f-9e5d-24ba724d4bec of type geneve for network 38982f54-a502-4865-a7e2-30f4808746c8
2026-08-11 17:00:31.792 7 INFO neutron.db.ovn_revision_numbers_db [None req-5742ef66-a1a8-4a72-8d73-778cfa2ad8d0 6d97e28288434357bb046ab69feb22f0 1791813b405b47c18d6da051ba07a262 - - default default] Successfully bumped revision number for resource bbd61d46-f5a0-44d6-b726-1c2793d46382 (type: networks) to 1
2026-08-11 17:00:31.909 8 INFO neutron.db.ovn_revision_numbers_db [None req-2292112a-7a5b-4b37-a174-f3a242c2d6fc d58028daca9f4bceabc30140cc9af864 740b204685b34c03a76e0182933acfd9 - - default default] Successfully bumped revision number for resource 38982f54-a502-4865-a7e2-30f4808746c8 (type: networks) to 1
2026-08-11 17:00:32.051 7 WARNING neutron.scheduler.dhcp_agent_scheduler [None req-5742ef66-a1a8-4a72-8d73-778cfa2ad8d0 6d97e28288434357bb046ab69feb22f0 1791813b405b47c18d6da051ba07a262 - - default default] No more DHCP agents
2026-08-11 17:00:32.056 7 WARNING neutron.api.rpc.agentnotifiers.dhcp_rpc_agent_api [None req-5742ef66-a1a8-4a72-8d73-778cfa2ad8d0 6d97e28288434357bb046ab69feb22f0 1791813b405b47c18d6da051ba07a262 - - default default] Unable to schedule network bbd61d46-f5a0-44d6-b726-1c2793d46382: no agents available; will retry on subsequent port and subnet creation events.
2026-08-11 17:00:32.139 7 INFO neutron.plugins.ml2.drivers.ovn.mech_driver.mech_driver [None req-577bb923-8f76-4c7d-990c-ee5740a04520 - - - - - -] OVN reports status down for port: ad8b2e09-300d-43ee-871e-e37a994bee8a
2026-08-11 17:00:32.159 8 WARNING neutron.scheduler.dhcp_agent_scheduler [None req-2292112a-7a5b-4b37-a174-f3a242c2d6fc d58028daca9f4bceabc30140cc9af864 740b204685b34c03a76e0182933acfd9 - - default default] No more DHCP agents
2026-08-11 17:00:32.161 8 WARNING neutron.api.rpc.agentnotifiers.dhcp_rpc_agent_api [None req-2292112a-7a5b-4b37-a174-f3a242c2d6fc d58028daca9f4bceabc30140cc9af864 740b204685b34c03a76e0182933acfd9 - - default default] Unable to schedule network 38982f54-a502-4865-a7e2-30f4808746c8: no agents available; will retry on subsequent port and subnet creation events.
2026-08-11 17:00:32.199 7 INFO neutron.db.ovn_revision_numbers_db [None req-5742ef66-a1a8-4a72-8d73-778cfa2ad8d0 6d97e28288434357bb046ab69feb22f0 1791813b405b47c18d6da051ba07a262 - - default default] Successfully bumped revision number for resource ad8b2e09-300d-43ee-871e-e37a994bee8a (type: ports) to 1 [pid: 7|app: 0|req: 1133/2455] 10.0.0.228 () {34 vars in 670 bytes} [Tue Aug 11 17:00:31 2026] POST /v2.0/networks => generated 659 bytes in 1157 msecs (HTTP/1.1 201) 4 headers in 162 bytes (1 switches on core 0)
2026-08-11 17:00:32.310 8 INFO neutron.db.ovn_revision_numbers_db [None req-2292112a-7a5b-4b37-a174-f3a242c2d6fc d58028daca9f4bceabc30140cc9af864 740b204685b34c03a76e0182933acfd9 - - default default] Successfully bumped revision number for resource f8a858ac-92b4-4a7e-a052-c45a65a319d3 (type: ports) to 1
2026-08-11 17:00:32.317 7 INFO neutron.plugins.ml2.drivers.ovn.mech_driver.mech_driver [None req-577bb923-8f76-4c7d-990c-ee5740a04520 - - - - - -] OVN reports status down for port: f8a858ac-92b4-4a7e-a052-c45a65a319d3 [pid: 8|app: 0|req: 1323/2456] 10.0.0.228 () {34 vars in 671 bytes} [Tue Aug 11 17:00:31 2026] POST /v2.0/networks => generated 652 bytes in 1196 msecs (HTTP/1.1 201) 4 headers in 162 bytes (1 switches on core 0) [pid: 7|app: 0|req: 1134/2457] 10.0.0.228 () {32 vars in 774 bytes} [Tue Aug 11 17:00:32 2026] GET /v2.0/security-groups?tenant_id=4ff9966e87684a6582e2120e2e7b69dc&name=default => generated 2925 bytes in 308 msecs (HTTP/1.1 200) 4 headers in 158 bytes (1 switches on core 0)
2026-08-11 17:00:32.580 8 WARNING neutron.scheduler.dhcp_agent_scheduler [None req-160dc3d5-e84b-4327-a1c9-bc07a92a0b35 6d97e28288434357bb046ab69feb22f0 1791813b405b47c18d6da051ba07a262 - - default default] No more DHCP agents
2026-08-11 17:00:32.582 8 WARNING neutron.api.rpc.agentnotifiers.dhcp_rpc_agent_api [None req-160dc3d5-e84b-4327-a1c9-bc07a92a0b35 6d97e28288434357bb046ab69feb22f0 1791813b405b47c18d6da051ba07a262 - - default default] Unable to schedule network bbd61d46-f5a0-44d6-b726-1c2793d46382: no agents available; will retry on subsequent port and subnet creation events.
2026-08-11 17:00:33.151 7 WARNING neutron.scheduler.dhcp_agent_scheduler [None req-0ec74786-658b-4387-9618-99b5340132b8 d58028daca9f4bceabc30140cc9af864 740b204685b34c03a76e0182933acfd9 - - default default] No more DHCP agents
2026-08-11 17:00:33.153 7 WARNING neutron.api.rpc.agentnotifiers.dhcp_rpc_agent_api [None req-0ec74786-658b-4387-9618-99b5340132b8 d58028daca9f4bceabc30140cc9af864 740b204685b34c03a76e0182933acfd9 - - default default] Unable to schedule network 07ddc382-bf73-4f91-b124-74b7c2c168bf: no agents available; will retry on subsequent port and subnet creation events.
2026-08-11 17:00:33.165 8 INFO neutron.db.ovn_revision_numbers_db [None req-a6b2233f-6168-42c8-ba6e-f3b4a3dfccb8 - - - - - -] Successfully bumped revision number for resource ad8b2e09-300d-43ee-871e-e37a994bee8a (type: ports) to 2
2026-08-11 17:00:33.226 8 INFO neutron.db.ovn_revision_numbers_db [None req-a6b2233f-6168-42c8-ba6e-f3b4a3dfccb8 - - - - - -] Successfully bumped revision number for resource 2f9f56c8-f829-41b4-973a-c95a24a068e1 (type: subnets) to 0 [pid: 8|app: 0|req: 1324/2458] 10.0.0.228 () {34 vars in 669 bytes} [Tue Aug 11 17:00:32 2026] POST /v2.0/subnets => generated 657 bytes in 917 msecs (HTTP/1.1 201) 4 headers in 162 bytes (1 switches on core 0)
2026-08-11 17:00:33.297 7 INFO neutron.plugins.ml2.drivers.ovn.mech_driver.mech_driver [None req-577bb923-8f76-4c7d-990c-ee5740a04520 - - - - - -] OVN reports status down for port: 7a8ef5b5-0e33-49ae-b801-3a6e6cc148ec
2026-08-11 17:00:33.405 7 INFO neutron.db.ovn_revision_numbers_db [None req-0ec74786-658b-4387-9618-99b5340132b8 d58028daca9f4bceabc30140cc9af864 740b204685b34c03a76e0182933acfd9 - - default default] Successfully bumped revision number for resource 7a8ef5b5-0e33-49ae-b801-3a6e6cc148ec (type: ports) to 1 [pid: 8|app: 0|req: 1325/2459] 10.0.0.228 () {32 vars in 740 bytes} [Tue Aug 11 17:00:33 2026] DELETE /v2.0/security-groups/d8d55f76-e9bb-4d49-9233-a3fc77d96e53 => generated 0 bytes in 432 msecs (HTTP/1.1 204) 2 headers in 112 bytes (1 switches on core 0)
2026-08-11 17:00:34.013 8 INFO neutron.db.ovn_revision_numbers_db [None req-8d45d8e4-6719-436a-9bb8-1dd4ec9c5521 01c5330314554ca2b8aa56ff8ed06d81 0a030e4dc87447528f34b3d2a3622b62 - - default default] Successfully bumped revision number for resource 511fc035-120a-4772-9c30-c9adb0b17efe (type: security_groups) to 1
2026-08-11 17:00:34.032 8 INFO neutron.db.ovn_revision_numbers_db [None req-8d45d8e4-6719-436a-9bb8-1dd4ec9c5521 01c5330314554ca2b8aa56ff8ed06d81 0a030e4dc87447528f34b3d2a3622b62 - - default default] Successfully bumped revision number for resource 0cccafd3-7051-4161-8b97-5159edbd8a2e (type: security_group_rules) to 0
2026-08-11 17:00:34.051 8 INFO neutron.db.ovn_revision_numbers_db [None req-8d45d8e4-6719-436a-9bb8-1dd4ec9c5521 01c5330314554ca2b8aa56ff8ed06d81 0a030e4dc87447528f34b3d2a3622b62 - - default default] Successfully bumped revision number for resource 10a4d9f9-816b-41da-a27b-e71cf8eda17e (type: security_group_rules) to 0
2026-08-11 17:00:34.068 8 INFO neutron.db.ovn_revision_numbers_db [None req-8d45d8e4-6719-436a-9bb8-1dd4ec9c5521 01c5330314554ca2b8aa56ff8ed06d81 0a030e4dc87447528f34b3d2a3622b62 - - default default] Successfully bumped revision number for resource 36e36dcb-1823-4db1-9332-e9a1c3c8df97 (type: security_group_rules) to 0
2026-08-11 17:00:34.087 8 INFO neutron.db.ovn_revision_numbers_db [None req-8d45d8e4-6719-436a-9bb8-1dd4ec9c5521 01c5330314554ca2b8aa56ff8ed06d81 0a030e4dc87447528f34b3d2a3622b62 - - default default] Successfully bumped revision number for resource 52fcf1b3-c921-486f-a0b5-e9a2a9686756 (type: security_group_rules) to 0
2026-08-11 17:00:34.161 8 INFO neutron.db.segments_db [None req-8d45d8e4-6719-436a-9bb8-1dd4ec9c5521 01c5330314554ca2b8aa56ff8ed06d81 0a030e4dc87447528f34b3d2a3622b62 - - default default] Added segment 2cf89bd8-6bed-48d7-bc67-18c0882e532a of type geneve for network 1db1b51b-5cb5-4816-965e-44ba024f1ac0
2026-08-11 17:00:34.272 7 INFO neutron.plugins.ml2.drivers.ovn.mech_driver.ovsdb.commands [None req-8566f2db-f3b4-494e-825c-3cce31ab8ace - - - - - -] Schedule LRP lrp-7a8ef5b5-0e33-49ae-b801-3a6e6cc148ec on gateway 94bd4346-90b5-4ab7-b8b6-20b7ddcb466c with priority 1
2026-08-11 17:00:34.330 8 INFO neutron.db.ovn_revision_numbers_db [None req-8d45d8e4-6719-436a-9bb8-1dd4ec9c5521 01c5330314554ca2b8aa56ff8ed06d81 0a030e4dc87447528f34b3d2a3622b62 - - default default] Successfully bumped revision number for resource 1db1b51b-5cb5-4816-965e-44ba024f1ac0 (type: networks) to 1
2026-08-11 17:00:34.375 7 INFO neutron.plugins.ml2.drivers.ovn.mech_driver.ovsdb.ovsdb_monitor [None req-345ddacc-a3a0-44bc-a153-ef507f1e68b9 - - - - - -] Router d6c804ea-e593-47bf-8426-17b902edec57 is bound to host instance
2026-08-11 17:00:34.391 7 INFO neutron.plugins.ml2.drivers.ovn.mech_driver.mech_driver [None req-577bb923-8f76-4c7d-990c-ee5740a04520 - - - - - -] OVN reports status up for port: 7a8ef5b5-0e33-49ae-b801-3a6e6cc148ec
2026-08-11 17:00:34.453 7 INFO neutron.plugins.ml2.plugin [None req-577bb923-8f76-4c7d-990c-ee5740a04520 - - - - - -] Attempt 1 to provision port 7a8ef5b5-0e33-49ae-b801-3a6e6cc148ec
2026-08-11 17:00:34.538 7 INFO neutron.db.ovn_revision_numbers_db [None req-0ec74786-658b-4387-9618-99b5340132b8 d58028daca9f4bceabc30140cc9af864 740b204685b34c03a76e0182933acfd9 - - default default] Successfully bumped revision number for resource 7a8ef5b5-0e33-49ae-b801-3a6e6cc148ec (type: router_ports) to 1
2026-08-11 17:00:34.645 8 WARNING neutron.scheduler.dhcp_agent_scheduler [None req-8d45d8e4-6719-436a-9bb8-1dd4ec9c5521 01c5330314554ca2b8aa56ff8ed06d81 0a030e4dc87447528f34b3d2a3622b62 - - default default] No more DHCP agents
2026-08-11 17:00:34.646 8 WARNING neutron.api.rpc.agentnotifiers.dhcp_rpc_agent_api [None req-8d45d8e4-6719-436a-9bb8-1dd4ec9c5521 01c5330314554ca2b8aa56ff8ed06d81 0a030e4dc87447528f34b3d2a3622b62 - - default default] Unable to schedule network 1db1b51b-5cb5-4816-965e-44ba024f1ac0: no agents available; will retry on subsequent port and subnet creation events.
2026-08-11 17:00:34.757 8 INFO neutron.db.ovn_revision_numbers_db [None req-8d45d8e4-6719-436a-9bb8-1dd4ec9c5521 01c5330314554ca2b8aa56ff8ed06d81 0a030e4dc87447528f34b3d2a3622b62 - - default default] Successfully bumped revision number for resource f76b62b9-0c52-45fc-86cd-280a3225a86f (type: ports) to 1
2026-08-11 17:00:34.773 7 INFO neutron.db.ovn_revision_numbers_db [None req-0ec74786-658b-4387-9618-99b5340132b8 d58028daca9f4bceabc30140cc9af864 740b204685b34c03a76e0182933acfd9 - - default default] Successfully bumped revision number for resource d6c804ea-e593-47bf-8426-17b902edec57 (type: routers) to 2 [pid: 8|app: 0|req: 1326/2460] 10.0.0.228 () {34 vars in 670 bytes} [Tue Aug 11 17:00:33 2026] POST /v2.0/networks => generated 649 bytes in 1098 msecs (HTTP/1.1 201) 4 headers in 162 bytes (1 switches on core 0) [pid: 7|app: 0|req: 1135/2461] 10.0.0.228 () {34 vars in 669 bytes} [Tue Aug 11 17:00:32 2026] POST /v2.0/routers => generated 955 bytes in 2231 msecs (HTTP/1.1 201) 4 headers in 162 bytes (1 switches on core 0) [pid: 8|app: 0|req: 1327/2462] 10.0.0.228 () {32 vars in 722 bytes} [Tue Aug 11 17:00:34 2026] GET /v2.0/subnetpools?name=shared-default-subnetpool-v6 => generated 19 bytes in 230 msecs (HTTP/1.1 200) 4 headers in 156 bytes (1 switches on core 0)
2026-08-11 17:00:35.182 7 INFO neutron.db.ovn_revision_numbers_db [None req-cd8b44e1-7efc-47f5-9c4a-09beca18bdf4 43046b814ea64fa58f94929667fcc9de 324ebd803ac649a7a829a8e935411f28 - - default default] Successfully bumped revision number for resource 5544ca71-397c-4d5c-a2ee-754510951752 (type: security_groups) to 1
2026-08-11 17:00:35.212 7 INFO neutron.db.ovn_revision_numbers_db [None req-cd8b44e1-7efc-47f5-9c4a-09beca18bdf4 43046b814ea64fa58f94929667fcc9de 324ebd803ac649a7a829a8e935411f28 - - default default] Successfully bumped revision number for resource 5c68e9c9-1962-478e-a88b-7e42ddddbcbc (type: security_group_rules) to 0
2026-08-11 17:00:35.240 7 INFO neutron.db.ovn_revision_numbers_db [None req-cd8b44e1-7efc-47f5-9c4a-09beca18bdf4 43046b814ea64fa58f94929667fcc9de 324ebd803ac649a7a829a8e935411f28 - - default default] Successfully bumped revision number for resource 69f23322-d7e3-43c6-bf47-c27d91738dba (type: security_group_rules) to 0
2026-08-11 17:00:35.269 7 INFO neutron.db.ovn_revision_numbers_db [None req-cd8b44e1-7efc-47f5-9c4a-09beca18bdf4 43046b814ea64fa58f94929667fcc9de 324ebd803ac649a7a829a8e935411f28 - - default default] Successfully bumped revision number for resource b15ce4e0-f7cc-4e24-89cc-9f99cde9ba76 (type: security_group_rules) to 0
2026-08-11 17:00:35.305 8 WARNING neutron.scheduler.dhcp_agent_scheduler [None req-d7461e55-1eef-4162-8130-65927863ce1a 01c5330314554ca2b8aa56ff8ed06d81 0a030e4dc87447528f34b3d2a3622b62 - - default default] No more DHCP agents
2026-08-11 17:00:35.306 8 WARNING neutron.api.rpc.agentnotifiers.dhcp_rpc_agent_api [None req-d7461e55-1eef-4162-8130-65927863ce1a 01c5330314554ca2b8aa56ff8ed06d81 0a030e4dc87447528f34b3d2a3622b62 - - default default] Unable to schedule network 1db1b51b-5cb5-4816-965e-44ba024f1ac0: no agents available; will retry on subsequent port and subnet creation events.
2026-08-11 17:00:35.306 7 INFO neutron.db.ovn_revision_numbers_db [None req-cd8b44e1-7efc-47f5-9c4a-09beca18bdf4 43046b814ea64fa58f94929667fcc9de 324ebd803ac649a7a829a8e935411f28 - - default default] Successfully bumped revision number for resource e7443b4c-d27c-4ddb-8abf-1ea7897b326c (type: security_group_rules) to 0 [pid: 7|app: 0|req: 1136/2463] 10.0.0.228 () {32 vars in 774 bytes} [Tue Aug 11 17:00:34 2026] GET /v2.0/security-groups?tenant_id=34eb272ac57647ff8dd0e0b8764e44f0&name=default => generated 2925 bytes in 601 msecs (HTTP/1.1 200) 4 headers in 158 bytes (1 switches on core 0)
2026-08-11 17:00:35.454 8 INFO neutron.db.ovn_revision_numbers_db [None req-d7461e55-1eef-4162-8130-65927863ce1a 01c5330314554ca2b8aa56ff8ed06d81 0a030e4dc87447528f34b3d2a3622b62 - - default default] Successfully bumped revision number for resource e35efc68-5e01-47c6-b0bc-1363a43d231e (type: ports) to 1 [pid: 7|app: 0|req: 1137/2464] 10.0.0.228 () {32 vars in 776 bytes} [Tue Aug 11 17:00:35 2026] GET /v2.0/subnets?project_id=740b204685b34c03a76e0182933acfd9&cidr=10.100.0.0%2F28 => generated 14 bytes in 125 msecs (HTTP/1.1 200) 4 headers in 156 bytes (1 switches on core 0) [pid: 8|app: 0|req: 1328/2465] 10.0.0.228 () {34 vars in 664 bytes} [Tue Aug 11 17:00:35 2026] POST /v2.0/ports => generated 743 bytes in 510 msecs (HTTP/1.1 201) 4 headers in 162 bytes (1 switches on core 0) /var/lib/openstack/lib/python3.12/site-packages/pycadf/identifier.py:70: UserWarning: Invalid uuid: neutron. To ensure interoperability, identifiers should be a valid uuid. warnings.warn(('Invalid uuid: %s. To ensure interoperability, ' [pid: 8|app: 0|req: 1329/2466] 10.0.0.228 () {32 vars in 740 bytes} [Tue Aug 11 17:00:35 2026] DELETE /v2.0/security-groups/5544ca71-397c-4d5c-a2ee-754510951752 => generated 0 bytes in 365 msecs (HTTP/1.1 204) 2 headers in 112 bytes (1 switches on core 0) [pid: 8|app: 0|req: 1330/2467] 10.0.0.228 () {32 vars in 694 bytes} [Tue Aug 11 17:00:35 2026] GET /v2.0/networks?router%3Aexternal=True => generated 791 bytes in 57 msecs (HTTP/1.1 200) 4 headers in 157 bytes (1 switches on core 0) [pid: 8|app: 0|req: 1331/2468] 10.0.0.228 () {34 vars in 747 bytes} [Tue Aug 11 17:00:35 2026] PUT /v2.0/ports/e35efc68-5e01-47c6-b0bc-1363a43d231e/tags => generated 25 bytes in 310 msecs (HTTP/1.1 200) 4 headers in 156 bytes (1 switches on core 0) /var/lib/openstack/lib/python3.12/site-packages/pycadf/identifier.py:70: UserWarning: Invalid uuid: neutron. To ensure interoperability, identifiers should be a valid uuid. warnings.warn(('Invalid uuid: %s. To ensure interoperability, '
2026-08-11 17:00:36.274 7 INFO neutron.db.ovn_revision_numbers_db [None req-7a2c0bdb-39dc-4b42-a471-a0d9dc046e8f - - - - - -] Successfully bumped revision number for resource 7a8ef5b5-0e33-49ae-b801-3a6e6cc148ec (type: ports) to 4 [pid: 8|app: 0|req: 1332/2469] 10.0.0.228 () {32 vars in 784 bytes} [Tue Aug 11 17:00:36 2026] GET /v2.0/subnets?network_id=07ddc382-bf73-4f91-b124-74b7c2c168bf&cidr=10.100.0.0%2F28 => generated 14 bytes in 32 msecs (HTTP/1.1 200) 4 headers in 156 bytes (1 switches on core 0)
2026-08-11 17:00:36.309 7 WARNING neutron.scheduler.dhcp_agent_scheduler [None req-b13f8433-6765-44e0-a1bd-d3b8b4c30aba 6d97e28288434357bb046ab69feb22f0 1791813b405b47c18d6da051ba07a262 - - default default] No more DHCP agents
2026-08-11 17:00:36.314 7 WARNING neutron.api.rpc.agentnotifiers.dhcp_rpc_agent_api [None req-b13f8433-6765-44e0-a1bd-d3b8b4c30aba 6d97e28288434357bb046ab69feb22f0 1791813b405b47c18d6da051ba07a262 - - default default] Unable to schedule network bbd61d46-f5a0-44d6-b726-1c2793d46382: no agents available; will retry on subsequent port and subnet creation events. [pid: 8|app: 0|req: 1333/2470] 10.0.0.228 () {32 vars in 727 bytes} [Tue Aug 11 17:00:36 2026] GET /v2.0/ports/e35efc68-5e01-47c6-b0bc-1363a43d231e/tags => generated 25 bytes in 102 msecs (HTTP/1.1 200) 4 headers in 156 bytes (1 switches on core 0) /var/lib/openstack/lib/python3.12/site-packages/pycadf/identifier.py:70: UserWarning: Invalid uuid: neutron. To ensure interoperability, identifiers should be a valid uuid. warnings.warn(('Invalid uuid: %s. To ensure interoperability, '
2026-08-11 17:00:36.492 7 INFO neutron.db.ovn_revision_numbers_db [None req-b13f8433-6765-44e0-a1bd-d3b8b4c30aba 6d97e28288434357bb046ab69feb22f0 1791813b405b47c18d6da051ba07a262 - - default default] Successfully bumped revision number for resource 0dbb7620-4d3d-4b4f-915a-0fa06a0b245e (type: subnets) to 0 [pid: 7|app: 0|req: 1138/2471] 10.0.0.228 () {34 vars in 669 bytes} [Tue Aug 11 17:00:35 2026] POST /v2.0/subnets => generated 732 bytes in 1000 msecs (HTTP/1.1 201) 4 headers in 162 bytes (1 switches on core 0)
2026-08-11 17:00:36.689 8 WARNING neutron.scheduler.dhcp_agent_scheduler [None req-957d8e5a-2c19-4714-b389-23ce97d3fdb5 d58028daca9f4bceabc30140cc9af864 740b204685b34c03a76e0182933acfd9 - - default default] No more DHCP agents
2026-08-11 17:00:36.690 8 WARNING neutron.api.rpc.agentnotifiers.dhcp_rpc_agent_api [None req-957d8e5a-2c19-4714-b389-23ce97d3fdb5 d58028daca9f4bceabc30140cc9af864 740b204685b34c03a76e0182933acfd9 - - default default] Unable to schedule network 38982f54-a502-4865-a7e2-30f4808746c8: no agents available; will retry on subsequent port and subnet creation events. [pid: 7|app: 0|req: 1139/2472] 10.0.0.228 () {34 vars in 758 bytes} [Tue Aug 11 17:00:36 2026] PUT /v2.0/ports/e35efc68-5e01-47c6-b0bc-1363a43d231e/tags/green => generated 4 bytes in 165 msecs (HTTP/1.1 201) 4 headers in 160 bytes (1 switches on core 0) /var/lib/openstack/lib/python3.12/site-packages/pycadf/identifier.py:70: UserWarning: Invalid uuid: neutron. To ensure interoperability, identifiers should be a valid uuid. warnings.warn(('Invalid uuid: %s. To ensure interoperability, '
2026-08-11 17:00:36.883 7 INFO neutron.db.segments_db [None req-8af8a0e4-1043-4933-9a07-abb368b53ead 6d97e28288434357bb046ab69feb22f0 1791813b405b47c18d6da051ba07a262 - - default default] Added segment 4e24f404-ea07-4274-8a13-76c16e574eb5 of type geneve for network dfb3cc70-29ed-47ca-bcd6-7dc25a771499
2026-08-11 17:00:36.888 7 INFO neutron.db.ovn_revision_numbers_db [None req-7a2c0bdb-39dc-4b42-a471-a0d9dc046e8f - - - - - -] Successfully bumped revision number for resource 7a8ef5b5-0e33-49ae-b801-3a6e6cc148ec (type: ports) to 5
2026-08-11 17:00:37.112 7 INFO neutron.plugins.ml2.drivers.ovn.mech_driver.mech_driver [None req-577bb923-8f76-4c7d-990c-ee5740a04520 - - - - - -] OVN reports status down for port: f76b62b9-0c52-45fc-86cd-280a3225a86f
2026-08-11 17:00:37.219 8 INFO neutron.db.ovn_revision_numbers_db [None req-20d88539-fa84-4020-9edb-51cfb8679f25 - - - - - -] Successfully bumped revision number for resource f8a858ac-92b4-4a7e-a052-c45a65a319d3 (type: ports) to 2
2026-08-11 17:00:37.265 8 INFO neutron.db.ovn_revision_numbers_db [None req-20d88539-fa84-4020-9edb-51cfb8679f25 - - - - - -] Successfully bumped revision number for resource fc958b3b-2947-4fc3-90b3-4b2ac5d0ea5e (type: subnets) to 0 [pid: 8|app: 0|req: 1334/2473] 10.0.0.228 () {34 vars in 669 bytes} [Tue Aug 11 17:00:36 2026] POST /v2.0/subnets => generated 657 bytes in 891 msecs (HTTP/1.1 201) 4 headers in 162 bytes (1 switches on core 0) [pid: 8|app: 0|req: 1335/2474] 10.0.0.228 () {32 vars in 727 bytes} [Tue Aug 11 17:00:37 2026] GET /v2.0/ports/e35efc68-5e01-47c6-b0bc-1363a43d231e/tags => generated 34 bytes in 58 msecs (HTTP/1.1 200) 4 headers in 156 bytes (1 switches on core 0) /var/lib/openstack/lib/python3.12/site-packages/pycadf/identifier.py:70: UserWarning: Invalid uuid: neutron. To ensure interoperability, identifiers should be a valid uuid. warnings.warn(('Invalid uuid: %s. To ensure interoperability, '
2026-08-11 17:00:37.949 8 WARNING neutron.scheduler.dhcp_agent_scheduler [None req-cac7eb86-05d2-4f60-9b42-54cb30bb6a08 d58028daca9f4bceabc30140cc9af864 740b204685b34c03a76e0182933acfd9 - - default default] No more DHCP agents
