2026-08-11 16:57:29.745 8 INFO neutron.db.ovn_revision_numbers_db [None req-386d17eb-35fc-4e9a-95e8-32c7e4289648 33d0147fd1054a988552217645f8529d fc624730761e49c19ebf8be5d770e6aa - - default default] Successfully bumped revision number for resource 29de0d48-6b5b-4067-acb1-55f27a9e7bbe (type: security_groups) to 1
2026-08-11 16:57:29.766 8 INFO neutron.db.ovn_revision_numbers_db [None req-386d17eb-35fc-4e9a-95e8-32c7e4289648 33d0147fd1054a988552217645f8529d fc624730761e49c19ebf8be5d770e6aa - - default default] Successfully bumped revision number for resource 4bb21c10-5f6c-42a6-a105-df02f2951936 (type: security_group_rules) to 0
2026-08-11 16:57:29.779 8 INFO neutron.db.ovn_revision_numbers_db [None req-386d17eb-35fc-4e9a-95e8-32c7e4289648 33d0147fd1054a988552217645f8529d fc624730761e49c19ebf8be5d770e6aa - - default default] Successfully bumped revision number for resource b60116b9-544f-4e8a-9e48-9c3cef41f175 (type: security_group_rules) to 0
2026-08-11 16:57:29.793 8 INFO neutron.db.ovn_revision_numbers_db [None req-386d17eb-35fc-4e9a-95e8-32c7e4289648 33d0147fd1054a988552217645f8529d fc624730761e49c19ebf8be5d770e6aa - - default default] Successfully bumped revision number for resource b9eed9b3-350e-490c-882e-0465067127e9 (type: security_group_rules) to 0
2026-08-11 16:57:29.809 8 INFO neutron.db.ovn_revision_numbers_db [None req-386d17eb-35fc-4e9a-95e8-32c7e4289648 33d0147fd1054a988552217645f8529d fc624730761e49c19ebf8be5d770e6aa - - default default] Successfully bumped revision number for resource fc4b6cf5-da14-44a6-b805-5ba0a9f317a5 (type: security_group_rules) to 0
2026-08-11 16:57:29.879 7 WARNING neutron.scheduler.dhcp_agent_scheduler [None req-20a3203c-f832-4a06-8eda-a31f60a8dfa0 ee7e5f63f48b45f4999ae20076c714dd 3aef3e94a4684e59817555c52e95e5b4 - - default default] No more DHCP agents
2026-08-11 16:57:29.881 7 WARNING neutron.api.rpc.agentnotifiers.dhcp_rpc_agent_api [None req-20a3203c-f832-4a06-8eda-a31f60a8dfa0 ee7e5f63f48b45f4999ae20076c714dd 3aef3e94a4684e59817555c52e95e5b4 - - default default] Unable to schedule network 21137efa-2737-4f33-9416-b5e5a6309970: no agents available; will retry on subsequent port and subnet creation events.
2026-08-11 16:57:29.887 8 INFO neutron.db.segments_db [None req-386d17eb-35fc-4e9a-95e8-32c7e4289648 33d0147fd1054a988552217645f8529d fc624730761e49c19ebf8be5d770e6aa - - default default] Added segment 560afa37-aab0-4385-bf44-65bbd943ae6a of type geneve for network 0e4ceebb-d682-474c-9a40-f4fd52c4d0ff
2026-08-11 16:57:30.037 8 INFO neutron.db.ovn_revision_numbers_db [None req-386d17eb-35fc-4e9a-95e8-32c7e4289648 33d0147fd1054a988552217645f8529d fc624730761e49c19ebf8be5d770e6aa - - default default] Successfully bumped revision number for resource 0e4ceebb-d682-474c-9a40-f4fd52c4d0ff (type: networks) to 1
2026-08-11 16:57:30.235 8 WARNING neutron.scheduler.dhcp_agent_scheduler [None req-386d17eb-35fc-4e9a-95e8-32c7e4289648 33d0147fd1054a988552217645f8529d fc624730761e49c19ebf8be5d770e6aa - - default default] No more DHCP agents
2026-08-11 16:57:30.236 8 WARNING neutron.api.rpc.agentnotifiers.dhcp_rpc_agent_api [None req-386d17eb-35fc-4e9a-95e8-32c7e4289648 33d0147fd1054a988552217645f8529d fc624730761e49c19ebf8be5d770e6aa - - default default] Unable to schedule network 0e4ceebb-d682-474c-9a40-f4fd52c4d0ff: no agents available; will retry on subsequent port and subnet creation events.
2026-08-11 16:57:30.353 7 INFO neutron.plugins.ml2.drivers.ovn.mech_driver.mech_driver [None req-ea24f7d7-0e07-43f3-bcfa-bb399e6c47c9 - - - - - -] OVN reports status down for port: 470c511d-e356-420e-8d45-61f8ea06c966
2026-08-11 16:57:30.401 8 INFO neutron.db.ovn_revision_numbers_db [None req-386d17eb-35fc-4e9a-95e8-32c7e4289648 33d0147fd1054a988552217645f8529d fc624730761e49c19ebf8be5d770e6aa - - default default] Successfully bumped revision number for resource 470c511d-e356-420e-8d45-61f8ea06c966 (type: ports) to 1 [pid: 8|app: 0|req: 735/1329] 10.0.0.228 () {34 vars in 670 bytes} [Tue Aug 11 16:57:29 2026] POST /v2.0/networks => generated 668 bytes in 1015 msecs (HTTP/1.1 201) 4 headers in 162 bytes (1 switches on core 0)
2026-08-11 16:57:30.468 8 INFO neutron.services.segments.plugin [-] Segment d93557a5-d4dd-4402-af5a-c1db7e4a0f31 resource provider aggregate not found
2026-08-11 16:57:30.492 8 INFO neutron.services.segments.plugin [-] Segment d93557a5-d4dd-4402-af5a-c1db7e4a0f31 resource provider aggregate not found
2026-08-11 16:57:30.493 8 INFO neutron.services.segments.plugin [-] Segment d93557a5-d4dd-4402-af5a-c1db7e4a0f31 resource provider not found; error: Placement Client Error (4xx): {"errors": [{"status": 404, "title": "Not Found", "detail": "The resource could not be found.\n\n No resource provider with uuid d93557a5-d4dd-4402-af5a-c1db7e4a0f31 found for delete ", "request_id": "req-2ff7b0a9-fc00-4aa5-beab-12757dafbecc"}]}
2026-08-11 16:57:30.508 8 INFO neutron.services.segments.plugin [-] Segment d93557a5-d4dd-4402-af5a-c1db7e4a0f31 resource provider not found; error: Placement Client Error (4xx): {"errors": [{"status": 404, "title": "Not Found", "detail": "The resource could not be found.\n\n No resource provider with uuid d93557a5-d4dd-4402-af5a-c1db7e4a0f31 found for delete ", "request_id": "req-dc011e69-c8d8-4d68-9eb0-424c3f84c984"}]}
2026-08-11 16:57:30.513 8 INFO neutron.services.segments.plugin [-] Segment 5726fffa-1c74-44aa-bc15-2d921367f482 resource provider aggregate not found
2026-08-11 16:57:30.530 8 INFO neutron.services.segments.plugin [-] Segment 5726fffa-1c74-44aa-bc15-2d921367f482 resource provider aggregate not found
2026-08-11 16:57:30.550 8 INFO neutron.services.segments.plugin [-] Segment 5726fffa-1c74-44aa-bc15-2d921367f482 resource provider not found; error: Placement Client Error (4xx): {"errors": [{"status": 404, "title": "Not Found", "detail": "The resource could not be found.\n\n No resource provider with uuid 5726fffa-1c74-44aa-bc15-2d921367f482 found for delete ", "request_id": "req-ad3bda11-7d63-4e23-a9d0-20e150078df3"}]}
2026-08-11 16:57:30.563 8 INFO neutron.services.segments.plugin [-] Segment 5726fffa-1c74-44aa-bc15-2d921367f482 resource provider not found; error: Placement Client Error (4xx): {"errors": [{"status": 404, "title": "Not Found", "detail": "The resource could not be found.\n\n No resource provider with uuid 5726fffa-1c74-44aa-bc15-2d921367f482 found for delete ", "request_id": "req-400e12ca-b815-4ffc-bfda-3ac6f65bc4ec"}]}
2026-08-11 16:57:30.606 7 INFO neutron.db.ovn_revision_numbers_db [None req-4de79f0c-2c33-4fc7-b5e2-c93322036aa4 - - - - - -] Successfully bumped revision number for resource 9d0150bb-12bb-4dda-900c-3eea3a95955d (type: ports) to 2 [pid: 8|app: 0|req: 736/1330] 10.0.0.228 () {32 vars in 774 bytes} [Tue Aug 11 16:57:30 2026] GET /v2.0/security-groups?tenant_id=751d4000fae5498e9bfe202f5ee69516&name=default => generated 2925 bytes in 174 msecs (HTTP/1.1 200) 4 headers in 158 bytes (1 switches on core 0)
2026-08-11 16:57:30.644 7 INFO neutron.db.ovn_revision_numbers_db [None req-4de79f0c-2c33-4fc7-b5e2-c93322036aa4 - - - - - -] Successfully bumped revision number for resource 78380f20-2949-4777-b31f-bbd471e6891a (type: subnets) to 0 [pid: 7|app: 0|req: 595/1331] 10.0.0.228 () {34 vars in 669 bytes} [Tue Aug 11 16:57:29 2026] POST /v2.0/subnets => generated 641 bytes in 1062 msecs (HTTP/1.1 201) 4 headers in 162 bytes (1 switches on core 0)
2026-08-11 16:57:30.859 8 WARNING neutron.scheduler.dhcp_agent_scheduler [None req-8744c547-cc9c-4ce1-b4fc-543bc27f4c4b 33d0147fd1054a988552217645f8529d fc624730761e49c19ebf8be5d770e6aa - - default default] No more DHCP agents
2026-08-11 16:57:30.861 8 WARNING neutron.api.rpc.agentnotifiers.dhcp_rpc_agent_api [None req-8744c547-cc9c-4ce1-b4fc-543bc27f4c4b 33d0147fd1054a988552217645f8529d fc624730761e49c19ebf8be5d770e6aa - - default default] Unable to schedule network 0e4ceebb-d682-474c-9a40-f4fd52c4d0ff: no agents available; will retry on subsequent port and subnet creation events.
2026-08-11 16:57:30.889 8 INFO neutron.db.ovn_revision_numbers_db [None req-8744c547-cc9c-4ce1-b4fc-543bc27f4c4b 33d0147fd1054a988552217645f8529d fc624730761e49c19ebf8be5d770e6aa - - default default] Successfully bumped revision number for resource ec1e40ba-57a2-4594-b510-b3816bda08ee (type: subnets) to 0 [pid: 8|app: 0|req: 737/1332] 10.0.0.228 () {34 vars in 669 bytes} [Tue Aug 11 16:57:30 2026] POST /v2.0/subnets => generated 627 bytes in 307 msecs (HTTP/1.1 201) 4 headers in 162 bytes (1 switches on core 0) [pid: 7|app: 0|req: 596/1333] 10.0.0.228 () {32 vars in 740 bytes} [Tue Aug 11 16:57:30 2026] DELETE /v2.0/security-groups/5f5c05bb-6cf9-4c71-a33d-a401b0d46e75 => generated 0 bytes in 346 msecs (HTTP/1.1 204) 2 headers in 112 bytes (1 switches on core 0)
2026-08-11 16:57:31.036 8 INFO neutron.db.segments_db [None req-054aefd1-72be-43ab-aa25-db72ee0b0576 ee7e5f63f48b45f4999ae20076c714dd 3aef3e94a4684e59817555c52e95e5b4 - - default default] Added segment e5d0cfe4-f1bf-439b-8447-86e58e96476f of type geneve for network 9de29998-4f15-45e5-a77d-2e4c35819d02
2026-08-11 16:57:31.157 8 INFO neutron.db.ovn_revision_numbers_db [None req-054aefd1-72be-43ab-aa25-db72ee0b0576 ee7e5f63f48b45f4999ae20076c714dd 3aef3e94a4684e59817555c52e95e5b4 - - default default] Successfully bumped revision number for resource 9de29998-4f15-45e5-a77d-2e4c35819d02 (type: networks) to 1
2026-08-11 16:57:31.339 8 WARNING neutron.scheduler.dhcp_agent_scheduler [None req-054aefd1-72be-43ab-aa25-db72ee0b0576 ee7e5f63f48b45f4999ae20076c714dd 3aef3e94a4684e59817555c52e95e5b4 - - default default] No more DHCP agents
2026-08-11 16:57:31.340 8 WARNING neutron.api.rpc.agentnotifiers.dhcp_rpc_agent_api [None req-054aefd1-72be-43ab-aa25-db72ee0b0576 ee7e5f63f48b45f4999ae20076c714dd 3aef3e94a4684e59817555c52e95e5b4 - - default default] Unable to schedule network 9de29998-4f15-45e5-a77d-2e4c35819d02: no agents available; will retry on subsequent port and subnet creation events.
2026-08-11 16:57:31.440 7 INFO neutron.plugins.ml2.drivers.ovn.mech_driver.mech_driver [None req-ea24f7d7-0e07-43f3-bcfa-bb399e6c47c9 - - - - - -] OVN reports status down for port: b5f943a5-2957-4a6b-96c3-edbff12a964e
2026-08-11 16:57:31.452 8 INFO neutron.db.ovn_revision_numbers_db [None req-054aefd1-72be-43ab-aa25-db72ee0b0576 ee7e5f63f48b45f4999ae20076c714dd 3aef3e94a4684e59817555c52e95e5b4 - - default default] Successfully bumped revision number for resource b5f943a5-2957-4a6b-96c3-edbff12a964e (type: ports) to 1 [pid: 8|app: 0|req: 738/1334] 10.0.0.228 () {34 vars in 670 bytes} [Tue Aug 11 16:57:30 2026] POST /v2.0/networks => generated 663 bytes in 563 msecs (HTTP/1.1 201) 4 headers in 162 bytes (1 switches on core 0)
2026-08-11 16:57:31.605 7 WARNING neutron.scheduler.dhcp_agent_scheduler [None req-9192b3b1-b102-4b4b-9cb5-3bd3d08dad23 33d0147fd1054a988552217645f8529d fc624730761e49c19ebf8be5d770e6aa - - default default] No more DHCP agents
2026-08-11 16:57:31.607 7 WARNING neutron.api.rpc.agentnotifiers.dhcp_rpc_agent_api [None req-9192b3b1-b102-4b4b-9cb5-3bd3d08dad23 33d0147fd1054a988552217645f8529d fc624730761e49c19ebf8be5d770e6aa - - default default] Unable to schedule network 07ddc382-bf73-4f91-b124-74b7c2c168bf: no agents available; will retry on subsequent port and subnet creation events. [pid: 8|app: 0|req: 739/1335] 10.0.0.196 () {34 vars in 990 bytes} [Tue Aug 11 16:57:31 2026] GET /v2.0/ports?device_id=cfa0eba4-363f-4c3d-9380-02ae5551415a => generated 1213 bytes in 265 msecs (HTTP/1.1 200) 4 headers in 158 bytes (1 switches on core 0)
2026-08-11 16:57:31.752 7 INFO neutron.plugins.ml2.drivers.ovn.mech_driver.mech_driver [None req-ea24f7d7-0e07-43f3-bcfa-bb399e6c47c9 - - - - - -] OVN reports status down for port: 35b1cd00-ff40-4c61-8141-f8bee2bf4078
2026-08-11 16:57:31.827 7 INFO neutron.db.ovn_revision_numbers_db [None req-9192b3b1-b102-4b4b-9cb5-3bd3d08dad23 33d0147fd1054a988552217645f8529d fc624730761e49c19ebf8be5d770e6aa - - default default] Successfully bumped revision number for resource 35b1cd00-ff40-4c61-8141-f8bee2bf4078 (type: ports) to 1
2026-08-11 16:57:31.935 8 INFO neutron.db.ovn_revision_numbers_db [None req-5381f5a5-eaef-44e0-9eec-1133f07d6888 ee7e5f63f48b45f4999ae20076c714dd 3aef3e94a4684e59817555c52e95e5b4 - - default default] Successfully bumped revision number for resource 9de29998-4f15-45e5-a77d-2e4c35819d02 (type: networks) to 2 [pid: 8|app: 0|req: 740/1336] 10.0.0.228 () {34 vars in 743 bytes} [Tue Aug 11 16:57:31 2026] PUT /v2.0/networks/9de29998-4f15-45e5-a77d-2e4c35819d02 => generated 636 bytes in 200 msecs (HTTP/1.1 200) 4 headers in 157 bytes (1 switches on core 0) [pid: 8|app: 0|req: 741/1337] 10.0.0.196 () {34 vars in 1040 bytes} [Tue Aug 11 16:57:31 2026] GET /v2.0/security-groups?id=8a32e07a-473f-45ea-ae52-a8b20f602425&fields=id&fields=name => generated 114 bytes in 30 msecs (HTTP/1.1 200) 4 headers in 157 bytes (1 switches on core 0)
2026-08-11 16:57:32.202 8 WARNING neutron.scheduler.dhcp_agent_scheduler [None req-be99f810-9285-4d31-b904-e1102ac49bc3 ee7e5f63f48b45f4999ae20076c714dd 3aef3e94a4684e59817555c52e95e5b4 - - default default] No more DHCP agents
2026-08-11 16:57:32.207 8 WARNING neutron.api.rpc.agentnotifiers.dhcp_rpc_agent_api [None req-be99f810-9285-4d31-b904-e1102ac49bc3 ee7e5f63f48b45f4999ae20076c714dd 3aef3e94a4684e59817555c52e95e5b4 - - default default] Unable to schedule network 9de29998-4f15-45e5-a77d-2e4c35819d02: no agents available; will retry on subsequent port and subnet creation events.
2026-08-11 16:57:32.582 7 INFO neutron.plugins.ml2.drivers.ovn.mech_driver.ovsdb.commands [None req-8566f2db-f3b4-494e-825c-3cce31ab8ace - - - - - -] Schedule LRP lrp-35b1cd00-ff40-4c61-8141-f8bee2bf4078 on gateway 94bd4346-90b5-4ab7-b8b6-20b7ddcb466c with priority 1
2026-08-11 16:57:32.682 7 INFO neutron.plugins.ml2.drivers.ovn.mech_driver.mech_driver [None req-ea24f7d7-0e07-43f3-bcfa-bb399e6c47c9 - - - - - -] OVN reports status up for port: 35b1cd00-ff40-4c61-8141-f8bee2bf4078
2026-08-11 16:57:32.719 7 INFO neutron.plugins.ml2.plugin [None req-ea24f7d7-0e07-43f3-bcfa-bb399e6c47c9 - - - - - -] Attempt 1 to provision port 35b1cd00-ff40-4c61-8141-f8bee2bf4078
2026-08-11 16:57:32.770 8 INFO neutron.db.ovn_revision_numbers_db [None req-1c29b68e-9b5b-49c8-8482-7d83e375c77d - - - - - -] Successfully bumped revision number for resource b5f943a5-2957-4a6b-96c3-edbff12a964e (type: ports) to 2
2026-08-11 16:57:32.782 7 INFO neutron.db.ovn_revision_numbers_db [None req-9192b3b1-b102-4b4b-9cb5-3bd3d08dad23 33d0147fd1054a988552217645f8529d fc624730761e49c19ebf8be5d770e6aa - - default default] Successfully bumped revision number for resource 35b1cd00-ff40-4c61-8141-f8bee2bf4078 (type: router_ports) to 1
2026-08-11 16:57:32.802 8 INFO neutron.db.ovn_revision_numbers_db [None req-1c29b68e-9b5b-49c8-8482-7d83e375c77d - - - - - -] Successfully bumped revision number for resource d39b7142-5f21-4b54-ab59-3bcc02183aa8 (type: subnets) to 0 [pid: 8|app: 0|req: 742/1338] 10.0.0.228 () {34 vars in 669 bytes} [Tue Aug 11 16:57:31 2026] POST /v2.0/subnets => generated 626 bytes in 856 msecs (HTTP/1.1 201) 4 headers in 162 bytes (1 switches on core 0)
2026-08-11 16:57:32.937 7 INFO neutron.db.ovn_revision_numbers_db [None req-9192b3b1-b102-4b4b-9cb5-3bd3d08dad23 33d0147fd1054a988552217645f8529d fc624730761e49c19ebf8be5d770e6aa - - default default] Successfully bumped revision number for resource 008423f0-8167-4f0a-9912-fa3e99db20bc (type: routers) to 2 [pid: 7|app: 0|req: 597/1339] 10.0.0.228 () {34 vars in 669 bytes} [Tue Aug 11 16:57:31 2026] POST /v2.0/routers => generated 955 bytes in 1950 msecs (HTTP/1.1 201) 4 headers in 162 bytes (1 switches on core 0)
2026-08-11 16:57:33.238 8 INFO neutron.db.ovn_revision_numbers_db [None req-a8977886-bc92-4648-ba7e-e61be7745a66 c17bb60186464659a3b2909b2f70bab8 89c742f81494437b92346e33fa9ab877 - - default default] Successfully bumped revision number for resource cc0201a1-b6a6-4971-ad6c-acf1c7816802 (type: security_groups) to 1
2026-08-11 16:57:33.252 8 INFO neutron.db.ovn_revision_numbers_db [None req-a8977886-bc92-4648-ba7e-e61be7745a66 c17bb60186464659a3b2909b2f70bab8 89c742f81494437b92346e33fa9ab877 - - default default] Successfully bumped revision number for resource 43a03e18-dbc1-461e-8029-0f350cfbb0ab (type: security_group_rules) to 0
2026-08-11 16:57:33.266 8 INFO neutron.db.ovn_revision_numbers_db [None req-a8977886-bc92-4648-ba7e-e61be7745a66 c17bb60186464659a3b2909b2f70bab8 89c742f81494437b92346e33fa9ab877 - - default default] Successfully bumped revision number for resource 9ca166f1-4cd2-455c-b916-ea9b39a6afdd (type: security_group_rules) to 0
2026-08-11 16:57:33.279 8 INFO neutron.db.ovn_revision_numbers_db [None req-a8977886-bc92-4648-ba7e-e61be7745a66 c17bb60186464659a3b2909b2f70bab8 89c742f81494437b92346e33fa9ab877 - - default default] Successfully bumped revision number for resource a9a6e58b-0f03-448c-9b4b-db843667da1a (type: security_group_rules) to 0
2026-08-11 16:57:33.290 8 INFO neutron.db.ovn_revision_numbers_db [None req-a8977886-bc92-4648-ba7e-e61be7745a66 c17bb60186464659a3b2909b2f70bab8 89c742f81494437b92346e33fa9ab877 - - default default] Successfully bumped revision number for resource e0748d3f-c412-49bc-9e30-a76d889632ae (type: security_group_rules) to 0
2026-08-11 16:57:33.341 7 INFO neutron.db.ovn_revision_numbers_db [None req-e0bf35de-b5aa-4d1f-bac9-f73e3577e55e ee7e5f63f48b45f4999ae20076c714dd 3aef3e94a4684e59817555c52e95e5b4 - - default default] Successfully bumped revision number for resource d39b7142-5f21-4b54-ab59-3bcc02183aa8 (type: subnets) to 1 [pid: 7|app: 0|req: 598/1340] 10.0.0.228 () {34 vars in 741 bytes} [Tue Aug 11 16:57:32 2026] PUT /v2.0/subnets/d39b7142-5f21-4b54-ab59-3bcc02183aa8 => generated 636 bytes in 386 msecs (HTTP/1.1 200) 4 headers in 157 bytes (1 switches on core 0)
2026-08-11 16:57:33.376 8 INFO neutron.db.segments_db [None req-a8977886-bc92-4648-ba7e-e61be7745a66 c17bb60186464659a3b2909b2f70bab8 89c742f81494437b92346e33fa9ab877 - - default default] Added segment 39cd2e1f-85b2-4bdf-93b2-9f7a0c11019a of type geneve for network f5779605-67a3-44c3-a3a9-77bed7b51c21
2026-08-11 16:57:33.506 8 INFO neutron.db.ovn_revision_numbers_db [None req-a8977886-bc92-4648-ba7e-e61be7745a66 c17bb60186464659a3b2909b2f70bab8 89c742f81494437b92346e33fa9ab877 - - default default] Successfully bumped revision number for resource f5779605-67a3-44c3-a3a9-77bed7b51c21 (type: networks) to 1
2026-08-11 16:57:33.661 8 WARNING neutron.scheduler.dhcp_agent_scheduler [None req-a8977886-bc92-4648-ba7e-e61be7745a66 c17bb60186464659a3b2909b2f70bab8 89c742f81494437b92346e33fa9ab877 - - default default] No more DHCP agents
2026-08-11 16:57:33.662 8 WARNING neutron.api.rpc.agentnotifiers.dhcp_rpc_agent_api [None req-a8977886-bc92-4648-ba7e-e61be7745a66 c17bb60186464659a3b2909b2f70bab8 89c742f81494437b92346e33fa9ab877 - - default default] Unable to schedule network f5779605-67a3-44c3-a3a9-77bed7b51c21: no agents available; will retry on subsequent port and subnet creation events.
2026-08-11 16:57:33.766 8 INFO neutron.db.ovn_revision_numbers_db [None req-a8977886-bc92-4648-ba7e-e61be7745a66 c17bb60186464659a3b2909b2f70bab8 89c742f81494437b92346e33fa9ab877 - - default default] Successfully bumped revision number for resource 4a8342e1-8f1d-4e80-ba89-450b7bf675ed (type: ports) to 1 [pid: 8|app: 0|req: 743/1341] 10.0.0.228 () {34 vars in 670 bytes} [Tue Aug 11 16:57:32 2026] POST /v2.0/networks => generated 666 bytes in 959 msecs (HTTP/1.1 201) 4 headers in 162 bytes (1 switches on core 0)
2026-08-11 16:57:33.947 8 INFO neutron_taas.services.taas.taas_plugin [None req-812abbe9-bf6f-4503-9b67-dd138d46747a ee7e5f63f48b45f4999ae20076c714dd 3aef3e94a4684e59817555c52e95e5b4 - - default default] TaaS: Handle Delete Port: b5f943a5-2957-4a6b-96c3-edbff12a964e
2026-08-11 16:57:33.951 8 INFO neutron_taas.services.taas.tap_mirror_plugin [None req-812abbe9-bf6f-4503-9b67-dd138d46747a ee7e5f63f48b45f4999ae20076c714dd 3aef3e94a4684e59817555c52e95e5b4 - - default default] Tap Mirror: Handle Delete Port: b5f943a5-2957-4a6b-96c3-edbff12a964e
2026-08-11 16:57:34.049 7 WARNING neutron.scheduler.dhcp_agent_scheduler [None req-582c4008-39f0-4d79-bb2a-d58f1b45415b 33d0147fd1054a988552217645f8529d fc624730761e49c19ebf8be5d770e6aa - - default default] No more DHCP agents
2026-08-11 16:57:34.050 7 WARNING neutron.api.rpc.agentnotifiers.dhcp_rpc_agent_api [None req-582c4008-39f0-4d79-bb2a-d58f1b45415b 33d0147fd1054a988552217645f8529d fc624730761e49c19ebf8be5d770e6aa - - default default] Unable to schedule network 0e4ceebb-d682-474c-9a40-f4fd52c4d0ff: no agents available; will retry on subsequent port and subnet creation events.
2026-08-11 16:57:34.296 7 INFO neutron.db.ovn_revision_numbers_db [None req-582c4008-39f0-4d79-bb2a-d58f1b45415b 33d0147fd1054a988552217645f8529d fc624730761e49c19ebf8be5d770e6aa - - default default] Successfully bumped revision number for resource fcf98b93-62a2-47f0-ba50-10fb484a4283 (type: ports) to 1
2026-08-11 16:57:34.400 8 INFO neutron.services.segments.plugin [-] Segment e5d0cfe4-f1bf-439b-8447-86e58e96476f resource provider aggregate not found
2026-08-11 16:57:34.401 8 INFO neutron.services.segments.plugin [-] Segment e5d0cfe4-f1bf-439b-8447-86e58e96476f resource provider aggregate not found
2026-08-11 16:57:34.424 8 INFO neutron.services.segments.plugin [-] Segment e5d0cfe4-f1bf-439b-8447-86e58e96476f resource provider not found; error: Placement Client Error (4xx): {"errors": [{"status": 404, "title": "Not Found", "detail": "The resource could not be found.\n\n No resource provider with uuid e5d0cfe4-f1bf-439b-8447-86e58e96476f found for delete ", "request_id": "req-74da5a39-2224-49de-8edf-e78c3b69373f"}]}
2026-08-11 16:57:34.427 8 INFO neutron.services.segments.plugin [-] Segment e5d0cfe4-f1bf-439b-8447-86e58e96476f resource provider not found; error: Placement Client Error (4xx): {"errors": [{"status": 404, "title": "Not Found", "detail": "The resource could not be found.\n\n No resource provider with uuid e5d0cfe4-f1bf-439b-8447-86e58e96476f found for delete ", "request_id": "req-514752f4-3757-4c5b-9d45-fda32993db84"}]} [pid: 8|app: 0|req: 744/1342] 10.0.0.228 () {32 vars in 726 bytes} [Tue Aug 11 16:57:33 2026] DELETE /v2.0/networks/9de29998-4f15-45e5-a77d-2e4c35819d02 => generated 0 bytes in 681 msecs (HTTP/1.1 204) 3 headers in 131 bytes (1 switches on core 0)
2026-08-11 16:57:34.673 8 WARNING neutron.scheduler.dhcp_agent_scheduler [None req-0c6a100d-b755-4cf1-8191-17fe2f953e82 c17bb60186464659a3b2909b2f70bab8 89c742f81494437b92346e33fa9ab877 - - default default] No more DHCP agents
2026-08-11 16:57:34.675 8 WARNING neutron.api.rpc.agentnotifiers.dhcp_rpc_agent_api [None req-0c6a100d-b755-4cf1-8191-17fe2f953e82 c17bb60186464659a3b2909b2f70bab8 89c742f81494437b92346e33fa9ab877 - - default default] Unable to schedule network f5779605-67a3-44c3-a3a9-77bed7b51c21: no agents available; will retry on subsequent port and subnet creation events.
2026-08-11 16:57:34.719 8 INFO neutron.db.ovn_revision_numbers_db [None req-0c6a100d-b755-4cf1-8191-17fe2f953e82 c17bb60186464659a3b2909b2f70bab8 89c742f81494437b92346e33fa9ab877 - - default default] Successfully bumped revision number for resource 036965db-2315-4f33-b02c-85b5247e1154 (type: subnets) to 0 [pid: 8|app: 0|req: 745/1343] 10.0.0.228 () {34 vars in 669 bytes} [Tue Aug 11 16:57:34 2026] POST /v2.0/subnets => generated 673 bytes in 263 msecs (HTTP/1.1 201) 4 headers in 162 bytes (1 switches on core 0)
2026-08-11 16:57:34.750 8 INFO neutron.pecan_wsgi.hooks.translation [None req-c163be29-298d-4e15-9cf0-31a581b81f44 ee7e5f63f48b45f4999ae20076c714dd 3aef3e94a4684e59817555c52e95e5b4 - - default default] DELETE failed (client error): The resource could not be found. [pid: 8|app: 0|req: 746/1344] 10.0.0.228 () {32 vars in 726 bytes} [Tue Aug 11 16:57:34 2026] DELETE /v2.0/networks/9de29998-4f15-45e5-a77d-2e4c35819d02 => generated 138 bytes in 15 msecs (HTTP/1.1 404) 4 headers in 164 bytes (1 switches on core 0)
2026-08-11 16:57:34.847 8 INFO neutron.db.segments_db [None req-99dd45d7-9db4-4d1b-a1ba-04790e515282 c17bb60186464659a3b2909b2f70bab8 89c742f81494437b92346e33fa9ab877 - - default default] Added segment 2dffa892-c32e-434a-94b4-dcb1a4a0d79d of type geneve for network 113d2d40-98a6-4a78-a93c-871d0db20dee
2026-08-11 16:57:35.012 8 INFO neutron.db.ovn_revision_numbers_db [None req-99dd45d7-9db4-4d1b-a1ba-04790e515282 c17bb60186464659a3b2909b2f70bab8 89c742f81494437b92346e33fa9ab877 - - default default] Successfully bumped revision number for resource 113d2d40-98a6-4a78-a93c-871d0db20dee (type: networks) to 1
2026-08-11 16:57:35.244 7 WARNING neutron.scheduler.dhcp_agent_scheduler [None req-582c4008-39f0-4d79-bb2a-d58f1b45415b 33d0147fd1054a988552217645f8529d fc624730761e49c19ebf8be5d770e6aa - - default default] No more DHCP agents
2026-08-11 16:57:35.245 7 WARNING neutron.api.rpc.agentnotifiers.dhcp_rpc_agent_api [None req-582c4008-39f0-4d79-bb2a-d58f1b45415b 33d0147fd1054a988552217645f8529d fc624730761e49c19ebf8be5d770e6aa - - default default] Unable to schedule network 0e4ceebb-d682-474c-9a40-f4fd52c4d0ff: no agents available; will retry on subsequent port and subnet creation events.
2026-08-11 16:57:35.258 8 WARNING neutron.scheduler.dhcp_agent_scheduler [None req-99dd45d7-9db4-4d1b-a1ba-04790e515282 c17bb60186464659a3b2909b2f70bab8 89c742f81494437b92346e33fa9ab877 - - default default] No more DHCP agents
2026-08-11 16:57:35.261 8 WARNING neutron.api.rpc.agentnotifiers.dhcp_rpc_agent_api [None req-99dd45d7-9db4-4d1b-a1ba-04790e515282 c17bb60186464659a3b2909b2f70bab8 89c742f81494437b92346e33fa9ab877 - - default default] Unable to schedule network 113d2d40-98a6-4a78-a93c-871d0db20dee: no agents available; will retry on subsequent port and subnet creation events.
2026-08-11 16:57:35.379 8 INFO neutron.db.ovn_revision_numbers_db [None req-99dd45d7-9db4-4d1b-a1ba-04790e515282 c17bb60186464659a3b2909b2f70bab8 89c742f81494437b92346e33fa9ab877 - - default default] Successfully bumped revision number for resource 9b9a1069-a14a-4951-8598-c3b14e715298 (type: ports) to 1 [pid: 8|app: 0|req: 747/1345] 10.0.0.228 () {34 vars in 670 bytes} [Tue Aug 11 16:57:34 2026] POST /v2.0/networks => generated 666 bytes in 653 msecs (HTTP/1.1 201) 4 headers in 162 bytes (1 switches on core 0) [pid: 8|app: 0|req: 748/1346] 10.0.0.228 () {32 vars in 694 bytes} [Tue Aug 11 16:57:35 2026] GET /v2.0/networks?router%3Aexternal=True => generated 689 bytes in 56 msecs (HTTP/1.1 200) 4 headers in 157 bytes (1 switches on core 0)
2026-08-11 16:57:35.623 8 INFO neutron.db.ovn_revision_numbers_db [None req-8a80b663-e517-4e3a-b013-88fbe1245231 c17bb60186464659a3b2909b2f70bab8 89c742f81494437b92346e33fa9ab877 - - default default] Successfully bumped revision number for resource 113d2d40-98a6-4a78-a93c-871d0db20dee (type: networks) to 2 [pid: 8|app: 0|req: 749/1347] 10.0.0.228 () {34 vars in 743 bytes} [Tue Aug 11 16:57:35 2026] PUT /v2.0/networks/113d2d40-98a6-4a78-a93c-871d0db20dee => generated 636 bytes in 166 msecs (HTTP/1.1 200) 4 headers in 157 bytes (1 switches on core 0) [pid: 8|app: 0|req: 750/1348] 10.0.0.228 () {32 vars in 742 bytes} [Tue Aug 11 16:57:35 2026] GET /v2.0/subnets?network_id=07ddc382-bf73-4f91-b124-74b7c2c168bf => generated 649 bytes in 58 msecs (HTTP/1.1 200) 4 headers in 157 bytes (1 switches on core 0)
2026-08-11 16:57:35.776 7 INFO neutron.db.ovn_revision_numbers_db [None req-582c4008-39f0-4d79-bb2a-d58f1b45415b 33d0147fd1054a988552217645f8529d fc624730761e49c19ebf8be5d770e6aa - - default default] Successfully bumped revision number for resource fcf98b93-62a2-47f0-ba50-10fb484a4283 (type: router_ports) to 1 [pid: 7|app: 0|req: 599/1349] 10.0.0.228 () {34 vars in 783 bytes} [Tue Aug 11 16:57:33 2026] PUT /v2.0/routers/008423f0-8167-4f0a-9912-fa3e99db20bc/add_router_interface => generated 309 bytes in 2440 msecs (HTTP/1.1 200) 4 headers in 157 bytes (1 switches on core 0) [pid: 7|app: 0|req: 600/1350] 10.0.0.228 () {32 vars in 653 bytes} [Tue Aug 11 16:57:35 2026] GET /v2.0/extensions => generated 20541 bytes in 9 msecs (HTTP/1.1 200) 4 headers in 159 bytes (1 switches on core 0)
2026-08-11 16:57:35.911 8 WARNING neutron.scheduler.dhcp_agent_scheduler [None req-318eb556-34e3-48c1-af51-04f6f456ac82 c17bb60186464659a3b2909b2f70bab8 89c742f81494437b92346e33fa9ab877 - - default default] No more DHCP agents
2026-08-11 16:57:35.913 8 WARNING neutron.api.rpc.agentnotifiers.dhcp_rpc_agent_api [None req-318eb556-34e3-48c1-af51-04f6f456ac82 c17bb60186464659a3b2909b2f70bab8 89c742f81494437b92346e33fa9ab877 - - default default] Unable to schedule network 113d2d40-98a6-4a78-a93c-871d0db20dee: no agents available; will retry on subsequent port and subnet creation events.
2026-08-11 16:57:35.974 8 INFO neutron.db.ovn_revision_numbers_db [None req-318eb556-34e3-48c1-af51-04f6f456ac82 c17bb60186464659a3b2909b2f70bab8 89c742f81494437b92346e33fa9ab877 - - default default] Successfully bumped revision number for resource 62ab7f96-8196-4624-a2c4-e6b8baaf0f86 (type: subnets) to 0 [pid: 8|app: 0|req: 751/1351] 10.0.0.228 () {34 vars in 669 bytes} [Tue Aug 11 16:57:35 2026] POST /v2.0/subnets => generated 646 bytes in 312 msecs (HTTP/1.1 201) 4 headers in 162 bytes (1 switches on core 0) [pid: 8|app: 0|req: 752/1352] 10.0.0.228 () {32 vars in 649 bytes} [Tue Aug 11 16:57:36 2026] GET /v2.0/networks => generated 1384 bytes in 54 msecs (HTTP/1.1 200) 4 headers in 158 bytes (1 switches on core 0)
2026-08-11 16:57:36.163 7 WARNING neutron.scheduler.dhcp_agent_scheduler [None req-8b7ba1be-3195-4ac1-8fcf-bfae75314092 33d0147fd1054a988552217645f8529d fc624730761e49c19ebf8be5d770e6aa - - default default] No more DHCP agents
2026-08-11 16:57:36.164 7 WARNING neutron.api.rpc.agentnotifiers.dhcp_rpc_agent_api [None req-8b7ba1be-3195-4ac1-8fcf-bfae75314092 33d0147fd1054a988552217645f8529d fc624730761e49c19ebf8be5d770e6aa - - default default] Unable to schedule network 0e4ceebb-d682-474c-9a40-f4fd52c4d0ff: no agents available; will retry on subsequent port and subnet creation events.
2026-08-11 16:57:36.369 7 INFO neutron.db.ovn_revision_numbers_db [None req-8b7ba1be-3195-4ac1-8fcf-bfae75314092 33d0147fd1054a988552217645f8529d fc624730761e49c19ebf8be5d770e6aa - - default default] Successfully bumped revision number for resource 58c21bcd-a94e-4a53-8fe0-31287ddf3ca3 (type: ports) to 1 [pid: 7|app: 0|req: 601/1353] 10.0.0.228 () {34 vars in 665 bytes} [Tue Aug 11 16:57:35 2026] POST /v2.0/ports => generated 955 bytes in 639 msecs (HTTP/1.1 201) 4 headers in 162 bytes (1 switches on core 0) /var/lib/openstack/lib/python3.12/site-packages/pycadf/identifier.py:70: UserWarning: Invalid uuid: neutron. To ensure interoperability, identifiers should be a valid uuid. warnings.warn(('Invalid uuid: %s. To ensure interoperability, ' [pid: 7|app: 0|req: 602/1354] 10.0.0.228 () {32 vars in 647 bytes} [Tue Aug 11 16:57:36 2026] GET /v2.0/subnets => generated 1280 bytes in 30 msecs (HTTP/1.1 200) 4 headers in 158 bytes (1 switches on core 0)
2026-08-11 16:57:36.738 7 WARNING neutron.scheduler.dhcp_agent_scheduler [None req-b7ac6970-05dc-4f9b-9b11-e75706bdcab2 33d0147fd1054a988552217645f8529d fc624730761e49c19ebf8be5d770e6aa - - default default] No more DHCP agents
2026-08-11 16:57:36.739 7 WARNING neutron.api.rpc.agentnotifiers.dhcp_rpc_agent_api [None req-b7ac6970-05dc-4f9b-9b11-e75706bdcab2 33d0147fd1054a988552217645f8529d fc624730761e49c19ebf8be5d770e6aa - - default default] Unable to schedule network 0e4ceebb-d682-474c-9a40-f4fd52c4d0ff: no agents available; will retry on subsequent port and subnet creation events.
2026-08-11 16:57:36.971 7 INFO neutron.db.ovn_revision_numbers_db [None req-b7ac6970-05dc-4f9b-9b11-e75706bdcab2 33d0147fd1054a988552217645f8529d fc624730761e49c19ebf8be5d770e6aa - - default default] Successfully bumped revision number for resource 6229d57c-4cd1-4062-806b-56add02c7fa8 (type: ports) to 1 [pid: 7|app: 0|req: 603/1355] 10.0.0.228 () {34 vars in 665 bytes} [Tue Aug 11 16:57:36 2026] POST /v2.0/ports => generated 958 bytes in 551 msecs (HTTP/1.1 201) 4 headers in 162 bytes (1 switches on core 0) /var/lib/openstack/lib/python3.12/site-packages/pycadf/identifier.py:70: UserWarning: Invalid uuid: neutron. To ensure interoperability, identifiers should be a valid uuid. warnings.warn(('Invalid uuid: %s. To ensure interoperability, ' [pid: 7|app: 0|req: 604/1356] 10.0.0.228 () {32 vars in 723 bytes} [Tue Aug 11 16:57:37 2026] GET /v2.0/networks/21137efa-2737-4f33-9416-b5e5a6309970 => generated 706 bytes in 47 msecs (HTTP/1.1 200) 4 headers in 157 bytes (1 switches on core 0) [pid: 7|app: 0|req: 605/1357] 10.0.0.1 () {34 vars in 988 bytes} [Tue Aug 11 16:57:37 2026] GET /v2.0/ports?device_id=cfa0eba4-363f-4c3d-9380-02ae5551415a => generated 975 bytes in 86 msecs (HTTP/1.1 200) 4 headers in 157 bytes (1 switches on core 0)
2026-08-11 16:57:37.415 8 INFO neutron.db.ovn_revision_numbers_db [None req-964e7800-dda0-459c-b3e1-b2a20ab00c02 - - - - - -] Successfully bumped revision number for resource 9b9a1069-a14a-4951-8598-c3b14e715298 (type: ports) to 2
2026-08-11 16:57:37.421 7 WARNING neutron.scheduler.dhcp_agent_scheduler [None req-60dde0c1-a4ff-48f9-81a5-f56b60be2924 33d0147fd1054a988552217645f8529d fc624730761e49c19ebf8be5d770e6aa - - default default] No more DHCP agents
2026-08-11 16:57:37.422 7 WARNING neutron.api.rpc.agentnotifiers.dhcp_rpc_agent_api [None req-60dde0c1-a4ff-48f9-81a5-f56b60be2924 33d0147fd1054a988552217645f8529d fc624730761e49c19ebf8be5d770e6aa - - default default] Unable to schedule network 07ddc382-bf73-4f91-b124-74b7c2c168bf: no agents available; will retry on subsequent port and subnet creation events.
2026-08-11 16:57:37.464 8 INFO neutron.db.ovn_revision_numbers_db [None req-964e7800-dda0-459c-b3e1-b2a20ab00c02 - - - - - -] Successfully bumped revision number for resource 62ab7f96-8196-4624-a2c4-e6b8baaf0f86 (type: subnets) to 1 [pid: 8|app: 0|req: 753/1358] 10.0.0.228 () {34 vars in 741 bytes} [Tue Aug 11 16:57:36 2026] PUT /v2.0/subnets/62ab7f96-8196-4624-a2c4-e6b8baaf0f86 => generated 656 bytes in 1413 msecs (HTTP/1.1 200) 4 headers in 157 bytes (1 switches on core 0) [pid: 8|app: 0|req: 754/1359] 10.0.0.228 () {32 vars in 721 bytes} [Tue Aug 11 16:57:37 2026] GET /v2.0/subnets/78380f20-2949-4777-b31f-bbd471e6891a => generated 641 bytes in 28 msecs (HTTP/1.1 200) 4 headers in 157 bytes (1 switches on core 0) [pid: 8|app: 0|req: 755/1360] 10.0.0.1 () {34 vars in 1038 bytes} [Tue Aug 11 16:57:37 2026] GET /v2.0/security-groups?id=8a32e07a-473f-45ea-ae52-a8b20f602425&fields=id&fields=name => generated 114 bytes in 28 msecs (HTTP/1.1 200) 4 headers in 157 bytes (1 switches on core 0)
2026-08-11 16:57:37.660 8 INFO neutron_taas.services.taas.taas_plugin [None req-af90108d-e8e2-4e4f-af68-fbf2ec4adebf c17bb60186464659a3b2909b2f70bab8 89c742f81494437b92346e33fa9ab877 - - default default] TaaS: Handle Delete Port: 9b9a1069-a14a-4951-8598-c3b14e715298
2026-08-11 16:57:37.663 8 INFO neutron_taas.services.taas.tap_mirror_plugin [None req-af90108d-e8e2-4e4f-af68-fbf2ec4adebf c17bb60186464659a3b2909b2f70bab8 89c742f81494437b92346e33fa9ab877 - - default default] Tap Mirror: Handle Delete Port: 9b9a1069-a14a-4951-8598-c3b14e715298
2026-08-11 16:57:37.978 8 INFO neutron.services.segments.plugin [-] Segment 2dffa892-c32e-434a-94b4-dcb1a4a0d79d resource provider aggregate not found
2026-08-11 16:57:37.985 8 INFO neutron.services.segments.plugin [-] Segment 2dffa892-c32e-434a-94b4-dcb1a4a0d79d resource provider aggregate not found
2026-08-11 16:57:38.009 8 INFO neutron.services.segments.plugin [-] Segment 2dffa892-c32e-434a-94b4-dcb1a4a0d79d resource provider not found; error: Placement Client Error (4xx): {"errors": [{"status": 404, "title": "Not Found", "detail": "The resource could not be found.\n\n No resource provider with uuid 2dffa892-c32e-434a-94b4-dcb1a4a0d79d found for delete ", "request_id": "req-baabe01c-7c94-4a2e-a07b-615e18b68c19"}]}
2026-08-11 16:57:38.015 8 INFO neutron.services.segments.plugin [-] Segment 2dffa892-c32e-434a-94b4-dcb1a4a0d79d resource provider not found; error: Placement Client Error (4xx): {"errors": [{"status": 404, "title": "Not Found", "detail": "The resource could not be found.\n\n No resource provider with uuid 2dffa892-c32e-434a-94b4-dcb1a4a0d79d found for delete ", "request_id": "req-2d8e62b7-da19-4627-a6b5-a8b256a1b5c2"}]} [pid: 8|app: 0|req: 756/1361] 10.0.0.228 () {32 vars in 726 bytes} [Tue Aug 11 16:57:37 2026] DELETE /v2.0/networks/113d2d40-98a6-4a78-a93c-871d0db20dee => generated 0 bytes in 539 msecs (HTTP/1.1 204) 3 headers in 131 bytes (1 switches on core 0)
2026-08-11 16:57:38.078 8 INFO neutron.pecan_wsgi.hooks.translation [None req-efd25726-4aca-42f7-b75d-c158a481e9b6 ee7e5f63f48b45f4999ae20076c714dd 3aef3e94a4684e59817555c52e95e5b4 - - default default] DELETE failed (client error): The resource could not be found. [pid: 8|app: 0|req: 757/1362] 10.0.0.228 () {32 vars in 724 bytes} [Tue Aug 11 16:57:38 2026] DELETE /v2.0/subnets/d39b7142-5f21-4b54-ab59-3bcc02183aa8 => generated 136 bytes in 14 msecs (HTTP/1.1 404) 4 headers in 164 bytes (1 switches on core 0) [pid: 8|app: 0|req: 758/1363] 10.0.0.1 () {34 vars in 988 bytes} [Tue Aug 11 16:57:38 2026] GET /v2.0/ports?device_id=cfa0eba4-363f-4c3d-9380-02ae5551415a => generated 975 bytes in 84 msecs (HTTP/1.1 200) 4 headers in 157 bytes (1 switches on core 0)
2026-08-11 16:57:38.176 8 INFO neutron.pecan_wsgi.hooks.translation [None req-37b14fc6-dc51-44ac-bdfd-1857708164e7 c17bb60186464659a3b2909b2f70bab8 89c742f81494437b92346e33fa9ab877 - - default default] DELETE failed (client error): The resource could not be found. [pid: 8|app: 0|req: 759/1364] 10.0.0.228 () {32 vars in 726 bytes} [Tue Aug 11 16:57:38 2026] DELETE /v2.0/networks/113d2d40-98a6-4a78-a93c-871d0db20dee => generated 138 bytes in 13 msecs (HTTP/1.1 404) 4 headers in 164 bytes (1 switches on core 0)
2026-08-11 16:57:38.192 8 INFO neutron.pecan_wsgi.hooks.translation [None req-b9aafa0f-f139-4a69-844c-203192836ca1 ee7e5f63f48b45f4999ae20076c714dd 3aef3e94a4684e59817555c52e95e5b4 - - default default] DELETE failed (client error): The resource could not be found. [pid: 8|app: 0|req: 760/1365] 10.0.0.228 () {32 vars in 726 bytes} [Tue Aug 11 16:57:38 2026] DELETE /v2.0/networks/9de29998-4f15-45e5-a77d-2e4c35819d02 => generated 138 bytes in 16 msecs (HTTP/1.1 404) 4 headers in 164 bytes (1 switches on core 0) [pid: 8|app: 0|req: 761/1366] 10.0.0.1 () {34 vars in 1038 bytes} [Tue Aug 11 16:57:38 2026] GET /v2.0/security-groups?id=8a32e07a-473f-45ea-ae52-a8b20f602425&fields=id&fields=name => generated 114 bytes in 65 msecs (HTTP/1.1 200) 4 headers in 157 bytes (1 switches on core 0) [pid: 8|app: 0|req: 762/1367] 10.0.0.228 () {32 vars in 694 bytes} [Tue Aug 11 16:57:38 2026] GET /v2.0/networks?router%3Aexternal=True => generated 689 bytes in 69 msecs (HTTP/1.1 200) 4 headers in 157 bytes (1 switches on core 0)
2026-08-11 16:57:38.412 7 INFO neutron.db.ovn_revision_numbers_db [None req-60dde0c1-a4ff-48f9-81a5-f56b60be2924 33d0147fd1054a988552217645f8529d fc624730761e49c19ebf8be5d770e6aa - - default default] Successfully bumped revision number for resource 825cd6c0-8546-4058-8eef-41b840f1cb2d (type: floatingips) to 1
2026-08-11 16:57:38.412 7 INFO neutron.db.l3_db [None req-60dde0c1-a4ff-48f9-81a5-f56b60be2924 33d0147fd1054a988552217645f8529d fc624730761e49c19ebf8be5d770e6aa - - default default] Floating IP 825cd6c0-8546-4058-8eef-41b840f1cb2d associated. External IP: 10.96.250.208, port: 6229d57c-4cd1-4062-806b-56add02c7fa8. [pid: 7|app: 0|req: 606/1368] 10.0.0.228 () {34 vars in 677 bytes} [Tue Aug 11 16:57:37 2026] POST /v2.0/floatingips => generated 842 bytes in 1312 msecs (HTTP/1.1 201) 4 headers in 162 bytes (1 switches on core 0) [pid: 7|app: 0|req: 607/1369] 10.0.0.228 () {32 vars in 742 bytes} [Tue Aug 11 16:57:38 2026] GET /v2.0/subnets?network_id=07ddc382-bf73-4f91-b124-74b7c2c168bf => generated 649 bytes in 57 msecs (HTTP/1.1 200) 4 headers in 157 bytes (1 switches on core 0) [pid: 8|app: 0|req: 763/1370] 10.0.0.228 () {32 vars in 724 bytes} [Tue Aug 11 16:57:38 2026] DELETE /v2.0/subnets/78380f20-2949-4777-b31f-bbd471e6891a => generated 0 bytes in 197 msecs (HTTP/1.1 204) 3 headers in 131 bytes (1 switches on core 0) [pid: 8|app: 0|req: 764/1371] 10.0.0.228 () {32 vars in 653 bytes} [Tue Aug 11 16:57:38 2026] GET /v2.0/extensions => generated 20541 bytes in 6 msecs (HTTP/1.1 200) 4 headers in 159 bytes (1 switches on core 0)
2026-08-11 16:57:38.707 7 INFO neutron.db.ovn_revision_numbers_db [None req-6e715fc9-7dae-4eb7-a924-f07e6109e1ce 33d0147fd1054a988552217645f8529d fc624730761e49c19ebf8be5d770e6aa - - default default] Successfully bumped revision number for resource 825cd6c0-8546-4058-8eef-41b840f1cb2d (type: floatingips) to 2
2026-08-11 16:57:38.719 8 INFO neutron_taas.services.taas.taas_plugin [None req-76cdd414-2a49-442f-9fa2-6eb3e44b09cc ee7e5f63f48b45f4999ae20076c714dd 3aef3e94a4684e59817555c52e95e5b4 - - default default] TaaS: Handle Delete Port: 9d0150bb-12bb-4dda-900c-3eea3a95955d
2026-08-11 16:57:38.722 8 INFO neutron_taas.services.taas.tap_mirror_plugin [None req-76cdd414-2a49-442f-9fa2-6eb3e44b09cc ee7e5f63f48b45f4999ae20076c714dd 3aef3e94a4684e59817555c52e95e5b4 - - default default] Tap Mirror: Handle Delete Port: 9d0150bb-12bb-4dda-900c-3eea3a95955d
2026-08-11 16:57:38.760 7 INFO neutron.db.l3_db [None req-6e715fc9-7dae-4eb7-a924-f07e6109e1ce 33d0147fd1054a988552217645f8529d fc624730761e49c19ebf8be5d770e6aa - - default default] Floating IP 825cd6c0-8546-4058-8eef-41b840f1cb2d disassociated. External IP: 10.96.250.208, port: 6229d57c-4cd1-4062-806b-56add02c7fa8. [pid: 7|app: 0|req: 608/1372] 10.0.0.228 () {34 vars in 749 bytes} [Tue Aug 11 16:57:38 2026] PUT /v2.0/floatingips/825cd6c0-8546-4058-8eef-41b840f1cb2d => generated 554 bytes in 270 msecs (HTTP/1.1 200) 4 headers in 157 bytes (1 switches on core 0)
2026-08-11 16:57:38.897 7 WARNING neutron.plugins.ml2.drivers.ovn.mech_driver.ovsdb.ovn_client [None req-ea24f7d7-0e07-43f3-bcfa-bb399e6c47c9 - - - - - -] No hosting information found for port 35b1cd00-ff40-4c61-8141-f8bee2bf4078: RuntimeError: No hosting information found for port 35b1cd00-ff40-4c61-8141-f8bee2bf4078
2026-08-11 16:57:38.898 7 INFO neutron.plugins.ml2.drivers.ovn.mech_driver.mech_driver [None req-ea24f7d7-0e07-43f3-bcfa-bb399e6c47c9 - - - - - -] OVN reports status down for port: 4a8342e1-8f1d-4e80-ba89-450b7bf675ed [pid: 7|app: 0|req: 609/1373] 10.0.0.228 () {32 vars in 649 bytes} [Tue Aug 11 16:57:38 2026] GET /v2.0/networks => generated 1388 bytes in 188 msecs (HTTP/1.1 200) 4 headers in 158 bytes (1 switches on core 0) [pid: 8|app: 0|req: 765/1374] 10.0.0.228 () {32 vars in 726 bytes} [Tue Aug 11 16:57:38 2026] DELETE /v2.0/networks/21137efa-2737-4f33-9416-b5e5a6309970 => generated 0 bytes in 453 msecs (HTTP/1.1 204) 3 headers in 131 bytes (1 switches on core 0) [pid: 7|app: 0|req: 610/1375] 10.0.0.1 () {34 vars in 988 bytes} [Tue Aug 11 16:57:38 2026] GET /v2.0/ports?device_id=cfa0eba4-363f-4c3d-9380-02ae5551415a => generated 975 bytes in 90 msecs (HTTP/1.1 200) 4 headers in 157 bytes (1 switches on core 0)
2026-08-11 16:57:39.103 7 INFO neutron.plugins.ml2.drivers.ovn.mech_driver.mech_driver [None req-ea24f7d7-0e07-43f3-bcfa-bb399e6c47c9 - - - - - -] OVN reports status down for port: fcf98b93-62a2-47f0-ba50-10fb484a4283 [pid: 7|app: 0|req: 611/1376] 10.0.0.228 () {32 vars in 647 bytes} [Tue Aug 11 16:57:39 2026] GET /v2.0/subnets => generated 1312 bytes in 41 msecs (HTTP/1.1 200) 4 headers in 158 bytes (1 switches on core 0)
2026-08-11 16:57:39.137 8 INFO neutron_taas.services.taas.taas_plugin [None req-46c8242f-0b78-49f9-8ba3-1af64a482ce7 33d0147fd1054a988552217645f8529d fc624730761e49c19ebf8be5d770e6aa - - default default] TaaS: Handle Delete Port: 88b2abe3-5c20-4177-97be-a8db8bf901c7
2026-08-11 16:57:39.139 8 INFO neutron_taas.services.taas.tap_mirror_plugin [None req-46c8242f-0b78-49f9-8ba3-1af64a482ce7 33d0147fd1054a988552217645f8529d fc624730761e49c19ebf8be5d770e6aa - - default default] Tap Mirror: Handle Delete Port: 88b2abe3-5c20-4177-97be-a8db8bf901c7 [pid: 7|app: 0|req: 612/1377] 10.0.0.1 () {34 vars in 1038 bytes} [Tue Aug 11 16:57:39 2026] GET /v2.0/security-groups?id=8a32e07a-473f-45ea-ae52-a8b20f602425&fields=id&fields=name => generated 114 bytes in 43 msecs (HTTP/1.1 200) 4 headers in 157 bytes (1 switches on core 0)
2026-08-11 16:57:39.221 7 WARNING neutron.plugins.ml2.drivers.ovn.mech_driver.ovsdb.ovn_client [None req-ea24f7d7-0e07-43f3-bcfa-bb399e6c47c9 - - - - - -] Logical_Switch_Port %s host information not removed, the port state is up
2026-08-11 16:57:39.221 7 INFO neutron.plugins.ml2.drivers.ovn.mech_driver.mech_driver [None req-ea24f7d7-0e07-43f3-bcfa-bb399e6c47c9 - - - - - -] OVN reports status up for port: fcf98b93-62a2-47f0-ba50-10fb484a4283 [pid: 7|app: 0|req: 613/1378] 10.0.0.228 () {32 vars in 723 bytes} [Tue Aug 11 16:57:39 2026] GET /v2.0/networks/f5779605-67a3-44c3-a3a9-77bed7b51c21 => generated 710 bytes in 84 msecs (HTTP/1.1 200) 4 headers in 157 bytes (1 switches on core 0)
2026-08-11 16:57:39.243 7 INFO neutron.plugins.ml2.plugin [None req-ea24f7d7-0e07-43f3-bcfa-bb399e6c47c9 - - - - - -] Attempt 1 to provision port fcf98b93-62a2-47f0-ba50-10fb484a4283 [pid: 7|app: 0|req: 616/1381] 10.0.0.228 () {32 vars in 721 bytes} [Tue Aug 11 16:57:39 2026] GET /v2.0/subnets/036965db-2315-4f33-b02c-85b5247e1154 => generated 673 bytes in 38 msecs (HTTP/1.1 200) 4 headers in 157 bytes (1 switches on core 0) [pid: 8|app: 0|req: 766/1382] 10.0.0.228 () {32 vars in 732 bytes} [Tue Aug 11 16:57:38 2026] DELETE /v2.0/floatingips/825cd6c0-8546-4058-8eef-41b840f1cb2d => generated 0 bytes in 318 msecs (HTTP/1.1 204) 2 headers in 112 bytes (1 switches on core 0)
2026-08-11 16:57:39.318 7 INFO neutron.pecan_wsgi.hooks.translation [None req-78d7553b-c2b2-4b00-a58d-ad04dc937bda c17bb60186464659a3b2909b2f70bab8 89c742f81494437b92346e33fa9ab877 - - default default] DELETE failed (client error): The resource could not be found. [pid: 7|app: 0|req: 617/1383] 10.0.0.228 () {32 vars in 724 bytes} [Tue Aug 11 16:57:39 2026] DELETE /v2.0/subnets/62ab7f96-8196-4624-a2c4-e6b8baaf0f86 => generated 136 bytes in 22 msecs (HTTP/1.1 404) 4 headers in 164 bytes (1 switches on core 0)
2026-08-11 16:57:39.350 7 INFO neutron.pecan_wsgi.hooks.translation [None req-67c0209a-0a33-4234-b957-2f8abb4ecadc c17bb60186464659a3b2909b2f70bab8 89c742f81494437b92346e33fa9ab877 - - default default] DELETE failed (client error): The resource could not be found. [pid: 7|app: 0|req: 618/1384] 10.0.0.228 () {32 vars in 726 bytes} [Tue Aug 11 16:57:39 2026] DELETE /v2.0/networks/113d2d40-98a6-4a78-a93c-871d0db20dee => generated 138 bytes in 26 msecs (HTTP/1.1 404) 4 headers in 164 bytes (1 switches on core 0)
2026-08-11 16:57:39.639 8 WARNING neutron.scheduler.dhcp_agent_scheduler [None req-7b9abd16-4b1d-45fa-9627-25be8cfd4999 33d0147fd1054a988552217645f8529d fc624730761e49c19ebf8be5d770e6aa - - default default] No more DHCP agents
2026-08-11 16:57:39.640 8 WARNING neutron.api.rpc.agentnotifiers.dhcp_rpc_agent_api [None req-7b9abd16-4b1d-45fa-9627-25be8cfd4999 33d0147fd1054a988552217645f8529d fc624730761e49c19ebf8be5d770e6aa - - default default] Unable to schedule network 07ddc382-bf73-4f91-b124-74b7c2c168bf: no agents available; will retry on subsequent port and subnet creation events. [pid: 7|app: 0|req: 619/1385] 10.0.0.228 () {32 vars in 724 bytes} [Tue Aug 11 16:57:39 2026] DELETE /v2.0/subnets/036965db-2315-4f33-b02c-85b5247e1154 => generated 0 bytes in 295 msecs (HTTP/1.1 204) 3 headers in 131 bytes (1 switches on core 0) [pid: 7|app: 0|req: 620/1386] 10.0.0.228 () {32 vars in 774 bytes} [Tue Aug 11 16:57:39 2026] GET /v2.0/security-groups?tenant_id=3aef3e94a4684e59817555c52e95e5b4&name=default => generated 2925 bytes in 179 msecs (HTTP/1.1 200) 4 headers in 158 bytes (1 switches on core 0)
2026-08-11 16:57:39.957 7 INFO neutron.db.ovn_revision_numbers_db [None req-ea24f7d7-0e07-43f3-bcfa-bb399e6c47c9 - - - - - -] Successfully bumped revision number for resource fcf98b93-62a2-47f0-ba50-10fb484a4283 (type: ports) to 2
2026-08-11 16:57:40.037 8 INFO neutron.services.segments.plugin [-] Segment 8db7e543-25a0-4f0b-ac1f-f9597c137ce7 resource provider aggregate not found
2026-08-11 16:57:40.047 8 INFO neutron.services.segments.plugin [-] Segment 8db7e543-25a0-4f0b-ac1f-f9597c137ce7 resource provider aggregate not found
2026-08-11 16:57:40.067 8 INFO neutron.services.segments.plugin [-] Segment 8db7e543-25a0-4f0b-ac1f-f9597c137ce7 resource provider not found; error: Placement Client Error (4xx): {"errors": [{"status": 404, "title": "Not Found", "detail": "The resource could not be found.\n\n No resource provider with uuid 8db7e543-25a0-4f0b-ac1f-f9597c137ce7 found for delete ", "request_id": "req-7de41fb6-90c4-4606-a6f0-2ffb79809895"}]}
2026-08-11 16:57:40.079 8 INFO neutron.services.segments.plugin [-] Segment 8db7e543-25a0-4f0b-ac1f-f9597c137ce7 resource provider not found; error: Placement Client Error (4xx): {"errors": [{"status": 404, "title": "Not Found", "detail": "The resource could not be found.\n\n No resource provider with uuid 8db7e543-25a0-4f0b-ac1f-f9597c137ce7 found for delete ", "request_id": "req-70f6a7a6-9df5-4d0c-9e64-3d416472fd02"}]}
2026-08-11 16:57:40.132 7 INFO neutron_taas.services.taas.taas_plugin [None req-26dab823-02cd-4ae7-9ee1-d47eec898879 c17bb60186464659a3b2909b2f70bab8 89c742f81494437b92346e33fa9ab877 - - default default] TaaS: Handle Delete Port: 4a8342e1-8f1d-4e80-ba89-450b7bf675ed
2026-08-11 16:57:40.136 7 INFO neutron_taas.services.taas.tap_mirror_plugin [None req-26dab823-02cd-4ae7-9ee1-d47eec898879 c17bb60186464659a3b2909b2f70bab8 89c742f81494437b92346e33fa9ab877 - - default default] Tap Mirror: Handle Delete Port: 4a8342e1-8f1d-4e80-ba89-450b7bf675ed
2026-08-11 16:57:40.563 7 INFO neutron.services.segments.plugin [-] Segment 39cd2e1f-85b2-4bdf-93b2-9f7a0c11019a resource provider aggregate not found
