2026-06-02 08:07:59.171 8 INFO neutron_taas.services.taas.taas_plugin [None req-fa05bdfe-9a21-4baf-b46c-ae55402cc84d 729ddd21d1254f5a8a943228618d4e41 064b51971f7247dcbfb0ce4a620d4fb6 - - default default] TaaS: Handle Delete Port: 69c8fd9a-ecd1-4a6a-bb98-886c1aa4d78b
2026-06-02 08:07:59.175 8 INFO neutron_taas.services.taas.tap_mirror_plugin [None req-fa05bdfe-9a21-4baf-b46c-ae55402cc84d 729ddd21d1254f5a8a943228618d4e41 064b51971f7247dcbfb0ce4a620d4fb6 - - default default] Tap Mirror: Handle Delete Port: 69c8fd9a-ecd1-4a6a-bb98-886c1aa4d78b [pid: 8|app: 0|req: 1132/2460] 10.0.0.233 () {34 vars in 789 bytes} [Tue Jun 2 08:07:58 2026] PUT /v2.0/routers/1e5ae101-1597-4674-aca1-3389fa70c0c5/remove_router_interface => generated 309 bytes in 919 msecs (HTTP/1.1 200) 4 headers in 157 bytes (1 switches on core 0) [pid: 7|app: 0|req: 1329/2461] 10.0.0.233 () {32 vars in 717 bytes} [Tue Jun 2 08:07:59 2026] GET /v2.0/ports/b2ea6175-4e94-4b98-b53f-3e1d8c12eba2 => generated 943 bytes in 69 msecs (HTTP/1.1 200) 4 headers in 157 bytes (1 switches on core 0) /var/lib/openstack/lib/python3.12/site-packages/pycadf/identifier.py:70: UserWarning: Invalid uuid: neutron. To ensure interoperability, identifiers should be a valid uuid. warnings.warn(('Invalid uuid: %s. To ensure interoperability, '
2026-06-02 08:07:59.963 8 INFO neutron_taas.services.taas.taas_plugin [None req-1d65240e-474e-4ad3-9d09-2d735ec1fad6 729ddd21d1254f5a8a943228618d4e41 064b51971f7247dcbfb0ce4a620d4fb6 - - default default] TaaS: Handle Delete Port: b2ea6175-4e94-4b98-b53f-3e1d8c12eba2
2026-06-02 08:07:59.966 8 INFO neutron_taas.services.taas.tap_mirror_plugin [None req-1d65240e-474e-4ad3-9d09-2d735ec1fad6 729ddd21d1254f5a8a943228618d4e41 064b51971f7247dcbfb0ce4a620d4fb6 - - default default] Tap Mirror: Handle Delete Port: b2ea6175-4e94-4b98-b53f-3e1d8c12eba2 [pid: 8|app: 0|req: 1133/2462] 10.0.0.233 () {34 vars in 789 bytes} [Tue Jun 2 08:07:59 2026] PUT /v2.0/routers/1e5ae101-1597-4674-aca1-3389fa70c0c5/remove_router_interface => generated 309 bytes in 680 msecs (HTTP/1.1 200) 4 headers in 157 bytes (1 switches on core 0) /var/lib/openstack/lib/python3.12/site-packages/pycadf/identifier.py:70: UserWarning: Invalid uuid: neutron. To ensure interoperability, identifiers should be a valid uuid. warnings.warn(('Invalid uuid: %s. To ensure interoperability, ' [pid: 8|app: 0|req: 1134/2463] 10.0.0.233 () {32 vars in 736 bytes} [Tue Jun 2 08:08:00 2026] GET /v2.0/ports?device_id=1e5ae101-1597-4674-aca1-3389fa70c0c5 => generated 12 bytes in 25 msecs (HTTP/1.1 200) 4 headers in 156 bytes (1 switches on core 0)
2026-06-02 08:08:00.657 7 INFO neutron.db.ovn_revision_numbers_db [None req-289bc43a-02af-4d75-9f35-533ffb0f0f4f cc65255465fc4c1699f77ac63e17af79 282ee610a8eb4b68b212ca54051db629 - - default default] Successfully bumped revision number for resource 97ff8e4f-0f72-443c-a5d3-ceea1e7970b0 (type: security_groups) to 1
2026-06-02 08:08:00.674 7 INFO neutron.db.ovn_revision_numbers_db [None req-289bc43a-02af-4d75-9f35-533ffb0f0f4f cc65255465fc4c1699f77ac63e17af79 282ee610a8eb4b68b212ca54051db629 - - default default] Successfully bumped revision number for resource 34cc8e97-6a80-4ead-bfe0-b02234a4c0ba (type: security_group_rules) to 0
2026-06-02 08:08:00.698 7 INFO neutron.db.ovn_revision_numbers_db [None req-289bc43a-02af-4d75-9f35-533ffb0f0f4f cc65255465fc4c1699f77ac63e17af79 282ee610a8eb4b68b212ca54051db629 - - default default] Successfully bumped revision number for resource 67588f13-c18c-4d91-b248-fc9d053c24ec (type: security_group_rules) to 0 [pid: 8|app: 0|req: 1135/2464] 10.0.0.233 () {32 vars in 724 bytes} [Tue Jun 2 08:08:00 2026] DELETE /v2.0/routers/1e5ae101-1597-4674-aca1-3389fa70c0c5 => generated 0 bytes in 309 msecs (HTTP/1.1 204) 2 headers in 112 bytes (1 switches on core 0)
2026-06-02 08:08:00.716 7 INFO neutron.db.ovn_revision_numbers_db [None req-289bc43a-02af-4d75-9f35-533ffb0f0f4f cc65255465fc4c1699f77ac63e17af79 282ee610a8eb4b68b212ca54051db629 - - default default] Successfully bumped revision number for resource 96d874bf-dcd0-462b-8bf7-ed45c58a9607 (type: security_group_rules) to 0
2026-06-02 08:08:00.730 7 INFO neutron.db.ovn_revision_numbers_db [None req-289bc43a-02af-4d75-9f35-533ffb0f0f4f cc65255465fc4c1699f77ac63e17af79 282ee610a8eb4b68b212ca54051db629 - - default default] Successfully bumped revision number for resource 976af4b8-3aca-423c-85f1-e5b153b4a58e (type: security_group_rules) to 0
2026-06-02 08:08:00.812 7 INFO neutron.db.segments_db [None req-289bc43a-02af-4d75-9f35-533ffb0f0f4f cc65255465fc4c1699f77ac63e17af79 282ee610a8eb4b68b212ca54051db629 - - default default] Added segment dc6b7fff-2452-463c-a2a6-76ab77a75eaf of type geneve for network ae93d612-ecb5-4be3-afb1-74371557c8f1 [pid: 8|app: 0|req: 1136/2465] 10.0.0.233 () {32 vars in 724 bytes} [Tue Jun 2 08:08:00 2026] DELETE /v2.0/subnets/767b2713-a85d-4ec6-9ad2-2f1efe7cb2a2 => generated 0 bytes in 220 msecs (HTTP/1.1 204) 3 headers in 131 bytes (1 switches on core 0)
2026-06-02 08:08:00.936 7 INFO neutron.db.ovn_revision_numbers_db [None req-289bc43a-02af-4d75-9f35-533ffb0f0f4f cc65255465fc4c1699f77ac63e17af79 282ee610a8eb4b68b212ca54051db629 - - default default] Successfully bumped revision number for resource ae93d612-ecb5-4be3-afb1-74371557c8f1 (type: networks) to 1 [pid: 8|app: 0|req: 1137/2466] 10.0.0.233 () {32 vars in 724 bytes} [Tue Jun 2 08:08:00 2026] DELETE /v2.0/subnets/1583d6bf-fb52-4bd1-9035-a451a3d67792 => generated 0 bytes in 194 msecs (HTTP/1.1 204) 3 headers in 131 bytes (1 switches on core 0)
2026-06-02 08:08:01.133 7 WARNING neutron.scheduler.dhcp_agent_scheduler [None req-289bc43a-02af-4d75-9f35-533ffb0f0f4f cc65255465fc4c1699f77ac63e17af79 282ee610a8eb4b68b212ca54051db629 - - default default] No more DHCP agents
2026-06-02 08:08:01.135 7 WARNING neutron.api.rpc.agentnotifiers.dhcp_rpc_agent_api [None req-289bc43a-02af-4d75-9f35-533ffb0f0f4f cc65255465fc4c1699f77ac63e17af79 282ee610a8eb4b68b212ca54051db629 - - default default] Unable to schedule network ae93d612-ecb5-4be3-afb1-74371557c8f1: no agents available; will retry on subsequent port and subnet creation events.
2026-06-02 08:08:01.271 7 INFO neutron.db.ovn_revision_numbers_db [None req-289bc43a-02af-4d75-9f35-533ffb0f0f4f cc65255465fc4c1699f77ac63e17af79 282ee610a8eb4b68b212ca54051db629 - - default default] Successfully bumped revision number for resource 98a2777f-0923-4381-a0f0-7128efbb805e (type: ports) to 1 [pid: 7|app: 0|req: 1330/2467] 10.0.0.233 () {34 vars in 670 bytes} [Tue Jun 2 08:08:00 2026] POST /v2.0/networks => generated 729 bytes in 1099 msecs (HTTP/1.1 201) 4 headers in 162 bytes (1 switches on core 0)
2026-06-02 08:08:01.453 8 INFO neutron.db.ovn_revision_numbers_db [None req-3a3f7718-3a63-428c-8b49-5c64d4d4ac0c 8519fd7e4506474fbe699865a6158939 b689c85b5b79466ab02d51e310c86f65 - - default default] Successfully bumped revision number for resource 4c7ef44c-7dc6-46a7-ab22-878e59111281 (type: security_groups) to 1
2026-06-02 08:08:01.467 8 INFO neutron.db.ovn_revision_numbers_db [None req-3a3f7718-3a63-428c-8b49-5c64d4d4ac0c 8519fd7e4506474fbe699865a6158939 b689c85b5b79466ab02d51e310c86f65 - - default default] Successfully bumped revision number for resource 2387b958-afa2-4dda-9c35-b96f7f4f25f9 (type: security_group_rules) to 0
2026-06-02 08:08:01.473 7 INFO neutron_taas.services.taas.taas_plugin [None req-226df62f-b2fc-4045-9c8d-efaf7759773c 729ddd21d1254f5a8a943228618d4e41 064b51971f7247dcbfb0ce4a620d4fb6 - - default default] TaaS: Handle Delete Port: d668b300-46cf-4bcc-89d3-d7d06a5f5a62
2026-06-02 08:08:01.477 7 INFO neutron_taas.services.taas.tap_mirror_plugin [None req-226df62f-b2fc-4045-9c8d-efaf7759773c 729ddd21d1254f5a8a943228618d4e41 064b51971f7247dcbfb0ce4a620d4fb6 - - default default] Tap Mirror: Handle Delete Port: d668b300-46cf-4bcc-89d3-d7d06a5f5a62
2026-06-02 08:08:01.484 8 INFO neutron.db.ovn_revision_numbers_db [None req-3a3f7718-3a63-428c-8b49-5c64d4d4ac0c 8519fd7e4506474fbe699865a6158939 b689c85b5b79466ab02d51e310c86f65 - - default default] Successfully bumped revision number for resource 36fc594e-d15e-4c10-b5e6-ce518dcf47d1 (type: security_group_rules) to 0
2026-06-02 08:08:01.496 8 INFO neutron.db.ovn_revision_numbers_db [None req-3a3f7718-3a63-428c-8b49-5c64d4d4ac0c 8519fd7e4506474fbe699865a6158939 b689c85b5b79466ab02d51e310c86f65 - - default default] Successfully bumped revision number for resource 44ad8958-9d05-4161-8740-7db91c8352fd (type: security_group_rules) to 0
2026-06-02 08:08:01.509 8 INFO neutron.db.ovn_revision_numbers_db [None req-3a3f7718-3a63-428c-8b49-5c64d4d4ac0c 8519fd7e4506474fbe699865a6158939 b689c85b5b79466ab02d51e310c86f65 - - default default] Successfully bumped revision number for resource c5266d5b-cd4e-4c0f-bfc3-8eed29791afd (type: security_group_rules) to 0
2026-06-02 08:08:01.609 8 INFO neutron.db.segments_db [None req-3a3f7718-3a63-428c-8b49-5c64d4d4ac0c 8519fd7e4506474fbe699865a6158939 b689c85b5b79466ab02d51e310c86f65 - - default default] Added segment 9856278d-c4d6-4939-ac5f-7df6bda7ea3b of type geneve for network 6b34eeea-39a2-4bfc-93f3-159f47de1333
2026-06-02 08:08:01.699 7 INFO neutron.services.segments.plugin [-] Segment b295fadb-d262-42d7-a357-e402bc2dcc1b resource provider aggregate not found
2026-06-02 08:08:01.707 7 INFO neutron.services.segments.plugin [-] Segment b295fadb-d262-42d7-a357-e402bc2dcc1b resource provider aggregate not found
2026-06-02 08:08:01.728 8 INFO neutron.db.ovn_revision_numbers_db [None req-3a3f7718-3a63-428c-8b49-5c64d4d4ac0c 8519fd7e4506474fbe699865a6158939 b689c85b5b79466ab02d51e310c86f65 - - default default] Successfully bumped revision number for resource 6b34eeea-39a2-4bfc-93f3-159f47de1333 (type: networks) to 1
2026-06-02 08:08:01.730 7 INFO neutron.services.segments.plugin [-] Segment b295fadb-d262-42d7-a357-e402bc2dcc1b resource provider not found; error: Placement Client Error (4xx): {"errors": [{"status": 404, "title": "Not Found", "detail": "The resource could not be found.\n\n No resource provider with uuid b295fadb-d262-42d7-a357-e402bc2dcc1b found for delete ", "request_id": "req-c7b10106-1a1f-4231-90b4-399ca20c0a37"}]}
2026-06-02 08:08:01.732 7 INFO neutron.services.segments.plugin [-] Segment b295fadb-d262-42d7-a357-e402bc2dcc1b resource provider not found; error: Placement Client Error (4xx): {"errors": [{"status": 404, "title": "Not Found", "detail": "The resource could not be found.\n\n No resource provider with uuid b295fadb-d262-42d7-a357-e402bc2dcc1b found for delete ", "request_id": "req-bb41b6c0-1931-4c83-a900-cabfeda1b689"}]} [pid: 7|app: 0|req: 1331/2468] 10.0.0.233 () {32 vars in 726 bytes} [Tue Jun 2 08:08:01 2026] DELETE /v2.0/networks/fb4764be-0154-47cb-bb10-09a681e9b7e1 => generated 0 bytes in 476 msecs (HTTP/1.1 204) 3 headers in 131 bytes (1 switches on core 0)
2026-06-02 08:08:01.925 7 WARNING neutron.scheduler.dhcp_agent_scheduler [None req-ce15f287-90ca-43b2-9933-771983bdbac4 cc65255465fc4c1699f77ac63e17af79 282ee610a8eb4b68b212ca54051db629 - - default default] No more DHCP agents
2026-06-02 08:08:01.927 7 WARNING neutron.api.rpc.agentnotifiers.dhcp_rpc_agent_api [None req-ce15f287-90ca-43b2-9933-771983bdbac4 cc65255465fc4c1699f77ac63e17af79 282ee610a8eb4b68b212ca54051db629 - - default default] Unable to schedule network ae93d612-ecb5-4be3-afb1-74371557c8f1: no agents available; will retry on subsequent port and subnet creation events.
2026-06-02 08:08:01.929 8 WARNING neutron.scheduler.dhcp_agent_scheduler [None req-3a3f7718-3a63-428c-8b49-5c64d4d4ac0c 8519fd7e4506474fbe699865a6158939 b689c85b5b79466ab02d51e310c86f65 - - default default] No more DHCP agents
2026-06-02 08:08:01.930 8 WARNING neutron.api.rpc.agentnotifiers.dhcp_rpc_agent_api [None req-3a3f7718-3a63-428c-8b49-5c64d4d4ac0c 8519fd7e4506474fbe699865a6158939 b689c85b5b79466ab02d51e310c86f65 - - default default] Unable to schedule network 6b34eeea-39a2-4bfc-93f3-159f47de1333: no agents available; will retry on subsequent port and subnet creation events.
2026-06-02 08:08:02.042 8 INFO neutron.db.ovn_revision_numbers_db [None req-3a3f7718-3a63-428c-8b49-5c64d4d4ac0c 8519fd7e4506474fbe699865a6158939 b689c85b5b79466ab02d51e310c86f65 - - default default] Successfully bumped revision number for resource 06267398-766c-4003-8016-b422227c058e (type: ports) to 1 [pid: 8|app: 0|req: 1138/2469] 10.0.0.233 () {34 vars in 670 bytes} [Tue Jun 2 08:08:01 2026] POST /v2.0/networks => generated 631 bytes in 934 msecs (HTTP/1.1 201) 4 headers in 162 bytes (1 switches on core 0)
2026-06-02 08:08:02.198 8 INFO neutron_taas.services.taas.taas_plugin [None req-b9ef430c-8070-439a-9dd2-7f564be401c9 729ddd21d1254f5a8a943228618d4e41 064b51971f7247dcbfb0ce4a620d4fb6 - - default default] TaaS: Handle Delete Port: 99cc9c91-b002-4ced-b550-e4a2880f0ba5
2026-06-02 08:08:02.201 8 INFO neutron_taas.services.taas.tap_mirror_plugin [None req-b9ef430c-8070-439a-9dd2-7f564be401c9 729ddd21d1254f5a8a943228618d4e41 064b51971f7247dcbfb0ce4a620d4fb6 - - default default] Tap Mirror: Handle Delete Port: 99cc9c91-b002-4ced-b550-e4a2880f0ba5
2026-06-02 08:08:02.407 8 INFO neutron.services.segments.plugin [-] Segment 55ef32cb-e115-40f7-835d-05342f6e40d6 resource provider aggregate not found
2026-06-02 08:08:02.416 8 INFO neutron.services.segments.plugin [-] Segment 55ef32cb-e115-40f7-835d-05342f6e40d6 resource provider aggregate not found
2026-06-02 08:08:02.426 8 INFO neutron.services.segments.plugin [-] Segment 55ef32cb-e115-40f7-835d-05342f6e40d6 resource provider not found; error: Placement Client Error (4xx): {"errors": [{"status": 404, "title": "Not Found", "detail": "The resource could not be found.\n\n No resource provider with uuid 55ef32cb-e115-40f7-835d-05342f6e40d6 found for delete ", "request_id": "req-339b50b3-96f4-4c1c-8ccb-29a841371919"}]}
2026-06-02 08:08:02.443 8 INFO neutron.services.segments.plugin [-] Segment 55ef32cb-e115-40f7-835d-05342f6e40d6 resource provider not found; error: Placement Client Error (4xx): {"errors": [{"status": 404, "title": "Not Found", "detail": "The resource could not be found.\n\n No resource provider with uuid 55ef32cb-e115-40f7-835d-05342f6e40d6 found for delete ", "request_id": "req-94eeb4da-f029-428b-a16f-9516238e3bc5"}]} [pid: 8|app: 0|req: 1139/2470] 10.0.0.233 () {32 vars in 726 bytes} [Tue Jun 2 08:08:02 2026] DELETE /v2.0/networks/3d490e3d-35be-4264-ac67-f745b0c1715f => generated 0 bytes in 428 msecs (HTTP/1.1 204) 3 headers in 131 bytes (1 switches on core 0)
2026-06-02 08:08:02.517 7 INFO neutron.db.ovn_revision_numbers_db [None req-5cd15096-bc67-4c45-8b39-5339d1625b3e - - - - - -] Successfully bumped revision number for resource 98a2777f-0923-4381-a0f0-7128efbb805e (type: ports) to 2
2026-06-02 08:08:02.544 7 INFO neutron.db.ovn_revision_numbers_db [None req-5cd15096-bc67-4c45-8b39-5339d1625b3e - - - - - -] Successfully bumped revision number for resource d0fe346c-23f1-45ef-8820-6ecbeacd520a (type: subnets) to 0 [pid: 7|app: 0|req: 1332/2471] 10.0.0.233 () {34 vars in 669 bytes} [Tue Jun 2 08:08:01 2026] POST /v2.0/subnets => generated 644 bytes in 781 msecs (HTTP/1.1 201) 4 headers in 162 bytes (1 switches on core 0)
2026-06-02 08:08:02.646 7 INFO neutron.db.segments_db [None req-3fc2af12-b52f-4352-9bc3-98e28102ccf2 729ddd21d1254f5a8a943228618d4e41 064b51971f7247dcbfb0ce4a620d4fb6 - - default default] Added segment c3a016cb-a270-4ea6-9b60-9cac39f4011a of type geneve for network 1ae72a91-834d-4fa0-8e13-cb2a4f69c7e2
2026-06-02 08:08:02.721 8 WARNING neutron.scheduler.dhcp_agent_scheduler [None req-061eb6b6-ae9f-446d-9102-334b11aa93e0 8519fd7e4506474fbe699865a6158939 b689c85b5b79466ab02d51e310c86f65 - - default default] No more DHCP agents
2026-06-02 08:08:02.723 8 WARNING neutron.api.rpc.agentnotifiers.dhcp_rpc_agent_api [None req-061eb6b6-ae9f-446d-9102-334b11aa93e0 8519fd7e4506474fbe699865a6158939 b689c85b5b79466ab02d51e310c86f65 - - default default] Unable to schedule network 6b34eeea-39a2-4bfc-93f3-159f47de1333: no agents available; will retry on subsequent port and subnet creation events.
2026-06-02 08:08:02.773 7 INFO neutron.db.ovn_revision_numbers_db [None req-3fc2af12-b52f-4352-9bc3-98e28102ccf2 729ddd21d1254f5a8a943228618d4e41 064b51971f7247dcbfb0ce4a620d4fb6 - - default default] Successfully bumped revision number for resource 1ae72a91-834d-4fa0-8e13-cb2a4f69c7e2 (type: networks) to 1
2026-06-02 08:08:02.879 8 INFO neutron.db.ovn_revision_numbers_db [None req-061eb6b6-ae9f-446d-9102-334b11aa93e0 8519fd7e4506474fbe699865a6158939 b689c85b5b79466ab02d51e310c86f65 - - default default] Successfully bumped revision number for resource da491e60-d3f6-4346-8c75-ddf869c847c8 (type: ports) to 1 [pid: 8|app: 0|req: 1140/2472] 10.0.0.233 () {34 vars in 664 bytes} [Tue Jun 2 08:08:02 2026] POST /v2.0/ports => generated 743 bytes in 443 msecs (HTTP/1.1 201) 4 headers in 162 bytes (1 switches on core 0) /var/lib/openstack/lib/python3.12/site-packages/pycadf/identifier.py:70: UserWarning: Invalid uuid: neutron. To ensure interoperability, identifiers should be a valid uuid. warnings.warn(('Invalid uuid: %s. To ensure interoperability, '
2026-06-02 08:08:02.944 8 WARNING neutron.api.v2.base [None req-b9ca30b7-2d9f-4748-8a86-e104485b616a cc65255465fc4c1699f77ac63e17af79 282ee610a8eb4b68b212ca54051db629 - - default default] An exception happened while processing the request body. The exception message is [Invalid input for target_tenant. Reason: 'None' is not a valid string.].: webob.exc.HTTPBadRequest: Invalid input for target_tenant. Reason: 'None' is not a valid string.
2026-06-02 08:08:02.945 8 INFO neutron.api.v2.resource [None req-b9ca30b7-2d9f-4748-8a86-e104485b616a cc65255465fc4c1699f77ac63e17af79 282ee610a8eb4b68b212ca54051db629 - - default default] create failed (client error): Invalid input for target_tenant. Reason: 'None' is not a valid string. [pid: 8|app: 0|req: 1141/2473] 10.0.0.233 () {34 vars in 681 bytes} [Tue Jun 2 08:08:02 2026] POST /v2.0/rbac-policies => generated 143 bytes in 6 msecs (HTTP/1.1 400) 4 headers in 166 bytes (1 switches on core 0)
2026-06-02 08:08:03.007 7 WARNING neutron.scheduler.dhcp_agent_scheduler [None req-3fc2af12-b52f-4352-9bc3-98e28102ccf2 729ddd21d1254f5a8a943228618d4e41 064b51971f7247dcbfb0ce4a620d4fb6 - - default default] No more DHCP agents
2026-06-02 08:08:03.008 7 WARNING neutron.api.rpc.agentnotifiers.dhcp_rpc_agent_api [None req-3fc2af12-b52f-4352-9bc3-98e28102ccf2 729ddd21d1254f5a8a943228618d4e41 064b51971f7247dcbfb0ce4a620d4fb6 - - default default] Unable to schedule network 1ae72a91-834d-4fa0-8e13-cb2a4f69c7e2: no agents available; will retry on subsequent port and subnet creation events.
2026-06-02 08:08:03.130 7 INFO neutron.db.ovn_revision_numbers_db [None req-3fc2af12-b52f-4352-9bc3-98e28102ccf2 729ddd21d1254f5a8a943228618d4e41 064b51971f7247dcbfb0ce4a620d4fb6 - - default default] Successfully bumped revision number for resource 567cf6fb-d8f7-488a-844e-a9a0541e3c2d (type: ports) to 1 [pid: 7|app: 0|req: 1333/2474] 10.0.0.233 () {34 vars in 670 bytes} [Tue Jun 2 08:08:02 2026] POST /v2.0/networks => generated 630 bytes in 591 msecs (HTTP/1.1 201) 4 headers in 162 bytes (1 switches on core 0)
2026-06-02 08:08:03.279 7 INFO neutron_taas.services.taas.taas_plugin [None req-492c42c9-c599-460c-b102-6c6e18805ce5 cc65255465fc4c1699f77ac63e17af79 282ee610a8eb4b68b212ca54051db629 - - default default] TaaS: Handle Delete Port: 98a2777f-0923-4381-a0f0-7128efbb805e
2026-06-02 08:08:03.282 7 INFO neutron_taas.services.taas.tap_mirror_plugin [None req-492c42c9-c599-460c-b102-6c6e18805ce5 cc65255465fc4c1699f77ac63e17af79 282ee610a8eb4b68b212ca54051db629 - - default default] Tap Mirror: Handle Delete Port: 98a2777f-0923-4381-a0f0-7128efbb805e [pid: 7|app: 0|req: 1334/2475] 10.0.0.233 () {32 vars in 726 bytes} [Tue Jun 2 08:08:03 2026] DELETE /v2.0/networks/ae93d612-ecb5-4be3-afb1-74371557c8f1 => generated 0 bytes in 425 msecs (HTTP/1.1 204) 3 headers in 131 bytes (1 switches on core 0) [pid: 8|app: 0|req: 1142/2476] 10.0.0.233 () {34 vars in 666 bytes} [Tue Jun 2 08:08:02 2026] POST /v2.0/trunks => generated 409 bytes in 772 msecs (HTTP/1.1 201) 4 headers in 162 bytes (1 switches on core 0)
2026-06-02 08:08:03.749 7 INFO neutron.services.segments.plugin [-] Segment dc6b7fff-2452-463c-a2a6-76ab77a75eaf resource provider aggregate not found
2026-06-02 08:08:03.756 7 INFO neutron.services.segments.plugin [-] Segment dc6b7fff-2452-463c-a2a6-76ab77a75eaf resource provider aggregate not found
2026-06-02 08:08:03.767 7 INFO neutron.services.segments.plugin [-] Segment dc6b7fff-2452-463c-a2a6-76ab77a75eaf resource provider not found; error: Placement Client Error (4xx): {"errors": [{"status": 404, "title": "Not Found", "detail": "The resource could not be found.\n\n No resource provider with uuid dc6b7fff-2452-463c-a2a6-76ab77a75eaf found for delete ", "request_id": "req-f8361074-6722-4cba-82d6-8f5132d731ad"}]}
2026-06-02 08:08:03.773 7 WARNING neutron.scheduler.dhcp_agent_scheduler [None req-245ffe4a-5913-45d1-8466-50f16897fc44 729ddd21d1254f5a8a943228618d4e41 064b51971f7247dcbfb0ce4a620d4fb6 - - default default] No more DHCP agents
2026-06-02 08:08:03.775 7 INFO neutron.services.segments.plugin [-] Segment dc6b7fff-2452-463c-a2a6-76ab77a75eaf resource provider not found; error: Placement Client Error (4xx): {"errors": [{"status": 404, "title": "Not Found", "detail": "The resource could not be found.\n\n No resource provider with uuid dc6b7fff-2452-463c-a2a6-76ab77a75eaf found for delete ", "request_id": "req-0a7b54b4-9e4a-4290-84db-6211c0bb55b3"}]}
2026-06-02 08:08:03.776 7 WARNING neutron.api.rpc.agentnotifiers.dhcp_rpc_agent_api [None req-245ffe4a-5913-45d1-8466-50f16897fc44 729ddd21d1254f5a8a943228618d4e41 064b51971f7247dcbfb0ce4a620d4fb6 - - default default] Unable to schedule network 1ae72a91-834d-4fa0-8e13-cb2a4f69c7e2: no agents available; will retry on subsequent port and subnet creation events.
2026-06-02 08:08:03.822 8 INFO neutron.db.segments_db [None req-21010450-aacd-4b67-ba77-23348c5b9eeb cc65255465fc4c1699f77ac63e17af79 282ee610a8eb4b68b212ca54051db629 - - default default] Added segment c05008fe-3582-4203-88a1-cfaa3f8a62f5 of type geneve for network d120046f-fbbd-4a1f-9dc1-9d2c66b39c3d
2026-06-02 08:08:03.996 8 INFO neutron.db.ovn_revision_numbers_db [None req-21010450-aacd-4b67-ba77-23348c5b9eeb cc65255465fc4c1699f77ac63e17af79 282ee610a8eb4b68b212ca54051db629 - - default default] Successfully bumped revision number for resource d120046f-fbbd-4a1f-9dc1-9d2c66b39c3d (type: networks) to 1
2026-06-02 08:08:04.169 8 WARNING neutron.scheduler.dhcp_agent_scheduler [None req-21010450-aacd-4b67-ba77-23348c5b9eeb cc65255465fc4c1699f77ac63e17af79 282ee610a8eb4b68b212ca54051db629 - - default default] No more DHCP agents
2026-06-02 08:08:04.170 8 WARNING neutron.api.rpc.agentnotifiers.dhcp_rpc_agent_api [None req-21010450-aacd-4b67-ba77-23348c5b9eeb cc65255465fc4c1699f77ac63e17af79 282ee610a8eb4b68b212ca54051db629 - - default default] Unable to schedule network d120046f-fbbd-4a1f-9dc1-9d2c66b39c3d: no agents available; will retry on subsequent port and subnet creation events.
2026-06-02 08:08:04.287 8 INFO neutron.db.ovn_revision_numbers_db [None req-21010450-aacd-4b67-ba77-23348c5b9eeb cc65255465fc4c1699f77ac63e17af79 282ee610a8eb4b68b212ca54051db629 - - default default] Successfully bumped revision number for resource 9fa80cb1-5678-4533-b978-c1e65b84cfd0 (type: ports) to 1 [pid: 8|app: 0|req: 1143/2477] 10.0.0.233 () {34 vars in 670 bytes} [Tue Jun 2 08:08:03 2026] POST /v2.0/networks => generated 729 bytes in 607 msecs (HTTP/1.1 201) 4 headers in 162 bytes (1 switches on core 0)
2026-06-02 08:08:04.404 7 INFO neutron.db.ovn_revision_numbers_db [None req-ce0a40ce-ff7a-4d9e-9d24-d419c05af2d8 - - - - - -] Successfully bumped revision number for resource 567cf6fb-d8f7-488a-844e-a9a0541e3c2d (type: ports) to 2
2026-06-02 08:08:04.429 7 INFO neutron.db.ovn_revision_numbers_db [None req-ce0a40ce-ff7a-4d9e-9d24-d419c05af2d8 - - - - - -] Successfully bumped revision number for resource 581def8f-3dbc-45e5-ade6-7a250e4e7761 (type: subnets) to 0 [pid: 7|app: 0|req: 1335/2478] 10.0.0.233 () {34 vars in 669 bytes} [Tue Jun 2 08:08:03 2026] POST /v2.0/subnets => generated 626 bytes in 870 msecs (HTTP/1.1 201) 4 headers in 162 bytes (1 switches on core 0)
2026-06-02 08:08:04.449 8 INFO neutron.db.segments_db [None req-602b7f78-8ba6-4d76-91c1-fc528ef384d5 8519fd7e4506474fbe699865a6158939 b689c85b5b79466ab02d51e310c86f65 - - default default] Added segment 076446fd-ac43-4ce7-bf4d-84d667b5745f of type geneve for network 0fa08df1-e8da-4ed4-8f9a-b55caba1c05a
2026-06-02 08:08:04.592 8 INFO neutron.db.ovn_revision_numbers_db [None req-602b7f78-8ba6-4d76-91c1-fc528ef384d5 8519fd7e4506474fbe699865a6158939 b689c85b5b79466ab02d51e310c86f65 - - default default] Successfully bumped revision number for resource 0fa08df1-e8da-4ed4-8f9a-b55caba1c05a (type: networks) to 1
2026-06-02 08:08:04.599 7 WARNING neutron.scheduler.dhcp_agent_scheduler [None req-27a4d52e-55d6-473c-a375-af87e40f2f4d cc65255465fc4c1699f77ac63e17af79 282ee610a8eb4b68b212ca54051db629 - - default default] No more DHCP agents
2026-06-02 08:08:04.600 7 WARNING neutron.api.rpc.agentnotifiers.dhcp_rpc_agent_api [None req-27a4d52e-55d6-473c-a375-af87e40f2f4d cc65255465fc4c1699f77ac63e17af79 282ee610a8eb4b68b212ca54051db629 - - default default] Unable to schedule network d120046f-fbbd-4a1f-9dc1-9d2c66b39c3d: no agents available; will retry on subsequent port and subnet creation events.
2026-06-02 08:08:04.729 8 WARNING neutron.scheduler.dhcp_agent_scheduler [None req-602b7f78-8ba6-4d76-91c1-fc528ef384d5 8519fd7e4506474fbe699865a6158939 b689c85b5b79466ab02d51e310c86f65 - - default default] No more DHCP agents
2026-06-02 08:08:04.730 8 WARNING neutron.api.rpc.agentnotifiers.dhcp_rpc_agent_api [None req-602b7f78-8ba6-4d76-91c1-fc528ef384d5 8519fd7e4506474fbe699865a6158939 b689c85b5b79466ab02d51e310c86f65 - - default default] Unable to schedule network 0fa08df1-e8da-4ed4-8f9a-b55caba1c05a: no agents available; will retry on subsequent port and subnet creation events.
2026-06-02 08:08:04.850 8 INFO neutron.db.ovn_revision_numbers_db [None req-602b7f78-8ba6-4d76-91c1-fc528ef384d5 8519fd7e4506474fbe699865a6158939 b689c85b5b79466ab02d51e310c86f65 - - default default] Successfully bumped revision number for resource 99a61881-7c1b-45ac-bcbd-015ec901c16b (type: ports) to 1 [pid: 8|app: 0|req: 1144/2479] 10.0.0.233 () {34 vars in 670 bytes} [Tue Jun 2 08:08:04 2026] POST /v2.0/networks => generated 631 bytes in 546 msecs (HTTP/1.1 201) 4 headers in 162 bytes (1 switches on core 0)
2026-06-02 08:08:04.992 8 INFO neutron.db.ovn_revision_numbers_db [None req-2bbfce07-0b38-40ce-a5ab-681446077160 729ddd21d1254f5a8a943228618d4e41 064b51971f7247dcbfb0ce4a620d4fb6 - - default default] Successfully bumped revision number for resource 85940980-1332-405b-8b59-750c1595c9f5 (type: routers) to 1 [pid: 8|app: 0|req: 1145/2480] 10.0.0.233 () {34 vars in 669 bytes} [Tue Jun 2 08:08:04 2026] POST /v2.0/routers => generated 603 bytes in 136 msecs (HTTP/1.1 201) 4 headers in 162 bytes (1 switches on core 0)
2026-06-02 08:08:05.033 8 WARNING neutron.plugins.ml2.drivers.ovn.mech_driver.ovsdb.ovn_client [None req-e5a913b0-eff1-41fb-9eb5-84f567fb22f1 - - - - - -] No port found with ID 69c8fd9a-ecd1-4a6a-bb98-886c1aa4d78b: RuntimeError: No port found with ID 69c8fd9a-ecd1-4a6a-bb98-886c1aa4d78b
2026-06-02 08:08:05.085 8 INFO neutron.plugins.ml2.drivers.ovn.mech_driver.mech_driver [None req-e5a913b0-eff1-41fb-9eb5-84f567fb22f1 - - - - - -] OVN reports status down for port: 98a2777f-0923-4381-a0f0-7128efbb805e
2026-06-02 08:08:05.133 7 INFO neutron.db.ovn_revision_numbers_db [None req-eddfe08c-a5f8-43ee-8ebe-e732292cc14f - - - - - -] Successfully bumped revision number for resource 9fa80cb1-5678-4533-b978-c1e65b84cfd0 (type: ports) to 2
2026-06-02 08:08:05.167 8 INFO neutron.plugins.ml2.drivers.ovn.mech_driver.mech_driver [None req-e5a913b0-eff1-41fb-9eb5-84f567fb22f1 - - - - - -] OVN reports status down for port: 06267398-766c-4003-8016-b422227c058e
2026-06-02 08:08:05.184 7 INFO neutron.db.ovn_revision_numbers_db [None req-eddfe08c-a5f8-43ee-8ebe-e732292cc14f - - - - - -] Successfully bumped revision number for resource 94818a49-09f6-4b76-9108-d1a0e6f0d217 (type: subnets) to 0 [pid: 7|app: 0|req: 1336/2481] 10.0.0.233 () {34 vars in 669 bytes} [Tue Jun 2 08:08:04 2026] POST /v2.0/subnets => generated 647 bytes in 757 msecs (HTTP/1.1 201) 4 headers in 162 bytes (1 switches on core 0)
2026-06-02 08:08:05.296 8 INFO neutron.plugins.ml2.drivers.ovn.mech_driver.mech_driver [None req-e5a913b0-eff1-41fb-9eb5-84f567fb22f1 - - - - - -] OVN reports status down for port: da491e60-d3f6-4346-8c75-ddf869c847c8
2026-06-02 08:08:05.439 8 INFO neutron.plugins.ml2.drivers.ovn.mech_driver.mech_driver [None req-e5a913b0-eff1-41fb-9eb5-84f567fb22f1 - - - - - -] OVN reports status down for port: 567cf6fb-d8f7-488a-844e-a9a0541e3c2d
2026-06-02 08:08:05.458 8 WARNING neutron.scheduler.dhcp_agent_scheduler [None req-b3bd69f7-e135-4682-8de3-b8b538e744a0 8519fd7e4506474fbe699865a6158939 b689c85b5b79466ab02d51e310c86f65 - - default default] No more DHCP agents
2026-06-02 08:08:05.461 8 WARNING neutron.api.rpc.agentnotifiers.dhcp_rpc_agent_api [None req-b3bd69f7-e135-4682-8de3-b8b538e744a0 8519fd7e4506474fbe699865a6158939 b689c85b5b79466ab02d51e310c86f65 - - default default] Unable to schedule network 0fa08df1-e8da-4ed4-8f9a-b55caba1c05a: no agents available; will retry on subsequent port and subnet creation events.
2026-06-02 08:08:05.513 7 WARNING neutron.scheduler.dhcp_agent_scheduler [None req-7bdeece7-7620-40bb-8cb8-2d5b5dc7fc08 729ddd21d1254f5a8a943228618d4e41 064b51971f7247dcbfb0ce4a620d4fb6 - - default default] No more DHCP agents
2026-06-02 08:08:05.526 7 WARNING neutron.api.rpc.agentnotifiers.dhcp_rpc_agent_api [None req-7bdeece7-7620-40bb-8cb8-2d5b5dc7fc08 729ddd21d1254f5a8a943228618d4e41 064b51971f7247dcbfb0ce4a620d4fb6 - - default default] Unable to schedule network 1ae72a91-834d-4fa0-8e13-cb2a4f69c7e2: no agents available; will retry on subsequent port and subnet creation events.
2026-06-02 08:08:05.603 8 INFO neutron.plugins.ml2.drivers.ovn.mech_driver.mech_driver [None req-e5a913b0-eff1-41fb-9eb5-84f567fb22f1 - - - - - -] OVN reports status down for port: 9fa80cb1-5678-4533-b978-c1e65b84cfd0
2026-06-02 08:08:05.654 8 INFO neutron.db.ovn_revision_numbers_db [None req-b3bd69f7-e135-4682-8de3-b8b538e744a0 8519fd7e4506474fbe699865a6158939 b689c85b5b79466ab02d51e310c86f65 - - default default] Successfully bumped revision number for resource 3b8c3eb5-a288-42b7-9661-81742977f645 (type: ports) to 1
2026-06-02 08:08:05.765 7 INFO neutron.db.ovn_revision_numbers_db [None req-7bdeece7-7620-40bb-8cb8-2d5b5dc7fc08 729ddd21d1254f5a8a943228618d4e41 064b51971f7247dcbfb0ce4a620d4fb6 - - default default] Successfully bumped revision number for resource d491d463-a759-4616-bdc7-db3e16c4852a (type: ports) to 1 [pid: 7|app: 0|req: 1337/2482] 10.0.0.233 () {34 vars in 665 bytes} [Tue Jun 2 08:08:05 2026] POST /v2.0/ports => generated 951 bytes in 580 msecs (HTTP/1.1 201) 4 headers in 162 bytes (1 switches on core 0) /var/lib/openstack/lib/python3.12/site-packages/pycadf/identifier.py:70: UserWarning: Invalid uuid: neutron. To ensure interoperability, identifiers should be a valid uuid. warnings.warn(('Invalid uuid: %s. To ensure interoperability, '
2026-06-02 08:08:05.791 8 INFO neutron.plugins.ml2.drivers.ovn.mech_driver.mech_driver [None req-e5a913b0-eff1-41fb-9eb5-84f567fb22f1 - - - - - -] OVN reports status down for port: 99a61881-7c1b-45ac-bcbd-015ec901c16b
2026-06-02 08:08:05.792 7 WARNING neutron.api.v2.base [None req-e4283167-c016-402c-80ae-ecd4ad618a86 cc65255465fc4c1699f77ac63e17af79 282ee610a8eb4b68b212ca54051db629 - - default default] An exception happened while processing the request body. The exception message is [Invalid input for target_tenant. Reason: '1234123412341234123412341234123412341234123412341234123412341234123412341234123412341234123412341234123412341234123412341234123412341234123412341234123412341234123412341234123412341234123412341234123412341234123412341234123412341234123412341234123412341234123412341234123412341234123412341234123412341234123412341234123412341234123412341234123412341234123412341234123412341234123412341234123412341234' exceeds maximum length of 255.].: webob.exc.HTTPBadRequest: Invalid input for target_tenant. Reason: '1234123412341234123412341234123412341234123412341234123412341234123412341234123412341234123412341234123412341234123412341234123412341234123412341234123412341234123412341234123412341234123412341234123412341234123412341234123412341234123412341234123412341234123412341234123412341234123412341234123412341234123412341234123412341234123412341234123412341234123412341234123412341234123412341234123412341234' exceeds maximum length of 255.
2026-06-02 08:08:05.793 7 INFO neutron.api.v2.resource [None req-e4283167-c016-402c-80ae-ecd4ad618a86 cc65255465fc4c1699f77ac63e17af79 282ee610a8eb4b68b212ca54051db629 - - default default] create failed (client error): Invalid input for target_tenant. Reason: '1234123412341234123412341234123412341234123412341234123412341234123412341234123412341234123412341234123412341234123412341234123412341234123412341234123412341234123412341234123412341234123412341234123412341234123412341234123412341234123412341234123412341234123412341234123412341234123412341234123412341234123412341234123412341234123412341234123412341234123412341234123412341234123412341234123412341234' exceeds maximum length of 255. [pid: 7|app: 0|req: 1338/2483] 10.0.0.233 () {34 vars in 681 bytes} [Tue Jun 2 08:08:05 2026] POST /v2.0/rbac-policies => generated 547 bytes in 5 msecs (HTTP/1.1 400) 4 headers in 166 bytes (1 switches on core 0) [pid: 8|app: 0|req: 1146/2484] 10.0.0.233 () {34 vars in 664 bytes} [Tue Jun 2 08:08:05 2026] POST /v2.0/ports => generated 743 bytes in 820 msecs (HTTP/1.1 201) 4 headers in 162 bytes (1 switches on core 0) /var/lib/openstack/lib/python3.12/site-packages/pycadf/identifier.py:70: UserWarning: Invalid uuid: neutron. To ensure interoperability, identifiers should be a valid uuid. warnings.warn(('Invalid uuid: %s. To ensure interoperability, '
2026-06-02 08:08:05.900 8 INFO neutron.plugins.ml2.drivers.ovn.mech_driver.mech_driver [None req-e5a913b0-eff1-41fb-9eb5-84f567fb22f1 - - - - - -] OVN reports status down for port: 3b8c3eb5-a288-42b7-9661-81742977f645
2026-06-02 08:08:06.022 8 INFO neutron.plugins.ml2.drivers.ovn.mech_driver.mech_driver [None req-e5a913b0-eff1-41fb-9eb5-84f567fb22f1 - - - - - -] OVN reports status down for port: d491d463-a759-4616-bdc7-db3e16c4852a
2026-06-02 08:08:06.065 8 INFO neutron_taas.services.taas.taas_plugin [None req-665c35dd-197e-4fed-8021-e728acb49645 cc65255465fc4c1699f77ac63e17af79 282ee610a8eb4b68b212ca54051db629 - - default default] TaaS: Handle Delete Port: 9fa80cb1-5678-4533-b978-c1e65b84cfd0
2026-06-02 08:08:06.069 8 INFO neutron_taas.services.taas.tap_mirror_plugin [None req-665c35dd-197e-4fed-8021-e728acb49645 cc65255465fc4c1699f77ac63e17af79 282ee610a8eb4b68b212ca54051db629 - - default default] Tap Mirror: Handle Delete Port: 9fa80cb1-5678-4533-b978-c1e65b84cfd0
2026-06-02 08:08:06.365 8 INFO neutron.plugins.ml2.drivers.ovn.mech_driver.mech_driver [None req-e5a913b0-eff1-41fb-9eb5-84f567fb22f1 - - - - - -] OVN reports status up for port: d491d463-a759-4616-bdc7-db3e16c4852a
2026-06-02 08:08:06.383 7 INFO neutron.db.ovn_revision_numbers_db [None req-4479f1a5-56a2-4973-9021-f154512f5333 729ddd21d1254f5a8a943228618d4e41 064b51971f7247dcbfb0ce4a620d4fb6 - - default default] Successfully bumped revision number for resource d491d463-a759-4616-bdc7-db3e16c4852a (type: ports) to 2
2026-06-02 08:08:06.392 8 INFO neutron.plugins.ml2.plugin [None req-e5a913b0-eff1-41fb-9eb5-84f567fb22f1 - - - - - -] Attempt 1 to provision port d491d463-a759-4616-bdc7-db3e16c4852a
2026-06-02 08:08:06.397 7 INFO neutron.plugins.ml2.plugin [None req-4479f1a5-56a2-4973-9021-f154512f5333 729ddd21d1254f5a8a943228618d4e41 064b51971f7247dcbfb0ce4a620d4fb6 - - default default] Attempt 1 to provision port d491d463-a759-4616-bdc7-db3e16c4852a
2026-06-02 08:08:06.521 8 INFO neutron.services.segments.plugin [-] Segment c05008fe-3582-4203-88a1-cfaa3f8a62f5 resource provider aggregate not found
2026-06-02 08:08:06.525 8 INFO neutron.services.segments.plugin [-] Segment c05008fe-3582-4203-88a1-cfaa3f8a62f5 resource provider aggregate not found
2026-06-02 08:08:06.545 8 INFO neutron.services.segments.plugin [-] Segment c05008fe-3582-4203-88a1-cfaa3f8a62f5 resource provider not found; error: Placement Client Error (4xx): {"errors": [{"status": 404, "title": "Not Found", "detail": "The resource could not be found.\n\n No resource provider with uuid c05008fe-3582-4203-88a1-cfaa3f8a62f5 found for delete ", "request_id": "req-2107abb3-43fd-45da-b4b7-6c446e94c775"}]}
2026-06-02 08:08:06.550 8 INFO neutron.services.segments.plugin [-] Segment c05008fe-3582-4203-88a1-cfaa3f8a62f5 resource provider not found; error: Placement Client Error (4xx): {"errors": [{"status": 404, "title": "Not Found", "detail": "The resource could not be found.\n\n No resource provider with uuid c05008fe-3582-4203-88a1-cfaa3f8a62f5 found for delete ", "request_id": "req-643a04ca-587e-4544-b942-b1e5b23cde5b"}]} [pid: 8|app: 0|req: 1147/2485] 10.0.0.233 () {32 vars in 726 bytes} [Tue Jun 2 08:08:05 2026] DELETE /v2.0/networks/d120046f-fbbd-4a1f-9dc1-9d2c66b39c3d => generated 0 bytes in 809 msecs (HTTP/1.1 204) 3 headers in 131 bytes (1 switches on core 0)
2026-06-02 08:08:06.960 8 INFO neutron.db.ovn_revision_numbers_db [None req-e5a913b0-eff1-41fb-9eb5-84f567fb22f1 - - - - - -] Successfully bumped revision number for resource d491d463-a759-4616-bdc7-db3e16c4852a (type: ports) to 3 [pid: 8|app: 0|req: 1148/2486] 10.0.0.233 () {34 vars in 666 bytes} [Tue Jun 2 08:08:06 2026] POST /v2.0/trunks => generated 409 bytes in 374 msecs (HTTP/1.1 201) 4 headers in 162 bytes (1 switches on core 0) /var/lib/openstack/lib/python3.12/site-packages/pycadf/identifier.py:70: UserWarning: Invalid uuid: neutron. To ensure interoperability, identifiers should be a valid uuid. warnings.warn(('Invalid uuid: %s. To ensure interoperability, '
2026-06-02 08:08:07.124 7 WARNING neutron.scheduler.dhcp_agent_scheduler [None req-4479f1a5-56a2-4973-9021-f154512f5333 729ddd21d1254f5a8a943228618d4e41 064b51971f7247dcbfb0ce4a620d4fb6 - - default default] No more DHCP agents
2026-06-02 08:08:07.125 7 WARNING neutron.api.rpc.agentnotifiers.dhcp_rpc_agent_api [None req-4479f1a5-56a2-4973-9021-f154512f5333 729ddd21d1254f5a8a943228618d4e41 064b51971f7247dcbfb0ce4a620d4fb6 - - default default] Unable to schedule network 1ae72a91-834d-4fa0-8e13-cb2a4f69c7e2: no agents available; will retry on subsequent port and subnet creation events.
2026-06-02 08:08:07.166 8 INFO neutron.db.segments_db [None req-aa9976bb-045a-4dfc-8af0-b7562fc86c8e cc65255465fc4c1699f77ac63e17af79 282ee610a8eb4b68b212ca54051db629 - - default default] Added segment f5078c21-263b-47bd-bf1b-5978118cc959 of type geneve for network cb65d5e6-13ac-4e66-a3c0-210c070090de
2026-06-02 08:08:07.287 8 INFO neutron.db.ovn_revision_numbers_db [None req-aa9976bb-045a-4dfc-8af0-b7562fc86c8e cc65255465fc4c1699f77ac63e17af79 282ee610a8eb4b68b212ca54051db629 - - default default] Successfully bumped revision number for resource cb65d5e6-13ac-4e66-a3c0-210c070090de (type: networks) to 1
2026-06-02 08:08:07.360 7 INFO neutron.db.ovn_revision_numbers_db [None req-4479f1a5-56a2-4973-9021-f154512f5333 729ddd21d1254f5a8a943228618d4e41 064b51971f7247dcbfb0ce4a620d4fb6 - - default default] Successfully bumped revision number for resource d491d463-a759-4616-bdc7-db3e16c4852a (type: router_ports) to 3 [pid: 7|app: 0|req: 1339/2489] 10.0.0.233 () {34 vars in 783 bytes} [Tue Jun 2 08:08:05 2026] PUT /v2.0/routers/85940980-1332-405b-8b59-750c1595c9f5/add_router_interface => generated 309 bytes in 1573 msecs (HTTP/1.1 200) 4 headers in 157 bytes (1 switches on core 0) /var/lib/openstack/lib/python3.12/site-packages/pycadf/identifier.py:70: UserWarning: Invalid uuid: neutron. To ensure interoperability, identifiers should be a valid uuid. warnings.warn(('Invalid uuid: %s. To ensure interoperability, '
2026-06-02 08:08:07.456 7 INFO neutron.db.segments_db [None req-004b426f-7daf-4280-b5c3-3c484d531a69 8519fd7e4506474fbe699865a6158939 b689c85b5b79466ab02d51e310c86f65 - - default default] Added segment 71765c0b-4ac7-4d77-b1e2-6fe6b2b70b1b of type geneve for network b370020e-7f35-4c30-8252-fbf1b06558b0
2026-06-02 08:08:07.571 8 WARNING neutron.scheduler.dhcp_agent_scheduler [None req-aa9976bb-045a-4dfc-8af0-b7562fc86c8e cc65255465fc4c1699f77ac63e17af79 282ee610a8eb4b68b212ca54051db629 - - default default] No more DHCP agents
2026-06-02 08:08:07.573 8 WARNING neutron.api.rpc.agentnotifiers.dhcp_rpc_agent_api [None req-aa9976bb-045a-4dfc-8af0-b7562fc86c8e cc65255465fc4c1699f77ac63e17af79 282ee610a8eb4b68b212ca54051db629 - - default default] Unable to schedule network cb65d5e6-13ac-4e66-a3c0-210c070090de: no agents available; will retry on subsequent port and subnet creation events.
2026-06-02 08:08:07.581 7 INFO neutron.db.ovn_revision_numbers_db [None req-004b426f-7daf-4280-b5c3-3c484d531a69 8519fd7e4506474fbe699865a6158939 b689c85b5b79466ab02d51e310c86f65 - - default default] Successfully bumped revision number for resource b370020e-7f35-4c30-8252-fbf1b06558b0 (type: networks) to 1
2026-06-02 08:08:07.690 8 INFO neutron.db.ovn_revision_numbers_db [None req-aa9976bb-045a-4dfc-8af0-b7562fc86c8e cc65255465fc4c1699f77ac63e17af79 282ee610a8eb4b68b212ca54051db629 - - default default] Successfully bumped revision number for resource 9fac6d5d-a214-45f3-b788-50fc2b799f58 (type: ports) to 1 [pid: 8|app: 0|req: 1151/2490] 10.0.0.233 () {34 vars in 670 bytes} [Tue Jun 2 08:08:07 2026] POST /v2.0/networks => generated 728 bytes in 687 msecs (HTTP/1.1 201) 4 headers in 162 bytes (1 switches on core 0) [pid: 8|app: 0|req: 1152/2491] 10.0.0.233 () {32 vars in 717 bytes} [Tue Jun 2 08:08:07 2026] GET /v2.0/ports/d491d463-a759-4616-bdc7-db3e16c4852a => generated 1013 bytes in 79 msecs (HTTP/1.1 200) 4 headers in 158 bytes (1 switches on core 0)
2026-06-02 08:08:07.811 7 WARNING neutron.scheduler.dhcp_agent_scheduler [None req-004b426f-7daf-4280-b5c3-3c484d531a69 8519fd7e4506474fbe699865a6158939 b689c85b5b79466ab02d51e310c86f65 - - default default] No more DHCP agents
2026-06-02 08:08:07.812 7 WARNING neutron.api.rpc.agentnotifiers.dhcp_rpc_agent_api [None req-004b426f-7daf-4280-b5c3-3c484d531a69 8519fd7e4506474fbe699865a6158939 b689c85b5b79466ab02d51e310c86f65 - - default default] Unable to schedule network b370020e-7f35-4c30-8252-fbf1b06558b0: no agents available; will retry on subsequent port and subnet creation events. [pid: 8|app: 0|req: 1153/2492] 10.0.0.170 () {30 vars in 690 bytes} [Tue Jun 2 08:08:07 2026] GET /v2.0/extensions/security-group => generated 170 bytes in 75 msecs (HTTP/1.1 200) 4 headers in 157 bytes (1 switches on core 0)
2026-06-02 08:08:07.922 7 INFO neutron.db.ovn_revision_numbers_db [None req-004b426f-7daf-4280-b5c3-3c484d531a69 8519fd7e4506474fbe699865a6158939 b689c85b5b79466ab02d51e310c86f65 - - default default] Successfully bumped revision number for resource 24ec6e7a-03bd-48a9-a085-aa442f7393fc (type: ports) to 1 [pid: 7|app: 0|req: 1340/2493] 10.0.0.233 () {34 vars in 670 bytes} [Tue Jun 2 08:08:07 2026] POST /v2.0/networks => generated 631 bytes in 575 msecs (HTTP/1.1 201) 4 headers in 162 bytes (1 switches on core 0)
2026-06-02 08:08:08.027 8 WARNING neutron.scheduler.dhcp_agent_scheduler [None req-fee7b913-d73f-4501-92c7-0ef20cb537ee cc65255465fc4c1699f77ac63e17af79 282ee610a8eb4b68b212ca54051db629 - - default default] No more DHCP agents
2026-06-02 08:08:08.028 8 WARNING neutron.api.rpc.agentnotifiers.dhcp_rpc_agent_api [None req-fee7b913-d73f-4501-92c7-0ef20cb537ee cc65255465fc4c1699f77ac63e17af79 282ee610a8eb4b68b212ca54051db629 - - default default] Unable to schedule network cb65d5e6-13ac-4e66-a3c0-210c070090de: no agents available; will retry on subsequent port and subnet creation events.
2026-06-02 08:08:08.203 7 INFO neutron_taas.services.taas.taas_plugin [None req-ba84c663-1dff-47a3-a6db-993b1e9497bc 729ddd21d1254f5a8a943228618d4e41 064b51971f7247dcbfb0ce4a620d4fb6 - - default default] TaaS: Handle Delete Port: d491d463-a759-4616-bdc7-db3e16c4852a
2026-06-02 08:08:08.207 7 INFO neutron_taas.services.taas.tap_mirror_plugin [None req-ba84c663-1dff-47a3-a6db-993b1e9497bc 729ddd21d1254f5a8a943228618d4e41 064b51971f7247dcbfb0ce4a620d4fb6 - - default default] Tap Mirror: Handle Delete Port: d491d463-a759-4616-bdc7-db3e16c4852a
2026-06-02 08:08:08.536 8 INFO neutron.db.ovn_revision_numbers_db [None req-3f40a7c5-8a9a-46ff-8cd2-9d984e550e50 - - - - - -] Successfully bumped revision number for resource 9fac6d5d-a214-45f3-b788-50fc2b799f58 (type: ports) to 2
2026-06-02 08:08:08.567 8 INFO neutron.db.ovn_revision_numbers_db [None req-3f40a7c5-8a9a-46ff-8cd2-9d984e550e50 - - - - - -] Successfully bumped revision number for resource 5b685899-1fdc-4086-a35c-17077d5f18ef (type: subnets) to 0 [pid: 8|app: 0|req: 1154/2494] 10.0.0.233 () {34 vars in 669 bytes} [Tue Jun 2 08:08:07 2026] POST /v2.0/subnets => generated 647 bytes in 714 msecs (HTTP/1.1 201) 4 headers in 162 bytes (1 switches on core 0) [pid: 8|app: 0|req: 1155/2495] 10.0.0.170 () {30 vars in 692 bytes} [Tue Jun 2 08:08:08 2026] GET /v2.0/extensions/dns-integration => generated 172 bytes in 9 msecs (HTTP/1.1 200) 4 headers in 157 bytes (1 switches on core 0) [pid: 7|app: 0|req: 1341/2496] 10.0.0.233 () {34 vars in 789 bytes} [Tue Jun 2 08:08:07 2026] PUT /v2.0/routers/85940980-1332-405b-8b59-750c1595c9f5/remove_router_interface => generated 309 bytes in 673 msecs (HTTP/1.1 200) 4 headers in 157 bytes (1 switches on core 0) /var/lib/openstack/lib/python3.12/site-packages/pycadf/identifier.py:70: UserWarning: Invalid uuid: neutron. To ensure interoperability, identifiers should be a valid uuid. warnings.warn(('Invalid uuid: %s. To ensure interoperability, '
2026-06-02 08:08:08.819 8 WARNING neutron.scheduler.dhcp_agent_scheduler [None req-178168da-4a34-4ea3-b003-a03f0eb91a74 8519fd7e4506474fbe699865a6158939 b689c85b5b79466ab02d51e310c86f65 - - default default] No more DHCP agents
2026-06-02 08:08:08.821 8 WARNING neutron.api.rpc.agentnotifiers.dhcp_rpc_agent_api [None req-178168da-4a34-4ea3-b003-a03f0eb91a74 8519fd7e4506474fbe699865a6158939 b689c85b5b79466ab02d51e310c86f65 - - default default] Unable to schedule network b370020e-7f35-4c30-8252-fbf1b06558b0: no agents available; will retry on subsequent port and subnet creation events. [pid: 7|app: 0|req: 1342/2497] 10.0.0.233 () {34 vars in 681 bytes} [Tue Jun 2 08:08:08 2026] POST /v2.0/rbac-policies => generated 324 bytes in 213 msecs (HTTP/1.1 201) 4 headers in 162 bytes (1 switches on core 0) [pid: 7|app: 0|req: 1343/2498] 10.0.0.170 () {30 vars in 668 bytes} [Tue Jun 2 08:08:08 2026] GET /v2.0/extensions/qos => generated 166 bytes in 5 msecs (HTTP/1.1 200) 4 headers in 157 bytes (1 switches on core 0)
2026-06-02 08:08:08.955 7 INFO neutron.api.v2.resource [None req-0a02e8d2-c9b7-4391-b0da-dcf326aaafb4 729ddd21d1254f5a8a943228618d4e41 064b51971f7247dcbfb0ce4a620d4fb6 - - default default] remove_router_interface failed (client error): The resource could not be found. [pid: 7|app: 0|req: 1344/2499] 10.0.0.233 () {34 vars in 789 bytes} [Tue Jun 2 08:08:08 2026] PUT /v2.0/routers/85940980-1332-405b-8b59-750c1595c9f5/remove_router_interface => generated 197 bytes in 122 msecs (HTTP/1.1 404) 4 headers in 164 bytes (1 switches on core 0)
2026-06-02 08:08:08.960 8 INFO neutron.db.ovn_revision_numbers_db [None req-178168da-4a34-4ea3-b003-a03f0eb91a74 8519fd7e4506474fbe699865a6158939 b689c85b5b79466ab02d51e310c86f65 - - default default] Successfully bumped revision number for resource 84231f28-a238-447b-9fff-896cdd63d587 (type: ports) to 1 [pid: 7|app: 0|req: 1345/2500] 10.0.0.170 () {30 vars in 704 bytes} [Tue Jun 2 08:08:08 2026] GET /v2.0/extensions/allowed-address-pairs => generated 184 bytes in 4 msecs (HTTP/1.1 200) 4 headers in 157 bytes (1 switches on core 0) [pid: 7|app: 0|req: 1346/2501] 10.0.0.233 () {32 vars in 736 bytes} [Tue Jun 2 08:08:08 2026] GET /v2.0/ports?device_id=85940980-1332-405b-8b59-750c1595c9f5 => generated 12 bytes in 15 msecs (HTTP/1.1 200) 4 headers in 156 bytes (1 switches on core 0) [pid: 8|app: 0|req: 1156/2502] 10.0.0.233 () {34 vars in 664 bytes} [Tue Jun 2 08:08:08 2026] POST /v2.0/ports => generated 743 bytes in 445 msecs (HTTP/1.1 201) 4 headers in 162 bytes (1 switches on core 0) /var/lib/openstack/lib/python3.12/site-packages/pycadf/identifier.py:70: UserWarning: Invalid uuid: neutron. To ensure interoperability, identifiers should be a valid uuid. warnings.warn(('Invalid uuid: %s. To ensure interoperability, ' [pid: 7|app: 0|req: 1347/2503] 10.0.0.233 () {32 vars in 724 bytes} [Tue Jun 2 08:08:08 2026] DELETE /v2.0/routers/85940980-1332-405b-8b59-750c1595c9f5 => generated 0 bytes in 236 msecs (HTTP/1.1 204) 2 headers in 112 bytes (1 switches on core 0) [pid: 8|app: 0|req: 1157/2504] 10.0.0.233 () {34 vars in 666 bytes} [Tue Jun 2 08:08:09 2026] POST /v2.0/trunks => generated 409 bytes in 189 msecs (HTTP/1.1 201) 4 headers in 162 bytes (1 switches on core 0)
2026-06-02 08:08:09.327 8 INFO neutron.db.segments_db [None req-d616e4e1-640f-4867-a19c-e28cd0566600 8519fd7e4506474fbe699865a6158939 b689c85b5b79466ab02d51e310c86f65 - - default default] Added segment 0d3b1095-6f99-4592-b320-1794186f6e0f of type geneve for network e71f25ba-b062-470b-b26e-dd6b5b4b6bf0 [pid: 7|app: 0|req: 1348/2505] 10.0.0.233 () {32 vars in 724 bytes} [Tue Jun 2 08:08:09 2026] DELETE /v2.0/subnets/581def8f-3dbc-45e5-ade6-7a250e4e7761 => generated 0 bytes in 211 msecs (HTTP/1.1 204) 3 headers in 131 bytes (1 switches on core 0)
