+ COMMAND=start + start + for KEYSTONE_WSGI_SCRIPT in keystone-wsgi-public ++ type -p keystone-wsgi-public + cp -a /var/lib/openstack/bin/keystone-wsgi-public /var/www/cgi-bin/keystone/ + '[' -f /etc/apache2/envvars ']' + source /etc/apache2/envvars ++ unset HOME ++ '[' '' '!=' '' ']' ++ SUFFIX= ++ export APACHE_RUN_USER=www-data ++ APACHE_RUN_USER=www-data ++ export APACHE_RUN_GROUP=www-data ++ APACHE_RUN_GROUP=www-data ++ export APACHE_PID_FILE=/var/run/apache2/apache2.pid ++ APACHE_PID_FILE=/var/run/apache2/apache2.pid ++ export APACHE_RUN_DIR=/var/run/apache2 ++ APACHE_RUN_DIR=/var/run/apache2 ++ export APACHE_LOCK_DIR=/var/lock/apache2 ++ APACHE_LOCK_DIR=/var/lock/apache2 ++ export APACHE_LOG_DIR=/var/log/apache2 ++ APACHE_LOG_DIR=/var/log/apache2 ++ export LANG=C ++ LANG=C ++ export LANG + '[' -f /var/run/apache2/apache2.pid ']' + exec apache2 -DFOREGROUND AH00558: apache2: Could not reliably determine the server's fully qualified domain name, using 10.0.0.34. Set the 'ServerName' directive globally to suppress this message AH00558: apache2: Could not reliably determine the server's fully qualified domain name, using 10.0.0.34. Set the 'ServerName' directive globally to suppress this message
[Mon Jun 01 03:44:27.756891 2026] [mpm_event:notice] [pid 1:tid 139968589825920] AH00489: Apache/2.4.58 (Ubuntu) mod_wsgi/5.0.0 Python/3.12 configured -- resuming normal operations
[Mon Jun 01 03:44:27.757028 2026] [core:notice] [pid 1:tid 139968589825920] AH00094: Command line: 'apache2 -D FOREGROUND'
[Mon Jun 01 03:45:30.717102 2026] [wsgi:error] [pid 12:tid 139967953053376] /var/lib/openstack/lib/python3.12/site-packages/oslo_utils/importutils.py:77: EventletDeprecationWarning:
[Mon Jun 01 03:45:30.717145 2026] [wsgi:error] [pid 12:tid 139967953053376] Eventlet is deprecated. It is currently being maintained in bugfix mode, and
[Mon Jun 01 03:45:30.717147 2026] [wsgi:error] [pid 12:tid 139967953053376] we strongly recommend against using it for new projects.
[Mon Jun 01 03:45:30.717148 2026] [wsgi:error] [pid 12:tid 139967953053376]
[Mon Jun 01 03:45:30.717149 2026] [wsgi:error] [pid 12:tid 139967953053376] If you are already using Eventlet, we recommend migrating to a different
[Mon Jun 01 03:45:30.717150 2026] [wsgi:error] [pid 12:tid 139967953053376] framework. For more detail see
[Mon Jun 01 03:45:30.717151 2026] [wsgi:error] [pid 12:tid 139967953053376] https://eventlet.readthedocs.io/en/latest/asyncio/migration.html
[Mon Jun 01 03:45:30.717152 2026] [wsgi:error] [pid 12:tid 139967953053376]
[Mon Jun 01 03:45:30.717153 2026] [wsgi:error] [pid 12:tid 139967953053376] __import__(import_str)
[Mon Jun 01 03:45:30.727547 2026] [wsgi:error] [pid 11:tid 139967953053376] /var/lib/openstack/lib/python3.12/site-packages/oslo_utils/importutils.py:77: EventletDeprecationWarning:
[Mon Jun 01 03:45:30.727586 2026] [wsgi:error] [pid 11:tid 139967953053376] Eventlet is deprecated. It is currently being maintained in bugfix mode, and
[Mon Jun 01 03:45:30.727588 2026] [wsgi:error] [pid 11:tid 139967953053376] we strongly recommend against using it for new projects.
[Mon Jun 01 03:45:30.727589 2026] [wsgi:error] [pid 11:tid 139967953053376]
[Mon Jun 01 03:45:30.727590 2026] [wsgi:error] [pid 11:tid 139967953053376] If you are already using Eventlet, we recommend migrating to a different
[Mon Jun 01 03:45:30.727592 2026] [wsgi:error] [pid 11:tid 139967953053376] framework. For more detail see
[Mon Jun 01 03:45:30.727593 2026] [wsgi:error] [pid 11:tid 139967953053376] https://eventlet.readthedocs.io/en/latest/asyncio/migration.html
[Mon Jun 01 03:45:30.727594 2026] [wsgi:error] [pid 11:tid 139967953053376]
[Mon Jun 01 03:45:30.727595 2026] [wsgi:error] [pid 11:tid 139967953053376] __import__(import_str) 10.0.0.206 - - [01/Jun/2026:03:45:29 +0000] "GET /v3/ HTTP/1.1" 200 249 10.0.0.206 - - [01/Jun/2026:03:45:29 +0000] "GET /v3/ HTTP/1.1" 200 249
[Mon Jun 01 03:45:42.667370 2026] [wsgi:error] [pid 9:tid 139967953053376] /var/lib/openstack/lib/python3.12/site-packages/oslo_utils/importutils.py:77: EventletDeprecationWarning:
[Mon Jun 01 03:45:42.667410 2026] [wsgi:error] [pid 9:tid 139967953053376] Eventlet is deprecated. It is currently being maintained in bugfix mode, and
[Mon Jun 01 03:45:42.667412 2026] [wsgi:error] [pid 9:tid 139967953053376] we strongly recommend against using it for new projects.
[Mon Jun 01 03:45:42.667413 2026] [wsgi:error] [pid 9:tid 139967953053376]
[Mon Jun 01 03:45:42.667414 2026] [wsgi:error] [pid 9:tid 139967953053376] If you are already using Eventlet, we recommend migrating to a different
[Mon Jun 01 03:45:42.667415 2026] [wsgi:error] [pid 9:tid 139967953053376] framework. For more detail see
[Mon Jun 01 03:45:42.667417 2026] [wsgi:error] [pid 9:tid 139967953053376] https://eventlet.readthedocs.io/en/latest/asyncio/migration.html
[Mon Jun 01 03:45:42.667418 2026] [wsgi:error] [pid 9:tid 139967953053376]
[Mon Jun 01 03:45:42.667419 2026] [wsgi:error] [pid 9:tid 139967953053376] __import__(import_str) 10.0.0.84 - - [01/Jun/2026:03:45:41 +0000] "GET / HTTP/1.1" 300 295
[Mon Jun 01 03:45:48.428672 2026] [wsgi:error] [pid 10:tid 139967953053376] /var/lib/openstack/lib/python3.12/site-packages/oslo_utils/importutils.py:77: EventletDeprecationWarning:
[Mon Jun 01 03:45:48.428709 2026] [wsgi:error] [pid 10:tid 139967953053376] Eventlet is deprecated. It is currently being maintained in bugfix mode, and
[Mon Jun 01 03:45:48.428711 2026] [wsgi:error] [pid 10:tid 139967953053376] we strongly recommend against using it for new projects.
[Mon Jun 01 03:45:48.428712 2026] [wsgi:error] [pid 10:tid 139967953053376]
[Mon Jun 01 03:45:48.428713 2026] [wsgi:error] [pid 10:tid 139967953053376] If you are already using Eventlet, we recommend migrating to a different
[Mon Jun 01 03:45:48.428714 2026] [wsgi:error] [pid 10:tid 139967953053376] framework. For more detail see
[Mon Jun 01 03:45:48.428715 2026] [wsgi:error] [pid 10:tid 139967953053376] https://eventlet.readthedocs.io/en/latest/asyncio/migration.html
[Mon Jun 01 03:45:48.428716 2026] [wsgi:error] [pid 10:tid 139967953053376]
[Mon Jun 01 03:45:48.428717 2026] [wsgi:error] [pid 10:tid 139967953053376] __import__(import_str)
[Mon Jun 01 03:45:53.462623 2026] [wsgi:error] [pid 10:tid 139967953053376] [remote 10.0.0.84:38050] 2026-06-01 03:45:53.454 10 WARNING keystone.identity.core [None req-c17afeb0-bd16-4c02-8654-cbd6a873ea07 - - - - - -] Invalid domain name (atmosphere) found in config file name: keystone.exception.DomainNotFound: Could not find domain: atmosphere.
[Mon Jun 01 03:45:53.522175 2026] [wsgi:error] [pid 10:tid 139967953053376] [remote 10.0.0.84:38050] 2026-06-01 03:45:53.521 10 WARNING keystone.common.password_hashing [None req-c17afeb0-bd16-4c02-8654-cbd6a873ea07 - - - - - -] Truncating password to algorithm specific maximum length 72 characters.
[Mon Jun 01 03:45:53.815062 2026] [wsgi:error] [pid 10:tid 139967953053376] [remote 10.0.0.84:38050] 2026-06-01 03:45:53.814 10 WARNING keystone.common.fernet_utils [None req-c17afeb0-bd16-4c02-8654-cbd6a873ea07 - - - - - -] key_repository is world readable: /etc/keystone/fernet-keys/ 10.0.0.84 - - [01/Jun/2026:03:45:47 +0000] "POST /v3/auth/tokens HTTP/1.1" 201 1358
[Mon Jun 01 03:45:54.171443 2026] [wsgi:error] [pid 11:tid 139967953053376] [remote 10.0.0.84:38050] 2026-06-01 03:45:54.168 11 WARNING keystone.identity.core [None req-4d7a4f6d-b1b3-4fef-9f2d-0f9e7f64e958 - - - - - -] Invalid domain name (atmosphere) found in config file name: keystone.exception.DomainNotFound: Could not find domain: atmosphere. 10.0.0.84 - - [01/Jun/2026:03:45:54 +0000] "POST /v3/domains HTTP/1.1" 201 261 10.0.0.247 - - [01/Jun/2026:03:46:04 +0000] "GET / HTTP/1.1" 300 295
[Mon Jun 01 03:46:05.230941 2026] [wsgi:error] [pid 9:tid 139967953053376] [remote 10.0.0.247:35824] 2026-06-01 03:46:05.230 9 WARNING keystone.common.password_hashing [None req-223dfc56-bd57-4a38-beff-373d16fd222f - - - - - -] Truncating password to algorithm specific maximum length 72 characters.
[Mon Jun 01 03:46:05.500881 2026] [wsgi:error] [pid 9:tid 139967953053376] [remote 10.0.0.247:35824] 2026-06-01 03:46:05.500 9 WARNING keystone.common.fernet_utils [None req-223dfc56-bd57-4a38-beff-373d16fd222f - - - - - -] key_repository is world readable: /etc/keystone/fernet-keys/ 10.0.0.247 - - [01/Jun/2026:03:46:04 +0000] "POST /v3/auth/tokens HTTP/1.1" 201 1358 10.0.0.247 - - [01/Jun/2026:03:46:05 +0000] "GET /v3/roles/admin HTTP/1.1" 404 83
[Mon Jun 01 03:46:05.767217 2026] [wsgi:error] [pid 11:tid 139967953053376] [remote 10.0.0.247:35824] 2026-06-01 03:46:05.766 11 WARNING keystone.common.rbac_enforcer.enforcer [None req-6ee234ff-f3f4-4a62-a9f9-603c1d9f8e57 e0058b02d4aa4572bb276fdeb6f5ad96 9718c48903424d059200088d039b941a - - default default] Deprecated policy rules found. Use oslopolicy-policy-generator and oslopolicy-policy-upgrade to detect and resolve deprecated policies in your configuration. 10.0.0.247 - - [01/Jun/2026:03:46:05 +0000] "GET /v3/roles?name=admin HTTP/1.1" 200 389
[Mon Jun 01 03:46:06.293537 2026] [wsgi:error] [pid 12:tid 139967953053376] [remote 10.0.0.247:35824] 2026-06-01 03:46:06.293 12 WARNING keystone.common.rbac_enforcer.enforcer [None req-58e9cd4d-8156-4b56-a934-bc1e62be3dd5 e0058b02d4aa4572bb276fdeb6f5ad96 9718c48903424d059200088d039b941a - - default default] Deprecated policy rules found. Use oslopolicy-policy-generator and oslopolicy-policy-upgrade to detect and resolve deprecated policies in your configuration. 10.0.0.247 - - [01/Jun/2026:03:46:05 +0000] "GET /v3/users/admin-RegionOne HTTP/1.1" 404 93
[Mon Jun 01 03:46:06.437670 2026] [wsgi:error] [pid 9:tid 139967953053376] [remote 10.0.0.247:35824] 2026-06-01 03:46:06.437 9 WARNING keystone.common.rbac_enforcer.enforcer [None req-78d463ec-4ee8-4074-8b2a-41686b4eca05 e0058b02d4aa4572bb276fdeb6f5ad96 9718c48903424d059200088d039b941a - - default default] Deprecated policy rules found. Use oslopolicy-policy-generator and oslopolicy-policy-upgrade to detect and resolve deprecated policies in your configuration. 10.0.0.247 - - [01/Jun/2026:03:46:06 +0000] "GET /v3/users?name=admin-RegionOne HTTP/1.1" 200 422
[Mon Jun 01 03:46:06.615596 2026] [wsgi:error] [pid 10:tid 139967953053376] [remote 10.0.0.247:35824] 2026-06-01 03:46:06.615 10 WARNING keystone.common.rbac_enforcer.enforcer [None req-aed484f5-0280-4a49-b5ea-5bf48b630de2 e0058b02d4aa4572bb276fdeb6f5ad96 9718c48903424d059200088d039b941a - - default default] Deprecated policy rules found. Use oslopolicy-policy-generator and oslopolicy-policy-upgrade to detect and resolve deprecated policies in your configuration. 10.0.0.247 - - [01/Jun/2026:03:46:06 +0000] "GET /v3/domains/default HTTP/1.1" 200 224 10.0.0.247 - - [01/Jun/2026:03:46:06 +0000] "PUT /v3/domains/default/users/e0058b02d4aa4572bb276fdeb6f5ad96/roles/82837ab7bdf24bdfb2f6c59a9f38f075 HTTP/1.1" 204 - 10.0.0.206 - - [01/Jun/2026:03:46:16 +0000] "GET / HTTP/1.1" 300 279 10.0.0.206 - - [01/Jun/2026:03:46:17 +0000] "GET /v3 HTTP/1.1" 200 264
[Mon Jun 01 03:46:17.932342 2026] [wsgi:error] [pid 10:tid 139967953053376] [remote 10.0.0.206:49866] 2026-06-01 03:46:17.932 10 WARNING keystone.common.password_hashing [None req-1885f843-9696-4d71-83f5-e8d06612b5bd - - - - - -] Truncating password to algorithm specific maximum length 72 characters.
[Mon Jun 01 03:46:18.214175 2026] [wsgi:error] [pid 10:tid 139967953053376] [remote 10.0.0.206:49866] 2026-06-01 03:46:18.214 10 WARNING keystone.common.fernet_utils [None req-1885f843-9696-4d71-83f5-e8d06612b5bd - - - - - -] key_repository is world readable: /etc/keystone/fernet-keys/ 10.0.0.206 - - [01/Jun/2026:03:46:17 +0000] "POST /v3/auth/tokens HTTP/1.1" 201 1358 10.0.0.206 - - [01/Jun/2026:03:46:18 +0000] "GET / HTTP/1.1" 300 279 10.0.0.206 - - [01/Jun/2026:03:46:18 +0000] "GET /v3/domains/atmosphere HTTP/1.1" 404 90 10.0.0.206 - - [01/Jun/2026:03:46:18 +0000] "GET /v3/domains?name=atmosphere HTTP/1.1" 200 366 10.0.0.206 - - [01/Jun/2026:03:46:18 +0000] "GET /v3/domains/590fee80e0e34cae8702d0b3f9e5c29f HTTP/1.1" 200 245 10.0.0.206 - - [01/Jun/2026:03:46:19 +0000] "GET /v3 HTTP/1.1" 200 264
[Mon Jun 01 03:46:19.284446 2026] [wsgi:error] [pid 12:tid 139967953053376] [remote 10.0.0.206:55330] 2026-06-01 03:46:19.284 12 WARNING keystone.common.password_hashing [None req-450b7211-7f4f-4b4a-a0bb-361c1671e034 - - - - - -] Truncating password to algorithm specific maximum length 72 characters.
[Mon Jun 01 03:46:19.577716 2026] [wsgi:error] [pid 12:tid 139967953053376] [remote 10.0.0.206:55330] 2026-06-01 03:46:19.577 12 WARNING keystone.common.fernet_utils [None req-450b7211-7f4f-4b4a-a0bb-361c1671e034 - - - - - -] key_repository is world readable: /etc/keystone/fernet-keys/ 10.0.0.206 - - [01/Jun/2026:03:46:19 +0000] "POST /v3/auth/tokens HTTP/1.1" 201 1358 10.0.0.206 - - [01/Jun/2026:03:46:19 +0000] "GET / HTTP/1.1" 300 279 10.0.0.206 - - [01/Jun/2026:03:46:19 +0000] "GET /v3/OS-FEDERATION/identity_providers/atmosphere HTTP/1.1" 404 101 10.0.0.206 - - [01/Jun/2026:03:46:19 +0000] "GET /v3/OS-FEDERATION/identity_providers HTTP/1.1" 200 154 10.0.0.206 - - [01/Jun/2026:03:46:19 +0000] "PUT /v3/OS-FEDERATION/identity_providers/atmosphere HTTP/1.1" 201 338 10.0.0.206 - - [01/Jun/2026:03:46:20 +0000] "GET /v3 HTTP/1.1" 200 264
[Mon Jun 01 03:46:20.530577 2026] [wsgi:error] [pid 10:tid 139967953053376] [remote 10.0.0.206:55330] 2026-06-01 03:46:20.530 10 WARNING keystone.common.password_hashing [None req-6497a71f-4e8e-4015-8bf7-0dca7c9a5684 - - - - - -] Truncating password to algorithm specific maximum length 72 characters.
[Mon Jun 01 03:46:20.808780 2026] [wsgi:error] [pid 10:tid 139967953053376] [remote 10.0.0.206:55330] 2026-06-01 03:46:20.808 10 WARNING keystone.common.fernet_utils [None req-6497a71f-4e8e-4015-8bf7-0dca7c9a5684 - - - - - -] key_repository is world readable: /etc/keystone/fernet-keys/ 10.0.0.206 - - [01/Jun/2026:03:46:20 +0000] "POST /v3/auth/tokens HTTP/1.1" 201 1358 10.0.0.206 - - [01/Jun/2026:03:46:20 +0000] "GET / HTTP/1.1" 300 279 10.0.0.206 - - [01/Jun/2026:03:46:20 +0000] "GET /v3/OS-FEDERATION/mappings/atmosphere-openid HTTP/1.1" 404 98 10.0.0.206 - - [01/Jun/2026:03:46:20 +0000] "GET /v3/OS-FEDERATION/mappings HTTP/1.1" 200 134 10.0.0.206 - - [01/Jun/2026:03:46:20 +0000] "PUT /v3/OS-FEDERATION/mappings/atmosphere-openid HTTP/1.1" 201 355 10.0.0.206 - - [01/Jun/2026:03:46:21 +0000] "GET /v3 HTTP/1.1" 200 264
[Mon Jun 01 03:46:21.621991 2026] [wsgi:error] [pid 12:tid 139967953053376] [remote 10.0.0.206:55330] 2026-06-01 03:46:21.621 12 WARNING keystone.common.password_hashing [None req-f97c0ddc-c87e-4039-94ae-bec6f408f89e - - - - - -] Truncating password to algorithm specific maximum length 72 characters.
[Mon Jun 01 03:46:21.892517 2026] [wsgi:error] [pid 12:tid 139967953053376] [remote 10.0.0.206:55330] 2026-06-01 03:46:21.892 12 WARNING keystone.common.fernet_utils [None req-f97c0ddc-c87e-4039-94ae-bec6f408f89e - - - - - -] key_repository is world readable: /etc/keystone/fernet-keys/ 10.0.0.206 - - [01/Jun/2026:03:46:21 +0000] "POST /v3/auth/tokens HTTP/1.1" 201 1358 10.0.0.206 - - [01/Jun/2026:03:46:21 +0000] "GET / HTTP/1.1" 300 279 10.0.0.206 - - [01/Jun/2026:03:46:21 +0000] "GET /v3/OS-FEDERATION/identity_providers/atmosphere/protocols/openid?idp_id=atmosphere HTTP/1.1" 404 131 10.0.0.206 - - [01/Jun/2026:03:46:21 +0000] "GET /v3/OS-FEDERATION/identity_providers/atmosphere/protocols HTTP/1.1" 200 166 10.0.0.206 - - [01/Jun/2026:03:46:21 +0000] "PUT /v3/OS-FEDERATION/identity_providers/atmosphere/protocols/openid HTTP/1.1" 201 220 10.0.0.206 - - [01/Jun/2026:03:46:29 +0000] "GET /v3/ HTTP/1.1" 200 249 10.0.0.206 - - [01/Jun/2026:03:46:29 +0000] "GET /v3/ HTTP/1.1" 200 249 10.0.0.206 - - [01/Jun/2026:03:47:29 +0000] "GET /v3/ HTTP/1.1" 200 249 10.0.0.206 - - [01/Jun/2026:03:47:29 +0000] "GET /v3/ HTTP/1.1" 200 249 10.0.0.236 - - [01/Jun/2026:03:47:43 +0000] "GET / HTTP/1.1" 300 295
[Mon Jun 01 03:47:43.752180 2026] [wsgi:error] [pid 10:tid 139967953053376] [remote 10.0.0.236:58360] 2026-06-01 03:47:43.751 10 WARNING keystone.common.password_hashing [None req-12085bba-7044-4c17-83a2-0d1e1140c5db - - - - - -] Truncating password to algorithm specific maximum length 72 characters.
[Mon Jun 01 03:47:44.032016 2026] [wsgi:error] [pid 10:tid 139967953053376] [remote 10.0.0.236:58360] 2026-06-01 03:47:44.031 10 WARNING keystone.common.fernet_utils [None req-12085bba-7044-4c17-83a2-0d1e1140c5db - - - - - -] key_repository is world readable: /etc/keystone/fernet-keys/ 10.0.0.236 - - [01/Jun/2026:03:47:43 +0000] "POST /v3/auth/tokens HTTP/1.1" 201 1358 10.0.0.236 - - [01/Jun/2026:03:47:44 +0000] "GET /v3/services HTTP/1.1" 200 355 10.0.0.236 - - [01/Jun/2026:03:47:47 +0000] "GET / HTTP/1.1" 300 295
[Mon Jun 01 03:47:47.613455 2026] [wsgi:error] [pid 9:tid 139967953053376] [remote 10.0.0.236:58368] 2026-06-01 03:47:47.613 9 WARNING keystone.common.password_hashing [None req-04a6790a-56e5-40dc-a64e-f3ff5fbab9e4 - - - - - -] Truncating password to algorithm specific maximum length 72 characters.
[Mon Jun 01 03:47:47.910289 2026] [wsgi:error] [pid 9:tid 139967953053376] [remote 10.0.0.236:58368] 2026-06-01 03:47:47.910 9 WARNING keystone.common.fernet_utils [None req-04a6790a-56e5-40dc-a64e-f3ff5fbab9e4 - - - - - -] key_repository is world readable: /etc/keystone/fernet-keys/ 10.0.0.236 - - [01/Jun/2026:03:47:47 +0000] "POST /v3/auth/tokens HTTP/1.1" 201 1358 10.0.0.236 - - [01/Jun/2026:03:47:48 +0000] "GET /v3/services HTTP/1.1" 200 355 10.0.0.236 - - [01/Jun/2026:03:47:51 +0000] "GET / HTTP/1.1" 300 295
[Mon Jun 01 03:47:51.316429 2026] [wsgi:error] [pid 12:tid 139967953053376] [remote 10.0.0.236:46476] 2026-06-01 03:47:51.316 12 WARNING keystone.common.password_hashing [None req-a1cfe8f7-8719-40e2-8fd6-4f267afcea82 - - - - - -] Truncating password to algorithm specific maximum length 72 characters.
[Mon Jun 01 03:47:51.590666 2026] [wsgi:error] [pid 12:tid 139967953053376] [remote 10.0.0.236:46476] 2026-06-01 03:47:51.590 12 WARNING keystone.common.fernet_utils [None req-a1cfe8f7-8719-40e2-8fd6-4f267afcea82 - - - - - -] key_repository is world readable: /etc/keystone/fernet-keys/ 10.0.0.236 - - [01/Jun/2026:03:47:51 +0000] "POST /v3/auth/tokens HTTP/1.1" 201 1358 10.0.0.236 - - [01/Jun/2026:03:47:51 +0000] "GET /v3/services HTTP/1.1" 200 355 10.0.0.236 - - [01/Jun/2026:03:47:55 +0000] "GET / HTTP/1.1" 300 295
[Mon Jun 01 03:47:55.346737 2026] [wsgi:error] [pid 11:tid 139967953053376] [remote 10.0.0.236:46486] 2026-06-01 03:47:55.346 11 WARNING keystone.common.password_hashing [None req-28752ca1-9180-448d-93ac-22e367805533 - - - - - -] Truncating password to algorithm specific maximum length 72 characters.
[Mon Jun 01 03:47:55.628213 2026] [wsgi:error] [pid 11:tid 139967953053376] [remote 10.0.0.236:46486] 2026-06-01 03:47:55.628 11 WARNING keystone.common.fernet_utils [None req-28752ca1-9180-448d-93ac-22e367805533 - - - - - -] key_repository is world readable: /etc/keystone/fernet-keys/ 10.0.0.236 - - [01/Jun/2026:03:47:55 +0000] "POST /v3/auth/tokens HTTP/1.1" 201 1358 10.0.0.236 - - [01/Jun/2026:03:47:55 +0000] "POST /v3/services HTTP/1.1" 201 296 10.0.0.154 - - [01/Jun/2026:03:48:07 +0000] "GET / HTTP/1.1" 300 295
[Mon Jun 01 03:48:07.052871 2026] [wsgi:error] [pid 10:tid 139967953053376] [remote 10.0.0.154:36320] 2026-06-01 03:48:07.052 10 WARNING keystone.common.password_hashing [None req-b22174ff-bc60-4386-a317-d662ee0fc7ed - - - - - -] Truncating password to algorithm specific maximum length 72 characters. 10.0.0.154 - - [01/Jun/2026:03:48:07 +0000] "GET / HTTP/1.1" 300 295
[Mon Jun 01 03:48:07.154038 2026] [wsgi:error] [pid 12:tid 139967953053376] [remote 10.0.0.154:36334] 2026-06-01 03:48:07.153 12 WARNING keystone.common.password_hashing [None req-e84d9520-e930-486d-a181-162afb7a77dc - - - - - -] Truncating password to algorithm specific maximum length 72 characters.
[Mon Jun 01 03:48:07.326639 2026] [wsgi:error] [pid 10:tid 139967953053376] [remote 10.0.0.154:36320] 2026-06-01 03:48:07.326 10 WARNING keystone.common.fernet_utils [None req-b22174ff-bc60-4386-a317-d662ee0fc7ed - - - - - -] key_repository is world readable: /etc/keystone/fernet-keys/ 10.0.0.154 - - [01/Jun/2026:03:48:07 +0000] "POST /v3/auth/tokens HTTP/1.1" 201 1462
[Mon Jun 01 03:48:07.451787 2026] [wsgi:error] [pid 12:tid 139967953053376] [remote 10.0.0.154:36334] 2026-06-01 03:48:07.451 12 WARNING keystone.common.fernet_utils [None req-e84d9520-e930-486d-a181-162afb7a77dc - - - - - -] key_repository is world readable: /etc/keystone/fernet-keys/ 10.0.0.154 - - [01/Jun/2026:03:48:07 +0000] "GET /v3/services HTTP/1.1" 200 639 10.0.0.154 - - [01/Jun/2026:03:48:07 +0000] "POST /v3/auth/tokens HTTP/1.1" 201 1462 10.0.0.154 - - [01/Jun/2026:03:48:07 +0000] "GET /v3/services HTTP/1.1" 200 639 10.0.0.154 - - [01/Jun/2026:03:48:07 +0000] "GET / HTTP/1.1" 300 295
[Mon Jun 01 03:48:07.714490 2026] [wsgi:error] [pid 9:tid 139967953053376] [remote 10.0.0.154:36340] 2026-06-01 03:48:07.714 9 WARNING keystone.common.password_hashing [None req-804c0f66-325d-42ed-99ff-f39755334498 - - - - - -] Truncating password to algorithm specific maximum length 72 characters.
[Mon Jun 01 03:48:07.987179 2026] [wsgi:error] [pid 9:tid 139967953053376] [remote 10.0.0.154:36340] 2026-06-01 03:48:07.987 9 WARNING keystone.common.fernet_utils [None req-804c0f66-325d-42ed-99ff-f39755334498 - - - - - -] key_repository is world readable: /etc/keystone/fernet-keys/ 10.0.0.154 - - [01/Jun/2026:03:48:07 +0000] "POST /v3/auth/tokens HTTP/1.1" 201 1462 10.0.0.154 - - [01/Jun/2026:03:48:08 +0000] "GET /v3/services HTTP/1.1" 200 639 10.0.0.154 - - [01/Jun/2026:03:48:08 +0000] "GET / HTTP/1.1" 300 295
[Mon Jun 01 03:48:08.768893 2026] [wsgi:error] [pid 10:tid 139967953053376] [remote 10.0.0.154:33008] 2026-06-01 03:48:08.768 10 WARNING keystone.common.password_hashing [None req-45fbd61f-6381-4a6c-8c38-a25a389de1cd - - - - - -] Truncating password to algorithm specific maximum length 72 characters. 10.0.0.154 - - [01/Jun/2026:03:48:08 +0000] "GET / HTTP/1.1" 300 295
[Mon Jun 01 03:48:08.949324 2026] [wsgi:error] [pid 12:tid 139967953053376] [remote 10.0.0.154:33010] 2026-06-01 03:48:08.949 12 WARNING keystone.common.password_hashing [None req-92f210ff-98f8-42a1-b435-d72386079aa5 - - - - - -] Truncating password to algorithm specific maximum length 72 characters.
[Mon Jun 01 03:48:09.050796 2026] [wsgi:error] [pid 10:tid 139967953053376] [remote 10.0.0.154:33008] 2026-06-01 03:48:09.050 10 WARNING keystone.common.fernet_utils [None req-45fbd61f-6381-4a6c-8c38-a25a389de1cd - - - - - -] key_repository is world readable: /etc/keystone/fernet-keys/ 10.0.0.154 - - [01/Jun/2026:03:48:08 +0000] "POST /v3/auth/tokens HTTP/1.1" 201 1462 10.0.0.154 - - [01/Jun/2026:03:48:09 +0000] "GET /v3/endpoints HTTP/1.1" 200 1225 10.0.0.154 - - [01/Jun/2026:03:48:09 +0000] "GET /v3/services/90e536c9cb434bf984092b460017cf19 HTTP/1.1" 200 233 10.0.0.154 - - [01/Jun/2026:03:48:09 +0000] "GET /v3/services/90e536c9cb434bf984092b460017cf19 HTTP/1.1" 200 233 10.0.0.154 - - [01/Jun/2026:03:48:09 +0000] "GET /v3/services/90e536c9cb434bf984092b460017cf19 HTTP/1.1" 200 233
[Mon Jun 01 03:48:09.230392 2026] [wsgi:error] [pid 12:tid 139967953053376] [remote 10.0.0.154:33010] 2026-06-01 03:48:09.230 12 WARNING keystone.common.fernet_utils [None req-92f210ff-98f8-42a1-b435-d72386079aa5 - - - - - -] key_repository is world readable: /etc/keystone/fernet-keys/ 10.0.0.154 - - [01/Jun/2026:03:48:08 +0000] "POST /v3/auth/tokens HTTP/1.1" 201 1462 10.0.0.154 - - [01/Jun/2026:03:48:09 +0000] "GET /v3/endpoints HTTP/1.1" 200 1225 10.0.0.154 - - [01/Jun/2026:03:48:09 +0000] "GET /v3/services/90e536c9cb434bf984092b460017cf19 HTTP/1.1" 200 233 10.0.0.154 - - [01/Jun/2026:03:48:09 +0000] "GET /v3/services/90e536c9cb434bf984092b460017cf19 HTTP/1.1" 200 233 10.0.0.154 - - [01/Jun/2026:03:48:09 +0000] "GET /v3/services/90e536c9cb434bf984092b460017cf19 HTTP/1.1" 200 233 10.0.0.154 - - [01/Jun/2026:03:48:09 +0000] "GET / HTTP/1.1" 300 295
[Mon Jun 01 03:48:09.749396 2026] [wsgi:error] [pid 10:tid 139967953053376] [remote 10.0.0.154:33012] 2026-06-01 03:48:09.749 10 WARNING keystone.common.password_hashing [None req-f85ec2cf-a689-40f0-a7dc-2f15dda07716 - - - - - -] Truncating password to algorithm specific maximum length 72 characters.
[Mon Jun 01 03:48:10.026438 2026] [wsgi:error] [pid 10:tid 139967953053376] [remote 10.0.0.154:33012] 2026-06-01 03:48:10.026 10 WARNING keystone.common.fernet_utils [None req-f85ec2cf-a689-40f0-a7dc-2f15dda07716 - - - - - -] key_repository is world readable: /etc/keystone/fernet-keys/ 10.0.0.154 - - [01/Jun/2026:03:48:09 +0000] "POST /v3/auth/tokens HTTP/1.1" 201 1462 10.0.0.154 - - [01/Jun/2026:03:48:10 +0000] "GET /v3/endpoints HTTP/1.1" 200 1225 10.0.0.154 - - [01/Jun/2026:03:48:10 +0000] "GET /v3/services/90e536c9cb434bf984092b460017cf19 HTTP/1.1" 200 233 10.0.0.154 - - [01/Jun/2026:03:48:10 +0000] "GET /v3/services/90e536c9cb434bf984092b460017cf19 HTTP/1.1" 200 233 10.0.0.154 - - [01/Jun/2026:03:48:10 +0000] "GET /v3/services/90e536c9cb434bf984092b460017cf19 HTTP/1.1" 200 233 10.0.0.154 - - [01/Jun/2026:03:48:10 +0000] "GET / HTTP/1.1" 300 295
[Mon Jun 01 03:48:10.542345 2026] [wsgi:error] [pid 12:tid 139967953053376] [remote 10.0.0.154:33018] 2026-06-01 03:48:10.542 12 WARNING keystone.common.password_hashing [None req-eb79b577-2484-4048-b3da-ab1755299aa1 - - - - - -] Truncating password to algorithm specific maximum length 72 characters. 10.0.0.154 - - [01/Jun/2026:03:48:10 +0000] "GET / HTTP/1.1" 300 295
[Mon Jun 01 03:48:10.810585 2026] [wsgi:error] [pid 10:tid 139967953053376] [remote 10.0.0.154:33034] 2026-06-01 03:48:10.810 10 WARNING keystone.common.password_hashing [None req-f3b24469-15c9-4a10-9d71-d1088fdcedbf - - - - - -] Truncating password to algorithm specific maximum length 72 characters.
[Mon Jun 01 03:48:10.824146 2026] [wsgi:error] [pid 12:tid 139967953053376] [remote 10.0.0.154:33018] 2026-06-01 03:48:10.824 12 WARNING keystone.common.fernet_utils [None req-eb79b577-2484-4048-b3da-ab1755299aa1 - - - - - -] key_repository is world readable: /etc/keystone/fernet-keys/ 10.0.0.154 - - [01/Jun/2026:03:48:10 +0000] "POST /v3/auth/tokens HTTP/1.1" 201 1462 10.0.0.154 - - [01/Jun/2026:03:48:10 +0000] "GET /v3/services/a00fb63d2bc04738a1de78ede5fc8978 HTTP/1.1" 200 296 10.0.0.154 - - [01/Jun/2026:03:48:10 +0000] "GET /v3/regions/RegionOne HTTP/1.1" 200 173 10.0.0.154 - - [01/Jun/2026:03:48:10 +0000] "POST /v3/endpoints HTTP/1.1" 201 380
[Mon Jun 01 03:48:11.122261 2026] [wsgi:error] [pid 10:tid 139967953053376] [remote 10.0.0.154:33034] 2026-06-01 03:48:11.121 10 WARNING keystone.common.fernet_utils [None req-f3b24469-15c9-4a10-9d71-d1088fdcedbf - - - - - -] key_repository is world readable: /etc/keystone/fernet-keys/ 10.0.0.154 - - [01/Jun/2026:03:48:10 +0000] "POST /v3/auth/tokens HTTP/1.1" 201 1639 10.0.0.154 - - [01/Jun/2026:03:48:11 +0000] "GET /v3/services/a00fb63d2bc04738a1de78ede5fc8978 HTTP/1.1" 200 296 10.0.0.154 - - [01/Jun/2026:03:48:11 +0000] "GET /v3/regions/RegionOne HTTP/1.1" 200 173 10.0.0.154 - - [01/Jun/2026:03:48:11 +0000] "POST /v3/endpoints HTTP/1.1" 201 383 10.0.0.154 - - [01/Jun/2026:03:48:11 +0000] "GET / HTTP/1.1" 300 295
[Mon Jun 01 03:48:11.542286 2026] [wsgi:error] [pid 11:tid 139967953053376] [remote 10.0.0.154:33050] 2026-06-01 03:48:11.542 11 WARNING keystone.common.password_hashing [None req-c40ff6af-7681-498f-8b6d-96a2740b48bf - - - - - -] Truncating password to algorithm specific maximum length 72 characters.
[Mon Jun 01 03:48:11.824365 2026] [wsgi:error] [pid 11:tid 139967953053376] [remote 10.0.0.154:33050] 2026-06-01 03:48:11.824 11 WARNING keystone.common.fernet_utils [None req-c40ff6af-7681-498f-8b6d-96a2740b48bf - - - - - -] key_repository is world readable: /etc/keystone/fernet-keys/ 10.0.0.154 - - [01/Jun/2026:03:48:11 +0000] "POST /v3/auth/tokens HTTP/1.1" 201 1821 10.0.0.154 - - [01/Jun/2026:03:48:11 +0000] "GET /v3/services/a00fb63d2bc04738a1de78ede5fc8978 HTTP/1.1" 200 296 10.0.0.154 - - [01/Jun/2026:03:48:11 +0000] "GET /v3/regions/RegionOne HTTP/1.1" 200 173 10.0.0.154 - - [01/Jun/2026:03:48:11 +0000] "POST /v3/endpoints HTTP/1.1" 201 368 10.0.0.154 - - [01/Jun/2026:03:48:12 +0000] "GET / HTTP/1.1" 300 295
[Mon Jun 01 03:48:12.317152 2026] [wsgi:error] [pid 9:tid 139967953053376] [remote 10.0.0.154:33052] 2026-06-01 03:48:12.317 9 WARNING keystone.common.password_hashing [None req-98e44c48-da24-40bf-9700-83a8704a7f85 - - - - - -] Truncating password to algorithm specific maximum length 72 characters.
[Mon Jun 01 03:48:12.593146 2026] [wsgi:error] [pid 9:tid 139967953053376] [remote 10.0.0.154:33052] 2026-06-01 03:48:12.592 9 WARNING keystone.common.fernet_utils [None req-98e44c48-da24-40bf-9700-83a8704a7f85 - - - - - -] key_repository is world readable: /etc/keystone/fernet-keys/ 10.0.0.154 - - [01/Jun/2026:03:48:12 +0000] "POST /v3/auth/tokens HTTP/1.1" 201 1988 10.0.0.154 - - [01/Jun/2026:03:48:12 +0000] "GET /v3/endpoints/172d5a68500e4280a75747c7ab256440 HTTP/1.1" 200 380 10.0.0.154 - - [01/Jun/2026:03:48:12 +0000] "GET /v3/services/a00fb63d2bc04738a1de78ede5fc8978 HTTP/1.1" 200 296 10.0.0.154 - - [01/Jun/2026:03:48:12 +0000] "GET / HTTP/1.1" 300 295
[Mon Jun 01 03:48:12.836045 2026] [wsgi:error] [pid 9:tid 139967953053376] [remote 10.0.0.154:33066] 2026-06-01 03:48:12.835 9 WARNING keystone.common.password_hashing [None req-c9a5a049-34ab-4c62-bd77-09b222d277cf - - - - - -] Truncating password to algorithm specific maximum length 72 characters.
[Mon Jun 01 03:48:13.109236 2026] [wsgi:error] [pid 9:tid 139967953053376] [remote 10.0.0.154:33066] 2026-06-01 03:48:13.109 9 WARNING keystone.common.fernet_utils [None req-c9a5a049-34ab-4c62-bd77-09b222d277cf - - - - - -] key_repository is world readable: /etc/keystone/fernet-keys/ 10.0.0.154 - - [01/Jun/2026:03:48:12 +0000] "POST /v3/auth/tokens HTTP/1.1" 201 1988 10.0.0.154 - - [01/Jun/2026:03:48:13 +0000] "GET /v3/endpoints/2e7ba5a9079d43029c0f58b0407b820f HTTP/1.1" 200 383 10.0.0.154 - - [01/Jun/2026:03:48:13 +0000] "GET /v3/services/a00fb63d2bc04738a1de78ede5fc8978 HTTP/1.1" 200 296 10.0.0.154 - - [01/Jun/2026:03:48:13 +0000] "GET / HTTP/1.1" 300 295
[Mon Jun 01 03:48:13.424186 2026] [wsgi:error] [pid 9:tid 139967953053376] [remote 10.0.0.154:33072] 2026-06-01 03:48:13.424 9 WARNING keystone.common.password_hashing [None req-bcba26c9-abe7-469d-a978-605810d684a8 - - - - - -] Truncating password to algorithm specific maximum length 72 characters.
[Mon Jun 01 03:48:13.691887 2026] [wsgi:error] [pid 9:tid 139967953053376] [remote 10.0.0.154:33072] 2026-06-01 03:48:13.691 9 WARNING keystone.common.fernet_utils [None req-bcba26c9-abe7-469d-a978-605810d684a8 - - - - - -] key_repository is world readable: /etc/keystone/fernet-keys/ 10.0.0.154 - - [01/Jun/2026:03:48:13 +0000] "POST /v3/auth/tokens HTTP/1.1" 201 1988 10.0.0.154 - - [01/Jun/2026:03:48:13 +0000] "GET /v3/endpoints/c5fb98c4a1234b39ad1d6aec19b859f3 HTTP/1.1" 200 368 10.0.0.154 - - [01/Jun/2026:03:48:13 +0000] "GET /v3/services/a00fb63d2bc04738a1de78ede5fc8978 HTTP/1.1" 200 296 10.0.0.15 - - [01/Jun/2026:03:48:23 +0000] "GET / HTTP/1.1" 300 295
[Mon Jun 01 03:48:23.124130 2026] [wsgi:error] [pid 9:tid 139967953053376] [remote 10.0.0.15:44788] 2026-06-01 03:48:23.123 9 WARNING keystone.common.password_hashing [None req-69ad6247-b218-4e1e-933d-d388e73b5fc7 - - - - - -] Truncating password to algorithm specific maximum length 72 characters.
[Mon Jun 01 03:48:23.404097 2026] [wsgi:error] [pid 9:tid 139967953053376] [remote 10.0.0.15:44788] 2026-06-01 03:48:23.403 9 WARNING keystone.common.fernet_utils [None req-69ad6247-b218-4e1e-933d-d388e73b5fc7 - - - - - -] key_repository is world readable: /etc/keystone/fernet-keys/ 10.0.0.15 - - [01/Jun/2026:03:48:23 +0000] "POST /v3/auth/tokens HTTP/1.1" 201 1988 10.0.0.15 - - [01/Jun/2026:03:48:23 +0000] "POST /v3/domains HTTP/1.1" 201 284 10.0.0.15 - - [01/Jun/2026:03:48:24 +0000] "GET / HTTP/1.1" 300 295
[Mon Jun 01 03:48:24.872995 2026] [wsgi:error] [pid 11:tid 139967953053376] [remote 10.0.0.15:44800] 2026-06-01 03:48:24.872 11 WARNING keystone.common.password_hashing [None req-6332e22c-50c9-4ac7-bf27-685c98544e42 - - - - - -] Truncating password to algorithm specific maximum length 72 characters.
[Mon Jun 01 03:48:25.154153 2026] [wsgi:error] [pid 11:tid 139967953053376] [remote 10.0.0.15:44800] 2026-06-01 03:48:25.153 11 WARNING keystone.common.fernet_utils [None req-6332e22c-50c9-4ac7-bf27-685c98544e42 - - - - - -] key_repository is world readable: /etc/keystone/fernet-keys/ 10.0.0.15 - - [01/Jun/2026:03:48:24 +0000] "POST /v3/auth/tokens HTTP/1.1" 201 1988
[Mon Jun 01 03:48:25.341046 2026] [wsgi:error] [pid 9:tid 139967953053376] [remote 10.0.0.15:44800] 2026-06-01 03:48:25.318 9 ERROR keystone.server.flask.application [None req-30394bc2-00ae-4032-beda-bd6e5c092388 e0058b02d4aa4572bb276fdeb6f5ad96 9718c48903424d059200088d039b941a - - default default] Conflict occurred attempting to store project - it is not permitted to have two projects acting as domains with the same name: service.: keystone.exception.Conflict: Conflict occurred attempting to store project - it is not permitted to have two projects acting as domains with the same name: service.
[Mon Jun 01 03:48:25.341085 2026] [wsgi:error] [pid 9:tid 139967953053376] [remote 10.0.0.15:44800] 2026-06-01 03:48:25.318 9 ERROR keystone.server.flask.application
Traceback (most recent call last):
[Mon Jun 01 03:48:25.341087 2026] [wsgi:error] [pid 9:tid 139967953053376] [remote 10.0.0.15:44800] 2026-06-01 03:48:25.318 9 ERROR keystone.server.flask.application
File "/var/lib/openstack/lib/python3.12/site-packages/sqlalchemy/engine/base.py", line 1967, in _exec_single_context
[Mon Jun 01 03:48:25.341089 2026] [wsgi:error] [pid 9:tid 139967953053376] [remote 10.0.0.15:44800] 2026-06-01 03:48:25.318 9 ERROR keystone.server.flask.application self.dialect.do_execute(
[Mon Jun 01 03:48:25.341091 2026] [wsgi:error] [pid 9:tid 139967953053376] [remote 10.0.0.15:44800] 2026-06-01 03:48:25.318 9 ERROR keystone.server.flask.application
File "/var/lib/openstack/lib/python3.12/site-packages/sqlalchemy/engine/default.py", line 952, in do_execute
[Mon Jun 01 03:48:25.341093 2026] [wsgi:error] [pid 9:tid 139967953053376] [remote 10.0.0.15:44800] 2026-06-01 03:48:25.318 9 ERROR keystone.server.flask.application cursor.execute(statement, parameters)
[Mon Jun 01 03:48:25.341096 2026] [wsgi:error] [pid 9:tid 139967953053376] [remote 10.0.0.15:44800] 2026-06-01 03:48:25.318 9 ERROR keystone.server.flask.application
File "/var/lib/openstack/lib/python3.12/site-packages/pymysql/cursors.py", line 159, in execute
[Mon Jun 01 03:48:25.341097 2026] [wsgi:error] [pid 9:tid 139967953053376] [remote 10.0.0.15:44800] 2026-06-01 03:48:25.318 9 ERROR keystone.server.flask.application result = self._query(query)
[Mon Jun 01 03:48:25.341098 2026] [wsgi:error] [pid 9:tid 139967953053376] [remote 10.0.0.15:44800] 2026-06-01 03:48:25.318 9 ERROR keystone.server.flask.application ^^^^^^^^^^^^^^^^^^
[Mon Jun 01 03:48:25.341100 2026] [wsgi:error] [pid 9:tid 139967953053376] [remote 10.0.0.15:44800] 2026-06-01 03:48:25.318 9 ERROR keystone.server.flask.application
File "/var/lib/openstack/lib/python3.12/site-packages/pymysql/cursors.py", line 330, in _query
[Mon Jun 01 03:48:25.341102 2026] [wsgi:error] [pid 9:tid 139967953053376] [remote 10.0.0.15:44800] 2026-06-01 03:48:25.318 9 ERROR keystone.server.flask.application conn.query(q)
[Mon Jun 01 03:48:25.341104 2026] [wsgi:error] [pid 9:tid 139967953053376] [remote 10.0.0.15:44800] 2026-06-01 03:48:25.318 9 ERROR keystone.server.flask.application
File "/var/lib/openstack/lib/python3.12/site-packages/pymysql/connections.py", line 582, in query
[Mon Jun 01 03:48:25.341107 2026] [wsgi:error] [pid 9:tid 139967953053376] [remote 10.0.0.15:44800] 2026-06-01 03:48:25.318 9 ERROR keystone.server.flask.application self._affected_rows = self._read_query_result(unbuffered=unbuffered)
[Mon Jun 01 03:48:25.341109 2026] [wsgi:error] [pid 9:tid 139967953053376] [remote 10.0.0.15:44800] 2026-06-01 03:48:25.318 9 ERROR keystone.server.flask.application ^^^^^^^^^^^^^^^^^^^^^^^^^^^^^^^^^^^^^^^^^^^^^^
[Mon Jun 01 03:48:25.341110 2026] [wsgi:error] [pid 9:tid 139967953053376] [remote 10.0.0.15:44800] 2026-06-01 03:48:25.318 9 ERROR keystone.server.flask.application
File "/var/lib/openstack/lib/python3.12/site-packages/pymysql/connections.py", line 847, in _read_query_result
[Mon Jun 01 03:48:25.341111 2026] [wsgi:error] [pid 9:tid 139967953053376] [remote 10.0.0.15:44800] 2026-06-01 03:48:25.318 9 ERROR keystone.server.flask.application result.read()
[Mon Jun 01 03:48:25.341113 2026] [wsgi:error] [pid 9:tid 139967953053376] [remote 10.0.0.15:44800] 2026-06-01 03:48:25.318 9 ERROR keystone.server.flask.application
File "/var/lib/openstack/lib/python3.12/site-packages/pymysql/connections.py", line 1245, in read
[Mon Jun 01 03:48:25.341116 2026] [wsgi:error] [pid 9:tid 139967953053376] [remote 10.0.0.15:44800] 2026-06-01 03:48:25.318 9 ERROR keystone.server.flask.application first_packet = self.connection._read_packet()
[Mon Jun 01 03:48:25.341118 2026] [wsgi:error] [pid 9:tid 139967953053376] [remote 10.0.0.15:44800] 2026-06-01 03:48:25.318 9 ERROR keystone.server.flask.application ^^^^^^^^^^^^^^^^^^^^^^^^^^^^^^
[Mon Jun 01 03:48:25.341119 2026] [wsgi:error] [pid 9:tid 139967953053376] [remote 10.0.0.15:44800] 2026-06-01 03:48:25.318 9 ERROR keystone.server.flask.application
File "/var/lib/openstack/lib/python3.12/site-packages/pymysql/connections.py", line 803, in _read_packet
[Mon Jun 01 03:48:25.341152 2026] [wsgi:error] [pid 9:tid 139967953053376] [remote 10.0.0.15:44800] 2026-06-01 03:48:25.318 9 ERROR keystone.server.flask.application packet.raise_for_error()
[Mon Jun 01 03:48:25.341154 2026] [wsgi:error] [pid 9:tid 139967953053376] [remote 10.0.0.15:44800] 2026-06-01 03:48:25.318 9 ERROR keystone.server.flask.application
File "/var/lib/openstack/lib/python3.12/site-packages/pymysql/protocol.py", line 219, in raise_for_error
[Mon Jun 01 03:48:25.341156 2026] [wsgi:error] [pid 9:tid 139967953053376] [remote 10.0.0.15:44800] 2026-06-01 03:48:25.318 9 ERROR keystone.server.flask.application err.raise_mysql_exception(self._data)
[Mon Jun 01 03:48:25.341159 2026] [wsgi:error] [pid 9:tid 139967953053376] [remote 10.0.0.15:44800] 2026-06-01 03:48:25.318 9 ERROR keystone.server.flask.application
File "/var/lib/openstack/lib/python3.12/site-packages/pymysql/err.py", line 154, in raise_mysql_exception
[Mon Jun 01 03:48:25.341163 2026] [wsgi:error] [pid 9:tid 139967953053376] [remote 10.0.0.15:44800] 2026-06-01 03:48:25.318 9 ERROR keystone.server.flask.application raise errorclass(errno, errval, sqlstate=sqlstate)
[Mon Jun 01 03:48:25.341167 2026] [wsgi:error] [pid 9:tid 139967953053376] [remote 10.0.0.15:44800] 2026-06-01 03:48:25.318 9 ERROR keystone.server.flask.application pymysql.err.IntegrityError: (1062, "Duplicate entry '<>-service' for key 'project.ixu_project_name_domain_id'")
[Mon Jun 01 03:48:25.341172 2026] [wsgi:error] [pid 9:tid 139967953053376] [remote 10.0.0.15:44800] 2026-06-01 03:48:25.318 9 ERROR keystone.server.flask.application
[Mon Jun 01 03:48:25.341176 2026] [wsgi:error] [pid 9:tid 139967953053376] [remote 10.0.0.15:44800] 2026-06-01 03:48:25.318 9 ERROR keystone.server.flask.application The above exception was the direct cause of the following exception:
[Mon Jun 01 03:48:25.341179 2026] [wsgi:error] [pid 9:tid 139967953053376] [remote 10.0.0.15:44800] 2026-06-01 03:48:25.318 9 ERROR keystone.server.flask.application
[Mon Jun 01 03:48:25.341182 2026] [wsgi:error] [pid 9:tid 139967953053376] [remote 10.0.0.15:44800] 2026-06-01 03:48:25.318 9 ERROR keystone.server.flask.application
Traceback (most recent call last):
[Mon Jun 01 03:48:25.341185 2026] [wsgi:error] [pid 9:tid 139967953053376] [remote 10.0.0.15:44800] 2026-06-01 03:48:25.318 9 ERROR keystone.server.flask.application
File "/var/lib/openstack/lib/python3.12/site-packages/keystone/common/sql/core.py", line 575, in wrapper
[Mon Jun 01 03:48:25.341188 2026] [wsgi:error] [pid 9:tid 139967953053376] [remote 10.0.0.15:44800] 2026-06-01 03:48:25.318 9 ERROR keystone.server.flask.application return method(*args, **kwargs)
[Mon Jun 01 03:48:25.341190 2026] [wsgi:error] [pid 9:tid 139967953053376] [remote 10.0.0.15:44800] 2026-06-01 03:48:25.318 9 ERROR keystone.server.flask.application ^^^^^^^^^^^^^^^^^^^^^^^
[Mon Jun 01 03:48:25.341192 2026] [wsgi:error] [pid 9:tid 139967953053376] [remote 10.0.0.15:44800] 2026-06-01 03:48:25.318 9 ERROR keystone.server.flask.application
File "/var/lib/openstack/lib/python3.12/site-packages/keystone/resource/backends/sql.py", line 278, in create_project
[Mon Jun 01 03:48:25.341198 2026] [wsgi:error] [pid 9:tid 139967953053376] [remote 10.0.0.15:44800] 2026-06-01 03:48:25.318 9 ERROR keystone.server.flask.application with sql.session_for_write() as session:
[Mon Jun 01 03:48:25.341202 2026] [wsgi:error] [pid 9:tid 139967953053376] [remote 10.0.0.15:44800] 2026-06-01 03:48:25.318 9 ERROR keystone.server.flask.application
File "/usr/lib/python3.12/contextlib.py", line 144, in __exit__
[Mon Jun 01 03:48:25.341205 2026] [wsgi:error] [pid 9:tid 139967953053376] [remote 10.0.0.15:44800] 2026-06-01 03:48:25.318 9 ERROR keystone.server.flask.application next(self.gen)
[Mon Jun 01 03:48:25.341209 2026] [wsgi:error] [pid 9:tid 139967953053376] [remote 10.0.0.15:44800] 2026-06-01 03:48:25.318 9 ERROR keystone.server.flask.application
File "/var/lib/openstack/lib/python3.12/site-packages/oslo_db/sqlalchemy/enginefacade.py", line 1175, in _transaction_scope
[Mon Jun 01 03:48:25.341212 2026] [wsgi:error] [pid 9:tid 139967953053376] [remote 10.0.0.15:44800] 2026-06-01 03:48:25.318 9 ERROR keystone.server.flask.application with current._produce_block(
[Mon Jun 01 03:48:25.341215 2026] [wsgi:error] [pid 9:tid 139967953053376] [remote 10.0.0.15:44800] 2026-06-01 03:48:25.318 9 ERROR keystone.server.flask.application
File "/usr/lib/python3.12/contextlib.py", line 144, in __exit__
[Mon Jun 01 03:48:25.341218 2026] [wsgi:error] [pid 9:tid 139967953053376] [remote 10.0.0.15:44800] 2026-06-01 03:48:25.318 9 ERROR keystone.server.flask.application next(self.gen)
[Mon Jun 01 03:48:25.341221 2026] [wsgi:error] [pid 9:tid 139967953053376] [remote 10.0.0.15:44800] 2026-06-01 03:48:25.318 9 ERROR keystone.server.flask.application
File "/var/lib/openstack/lib/python3.12/site-packages/oslo_db/sqlalchemy/enginefacade.py", line 837, in _session
[Mon Jun 01 03:48:25.341224 2026] [wsgi:error] [pid 9:tid 139967953053376] [remote 10.0.0.15:44800] 2026-06-01 03:48:25.318 9 ERROR keystone.server.flask.application with excutils.save_and_reraise_exception():
[Mon Jun 01 03:48:25.341227 2026] [wsgi:error] [pid 9:tid 139967953053376] [remote 10.0.0.15:44800] 2026-06-01 03:48:25.318 9 ERROR keystone.server.flask.application
File "/var/lib/openstack/lib/python3.12/site-packages/oslo_utils/excutils.py", line 266, in __exit__
[Mon Jun 01 03:48:25.341229 2026] [wsgi:error] [pid 9:tid 139967953053376] [remote 10.0.0.15:44800] 2026-06-01 03:48:25.318 9 ERROR keystone.server.flask.application self.force_reraise()
[Mon Jun 01 03:48:25.341233 2026] [wsgi:error] [pid 9:tid 139967953053376] [remote 10.0.0.15:44800] 2026-06-01 03:48:25.318 9 ERROR keystone.server.flask.application
File "/var/lib/openstack/lib/python3.12/site-packages/oslo_utils/excutils.py", line 232, in force_reraise
[Mon Jun 01 03:48:25.341235 2026] [wsgi:error] [pid 9:tid 139967953053376] [remote 10.0.0.15:44800] 2026-06-01 03:48:25.318 9 ERROR keystone.server.flask.application raise self.value
[Mon Jun 01 03:48:25.341237 2026] [wsgi:error] [pid 9:tid 139967953053376] [remote 10.0.0.15:44800] 2026-06-01 03:48:25.318 9 ERROR keystone.server.flask.application
File "/var/lib/openstack/lib/python3.12/site-packages/oslo_db/sqlalchemy/enginefacade.py", line 835, in _session
[Mon Jun 01 03:48:25.341239 2026] [wsgi:error] [pid 9:tid 139967953053376] [remote 10.0.0.15:44800] 2026-06-01 03:48:25.318 9 ERROR keystone.server.flask.application self._end_session_transaction(self.session)
[Mon Jun 01 03:48:25.341241 2026] [wsgi:error] [pid 9:tid 139967953053376] [remote 10.0.0.15:44800] 2026-06-01 03:48:25.318 9 ERROR keystone.server.flask.application
File "/var/lib/openstack/lib/python3.12/site-packages/oslo_db/sqlalchemy/enginefacade.py", line 748, in _end_session_transaction
[Mon Jun 01 03:48:25.341242 2026] [wsgi:error] [pid 9:tid 139967953053376] [remote 10.0.0.15:44800] 2026-06-01 03:48:25.318 9 ERROR keystone.server.flask.application session.commit()
[Mon Jun 01 03:48:25.341244 2026] [wsgi:error] [pid 9:tid 139967953053376] [remote 10.0.0.15:44800] 2026-06-01 03:48:25.318 9 ERROR keystone.server.flask.application
File "/var/lib/openstack/lib/python3.12/site-packages/sqlalchemy/orm/session.py", line 2030, in commit
[Mon Jun 01 03:48:25.341247 2026] [wsgi:error] [pid 9:tid 139967953053376] [remote 10.0.0.15:44800] 2026-06-01 03:48:25.318 9 ERROR keystone.server.flask.application trans.commit(_to_root=True)
[Mon Jun 01 03:48:25.341249 2026] [wsgi:error] [pid 9:tid 139967953053376] [remote 10.0.0.15:44800] 2026-06-01 03:48:25.318 9 ERROR keystone.server.flask.application File "", line 2, in commit
[Mon Jun 01 03:48:25.341252 2026] [wsgi:error] [pid 9:tid 139967953053376] [remote 10.0.0.15:44800] 2026-06-01 03:48:25.318 9 ERROR keystone.server.flask.application
File "/var/lib/openstack/lib/python3.12/site-packages/sqlalchemy/orm/state_changes.py", line 137, in _go
[Mon Jun 01 03:48:25.341254 2026] [wsgi:error] [pid 9:tid 139967953053376] [remote 10.0.0.15:44800] 2026-06-01 03:48:25.318 9 ERROR keystone.server.flask.application ret_value = fn(self, *arg, **kw)
[Mon Jun 01 03:48:25.341258 2026] [wsgi:error] [pid 9:tid 139967953053376] [remote 10.0.0.15:44800] 2026-06-01 03:48:25.318 9 ERROR keystone.server.flask.application ^^^^^^^^^^^^^^^^^^^^
[Mon Jun 01 03:48:25.341260 2026] [wsgi:error] [pid 9:tid 139967953053376] [remote 10.0.0.15:44800] 2026-06-01 03:48:25.318 9 ERROR keystone.server.flask.application
File "/var/lib/openstack/lib/python3.12/site-packages/sqlalchemy/orm/session.py", line 1311, in commit
[Mon Jun 01 03:48:25.341264 2026] [wsgi:error] [pid 9:tid 139967953053376] [remote 10.0.0.15:44800] 2026-06-01 03:48:25.318 9 ERROR keystone.server.flask.application self._prepare_impl()
[Mon Jun 01 03:48:25.341265 2026] [wsgi:error] [pid 9:tid 139967953053376] [remote 10.0.0.15:44800] 2026-06-01 03:48:25.318 9 ERROR keystone.server.flask.application File "", line 2, in _prepare_impl
[Mon Jun 01 03:48:25.341269 2026] [wsgi:error] [pid 9:tid 139967953053376] [remote 10.0.0.15:44800] 2026-06-01 03:48:25.318 9 ERROR keystone.server.flask.application
File "/var/lib/openstack/lib/python3.12/site-packages/sqlalchemy/orm/state_changes.py", line 137, in _go
[Mon Jun 01 03:48:25.341271 2026] [wsgi:error] [pid 9:tid 139967953053376] [remote 10.0.0.15:44800] 2026-06-01 03:48:25.318 9 ERROR keystone.server.flask.application ret_value = fn(self, *arg, **kw)
[Mon Jun 01 03:48:25.341275 2026] [wsgi:error] [pid 9:tid 139967953053376] [remote 10.0.0.15:44800] 2026-06-01 03:48:25.318 9 ERROR keystone.server.flask.application ^^^^^^^^^^^^^^^^^^^^
[Mon Jun 01 03:48:25.341277 2026] [wsgi:error] [pid 9:tid 139967953053376] [remote 10.0.0.15:44800] 2026-06-01 03:48:25.318 9 ERROR keystone.server.flask.application
File "/var/lib/openstack/lib/python3.12/site-packages/sqlalchemy/orm/session.py", line 1286, in _prepare_impl
[Mon Jun 01 03:48:25.341280 2026] [wsgi:error] [pid 9:tid 139967953053376] [remote 10.0.0.15:44800] 2026-06-01 03:48:25.318 9 ERROR keystone.server.flask.application self.session.flush()
[Mon Jun 01 03:48:25.341282 2026] [wsgi:error] [pid 9:tid 139967953053376] [remote 10.0.0.15:44800] 2026-06-01 03:48:25.318 9 ERROR keystone.server.flask.application
File "/var/lib/openstack/lib/python3.12/site-packages/sqlalchemy/orm/session.py", line 4331, in flush
[Mon Jun 01 03:48:25.341284 2026] [wsgi:error] [pid 9:tid 139967953053376] [remote 10.0.0.15:44800] 2026-06-01 03:48:25.318 9 ERROR keystone.server.flask.application self._flush(objects)
[Mon Jun 01 03:48:25.341288 2026] [wsgi:error] [pid 9:tid 139967953053376] [remote 10.0.0.15:44800] 2026-06-01 03:48:25.318 9 ERROR keystone.server.flask.application
File "/var/lib/openstack/lib/python3.12/site-packages/sqlalchemy/orm/session.py", line 4466, in _flush
[Mon Jun 01 03:48:25.341290 2026] [wsgi:error] [pid 9:tid 139967953053376] [remote 10.0.0.15:44800] 2026-06-01 03:48:25.318 9 ERROR keystone.server.flask.application with util.safe_reraise():
[Mon Jun 01 03:48:25.341294 2026] [wsgi:error] [pid 9:tid 139967953053376] [remote 10.0.0.15:44800] 2026-06-01 03:48:25.318 9 ERROR keystone.server.flask.application
File "/var/lib/openstack/lib/python3.12/site-packages/sqlalchemy/util/langhelpers.py", line 121, in __exit__
[Mon Jun 01 03:48:25.341296 2026] [wsgi:error] [pid 9:tid 139967953053376] [remote 10.0.0.15:44800] 2026-06-01 03:48:25.318 9 ERROR keystone.server.flask.application raise exc_value.with_traceback(exc_tb)
[Mon Jun 01 03:48:25.341299 2026] [wsgi:error] [pid 9:tid 139967953053376] [remote 10.0.0.15:44800] 2026-06-01 03:48:25.318 9 ERROR keystone.server.flask.application
File "/var/lib/openstack/lib/python3.12/site-packages/sqlalchemy/orm/session.py", line 4427, in _flush
[Mon Jun 01 03:48:25.341301 2026] [wsgi:error] [pid 9:tid 139967953053376] [remote 10.0.0.15:44800] 2026-06-01 03:48:25.318 9 ERROR keystone.server.flask.application flush_context.execute()
[Mon Jun 01 03:48:25.341305 2026] [wsgi:error] [pid 9:tid 139967953053376] [remote 10.0.0.15:44800] 2026-06-01 03:48:25.318 9 ERROR keystone.server.flask.application
File "/var/lib/openstack/lib/python3.12/site-packages/sqlalchemy/orm/unitofwork.py", line 466, in execute
[Mon Jun 01 03:48:25.341307 2026] [wsgi:error] [pid 9:tid 139967953053376] [remote 10.0.0.15:44800] 2026-06-01 03:48:25.318 9 ERROR keystone.server.flask.application rec.execute(self)
