2026-05-28 13:56:33.883 8 INFO placement.requestlog [None req-fe244293-edc1-47fd-afb4-094c6e56b3d9 bf73c27431934e0eb262479abae24cc0 0f24f110580f4351b21a1b3e4806c284 - - 72ea93c423a347b1a227b29bc43f8be0 72ea93c423a347b1a227b29bc43f8be0] 10.0.0.52 "GET /resource_providers/2cc72c2b-c35a-4730-a9e8-40e3ecb43e57/aggregates" status: 404 len: 235 microversion: 1.1 [pid: 8|app: 0|req: 557/1118] 10.0.0.52 () {32 vars in 815 bytes} [Thu May 28 13:56:33 2026] GET /resource_providers/2cc72c2b-c35a-4730-a9e8-40e3ecb43e57/aggregates => generated 235 bytes in 9 msecs (HTTP/1.1 404) 5 headers in 202 bytes (1 switches on core 0)
2026-05-28 13:56:33.888 7 INFO placement.requestlog [None req-60b4e8b5-3123-4922-ab6c-f9e3bdaa63bf bf73c27431934e0eb262479abae24cc0 0f24f110580f4351b21a1b3e4806c284 - - 72ea93c423a347b1a227b29bc43f8be0 72ea93c423a347b1a227b29bc43f8be0] 10.0.0.52 "GET /resource_providers/2cc72c2b-c35a-4730-a9e8-40e3ecb43e57/aggregates" status: 404 len: 235 microversion: 1.1 [pid: 7|app: 0|req: 562/1119] 10.0.0.52 () {32 vars in 815 bytes} [Thu May 28 13:56:33 2026] GET /resource_providers/2cc72c2b-c35a-4730-a9e8-40e3ecb43e57/aggregates => generated 235 bytes in 8 msecs (HTTP/1.1 404) 5 headers in 202 bytes (1 switches on core 0)
2026-05-28 13:56:33.908 8 INFO placement.requestlog [None req-66ce17a1-8317-461c-ae2e-6d509c9b5eef bf73c27431934e0eb262479abae24cc0 0f24f110580f4351b21a1b3e4806c284 - - 72ea93c423a347b1a227b29bc43f8be0 72ea93c423a347b1a227b29bc43f8be0] 10.0.0.52 "DELETE /resource_providers/2cc72c2b-c35a-4730-a9e8-40e3ecb43e57" status: 404 len: 246 microversion: 1.1 [pid: 8|app: 0|req: 558/1120] 10.0.0.52 () {34 vars in 815 bytes} [Thu May 28 13:56:33 2026] DELETE /resource_providers/2cc72c2b-c35a-4730-a9e8-40e3ecb43e57 => generated 246 bytes in 9 msecs (HTTP/1.1 404) 6 headers in 231 bytes (1 switches on core 0)
2026-05-28 13:56:33.913 7 INFO placement.requestlog [None req-7d862d99-e8ef-431b-901f-3b1112b88a75 bf73c27431934e0eb262479abae24cc0 0f24f110580f4351b21a1b3e4806c284 - - 72ea93c423a347b1a227b29bc43f8be0 72ea93c423a347b1a227b29bc43f8be0] 10.0.0.52 "DELETE /resource_providers/2cc72c2b-c35a-4730-a9e8-40e3ecb43e57" status: 404 len: 246 microversion: 1.1 [pid: 7|app: 0|req: 563/1121] 10.0.0.52 () {34 vars in 815 bytes} [Thu May 28 13:56:33 2026] DELETE /resource_providers/2cc72c2b-c35a-4730-a9e8-40e3ecb43e57 => generated 246 bytes in 11 msecs (HTTP/1.1 404) 6 headers in 231 bytes (1 switches on core 0)
2026-05-28 13:56:35.759 8 INFO placement.requestlog [None req-bc6ffa29-94aa-4903-833d-c6d5cd044bfc bf73c27431934e0eb262479abae24cc0 0f24f110580f4351b21a1b3e4806c284 - - 72ea93c423a347b1a227b29bc43f8be0 72ea93c423a347b1a227b29bc43f8be0] 10.0.0.52 "GET /resource_providers/7712dff0-2a67-4dee-9d9d-d273a213ce94/aggregates" status: 404 len: 235 microversion: 1.1 [pid: 8|app: 0|req: 559/1122] 10.0.0.52 () {32 vars in 815 bytes} [Thu May 28 13:56:35 2026] GET /resource_providers/7712dff0-2a67-4dee-9d9d-d273a213ce94/aggregates => generated 235 bytes in 8 msecs (HTTP/1.1 404) 5 headers in 202 bytes (1 switches on core 0)
2026-05-28 13:56:35.761 7 INFO placement.requestlog [None req-1668727c-f63f-4ccc-b7f7-4373ca81c3ea bf73c27431934e0eb262479abae24cc0 0f24f110580f4351b21a1b3e4806c284 - - 72ea93c423a347b1a227b29bc43f8be0 72ea93c423a347b1a227b29bc43f8be0] 10.0.0.52 "GET /resource_providers/7712dff0-2a67-4dee-9d9d-d273a213ce94/aggregates" status: 404 len: 235 microversion: 1.1 [pid: 7|app: 0|req: 564/1123] 10.0.0.52 () {32 vars in 815 bytes} [Thu May 28 13:56:35 2026] GET /resource_providers/7712dff0-2a67-4dee-9d9d-d273a213ce94/aggregates => generated 235 bytes in 8 msecs (HTTP/1.1 404) 5 headers in 202 bytes (1 switches on core 0)
2026-05-28 13:56:35.773 8 INFO placement.requestlog [None req-396571ee-352c-416c-83a2-8b151ec62a6a bf73c27431934e0eb262479abae24cc0 0f24f110580f4351b21a1b3e4806c284 - - 72ea93c423a347b1a227b29bc43f8be0 72ea93c423a347b1a227b29bc43f8be0] 10.0.0.52 "DELETE /resource_providers/7712dff0-2a67-4dee-9d9d-d273a213ce94" status: 404 len: 246 microversion: 1.1 [pid: 8|app: 0|req: 560/1124] 10.0.0.52 () {34 vars in 815 bytes} [Thu May 28 13:56:35 2026] DELETE /resource_providers/7712dff0-2a67-4dee-9d9d-d273a213ce94 => generated 246 bytes in 7 msecs (HTTP/1.1 404) 6 headers in 231 bytes (1 switches on core 0)
2026-05-28 13:56:35.777 7 INFO placement.requestlog [None req-32d6e1fd-55f0-4401-888f-3eb82d75b73c bf73c27431934e0eb262479abae24cc0 0f24f110580f4351b21a1b3e4806c284 - - 72ea93c423a347b1a227b29bc43f8be0 72ea93c423a347b1a227b29bc43f8be0] 10.0.0.52 "DELETE /resource_providers/7712dff0-2a67-4dee-9d9d-d273a213ce94" status: 404 len: 246 microversion: 1.1 [pid: 7|app: 0|req: 565/1125] 10.0.0.52 () {34 vars in 815 bytes} [Thu May 28 13:56:35 2026] DELETE /resource_providers/7712dff0-2a67-4dee-9d9d-d273a213ce94 => generated 246 bytes in 9 msecs (HTTP/1.1 404) 6 headers in 231 bytes (1 switches on core 0)
2026-05-28 13:56:35.788 7 INFO placement.requestlog [None req-cf7ceb2d-2512-4fdf-a115-878ee8173025 bf73c27431934e0eb262479abae24cc0 0f24f110580f4351b21a1b3e4806c284 - - 72ea93c423a347b1a227b29bc43f8be0 72ea93c423a347b1a227b29bc43f8be0] 10.0.0.52 "GET /resource_providers/08c89b9b-9eb6-4e6d-826a-9f17d6e39532/aggregates" status: 404 len: 235 microversion: 1.1 [pid: 7|app: 0|req: 566/1126] 10.0.0.52 () {32 vars in 815 bytes} [Thu May 28 13:56:35 2026] GET /resource_providers/08c89b9b-9eb6-4e6d-826a-9f17d6e39532/aggregates => generated 235 bytes in 6 msecs (HTTP/1.1 404) 5 headers in 202 bytes (1 switches on core 0)
2026-05-28 13:56:35.792 8 INFO placement.requestlog [None req-d1547575-9668-4200-95d1-72a36d2003ca bf73c27431934e0eb262479abae24cc0 0f24f110580f4351b21a1b3e4806c284 - - 72ea93c423a347b1a227b29bc43f8be0 72ea93c423a347b1a227b29bc43f8be0] 10.0.0.52 "GET /resource_providers/08c89b9b-9eb6-4e6d-826a-9f17d6e39532/aggregates" status: 404 len: 235 microversion: 1.1 [pid: 8|app: 0|req: 561/1127] 10.0.0.52 () {32 vars in 815 bytes} [Thu May 28 13:56:35 2026] GET /resource_providers/08c89b9b-9eb6-4e6d-826a-9f17d6e39532/aggregates => generated 235 bytes in 11 msecs (HTTP/1.1 404) 5 headers in 202 bytes (1 switches on core 0)
2026-05-28 13:56:35.804 7 INFO placement.requestlog [None req-6ebc5dd5-bff7-4238-bdf4-6eb0b0208080 bf73c27431934e0eb262479abae24cc0 0f24f110580f4351b21a1b3e4806c284 - - 72ea93c423a347b1a227b29bc43f8be0 72ea93c423a347b1a227b29bc43f8be0] 10.0.0.52 "DELETE /resource_providers/08c89b9b-9eb6-4e6d-826a-9f17d6e39532" status: 404 len: 246 microversion: 1.1 [pid: 7|app: 0|req: 567/1128] 10.0.0.52 () {34 vars in 815 bytes} [Thu May 28 13:56:35 2026] DELETE /resource_providers/08c89b9b-9eb6-4e6d-826a-9f17d6e39532 => generated 246 bytes in 7 msecs (HTTP/1.1 404) 6 headers in 231 bytes (1 switches on core 0)
2026-05-28 13:56:35.806 8 INFO placement.requestlog [None req-35a5f1ee-9a47-4bb3-b963-a2807269fc93 bf73c27431934e0eb262479abae24cc0 0f24f110580f4351b21a1b3e4806c284 - - 72ea93c423a347b1a227b29bc43f8be0 72ea93c423a347b1a227b29bc43f8be0] 10.0.0.52 "DELETE /resource_providers/08c89b9b-9eb6-4e6d-826a-9f17d6e39532" status: 404 len: 246 microversion: 1.1 [pid: 8|app: 0|req: 562/1129] 10.0.0.52 () {34 vars in 815 bytes} [Thu May 28 13:56:35 2026] DELETE /resource_providers/08c89b9b-9eb6-4e6d-826a-9f17d6e39532 => generated 246 bytes in 7 msecs (HTTP/1.1 404) 6 headers in 231 bytes (1 switches on core 0)
2026-05-28 13:56:35.932 8 INFO placement.requestlog [None req-09be71e5-5833-4891-b7a0-2c3e59290b51 bf73c27431934e0eb262479abae24cc0 0f24f110580f4351b21a1b3e4806c284 - - 72ea93c423a347b1a227b29bc43f8be0 72ea93c423a347b1a227b29bc43f8be0] 10.0.0.52 "GET /resource_providers/0ee1d504-cf5a-486a-92ee-000b9ddcf12b/aggregates" status: 404 len: 235 microversion: 1.1
2026-05-28 13:56:35.932 7 INFO placement.requestlog [None req-357e608c-f7b2-4bf2-8497-014525f35860 bf73c27431934e0eb262479abae24cc0 0f24f110580f4351b21a1b3e4806c284 - - 72ea93c423a347b1a227b29bc43f8be0 72ea93c423a347b1a227b29bc43f8be0] 10.0.0.52 "GET /resource_providers/0ee1d504-cf5a-486a-92ee-000b9ddcf12b/aggregates" status: 404 len: 235 microversion: 1.1 [pid: 8|app: 0|req: 563/1130] 10.0.0.52 () {32 vars in 815 bytes} [Thu May 28 13:56:35 2026] GET /resource_providers/0ee1d504-cf5a-486a-92ee-000b9ddcf12b/aggregates => generated 235 bytes in 10 msecs (HTTP/1.1 404) 5 headers in 202 bytes (1 switches on core 0) [pid: 7|app: 0|req: 568/1131] 10.0.0.52 () {32 vars in 815 bytes} [Thu May 28 13:56:35 2026] GET /resource_providers/0ee1d504-cf5a-486a-92ee-000b9ddcf12b/aggregates => generated 235 bytes in 12 msecs (HTTP/1.1 404) 5 headers in 202 bytes (1 switches on core 0)
2026-05-28 13:56:35.950 8 INFO placement.requestlog [None req-2dc51a7c-96ad-4477-b0d1-f8c1337f65b3 bf73c27431934e0eb262479abae24cc0 0f24f110580f4351b21a1b3e4806c284 - - 72ea93c423a347b1a227b29bc43f8be0 72ea93c423a347b1a227b29bc43f8be0] 10.0.0.52 "DELETE /resource_providers/0ee1d504-cf5a-486a-92ee-000b9ddcf12b" status: 404 len: 246 microversion: 1.1 [pid: 8|app: 0|req: 564/1132] 10.0.0.52 () {34 vars in 815 bytes} [Thu May 28 13:56:35 2026] DELETE /resource_providers/0ee1d504-cf5a-486a-92ee-000b9ddcf12b => generated 246 bytes in 6 msecs (HTTP/1.1 404) 6 headers in 231 bytes (1 switches on core 0)
2026-05-28 13:56:35.956 7 INFO placement.requestlog [None req-0c3e2463-4f7f-4882-ac08-1410d092f444 bf73c27431934e0eb262479abae24cc0 0f24f110580f4351b21a1b3e4806c284 - - 72ea93c423a347b1a227b29bc43f8be0 72ea93c423a347b1a227b29bc43f8be0] 10.0.0.52 "DELETE /resource_providers/0ee1d504-cf5a-486a-92ee-000b9ddcf12b" status: 404 len: 246 microversion: 1.1 [pid: 7|app: 0|req: 569/1133] 10.0.0.52 () {34 vars in 815 bytes} [Thu May 28 13:56:35 2026] DELETE /resource_providers/0ee1d504-cf5a-486a-92ee-000b9ddcf12b => generated 246 bytes in 10 msecs (HTTP/1.1 404) 6 headers in 231 bytes (1 switches on core 0)
2026-05-28 13:56:42.195 8 INFO placement.requestlog [None req-f9f4ed74-f124-4aa4-a854-eaba14345ae8 - - - - - -] 10.0.0.88 "GET /" status: 200 len: 136 microversion: 1.0
2026-05-28 13:56:42.197 7 INFO placement.requestlog [None req-9dea24be-785d-4455-8d59-20839caa54bf - - - - - -] 10.0.0.88 "GET /" status: 200 len: 136 microversion: 1.0
2026-05-28 13:56:52.195 8 INFO placement.requestlog [None req-e1d33e06-f506-4be5-9f4d-02ab4bca1807 - - - - - -] 10.0.0.88 "GET /" status: 200 len: 136 microversion: 1.0
2026-05-28 13:56:52.195 7 INFO placement.requestlog [None req-96704db7-284f-4bb2-8644-88ae8a0672ce - - - - - -] 10.0.0.88 "GET /" status: 200 len: 136 microversion: 1.0
2026-05-28 13:56:55.899 8 INFO placement.requestlog [req-c1706d45-f48f-4965-a10a-fd778cb506cf req-07c33848-414e-4c09-abff-86142d56bb03 46704f37dd704e84a21654bb32fb1563 0f24f110580f4351b21a1b3e4806c284 - - 72ea93c423a347b1a227b29bc43f8be0 72ea93c423a347b1a227b29bc43f8be0] 199.204.45.144 "GET /resource_providers/c9fd9947-05e8-4c63-9d09-69a0400549d6/allocations" status: 200 len: 253 microversion: 1.0 [pid: 8|app: 0|req: 567/1138] 199.204.45.144 () {32 vars in 857 bytes} [Thu May 28 13:56:55 2026] GET /resource_providers/c9fd9947-05e8-4c63-9d09-69a0400549d6/allocations => generated 253 bytes in 25 msecs (HTTP/1.1 200) 6 headers in 224 bytes (1 switches on core 0)
2026-05-28 13:56:55.924 7 INFO placement.requestlog [req-c1706d45-f48f-4965-a10a-fd778cb506cf req-3b6837df-dd2c-408a-9ede-50a5c3959c20 46704f37dd704e84a21654bb32fb1563 0f24f110580f4351b21a1b3e4806c284 - - 72ea93c423a347b1a227b29bc43f8be0 72ea93c423a347b1a227b29bc43f8be0] 199.204.45.144 "GET /allocations/86049b5a-3181-4278-bb8a-943b7d332368" status: 200 len: 258 microversion: 1.28 [pid: 7|app: 0|req: 572/1139] 199.204.45.144 () {34 vars in 863 bytes} [Thu May 28 13:56:55 2026] GET /allocations/86049b5a-3181-4278-bb8a-943b7d332368 => generated 258 bytes in 19 msecs (HTTP/1.1 200) 8 headers in 296 bytes (1 switches on core 0)
2026-05-28 13:56:55.948 8 INFO placement.requestlog [req-c1706d45-f48f-4965-a10a-fd778cb506cf req-2efad384-5f4e-4086-b599-ea7e944a9c26 46704f37dd704e84a21654bb32fb1563 0f24f110580f4351b21a1b3e4806c284 - - 72ea93c423a347b1a227b29bc43f8be0 72ea93c423a347b1a227b29bc43f8be0] 199.204.45.144 "GET /allocations/5bbaad05-a98a-487f-afae-94ed5a2d620a" status: 200 len: 258 microversion: 1.28 [pid: 8|app: 0|req: 568/1140] 199.204.45.144 () {34 vars in 863 bytes} [Thu May 28 13:56:55 2026] GET /allocations/5bbaad05-a98a-487f-afae-94ed5a2d620a => generated 258 bytes in 18 msecs (HTTP/1.1 200) 8 headers in 296 bytes (1 switches on core 0)
2026-05-28 13:56:57.021 7 INFO placement.requestlog [req-c1706d45-f48f-4965-a10a-fd778cb506cf req-5fb82250-d38a-4af8-a5f1-5fb2709b002a 46704f37dd704e84a21654bb32fb1563 0f24f110580f4351b21a1b3e4806c284 - - 72ea93c423a347b1a227b29bc43f8be0 72ea93c423a347b1a227b29bc43f8be0] 199.204.45.144 "DELETE /allocations/5bbaad05-a98a-487f-afae-94ed5a2d620a" status: 204 len: 0 microversion: 1.0 [pid: 7|app: 0|req: 573/1141] 199.204.45.144 () {34 vars in 841 bytes} [Thu May 28 13:56:56 2026] DELETE /allocations/5bbaad05-a98a-487f-afae-94ed5a2d620a => generated 0 bytes in 38 msecs (HTTP/1.1 204) 5 headers in 198 bytes (1 switches on core 0)
2026-05-28 13:57:02.195 8 INFO placement.requestlog [None req-afa596cb-8f16-4ff2-8da9-d1502c3a7f87 - - - - - -] 10.0.0.88 "GET /" status: 200 len: 136 microversion: 1.0
2026-05-28 13:57:02.195 7 INFO placement.requestlog [None req-818e967b-e2f9-45f1-a01e-b45d5718658b - - - - - -] 10.0.0.88 "GET /" status: 200 len: 136 microversion: 1.0
2026-05-28 13:57:02.341 8 INFO placement.requestlog [req-75286167-e229-4565-9505-1fb0ba9392de req-96a6cf5b-b36b-4016-b39a-4db130f5ec13 46704f37dd704e84a21654bb32fb1563 0f24f110580f4351b21a1b3e4806c284 - - 72ea93c423a347b1a227b29bc43f8be0 72ea93c423a347b1a227b29bc43f8be0] 199.204.45.144 "GET /resource_providers/c9fd9947-05e8-4c63-9d09-69a0400549d6/allocations" status: 200 len: 153 microversion: 1.0 [pid: 8|app: 0|req: 570/1144] 199.204.45.144 () {32 vars in 857 bytes} [Thu May 28 13:57:02 2026] GET /resource_providers/c9fd9947-05e8-4c63-9d09-69a0400549d6/allocations => generated 153 bytes in 22 msecs (HTTP/1.1 200) 6 headers in 224 bytes (1 switches on core 0)
2026-05-28 13:57:02.372 7 INFO placement.requestlog [req-75286167-e229-4565-9505-1fb0ba9392de req-13ae15eb-2c25-4a2d-8362-5de9e0369359 46704f37dd704e84a21654bb32fb1563 0f24f110580f4351b21a1b3e4806c284 - - 72ea93c423a347b1a227b29bc43f8be0 72ea93c423a347b1a227b29bc43f8be0] 199.204.45.144 "GET /resource_providers/c9fd9947-05e8-4c63-9d09-69a0400549d6/allocations" status: 200 len: 153 microversion: 1.0 [pid: 7|app: 0|req: 575/1145] 199.204.45.144 () {32 vars in 857 bytes} [Thu May 28 13:57:02 2026] GET /resource_providers/c9fd9947-05e8-4c63-9d09-69a0400549d6/allocations => generated 153 bytes in 25 msecs (HTTP/1.1 200) 6 headers in 224 bytes (1 switches on core 0)
2026-05-28 13:57:02.392 8 INFO placement.requestlog [req-75286167-e229-4565-9505-1fb0ba9392de req-367b4097-3d08-4096-8dac-58830faecf33 46704f37dd704e84a21654bb32fb1563 0f24f110580f4351b21a1b3e4806c284 - - 72ea93c423a347b1a227b29bc43f8be0 72ea93c423a347b1a227b29bc43f8be0] 199.204.45.144 "GET /allocations/86049b5a-3181-4278-bb8a-943b7d332368" status: 200 len: 258 microversion: 1.28 [pid: 8|app: 0|req: 571/1146] 199.204.45.144 () {34 vars in 863 bytes} [Thu May 28 13:57:02 2026] GET /allocations/86049b5a-3181-4278-bb8a-943b7d332368 => generated 258 bytes in 13 msecs (HTTP/1.1 200) 8 headers in 296 bytes (1 switches on core 0)
2026-05-28 13:57:03.450 7 INFO placement.requestlog [req-407997f2-2a31-4149-8813-790b7c49e09b req-b1ac8923-9643-410d-a448-00d53f3544b9 46704f37dd704e84a21654bb32fb1563 0f24f110580f4351b21a1b3e4806c284 - - 72ea93c423a347b1a227b29bc43f8be0 72ea93c423a347b1a227b29bc43f8be0] 199.204.45.144 "GET /resource_providers/c9fd9947-05e8-4c63-9d09-69a0400549d6/allocations" status: 200 len: 153 microversion: 1.0 [pid: 7|app: 0|req: 576/1147] 199.204.45.144 () {32 vars in 857 bytes} [Thu May 28 13:57:03 2026] GET /resource_providers/c9fd9947-05e8-4c63-9d09-69a0400549d6/allocations => generated 153 bytes in 26 msecs (HTTP/1.1 200) 6 headers in 224 bytes (1 switches on core 0)
2026-05-28 13:57:03.476 8 INFO placement.requestlog [req-407997f2-2a31-4149-8813-790b7c49e09b req-171c037c-a150-4a7a-b330-5e32cc8dc2ed 46704f37dd704e84a21654bb32fb1563 0f24f110580f4351b21a1b3e4806c284 - - 72ea93c423a347b1a227b29bc43f8be0 72ea93c423a347b1a227b29bc43f8be0] 199.204.45.144 "GET /allocations/86049b5a-3181-4278-bb8a-943b7d332368" status: 200 len: 258 microversion: 1.28 [pid: 8|app: 0|req: 572/1148] 199.204.45.144 () {34 vars in 863 bytes} [Thu May 28 13:57:03 2026] GET /allocations/86049b5a-3181-4278-bb8a-943b7d332368 => generated 258 bytes in 20 msecs (HTTP/1.1 200) 8 headers in 296 bytes (1 switches on core 0)
2026-05-28 13:57:04.526 7 INFO placement.requestlog [req-407997f2-2a31-4149-8813-790b7c49e09b req-32e1c885-00bd-4160-b6fd-e08ef7968b1f 46704f37dd704e84a21654bb32fb1563 0f24f110580f4351b21a1b3e4806c284 - - 72ea93c423a347b1a227b29bc43f8be0 72ea93c423a347b1a227b29bc43f8be0] 199.204.45.144 "DELETE /allocations/86049b5a-3181-4278-bb8a-943b7d332368" status: 204 len: 0 microversion: 1.0 [pid: 7|app: 0|req: 577/1149] 199.204.45.144 () {34 vars in 841 bytes} [Thu May 28 13:57:04 2026] DELETE /allocations/86049b5a-3181-4278-bb8a-943b7d332368 => generated 0 bytes in 21 msecs (HTTP/1.1 204) 5 headers in 198 bytes (1 switches on core 0)
2026-05-28 13:57:07.928 8 INFO placement.requestlog [None req-bf3b051c-edc2-4a2a-9a33-6744af63c409 bf73c27431934e0eb262479abae24cc0 0f24f110580f4351b21a1b3e4806c284 - - 72ea93c423a347b1a227b29bc43f8be0 72ea93c423a347b1a227b29bc43f8be0] 10.0.0.52 "GET /resource_providers/dc48cebf-e63d-4a46-bbfc-3fee4b95a933/aggregates" status: 404 len: 235 microversion: 1.1 [pid: 8|app: 0|req: 573/1150] 10.0.0.52 () {32 vars in 815 bytes} [Thu May 28 13:57:07 2026] GET /resource_providers/dc48cebf-e63d-4a46-bbfc-3fee4b95a933/aggregates => generated 235 bytes in 149 msecs (HTTP/1.1 404) 5 headers in 202 bytes (1 switches on core 0)
2026-05-28 13:57:07.936 7 INFO placement.requestlog [None req-cabe8572-f1c2-4ac0-96b3-86a9c72d68d6 bf73c27431934e0eb262479abae24cc0 0f24f110580f4351b21a1b3e4806c284 - - 72ea93c423a347b1a227b29bc43f8be0 72ea93c423a347b1a227b29bc43f8be0] 10.0.0.52 "GET /resource_providers/dc48cebf-e63d-4a46-bbfc-3fee4b95a933/aggregates" status: 404 len: 235 microversion: 1.1 [pid: 7|app: 0|req: 578/1151] 10.0.0.52 () {32 vars in 815 bytes} [Thu May 28 13:57:07 2026] GET /resource_providers/dc48cebf-e63d-4a46-bbfc-3fee4b95a933/aggregates => generated 235 bytes in 157 msecs (HTTP/1.1 404) 5 headers in 202 bytes (1 switches on core 0)
2026-05-28 13:57:07.947 8 INFO placement.requestlog [None req-ce7ebfce-0eeb-4cb4-9c1a-862102aec397 bf73c27431934e0eb262479abae24cc0 0f24f110580f4351b21a1b3e4806c284 - - 72ea93c423a347b1a227b29bc43f8be0 72ea93c423a347b1a227b29bc43f8be0] 10.0.0.52 "DELETE /resource_providers/dc48cebf-e63d-4a46-bbfc-3fee4b95a933" status: 404 len: 246 microversion: 1.1 [pid: 8|app: 0|req: 574/1152] 10.0.0.52 () {34 vars in 815 bytes} [Thu May 28 13:57:07 2026] DELETE /resource_providers/dc48cebf-e63d-4a46-bbfc-3fee4b95a933 => generated 246 bytes in 14 msecs (HTTP/1.1 404) 6 headers in 231 bytes (1 switches on core 0)
2026-05-28 13:57:07.954 7 INFO placement.requestlog [None req-fd01ddb9-feee-4e7b-88f3-9e36841694f2 bf73c27431934e0eb262479abae24cc0 0f24f110580f4351b21a1b3e4806c284 - - 72ea93c423a347b1a227b29bc43f8be0 72ea93c423a347b1a227b29bc43f8be0] 10.0.0.52 "DELETE /resource_providers/dc48cebf-e63d-4a46-bbfc-3fee4b95a933" status: 404 len: 246 microversion: 1.1 [pid: 7|app: 0|req: 579/1153] 10.0.0.52 () {34 vars in 815 bytes} [Thu May 28 13:57:07 2026] DELETE /resource_providers/dc48cebf-e63d-4a46-bbfc-3fee4b95a933 => generated 246 bytes in 8 msecs (HTTP/1.1 404) 6 headers in 231 bytes (1 switches on core 0)
2026-05-28 13:57:08.215 7 INFO placement.requestlog [None req-32b0358a-de9f-44b9-b3b9-d7ee604ad4d7 bf73c27431934e0eb262479abae24cc0 0f24f110580f4351b21a1b3e4806c284 - - 72ea93c423a347b1a227b29bc43f8be0 72ea93c423a347b1a227b29bc43f8be0] 10.0.0.52 "GET /resource_providers/579054b8-e03c-4c0a-ba50-6c49b093617c/aggregates" status: 404 len: 235 microversion: 1.1 [pid: 7|app: 0|req: 580/1154] 10.0.0.52 () {32 vars in 815 bytes} [Thu May 28 13:57:08 2026] GET /resource_providers/579054b8-e03c-4c0a-ba50-6c49b093617c/aggregates => generated 235 bytes in 47 msecs (HTTP/1.1 404) 5 headers in 202 bytes (1 switches on core 0)
2026-05-28 13:57:08.224 8 INFO placement.requestlog [None req-c83754af-0e6c-4e45-82cb-6159d4dc5c21 bf73c27431934e0eb262479abae24cc0 0f24f110580f4351b21a1b3e4806c284 - - 72ea93c423a347b1a227b29bc43f8be0 72ea93c423a347b1a227b29bc43f8be0] 10.0.0.52 "GET /resource_providers/579054b8-e03c-4c0a-ba50-6c49b093617c/aggregates" status: 404 len: 235 microversion: 1.1 [pid: 8|app: 0|req: 575/1155] 10.0.0.52 () {32 vars in 815 bytes} [Thu May 28 13:57:08 2026] GET /resource_providers/579054b8-e03c-4c0a-ba50-6c49b093617c/aggregates => generated 235 bytes in 55 msecs (HTTP/1.1 404) 5 headers in 202 bytes (1 switches on core 0)
2026-05-28 13:57:08.237 7 INFO placement.requestlog [None req-3add2fcf-8ff0-402d-935c-e3449048ef70 bf73c27431934e0eb262479abae24cc0 0f24f110580f4351b21a1b3e4806c284 - - 72ea93c423a347b1a227b29bc43f8be0 72ea93c423a347b1a227b29bc43f8be0] 10.0.0.52 "DELETE /resource_providers/579054b8-e03c-4c0a-ba50-6c49b093617c" status: 404 len: 246 microversion: 1.1 [pid: 7|app: 0|req: 581/1156] 10.0.0.52 () {34 vars in 815 bytes} [Thu May 28 13:57:08 2026] DELETE /resource_providers/579054b8-e03c-4c0a-ba50-6c49b093617c => generated 246 bytes in 10 msecs (HTTP/1.1 404) 6 headers in 231 bytes (1 switches on core 0)
2026-05-28 13:57:08.244 8 INFO placement.requestlog [None req-44221581-6102-4bb3-ab66-be3cdd4c87c1 bf73c27431934e0eb262479abae24cc0 0f24f110580f4351b21a1b3e4806c284 - - 72ea93c423a347b1a227b29bc43f8be0 72ea93c423a347b1a227b29bc43f8be0] 10.0.0.52 "DELETE /resource_providers/579054b8-e03c-4c0a-ba50-6c49b093617c" status: 404 len: 246 microversion: 1.1 [pid: 8|app: 0|req: 576/1157] 10.0.0.52 () {34 vars in 815 bytes} [Thu May 28 13:57:08 2026] DELETE /resource_providers/579054b8-e03c-4c0a-ba50-6c49b093617c => generated 246 bytes in 10 msecs (HTTP/1.1 404) 6 headers in 231 bytes (1 switches on core 0)
2026-05-28 13:57:12.196 7 INFO placement.requestlog [None req-5d2968da-ebed-457f-8133-2d2fd68a94c2 - - - - - -] 10.0.0.88 "GET /" status: 200 len: 136 microversion: 1.0
2026-05-28 13:57:12.196 8 INFO placement.requestlog [None req-3aeb3d41-cb37-4c5b-9dac-0c8e0b3a633e - - - - - -] 10.0.0.88 "GET /" status: 200 len: 136 microversion: 1.0
2026-05-28 13:57:22.195 8 INFO placement.requestlog [None req-f93d56f6-9b77-48d1-b91c-a19a4660a9c2 - - - - - -] 10.0.0.88 "GET /" status: 200 len: 136 microversion: 1.0
2026-05-28 13:57:22.195 7 INFO placement.requestlog [None req-faa15108-10e8-436e-bd0d-959232db9d17 - - - - - -] 10.0.0.88 "GET /" status: 200 len: 136 microversion: 1.0
2026-05-28 13:57:29.150 8 INFO placement.requestlog [req-1538605e-5666-4e95-9c08-8282e5ffecc7 req-4d170087-96fa-4db7-9738-f15cc31f060b 46704f37dd704e84a21654bb32fb1563 0f24f110580f4351b21a1b3e4806c284 - - 72ea93c423a347b1a227b29bc43f8be0 72ea93c423a347b1a227b29bc43f8be0] 10.0.0.103 "GET /allocation_candidates?limit=1000&resources=DISK_GB%3A1%2CMEMORY_MB%3A512%2CVCPU%3A1&root_required=%21COMPUTE_STATUS_DISABLED" status: 200 len: 2781 microversion: 1.36 [pid: 8|app: 0|req: 579/1162] 10.0.0.103 () {34 vars in 1012 bytes} [Thu May 28 13:57:29 2026] GET /allocation_candidates?limit=1000&resources=DISK_GB%3A1%2CMEMORY_MB%3A512%2CVCPU%3A1&root_required=%21COMPUTE_STATUS_DISABLED => generated 2781 bytes in 148 msecs (HTTP/1.1 200) 8 headers in 297 bytes (1 switches on core 0)
2026-05-28 13:57:29.184 7 INFO placement.requestlog [req-1538605e-5666-4e95-9c08-8282e5ffecc7 req-4057f889-5ae7-4009-83d2-936609af09d7 46704f37dd704e84a21654bb32fb1563 0f24f110580f4351b21a1b3e4806c284 - - 72ea93c423a347b1a227b29bc43f8be0 72ea93c423a347b1a227b29bc43f8be0] 10.0.0.103 "GET /allocations/5e83fcdc-77c2-47c2-922b-e6ab0d93d88a" status: 200 len: 19 microversion: 1.28 [pid: 7|app: 0|req: 584/1163] 10.0.0.103 () {34 vars in 861 bytes} [Thu May 28 13:57:29 2026] GET /allocations/5e83fcdc-77c2-47c2-922b-e6ab0d93d88a => generated 19 bytes in 10 msecs (HTTP/1.1 200) 8 headers in 295 bytes (1 switches on core 0)
2026-05-28 13:57:29.249 8 INFO placement.requestlog [req-1538605e-5666-4e95-9c08-8282e5ffecc7 req-e615390c-29df-46fa-896c-5cf8f2683d6d 46704f37dd704e84a21654bb32fb1563 0f24f110580f4351b21a1b3e4806c284 - - 72ea93c423a347b1a227b29bc43f8be0 72ea93c423a347b1a227b29bc43f8be0] 10.0.0.103 "PUT /allocations/5e83fcdc-77c2-47c2-922b-e6ab0d93d88a" status: 204 len: 0 microversion: 1.36 [pid: 8|app: 0|req: 580/1164] 10.0.0.103 () {38 vars in 914 bytes} [Thu May 28 13:57:29 2026] PUT /allocations/5e83fcdc-77c2-47c2-922b-e6ab0d93d88a => generated 0 bytes in 59 msecs (HTTP/1.1 204) 5 headers in 199 bytes (1 switches on core 0)
2026-05-28 13:57:30.650 7 INFO placement.requestlog [req-1538605e-5666-4e95-9c08-8282e5ffecc7 req-0da42cbd-d6f3-4bcc-aa04-7467ee5fc912 46704f37dd704e84a21654bb32fb1563 0f24f110580f4351b21a1b3e4806c284 - - 72ea93c423a347b1a227b29bc43f8be0 72ea93c423a347b1a227b29bc43f8be0] 199.204.45.144 "GET /allocations/5e83fcdc-77c2-47c2-922b-e6ab0d93d88a" status: 200 len: 258 microversion: 1.28 [pid: 7|app: 0|req: 585/1165] 199.204.45.144 () {34 vars in 863 bytes} [Thu May 28 13:57:30 2026] GET /allocations/5e83fcdc-77c2-47c2-922b-e6ab0d93d88a => generated 258 bytes in 9 msecs (HTTP/1.1 200) 8 headers in 296 bytes (1 switches on core 0)
2026-05-28 13:57:31.693 8 INFO placement.requestlog [req-1538605e-5666-4e95-9c08-8282e5ffecc7 req-b9ae830f-ab2e-4fcb-b63a-b8e1eac73301 46704f37dd704e84a21654bb32fb1563 0f24f110580f4351b21a1b3e4806c284 - - 72ea93c423a347b1a227b29bc43f8be0 72ea93c423a347b1a227b29bc43f8be0] 199.204.45.144 "GET /resource_providers/c9fd9947-05e8-4c63-9d09-69a0400549d6/allocations" status: 200 len: 153 microversion: 1.0 [pid: 8|app: 0|req: 581/1166] 199.204.45.144 () {32 vars in 857 bytes} [Thu May 28 13:57:31 2026] GET /resource_providers/c9fd9947-05e8-4c63-9d09-69a0400549d6/allocations => generated 153 bytes in 19 msecs (HTTP/1.1 200) 6 headers in 224 bytes (1 switches on core 0)
2026-05-28 13:57:31.712 7 INFO placement.requestlog [req-1538605e-5666-4e95-9c08-8282e5ffecc7 req-79db1f85-7c9b-4081-a113-6428408bcb2b 46704f37dd704e84a21654bb32fb1563 0f24f110580f4351b21a1b3e4806c284 - - 72ea93c423a347b1a227b29bc43f8be0 72ea93c423a347b1a227b29bc43f8be0] 199.204.45.144 "GET /allocations/5e83fcdc-77c2-47c2-922b-e6ab0d93d88a" status: 200 len: 258 microversion: 1.28 [pid: 7|app: 0|req: 586/1167] 199.204.45.144 () {34 vars in 863 bytes} [Thu May 28 13:57:31 2026] GET /allocations/5e83fcdc-77c2-47c2-922b-e6ab0d93d88a => generated 258 bytes in 12 msecs (HTTP/1.1 200) 8 headers in 296 bytes (1 switches on core 0)
2026-05-28 13:57:32.195 7 INFO placement.requestlog [None req-2800c798-1afa-40f8-9707-6575e9e011ab - - - - - -] 10.0.0.88 "GET /" status: 200 len: 136 microversion: 1.0
2026-05-28 13:57:32.195 8 INFO placement.requestlog [None req-2ed0d6bc-8d00-48ad-995b-9c4ae44f0b76 - - - - - -] 10.0.0.88 "GET /" status: 200 len: 136 microversion: 1.0
2026-05-28 13:57:42.196 7 INFO placement.requestlog [None req-ec0cecd2-08ad-4153-933b-7cc13f746a50 - - - - - -] 10.0.0.88 "GET /" status: 200 len: 136 microversion: 1.0
2026-05-28 13:57:42.196 8 INFO placement.requestlog [None req-5832949e-226c-4e86-b949-a21d33174352 - - - - - -] 10.0.0.88 "GET /" status: 200 len: 136 microversion: 1.0
2026-05-28 13:57:46.590 7 INFO placement.requestlog [req-86c25742-7379-41b2-b097-b2856663f323 req-e7732cb9-1586-4a73-a705-9096a019da38 46704f37dd704e84a21654bb32fb1563 0f24f110580f4351b21a1b3e4806c284 - - 72ea93c423a347b1a227b29bc43f8be0 72ea93c423a347b1a227b29bc43f8be0] 10.0.0.103 "GET /allocation_candidates?limit=1000&resources=DISK_GB%3A1%2CMEMORY_MB%3A512%2CVCPU%3A1&root_required=%21COMPUTE_STATUS_DISABLED" status: 200 len: 2783 microversion: 1.36 [pid: 7|app: 0|req: 589/1172] 10.0.0.103 () {34 vars in 1012 bytes} [Thu May 28 13:57:46 2026] GET /allocation_candidates?limit=1000&resources=DISK_GB%3A1%2CMEMORY_MB%3A512%2CVCPU%3A1&root_required=%21COMPUTE_STATUS_DISABLED => generated 2783 bytes in 48 msecs (HTTP/1.1 200) 8 headers in 297 bytes (1 switches on core 0)
2026-05-28 13:57:46.616 8 INFO placement.requestlog [req-86c25742-7379-41b2-b097-b2856663f323 req-7c58302e-32d6-4a97-b778-4a3b302dc341 46704f37dd704e84a21654bb32fb1563 0f24f110580f4351b21a1b3e4806c284 - - 72ea93c423a347b1a227b29bc43f8be0 72ea93c423a347b1a227b29bc43f8be0] 10.0.0.103 "GET /allocations/d4608b5a-14db-4eaa-9b38-cd9fab146d5a" status: 200 len: 19 microversion: 1.28 [pid: 8|app: 0|req: 584/1173] 10.0.0.103 () {34 vars in 861 bytes} [Thu May 28 13:57:46 2026] GET /allocations/d4608b5a-14db-4eaa-9b38-cd9fab146d5a => generated 19 bytes in 8 msecs (HTTP/1.1 200) 8 headers in 295 bytes (1 switches on core 0)
2026-05-28 13:57:46.681 7 INFO placement.requestlog [req-86c25742-7379-41b2-b097-b2856663f323 req-d77c9253-efea-4617-a8c0-b048a53ed97a 46704f37dd704e84a21654bb32fb1563 0f24f110580f4351b21a1b3e4806c284 - - 72ea93c423a347b1a227b29bc43f8be0 72ea93c423a347b1a227b29bc43f8be0] 10.0.0.103 "PUT /allocations/d4608b5a-14db-4eaa-9b38-cd9fab146d5a" status: 204 len: 0 microversion: 1.36 [pid: 7|app: 0|req: 590/1174] 10.0.0.103 () {38 vars in 914 bytes} [Thu May 28 13:57:46 2026] PUT /allocations/d4608b5a-14db-4eaa-9b38-cd9fab146d5a => generated 0 bytes in 58 msecs (HTTP/1.1 204) 5 headers in 199 bytes (1 switches on core 0)
2026-05-28 13:57:48.185 8 INFO placement.requestlog [req-86c25742-7379-41b2-b097-b2856663f323 req-ad798073-5d80-4293-a335-8d1e2f342f23 46704f37dd704e84a21654bb32fb1563 0f24f110580f4351b21a1b3e4806c284 - - 72ea93c423a347b1a227b29bc43f8be0 72ea93c423a347b1a227b29bc43f8be0] 199.204.45.144 "GET /allocations/d4608b5a-14db-4eaa-9b38-cd9fab146d5a" status: 200 len: 258 microversion: 1.28 [pid: 8|app: 0|req: 585/1175] 199.204.45.144 () {34 vars in 863 bytes} [Thu May 28 13:57:48 2026] GET /allocations/d4608b5a-14db-4eaa-9b38-cd9fab146d5a => generated 258 bytes in 18 msecs (HTTP/1.1 200) 8 headers in 296 bytes (1 switches on core 0)
2026-05-28 13:57:49.224 7 INFO placement.requestlog [req-86c25742-7379-41b2-b097-b2856663f323 req-4d9d169f-863e-4f7a-be06-ff07576db8f9 46704f37dd704e84a21654bb32fb1563 0f24f110580f4351b21a1b3e4806c284 - - 72ea93c423a347b1a227b29bc43f8be0 72ea93c423a347b1a227b29bc43f8be0] 199.204.45.144 "GET /resource_providers/c9fd9947-05e8-4c63-9d09-69a0400549d6/allocations" status: 200 len: 253 microversion: 1.0 [pid: 7|app: 0|req: 591/1176] 199.204.45.144 () {32 vars in 857 bytes} [Thu May 28 13:57:49 2026] GET /resource_providers/c9fd9947-05e8-4c63-9d09-69a0400549d6/allocations => generated 253 bytes in 16 msecs (HTTP/1.1 200) 6 headers in 224 bytes (1 switches on core 0)
2026-05-28 13:57:49.243 8 INFO placement.requestlog [req-86c25742-7379-41b2-b097-b2856663f323 req-e1629238-b9dc-4195-ae57-310cfd57699d 46704f37dd704e84a21654bb32fb1563 0f24f110580f4351b21a1b3e4806c284 - - 72ea93c423a347b1a227b29bc43f8be0 72ea93c423a347b1a227b29bc43f8be0] 199.204.45.144 "GET /allocations/5e83fcdc-77c2-47c2-922b-e6ab0d93d88a" status: 200 len: 258 microversion: 1.28 [pid: 8|app: 0|req: 586/1177] 199.204.45.144 () {34 vars in 863 bytes} [Thu May 28 13:57:49 2026] GET /allocations/5e83fcdc-77c2-47c2-922b-e6ab0d93d88a => generated 258 bytes in 13 msecs (HTTP/1.1 200) 8 headers in 296 bytes (1 switches on core 0)
2026-05-28 13:57:49.261 7 INFO placement.requestlog [req-86c25742-7379-41b2-b097-b2856663f323 req-cceeebd4-9640-4c8d-8053-5014f492c6c3 46704f37dd704e84a21654bb32fb1563 0f24f110580f4351b21a1b3e4806c284 - - 72ea93c423a347b1a227b29bc43f8be0 72ea93c423a347b1a227b29bc43f8be0] 199.204.45.144 "GET /allocations/d4608b5a-14db-4eaa-9b38-cd9fab146d5a" status: 200 len: 258 microversion: 1.28 [pid: 7|app: 0|req: 592/1178] 199.204.45.144 () {34 vars in 863 bytes} [Thu May 28 13:57:49 2026] GET /allocations/d4608b5a-14db-4eaa-9b38-cd9fab146d5a => generated 258 bytes in 13 msecs (HTTP/1.1 200) 8 headers in 296 bytes (1 switches on core 0)
2026-05-28 13:57:52.195 7 INFO placement.requestlog [None req-0a3a5b68-d210-40c7-9f34-416b7c393d6e - - - - - -] 10.0.0.88 "GET /" status: 200 len: 136 microversion: 1.0
2026-05-28 13:57:52.196 8 INFO placement.requestlog [None req-cb6582fc-7347-4ede-823c-10d8dd505bb4 - - - - - -] 10.0.0.88 "GET /" status: 200 len: 136 microversion: 1.0
2026-05-28 13:58:02.195 7 INFO placement.requestlog [None req-3814aa8e-bf01-4ac7-8b4f-dff6549f61ef - - - - - -] 10.0.0.88 "GET /" status: 200 len: 136 microversion: 1.0
2026-05-28 13:58:02.195 8 INFO placement.requestlog [None req-d57cf818-3cc8-4680-8cf4-376c260fd13f - - - - - -] 10.0.0.88 "GET /" status: 200 len: 136 microversion: 1.0
2026-05-28 13:58:02.551 7 INFO placement.requestlog [req-6bef3ffa-0279-47b5-b6c4-208468356f31 req-508c7080-319e-45b3-ae86-a47737f1d018 46704f37dd704e84a21654bb32fb1563 0f24f110580f4351b21a1b3e4806c284 - - 72ea93c423a347b1a227b29bc43f8be0 72ea93c423a347b1a227b29bc43f8be0] 199.204.45.144 "GET /resource_providers/c9fd9947-05e8-4c63-9d09-69a0400549d6/allocations" status: 200 len: 253 microversion: 1.0 [pid: 7|app: 0|req: 595/1183] 199.204.45.144 () {32 vars in 857 bytes} [Thu May 28 13:58:02 2026] GET /resource_providers/c9fd9947-05e8-4c63-9d09-69a0400549d6/allocations => generated 253 bytes in 14 msecs (HTTP/1.1 200) 6 headers in 224 bytes (1 switches on core 0)
2026-05-28 13:58:02.572 8 INFO placement.requestlog [req-6bef3ffa-0279-47b5-b6c4-208468356f31 req-8c17a228-4f42-4460-b9fc-f9bd519fe5c8 46704f37dd704e84a21654bb32fb1563 0f24f110580f4351b21a1b3e4806c284 - - 72ea93c423a347b1a227b29bc43f8be0 72ea93c423a347b1a227b29bc43f8be0] 199.204.45.144 "GET /resource_providers/c9fd9947-05e8-4c63-9d09-69a0400549d6/allocations" status: 200 len: 253 microversion: 1.0 [pid: 8|app: 0|req: 589/1184] 199.204.45.144 () {32 vars in 857 bytes} [Thu May 28 13:58:02 2026] GET /resource_providers/c9fd9947-05e8-4c63-9d09-69a0400549d6/allocations => generated 253 bytes in 14 msecs (HTTP/1.1 200) 6 headers in 224 bytes (1 switches on core 0)
2026-05-28 13:58:02.593 7 INFO placement.requestlog [req-6bef3ffa-0279-47b5-b6c4-208468356f31 req-5fadc2f9-650a-432c-9bf2-f6566a7e830f 46704f37dd704e84a21654bb32fb1563 0f24f110580f4351b21a1b3e4806c284 - - 72ea93c423a347b1a227b29bc43f8be0 72ea93c423a347b1a227b29bc43f8be0] 199.204.45.144 "GET /allocations/5e83fcdc-77c2-47c2-922b-e6ab0d93d88a" status: 200 len: 258 microversion: 1.28 [pid: 7|app: 0|req: 596/1185] 199.204.45.144 () {34 vars in 863 bytes} [Thu May 28 13:58:02 2026] GET /allocations/5e83fcdc-77c2-47c2-922b-e6ab0d93d88a => generated 258 bytes in 14 msecs (HTTP/1.1 200) 8 headers in 296 bytes (1 switches on core 0)
2026-05-28 13:58:02.609 8 INFO placement.requestlog [req-6bef3ffa-0279-47b5-b6c4-208468356f31 req-ce285c13-2f37-4a0e-be67-cf5990b2cbcd 46704f37dd704e84a21654bb32fb1563 0f24f110580f4351b21a1b3e4806c284 - - 72ea93c423a347b1a227b29bc43f8be0 72ea93c423a347b1a227b29bc43f8be0] 199.204.45.144 "GET /allocations/d4608b5a-14db-4eaa-9b38-cd9fab146d5a" status: 200 len: 258 microversion: 1.28 [pid: 8|app: 0|req: 590/1186] 199.204.45.144 () {34 vars in 863 bytes} [Thu May 28 13:58:02 2026] GET /allocations/d4608b5a-14db-4eaa-9b38-cd9fab146d5a => generated 258 bytes in 10 msecs (HTTP/1.1 200) 8 headers in 296 bytes (1 switches on core 0)
2026-05-28 13:58:12.195 7 INFO placement.requestlog [None req-4c5eb8d6-4488-4bc7-928a-63c4d04f4083 - - - - - -] 10.0.0.88 "GET /" status: 200 len: 136 microversion: 1.0
2026-05-28 13:58:12.195 8 INFO placement.requestlog [None req-eedd5c1a-b5c1-428c-bb41-a0432a933cd6 - - - - - -] 10.0.0.88 "GET /" status: 200 len: 136 microversion: 1.0
2026-05-28 13:58:22.195 8 INFO placement.requestlog [None req-387821a7-aadc-44f8-8e02-5bb45ea10245 - - - - - -] 10.0.0.88 "GET /" status: 200 len: 136 microversion: 1.0
2026-05-28 13:58:22.195 7 INFO placement.requestlog [None req-06e61433-f13d-444c-a61c-971ecc3804b5 - - - - - -] 10.0.0.88 "GET /" status: 200 len: 136 microversion: 1.0
2026-05-28 13:58:32.196 8 INFO placement.requestlog [None req-77fb9769-1ba5-4fea-b1f5-1b916518d679 - - - - - -] 10.0.0.88 "GET /" status: 200 len: 136 microversion: 1.0
2026-05-28 13:58:32.197 7 INFO placement.requestlog [None req-14dbcf0a-3978-410e-be14-b1a1fd623ddc - - - - - -] 10.0.0.88 "GET /" status: 200 len: 136 microversion: 1.0
2026-05-28 13:58:33.641 8 INFO placement.requestlog [req-b655b2cc-e9b5-4cbb-88c1-9f76d27a5d47 req-51ec2867-1426-4022-bc5d-714fd1f31beb 46704f37dd704e84a21654bb32fb1563 0f24f110580f4351b21a1b3e4806c284 - - 72ea93c423a347b1a227b29bc43f8be0 72ea93c423a347b1a227b29bc43f8be0] 10.0.0.103 "GET /allocation_candidates?limit=1000&resources=MEMORY_MB%3A2048%2CVCPU%3A2&root_required=%21COMPUTE_STATUS_DISABLED" status: 200 len: 2771 microversion: 1.36 [pid: 8|app: 0|req: 594/1193] 10.0.0.103 () {34 vars in 986 bytes} [Thu May 28 13:58:33 2026] GET /allocation_candidates?limit=1000&resources=MEMORY_MB%3A2048%2CVCPU%3A2&root_required=%21COMPUTE_STATUS_DISABLED => generated 2771 bytes in 48 msecs (HTTP/1.1 200) 8 headers in 297 bytes (1 switches on core 0)
2026-05-28 13:58:33.669 7 INFO placement.requestlog [req-b655b2cc-e9b5-4cbb-88c1-9f76d27a5d47 req-abd02f0c-3280-4222-b066-f51025deb11e 46704f37dd704e84a21654bb32fb1563 0f24f110580f4351b21a1b3e4806c284 - - 72ea93c423a347b1a227b29bc43f8be0 72ea93c423a347b1a227b29bc43f8be0] 10.0.0.103 "GET /allocations/c18cab4e-a4fd-4e5e-acb1-fa832c2a1a23" status: 200 len: 19 microversion: 1.28 [pid: 7|app: 0|req: 600/1194] 10.0.0.103 () {34 vars in 861 bytes} [Thu May 28 13:58:33 2026] GET /allocations/c18cab4e-a4fd-4e5e-acb1-fa832c2a1a23 => generated 19 bytes in 10 msecs (HTTP/1.1 200) 8 headers in 295 bytes (1 switches on core 0)
2026-05-28 13:58:33.744 8 INFO placement.requestlog [req-b655b2cc-e9b5-4cbb-88c1-9f76d27a5d47 req-15a6fe80-c504-4385-aa24-71aeaba9b9aa 46704f37dd704e84a21654bb32fb1563 0f24f110580f4351b21a1b3e4806c284 - - 72ea93c423a347b1a227b29bc43f8be0 72ea93c423a347b1a227b29bc43f8be0] 10.0.0.103 "PUT /allocations/c18cab4e-a4fd-4e5e-acb1-fa832c2a1a23" status: 204 len: 0 microversion: 1.36 [pid: 8|app: 0|req: 595/1195] 10.0.0.103 () {38 vars in 914 bytes} [Thu May 28 13:58:33 2026] PUT /allocations/c18cab4e-a4fd-4e5e-acb1-fa832c2a1a23 => generated 0 bytes in 68 msecs (HTTP/1.1 204) 5 headers in 199 bytes (1 switches on core 0)
2026-05-28 13:58:35.243 7 INFO placement.requestlog [req-b655b2cc-e9b5-4cbb-88c1-9f76d27a5d47 req-91d83ed8-d88e-4f69-b192-5c40e5632a30 46704f37dd704e84a21654bb32fb1563 0f24f110580f4351b21a1b3e4806c284 - - 72ea93c423a347b1a227b29bc43f8be0 72ea93c423a347b1a227b29bc43f8be0] 199.204.45.144 "GET /allocations/c18cab4e-a4fd-4e5e-acb1-fa832c2a1a23" status: 200 len: 245 microversion: 1.28 [pid: 7|app: 0|req: 601/1196] 199.204.45.144 () {34 vars in 863 bytes} [Thu May 28 13:58:35 2026] GET /allocations/c18cab4e-a4fd-4e5e-acb1-fa832c2a1a23 => generated 245 bytes in 17 msecs (HTTP/1.1 200) 8 headers in 296 bytes (1 switches on core 0)
2026-05-28 13:58:36.285 8 INFO placement.requestlog [req-b655b2cc-e9b5-4cbb-88c1-9f76d27a5d47 req-a2443919-95c8-42c0-bf9f-3c673746d4c6 46704f37dd704e84a21654bb32fb1563 0f24f110580f4351b21a1b3e4806c284 - - 72ea93c423a347b1a227b29bc43f8be0 72ea93c423a347b1a227b29bc43f8be0] 199.204.45.144 "GET /resource_providers/c9fd9947-05e8-4c63-9d09-69a0400549d6/allocations" status: 200 len: 340 microversion: 1.0 [pid: 8|app: 0|req: 596/1197] 199.204.45.144 () {32 vars in 857 bytes} [Thu May 28 13:58:36 2026] GET /resource_providers/c9fd9947-05e8-4c63-9d09-69a0400549d6/allocations => generated 340 bytes in 16 msecs (HTTP/1.1 200) 6 headers in 224 bytes (1 switches on core 0)
2026-05-28 13:58:36.309 7 INFO placement.requestlog [req-b655b2cc-e9b5-4cbb-88c1-9f76d27a5d47 req-9710b420-83f8-414d-9531-6233444f4781 46704f37dd704e84a21654bb32fb1563 0f24f110580f4351b21a1b3e4806c284 - - 72ea93c423a347b1a227b29bc43f8be0 72ea93c423a347b1a227b29bc43f8be0] 199.204.45.144 "GET /allocations/5e83fcdc-77c2-47c2-922b-e6ab0d93d88a" status: 200 len: 258 microversion: 1.28 [pid: 7|app: 0|req: 602/1198] 199.204.45.144 () {34 vars in 863 bytes} [Thu May 28 13:58:36 2026] GET /allocations/5e83fcdc-77c2-47c2-922b-e6ab0d93d88a => generated 258 bytes in 17 msecs (HTTP/1.1 200) 8 headers in 296 bytes (1 switches on core 0)
2026-05-28 13:58:36.331 8 INFO placement.requestlog [req-b655b2cc-e9b5-4cbb-88c1-9f76d27a5d47 req-da3eeee0-7f68-4f79-b903-429c24a6f78e 46704f37dd704e84a21654bb32fb1563 0f24f110580f4351b21a1b3e4806c284 - - 72ea93c423a347b1a227b29bc43f8be0 72ea93c423a347b1a227b29bc43f8be0] 199.204.45.144 "GET /allocations/d4608b5a-14db-4eaa-9b38-cd9fab146d5a" status: 200 len: 258 microversion: 1.28 [pid: 8|app: 0|req: 597/1199] 199.204.45.144 () {34 vars in 863 bytes} [Thu May 28 13:58:36 2026] GET /allocations/d4608b5a-14db-4eaa-9b38-cd9fab146d5a => generated 258 bytes in 16 msecs (HTTP/1.1 200) 8 headers in 296 bytes (1 switches on core 0)
2026-05-28 13:58:36.350 7 INFO placement.requestlog [req-b655b2cc-e9b5-4cbb-88c1-9f76d27a5d47 req-f20484e7-9815-4c5e-b149-7a30ec31b55e 46704f37dd704e84a21654bb32fb1563 0f24f110580f4351b21a1b3e4806c284 - - 72ea93c423a347b1a227b29bc43f8be0 72ea93c423a347b1a227b29bc43f8be0] 199.204.45.144 "GET /allocations/c18cab4e-a4fd-4e5e-acb1-fa832c2a1a23" status: 200 len: 245 microversion: 1.28 [pid: 7|app: 0|req: 603/1200] 199.204.45.144 () {34 vars in 863 bytes} [Thu May 28 13:58:36 2026] GET /allocations/c18cab4e-a4fd-4e5e-acb1-fa832c2a1a23 => generated 245 bytes in 11 msecs (HTTP/1.1 200) 8 headers in 296 bytes (1 switches on core 0)
2026-05-28 13:58:42.195 8 INFO placement.requestlog [None req-52323408-471d-4db6-82ae-47c8877b4ad1 - - - - - -] 10.0.0.88 "GET /" status: 200 len: 136 microversion: 1.0
2026-05-28 13:58:42.196 7 INFO placement.requestlog [None req-8b23750e-fb1a-44b9-aa00-570b7d0a4740 - - - - - -] 10.0.0.88 "GET /" status: 200 len: 136 microversion: 1.0
2026-05-28 13:58:52.194 8 INFO placement.requestlog [None req-e9076d95-f833-45e5-b2a5-7461cc309dee - - - - - -] 10.0.0.88 "GET /" status: 200 len: 136 microversion: 1.0
2026-05-28 13:58:52.195 7 INFO placement.requestlog [None req-6dc3385f-b2cd-4382-8e9d-406525990d54 - - - - - -] 10.0.0.88 "GET /" status: 200 len: 136 microversion: 1.0
2026-05-28 13:59:02.195 7 INFO placement.requestlog [None req-e389ae9f-3ae7-4780-aa7d-7be75c305afe - - - - - -] 10.0.0.88 "GET /" status: 200 len: 136 microversion: 1.0
2026-05-28 13:59:02.195 8 INFO placement.requestlog [None req-62092664-b967-4bc7-b022-98973e51ccce - - - - - -] 10.0.0.88 "GET /" status: 200 len: 136 microversion: 1.0
2026-05-28 13:59:02.742 7 INFO placement.requestlog [req-b680eff2-5b81-4f84-a379-3c62256a362c req-53b79bdb-26d8-4059-b6a1-ada5def1bfb5 46704f37dd704e84a21654bb32fb1563 0f24f110580f4351b21a1b3e4806c284 - - 72ea93c423a347b1a227b29bc43f8be0 72ea93c423a347b1a227b29bc43f8be0] 199.204.45.144 "GET /resource_providers/c9fd9947-05e8-4c63-9d09-69a0400549d6/allocations" status: 200 len: 340 microversion: 1.0 [pid: 7|app: 0|req: 607/1207] 199.204.45.144 () {32 vars in 857 bytes} [Thu May 28 13:59:02 2026] GET /resource_providers/c9fd9947-05e8-4c63-9d09-69a0400549d6/allocations => generated 340 bytes in 86 msecs (HTTP/1.1 200) 6 headers in 224 bytes (1 switches on core 0)
2026-05-28 13:59:02.769 8 INFO placement.requestlog [req-b680eff2-5b81-4f84-a379-3c62256a362c req-095b4252-12e8-4c69-a01d-f5a339a4c527 46704f37dd704e84a21654bb32fb1563 0f24f110580f4351b21a1b3e4806c284 - - 72ea93c423a347b1a227b29bc43f8be0 72ea93c423a347b1a227b29bc43f8be0] 199.204.45.144 "GET /resource_providers?in_tree=c9fd9947-05e8-4c63-9d09-69a0400549d6" status: 200 len: 798 microversion: 1.14 [pid: 8|app: 0|req: 601/1208] 199.204.45.144 () {34 vars in 892 bytes} [Thu May 28 13:59:02 2026] GET /resource_providers?in_tree=c9fd9947-05e8-4c63-9d09-69a0400549d6 => generated 798 bytes in 20 msecs (HTTP/1.1 200) 6 headers in 225 bytes (1 switches on core 0)
2026-05-28 13:59:02.802 7 INFO placement.requestlog [req-b680eff2-5b81-4f84-a379-3c62256a362c req-8acff734-e59b-4071-b94c-53a5d8cd9138 46704f37dd704e84a21654bb32fb1563 0f24f110580f4351b21a1b3e4806c284 - - 72ea93c423a347b1a227b29bc43f8be0 72ea93c423a347b1a227b29bc43f8be0] 199.204.45.144 "GET /resource_providers/c9fd9947-05e8-4c63-9d09-69a0400549d6/inventories" status: 200 len: 401 microversion: 1.0 [pid: 7|app: 0|req: 608/1209] 199.204.45.144 () {32 vars in 857 bytes} [Thu May 28 13:59:02 2026] GET /resource_providers/c9fd9947-05e8-4c63-9d09-69a0400549d6/inventories => generated 401 bytes in 26 msecs (HTTP/1.1 200) 6 headers in 224 bytes (1 switches on core 0)
2026-05-28 13:59:02.825 8 INFO placement.requestlog [req-b680eff2-5b81-4f84-a379-3c62256a362c req-8982cca8-20fc-4cb4-8d13-0a352220c94d 46704f37dd704e84a21654bb32fb1563 0f24f110580f4351b21a1b3e4806c284 - - 72ea93c423a347b1a227b29bc43f8be0 72ea93c423a347b1a227b29bc43f8be0] 199.204.45.144 "GET /resource_providers/c9fd9947-05e8-4c63-9d09-69a0400549d6/aggregates" status: 200 len: 54 microversion: 1.19 [pid: 8|app: 0|req: 602/1210] 199.204.45.144 () {34 vars in 899 bytes} [Thu May 28 13:59:02 2026] GET /resource_providers/c9fd9947-05e8-4c63-9d09-69a0400549d6/aggregates => generated 54 bytes in 17 msecs (HTTP/1.1 200) 8 headers in 295 bytes (1 switches on core 0)
2026-05-28 13:59:02.857 7 INFO placement.requestlog [req-b680eff2-5b81-4f84-a379-3c62256a362c req-1a1e813f-c1fe-4706-977e-bdff0f6a817f 46704f37dd704e84a21654bb32fb1563 0f24f110580f4351b21a1b3e4806c284 - - 72ea93c423a347b1a227b29bc43f8be0 72ea93c423a347b1a227b29bc43f8be0] 199.204.45.144 "GET /resource_providers/c9fd9947-05e8-4c63-9d09-69a0400549d6/traits" status: 200 len: 2317 microversion: 1.6 [pid: 7|app: 0|req: 609/1211] 199.204.45.144 () {34 vars in 890 bytes} [Thu May 28 13:59:02 2026] GET /resource_providers/c9fd9947-05e8-4c63-9d09-69a0400549d6/traits => generated 2317 bytes in 25 msecs (HTTP/1.1 200) 6 headers in 225 bytes (1 switches on core 0)
2026-05-28 13:59:02.886 8 INFO placement.requestlog [req-b680eff2-5b81-4f84-a379-3c62256a362c req-43259543-9e36-4bab-afaa-ccd5ef9fd68a 46704f37dd704e84a21654bb32fb1563 0f24f110580f4351b21a1b3e4806c284 - - 72ea93c423a347b1a227b29bc43f8be0 72ea93c423a347b1a227b29bc43f8be0] 199.204.45.144 "GET /resource_providers/c9fd9947-05e8-4c63-9d09-69a0400549d6/allocations" status: 200 len: 340 microversion: 1.0 [pid: 8|app: 0|req: 603/1212] 199.204.45.144 () {32 vars in 857 bytes} [Thu May 28 13:59:02 2026] GET /resource_providers/c9fd9947-05e8-4c63-9d09-69a0400549d6/allocations => generated 340 bytes in 18 msecs (HTTP/1.1 200) 6 headers in 224 bytes (1 switches on core 0)
2026-05-28 13:59:02.906 7 INFO placement.requestlog [req-b680eff2-5b81-4f84-a379-3c62256a362c req-b4697563-ecc5-4ea9-866b-edf74956da51 46704f37dd704e84a21654bb32fb1563 0f24f110580f4351b21a1b3e4806c284 - - 72ea93c423a347b1a227b29bc43f8be0 72ea93c423a347b1a227b29bc43f8be0] 199.204.45.144 "GET /allocations/5e83fcdc-77c2-47c2-922b-e6ab0d93d88a" status: 200 len: 258 microversion: 1.28 [pid: 7|app: 0|req: 610/1213] 199.204.45.144 () {34 vars in 863 bytes} [Thu May 28 13:59:02 2026] GET /allocations/5e83fcdc-77c2-47c2-922b-e6ab0d93d88a => generated 258 bytes in 13 msecs (HTTP/1.1 200) 8 headers in 296 bytes (1 switches on core 0)
2026-05-28 13:59:02.923 8 INFO placement.requestlog [req-b680eff2-5b81-4f84-a379-3c62256a362c req-3b269fc7-cebe-4c28-883b-e5e93e6f0408 46704f37dd704e84a21654bb32fb1563 0f24f110580f4351b21a1b3e4806c284 - - 72ea93c423a347b1a227b29bc43f8be0 72ea93c423a347b1a227b29bc43f8be0] 199.204.45.144 "GET /allocations/d4608b5a-14db-4eaa-9b38-cd9fab146d5a" status: 200 len: 258 microversion: 1.28 [pid: 8|app: 0|req: 604/1214] 199.204.45.144 () {34 vars in 863 bytes} [Thu May 28 13:59:02 2026] GET /allocations/d4608b5a-14db-4eaa-9b38-cd9fab146d5a => generated 258 bytes in 10 msecs (HTTP/1.1 200) 8 headers in 296 bytes (1 switches on core 0)
2026-05-28 13:59:02.942 7 INFO placement.requestlog [req-b680eff2-5b81-4f84-a379-3c62256a362c req-44f9881f-49fd-4e9c-99ac-94dca45fdd1e 46704f37dd704e84a21654bb32fb1563 0f24f110580f4351b21a1b3e4806c284 - - 72ea93c423a347b1a227b29bc43f8be0 72ea93c423a347b1a227b29bc43f8be0] 199.204.45.144 "GET /allocations/c18cab4e-a4fd-4e5e-acb1-fa832c2a1a23" status: 200 len: 245 microversion: 1.28 [pid: 7|app: 0|req: 611/1215] 199.204.45.144 () {34 vars in 863 bytes} [Thu May 28 13:59:02 2026] GET /allocations/c18cab4e-a4fd-4e5e-acb1-fa832c2a1a23 => generated 245 bytes in 14 msecs (HTTP/1.1 200) 8 headers in 296 bytes (1 switches on core 0)
2026-05-28 13:59:12.195 8 INFO placement.requestlog [None req-fa7a069c-2244-4d83-90fe-6ac3f0d98af7 - - - - - -] 10.0.0.88 "GET /" status: 200 len: 136 microversion: 1.0
2026-05-28 13:59:12.195 7 INFO placement.requestlog [None req-13db17d9-8b4b-4121-b8c5-2aafd8b37b75 - - - - - -] 10.0.0.88 "GET /" status: 200 len: 136 microversion: 1.0
2026-05-28 13:59:22.196 7 INFO placement.requestlog [None req-db7b84cc-3d36-4424-885c-1d2eb105d6a2 - - - - - -] 10.0.0.88 "GET /" status: 200 len: 136 microversion: 1.0
2026-05-28 13:59:22.196 8 INFO placement.requestlog [None req-da4c2f32-f091-496a-bea9-f99d8640064f - - - - - -] 10.0.0.88 "GET /" status: 200 len: 136 microversion: 1.0
2026-05-28 13:59:32.195 8 INFO placement.requestlog [None req-4c7deeb8-494a-448f-b4bb-cd8397372b8c - - - - - -] 10.0.0.88 "GET /" status: 200 len: 136 microversion: 1.0
2026-05-28 13:59:32.195 7 INFO placement.requestlog [None req-b4f70a4f-7d7e-4370-87a1-c88b1d3ba6f3 - - - - - -] 10.0.0.88 "GET /" status: 200 len: 136 microversion: 1.0
2026-05-28 13:59:42.195 8 INFO placement.requestlog [None req-be4f6d2f-f8cf-43d8-a606-ebf287f0259e - - - - - -] 10.0.0.88 "GET /" status: 200 len: 136 microversion: 1.0
2026-05-28 13:59:42.195 7 INFO placement.requestlog [None req-39822c98-bb0e-4dfb-bf3e-9c03b77048de - - - - - -] 10.0.0.88 "GET /" status: 200 len: 136 microversion: 1.0
2026-05-28 13:59:52.195 7 INFO placement.requestlog [None req-8a49b07f-5dee-4dc4-8d4f-0f05dce79c25 - - - - - -] 10.0.0.88 "GET /" status: 200 len: 136 microversion: 1.0
