May 16 01:26:31.050628 np0000174372 nova-conductor[110471]: DEBUG cotyledon.oslo_config_glue [-] vmware.vnc_port_total = 10000 {{(pid=110471) log_opt_values /opt/stack/data/venv/lib/python3.12/site-packages/oslo_config/cfg.py:3006}}
May 16 01:26:31.050628 np0000174372 nova-conductor[110471]: DEBUG cotyledon.oslo_config_glue [-] vnc.auth_schemes = ['none'] {{(pid=110471) log_opt_values /opt/stack/data/venv/lib/python3.12/site-packages/oslo_config/cfg.py:3006}}
May 16 01:26:31.050876 np0000174372 nova-conductor[110471]: DEBUG cotyledon.oslo_config_glue [-] vnc.enabled = True {{(pid=110471) log_opt_values /opt/stack/data/venv/lib/python3.12/site-packages/oslo_config/cfg.py:3006}}
May 16 01:26:31.050876 np0000174372 nova-conductor[110471]: DEBUG cotyledon.oslo_config_glue [-] vnc.novncproxy_base_url = http://127.0.0.1:6080/vnc_auto.html {{(pid=110471) log_opt_values /opt/stack/data/venv/lib/python3.12/site-packages/oslo_config/cfg.py:3006}}
May 16 01:26:31.050876 np0000174372 nova-conductor[110471]: DEBUG cotyledon.oslo_config_glue [-] vnc.novncproxy_host = 0.0.0.0 {{(pid=110471) log_opt_values /opt/stack/data/venv/lib/python3.12/site-packages/oslo_config/cfg.py:3006}}
May 16 01:26:31.050876 np0000174372 nova-conductor[110471]: DEBUG cotyledon.oslo_config_glue [-] vnc.novncproxy_port = 6080 {{(pid=110471) log_opt_values /opt/stack/data/venv/lib/python3.12/site-packages/oslo_config/cfg.py:3006}}
May 16 01:26:31.050876 np0000174372 nova-conductor[110471]: DEBUG cotyledon.oslo_config_glue [-] vnc.server_listen = 127.0.0.1 {{(pid=110471) log_opt_values /opt/stack/data/venv/lib/python3.12/site-packages/oslo_config/cfg.py:3006}}
May 16 01:26:31.050876 np0000174372 nova-conductor[110471]: DEBUG cotyledon.oslo_config_glue [-] vnc.server_proxyclient_address = 127.0.0.1 {{(pid=110471) log_opt_values /opt/stack/data/venv/lib/python3.12/site-packages/oslo_config/cfg.py:3006}}
May 16 01:26:31.050876 np0000174372 nova-conductor[110471]: DEBUG cotyledon.oslo_config_glue [-] vnc.vencrypt_ca_certs = None {{(pid=110471) log_opt_values /opt/stack/data/venv/lib/python3.12/site-packages/oslo_config/cfg.py:3006}}
May 16 01:26:31.050876 np0000174372 nova-conductor[110471]: DEBUG cotyledon.oslo_config_glue [-] vnc.vencrypt_client_cert = None {{(pid=110471) log_opt_values /opt/stack/data/venv/lib/python3.12/site-packages/oslo_config/cfg.py:3006}}
May 16 01:26:31.050876 np0000174372 nova-conductor[110471]: DEBUG cotyledon.oslo_config_glue [-] vnc.vencrypt_client_key = None {{(pid=110471) log_opt_values /opt/stack/data/venv/lib/python3.12/site-packages/oslo_config/cfg.py:3006}}
May 16 01:26:31.051069 np0000174372 nova-conductor[110471]: DEBUG cotyledon.oslo_config_glue [-] workarounds.disable_compute_service_check_for_ffu = False {{(pid=110471) log_opt_values /opt/stack/data/venv/lib/python3.12/site-packages/oslo_config/cfg.py:3006}}
May 16 01:26:31.051069 np0000174372 nova-conductor[110471]: DEBUG cotyledon.oslo_config_glue [-] workarounds.disable_deep_image_inspection = False {{(pid=110471) log_opt_values /opt/stack/data/venv/lib/python3.12/site-packages/oslo_config/cfg.py:3006}}
May 16 01:26:31.051069 np0000174372 nova-conductor[110471]: DEBUG cotyledon.oslo_config_glue [-] workarounds.disable_fallback_pcpu_query = False {{(pid=110471) log_opt_values /opt/stack/data/venv/lib/python3.12/site-packages/oslo_config/cfg.py:3006}}
May 16 01:26:31.051069 np0000174372 nova-conductor[110471]: DEBUG cotyledon.oslo_config_glue [-] workarounds.disable_group_policy_check_upcall = False {{(pid=110471) log_opt_values /opt/stack/data/venv/lib/python3.12/site-packages/oslo_config/cfg.py:3006}}
May 16 01:26:31.051069 np0000174372 nova-conductor[110471]: DEBUG cotyledon.oslo_config_glue [-] workarounds.disable_libvirt_livesnapshot = False {{(pid=110471) log_opt_values /opt/stack/data/venv/lib/python3.12/site-packages/oslo_config/cfg.py:3006}}
May 16 01:26:31.051069 np0000174372 nova-conductor[110471]: DEBUG cotyledon.oslo_config_glue [-] workarounds.disable_rootwrap = False {{(pid=110471) log_opt_values /opt/stack/data/venv/lib/python3.12/site-packages/oslo_config/cfg.py:3006}}
May 16 01:26:31.051069 np0000174372 nova-conductor[110471]: DEBUG cotyledon.oslo_config_glue [-] workarounds.enable_numa_live_migration = False {{(pid=110471) log_opt_values /opt/stack/data/venv/lib/python3.12/site-packages/oslo_config/cfg.py:3006}}
May 16 01:26:31.051069 np0000174372 nova-conductor[110471]: DEBUG cotyledon.oslo_config_glue [-] workarounds.enable_qemu_monitor_announce_self = False {{(pid=110471) log_opt_values /opt/stack/data/venv/lib/python3.12/site-packages/oslo_config/cfg.py:3006}}
May 16 01:26:31.051069 np0000174372 nova-conductor[110471]: DEBUG cotyledon.oslo_config_glue [-] workarounds.ensure_libvirt_rbd_instance_dir_cleanup = False {{(pid=110471) log_opt_values /opt/stack/data/venv/lib/python3.12/site-packages/oslo_config/cfg.py:3006}}
May 16 01:26:31.051284 np0000174372 nova-conductor[110471]: DEBUG cotyledon.oslo_config_glue [-] workarounds.handle_virt_lifecycle_events = True {{(pid=110471) log_opt_values /opt/stack/data/venv/lib/python3.12/site-packages/oslo_config/cfg.py:3006}}
May 16 01:26:31.051284 np0000174372 nova-conductor[110471]: DEBUG cotyledon.oslo_config_glue [-] workarounds.libvirt_disable_apic = False {{(pid=110471) log_opt_values /opt/stack/data/venv/lib/python3.12/site-packages/oslo_config/cfg.py:3006}}
May 16 01:26:31.051284 np0000174372 nova-conductor[110471]: DEBUG cotyledon.oslo_config_glue [-] workarounds.never_download_image_if_on_rbd = False {{(pid=110471) log_opt_values /opt/stack/data/venv/lib/python3.12/site-packages/oslo_config/cfg.py:3006}}
May 16 01:26:31.051284 np0000174372 nova-conductor[110471]: DEBUG cotyledon.oslo_config_glue [-] workarounds.qemu_monitor_announce_self_count = 3 {{(pid=110471) log_opt_values /opt/stack/data/venv/lib/python3.12/site-packages/oslo_config/cfg.py:3006}}
May 16 01:26:31.051284 np0000174372 nova-conductor[110471]: DEBUG cotyledon.oslo_config_glue [-] workarounds.qemu_monitor_announce_self_interval = 1 {{(pid=110471) log_opt_values /opt/stack/data/venv/lib/python3.12/site-packages/oslo_config/cfg.py:3006}}
May 16 01:26:31.051284 np0000174372 nova-conductor[110471]: DEBUG cotyledon.oslo_config_glue [-] workarounds.reserve_disk_resource_for_image_cache = False {{(pid=110471) log_opt_values /opt/stack/data/venv/lib/python3.12/site-packages/oslo_config/cfg.py:3006}}
May 16 01:26:31.051284 np0000174372 nova-conductor[110471]: DEBUG cotyledon.oslo_config_glue [-] workarounds.skip_cpu_compare_at_startup = False {{(pid=110471) log_opt_values /opt/stack/data/venv/lib/python3.12/site-packages/oslo_config/cfg.py:3006}}
May 16 01:26:31.051284 np0000174372 nova-conductor[110471]: DEBUG cotyledon.oslo_config_glue [-] workarounds.skip_cpu_compare_on_dest = False {{(pid=110471) log_opt_values /opt/stack/data/venv/lib/python3.12/site-packages/oslo_config/cfg.py:3006}}
May 16 01:26:31.051284 np0000174372 nova-conductor[110471]: DEBUG cotyledon.oslo_config_glue [-] workarounds.skip_hypervisor_version_check_on_lm = False {{(pid=110471) log_opt_values /opt/stack/data/venv/lib/python3.12/site-packages/oslo_config/cfg.py:3006}}
May 16 01:26:31.051486 np0000174372 nova-conductor[110471]: DEBUG cotyledon.oslo_config_glue [-] workarounds.skip_reserve_in_use_ironic_nodes = False {{(pid=110471) log_opt_values /opt/stack/data/venv/lib/python3.12/site-packages/oslo_config/cfg.py:3006}}
May 16 01:26:31.051486 np0000174372 nova-conductor[110471]: DEBUG cotyledon.oslo_config_glue [-] workarounds.unified_limits_count_pcpu_as_vcpu = False {{(pid=110471) log_opt_values /opt/stack/data/venv/lib/python3.12/site-packages/oslo_config/cfg.py:3006}}
May 16 01:26:31.051486 np0000174372 nova-conductor[110471]: DEBUG cotyledon.oslo_config_glue [-] workarounds.wait_for_vif_plugged_event_during_hard_reboot = [] {{(pid=110471) log_opt_values /opt/stack/data/venv/lib/python3.12/site-packages/oslo_config/cfg.py:3006}}
May 16 01:26:31.051486 np0000174372 nova-conductor[110471]: DEBUG cotyledon.oslo_config_glue [-] wsgi.api_paste_config = /etc/nova/api-paste.ini {{(pid=110471) log_opt_values /opt/stack/data/venv/lib/python3.12/site-packages/oslo_config/cfg.py:3006}}
May 16 01:26:31.051486 np0000174372 nova-conductor[110471]: DEBUG cotyledon.oslo_config_glue [-] wsgi.secure_proxy_ssl_header = None {{(pid=110471) log_opt_values /opt/stack/data/venv/lib/python3.12/site-packages/oslo_config/cfg.py:3006}}
May 16 01:26:31.051486 np0000174372 nova-conductor[110471]: DEBUG cotyledon.oslo_config_glue [-] zvm.ca_file = None {{(pid=110471) log_opt_values /opt/stack/data/venv/lib/python3.12/site-packages/oslo_config/cfg.py:3006}}
May 16 01:26:31.051486 np0000174372 nova-conductor[110471]: DEBUG cotyledon.oslo_config_glue [-] zvm.cloud_connector_url = None {{(pid=110471) log_opt_values /opt/stack/data/venv/lib/python3.12/site-packages/oslo_config/cfg.py:3006}}
May 16 01:26:31.051486 np0000174372 nova-conductor[110471]: DEBUG cotyledon.oslo_config_glue [-] zvm.image_tmp_path = /opt/stack/data/nova/images {{(pid=110471) log_opt_values /opt/stack/data/venv/lib/python3.12/site-packages/oslo_config/cfg.py:3006}}
May 16 01:26:31.051486 np0000174372 nova-conductor[110471]: DEBUG cotyledon.oslo_config_glue [-] zvm.reachable_timeout = 300 {{(pid=110471) log_opt_values /opt/stack/data/venv/lib/python3.12/site-packages/oslo_config/cfg.py:3006}}
May 16 01:26:31.051769 np0000174372 nova-conductor[110471]: DEBUG cotyledon.oslo_config_glue [-] oslo_versionedobjects.fatal_exception_format_errors = False {{(pid=110471) log_opt_values /opt/stack/data/venv/lib/python3.12/site-packages/oslo_config/cfg.py:3006}}
May 16 01:26:31.051769 np0000174372 nova-conductor[110471]: DEBUG cotyledon.oslo_config_glue [-] oslo_middleware.http_basic_auth_user_file = /etc/htpasswd {{(pid=110471) log_opt_values /opt/stack/data/venv/lib/python3.12/site-packages/oslo_config/cfg.py:3006}}
May 16 01:26:31.051769 np0000174372 nova-conductor[110471]: DEBUG cotyledon.oslo_config_glue [-] profiler.connection_string = messaging:// {{(pid=110471) log_opt_values /opt/stack/data/venv/lib/python3.12/site-packages/oslo_config/cfg.py:3006}}
May 16 01:26:31.051769 np0000174372 nova-conductor[110471]: DEBUG cotyledon.oslo_config_glue [-] profiler.enabled = False {{(pid=110471) log_opt_values /opt/stack/data/venv/lib/python3.12/site-packages/oslo_config/cfg.py:3006}}
May 16 01:26:31.051769 np0000174372 nova-conductor[110471]: DEBUG cotyledon.oslo_config_glue [-] profiler.es_doc_type = notification {{(pid=110471) log_opt_values /opt/stack/data/venv/lib/python3.12/site-packages/oslo_config/cfg.py:3006}}
May 16 01:26:31.051769 np0000174372 nova-conductor[110471]: DEBUG cotyledon.oslo_config_glue [-] profiler.es_scroll_size = 10000 {{(pid=110471) log_opt_values /opt/stack/data/venv/lib/python3.12/site-packages/oslo_config/cfg.py:3006}}
May 16 01:26:31.051769 np0000174372 nova-conductor[110471]: DEBUG cotyledon.oslo_config_glue [-] profiler.es_scroll_time = 2m {{(pid=110471) log_opt_values /opt/stack/data/venv/lib/python3.12/site-packages/oslo_config/cfg.py:3006}}
May 16 01:26:31.051769 np0000174372 nova-conductor[110471]: DEBUG cotyledon.oslo_config_glue [-] profiler.filter_error_trace = False {{(pid=110471) log_opt_values /opt/stack/data/venv/lib/python3.12/site-packages/oslo_config/cfg.py:3006}}
May 16 01:26:31.051769 np0000174372 nova-conductor[110471]: DEBUG cotyledon.oslo_config_glue [-] profiler.hmac_keys = **** {{(pid=110471) log_opt_values /opt/stack/data/venv/lib/python3.12/site-packages/oslo_config/cfg.py:3006}}
May 16 01:26:31.051975 np0000174372 nova-conductor[110471]: DEBUG cotyledon.oslo_config_glue [-] profiler.sentinel_service_name = mymaster {{(pid=110471) log_opt_values /opt/stack/data/venv/lib/python3.12/site-packages/oslo_config/cfg.py:3006}}
May 16 01:26:31.051975 np0000174372 nova-conductor[110471]: DEBUG cotyledon.oslo_config_glue [-] profiler.socket_timeout = 0.1 {{(pid=110471) log_opt_values /opt/stack/data/venv/lib/python3.12/site-packages/oslo_config/cfg.py:3006}}
May 16 01:26:31.051975 np0000174372 nova-conductor[110471]: DEBUG cotyledon.oslo_config_glue [-] profiler.trace_requests = False {{(pid=110471) log_opt_values /opt/stack/data/venv/lib/python3.12/site-packages/oslo_config/cfg.py:3006}}
May 16 01:26:31.051975 np0000174372 nova-conductor[110471]: DEBUG cotyledon.oslo_config_glue [-] profiler.trace_sqlalchemy = False {{(pid=110471) log_opt_values /opt/stack/data/venv/lib/python3.12/site-packages/oslo_config/cfg.py:3006}}
May 16 01:26:31.051975 np0000174372 nova-conductor[110471]: DEBUG cotyledon.oslo_config_glue [-] profiler_jaeger.process_tags = {} {{(pid=110471) log_opt_values /opt/stack/data/venv/lib/python3.12/site-packages/oslo_config/cfg.py:3006}}
May 16 01:26:31.051975 np0000174372 nova-conductor[110471]: DEBUG cotyledon.oslo_config_glue [-] profiler_jaeger.service_name_prefix = None {{(pid=110471) log_opt_values /opt/stack/data/venv/lib/python3.12/site-packages/oslo_config/cfg.py:3006}}
May 16 01:26:31.051975 np0000174372 nova-conductor[110471]: DEBUG cotyledon.oslo_config_glue [-] profiler_otlp.service_name_prefix = None {{(pid=110471) log_opt_values /opt/stack/data/venv/lib/python3.12/site-packages/oslo_config/cfg.py:3006}}
May 16 01:26:31.051975 np0000174372 nova-conductor[110471]: DEBUG cotyledon.oslo_config_glue [-] oslo_messaging_rabbit.amqp_auto_delete = False {{(pid=110471) log_opt_values /opt/stack/data/venv/lib/python3.12/site-packages/oslo_config/cfg.py:3006}}
May 16 01:26:31.051975 np0000174372 nova-conductor[110471]: DEBUG cotyledon.oslo_config_glue [-] oslo_messaging_rabbit.amqp_durable_queues = False {{(pid=110471) log_opt_values /opt/stack/data/venv/lib/python3.12/site-packages/oslo_config/cfg.py:3006}}
May 16 01:26:31.052169 np0000174372 nova-conductor[110471]: DEBUG cotyledon.oslo_config_glue [-] oslo_messaging_rabbit.conn_pool_min_size = 2 {{(pid=110471) log_opt_values /opt/stack/data/venv/lib/python3.12/site-packages/oslo_config/cfg.py:3006}}
May 16 01:26:31.052169 np0000174372 nova-conductor[110471]: DEBUG cotyledon.oslo_config_glue [-] oslo_messaging_rabbit.conn_pool_ttl = 1200 {{(pid=110471) log_opt_values /opt/stack/data/venv/lib/python3.12/site-packages/oslo_config/cfg.py:3006}}
May 16 01:26:31.052169 np0000174372 nova-conductor[110471]: DEBUG cotyledon.oslo_config_glue [-] oslo_messaging_rabbit.direct_mandatory_flag = True {{(pid=110471) log_opt_values /opt/stack/data/venv/lib/python3.12/site-packages/oslo_config/cfg.py:3006}}
May 16 01:26:31.052169 np0000174372 nova-conductor[110471]: DEBUG cotyledon.oslo_config_glue [-] oslo_messaging_rabbit.enable_cancel_on_failover = False {{(pid=110471) log_opt_values /opt/stack/data/venv/lib/python3.12/site-packages/oslo_config/cfg.py:3006}}
May 16 01:26:31.052169 np0000174372 nova-conductor[110471]: DEBUG cotyledon.oslo_config_glue [-] oslo_messaging_rabbit.heartbeat_in_pthread = False {{(pid=110471) log_opt_values /opt/stack/data/venv/lib/python3.12/site-packages/oslo_config/cfg.py:3006}}
May 16 01:26:31.052169 np0000174372 nova-conductor[110471]: DEBUG cotyledon.oslo_config_glue [-] oslo_messaging_rabbit.heartbeat_rate = 3 {{(pid=110471) log_opt_values /opt/stack/data/venv/lib/python3.12/site-packages/oslo_config/cfg.py:3006}}
May 16 01:26:31.052169 np0000174372 nova-conductor[110471]: DEBUG cotyledon.oslo_config_glue [-] oslo_messaging_rabbit.heartbeat_timeout_threshold = 60 {{(pid=110471) log_opt_values /opt/stack/data/venv/lib/python3.12/site-packages/oslo_config/cfg.py:3006}}
May 16 01:26:31.052169 np0000174372 nova-conductor[110471]: DEBUG cotyledon.oslo_config_glue [-] oslo_messaging_rabbit.hostname = np0000174372 {{(pid=110471) log_opt_values /opt/stack/data/venv/lib/python3.12/site-packages/oslo_config/cfg.py:3006}}
May 16 01:26:31.052169 np0000174372 nova-conductor[110471]: DEBUG cotyledon.oslo_config_glue [-] oslo_messaging_rabbit.kombu_compression = None {{(pid=110471) log_opt_values /opt/stack/data/venv/lib/python3.12/site-packages/oslo_config/cfg.py:3006}}
May 16 01:26:31.052406 np0000174372 nova-conductor[110471]: DEBUG cotyledon.oslo_config_glue [-] oslo_messaging_rabbit.kombu_failover_strategy = round-robin {{(pid=110471) log_opt_values /opt/stack/data/venv/lib/python3.12/site-packages/oslo_config/cfg.py:3006}}
May 16 01:26:31.052406 np0000174372 nova-conductor[110471]: DEBUG cotyledon.oslo_config_glue [-] oslo_messaging_rabbit.kombu_missing_consumer_retry_timeout = 60 {{(pid=110471) log_opt_values /opt/stack/data/venv/lib/python3.12/site-packages/oslo_config/cfg.py:3006}}
May 16 01:26:31.052406 np0000174372 nova-conductor[110471]: DEBUG cotyledon.oslo_config_glue [-] oslo_messaging_rabbit.kombu_reconnect_delay = 1.0 {{(pid=110471) log_opt_values /opt/stack/data/venv/lib/python3.12/site-packages/oslo_config/cfg.py:3006}}
May 16 01:26:31.052406 np0000174372 nova-conductor[110471]: DEBUG cotyledon.oslo_config_glue [-] oslo_messaging_rabbit.kombu_reconnect_splay = 0.0 {{(pid=110471) log_opt_values /opt/stack/data/venv/lib/python3.12/site-packages/oslo_config/cfg.py:3006}}
May 16 01:26:31.052406 np0000174372 nova-conductor[110471]: DEBUG cotyledon.oslo_config_glue [-] oslo_messaging_rabbit.processname = nova-conductor {{(pid=110471) log_opt_values /opt/stack/data/venv/lib/python3.12/site-packages/oslo_config/cfg.py:3006}}
May 16 01:26:31.052406 np0000174372 nova-conductor[110471]: DEBUG cotyledon.oslo_config_glue [-] oslo_messaging_rabbit.rabbit_ha_queues = False {{(pid=110471) log_opt_values /opt/stack/data/venv/lib/python3.12/site-packages/oslo_config/cfg.py:3006}}
May 16 01:26:31.052406 np0000174372 nova-conductor[110471]: DEBUG cotyledon.oslo_config_glue [-] oslo_messaging_rabbit.rabbit_interval_max = 30 {{(pid=110471) log_opt_values /opt/stack/data/venv/lib/python3.12/site-packages/oslo_config/cfg.py:3006}}
May 16 01:26:31.052406 np0000174372 nova-conductor[110471]: DEBUG cotyledon.oslo_config_glue [-] oslo_messaging_rabbit.rabbit_login_method = AMQPLAIN {{(pid=110471) log_opt_values /opt/stack/data/venv/lib/python3.12/site-packages/oslo_config/cfg.py:3006}}
May 16 01:26:31.052583 np0000174372 nova-conductor[110471]: DEBUG cotyledon.oslo_config_glue [-] oslo_messaging_rabbit.rabbit_qos_prefetch_count = 0 {{(pid=110471) log_opt_values /opt/stack/data/venv/lib/python3.12/site-packages/oslo_config/cfg.py:3006}}
May 16 01:26:31.052583 np0000174372 nova-conductor[110471]: DEBUG cotyledon.oslo_config_glue [-] oslo_messaging_rabbit.rabbit_quorum_delivery_limit = 0 {{(pid=110471) log_opt_values /opt/stack/data/venv/lib/python3.12/site-packages/oslo_config/cfg.py:3006}}
May 16 01:26:31.052583 np0000174372 nova-conductor[110471]: DEBUG cotyledon.oslo_config_glue [-] oslo_messaging_rabbit.rabbit_quorum_max_memory_bytes = 0 {{(pid=110471) log_opt_values /opt/stack/data/venv/lib/python3.12/site-packages/oslo_config/cfg.py:3006}}
May 16 01:26:31.052583 np0000174372 nova-conductor[110471]: DEBUG cotyledon.oslo_config_glue [-] oslo_messaging_rabbit.rabbit_quorum_max_memory_length = 0 {{(pid=110471) log_opt_values /opt/stack/data/venv/lib/python3.12/site-packages/oslo_config/cfg.py:3006}}
May 16 01:26:31.052583 np0000174372 nova-conductor[110471]: DEBUG cotyledon.oslo_config_glue [-] oslo_messaging_rabbit.rabbit_quorum_queue = False {{(pid=110471) log_opt_values /opt/stack/data/venv/lib/python3.12/site-packages/oslo_config/cfg.py:3006}}
May 16 01:26:31.052583 np0000174372 nova-conductor[110471]: DEBUG cotyledon.oslo_config_glue [-] oslo_messaging_rabbit.rabbit_retry_backoff = 2 {{(pid=110471) log_opt_values /opt/stack/data/venv/lib/python3.12/site-packages/oslo_config/cfg.py:3006}}
May 16 01:26:31.052583 np0000174372 nova-conductor[110471]: DEBUG cotyledon.oslo_config_glue [-] oslo_messaging_rabbit.rabbit_retry_interval = 1 {{(pid=110471) log_opt_values /opt/stack/data/venv/lib/python3.12/site-packages/oslo_config/cfg.py:3006}}
May 16 01:26:31.052583 np0000174372 nova-conductor[110471]: DEBUG cotyledon.oslo_config_glue [-] oslo_messaging_rabbit.rabbit_stream_fanout = False {{(pid=110471) log_opt_values /opt/stack/data/venv/lib/python3.12/site-packages/oslo_config/cfg.py:3006}}
May 16 01:26:31.052757 np0000174372 nova-conductor[110471]: DEBUG cotyledon.oslo_config_glue [-] oslo_messaging_rabbit.rabbit_transient_queues_ttl = 1800 {{(pid=110471) log_opt_values /opt/stack/data/venv/lib/python3.12/site-packages/oslo_config/cfg.py:3006}}
May 16 01:26:31.052757 np0000174372 nova-conductor[110471]: DEBUG cotyledon.oslo_config_glue [-] oslo_messaging_rabbit.rabbit_transient_quorum_queue = False {{(pid=110471) log_opt_values /opt/stack/data/venv/lib/python3.12/site-packages/oslo_config/cfg.py:3006}}
May 16 01:26:31.052757 np0000174372 nova-conductor[110471]: DEBUG cotyledon.oslo_config_glue [-] oslo_messaging_rabbit.rpc_conn_pool_size = 30 {{(pid=110471) log_opt_values /opt/stack/data/venv/lib/python3.12/site-packages/oslo_config/cfg.py:3006}}
May 16 01:26:31.052757 np0000174372 nova-conductor[110471]: DEBUG cotyledon.oslo_config_glue [-] oslo_messaging_rabbit.ssl = False {{(pid=110471) log_opt_values /opt/stack/data/venv/lib/python3.12/site-packages/oslo_config/cfg.py:3006}}
May 16 01:26:31.052757 np0000174372 nova-conductor[110471]: DEBUG cotyledon.oslo_config_glue [-] oslo_messaging_rabbit.ssl_ca_file = {{(pid=110471) log_opt_values /opt/stack/data/venv/lib/python3.12/site-packages/oslo_config/cfg.py:3006}}
May 16 01:26:31.052757 np0000174372 nova-conductor[110471]: DEBUG cotyledon.oslo_config_glue [-] oslo_messaging_rabbit.ssl_cert_file = {{(pid=110471) log_opt_values /opt/stack/data/venv/lib/python3.12/site-packages/oslo_config/cfg.py:3006}}
May 16 01:26:31.052757 np0000174372 nova-conductor[110471]: DEBUG cotyledon.oslo_config_glue [-] oslo_messaging_rabbit.ssl_enforce_fips_mode = False {{(pid=110471) log_opt_values /opt/stack/data/venv/lib/python3.12/site-packages/oslo_config/cfg.py:3006}}
May 16 01:26:31.052757 np0000174372 nova-conductor[110471]: DEBUG cotyledon.oslo_config_glue [-] oslo_messaging_rabbit.ssl_key_file = {{(pid=110471) log_opt_values /opt/stack/data/venv/lib/python3.12/site-packages/oslo_config/cfg.py:3006}}
May 16 01:26:31.052757 np0000174372 nova-conductor[110471]: DEBUG cotyledon.oslo_config_glue [-] oslo_messaging_rabbit.ssl_version = {{(pid=110471) log_opt_values /opt/stack/data/venv/lib/python3.12/site-packages/oslo_config/cfg.py:3006}}
May 16 01:26:31.053013 np0000174372 nova-conductor[110471]: DEBUG cotyledon.oslo_config_glue [-] oslo_messaging_rabbit.use_queue_manager = False {{(pid=110471) log_opt_values /opt/stack/data/venv/lib/python3.12/site-packages/oslo_config/cfg.py:3006}}
May 16 01:26:31.053013 np0000174372 nova-conductor[110471]: DEBUG cotyledon.oslo_config_glue [-] oslo_messaging_notifications.driver = ['messagingv2'] {{(pid=110471) log_opt_values /opt/stack/data/venv/lib/python3.12/site-packages/oslo_config/cfg.py:3006}}
May 16 01:26:31.053013 np0000174372 nova-conductor[110471]: DEBUG cotyledon.oslo_config_glue [-] oslo_messaging_notifications.retry = -1 {{(pid=110471) log_opt_values /opt/stack/data/venv/lib/python3.12/site-packages/oslo_config/cfg.py:3006}}
May 16 01:26:31.053013 np0000174372 nova-conductor[110471]: DEBUG cotyledon.oslo_config_glue [-] oslo_messaging_notifications.topics = ['notifications'] {{(pid=110471) log_opt_values /opt/stack/data/venv/lib/python3.12/site-packages/oslo_config/cfg.py:3006}}
May 16 01:26:31.053013 np0000174372 nova-conductor[110471]: DEBUG cotyledon.oslo_config_glue [-] oslo_messaging_notifications.transport_url = **** {{(pid=110471) log_opt_values /opt/stack/data/venv/lib/python3.12/site-packages/oslo_config/cfg.py:3006}}
May 16 01:26:31.053013 np0000174372 nova-conductor[110471]: DEBUG cotyledon.oslo_config_glue [-] oslo_limit.auth_section = None {{(pid=110471) log_opt_values /opt/stack/data/venv/lib/python3.12/site-packages/oslo_config/cfg.py:3006}}
May 16 01:26:31.053013 np0000174372 nova-conductor[110471]: DEBUG cotyledon.oslo_config_glue [-] oslo_limit.auth_type = None {{(pid=110471) log_opt_values /opt/stack/data/venv/lib/python3.12/site-packages/oslo_config/cfg.py:3006}}
May 16 01:26:31.053013 np0000174372 nova-conductor[110471]: DEBUG cotyledon.oslo_config_glue [-] oslo_limit.cafile = None {{(pid=110471) log_opt_values /opt/stack/data/venv/lib/python3.12/site-packages/oslo_config/cfg.py:3006}}
May 16 01:26:31.053013 np0000174372 nova-conductor[110471]: DEBUG cotyledon.oslo_config_glue [-] oslo_limit.certfile = None {{(pid=110471) log_opt_values /opt/stack/data/venv/lib/python3.12/site-packages/oslo_config/cfg.py:3006}}
May 16 01:26:31.053241 np0000174372 nova-conductor[110471]: DEBUG cotyledon.oslo_config_glue [-] oslo_limit.collect_timing = False {{(pid=110471) log_opt_values /opt/stack/data/venv/lib/python3.12/site-packages/oslo_config/cfg.py:3006}}
May 16 01:26:31.053241 np0000174372 nova-conductor[110471]: DEBUG cotyledon.oslo_config_glue [-] oslo_limit.connect_retries = None {{(pid=110471) log_opt_values /opt/stack/data/venv/lib/python3.12/site-packages/oslo_config/cfg.py:3006}}
May 16 01:26:31.053241 np0000174372 nova-conductor[110471]: DEBUG cotyledon.oslo_config_glue [-] oslo_limit.connect_retry_delay = None {{(pid=110471) log_opt_values /opt/stack/data/venv/lib/python3.12/site-packages/oslo_config/cfg.py:3006}}
May 16 01:26:31.053241 np0000174372 nova-conductor[110471]: DEBUG cotyledon.oslo_config_glue [-] oslo_limit.endpoint_id = None {{(pid=110471) log_opt_values /opt/stack/data/venv/lib/python3.12/site-packages/oslo_config/cfg.py:3006}}
May 16 01:26:31.053241 np0000174372 nova-conductor[110471]: DEBUG cotyledon.oslo_config_glue [-] oslo_limit.endpoint_interface = public {{(pid=110471) log_opt_values /opt/stack/data/venv/lib/python3.12/site-packages/oslo_config/cfg.py:3006}}
May 16 01:26:31.053241 np0000174372 nova-conductor[110471]: DEBUG cotyledon.oslo_config_glue [-] oslo_limit.endpoint_override = None {{(pid=110471) log_opt_values /opt/stack/data/venv/lib/python3.12/site-packages/oslo_config/cfg.py:3006}}
May 16 01:26:31.053241 np0000174372 nova-conductor[110471]: DEBUG cotyledon.oslo_config_glue [-] oslo_limit.endpoint_region_name = None {{(pid=110471) log_opt_values /opt/stack/data/venv/lib/python3.12/site-packages/oslo_config/cfg.py:3006}}
May 16 01:26:31.053241 np0000174372 nova-conductor[110471]: DEBUG cotyledon.oslo_config_glue [-] oslo_limit.endpoint_service_name = None {{(pid=110471) log_opt_values /opt/stack/data/venv/lib/python3.12/site-packages/oslo_config/cfg.py:3006}}
May 16 01:26:31.053241 np0000174372 nova-conductor[110471]: DEBUG cotyledon.oslo_config_glue [-] oslo_limit.endpoint_service_type = None {{(pid=110471) log_opt_values /opt/stack/data/venv/lib/python3.12/site-packages/oslo_config/cfg.py:3006}}
May 16 01:26:31.053446 np0000174372 nova-conductor[110471]: DEBUG cotyledon.oslo_config_glue [-] oslo_limit.insecure = False {{(pid=110471) log_opt_values /opt/stack/data/venv/lib/python3.12/site-packages/oslo_config/cfg.py:3006}}
May 16 01:26:31.053446 np0000174372 nova-conductor[110471]: DEBUG cotyledon.oslo_config_glue [-] oslo_limit.keyfile = None {{(pid=110471) log_opt_values /opt/stack/data/venv/lib/python3.12/site-packages/oslo_config/cfg.py:3006}}
May 16 01:26:31.053446 np0000174372 nova-conductor[110471]: DEBUG cotyledon.oslo_config_glue [-] oslo_limit.max_version = None {{(pid=110471) log_opt_values /opt/stack/data/venv/lib/python3.12/site-packages/oslo_config/cfg.py:3006}}
May 16 01:26:31.053446 np0000174372 nova-conductor[110471]: DEBUG cotyledon.oslo_config_glue [-] oslo_limit.min_version = None {{(pid=110471) log_opt_values /opt/stack/data/venv/lib/python3.12/site-packages/oslo_config/cfg.py:3006}}
May 16 01:26:31.053534 np0000174372 nova-conductor[110458]: INFO dbcounter [None req-f4218004-c725-43d9-b6cb-2ec5ecaba062 None None] Registered counter for database nova_cell0
May 16 01:26:31.053559 np0000174372 nova-conductor[110471]: DEBUG cotyledon.oslo_config_glue [-] oslo_limit.region_name = None {{(pid=110471) log_opt_values /opt/stack/data/venv/lib/python3.12/site-packages/oslo_config/cfg.py:3006}}
May 16 01:26:31.053559 np0000174372 nova-conductor[110471]: DEBUG cotyledon.oslo_config_glue [-] oslo_limit.retriable_status_codes = None {{(pid=110471) log_opt_values /opt/stack/data/venv/lib/python3.12/site-packages/oslo_config/cfg.py:3006}}
May 16 01:26:31.053559 np0000174372 nova-conductor[110471]: DEBUG cotyledon.oslo_config_glue [-] oslo_limit.service_name = None {{(pid=110471) log_opt_values /opt/stack/data/venv/lib/python3.12/site-packages/oslo_config/cfg.py:3006}}
May 16 01:26:31.053559 np0000174372 nova-conductor[110471]: DEBUG cotyledon.oslo_config_glue [-] oslo_limit.service_type = None {{(pid=110471) log_opt_values /opt/stack/data/venv/lib/python3.12/site-packages/oslo_config/cfg.py:3006}}
May 16 01:26:31.053559 np0000174372 nova-conductor[110471]: DEBUG cotyledon.oslo_config_glue [-] oslo_limit.split_loggers = False {{(pid=110471) log_opt_values /opt/stack/data/venv/lib/python3.12/site-packages/oslo_config/cfg.py:3006}}
May 16 01:26:31.053559 np0000174372 nova-conductor[110471]: DEBUG cotyledon.oslo_config_glue [-] oslo_limit.status_code_retries = None {{(pid=110471) log_opt_values /opt/stack/data/venv/lib/python3.12/site-packages/oslo_config/cfg.py:3006}}
May 16 01:26:31.053559 np0000174372 nova-conductor[110471]: DEBUG cotyledon.oslo_config_glue [-] oslo_limit.status_code_retry_delay = None {{(pid=110471) log_opt_values /opt/stack/data/venv/lib/python3.12/site-packages/oslo_config/cfg.py:3006}}
May 16 01:26:31.053559 np0000174372 nova-conductor[110471]: DEBUG cotyledon.oslo_config_glue [-] oslo_limit.timeout = None {{(pid=110471) log_opt_values /opt/stack/data/venv/lib/python3.12/site-packages/oslo_config/cfg.py:3006}}
May 16 01:26:31.053559 np0000174372 nova-conductor[110471]: DEBUG cotyledon.oslo_config_glue [-] oslo_limit.valid_interfaces = None {{(pid=110471) log_opt_values /opt/stack/data/venv/lib/python3.12/site-packages/oslo_config/cfg.py:3006}}
May 16 01:26:31.053764 np0000174372 nova-conductor[110471]: DEBUG cotyledon.oslo_config_glue [-] oslo_limit.version = None {{(pid=110471) log_opt_values /opt/stack/data/venv/lib/python3.12/site-packages/oslo_config/cfg.py:3006}}
May 16 01:26:31.053764 np0000174372 nova-conductor[110471]: DEBUG cotyledon.oslo_config_glue [-] oslo_reports.file_event_handler = None {{(pid=110471) log_opt_values /opt/stack/data/venv/lib/python3.12/site-packages/oslo_config/cfg.py:3006}}
May 16 01:26:31.053764 np0000174372 nova-conductor[110471]: DEBUG cotyledon.oslo_config_glue [-] oslo_reports.file_event_handler_interval = 1 {{(pid=110471) log_opt_values /opt/stack/data/venv/lib/python3.12/site-packages/oslo_config/cfg.py:3006}}
May 16 01:26:31.053764 np0000174372 nova-conductor[110471]: DEBUG cotyledon.oslo_config_glue [-] oslo_reports.log_dir = None {{(pid=110471) log_opt_values /opt/stack/data/venv/lib/python3.12/site-packages/oslo_config/cfg.py:3006}}
May 16 01:26:31.053764 np0000174372 nova-conductor[110471]: DEBUG cotyledon.oslo_config_glue [-] ******************************************************************************** {{(pid=110471) log_opt_values /opt/stack/data/venv/lib/python3.12/site-packages/oslo_config/cfg.py:3013}}
May 16 01:26:31.053764 np0000174372 nova-conductor[110471]: DEBUG cotyledon._service_worker [-] Run service ServiceWrapper(3) [110471] {{(pid=110471) wait_forever /opt/stack/data/venv/lib/python3.12/site-packages/cotyledon/_service_worker.py:218}}
May 16 01:26:31.053954 np0000174372 nova-conductor[110451]: DEBUG dbcounter [-] [110451] Writer thread running {{(pid=110451) stat_writer /opt/stack/data/venv/lib/python3.12/site-packages/dbcounter.py:102}}
May 16 01:26:31.053991 np0000174372 nova-conductor[110471]: INFO nova.service [-] Starting conductor node (version 33.1.0)
May 16 01:26:31.054020 np0000174372 nova-conductor[110441]: DEBUG nova.service [None req-bf6ac0c2-fba2-4b3d-b714-14eb5bb6d534 None None] Creating RPC server for service: nova-conductor on topic: conductor {{(pid=110441) start /opt/stack/nova/nova/service.py:195}}
May 16 01:26:31.054048 np0000174372 nova-conductor[110471]: INFO dbcounter [None req-40fcf3a5-f817-47f0-b16a-32b2a728f037 None None] Registered counter for database nova_cell0
May 16 01:26:31.054078 np0000174372 nova-conductor[110458]: DEBUG oslo_db.sqlalchemy.engines [None req-f4218004-c725-43d9-b6cb-2ec5ecaba062 None None] MySQL server mode set to STRICT_TRANS_TABLES,STRICT_ALL_TABLES,NO_ZERO_IN_DATE,NO_ZERO_DATE,ERROR_FOR_DIVISION_BY_ZERO,TRADITIONAL,NO_ENGINE_SUBSTITUTION {{(pid=110458) _check_effective_sql_mode /opt/stack/data/venv/lib/python3.12/site-packages/oslo_db/sqlalchemy/engines.py:325}}
May 16 01:26:31.054105 np0000174372 nova-conductor[110471]: DEBUG oslo_db.sqlalchemy.engines [None req-40fcf3a5-f817-47f0-b16a-32b2a728f037 None None] MySQL server mode set to STRICT_TRANS_TABLES,STRICT_ALL_TABLES,NO_ZERO_IN_DATE,NO_ZERO_DATE,ERROR_FOR_DIVISION_BY_ZERO,TRADITIONAL,NO_ENGINE_SUBSTITUTION {{(pid=110471) _check_effective_sql_mode /opt/stack/data/venv/lib/python3.12/site-packages/oslo_db/sqlalchemy/engines.py:325}}
May 16 01:26:31.056672 np0000174372 nova-conductor[110451]: DEBUG nova.service [None req-446a510e-d067-482a-bc56-66668d954564 None None] Creating RPC server for service: nova-conductor on topic: conductor {{(pid=110451) start /opt/stack/nova/nova/service.py:195}}
May 16 01:26:31.058675 np0000174372 nova-conductor[110458]: DEBUG dbcounter [-] [110458] Writer thread running {{(pid=110458) stat_writer /opt/stack/data/venv/lib/python3.12/site-packages/dbcounter.py:102}}
May 16 01:26:31.061527 np0000174372 nova-conductor[110458]: DEBUG nova.service [None req-f4218004-c725-43d9-b6cb-2ec5ecaba062 None None] Creating RPC server for service: nova-conductor on topic: conductor {{(pid=110458) start /opt/stack/nova/nova/service.py:195}}
May 16 01:26:31.064519 np0000174372 nova-conductor[110471]: DEBUG dbcounter [-] [110471] Writer thread running {{(pid=110471) stat_writer /opt/stack/data/venv/lib/python3.12/site-packages/dbcounter.py:102}}
May 16 01:26:31.067689 np0000174372 nova-conductor[110471]: DEBUG nova.service [None req-40fcf3a5-f817-47f0-b16a-32b2a728f037 None None] Creating RPC server for service: nova-conductor on topic: conductor {{(pid=110471) start /opt/stack/nova/nova/service.py:195}}
May 16 01:26:31.077423 np0000174372 nova-conductor[110441]: DEBUG nova.service [None req-bf6ac0c2-fba2-4b3d-b714-14eb5bb6d534 None None] Join ServiceGroup membership for this service conductor {{(pid=110441) start /opt/stack/nova/nova/service.py:221}}
May 16 01:26:31.077859 np0000174372 nova-conductor[110441]: DEBUG nova.servicegroup.drivers.db [None req-bf6ac0c2-fba2-4b3d-b714-14eb5bb6d534 None None] DB_Driver: join new ServiceGroup member np0000174372 to the conductor group, service = {{(pid=110441) join /opt/stack/nova/nova/servicegroup/drivers/db.py:44}}
May 16 01:26:31.080936 np0000174372 nova-conductor[110451]: DEBUG nova.service [None req-446a510e-d067-482a-bc56-66668d954564 None None] Join ServiceGroup membership for this service conductor {{(pid=110451) start /opt/stack/nova/nova/service.py:221}}
May 16 01:26:31.081184 np0000174372 nova-conductor[110451]: DEBUG nova.servicegroup.drivers.db [None req-446a510e-d067-482a-bc56-66668d954564 None None] DB_Driver: join new ServiceGroup member np0000174372 to the conductor group, service = {{(pid=110451) join /opt/stack/nova/nova/servicegroup/drivers/db.py:44}}
May 16 01:26:31.083337 np0000174372 nova-conductor[110458]: DEBUG nova.service [None req-f4218004-c725-43d9-b6cb-2ec5ecaba062 None None] Join ServiceGroup membership for this service conductor {{(pid=110458) start /opt/stack/nova/nova/service.py:221}}
May 16 01:26:31.083743 np0000174372 nova-conductor[110458]: DEBUG nova.servicegroup.drivers.db [None req-f4218004-c725-43d9-b6cb-2ec5ecaba062 None None] DB_Driver: join new ServiceGroup member np0000174372 to the conductor group, service = {{(pid=110458) join /opt/stack/nova/nova/servicegroup/drivers/db.py:44}}
May 16 01:26:31.085800 np0000174372 nova-conductor[110471]: DEBUG nova.service [None req-40fcf3a5-f817-47f0-b16a-32b2a728f037 None None] Join ServiceGroup membership for this service conductor {{(pid=110471) start /opt/stack/nova/nova/service.py:221}}
May 16 01:26:31.085987 np0000174372 nova-conductor[110471]: DEBUG nova.servicegroup.drivers.db [None req-40fcf3a5-f817-47f0-b16a-32b2a728f037 None None] DB_Driver: join new ServiceGroup member np0000174372 to the conductor group, service = {{(pid=110471) join /opt/stack/nova/nova/servicegroup/drivers/db.py:44}}
May 16 01:26:34.087963 np0000174372 nova-conductor[110471]: DEBUG oslo.service.backend._threading.loopingcall [None req-b92a9ba4-db62-47ed-88d5-9897a3c91a97 None None] Dynamic interval looping call 'nova.service.Service.periodic_tasks' sleeping for 60.00 seconds {{(pid=110471) _run_loop /opt/stack/data/venv/lib/python3.12/site-packages/oslo_service/backend/_threading/loopingcall.py:125}}
May 16 01:26:36.096727 np0000174372 nova-conductor[110451]: DEBUG oslo.service.backend._threading.loopingcall [-] Fixed interval looping call 'nova.servicegroup.drivers.db.DbDriver._report_state' sleeping for 119.99 seconds {{(pid=110451) _run_loop /opt/stack/data/venv/lib/python3.12/site-packages/oslo_service/backend/_threading/loopingcall.py:125}}
May 16 01:26:36.098097 np0000174372 nova-conductor[110441]: DEBUG oslo.service.backend._threading.loopingcall [-] Fixed interval looping call 'nova.servicegroup.drivers.db.DbDriver._report_state' sleeping for 119.98 seconds {{(pid=110441) _run_loop /opt/stack/data/venv/lib/python3.12/site-packages/oslo_service/backend/_threading/loopingcall.py:125}}
May 16 01:26:36.100388 np0000174372 nova-conductor[110458]: DEBUG oslo.service.backend._threading.loopingcall [-] Fixed interval looping call 'nova.servicegroup.drivers.db.DbDriver._report_state' sleeping for 119.99 seconds {{(pid=110458) _run_loop /opt/stack/data/venv/lib/python3.12/site-packages/oslo_service/backend/_threading/loopingcall.py:125}}
May 16 01:26:36.100724 np0000174372 nova-conductor[110471]: DEBUG oslo.service.backend._threading.loopingcall [-] Fixed interval looping call 'nova.servicegroup.drivers.db.DbDriver._report_state' sleeping for 119.99 seconds {{(pid=110471) _run_loop /opt/stack/data/venv/lib/python3.12/site-packages/oslo_service/backend/_threading/loopingcall.py:125}}
May 16 01:26:39.670319 np0000174372 nova-conductor[109678]: DEBUG dbcounter [-] [109678] Writing DB stats nova_api:SELECT=1 {{(pid=109678) stat_writer /opt/stack/data/venv/lib/python3.12/site-packages/dbcounter.py:115}}
May 16 01:26:39.793663 np0000174372 nova-conductor[109678]: DEBUG dbcounter [-] [109678] Writing DB stats nova_cell0:SELECT=1 {{(pid=109678) stat_writer /opt/stack/data/venv/lib/python3.12/site-packages/dbcounter.py:115}}
May 16 01:26:39.794410 np0000174372 nova-conductor[109678]: DEBUG dbcounter [-] [109678] Writing DB stats nova_cell1:SELECT=1 {{(pid=109678) stat_writer /opt/stack/data/venv/lib/python3.12/site-packages/dbcounter.py:115}}
May 16 01:26:42.083340 np0000174372 nova-conductor[110441]: DEBUG oslo.service.backend._threading.loopingcall [None req-9bb1900d-a672-4192-86c2-5d5cab22ed10 None None] Dynamic interval looping call 'nova.service.Service.periodic_tasks' sleeping for 60.00 seconds {{(pid=110441) _run_loop /opt/stack/data/venv/lib/python3.12/site-packages/oslo_service/backend/_threading/loopingcall.py:125}}
May 16 01:26:46.091752 np0000174372 nova-conductor[110441]: DEBUG dbcounter [-] [110441] Writing DB stats nova_cell0:SELECT=4,nova_cell0:INSERT=1,nova_cell0:UPDATE=1 {{(pid=110441) stat_writer /opt/stack/data/venv/lib/python3.12/site-packages/dbcounter.py:115}}
May 16 01:26:46.093439 np0000174372 nova-conductor[110451]: DEBUG dbcounter [-] [110451] Writing DB stats nova_cell0:SELECT=4,nova_cell0:INSERT=1,nova_cell0:UPDATE=1 {{(pid=110451) stat_writer /opt/stack/data/venv/lib/python3.12/site-packages/dbcounter.py:115}}
May 16 01:26:46.097909 np0000174372 nova-conductor[110471]: DEBUG dbcounter [-] [110471] Writing DB stats nova_cell0:SELECT=3 {{(pid=110471) stat_writer /opt/stack/data/venv/lib/python3.12/site-packages/dbcounter.py:115}}
May 16 01:26:46.099146 np0000174372 nova-conductor[110458]: DEBUG dbcounter [-] [110458] Writing DB stats nova_cell0:SELECT=3,nova_cell0:UPDATE=1 {{(pid=110458) stat_writer /opt/stack/data/venv/lib/python3.12/site-packages/dbcounter.py:115}}
May 16 01:26:57.084720 np0000174372 nova-conductor[110451]: DEBUG oslo.service.backend._threading.loopingcall [None req-076892b6-046f-415f-9fda-0863ad8175d1 None None] Dynamic interval looping call 'nova.service.Service.periodic_tasks' sleeping for 60.00 seconds {{(pid=110451) _run_loop /opt/stack/data/venv/lib/python3.12/site-packages/oslo_service/backend/_threading/loopingcall.py:125}}
May 16 01:27:22.086645 np0000174372 nova-conductor[110458]: DEBUG oslo.service.backend._threading.loopingcall [None req-4c6352ea-e5b0-42d1-bc23-63c90f03d633 None None] Dynamic interval looping call 'nova.service.Service.periodic_tasks' sleeping for 60.00 seconds {{(pid=110458) _run_loop /opt/stack/data/venv/lib/python3.12/site-packages/oslo_service/backend/_threading/loopingcall.py:125}}
May 16 01:27:34.088847 np0000174372 nova-conductor[110471]: DEBUG oslo.service.backend._threading.loopingcall [None req-b92a9ba4-db62-47ed-88d5-9897a3c91a97 None None] Dynamic interval looping call 'nova.service.Service.periodic_tasks' sleeping for 60.00 seconds {{(pid=110471) _run_loop /opt/stack/data/venv/lib/python3.12/site-packages/oslo_service/backend/_threading/loopingcall.py:125}}
May 16 01:27:42.083858 np0000174372 nova-conductor[110441]: DEBUG oslo.service.backend._threading.loopingcall [None req-9bb1900d-a672-4192-86c2-5d5cab22ed10 None None] Dynamic interval looping call 'nova.service.Service.periodic_tasks' sleeping for 60.00 seconds {{(pid=110441) _run_loop /opt/stack/data/venv/lib/python3.12/site-packages/oslo_service/backend/_threading/loopingcall.py:125}}
May 16 01:27:57.086011 np0000174372 nova-conductor[110451]: DEBUG oslo.service.backend._threading.loopingcall [None req-076892b6-046f-415f-9fda-0863ad8175d1 None None] Dynamic interval looping call 'nova.service.Service.periodic_tasks' sleeping for 60.00 seconds {{(pid=110451) _run_loop /opt/stack/data/venv/lib/python3.12/site-packages/oslo_service/backend/_threading/loopingcall.py:125}}
May 16 01:28:22.087661 np0000174372 nova-conductor[110458]: DEBUG oslo.service.backend._threading.loopingcall [None req-4c6352ea-e5b0-42d1-bc23-63c90f03d633 None None] Dynamic interval looping call 'nova.service.Service.periodic_tasks' sleeping for 60.00 seconds {{(pid=110458) _run_loop /opt/stack/data/venv/lib/python3.12/site-packages/oslo_service/backend/_threading/loopingcall.py:125}}
May 16 01:28:34.090445 np0000174372 nova-conductor[110471]: DEBUG oslo.service.backend._threading.loopingcall [None req-b92a9ba4-db62-47ed-88d5-9897a3c91a97 None None] Dynamic interval looping call 'nova.service.Service.periodic_tasks' sleeping for 60.00 seconds {{(pid=110471) _run_loop /opt/stack/data/venv/lib/python3.12/site-packages/oslo_service/backend/_threading/loopingcall.py:125}}
May 16 01:28:36.089856 np0000174372 nova-conductor[110441]: DEBUG oslo.service.backend._threading.loopingcall [-] Fixed interval looping call 'nova.servicegroup.drivers.db.DbDriver._report_state' sleeping for 119.99 seconds {{(pid=110441) _run_loop /opt/stack/data/venv/lib/python3.12/site-packages/oslo_service/backend/_threading/loopingcall.py:125}}
May 16 01:28:36.095100 np0000174372 nova-conductor[110451]: DEBUG oslo.service.backend._threading.loopingcall [-] Fixed interval looping call 'nova.servicegroup.drivers.db.DbDriver._report_state' sleeping for 119.99 seconds {{(pid=110451) _run_loop /opt/stack/data/venv/lib/python3.12/site-packages/oslo_service/backend/_threading/loopingcall.py:125}}
May 16 01:28:36.097436 np0000174372 nova-conductor[110471]: DEBUG oslo.service.backend._threading.loopingcall [-] Fixed interval looping call 'nova.servicegroup.drivers.db.DbDriver._report_state' sleeping for 119.99 seconds {{(pid=110471) _run_loop /opt/stack/data/venv/lib/python3.12/site-packages/oslo_service/backend/_threading/loopingcall.py:125}}
May 16 01:28:36.097940 np0000174372 nova-conductor[110458]: DEBUG oslo.service.backend._threading.loopingcall [-] Fixed interval looping call 'nova.servicegroup.drivers.db.DbDriver._report_state' sleeping for 119.99 seconds {{(pid=110458) _run_loop /opt/stack/data/venv/lib/python3.12/site-packages/oslo_service/backend/_threading/loopingcall.py:125}}
May 16 01:28:42.084616 np0000174372 nova-conductor[110441]: DEBUG oslo.service.backend._threading.loopingcall [None req-9bb1900d-a672-4192-86c2-5d5cab22ed10 None None] Dynamic interval looping call 'nova.service.Service.periodic_tasks' sleeping for 60.00 seconds {{(pid=110441) _run_loop /opt/stack/data/venv/lib/python3.12/site-packages/oslo_service/backend/_threading/loopingcall.py:125}}
May 16 01:28:46.083893 np0000174372 nova-conductor[110441]: DEBUG dbcounter [-] [110441] Writing DB stats nova_cell0:SELECT=1,nova_cell0:UPDATE=1 {{(pid=110441) stat_writer /opt/stack/data/venv/lib/python3.12/site-packages/dbcounter.py:115}}
May 16 01:28:46.091275 np0000174372 nova-conductor[110451]: DEBUG dbcounter [-] [110451] Writing DB stats nova_cell0:SELECT=1 {{(pid=110451) stat_writer /opt/stack/data/venv/lib/python3.12/site-packages/dbcounter.py:115}}
May 16 01:28:46.094337 np0000174372 nova-conductor[110471]: DEBUG dbcounter [-] [110471] Writing DB stats nova_cell0:SELECT=1 {{(pid=110471) stat_writer /opt/stack/data/venv/lib/python3.12/site-packages/dbcounter.py:115}}
May 16 01:28:46.095551 np0000174372 nova-conductor[110458]: DEBUG dbcounter [-] [110458] Writing DB stats nova_cell0:SELECT=1 {{(pid=110458) stat_writer /opt/stack/data/venv/lib/python3.12/site-packages/dbcounter.py:115}}
May 16 01:28:57.086736 np0000174372 nova-conductor[110451]: DEBUG oslo.service.backend._threading.loopingcall [None req-076892b6-046f-415f-9fda-0863ad8175d1 None None] Dynamic interval looping call 'nova.service.Service.periodic_tasks' sleeping for 60.00 seconds {{(pid=110451) _run_loop /opt/stack/data/venv/lib/python3.12/site-packages/oslo_service/backend/_threading/loopingcall.py:125}}
May 16 01:29:22.088510 np0000174372 nova-conductor[110458]: DEBUG oslo.service.backend._threading.loopingcall [None req-4c6352ea-e5b0-42d1-bc23-63c90f03d633 None None] Dynamic interval looping call 'nova.service.Service.periodic_tasks' sleeping for 60.00 seconds {{(pid=110458) _run_loop /opt/stack/data/venv/lib/python3.12/site-packages/oslo_service/backend/_threading/loopingcall.py:125}}
May 16 01:29:34.092955 np0000174372 nova-conductor[110471]: DEBUG oslo.service.backend._threading.loopingcall [None req-b92a9ba4-db62-47ed-88d5-9897a3c91a97 None None] Dynamic interval looping call 'nova.service.Service.periodic_tasks' sleeping for 60.00 seconds {{(pid=110471) _run_loop /opt/stack/data/venv/lib/python3.12/site-packages/oslo_service/backend/_threading/loopingcall.py:125}}
May 16 01:29:42.085322 np0000174372 nova-conductor[110441]: DEBUG oslo.service.backend._threading.loopingcall [None req-9bb1900d-a672-4192-86c2-5d5cab22ed10 None None] Dynamic interval looping call 'nova.service.Service.periodic_tasks' sleeping for 60.00 seconds {{(pid=110441) _run_loop /opt/stack/data/venv/lib/python3.12/site-packages/oslo_service/backend/_threading/loopingcall.py:125}}
May 16 01:29:57.088003 np0000174372 nova-conductor[110451]: DEBUG oslo.service.backend._threading.loopingcall [None req-076892b6-046f-415f-9fda-0863ad8175d1 None None] Dynamic interval looping call 'nova.service.Service.periodic_tasks' sleeping for 60.00 seconds {{(pid=110451) _run_loop /opt/stack/data/venv/lib/python3.12/site-packages/oslo_service/backend/_threading/loopingcall.py:125}}