Feb 17 02:26:23.511798 np0000155885 nova-scheduler[109197]: DEBUG cotyledon.oslo_config_glue [-] vmware.vnc_port_total = 10000 {{(pid=109197) log_opt_values /opt/stack/data/venv/lib/python3.12/site-packages/oslo_config/cfg.py:2824}}
Feb 17 02:26:23.511798 np0000155885 nova-scheduler[109197]: DEBUG cotyledon.oslo_config_glue [-] vnc.auth_schemes = ['none'] {{(pid=109197) log_opt_values /opt/stack/data/venv/lib/python3.12/site-packages/oslo_config/cfg.py:2824}}
Feb 17 02:26:23.511798 np0000155885 nova-scheduler[109197]: DEBUG cotyledon.oslo_config_glue [-] vnc.enabled = True {{(pid=109197) log_opt_values /opt/stack/data/venv/lib/python3.12/site-packages/oslo_config/cfg.py:2824}}
Feb 17 02:26:23.511798 np0000155885 nova-scheduler[109197]: DEBUG cotyledon.oslo_config_glue [-] vnc.novncproxy_base_url = http://127.0.0.1:6080/vnc_auto.html {{(pid=109197) log_opt_values /opt/stack/data/venv/lib/python3.12/site-packages/oslo_config/cfg.py:2824}}
Feb 17 02:26:23.511798 np0000155885 nova-scheduler[109197]: DEBUG cotyledon.oslo_config_glue [-] vnc.novncproxy_host = 0.0.0.0 {{(pid=109197) log_opt_values /opt/stack/data/venv/lib/python3.12/site-packages/oslo_config/cfg.py:2824}}
Feb 17 02:26:23.512105 np0000155885 nova-scheduler[109197]: DEBUG cotyledon.oslo_config_glue [-] vnc.novncproxy_port = 6080 {{(pid=109197) log_opt_values /opt/stack/data/venv/lib/python3.12/site-packages/oslo_config/cfg.py:2824}}
Feb 17 02:26:23.512105 np0000155885 nova-scheduler[109197]: DEBUG cotyledon.oslo_config_glue [-] vnc.server_listen = 127.0.0.1 {{(pid=109197) log_opt_values /opt/stack/data/venv/lib/python3.12/site-packages/oslo_config/cfg.py:2824}}
Feb 17 02:26:23.512105 np0000155885 nova-scheduler[109197]: DEBUG cotyledon.oslo_config_glue [-] vnc.server_proxyclient_address = 127.0.0.1 {{(pid=109197) log_opt_values /opt/stack/data/venv/lib/python3.12/site-packages/oslo_config/cfg.py:2824}}
Feb 17 02:26:23.512105 np0000155885 nova-scheduler[109197]: DEBUG cotyledon.oslo_config_glue [-] vnc.vencrypt_ca_certs = None {{(pid=109197) log_opt_values /opt/stack/data/venv/lib/python3.12/site-packages/oslo_config/cfg.py:2824}}
Feb 17 02:26:23.512105 np0000155885 nova-scheduler[109197]: DEBUG cotyledon.oslo_config_glue [-] vnc.vencrypt_client_cert = None {{(pid=109197) log_opt_values /opt/stack/data/venv/lib/python3.12/site-packages/oslo_config/cfg.py:2824}}
Feb 17 02:26:23.512105 np0000155885 nova-scheduler[109197]: DEBUG cotyledon.oslo_config_glue [-] vnc.vencrypt_client_key = None {{(pid=109197) log_opt_values /opt/stack/data/venv/lib/python3.12/site-packages/oslo_config/cfg.py:2824}}
Feb 17 02:26:23.512105 np0000155885 nova-scheduler[109197]: DEBUG cotyledon.oslo_config_glue [-] workarounds.disable_compute_service_check_for_ffu = False {{(pid=109197) log_opt_values /opt/stack/data/venv/lib/python3.12/site-packages/oslo_config/cfg.py:2824}}
Feb 17 02:26:23.512105 np0000155885 nova-scheduler[109197]: DEBUG cotyledon.oslo_config_glue [-] workarounds.disable_deep_image_inspection = False {{(pid=109197) log_opt_values /opt/stack/data/venv/lib/python3.12/site-packages/oslo_config/cfg.py:2824}}
Feb 17 02:26:23.512105 np0000155885 nova-scheduler[109197]: DEBUG cotyledon.oslo_config_glue [-] workarounds.disable_fallback_pcpu_query = False {{(pid=109197) log_opt_values /opt/stack/data/venv/lib/python3.12/site-packages/oslo_config/cfg.py:2824}}
Feb 17 02:26:23.512414 np0000155885 nova-scheduler[109197]: DEBUG cotyledon.oslo_config_glue [-] workarounds.disable_group_policy_check_upcall = False {{(pid=109197) log_opt_values /opt/stack/data/venv/lib/python3.12/site-packages/oslo_config/cfg.py:2824}}
Feb 17 02:26:23.512414 np0000155885 nova-scheduler[109197]: DEBUG cotyledon.oslo_config_glue [-] workarounds.disable_libvirt_livesnapshot = False {{(pid=109197) log_opt_values /opt/stack/data/venv/lib/python3.12/site-packages/oslo_config/cfg.py:2824}}
Feb 17 02:26:23.512414 np0000155885 nova-scheduler[109197]: DEBUG cotyledon.oslo_config_glue [-] workarounds.disable_rootwrap = False {{(pid=109197) log_opt_values /opt/stack/data/venv/lib/python3.12/site-packages/oslo_config/cfg.py:2824}}
Feb 17 02:26:23.512414 np0000155885 nova-scheduler[109197]: DEBUG cotyledon.oslo_config_glue [-] workarounds.enable_numa_live_migration = False {{(pid=109197) log_opt_values /opt/stack/data/venv/lib/python3.12/site-packages/oslo_config/cfg.py:2824}}
Feb 17 02:26:23.512414 np0000155885 nova-scheduler[109197]: DEBUG cotyledon.oslo_config_glue [-] workarounds.enable_qemu_monitor_announce_self = False {{(pid=109197) log_opt_values /opt/stack/data/venv/lib/python3.12/site-packages/oslo_config/cfg.py:2824}}
Feb 17 02:26:23.512414 np0000155885 nova-scheduler[109197]: DEBUG cotyledon.oslo_config_glue [-] workarounds.ensure_libvirt_rbd_instance_dir_cleanup = False {{(pid=109197) log_opt_values /opt/stack/data/venv/lib/python3.12/site-packages/oslo_config/cfg.py:2824}}
Feb 17 02:26:23.512414 np0000155885 nova-scheduler[109197]: DEBUG cotyledon.oslo_config_glue [-] workarounds.handle_virt_lifecycle_events = True {{(pid=109197) log_opt_values /opt/stack/data/venv/lib/python3.12/site-packages/oslo_config/cfg.py:2824}}
Feb 17 02:26:23.512414 np0000155885 nova-scheduler[109197]: DEBUG cotyledon.oslo_config_glue [-] workarounds.libvirt_disable_apic = False {{(pid=109197) log_opt_values /opt/stack/data/venv/lib/python3.12/site-packages/oslo_config/cfg.py:2824}}
Feb 17 02:26:23.512414 np0000155885 nova-scheduler[109197]: DEBUG cotyledon.oslo_config_glue [-] workarounds.never_download_image_if_on_rbd = False {{(pid=109197) log_opt_values /opt/stack/data/venv/lib/python3.12/site-packages/oslo_config/cfg.py:2824}}
Feb 17 02:26:23.512708 np0000155885 nova-scheduler[109197]: DEBUG cotyledon.oslo_config_glue [-] workarounds.qemu_monitor_announce_self_count = 3 {{(pid=109197) log_opt_values /opt/stack/data/venv/lib/python3.12/site-packages/oslo_config/cfg.py:2824}}
Feb 17 02:26:23.512708 np0000155885 nova-scheduler[109197]: DEBUG cotyledon.oslo_config_glue [-] workarounds.qemu_monitor_announce_self_interval = 1 {{(pid=109197) log_opt_values /opt/stack/data/venv/lib/python3.12/site-packages/oslo_config/cfg.py:2824}}
Feb 17 02:26:23.512708 np0000155885 nova-scheduler[109197]: DEBUG cotyledon.oslo_config_glue [-] workarounds.reserve_disk_resource_for_image_cache = False {{(pid=109197) log_opt_values /opt/stack/data/venv/lib/python3.12/site-packages/oslo_config/cfg.py:2824}}
Feb 17 02:26:23.512708 np0000155885 nova-scheduler[109197]: DEBUG cotyledon.oslo_config_glue [-] workarounds.skip_cpu_compare_at_startup = False {{(pid=109197) log_opt_values /opt/stack/data/venv/lib/python3.12/site-packages/oslo_config/cfg.py:2824}}
Feb 17 02:26:23.512708 np0000155885 nova-scheduler[109197]: DEBUG cotyledon.oslo_config_glue [-] workarounds.skip_cpu_compare_on_dest = False {{(pid=109197) log_opt_values /opt/stack/data/venv/lib/python3.12/site-packages/oslo_config/cfg.py:2824}}
Feb 17 02:26:23.512708 np0000155885 nova-scheduler[109197]: DEBUG cotyledon.oslo_config_glue [-] workarounds.skip_hypervisor_version_check_on_lm = False {{(pid=109197) log_opt_values /opt/stack/data/venv/lib/python3.12/site-packages/oslo_config/cfg.py:2824}}
Feb 17 02:26:23.512708 np0000155885 nova-scheduler[109197]: DEBUG cotyledon.oslo_config_glue [-] workarounds.skip_reserve_in_use_ironic_nodes = False {{(pid=109197) log_opt_values /opt/stack/data/venv/lib/python3.12/site-packages/oslo_config/cfg.py:2824}}
Feb 17 02:26:23.512708 np0000155885 nova-scheduler[109197]: DEBUG cotyledon.oslo_config_glue [-] workarounds.unified_limits_count_pcpu_as_vcpu = False {{(pid=109197) log_opt_values /opt/stack/data/venv/lib/python3.12/site-packages/oslo_config/cfg.py:2824}}
Feb 17 02:26:23.513259 np0000155885 nova-scheduler[109197]: DEBUG cotyledon.oslo_config_glue [-] workarounds.wait_for_vif_plugged_event_during_hard_reboot = [] {{(pid=109197) log_opt_values /opt/stack/data/venv/lib/python3.12/site-packages/oslo_config/cfg.py:2824}}
Feb 17 02:26:23.513259 np0000155885 nova-scheduler[109197]: DEBUG cotyledon.oslo_config_glue [-] wsgi.api_paste_config = /etc/nova/api-paste.ini {{(pid=109197) log_opt_values /opt/stack/data/venv/lib/python3.12/site-packages/oslo_config/cfg.py:2824}}
Feb 17 02:26:23.513259 np0000155885 nova-scheduler[109197]: DEBUG cotyledon.oslo_config_glue [-] wsgi.secure_proxy_ssl_header = None {{(pid=109197) log_opt_values /opt/stack/data/venv/lib/python3.12/site-packages/oslo_config/cfg.py:2824}}
Feb 17 02:26:23.513259 np0000155885 nova-scheduler[109197]: DEBUG cotyledon.oslo_config_glue [-] zvm.ca_file = None {{(pid=109197) log_opt_values /opt/stack/data/venv/lib/python3.12/site-packages/oslo_config/cfg.py:2824}}
Feb 17 02:26:23.513259 np0000155885 nova-scheduler[109197]: DEBUG cotyledon.oslo_config_glue [-] zvm.cloud_connector_url = None {{(pid=109197) log_opt_values /opt/stack/data/venv/lib/python3.12/site-packages/oslo_config/cfg.py:2824}}
Feb 17 02:26:23.513259 np0000155885 nova-scheduler[109197]: DEBUG cotyledon.oslo_config_glue [-] zvm.image_tmp_path = /opt/stack/data/nova/images {{(pid=109197) log_opt_values /opt/stack/data/venv/lib/python3.12/site-packages/oslo_config/cfg.py:2824}}
Feb 17 02:26:23.513259 np0000155885 nova-scheduler[109197]: DEBUG cotyledon.oslo_config_glue [-] zvm.reachable_timeout = 300 {{(pid=109197) log_opt_values /opt/stack/data/venv/lib/python3.12/site-packages/oslo_config/cfg.py:2824}}
Feb 17 02:26:23.513259 np0000155885 nova-scheduler[109197]: DEBUG cotyledon.oslo_config_glue [-] oslo_versionedobjects.fatal_exception_format_errors = False {{(pid=109197) log_opt_values /opt/stack/data/venv/lib/python3.12/site-packages/oslo_config/cfg.py:2824}}
Feb 17 02:26:23.513259 np0000155885 nova-scheduler[109197]: DEBUG cotyledon.oslo_config_glue [-] oslo_middleware.http_basic_auth_user_file = /etc/htpasswd {{(pid=109197) log_opt_values /opt/stack/data/venv/lib/python3.12/site-packages/oslo_config/cfg.py:2824}}
Feb 17 02:26:23.513492 np0000155885 nova-scheduler[109187]: DEBUG oslo_db.sqlalchemy.engines [None req-096ffee9-9590-43bb-aa92-565678804309 None None] MySQL server mode set to STRICT_TRANS_TABLES,STRICT_ALL_TABLES,NO_ZERO_IN_DATE,NO_ZERO_DATE,ERROR_FOR_DIVISION_BY_ZERO,TRADITIONAL,NO_ENGINE_SUBSTITUTION {{(pid=109187) _check_effective_sql_mode /opt/stack/data/venv/lib/python3.12/site-packages/oslo_db/sqlalchemy/engines.py:325}}
Feb 17 02:26:23.513539 np0000155885 nova-scheduler[109197]: DEBUG cotyledon.oslo_config_glue [-] oslo_messaging_metrics.metrics_buffer_size = 1000 {{(pid=109197) log_opt_values /opt/stack/data/venv/lib/python3.12/site-packages/oslo_config/cfg.py:2824}}
Feb 17 02:26:23.513539 np0000155885 nova-scheduler[109197]: DEBUG cotyledon.oslo_config_glue [-] oslo_messaging_metrics.metrics_enabled = False {{(pid=109197) log_opt_values /opt/stack/data/venv/lib/python3.12/site-packages/oslo_config/cfg.py:2824}}
Feb 17 02:26:23.513539 np0000155885 nova-scheduler[109197]: DEBUG cotyledon.oslo_config_glue [-] oslo_messaging_metrics.metrics_process_name = {{(pid=109197) log_opt_values /opt/stack/data/venv/lib/python3.12/site-packages/oslo_config/cfg.py:2824}}
Feb 17 02:26:23.513539 np0000155885 nova-scheduler[109197]: DEBUG cotyledon.oslo_config_glue [-] oslo_messaging_metrics.metrics_socket_file = /var/tmp/metrics_collector.sock {{(pid=109197) log_opt_values /opt/stack/data/venv/lib/python3.12/site-packages/oslo_config/cfg.py:2824}}
Feb 17 02:26:23.513539 np0000155885 nova-scheduler[109197]: DEBUG cotyledon.oslo_config_glue [-] oslo_messaging_metrics.metrics_thread_stop_timeout = 10 {{(pid=109197) log_opt_values /opt/stack/data/venv/lib/python3.12/site-packages/oslo_config/cfg.py:2824}}
Feb 17 02:26:23.513539 np0000155885 nova-scheduler[109197]: DEBUG cotyledon.oslo_config_glue [-] profiler.connection_string = messaging:// {{(pid=109197) log_opt_values /opt/stack/data/venv/lib/python3.12/site-packages/oslo_config/cfg.py:2824}}
Feb 17 02:26:23.513539 np0000155885 nova-scheduler[109197]: DEBUG cotyledon.oslo_config_glue [-] profiler.enabled = False {{(pid=109197) log_opt_values /opt/stack/data/venv/lib/python3.12/site-packages/oslo_config/cfg.py:2824}}
Feb 17 02:26:23.513539 np0000155885 nova-scheduler[109197]: DEBUG cotyledon.oslo_config_glue [-] profiler.es_doc_type = notification {{(pid=109197) log_opt_values /opt/stack/data/venv/lib/python3.12/site-packages/oslo_config/cfg.py:2824}}
Feb 17 02:26:23.513539 np0000155885 nova-scheduler[109197]: DEBUG cotyledon.oslo_config_glue [-] profiler.es_scroll_size = 10000 {{(pid=109197) log_opt_values /opt/stack/data/venv/lib/python3.12/site-packages/oslo_config/cfg.py:2824}}
Feb 17 02:26:23.513761 np0000155885 nova-scheduler[109197]: DEBUG cotyledon.oslo_config_glue [-] profiler.es_scroll_time = 2m {{(pid=109197) log_opt_values /opt/stack/data/venv/lib/python3.12/site-packages/oslo_config/cfg.py:2824}}
Feb 17 02:26:23.513761 np0000155885 nova-scheduler[109197]: DEBUG cotyledon.oslo_config_glue [-] profiler.filter_error_trace = False {{(pid=109197) log_opt_values /opt/stack/data/venv/lib/python3.12/site-packages/oslo_config/cfg.py:2824}}
Feb 17 02:26:23.513761 np0000155885 nova-scheduler[109197]: DEBUG cotyledon.oslo_config_glue [-] profiler.hmac_keys = **** {{(pid=109197) log_opt_values /opt/stack/data/venv/lib/python3.12/site-packages/oslo_config/cfg.py:2824}}
Feb 17 02:26:23.513761 np0000155885 nova-scheduler[109197]: DEBUG cotyledon.oslo_config_glue [-] profiler.sentinel_service_name = mymaster {{(pid=109197) log_opt_values /opt/stack/data/venv/lib/python3.12/site-packages/oslo_config/cfg.py:2824}}
Feb 17 02:26:23.513761 np0000155885 nova-scheduler[109197]: DEBUG cotyledon.oslo_config_glue [-] profiler.socket_timeout = 0.1 {{(pid=109197) log_opt_values /opt/stack/data/venv/lib/python3.12/site-packages/oslo_config/cfg.py:2824}}
Feb 17 02:26:23.513761 np0000155885 nova-scheduler[109197]: DEBUG cotyledon.oslo_config_glue [-] profiler.trace_requests = False {{(pid=109197) log_opt_values /opt/stack/data/venv/lib/python3.12/site-packages/oslo_config/cfg.py:2824}}
Feb 17 02:26:23.513761 np0000155885 nova-scheduler[109197]: DEBUG cotyledon.oslo_config_glue [-] profiler.trace_sqlalchemy = False {{(pid=109197) log_opt_values /opt/stack/data/venv/lib/python3.12/site-packages/oslo_config/cfg.py:2824}}
Feb 17 02:26:23.513761 np0000155885 nova-scheduler[109197]: DEBUG cotyledon.oslo_config_glue [-] profiler_jaeger.process_tags = {} {{(pid=109197) log_opt_values /opt/stack/data/venv/lib/python3.12/site-packages/oslo_config/cfg.py:2824}}
Feb 17 02:26:23.513761 np0000155885 nova-scheduler[109197]: DEBUG cotyledon.oslo_config_glue [-] profiler_jaeger.service_name_prefix = None {{(pid=109197) log_opt_values /opt/stack/data/venv/lib/python3.12/site-packages/oslo_config/cfg.py:2824}}
Feb 17 02:26:23.514011 np0000155885 nova-scheduler[109197]: DEBUG cotyledon.oslo_config_glue [-] profiler_otlp.service_name_prefix = None {{(pid=109197) log_opt_values /opt/stack/data/venv/lib/python3.12/site-packages/oslo_config/cfg.py:2824}}
Feb 17 02:26:23.514011 np0000155885 nova-scheduler[109197]: DEBUG cotyledon.oslo_config_glue [-] oslo_messaging_rabbit.amqp_auto_delete = False {{(pid=109197) log_opt_values /opt/stack/data/venv/lib/python3.12/site-packages/oslo_config/cfg.py:2824}}
Feb 17 02:26:23.514011 np0000155885 nova-scheduler[109197]: DEBUG cotyledon.oslo_config_glue [-] oslo_messaging_rabbit.amqp_durable_queues = False {{(pid=109197) log_opt_values /opt/stack/data/venv/lib/python3.12/site-packages/oslo_config/cfg.py:2824}}
Feb 17 02:26:23.514011 np0000155885 nova-scheduler[109197]: DEBUG cotyledon.oslo_config_glue [-] oslo_messaging_rabbit.conn_pool_min_size = 2 {{(pid=109197) log_opt_values /opt/stack/data/venv/lib/python3.12/site-packages/oslo_config/cfg.py:2824}}
Feb 17 02:26:23.514011 np0000155885 nova-scheduler[109197]: DEBUG cotyledon.oslo_config_glue [-] oslo_messaging_rabbit.conn_pool_ttl = 1200 {{(pid=109197) log_opt_values /opt/stack/data/venv/lib/python3.12/site-packages/oslo_config/cfg.py:2824}}
Feb 17 02:26:23.514011 np0000155885 nova-scheduler[109197]: DEBUG cotyledon.oslo_config_glue [-] oslo_messaging_rabbit.direct_mandatory_flag = True {{(pid=109197) log_opt_values /opt/stack/data/venv/lib/python3.12/site-packages/oslo_config/cfg.py:2824}}
Feb 17 02:26:23.514011 np0000155885 nova-scheduler[109197]: DEBUG cotyledon.oslo_config_glue [-] oslo_messaging_rabbit.enable_cancel_on_failover = False {{(pid=109197) log_opt_values /opt/stack/data/venv/lib/python3.12/site-packages/oslo_config/cfg.py:2824}}
Feb 17 02:26:23.514011 np0000155885 nova-scheduler[109197]: DEBUG cotyledon.oslo_config_glue [-] oslo_messaging_rabbit.heartbeat_in_pthread = False {{(pid=109197) log_opt_values /opt/stack/data/venv/lib/python3.12/site-packages/oslo_config/cfg.py:2824}}
Feb 17 02:26:23.514011 np0000155885 nova-scheduler[109197]: DEBUG cotyledon.oslo_config_glue [-] oslo_messaging_rabbit.heartbeat_rate = 3 {{(pid=109197) log_opt_values /opt/stack/data/venv/lib/python3.12/site-packages/oslo_config/cfg.py:2824}}
Feb 17 02:26:23.514280 np0000155885 nova-scheduler[109197]: DEBUG cotyledon.oslo_config_glue [-] oslo_messaging_rabbit.heartbeat_timeout_threshold = 60 {{(pid=109197) log_opt_values /opt/stack/data/venv/lib/python3.12/site-packages/oslo_config/cfg.py:2824}}
Feb 17 02:26:23.514280 np0000155885 nova-scheduler[109197]: DEBUG cotyledon.oslo_config_glue [-] oslo_messaging_rabbit.hostname = np0000155885 {{(pid=109197) log_opt_values /opt/stack/data/venv/lib/python3.12/site-packages/oslo_config/cfg.py:2824}}
Feb 17 02:26:23.514359 np0000155885 nova-scheduler[109177]: DEBUG dbcounter [-] [109177] Writer thread running {{(pid=109177) stat_writer /opt/stack/data/venv/lib/python3.12/site-packages/dbcounter.py:102}}
Feb 17 02:26:23.514481 np0000155885 nova-scheduler[109197]: DEBUG cotyledon.oslo_config_glue [-] oslo_messaging_rabbit.kombu_compression = None {{(pid=109197) log_opt_values /opt/stack/data/venv/lib/python3.12/site-packages/oslo_config/cfg.py:2824}}
Feb 17 02:26:23.514481 np0000155885 nova-scheduler[109197]: DEBUG cotyledon.oslo_config_glue [-] oslo_messaging_rabbit.kombu_failover_strategy = round-robin {{(pid=109197) log_opt_values /opt/stack/data/venv/lib/python3.12/site-packages/oslo_config/cfg.py:2824}}
Feb 17 02:26:23.514481 np0000155885 nova-scheduler[109197]: DEBUG cotyledon.oslo_config_glue [-] oslo_messaging_rabbit.kombu_missing_consumer_retry_timeout = 60 {{(pid=109197) log_opt_values /opt/stack/data/venv/lib/python3.12/site-packages/oslo_config/cfg.py:2824}}
Feb 17 02:26:23.514481 np0000155885 nova-scheduler[109197]: DEBUG cotyledon.oslo_config_glue [-] oslo_messaging_rabbit.kombu_reconnect_delay = 1.0 {{(pid=109197) log_opt_values /opt/stack/data/venv/lib/python3.12/site-packages/oslo_config/cfg.py:2824}}
Feb 17 02:26:23.514481 np0000155885 nova-scheduler[109197]: DEBUG cotyledon.oslo_config_glue [-] oslo_messaging_rabbit.kombu_reconnect_splay = 0.0 {{(pid=109197) log_opt_values /opt/stack/data/venv/lib/python3.12/site-packages/oslo_config/cfg.py:2824}}
Feb 17 02:26:23.514481 np0000155885 nova-scheduler[109197]: DEBUG cotyledon.oslo_config_glue [-] oslo_messaging_rabbit.processname = nova-scheduler {{(pid=109197) log_opt_values /opt/stack/data/venv/lib/python3.12/site-packages/oslo_config/cfg.py:2824}}
Feb 17 02:26:23.514481 np0000155885 nova-scheduler[109197]: DEBUG cotyledon.oslo_config_glue [-] oslo_messaging_rabbit.rabbit_ha_queues = False {{(pid=109197) log_opt_values /opt/stack/data/venv/lib/python3.12/site-packages/oslo_config/cfg.py:2824}}
Feb 17 02:26:23.514481 np0000155885 nova-scheduler[109197]: DEBUG cotyledon.oslo_config_glue [-] oslo_messaging_rabbit.rabbit_interval_max = 30 {{(pid=109197) log_opt_values /opt/stack/data/venv/lib/python3.12/site-packages/oslo_config/cfg.py:2824}}
Feb 17 02:26:23.514748 np0000155885 nova-scheduler[109197]: DEBUG cotyledon.oslo_config_glue [-] oslo_messaging_rabbit.rabbit_login_method = AMQPLAIN {{(pid=109197) log_opt_values /opt/stack/data/venv/lib/python3.12/site-packages/oslo_config/cfg.py:2824}}
Feb 17 02:26:23.514748 np0000155885 nova-scheduler[109197]: DEBUG cotyledon.oslo_config_glue [-] oslo_messaging_rabbit.rabbit_qos_prefetch_count = 0 {{(pid=109197) log_opt_values /opt/stack/data/venv/lib/python3.12/site-packages/oslo_config/cfg.py:2824}}
Feb 17 02:26:23.514748 np0000155885 nova-scheduler[109197]: DEBUG cotyledon.oslo_config_glue [-] oslo_messaging_rabbit.rabbit_quorum_delivery_limit = 0 {{(pid=109197) log_opt_values /opt/stack/data/venv/lib/python3.12/site-packages/oslo_config/cfg.py:2824}}
Feb 17 02:26:23.514748 np0000155885 nova-scheduler[109197]: DEBUG cotyledon.oslo_config_glue [-] oslo_messaging_rabbit.rabbit_quorum_max_memory_bytes = 0 {{(pid=109197) log_opt_values /opt/stack/data/venv/lib/python3.12/site-packages/oslo_config/cfg.py:2824}}
Feb 17 02:26:23.514748 np0000155885 nova-scheduler[109197]: DEBUG cotyledon.oslo_config_glue [-] oslo_messaging_rabbit.rabbit_quorum_max_memory_length = 0 {{(pid=109197) log_opt_values /opt/stack/data/venv/lib/python3.12/site-packages/oslo_config/cfg.py:2824}}
Feb 17 02:26:23.514748 np0000155885 nova-scheduler[109197]: DEBUG cotyledon.oslo_config_glue [-] oslo_messaging_rabbit.rabbit_quorum_queue = False {{(pid=109197) log_opt_values /opt/stack/data/venv/lib/python3.12/site-packages/oslo_config/cfg.py:2824}}
Feb 17 02:26:23.514748 np0000155885 nova-scheduler[109197]: DEBUG cotyledon.oslo_config_glue [-] oslo_messaging_rabbit.rabbit_retry_backoff = 2 {{(pid=109197) log_opt_values /opt/stack/data/venv/lib/python3.12/site-packages/oslo_config/cfg.py:2824}}
Feb 17 02:26:23.514748 np0000155885 nova-scheduler[109197]: DEBUG cotyledon.oslo_config_glue [-] oslo_messaging_rabbit.rabbit_retry_interval = 1 {{(pid=109197) log_opt_values /opt/stack/data/venv/lib/python3.12/site-packages/oslo_config/cfg.py:2824}}
Feb 17 02:26:23.514999 np0000155885 nova-scheduler[109197]: DEBUG cotyledon.oslo_config_glue [-] oslo_messaging_rabbit.rabbit_stream_fanout = False {{(pid=109197) log_opt_values /opt/stack/data/venv/lib/python3.12/site-packages/oslo_config/cfg.py:2824}}
Feb 17 02:26:23.514999 np0000155885 nova-scheduler[109197]: DEBUG cotyledon.oslo_config_glue [-] oslo_messaging_rabbit.rabbit_transient_queues_ttl = 1800 {{(pid=109197) log_opt_values /opt/stack/data/venv/lib/python3.12/site-packages/oslo_config/cfg.py:2824}}
Feb 17 02:26:23.514999 np0000155885 nova-scheduler[109197]: DEBUG cotyledon.oslo_config_glue [-] oslo_messaging_rabbit.rabbit_transient_quorum_queue = False {{(pid=109197) log_opt_values /opt/stack/data/venv/lib/python3.12/site-packages/oslo_config/cfg.py:2824}}
Feb 17 02:26:23.514999 np0000155885 nova-scheduler[109197]: DEBUG cotyledon.oslo_config_glue [-] oslo_messaging_rabbit.rpc_conn_pool_size = 30 {{(pid=109197) log_opt_values /opt/stack/data/venv/lib/python3.12/site-packages/oslo_config/cfg.py:2824}}
Feb 17 02:26:23.514999 np0000155885 nova-scheduler[109197]: DEBUG cotyledon.oslo_config_glue [-] oslo_messaging_rabbit.ssl = False {{(pid=109197) log_opt_values /opt/stack/data/venv/lib/python3.12/site-packages/oslo_config/cfg.py:2824}}
Feb 17 02:26:23.514999 np0000155885 nova-scheduler[109197]: DEBUG cotyledon.oslo_config_glue [-] oslo_messaging_rabbit.ssl_ca_file = {{(pid=109197) log_opt_values /opt/stack/data/venv/lib/python3.12/site-packages/oslo_config/cfg.py:2824}}
Feb 17 02:26:23.514999 np0000155885 nova-scheduler[109197]: DEBUG cotyledon.oslo_config_glue [-] oslo_messaging_rabbit.ssl_cert_file = {{(pid=109197) log_opt_values /opt/stack/data/venv/lib/python3.12/site-packages/oslo_config/cfg.py:2824}}
Feb 17 02:26:23.514999 np0000155885 nova-scheduler[109197]: DEBUG cotyledon.oslo_config_glue [-] oslo_messaging_rabbit.ssl_enforce_fips_mode = False {{(pid=109197) log_opt_values /opt/stack/data/venv/lib/python3.12/site-packages/oslo_config/cfg.py:2824}}
Feb 17 02:26:23.514999 np0000155885 nova-scheduler[109197]: DEBUG cotyledon.oslo_config_glue [-] oslo_messaging_rabbit.ssl_key_file = {{(pid=109197) log_opt_values /opt/stack/data/venv/lib/python3.12/site-packages/oslo_config/cfg.py:2824}}
Feb 17 02:26:23.515283 np0000155885 nova-scheduler[109197]: DEBUG cotyledon.oslo_config_glue [-] oslo_messaging_rabbit.ssl_version = {{(pid=109197) log_opt_values /opt/stack/data/venv/lib/python3.12/site-packages/oslo_config/cfg.py:2824}}
Feb 17 02:26:23.515283 np0000155885 nova-scheduler[109197]: DEBUG cotyledon.oslo_config_glue [-] oslo_messaging_rabbit.use_queue_manager = False {{(pid=109197) log_opt_values /opt/stack/data/venv/lib/python3.12/site-packages/oslo_config/cfg.py:2824}}
Feb 17 02:26:23.515283 np0000155885 nova-scheduler[109197]: DEBUG cotyledon.oslo_config_glue [-] oslo_messaging_notifications.driver = ['messagingv2'] {{(pid=109197) log_opt_values /opt/stack/data/venv/lib/python3.12/site-packages/oslo_config/cfg.py:2824}}
Feb 17 02:26:23.515283 np0000155885 nova-scheduler[109197]: DEBUG cotyledon.oslo_config_glue [-] oslo_messaging_notifications.retry = -1 {{(pid=109197) log_opt_values /opt/stack/data/venv/lib/python3.12/site-packages/oslo_config/cfg.py:2824}}
Feb 17 02:26:23.515283 np0000155885 nova-scheduler[109197]: DEBUG cotyledon.oslo_config_glue [-] oslo_messaging_notifications.topics = ['notifications'] {{(pid=109197) log_opt_values /opt/stack/data/venv/lib/python3.12/site-packages/oslo_config/cfg.py:2824}}
Feb 17 02:26:23.515283 np0000155885 nova-scheduler[109197]: DEBUG cotyledon.oslo_config_glue [-] oslo_messaging_notifications.transport_url = **** {{(pid=109197) log_opt_values /opt/stack/data/venv/lib/python3.12/site-packages/oslo_config/cfg.py:2824}}
Feb 17 02:26:23.515283 np0000155885 nova-scheduler[109197]: DEBUG cotyledon.oslo_config_glue [-] oslo_limit.auth_section = None {{(pid=109197) log_opt_values /opt/stack/data/venv/lib/python3.12/site-packages/oslo_config/cfg.py:2824}}
Feb 17 02:26:23.515283 np0000155885 nova-scheduler[109197]: DEBUG cotyledon.oslo_config_glue [-] oslo_limit.auth_type = None {{(pid=109197) log_opt_values /opt/stack/data/venv/lib/python3.12/site-packages/oslo_config/cfg.py:2824}}
Feb 17 02:26:23.515283 np0000155885 nova-scheduler[109197]: DEBUG cotyledon.oslo_config_glue [-] oslo_limit.cafile = None {{(pid=109197) log_opt_values /opt/stack/data/venv/lib/python3.12/site-packages/oslo_config/cfg.py:2824}}
Feb 17 02:26:23.515617 np0000155885 nova-scheduler[109197]: DEBUG cotyledon.oslo_config_glue [-] oslo_limit.certfile = None {{(pid=109197) log_opt_values /opt/stack/data/venv/lib/python3.12/site-packages/oslo_config/cfg.py:2824}}
Feb 17 02:26:23.515617 np0000155885 nova-scheduler[109197]: DEBUG cotyledon.oslo_config_glue [-] oslo_limit.collect_timing = False {{(pid=109197) log_opt_values /opt/stack/data/venv/lib/python3.12/site-packages/oslo_config/cfg.py:2824}}
Feb 17 02:26:23.515617 np0000155885 nova-scheduler[109197]: DEBUG cotyledon.oslo_config_glue [-] oslo_limit.connect_retries = None {{(pid=109197) log_opt_values /opt/stack/data/venv/lib/python3.12/site-packages/oslo_config/cfg.py:2824}}
Feb 17 02:26:23.515617 np0000155885 nova-scheduler[109197]: DEBUG cotyledon.oslo_config_glue [-] oslo_limit.connect_retry_delay = None {{(pid=109197) log_opt_values /opt/stack/data/venv/lib/python3.12/site-packages/oslo_config/cfg.py:2824}}
Feb 17 02:26:23.515617 np0000155885 nova-scheduler[109197]: DEBUG cotyledon.oslo_config_glue [-] oslo_limit.endpoint_id = None {{(pid=109197) log_opt_values /opt/stack/data/venv/lib/python3.12/site-packages/oslo_config/cfg.py:2824}}
Feb 17 02:26:23.515617 np0000155885 nova-scheduler[109197]: DEBUG cotyledon.oslo_config_glue [-] oslo_limit.endpoint_interface = publicURL {{(pid=109197) log_opt_values /opt/stack/data/venv/lib/python3.12/site-packages/oslo_config/cfg.py:2824}}
Feb 17 02:26:23.515617 np0000155885 nova-scheduler[109197]: DEBUG cotyledon.oslo_config_glue [-] oslo_limit.endpoint_override = None {{(pid=109197) log_opt_values /opt/stack/data/venv/lib/python3.12/site-packages/oslo_config/cfg.py:2824}}
Feb 17 02:26:23.515617 np0000155885 nova-scheduler[109197]: DEBUG cotyledon.oslo_config_glue [-] oslo_limit.endpoint_region_name = None {{(pid=109197) log_opt_values /opt/stack/data/venv/lib/python3.12/site-packages/oslo_config/cfg.py:2824}}
Feb 17 02:26:23.515617 np0000155885 nova-scheduler[109197]: DEBUG cotyledon.oslo_config_glue [-] oslo_limit.endpoint_service_name = None {{(pid=109197) log_opt_values /opt/stack/data/venv/lib/python3.12/site-packages/oslo_config/cfg.py:2824}}
Feb 17 02:26:23.515840 np0000155885 nova-scheduler[109197]: DEBUG cotyledon.oslo_config_glue [-] oslo_limit.endpoint_service_type = None {{(pid=109197) log_opt_values /opt/stack/data/venv/lib/python3.12/site-packages/oslo_config/cfg.py:2824}}
Feb 17 02:26:23.515840 np0000155885 nova-scheduler[109197]: DEBUG cotyledon.oslo_config_glue [-] oslo_limit.insecure = False {{(pid=109197) log_opt_values /opt/stack/data/venv/lib/python3.12/site-packages/oslo_config/cfg.py:2824}}
Feb 17 02:26:23.515840 np0000155885 nova-scheduler[109197]: DEBUG cotyledon.oslo_config_glue [-] oslo_limit.keyfile = None {{(pid=109197) log_opt_values /opt/stack/data/venv/lib/python3.12/site-packages/oslo_config/cfg.py:2824}}
Feb 17 02:26:23.515840 np0000155885 nova-scheduler[109197]: DEBUG cotyledon.oslo_config_glue [-] oslo_limit.max_version = None {{(pid=109197) log_opt_values /opt/stack/data/venv/lib/python3.12/site-packages/oslo_config/cfg.py:2824}}
Feb 17 02:26:23.515840 np0000155885 nova-scheduler[109197]: DEBUG cotyledon.oslo_config_glue [-] oslo_limit.min_version = None {{(pid=109197) log_opt_values /opt/stack/data/venv/lib/python3.12/site-packages/oslo_config/cfg.py:2824}}
Feb 17 02:26:23.515840 np0000155885 nova-scheduler[109197]: DEBUG cotyledon.oslo_config_glue [-] oslo_limit.region_name = None {{(pid=109197) log_opt_values /opt/stack/data/venv/lib/python3.12/site-packages/oslo_config/cfg.py:2824}}
Feb 17 02:26:23.515840 np0000155885 nova-scheduler[109197]: DEBUG cotyledon.oslo_config_glue [-] oslo_limit.retriable_status_codes = None {{(pid=109197) log_opt_values /opt/stack/data/venv/lib/python3.12/site-packages/oslo_config/cfg.py:2824}}
Feb 17 02:26:23.515840 np0000155885 nova-scheduler[109197]: DEBUG cotyledon.oslo_config_glue [-] oslo_limit.service_name = None {{(pid=109197) log_opt_values /opt/stack/data/venv/lib/python3.12/site-packages/oslo_config/cfg.py:2824}}
Feb 17 02:26:23.515840 np0000155885 nova-scheduler[109197]: DEBUG cotyledon.oslo_config_glue [-] oslo_limit.service_type = None {{(pid=109197) log_opt_values /opt/stack/data/venv/lib/python3.12/site-packages/oslo_config/cfg.py:2824}}
Feb 17 02:26:23.516072 np0000155885 nova-scheduler[109197]: DEBUG cotyledon.oslo_config_glue [-] oslo_limit.split_loggers = False {{(pid=109197) log_opt_values /opt/stack/data/venv/lib/python3.12/site-packages/oslo_config/cfg.py:2824}}
Feb 17 02:26:23.516072 np0000155885 nova-scheduler[109197]: DEBUG cotyledon.oslo_config_glue [-] oslo_limit.status_code_retries = None {{(pid=109197) log_opt_values /opt/stack/data/venv/lib/python3.12/site-packages/oslo_config/cfg.py:2824}}
Feb 17 02:26:23.516072 np0000155885 nova-scheduler[109197]: DEBUG cotyledon.oslo_config_glue [-] oslo_limit.status_code_retry_delay = None {{(pid=109197) log_opt_values /opt/stack/data/venv/lib/python3.12/site-packages/oslo_config/cfg.py:2824}}
Feb 17 02:26:23.516072 np0000155885 nova-scheduler[109197]: DEBUG cotyledon.oslo_config_glue [-] oslo_limit.timeout = None {{(pid=109197) log_opt_values /opt/stack/data/venv/lib/python3.12/site-packages/oslo_config/cfg.py:2824}}
Feb 17 02:26:23.516072 np0000155885 nova-scheduler[109197]: DEBUG cotyledon.oslo_config_glue [-] oslo_limit.valid_interfaces = None {{(pid=109197) log_opt_values /opt/stack/data/venv/lib/python3.12/site-packages/oslo_config/cfg.py:2824}}
Feb 17 02:26:23.516072 np0000155885 nova-scheduler[109197]: DEBUG cotyledon.oslo_config_glue [-] oslo_limit.version = None {{(pid=109197) log_opt_values /opt/stack/data/venv/lib/python3.12/site-packages/oslo_config/cfg.py:2824}}
Feb 17 02:26:23.516072 np0000155885 nova-scheduler[109197]: DEBUG cotyledon.oslo_config_glue [-] oslo_reports.file_event_handler = None {{(pid=109197) log_opt_values /opt/stack/data/venv/lib/python3.12/site-packages/oslo_config/cfg.py:2824}}
Feb 17 02:26:23.516072 np0000155885 nova-scheduler[109197]: DEBUG cotyledon.oslo_config_glue [-] oslo_reports.file_event_handler_interval = 1 {{(pid=109197) log_opt_values /opt/stack/data/venv/lib/python3.12/site-packages/oslo_config/cfg.py:2824}}
Feb 17 02:26:23.516072 np0000155885 nova-scheduler[109197]: DEBUG cotyledon.oslo_config_glue [-] oslo_reports.log_dir = None {{(pid=109197) log_opt_values /opt/stack/data/venv/lib/python3.12/site-packages/oslo_config/cfg.py:2824}}
Feb 17 02:26:23.516299 np0000155885 nova-scheduler[109197]: DEBUG cotyledon.oslo_config_glue [-] ******************************************************************************** {{(pid=109197) log_opt_values /opt/stack/data/venv/lib/python3.12/site-packages/oslo_config/cfg.py:2828}}
Feb 17 02:26:23.516299 np0000155885 nova-scheduler[109197]: DEBUG cotyledon._service_worker [-] Run service ServiceWrapper(3) [109197] {{(pid=109197) wait_forever /opt/stack/data/venv/lib/python3.12/site-packages/cotyledon/_service_worker.py:218}}
Feb 17 02:26:23.516299 np0000155885 nova-scheduler[109197]: INFO nova.service [-] Starting scheduler node (version 32.1.0)
Feb 17 02:26:23.516378 np0000155885 nova-scheduler[109170]: DEBUG nova.service [None req-ed18cad0-a9d0-4b92-b7e8-d7bb88bfaa09 None None] Creating RPC server for service scheduler {{(pid=109170) start /opt/stack/nova/nova/service.py:177}}
Feb 17 02:26:23.516411 np0000155885 nova-scheduler[109197]: INFO dbcounter [None req-038425b5-ba73-4f9b-8379-57089cd35054 None None] Registered counter for database nova_cell0
Feb 17 02:26:23.516443 np0000155885 nova-scheduler[109187]: DEBUG dbcounter [-] [109187] Writer thread running {{(pid=109187) stat_writer /opt/stack/data/venv/lib/python3.12/site-packages/dbcounter.py:102}}
Feb 17 02:26:23.516443 np0000155885 nova-scheduler[109187]: DEBUG nova.service [None req-096ffee9-9590-43bb-aa92-565678804309 None None] Creating RPC server for service scheduler {{(pid=109187) start /opt/stack/nova/nova/service.py:177}}
Feb 17 02:26:23.516497 np0000155885 nova-scheduler[109177]: DEBUG nova.service [None req-b60e0a6c-ecc1-40f4-b1ee-8b9e17946e5e None None] Creating RPC server for service scheduler {{(pid=109177) start /opt/stack/nova/nova/service.py:177}}
Feb 17 02:26:23.516525 np0000155885 nova-scheduler[109197]: DEBUG oslo_db.sqlalchemy.engines [None req-038425b5-ba73-4f9b-8379-57089cd35054 None None] MySQL server mode set to STRICT_TRANS_TABLES,STRICT_ALL_TABLES,NO_ZERO_IN_DATE,NO_ZERO_DATE,ERROR_FOR_DIVISION_BY_ZERO,TRADITIONAL,NO_ENGINE_SUBSTITUTION {{(pid=109197) _check_effective_sql_mode /opt/stack/data/venv/lib/python3.12/site-packages/oslo_db/sqlalchemy/engines.py:325}}
Feb 17 02:26:23.524586 np0000155885 nova-scheduler[109197]: DEBUG dbcounter [-] [109197] Writer thread running {{(pid=109197) stat_writer /opt/stack/data/venv/lib/python3.12/site-packages/dbcounter.py:102}}
Feb 17 02:26:23.528258 np0000155885 nova-scheduler[109197]: DEBUG nova.service [None req-038425b5-ba73-4f9b-8379-57089cd35054 None None] Creating RPC server for service scheduler {{(pid=109197) start /opt/stack/nova/nova/service.py:177}}
Feb 17 02:26:23.531882 np0000155885 nova-scheduler[109170]: DEBUG nova.service [None req-ed18cad0-a9d0-4b92-b7e8-d7bb88bfaa09 None None] Join ServiceGroup membership for this service scheduler {{(pid=109170) start /opt/stack/nova/nova/service.py:194}}
Feb 17 02:26:23.532870 np0000155885 nova-scheduler[109170]: DEBUG nova.servicegroup.drivers.db [None req-ed18cad0-a9d0-4b92-b7e8-d7bb88bfaa09 None None] DB_Driver: join new ServiceGroup member np0000155885 to the scheduler group, service = {{(pid=109170) join /opt/stack/nova/nova/servicegroup/drivers/db.py:44}}
Feb 17 02:26:23.534045 np0000155885 nova-scheduler[109187]: DEBUG nova.service [None req-096ffee9-9590-43bb-aa92-565678804309 None None] Join ServiceGroup membership for this service scheduler {{(pid=109187) start /opt/stack/nova/nova/service.py:194}}
Feb 17 02:26:23.535040 np0000155885 nova-scheduler[109187]: DEBUG nova.servicegroup.drivers.db [None req-096ffee9-9590-43bb-aa92-565678804309 None None] DB_Driver: join new ServiceGroup member np0000155885 to the scheduler group, service = {{(pid=109187) join /opt/stack/nova/nova/servicegroup/drivers/db.py:44}}
Feb 17 02:26:23.537698 np0000155885 nova-scheduler[109177]: DEBUG nova.service [None req-b60e0a6c-ecc1-40f4-b1ee-8b9e17946e5e None None] Join ServiceGroup membership for this service scheduler {{(pid=109177) start /opt/stack/nova/nova/service.py:194}}
Feb 17 02:26:23.537927 np0000155885 nova-scheduler[109177]: DEBUG nova.servicegroup.drivers.db [None req-b60e0a6c-ecc1-40f4-b1ee-8b9e17946e5e None None] DB_Driver: join new ServiceGroup member np0000155885 to the scheduler group, service = {{(pid=109177) join /opt/stack/nova/nova/servicegroup/drivers/db.py:44}}
Feb 17 02:26:23.552341 np0000155885 nova-scheduler[109197]: DEBUG nova.service [None req-038425b5-ba73-4f9b-8379-57089cd35054 None None] Join ServiceGroup membership for this service scheduler {{(pid=109197) start /opt/stack/nova/nova/service.py:194}}
Feb 17 02:26:23.552831 np0000155885 nova-scheduler[109197]: DEBUG nova.servicegroup.drivers.db [None req-038425b5-ba73-4f9b-8379-57089cd35054 None None] DB_Driver: join new ServiceGroup member np0000155885 to the scheduler group, service = {{(pid=109197) join /opt/stack/nova/nova/servicegroup/drivers/db.py:44}}
Feb 17 02:26:28.551962 np0000155885 nova-scheduler[109177]: DEBUG oslo.service.backend._threading.loopingcall [-] Fixed interval looping call 'nova.servicegroup.drivers.db.DbDriver._report_state' sleeping for 119.99 seconds {{(pid=109177) _run_loop /opt/stack/data/venv/lib/python3.12/site-packages/oslo_service/backend/_threading/loopingcall.py:125}}
Feb 17 02:26:28.552478 np0000155885 nova-scheduler[109170]: DEBUG oslo.service.backend._threading.loopingcall [-] Fixed interval looping call 'nova.servicegroup.drivers.db.DbDriver._report_state' sleeping for 119.98 seconds {{(pid=109170) _run_loop /opt/stack/data/venv/lib/python3.12/site-packages/oslo_service/backend/_threading/loopingcall.py:125}}
Feb 17 02:26:28.553435 np0000155885 nova-scheduler[109187]: DEBUG oslo.service.backend._threading.loopingcall [-] Fixed interval looping call 'nova.servicegroup.drivers.db.DbDriver._report_state' sleeping for 119.98 seconds {{(pid=109187) _run_loop /opt/stack/data/venv/lib/python3.12/site-packages/oslo_service/backend/_threading/loopingcall.py:125}}
Feb 17 02:26:28.566273 np0000155885 nova-scheduler[109197]: DEBUG oslo.service.backend._threading.loopingcall [-] Fixed interval looping call 'nova.servicegroup.drivers.db.DbDriver._report_state' sleeping for 119.99 seconds {{(pid=109197) _run_loop /opt/stack/data/venv/lib/python3.12/site-packages/oslo_service/backend/_threading/loopingcall.py:125}}
Feb 17 02:26:30.536905 np0000155885 nova-scheduler[109170]: DEBUG oslo.service.backend._threading.loopingcall [None req-c34f1eee-9610-4d7b-a495-6ea6c4dda4c6 None None] Dynamic interval looping call 'nova.service.Service.periodic_tasks' sleeping for 60.00 seconds {{(pid=109170) _run_loop /opt/stack/data/venv/lib/python3.12/site-packages/oslo_service/backend/_threading/loopingcall.py:125}}
Feb 17 02:26:32.105352 np0000155885 nova-scheduler[108352]: DEBUG dbcounter [-] [108352] Writing DB stats nova_api:SELECT=3 {{(pid=108352) stat_writer /opt/stack/data/venv/lib/python3.12/site-packages/dbcounter.py:115}}
Feb 17 02:26:32.197436 np0000155885 nova-scheduler[108352]: DEBUG dbcounter [-] [108352] Writing DB stats nova_cell0:SELECT=1 {{(pid=108352) stat_writer /opt/stack/data/venv/lib/python3.12/site-packages/dbcounter.py:115}}
Feb 17 02:26:32.203975 np0000155885 nova-scheduler[108352]: DEBUG dbcounter [-] [108352] Writing DB stats nova_cell1:SELECT=1 {{(pid=108352) stat_writer /opt/stack/data/venv/lib/python3.12/site-packages/dbcounter.py:115}}
Feb 17 02:26:38.546102 np0000155885 nova-scheduler[109177]: DEBUG dbcounter [-] [109177] Writing DB stats nova_cell0:SELECT=4,nova_cell0:INSERT=1,nova_cell0:UPDATE=1 {{(pid=109177) stat_writer /opt/stack/data/venv/lib/python3.12/site-packages/dbcounter.py:115}}
Feb 17 02:26:38.547449 np0000155885 nova-scheduler[109170]: DEBUG dbcounter [-] [109170] Writing DB stats nova_cell0:SELECT=4,nova_cell0:INSERT=1,nova_cell0:UPDATE=1 {{(pid=109170) stat_writer /opt/stack/data/venv/lib/python3.12/site-packages/dbcounter.py:115}}
Feb 17 02:26:38.549754 np0000155885 nova-scheduler[109187]: DEBUG dbcounter [-] [109187] Writing DB stats nova_cell0:SELECT=3,nova_cell0:UPDATE=1 {{(pid=109187) stat_writer /opt/stack/data/venv/lib/python3.12/site-packages/dbcounter.py:115}}
Feb 17 02:26:38.562666 np0000155885 nova-scheduler[109197]: DEBUG dbcounter [-] [109197] Writing DB stats nova_cell0:SELECT=3 {{(pid=109197) stat_writer /opt/stack/data/venv/lib/python3.12/site-packages/dbcounter.py:115}}
Feb 17 02:27:09.555615 np0000155885 nova-scheduler[109197]: DEBUG oslo.service.backend._threading.loopingcall [None req-6cedd445-e28a-4907-94a1-038205e9204f None None] Dynamic interval looping call 'nova.service.Service.periodic_tasks' sleeping for 60.00 seconds {{(pid=109197) _run_loop /opt/stack/data/venv/lib/python3.12/site-packages/oslo_service/backend/_threading/loopingcall.py:125}}
Feb 17 02:27:19.538887 np0000155885 nova-scheduler[109187]: DEBUG oslo.service.backend._threading.loopingcall [None req-457e9c99-fa01-44fa-89f2-8c31f100ab84 None None] Dynamic interval looping call 'nova.service.Service.periodic_tasks' sleeping for 60.00 seconds {{(pid=109187) _run_loop /opt/stack/data/venv/lib/python3.12/site-packages/oslo_service/backend/_threading/loopingcall.py:125}}
Feb 17 02:27:23.540075 np0000155885 nova-scheduler[109177]: DEBUG oslo.service.backend._threading.loopingcall [None req-e582ffc7-d08f-4074-8221-aeae9f13922e None None] Dynamic interval looping call 'nova.service.Service.periodic_tasks' sleeping for 60.00 seconds {{(pid=109177) _run_loop /opt/stack/data/venv/lib/python3.12/site-packages/oslo_service/backend/_threading/loopingcall.py:125}}
Feb 17 02:27:30.537591 np0000155885 nova-scheduler[109170]: DEBUG oslo.service.backend._threading.loopingcall [None req-c34f1eee-9610-4d7b-a495-6ea6c4dda4c6 None None] Dynamic interval looping call 'nova.service.Service.periodic_tasks' sleeping for 60.00 seconds {{(pid=109170) _run_loop /opt/stack/data/venv/lib/python3.12/site-packages/oslo_service/backend/_threading/loopingcall.py:125}}
Feb 17 02:28:09.556374 np0000155885 nova-scheduler[109197]: DEBUG oslo.service.backend._threading.loopingcall [None req-6cedd445-e28a-4907-94a1-038205e9204f None None] Dynamic interval looping call 'nova.service.Service.periodic_tasks' sleeping for 60.00 seconds {{(pid=109197) _run_loop /opt/stack/data/venv/lib/python3.12/site-packages/oslo_service/backend/_threading/loopingcall.py:125}}
Feb 17 02:28:19.539596 np0000155885 nova-scheduler[109187]: DEBUG oslo.service.backend._threading.loopingcall [None req-457e9c99-fa01-44fa-89f2-8c31f100ab84 None None] Dynamic interval looping call 'nova.service.Service.periodic_tasks' sleeping for 60.00 seconds {{(pid=109187) _run_loop /opt/stack/data/venv/lib/python3.12/site-packages/oslo_service/backend/_threading/loopingcall.py:125}}
Feb 17 02:28:23.540902 np0000155885 nova-scheduler[109177]: DEBUG oslo.service.backend._threading.loopingcall [None req-e582ffc7-d08f-4074-8221-aeae9f13922e None None] Dynamic interval looping call 'nova.service.Service.periodic_tasks' sleeping for 60.00 seconds {{(pid=109177) _run_loop /opt/stack/data/venv/lib/python3.12/site-packages/oslo_service/backend/_threading/loopingcall.py:125}}
Feb 17 02:28:28.874901 np0000155885 nova-scheduler[109187]: DEBUG oslo.service.backend._threading.loopingcall [-] Fixed interval looping call 'nova.servicegroup.drivers.db.DbDriver._report_state' sleeping for 119.66 seconds {{(pid=109187) _run_loop /opt/stack/data/venv/lib/python3.12/site-packages/oslo_service/backend/_threading/loopingcall.py:125}}
Feb 17 02:28:28.876445 np0000155885 nova-scheduler[109170]: DEBUG oslo.service.backend._threading.loopingcall [-] Fixed interval looping call 'nova.servicegroup.drivers.db.DbDriver._report_state' sleeping for 119.66 seconds {{(pid=109170) _run_loop /opt/stack/data/venv/lib/python3.12/site-packages/oslo_service/backend/_threading/loopingcall.py:125}}
Feb 17 02:28:28.877283 np0000155885 nova-scheduler[109177]: DEBUG oslo.service.backend._threading.loopingcall [-] Fixed interval looping call 'nova.servicegroup.drivers.db.DbDriver._report_state' sleeping for 119.67 seconds {{(pid=109177) _run_loop /opt/stack/data/venv/lib/python3.12/site-packages/oslo_service/backend/_threading/loopingcall.py:125}}
Feb 17 02:28:28.877894 np0000155885 nova-scheduler[109197]: DEBUG oslo.service.backend._threading.loopingcall [-] Fixed interval looping call 'nova.servicegroup.drivers.db.DbDriver._report_state' sleeping for 119.68 seconds {{(pid=109197) _run_loop /opt/stack/data/venv/lib/python3.12/site-packages/oslo_service/backend/_threading/loopingcall.py:125}}
Feb 17 02:28:30.538459 np0000155885 nova-scheduler[109170]: DEBUG oslo.service.backend._threading.loopingcall [None req-c34f1eee-9610-4d7b-a495-6ea6c4dda4c6 None None] Dynamic interval looping call 'nova.service.Service.periodic_tasks' sleeping for 60.00 seconds {{(pid=109170) _run_loop /opt/stack/data/venv/lib/python3.12/site-packages/oslo_service/backend/_threading/loopingcall.py:125}}
Feb 17 02:28:38.538877 np0000155885 nova-scheduler[109187]: DEBUG dbcounter [-] [109187] Writing DB stats nova_cell0:SELECT=1,nova_cell0:UPDATE=1 {{(pid=109187) stat_writer /opt/stack/data/venv/lib/python3.12/site-packages/dbcounter.py:115}}
Feb 17 02:28:38.539766 np0000155885 nova-scheduler[109170]: DEBUG dbcounter [-] [109170] Writing DB stats nova_cell0:SELECT=1,nova_cell0:UPDATE=1 {{(pid=109170) stat_writer /opt/stack/data/venv/lib/python3.12/site-packages/dbcounter.py:115}}
Feb 17 02:28:38.545883 np0000155885 nova-scheduler[109177]: DEBUG dbcounter [-] [109177] Writing DB stats nova_cell0:SELECT=1,nova_cell0:UPDATE=1 {{(pid=109177) stat_writer /opt/stack/data/venv/lib/python3.12/site-packages/dbcounter.py:115}}
Feb 17 02:28:38.564358 np0000155885 nova-scheduler[109197]: DEBUG dbcounter [-] [109197] Writing DB stats nova_cell0:SELECT=1,nova_cell0:UPDATE=1 {{(pid=109197) stat_writer /opt/stack/data/venv/lib/python3.12/site-packages/dbcounter.py:115}}
Feb 17 02:29:09.557224 np0000155885 nova-scheduler[109197]: DEBUG oslo.service.backend._threading.loopingcall [None req-6cedd445-e28a-4907-94a1-038205e9204f None None] Dynamic interval looping call 'nova.service.Service.periodic_tasks' sleeping for 60.00 seconds {{(pid=109197) _run_loop /opt/stack/data/venv/lib/python3.12/site-packages/oslo_service/backend/_threading/loopingcall.py:125}}
Feb 17 02:29:19.540407 np0000155885 nova-scheduler[109187]: DEBUG oslo.service.backend._threading.loopingcall [None req-457e9c99-fa01-44fa-89f2-8c31f100ab84 None None] Dynamic interval looping call 'nova.service.Service.periodic_tasks' sleeping for 60.00 seconds {{(pid=109187) _run_loop /opt/stack/data/venv/lib/python3.12/site-packages/oslo_service/backend/_threading/loopingcall.py:125}}
Feb 17 02:29:23.542024 np0000155885 nova-scheduler[109177]: DEBUG oslo.service.backend._threading.loopingcall [None req-e582ffc7-d08f-4074-8221-aeae9f13922e None None] Dynamic interval looping call 'nova.service.Service.periodic_tasks' sleeping for 60.00 seconds {{(pid=109177) _run_loop /opt/stack/data/venv/lib/python3.12/site-packages/oslo_service/backend/_threading/loopingcall.py:125}}
Feb 17 02:29:30.539339 np0000155885 nova-scheduler[109170]: DEBUG oslo.service.backend._threading.loopingcall [None req-c34f1eee-9610-4d7b-a495-6ea6c4dda4c6 None None] Dynamic interval looping call 'nova.service.Service.periodic_tasks' sleeping for 60.00 seconds {{(pid=109170) _run_loop /opt/stack/data/venv/lib/python3.12/site-packages/oslo_service/backend/_threading/loopingcall.py:125}}
Feb 17 02:30:09.557892 np0000155885 nova-scheduler[109197]: DEBUG oslo.service.backend._threading.loopingcall [None req-6cedd445-e28a-4907-94a1-038205e9204f None None] Dynamic interval looping call 'nova.service.Service.periodic_tasks' sleeping for 60.00 seconds {{(pid=109197) _run_loop /opt/stack/data/venv/lib/python3.12/site-packages/oslo_service/backend/_threading/loopingcall.py:125}}
Feb 17 02:30:19.541046 np0000155885 nova-scheduler[109187]: DEBUG oslo.service.backend._threading.loopingcall [None req-457e9c99-fa01-44fa-89f2-8c31f100ab84 None None] Dynamic interval looping call 'nova.service.Service.periodic_tasks' sleeping for 60.00 seconds {{(pid=109187) _run_loop /opt/stack/data/venv/lib/python3.12/site-packages/oslo_service/backend/_threading/loopingcall.py:125}}
Feb 17 02:30:23.542666 np0000155885 nova-scheduler[109177]: DEBUG oslo.service.backend._threading.loopingcall [None req-e582ffc7-d08f-4074-8221-aeae9f13922e None None] Dynamic interval looping call 'nova.service.Service.periodic_tasks' sleeping for 60.00 seconds {{(pid=109177) _run_loop /opt/stack/data/venv/lib/python3.12/site-packages/oslo_service/backend/_threading/loopingcall.py:125}}
Feb 17 02:30:28.546482 np0000155885 nova-scheduler[109187]: DEBUG oslo.service.backend._threading.loopingcall [-] Fixed interval looping call 'nova.servicegroup.drivers.db.DbDriver._report_state' sleeping for 119.99 seconds {{(pid=109187) _run_loop /opt/stack/data/venv/lib/python3.12/site-packages/oslo_service/backend/_threading/loopingcall.py:125}}
Feb 17 02:30:28.547107 np0000155885 nova-scheduler[109170]: DEBUG oslo.service.backend._threading.loopingcall [-] Fixed interval looping call 'nova.servicegroup.drivers.db.DbDriver._report_state' sleeping for 119.99 seconds {{(pid=109170) _run_loop /opt/stack/data/venv/lib/python3.12/site-packages/oslo_service/backend/_threading/loopingcall.py:125}}
