Feb 17 02:25:52.518535 np0000155885 devstack@neutron-api.service[103893]: DEBUG neutron_lib.callbacks.manager [None req-6f73d145-90b0-4a9d-b749-ea8e4459b691 None None] Subscribe: > router_interface after_delete 55550000, False {{(pid=103893) subscribe /opt/stack/data/venv/lib/python3.12/site-packages/neutron_lib/callbacks/manager.py:52}}
Feb 17 02:25:52.518642 np0000155885 devstack@neutron-api.service[103893]: DEBUG neutron_lib.callbacks.manager [None req-6f73d145-90b0-4a9d-b749-ea8e4459b691 None None] Subscribe: > router after_create 55550000, False {{(pid=103893) subscribe /opt/stack/data/venv/lib/python3.12/site-packages/neutron_lib/callbacks/manager.py:52}}
Feb 17 02:25:52.518746 np0000155885 devstack@neutron-api.service[103893]: DEBUG neutron_lib.callbacks.manager [None req-6f73d145-90b0-4a9d-b749-ea8e4459b691 None None] Subscribe: > router precommit_create 55550000, False {{(pid=103893) subscribe /opt/stack/data/venv/lib/python3.12/site-packages/neutron_lib/callbacks/manager.py:52}}
Feb 17 02:25:52.518849 np0000155885 devstack@neutron-api.service[103893]: DEBUG neutron_lib.callbacks.manager [None req-6f73d145-90b0-4a9d-b749-ea8e4459b691 None None] Subscribe: > router after_delete 55550000, False {{(pid=103893) subscribe /opt/stack/data/venv/lib/python3.12/site-packages/neutron_lib/callbacks/manager.py:52}}
Feb 17 02:25:52.518953 np0000155885 devstack@neutron-api.service[103893]: DEBUG neutron_lib.callbacks.manager [None req-6f73d145-90b0-4a9d-b749-ea8e4459b691 None None] Subscribe: > router after_update 55550000, False {{(pid=103893) subscribe /opt/stack/data/venv/lib/python3.12/site-packages/neutron_lib/callbacks/manager.py:52}}
Feb 17 02:25:52.519064 np0000155885 devstack@neutron-api.service[103893]: DEBUG neutron.services.service_base [None req-6f73d145-90b0-4a9d-b749-ea8e4459b691 None None] Loaded 'neutron.services.ovn_l3.service_providers.ovn.OvnDriver' provider for service L3_ROUTER_NAT {{(pid=103893) load_drivers /opt/stack/neutron/neutron/services/service_base.py:49}}
Feb 17 02:25:52.519219 np0000155885 devstack@neutron-api.service[103893]: DEBUG neutron_lib.callbacks.manager [None req-6f73d145-90b0-4a9d-b749-ea8e4459b691 None None] Subscribe: > process after_init 55550001, True {{(pid=103893) subscribe /opt/stack/data/venv/lib/python3.12/site-packages/neutron_lib/callbacks/manager.py:52}}
Feb 17 02:25:52.519419 np0000155885 devstack@neutron-api.service[103893]: DEBUG neutron.manager [None req-6f73d145-90b0-4a9d-b749-ea8e4459b691 None None] Successfully loaded L3_ROUTER_NAT plugin. Description: L3 Router Service Plugin for basic L3 forwarding using OVN {{(pid=103893) _create_and_add_service_plugin /opt/stack/neutron/neutron/manager.py:229}}
Feb 17 02:25:52.519514 np0000155885 devstack@neutron-api.service[103893]: INFO neutron.manager [None req-6f73d145-90b0-4a9d-b749-ea8e4459b691 None None] Loading Plugin: auto_allocate
Feb 17 02:25:52.520651 np0000155885 devstack@neutron-api.service[103893]: DEBUG neutron_lib.callbacks.manager [None req-6f73d145-90b0-4a9d-b749-ea8e4459b691 None None] Subscribe: network precommit_update 55550000, False {{(pid=103893) subscribe /opt/stack/data/venv/lib/python3.12/site-packages/neutron_lib/callbacks/manager.py:52}}
Feb 17 02:25:52.520794 np0000155885 devstack@neutron-api.service[103893]: DEBUG neutron_lib.callbacks.manager [None req-6f73d145-90b0-4a9d-b749-ea8e4459b691 None None] Subscribe: network precommit_create 55550000, False {{(pid=103893) subscribe /opt/stack/data/venv/lib/python3.12/site-packages/neutron_lib/callbacks/manager.py:52}}
Feb 17 02:25:52.521061 np0000155885 devstack@neutron-api.service[103893]: DEBUG neutron.manager [None req-6f73d145-90b0-4a9d-b749-ea8e4459b691 None None] Successfully loaded auto-allocated-topology plugin. Description: Auto Allocated Topology - aka get me a network. {{(pid=103893) _create_and_add_service_plugin /opt/stack/neutron/neutron/manager.py:229}}
Feb 17 02:25:52.521136 np0000155885 devstack@neutron-api.service[103893]: INFO neutron.manager [None req-6f73d145-90b0-4a9d-b749-ea8e4459b691 None None] Loading Plugin: tag
Feb 17 02:25:52.524524 np0000155885 devstack@neutron-api.service[103893]: DEBUG neutron.manager [None req-6f73d145-90b0-4a9d-b749-ea8e4459b691 None None] Successfully loaded TAG plugin. Description: Tag support {{(pid=103893) _create_and_add_service_plugin /opt/stack/neutron/neutron/manager.py:229}}
Feb 17 02:25:52.524524 np0000155885 devstack@neutron-api.service[103893]: INFO neutron.manager [None req-6f73d145-90b0-4a9d-b749-ea8e4459b691 None None] Loading Plugin: timestamp
Feb 17 02:25:52.524674 np0000155885 devstack@neutron-api.service[103890]: INFO neutron.plugins.ml2.drivers.type_vlan [None req-e7edffa7-28f8-4dc0-ba7f-a4b47923b5ea None None] VlanTypeDriver initialization complete
Feb 17 02:25:52.524674 np0000155885 devstack@neutron-api.service[103890]: INFO neutron.plugins.ml2.managers [None req-e7edffa7-28f8-4dc0-ba7f-a4b47923b5ea None None] Initializing extension driver 'port_security'
Feb 17 02:25:52.525206 np0000155885 devstack@neutron-api.service[103890]: INFO neutron.plugins.ml2.extensions.port_security [None req-e7edffa7-28f8-4dc0-ba7f-a4b47923b5ea None None] PortSecurityExtensionDriver initialization complete
Feb 17 02:25:52.525206 np0000155885 devstack@neutron-api.service[103890]: INFO neutron.plugins.ml2.managers [None req-e7edffa7-28f8-4dc0-ba7f-a4b47923b5ea None None] Initializing extension driver 'qos'
Feb 17 02:25:52.525206 np0000155885 devstack@neutron-api.service[103890]: DEBUG neutron.plugins.ml2.extensions.qos [None req-e7edffa7-28f8-4dc0-ba7f-a4b47923b5ea None None] QosExtensionDriver initialization complete {{(pid=103890) initialize /opt/stack/neutron/neutron/plugins/ml2/extensions/qos.py:31}}
Feb 17 02:25:52.525364 np0000155885 devstack@neutron-api.service[103890]: INFO neutron.plugins.ml2.managers [None req-e7edffa7-28f8-4dc0-ba7f-a4b47923b5ea None None] Initializing mechanism driver 'ovn'
Feb 17 02:25:52.525470 np0000155885 devstack@neutron-api.service[103890]: INFO neutron.plugins.ml2.drivers.ovn.mech_driver.mech_driver [None req-e7edffa7-28f8-4dc0-ba7f-a4b47923b5ea None None] Starting OVNMechanismDriver
Feb 17 02:25:52.525507 np0000155885 devstack@neutron-api.service[103893]: DEBUG neutron.manager [None req-6f73d145-90b0-4a9d-b749-ea8e4459b691 None None] Successfully loaded timestamp plugin. Description: Adds timestamps to Neutron resources with standard attributes {{(pid=103893) _create_and_add_service_plugin /opt/stack/neutron/neutron/manager.py:229}}
Feb 17 02:25:52.525602 np0000155885 devstack@neutron-api.service[103893]: INFO neutron.manager [None req-6f73d145-90b0-4a9d-b749-ea8e4459b691 None None] Loading Plugin: network_ip_availability
Feb 17 02:25:52.527604 np0000155885 devstack@neutron-api.service[103890]: DEBUG neutron_lib.callbacks.manager [None req-e7edffa7-28f8-4dc0-ba7f-a4b47923b5ea None None] Subscribe: > process before_spawn 55550000, False {{(pid=103890) subscribe /opt/stack/data/venv/lib/python3.12/site-packages/neutron_lib/callbacks/manager.py:52}}
Feb 17 02:25:52.527700 np0000155885 devstack@neutron-api.service[103893]: DEBUG neutron_lib.callbacks.manager [None req-6f73d145-90b0-4a9d-b749-ea8e4459b691 None None] Subscribe: > rbac-policy before_create 55550000, False {{(pid=103893) subscribe /opt/stack/data/venv/lib/python3.12/site-packages/neutron_lib/callbacks/manager.py:52}}
Feb 17 02:25:52.527814 np0000155885 devstack@neutron-api.service[103890]: DEBUG neutron_lib.callbacks.manager [None req-e7edffa7-28f8-4dc0-ba7f-a4b47923b5ea None None] Subscribe: > process after_init 55550000, True {{(pid=103890) subscribe /opt/stack/data/venv/lib/python3.12/site-packages/neutron_lib/callbacks/manager.py:52}}
Feb 17 02:25:52.527893 np0000155885 devstack@neutron-api.service[103893]: DEBUG neutron_lib.callbacks.manager [None req-6f73d145-90b0-4a9d-b749-ea8e4459b691 None None] Subscribe: > rbac-policy before_update 55550000, False {{(pid=103893) subscribe /opt/stack/data/venv/lib/python3.12/site-packages/neutron_lib/callbacks/manager.py:52}}
Feb 17 02:25:52.527936 np0000155885 devstack@neutron-api.service[103893]: DEBUG neutron_lib.callbacks.manager [None req-6f73d145-90b0-4a9d-b749-ea8e4459b691 None None] Subscribe: > rbac-policy before_delete 55550000, False {{(pid=103893) subscribe /opt/stack/data/venv/lib/python3.12/site-packages/neutron_lib/callbacks/manager.py:52}}
Feb 17 02:25:52.528046 np0000155885 devstack@neutron-api.service[103890]: DEBUG neutron_lib.callbacks.manager [None req-e7edffa7-28f8-4dc0-ba7f-a4b47923b5ea None None] Subscribe: > segment after_create 55550000, False {{(pid=103890) subscribe /opt/stack/data/venv/lib/python3.12/site-packages/neutron_lib/callbacks/manager.py:52}}
Feb 17 02:25:52.528470 np0000155885 devstack@neutron-api.service[103890]: DEBUG neutron_lib.callbacks.manager [None req-e7edffa7-28f8-4dc0-ba7f-a4b47923b5ea None None] Subscribe: > segment after_create 55550000, False {{(pid=103890) subscribe /opt/stack/data/venv/lib/python3.12/site-packages/neutron_lib/callbacks/manager.py:52}}
Feb 17 02:25:52.528599 np0000155885 devstack@neutron-api.service[103893]: DEBUG neutron.manager [None req-6f73d145-90b0-4a9d-b749-ea8e4459b691 None None] Successfully loaded network-ip-availability plugin. Description: Provides IP availability data for each network and subnet. {{(pid=103893) _create_and_add_service_plugin /opt/stack/neutron/neutron/manager.py:229}}
Feb 17 02:25:52.528639 np0000155885 devstack@neutron-api.service[103890]: DEBUG neutron_lib.callbacks.manager [None req-e7edffa7-28f8-4dc0-ba7f-a4b47923b5ea None None] Subscribe: > segment after_delete 55550000, False {{(pid=103890) subscribe /opt/stack/data/venv/lib/python3.12/site-packages/neutron_lib/callbacks/manager.py:52}}
Feb 17 02:25:52.528754 np0000155885 devstack@neutron-api.service[103893]: INFO neutron.manager [None req-6f73d145-90b0-4a9d-b749-ea8e4459b691 None None] Loading Plugin: flavors
Feb 17 02:25:52.528805 np0000155885 devstack@neutron-api.service[103890]: DEBUG neutron_lib.callbacks.manager [None req-e7edffa7-28f8-4dc0-ba7f-a4b47923b5ea None None] Subscribe: > allowed_address_pair before_create 55550000, False {{(pid=103890) subscribe /opt/stack/data/venv/lib/python3.12/site-packages/neutron_lib/callbacks/manager.py:52}}
Feb 17 02:25:52.528805 np0000155885 devstack@neutron-api.service[103890]: DEBUG neutron_lib.callbacks.manager [None req-e7edffa7-28f8-4dc0-ba7f-a4b47923b5ea None None] Subscribe: > security_group precommit_create 55550000, False {{(pid=103890) subscribe /opt/stack/data/venv/lib/python3.12/site-packages/neutron_lib/callbacks/manager.py:52}}
Feb 17 02:25:52.528910 np0000155885 devstack@neutron-api.service[103890]: DEBUG neutron_lib.callbacks.manager [None req-e7edffa7-28f8-4dc0-ba7f-a4b47923b5ea None None] Subscribe: > security_group after_update 55550000, False {{(pid=103890) subscribe /opt/stack/data/venv/lib/python3.12/site-packages/neutron_lib/callbacks/manager.py:52}}
Feb 17 02:25:52.529072 np0000155885 devstack@neutron-api.service[103890]: DEBUG neutron_lib.callbacks.manager [None req-e7edffa7-28f8-4dc0-ba7f-a4b47923b5ea None None] Subscribe: > security_group after_create 55550000, False {{(pid=103890) subscribe /opt/stack/data/venv/lib/python3.12/site-packages/neutron_lib/callbacks/manager.py:52}}
Feb 17 02:25:52.529124 np0000155885 devstack@neutron-api.service[103890]: DEBUG neutron_lib.callbacks.manager [None req-e7edffa7-28f8-4dc0-ba7f-a4b47923b5ea None None] Subscribe: > security_group precommit_delete 55550000, False {{(pid=103890) subscribe /opt/stack/data/venv/lib/python3.12/site-packages/neutron_lib/callbacks/manager.py:52}}
Feb 17 02:25:52.529274 np0000155885 devstack@neutron-api.service[103890]: DEBUG neutron_lib.callbacks.manager [None req-e7edffa7-28f8-4dc0-ba7f-a4b47923b5ea None None] Subscribe: > security_group after_delete 55550000, False {{(pid=103890) subscribe /opt/stack/data/venv/lib/python3.12/site-packages/neutron_lib/callbacks/manager.py:52}}
Feb 17 02:25:52.529372 np0000155885 devstack@neutron-api.service[103890]: DEBUG neutron_lib.callbacks.manager [None req-e7edffa7-28f8-4dc0-ba7f-a4b47923b5ea None None] Subscribe: > security_group_rule precommit_create 55550000, False {{(pid=103890) subscribe /opt/stack/data/venv/lib/python3.12/site-packages/neutron_lib/callbacks/manager.py:52}}
Feb 17 02:25:52.529419 np0000155885 devstack@neutron-api.service[103893]: DEBUG neutron.manager [None req-6f73d145-90b0-4a9d-b749-ea8e4459b691 None None] Successfully loaded FLAVORS plugin. Description: Neutron Flavors and Service Profiles manager plugin {{(pid=103893) _create_and_add_service_plugin /opt/stack/neutron/neutron/manager.py:229}}
Feb 17 02:25:52.529496 np0000155885 devstack@neutron-api.service[103890]: DEBUG neutron_lib.callbacks.manager [None req-e7edffa7-28f8-4dc0-ba7f-a4b47923b5ea None None] Subscribe: > security_group_rule after_create 55550000, False {{(pid=103890) subscribe /opt/stack/data/venv/lib/python3.12/site-packages/neutron_lib/callbacks/manager.py:52}}
Feb 17 02:25:52.529574 np0000155885 devstack@neutron-api.service[103893]: INFO neutron.manager [None req-6f73d145-90b0-4a9d-b749-ea8e4459b691 None None] Loading Plugin: revisions
Feb 17 02:25:52.529650 np0000155885 devstack@neutron-api.service[103890]: DEBUG neutron_lib.callbacks.manager [None req-e7edffa7-28f8-4dc0-ba7f-a4b47923b5ea None None] Subscribe: > security_group_rule before_delete 55550000, False {{(pid=103890) subscribe /opt/stack/data/venv/lib/python3.12/site-packages/neutron_lib/callbacks/manager.py:52}}
Feb 17 02:25:52.529734 np0000155885 devstack@neutron-api.service[103890]: DEBUG neutron_lib.callbacks.manager [None req-e7edffa7-28f8-4dc0-ba7f-a4b47923b5ea None None] Subscribe: > address_group after_create 55550000, False {{(pid=103890) subscribe /opt/stack/data/venv/lib/python3.12/site-packages/neutron_lib/callbacks/manager.py:52}}
Feb 17 02:25:52.529813 np0000155885 devstack@neutron-api.service[103890]: DEBUG neutron_lib.callbacks.manager [None req-e7edffa7-28f8-4dc0-ba7f-a4b47923b5ea None None] Subscribe: > address_group after_update 55550000, False {{(pid=103890) subscribe /opt/stack/data/venv/lib/python3.12/site-packages/neutron_lib/callbacks/manager.py:52}}
Feb 17 02:25:52.529895 np0000155885 devstack@neutron-api.service[103890]: DEBUG neutron_lib.callbacks.manager [None req-e7edffa7-28f8-4dc0-ba7f-a4b47923b5ea None None] Subscribe: > address_group after_delete 55550000, False {{(pid=103890) subscribe /opt/stack/data/venv/lib/python3.12/site-packages/neutron_lib/callbacks/manager.py:52}}
Feb 17 02:25:52.530052 np0000155885 devstack@neutron-api.service[103890]: DEBUG neutron_lib.callbacks.manager [None req-e7edffa7-28f8-4dc0-ba7f-a4b47923b5ea None None] Subscribe: > qos_plugin after_init 55550000, False {{(pid=103890) subscribe /opt/stack/data/venv/lib/python3.12/site-packages/neutron_lib/callbacks/manager.py:52}}
Feb 17 02:25:52.531410 np0000155885 devstack@neutron-api.service[103890]: DEBUG neutron_lib.callbacks.manager [None req-e7edffa7-28f8-4dc0-ba7f-a4b47923b5ea None None] Subscribe: > trunk_plugin after_init 55550000, False {{(pid=103890) subscribe /opt/stack/data/venv/lib/python3.12/site-packages/neutron_lib/callbacks/manager.py:52}}
Feb 17 02:25:52.531410 np0000155885 devstack@neutron-api.service[103890]: DEBUG neutron_lib.callbacks.manager [None req-e7edffa7-28f8-4dc0-ba7f-a4b47923b5ea None None] Subscribe: > logging-plugin after_init 55550000, False {{(pid=103890) subscribe /opt/stack/data/venv/lib/python3.12/site-packages/neutron_lib/callbacks/manager.py:52}}
Feb 17 02:25:52.531718 np0000155885 devstack@neutron-api.service[103893]: DEBUG neutron.manager [None req-6f73d145-90b0-4a9d-b749-ea8e4459b691 None None] Successfully loaded revision_plugin plugin. Description: Adds revision numbers to resources. {{(pid=103893) _create_and_add_service_plugin /opt/stack/neutron/neutron/manager.py:229}}
Feb 17 02:25:52.531718 np0000155885 devstack@neutron-api.service[103893]: DEBUG oslo_concurrency.lockutils [None req-6f73d145-90b0-4a9d-b749-ea8e4459b691 None None] Lock "manager" "released" by "neutron.manager.NeutronManager._create_instance" :: held 4.722s {{(pid=103893) inner /opt/stack/data/venv/lib/python3.12/site-packages/oslo_concurrency/lockutils.py:538}}
Feb 17 02:25:52.531718 np0000155885 devstack@neutron-api.service[103893]: DEBUG neutron.api.extensions [None req-6f73d145-90b0-4a9d-b749-ea8e4459b691 None None] get_extension_paths = OrderedDict({'/opt/stack/neutron/neutron/extensions': 1}) {{(pid=103893) get_extensions_path /opt/stack/neutron/neutron/api/extensions.py:640}}
Feb 17 02:25:52.532076 np0000155885 devstack@neutron-api.service[103890]: INFO neutron.services.logapi.drivers.ovn.driver [None req-e7edffa7-28f8-4dc0-ba7f-a4b47923b5ea None None] OVN logging driver registered
Feb 17 02:25:52.532416 np0000155885 devstack@neutron-api.service[103893]: INFO neutron.api.extensions [None req-6f73d145-90b0-4a9d-b749-ea8e4459b691 None None] Initializing extension manager.
Feb 17 02:25:52.532416 np0000155885 devstack@neutron-api.service[103893]: DEBUG neutron.api.extensions [None req-6f73d145-90b0-4a9d-b749-ea8e4459b691 None None] Loading extension file: __init__.py {{(pid=103893) _load_all_extensions_from_path /opt/stack/neutron/neutron/api/extensions.py:449}}
Feb 17 02:25:52.532416 np0000155885 devstack@neutron-api.service[103893]: DEBUG neutron.api.extensions [None req-6f73d145-90b0-4a9d-b749-ea8e4459b691 None None] Loading extension file: __pycache__ {{(pid=103893) _load_all_extensions_from_path /opt/stack/neutron/neutron/api/extensions.py:449}}
Feb 17 02:25:52.532416 np0000155885 devstack@neutron-api.service[103893]: DEBUG neutron.api.extensions [None req-6f73d145-90b0-4a9d-b749-ea8e4459b691 None None] Loading extension file: address_group.py {{(pid=103893) _load_all_extensions_from_path /opt/stack/neutron/neutron/api/extensions.py:449}}
Feb 17 02:25:52.532416 np0000155885 devstack@neutron-api.service[103893]: DEBUG neutron.api.extensions [None req-6f73d145-90b0-4a9d-b749-ea8e4459b691 None None] Ext name="Address group" alias="address-group" description="Support address group" updated="2020-07-15T10:00:00-00:00" {{(pid=103893) _check_extension /opt/stack/neutron/neutron/api/extensions.py:415}}
Feb 17 02:25:52.532416 np0000155885 devstack@neutron-api.service[103893]: INFO neutron.api.extensions [None req-6f73d145-90b0-4a9d-b749-ea8e4459b691 None None] Loaded extension: address-group
Feb 17 02:25:52.532416 np0000155885 devstack@neutron-api.service[103893]: DEBUG neutron.api.extensions [None req-6f73d145-90b0-4a9d-b749-ea8e4459b691 None None] Loading extension file: address_scope.py {{(pid=103893) _load_all_extensions_from_path /opt/stack/neutron/neutron/api/extensions.py:449}}
Feb 17 02:25:52.532893 np0000155885 devstack@neutron-api.service[103893]: DEBUG neutron.api.extensions [None req-6f73d145-90b0-4a9d-b749-ea8e4459b691 None None] Ext name="Address scope" alias="address-scope" description="Address scopes extension." updated="2015-07-26T10:00:00-00:00" {{(pid=103893) _check_extension /opt/stack/neutron/neutron/api/extensions.py:415}}
Feb 17 02:25:52.533059 np0000155885 devstack@neutron-api.service[103890]: DEBUG neutron.plugins.ml2.plugin [None req-e7edffa7-28f8-4dc0-ba7f-a4b47923b5ea None None] neutron.plugins.ml2.plugin.Ml2Plugin method _start_rpc_notifiers called with arguments () {} {{(pid=103890) wrapper /opt/stack/data/venv/lib/python3.12/site-packages/oslo_log/helpers.py:77}}
Feb 17 02:25:52.533212 np0000155885 devstack@neutron-api.service[103893]: INFO neutron.api.extensions [None req-6f73d145-90b0-4a9d-b749-ea8e4459b691 None None] Loaded extension: address-scope
Feb 17 02:25:52.533331 np0000155885 devstack@neutron-api.service[103890]: DEBUG neutron_lib.callbacks.manager [None req-e7edffa7-28f8-4dc0-ba7f-a4b47923b5ea None None] Subscribe: > port after_create 55550000, False {{(pid=103890) subscribe /opt/stack/data/venv/lib/python3.12/site-packages/neutron_lib/callbacks/manager.py:52}}
Feb 17 02:25:52.533443 np0000155885 devstack@neutron-api.service[103893]: DEBUG neutron.api.extensions [None req-6f73d145-90b0-4a9d-b749-ea8e4459b691 None None] Loading extension file: admin_state_down_before_update.py {{(pid=103893) _load_all_extensions_from_path /opt/stack/neutron/neutron/api/extensions.py:449}}
Feb 17 02:25:52.533490 np0000155885 devstack@neutron-api.service[103890]: DEBUG neutron_lib.callbacks.manager [None req-e7edffa7-28f8-4dc0-ba7f-a4b47923b5ea None None] Subscribe: > port after_update 55550000, False {{(pid=103890) subscribe /opt/stack/data/venv/lib/python3.12/site-packages/neutron_lib/callbacks/manager.py:52}}
Feb 17 02:25:52.533490 np0000155885 devstack@neutron-api.service[103890]: DEBUG neutron_lib.callbacks.manager [None req-e7edffa7-28f8-4dc0-ba7f-a4b47923b5ea None None] Subscribe: > port after_delete 55550000, False {{(pid=103890) subscribe /opt/stack/data/venv/lib/python3.12/site-packages/neutron_lib/callbacks/manager.py:52}}
Feb 17 02:25:52.533678 np0000155885 devstack@neutron-api.service[103893]: DEBUG neutron.api.extensions [None req-6f73d145-90b0-4a9d-b749-ea8e4459b691 None None] Ext name="Enforce Router's Admin State Down Before Update Extension" alias="router-admin-state-down-before-update" description="Ensure that the admin state of a router is DOWN (admin_state_up=False) before updating the distributed attribute" updated="2019-07-02T15:56:00" {{(pid=103893) _check_extension /opt/stack/neutron/neutron/api/extensions.py:415}}
Feb 17 02:25:52.533802 np0000155885 devstack@neutron-api.service[103890]: DEBUG neutron_lib.callbacks.manager [None req-e7edffa7-28f8-4dc0-ba7f-a4b47923b5ea None None] Subscribe: > subnet after_create 55550000, False {{(pid=103890) subscribe /opt/stack/data/venv/lib/python3.12/site-packages/neutron_lib/callbacks/manager.py:52}}
Feb 17 02:25:52.533802 np0000155885 devstack@neutron-api.service[103890]: DEBUG neutron_lib.callbacks.manager [None req-e7edffa7-28f8-4dc0-ba7f-a4b47923b5ea None None] Subscribe: > subnet after_update 55550000, False {{(pid=103890) subscribe /opt/stack/data/venv/lib/python3.12/site-packages/neutron_lib/callbacks/manager.py:52}}
Feb 17 02:25:52.533945 np0000155885 devstack@neutron-api.service[103893]: INFO neutron.api.extensions [None req-6f73d145-90b0-4a9d-b749-ea8e4459b691 None None] Extension router-admin-state-down-before-update not supported by any of loaded plugins
Feb 17 02:25:52.534152 np0000155885 devstack@neutron-api.service[103890]: DEBUG neutron_lib.callbacks.manager [None req-e7edffa7-28f8-4dc0-ba7f-a4b47923b5ea None None] Subscribe: > subnet after_delete 55550000, False {{(pid=103890) subscribe /opt/stack/data/venv/lib/python3.12/site-packages/neutron_lib/callbacks/manager.py:52}}
Feb 17 02:25:52.534322 np0000155885 devstack@neutron-api.service[103893]: DEBUG neutron.api.extensions [None req-6f73d145-90b0-4a9d-b749-ea8e4459b691 None None] Loading extension file: agent.py {{(pid=103893) _load_all_extensions_from_path /opt/stack/neutron/neutron/api/extensions.py:449}}
Feb 17 02:25:52.534455 np0000155885 devstack@neutron-api.service[103890]: DEBUG neutron_lib.callbacks.manager [None req-e7edffa7-28f8-4dc0-ba7f-a4b47923b5ea None None] Subscribe: > network after_create 55550000, False {{(pid=103890) subscribe /opt/stack/data/venv/lib/python3.12/site-packages/neutron_lib/callbacks/manager.py:52}}
Feb 17 02:25:52.534455 np0000155885 devstack@neutron-api.service[103890]: DEBUG neutron_lib.callbacks.manager [None req-e7edffa7-28f8-4dc0-ba7f-a4b47923b5ea None None] Subscribe: > network after_update 55550000, False {{(pid=103890) subscribe /opt/stack/data/venv/lib/python3.12/site-packages/neutron_lib/callbacks/manager.py:52}}
Feb 17 02:25:52.534455 np0000155885 devstack@neutron-api.service[103890]: DEBUG neutron_lib.callbacks.manager [None req-e7edffa7-28f8-4dc0-ba7f-a4b47923b5ea None None] Subscribe: > network after_delete 55550000, False {{(pid=103890) subscribe /opt/stack/data/venv/lib/python3.12/site-packages/neutron_lib/callbacks/manager.py:52}}
Feb 17 02:25:52.534632 np0000155885 devstack@neutron-api.service[103893]: DEBUG neutron.api.extensions [None req-6f73d145-90b0-4a9d-b749-ea8e4459b691 None None] Ext name="agent" alias="agent" description="The agent management extension." updated="2013-02-03T10:00:00-00:00" {{(pid=103893) _check_extension /opt/stack/neutron/neutron/api/extensions.py:415}}
Feb 17 02:25:52.534758 np0000155885 devstack@neutron-api.service[103890]: DEBUG neutron_lib.callbacks.manager [None req-e7edffa7-28f8-4dc0-ba7f-a4b47923b5ea None None] Subscribe: > security_group after_create 55550000, False {{(pid=103890) subscribe /opt/stack/data/venv/lib/python3.12/site-packages/neutron_lib/callbacks/manager.py:52}}
Feb 17 02:25:52.534758 np0000155885 devstack@neutron-api.service[103890]: DEBUG neutron_lib.callbacks.manager [None req-e7edffa7-28f8-4dc0-ba7f-a4b47923b5ea None None] Subscribe: > security_group after_update 55550000, False {{(pid=103890) subscribe /opt/stack/data/venv/lib/python3.12/site-packages/neutron_lib/callbacks/manager.py:52}}
Feb 17 02:25:52.534908 np0000155885 devstack@neutron-api.service[103893]: INFO neutron.api.extensions [None req-6f73d145-90b0-4a9d-b749-ea8e4459b691 None None] Loaded extension: agent
Feb 17 02:25:52.534908 np0000155885 devstack@neutron-api.service[103893]: DEBUG neutron.api.extensions [None req-6f73d145-90b0-4a9d-b749-ea8e4459b691 None None] Loading extension file: agent_resources_synced.py {{(pid=103893) _load_all_extensions_from_path /opt/stack/neutron/neutron/api/extensions.py:449}}
Feb 17 02:25:52.535058 np0000155885 devstack@neutron-api.service[103890]: DEBUG neutron_lib.callbacks.manager [None req-e7edffa7-28f8-4dc0-ba7f-a4b47923b5ea None None] Subscribe: > security_group after_delete 55550000, False {{(pid=103890) subscribe /opt/stack/data/venv/lib/python3.12/site-packages/neutron_lib/callbacks/manager.py:52}}
Feb 17 02:25:52.535058 np0000155885 devstack@neutron-api.service[103890]: DEBUG neutron_lib.callbacks.manager [None req-e7edffa7-28f8-4dc0-ba7f-a4b47923b5ea None None] Subscribe: > security_group_rule after_create 55550000, False {{(pid=103890) subscribe /opt/stack/data/venv/lib/python3.12/site-packages/neutron_lib/callbacks/manager.py:52}}
Feb 17 02:25:52.535058 np0000155885 devstack@neutron-api.service[103890]: DEBUG neutron_lib.callbacks.manager [None req-e7edffa7-28f8-4dc0-ba7f-a4b47923b5ea None None] Subscribe: > security_group_rule after_update 55550000, False {{(pid=103890) subscribe /opt/stack/data/venv/lib/python3.12/site-packages/neutron_lib/callbacks/manager.py:52}}
Feb 17 02:25:52.536052 np0000155885 devstack@neutron-api.service[103893]: DEBUG neutron.api.extensions [None req-6f73d145-90b0-4a9d-b749-ea8e4459b691 None None] Ext name="Agent's Resource View Synced to Placement" alias="agent-resources-synced" description="Stores success/failure of last sync to Placement" updated="2018-12-19T00:00:00-00:00" {{(pid=103893) _check_extension /opt/stack/neutron/neutron/api/extensions.py:415}}
Feb 17 02:25:52.536372 np0000155885 devstack@neutron-api.service[103890]: DEBUG neutron_lib.callbacks.manager [None req-e7edffa7-28f8-4dc0-ba7f-a4b47923b5ea None None] Subscribe: > security_group_rule after_delete 55550000, False {{(pid=103890) subscribe /opt/stack/data/venv/lib/python3.12/site-packages/neutron_lib/callbacks/manager.py:52}}
Feb 17 02:25:52.536372 np0000155885 devstack@neutron-api.service[103890]: DEBUG neutron_lib.callbacks.manager [None req-e7edffa7-28f8-4dc0-ba7f-a4b47923b5ea None None] Subscribe: > address_group after_create 55550000, False {{(pid=103890) subscribe /opt/stack/data/venv/lib/python3.12/site-packages/neutron_lib/callbacks/manager.py:52}}
Feb 17 02:25:52.536713 np0000155885 devstack@neutron-api.service[103893]: INFO neutron.api.extensions [None req-6f73d145-90b0-4a9d-b749-ea8e4459b691 None None] Extension agent-resources-synced not supported by any of loaded plugins
Feb 17 02:25:52.536928 np0000155885 devstack@neutron-api.service[103890]: DEBUG neutron_lib.callbacks.manager [None req-e7edffa7-28f8-4dc0-ba7f-a4b47923b5ea None None] Subscribe: > address_group after_update 55550000, False {{(pid=103890) subscribe /opt/stack/data/venv/lib/python3.12/site-packages/neutron_lib/callbacks/manager.py:52}}
Feb 17 02:25:52.537029 np0000155885 devstack@neutron-api.service[103893]: DEBUG neutron.api.extensions [None req-6f73d145-90b0-4a9d-b749-ea8e4459b691 None None] Loading extension file: allowedaddresspairs.py {{(pid=103893) _load_all_extensions_from_path /opt/stack/neutron/neutron/api/extensions.py:449}}
Feb 17 02:25:52.537061 np0000155885 devstack@neutron-api.service[103890]: DEBUG neutron_lib.callbacks.manager [None req-e7edffa7-28f8-4dc0-ba7f-a4b47923b5ea None None] Subscribe: > address_group after_delete 55550000, False {{(pid=103890) subscribe /opt/stack/data/venv/lib/python3.12/site-packages/neutron_lib/callbacks/manager.py:52}}
Feb 17 02:25:52.537061 np0000155885 devstack@neutron-api.service[103890]: DEBUG neutron.plugins.ml2.ovo_rpc [None req-e7edffa7-28f8-4dc0-ba7f-a4b47923b5ea None None] ML2 OVO RPC backend initialized. {{(pid=103890) __init__ /opt/stack/neutron/neutron/plugins/ml2/ovo_rpc.py:117}}
Feb 17 02:25:52.537163 np0000155885 devstack@neutron-api.service[103893]: DEBUG neutron.api.extensions [None req-6f73d145-90b0-4a9d-b749-ea8e4459b691 None None] Ext name="Allowed Address Pairs" alias="allowed-address-pairs" description="Provides allowed address pairs" updated="2013-07-23T10:00:00-00:00" {{(pid=103893) _check_extension /opt/stack/neutron/neutron/api/extensions.py:415}}
Feb 17 02:25:52.537163 np0000155885 devstack@neutron-api.service[103893]: INFO neutron.api.extensions [None req-6f73d145-90b0-4a9d-b749-ea8e4459b691 None None] Loaded extension: allowed-address-pairs
Feb 17 02:25:52.537300 np0000155885 devstack@neutron-api.service[103890]: INFO neutron.quota [None req-e7edffa7-28f8-4dc0-ba7f-a4b47923b5ea None None] Loaded quota_driver: .
Feb 17 02:25:52.537386 np0000155885 devstack@neutron-api.service[103893]: DEBUG neutron.api.extensions [None req-6f73d145-90b0-4a9d-b749-ea8e4459b691 None None] Loading extension file: auto_allocated_topology.py {{(pid=103893) _load_all_extensions_from_path /opt/stack/neutron/neutron/api/extensions.py:449}}
Feb 17 02:25:52.537437 np0000155885 devstack@neutron-api.service[103890]: INFO neutron.plugins.ml2.plugin [None req-e7edffa7-28f8-4dc0-ba7f-a4b47923b5ea None None] Modular L2 Plugin initialization complete
Feb 17 02:25:52.537437 np0000155885 devstack@neutron-api.service[103890]: DEBUG neutron.manager [None req-e7edffa7-28f8-4dc0-ba7f-a4b47923b5ea None None] Loading services supported by the core plugin {{(pid=103890) _load_services_from_core_plugin /opt/stack/neutron/neutron/manager.py:169}}
Feb 17 02:25:52.537512 np0000155885 devstack@neutron-api.service[103893]: DEBUG neutron.api.extensions [None req-6f73d145-90b0-4a9d-b749-ea8e4459b691 None None] Ext name="Auto Allocated Topology Services" alias="auto-allocated-topology" description="Auto Allocated Topology Services." updated="2016-01-01T00:00:00-00:00" {{(pid=103893) _check_extension /opt/stack/neutron/neutron/api/extensions.py:415}}
Feb 17 02:25:52.537565 np0000155885 devstack@neutron-api.service[103890]: INFO neutron.plugins.ml2.managers [None req-e7edffa7-28f8-4dc0-ba7f-a4b47923b5ea None None] Got port-security extension from driver 'port_security'
Feb 17 02:25:52.537591 np0000155885 devstack@neutron-api.service[103893]: INFO neutron.api.extensions [None req-6f73d145-90b0-4a9d-b749-ea8e4459b691 None None] Loaded extension: auto-allocated-topology
Feb 17 02:25:52.537591 np0000155885 devstack@neutron-api.service[103893]: DEBUG neutron.api.extensions [None req-6f73d145-90b0-4a9d-b749-ea8e4459b691 None None] Loading extension file: availability_zone.py {{(pid=103893) _load_all_extensions_from_path /opt/stack/neutron/neutron/api/extensions.py:449}}
Feb 17 02:25:52.537664 np0000155885 devstack@neutron-api.service[103890]: DEBUG neutron.manager [None req-e7edffa7-28f8-4dc0-ba7f-a4b47923b5ea None None] Loading service plugins: ['ovn-router', 'auto_allocate', 'tag', 'timestamp', 'network_ip_availability', 'flavors', 'revisions'] {{(pid=103890) _load_service_plugins /opt/stack/neutron/neutron/manager.py:194}}
Feb 17 02:25:52.537664 np0000155885 devstack@neutron-api.service[103890]: INFO neutron.manager [None req-e7edffa7-28f8-4dc0-ba7f-a4b47923b5ea None None] Loading Plugin: ovn-router
Feb 17 02:25:52.537711 np0000155885 devstack@neutron-api.service[103893]: DEBUG neutron.api.extensions [None req-6f73d145-90b0-4a9d-b749-ea8e4459b691 None None] Ext name="Availability Zone" alias="availability_zone" description="The availability zone extension." updated="2015-01-01T10:00:00-00:00" {{(pid=103893) _check_extension /opt/stack/neutron/neutron/api/extensions.py:415}}
Feb 17 02:25:52.537711 np0000155885 devstack@neutron-api.service[103893]: INFO neutron.api.extensions [None req-6f73d145-90b0-4a9d-b749-ea8e4459b691 None None] Loaded extension: availability_zone
Feb 17 02:25:52.537711 np0000155885 devstack@neutron-api.service[103893]: DEBUG neutron.api.extensions [None req-6f73d145-90b0-4a9d-b749-ea8e4459b691 None None] Loading extension file: availability_zone_filter.py {{(pid=103893) _load_all_extensions_from_path /opt/stack/neutron/neutron/api/extensions.py:449}}
Feb 17 02:25:52.537711 np0000155885 devstack@neutron-api.service[103893]: DEBUG neutron.api.extensions [None req-6f73d145-90b0-4a9d-b749-ea8e4459b691 None None] Ext name="Availability Zone Filter Extension" alias="availability_zone_filter" description="Add filter parameters to AvailabilityZone resource" updated="2018-06-22T10:00:00-00:00" {{(pid=103893) _check_extension /opt/stack/neutron/neutron/api/extensions.py:415}}
Feb 17 02:25:52.537711 np0000155885 devstack@neutron-api.service[103893]: INFO neutron.api.extensions [None req-6f73d145-90b0-4a9d-b749-ea8e4459b691 None None] Extension availability_zone_filter not supported by any of loaded plugins
Feb 17 02:25:52.537711 np0000155885 devstack@neutron-api.service[103893]: DEBUG neutron.api.extensions [None req-6f73d145-90b0-4a9d-b749-ea8e4459b691 None None] Loading extension file: data_plane_status.py {{(pid=103893) _load_all_extensions_from_path /opt/stack/neutron/neutron/api/extensions.py:449}}
Feb 17 02:25:52.537711 np0000155885 devstack@neutron-api.service[103893]: DEBUG neutron.api.extensions [None req-6f73d145-90b0-4a9d-b749-ea8e4459b691 None None] Ext name="Port data plane status extension" alias="data-plane-status" description="Expose status of underlying data plane" updated="2017-01-24T10:00:00-00:00" {{(pid=103893) _check_extension /opt/stack/neutron/neutron/api/extensions.py:415}}
Feb 17 02:25:52.537933 np0000155885 devstack@neutron-api.service[103893]: INFO neutron.api.extensions [None req-6f73d145-90b0-4a9d-b749-ea8e4459b691 None None] Extension data-plane-status not supported by any of loaded plugins
Feb 17 02:25:52.537933 np0000155885 devstack@neutron-api.service[103893]: DEBUG neutron.api.extensions [None req-6f73d145-90b0-4a9d-b749-ea8e4459b691 None None] Loading extension file: default_subnetpools.py {{(pid=103893) _load_all_extensions_from_path /opt/stack/neutron/neutron/api/extensions.py:449}}
Feb 17 02:25:52.537933 np0000155885 devstack@neutron-api.service[103893]: DEBUG neutron.api.extensions [None req-6f73d145-90b0-4a9d-b749-ea8e4459b691 None None] Ext name="Default Subnetpools" alias="default-subnetpools" description="Provides ability to mark and use a subnetpool as the default." updated="2016-02-18T18:00:00-00:00" {{(pid=103893) _check_extension /opt/stack/neutron/neutron/api/extensions.py:415}}
Feb 17 02:25:52.538007 np0000155885 devstack@neutron-api.service[103893]: INFO neutron.api.extensions [None req-6f73d145-90b0-4a9d-b749-ea8e4459b691 None None] Loaded extension: default-subnetpools
Feb 17 02:25:52.538083 np0000155885 devstack@neutron-api.service[103893]: DEBUG neutron.api.extensions [None req-6f73d145-90b0-4a9d-b749-ea8e4459b691 None None] Loading extension file: dhcpagentscheduler.py {{(pid=103893) _load_all_extensions_from_path /opt/stack/neutron/neutron/api/extensions.py:449}}
Feb 17 02:25:52.538219 np0000155885 devstack@neutron-api.service[103892]: INFO neutron.plugins.ml2.drivers.type_vlan [None req-b57a0d8a-a722-4ced-9050-1985317885f5 None None] VlanTypeDriver initialization complete
Feb 17 02:25:52.538452 np0000155885 devstack@neutron-api.service[103892]: INFO neutron.plugins.ml2.managers [None req-b57a0d8a-a722-4ced-9050-1985317885f5 None None] Initializing extension driver 'port_security'
Feb 17 02:25:52.538587 np0000155885 devstack@neutron-api.service[103892]: INFO neutron.plugins.ml2.extensions.port_security [None req-b57a0d8a-a722-4ced-9050-1985317885f5 None None] PortSecurityExtensionDriver initialization complete
Feb 17 02:25:52.538637 np0000155885 devstack@neutron-api.service[103893]: DEBUG neutron.api.extensions [None req-6f73d145-90b0-4a9d-b749-ea8e4459b691 None None] Ext name="DHCP Agent Scheduler" alias="dhcp_agent_scheduler" description="Schedule networks among dhcp agents" updated="2013-02-07T10:00:00-00:00" {{(pid=103893) _check_extension /opt/stack/neutron/neutron/api/extensions.py:415}}
Feb 17 02:25:52.538665 np0000155885 devstack@neutron-api.service[103892]: INFO neutron.plugins.ml2.managers [None req-b57a0d8a-a722-4ced-9050-1985317885f5 None None] Initializing extension driver 'qos'
Feb 17 02:25:52.538772 np0000155885 devstack@neutron-api.service[103892]: DEBUG neutron.plugins.ml2.extensions.qos [None req-b57a0d8a-a722-4ced-9050-1985317885f5 None None] QosExtensionDriver initialization complete {{(pid=103892) initialize /opt/stack/neutron/neutron/plugins/ml2/extensions/qos.py:31}}
Feb 17 02:25:52.538802 np0000155885 devstack@neutron-api.service[103893]: INFO neutron.api.extensions [None req-6f73d145-90b0-4a9d-b749-ea8e4459b691 None None] Loaded extension: dhcp_agent_scheduler
Feb 17 02:25:52.538927 np0000155885 devstack@neutron-api.service[103893]: DEBUG neutron.api.extensions [None req-6f73d145-90b0-4a9d-b749-ea8e4459b691 None None] Loading extension file: dns.py {{(pid=103893) _load_all_extensions_from_path /opt/stack/neutron/neutron/api/extensions.py:449}}
Feb 17 02:25:52.538951 np0000155885 devstack@neutron-api.service[103892]: INFO neutron.plugins.ml2.managers [None req-b57a0d8a-a722-4ced-9050-1985317885f5 None None] Initializing mechanism driver 'ovn'
Feb 17 02:25:52.539038 np0000155885 devstack@neutron-api.service[103892]: INFO neutron.plugins.ml2.drivers.ovn.mech_driver.mech_driver [None req-b57a0d8a-a722-4ced-9050-1985317885f5 None None] Starting OVNMechanismDriver
Feb 17 02:25:52.539208 np0000155885 devstack@neutron-api.service[103893]: DEBUG neutron.api.extensions [None req-6f73d145-90b0-4a9d-b749-ea8e4459b691 None None] Ext name="DNS Integration" alias="dns-integration" description="Provides integration with DNS." updated="2015-08-15T18:00:00-00:00" {{(pid=103893) _check_extension /opt/stack/neutron/neutron/api/extensions.py:415}}
Feb 17 02:25:52.539439 np0000155885 devstack@neutron-api.service[103893]: INFO neutron.api.extensions [None req-6f73d145-90b0-4a9d-b749-ea8e4459b691 None None] Loaded extension: dns-integration
Feb 17 02:25:52.539529 np0000155885 devstack@neutron-api.service[103893]: DEBUG neutron.api.extensions [None req-6f73d145-90b0-4a9d-b749-ea8e4459b691 None None] Loading extension file: dns_domain_ports.py {{(pid=103893) _load_all_extensions_from_path /opt/stack/neutron/neutron/api/extensions.py:449}}
Feb 17 02:25:52.539800 np0000155885 devstack@neutron-api.service[103893]: DEBUG neutron.api.extensions [None req-6f73d145-90b0-4a9d-b749-ea8e4459b691 None None] Ext name="dns_domain for ports" alias="dns-domain-ports" description="Allows the DNS domain to be specified for a network port." updated="2017-04-24T10:00:00-00:00" {{(pid=103893) _check_extension /opt/stack/neutron/neutron/api/extensions.py:415}}
Feb 17 02:25:52.540042 np0000155885 devstack@neutron-api.service[103893]: INFO neutron.api.extensions [None req-6f73d145-90b0-4a9d-b749-ea8e4459b691 None None] Loaded extension: dns-domain-ports
Feb 17 02:25:52.540124 np0000155885 devstack@neutron-api.service[103893]: DEBUG neutron.api.extensions [None req-6f73d145-90b0-4a9d-b749-ea8e4459b691 None None] Loading extension file: dns_integration_domain_keywords.py {{(pid=103893) _load_all_extensions_from_path /opt/stack/neutron/neutron/api/extensions.py:449}}
Feb 17 02:25:52.540385 np0000155885 devstack@neutron-api.service[103893]: DEBUG neutron.api.extensions [None req-6f73d145-90b0-4a9d-b749-ea8e4459b691 None None] Ext name="DNS domain names with keywords allowed" alias="dns-integration-domain-keywords" description="Allows to use keywords like , , and as DNS domain name" updated="2020-06-15T18:00:00-00:00" {{(pid=103893) _check_extension /opt/stack/neutron/neutron/api/extensions.py:415}}
Feb 17 02:25:52.540565 np0000155885 devstack@neutron-api.service[103893]: INFO neutron.api.extensions [None req-6f73d145-90b0-4a9d-b749-ea8e4459b691 None None] Loaded extension: dns-integration-domain-keywords
Feb 17 02:25:52.540659 np0000155885 devstack@neutron-api.service[103893]: DEBUG neutron.api.extensions [None req-6f73d145-90b0-4a9d-b749-ea8e4459b691 None None] Loading extension file: dvr.py {{(pid=103893) _load_all_extensions_from_path /opt/stack/neutron/neutron/api/extensions.py:449}}
Feb 17 02:25:52.540926 np0000155885 devstack@neutron-api.service[103893]: DEBUG neutron.api.extensions [None req-6f73d145-90b0-4a9d-b749-ea8e4459b691 None None] Ext name="Distributed Virtual Router" alias="dvr" description="Enables configuration of Distributed Virtual Routers." updated="2014-06-1T10:00:00-00:00" {{(pid=103893) _check_extension /opt/stack/neutron/neutron/api/extensions.py:415}}
Feb 17 02:25:52.540988 np0000155885 devstack@neutron-api.service[103892]: DEBUG neutron_lib.callbacks.manager [None req-b57a0d8a-a722-4ced-9050-1985317885f5 None None] Subscribe: > process before_spawn 55550000, False {{(pid=103892) subscribe /opt/stack/data/venv/lib/python3.12/site-packages/neutron_lib/callbacks/manager.py:52}}
Feb 17 02:25:52.541117 np0000155885 devstack@neutron-api.service[103893]: INFO neutron.api.extensions [None req-6f73d145-90b0-4a9d-b749-ea8e4459b691 None None] Extension dvr not supported by any of loaded plugins
Feb 17 02:25:52.541170 np0000155885 devstack@neutron-api.service[103892]: DEBUG neutron_lib.callbacks.manager [None req-b57a0d8a-a722-4ced-9050-1985317885f5 None None] Subscribe: > process after_init 55550000, True {{(pid=103892) subscribe /opt/stack/data/venv/lib/python3.12/site-packages/neutron_lib/callbacks/manager.py:52}}
Feb 17 02:25:52.541259 np0000155885 devstack@neutron-api.service[103893]: DEBUG neutron.api.extensions [None req-6f73d145-90b0-4a9d-b749-ea8e4459b691 None None] Loading extension file: ecmp_routes.py {{(pid=103893) _load_all_extensions_from_path /opt/stack/neutron/neutron/api/extensions.py:449}}
Feb 17 02:25:52.541379 np0000155885 devstack@neutron-api.service[103892]: DEBUG neutron_lib.callbacks.manager [None req-b57a0d8a-a722-4ced-9050-1985317885f5 None None] Subscribe: > segment after_create 55550000, False {{(pid=103892) subscribe /opt/stack/data/venv/lib/python3.12/site-packages/neutron_lib/callbacks/manager.py:52}}
Feb 17 02:25:52.541448 np0000155885 devstack@neutron-api.service[103893]: DEBUG neutron.api.extensions [None req-6f73d145-90b0-4a9d-b749-ea8e4459b691 None None] Ext name="Equal Cost Multipath Routing" alias="ecmp_routes" description="Allows traffic to reach thesame destination via multiple different links " updated="2020-11-26T18:00:00-00:00" {{(pid=103893) _check_extension /opt/stack/neutron/neutron/api/extensions.py:415}}
Feb 17 02:25:52.541499 np0000155885 devstack@neutron-api.service[103892]: DEBUG neutron_lib.callbacks.manager [None req-b57a0d8a-a722-4ced-9050-1985317885f5 None None] Subscribe: > segment after_create 55550000, False {{(pid=103892) subscribe /opt/stack/data/venv/lib/python3.12/site-packages/neutron_lib/callbacks/manager.py:52}}
Feb 17 02:25:52.541624 np0000155885 devstack@neutron-api.service[103893]: INFO neutron.api.extensions [None req-6f73d145-90b0-4a9d-b749-ea8e4459b691 None None] Extension ecmp_routes not supported by any of loaded plugins
Feb 17 02:25:52.541657 np0000155885 devstack@neutron-api.service[103892]: DEBUG neutron_lib.callbacks.manager [None req-b57a0d8a-a722-4ced-9050-1985317885f5 None None] Subscribe: > segment after_delete 55550000, False {{(pid=103892) subscribe /opt/stack/data/venv/lib/python3.12/site-packages/neutron_lib/callbacks/manager.py:52}}
Feb 17 02:25:52.541709 np0000155885 devstack@neutron-api.service[103893]: DEBUG neutron.api.extensions [None req-6f73d145-90b0-4a9d-b749-ea8e4459b691 None None] Loading extension file: empty_string_filtering.py {{(pid=103893) _load_all_extensions_from_path /opt/stack/neutron/neutron/api/extensions.py:449}}
Feb 17 02:25:52.541781 np0000155885 devstack@neutron-api.service[103892]: DEBUG neutron_lib.callbacks.manager [None req-b57a0d8a-a722-4ced-9050-1985317885f5 None None] Subscribe: > allowed_address_pair before_create 55550000, False {{(pid=103892) subscribe /opt/stack/data/venv/lib/python3.12/site-packages/neutron_lib/callbacks/manager.py:52}}
Feb 17 02:25:52.541950 np0000155885 devstack@neutron-api.service[103892]: DEBUG neutron_lib.callbacks.manager [None req-b57a0d8a-a722-4ced-9050-1985317885f5 None None] Subscribe: > security_group precommit_create 55550000, False {{(pid=103892) subscribe /opt/stack/data/venv/lib/python3.12/site-packages/neutron_lib/callbacks/manager.py:52}}
Feb 17 02:25:52.541979 np0000155885 devstack@neutron-api.service[103893]: DEBUG neutron.api.extensions [None req-6f73d145-90b0-4a9d-b749-ea8e4459b691 None None] Ext name="Empty String Filtering Extension" alias="empty-string-filtering" description="Allow filtering by attributes with empty string value" updated="2018-05-01T10:00:00-00:00" {{(pid=103893) _check_extension /opt/stack/neutron/neutron/api/extensions.py:415}}
Feb 17 02:25:52.542284 np0000155885 devstack@neutron-api.service[103892]: DEBUG neutron_lib.callbacks.manager [None req-b57a0d8a-a722-4ced-9050-1985317885f5 None None] Subscribe: > security_group after_update 55550000, False {{(pid=103892) subscribe /opt/stack/data/venv/lib/python3.12/site-packages/neutron_lib/callbacks/manager.py:52}}
Feb 17 02:25:52.542435 np0000155885 devstack@neutron-api.service[103893]: INFO neutron.api.extensions [None req-6f73d145-90b0-4a9d-b749-ea8e4459b691 None None] Loaded extension: empty-string-filtering
Feb 17 02:25:52.542435 np0000155885 devstack@neutron-api.service[103893]: DEBUG neutron.api.extensions [None req-6f73d145-90b0-4a9d-b749-ea8e4459b691 None None] Loading extension file: expose_l3_conntrack_helper.py {{(pid=103893) _load_all_extensions_from_path /opt/stack/neutron/neutron/api/extensions.py:449}}
Feb 17 02:25:52.542532 np0000155885 devstack@neutron-api.service[103892]: DEBUG neutron_lib.callbacks.manager [None req-b57a0d8a-a722-4ced-9050-1985317885f5 None None] Subscribe: > security_group after_create 55550000, False {{(pid=103892) subscribe /opt/stack/data/venv/lib/python3.12/site-packages/neutron_lib/callbacks/manager.py:52}}
Feb 17 02:25:52.542532 np0000155885 devstack@neutron-api.service[103892]: DEBUG neutron_lib.callbacks.manager [None req-b57a0d8a-a722-4ced-9050-1985317885f5 None None] Subscribe: > security_group precommit_delete 55550000, False {{(pid=103892) subscribe /opt/stack/data/venv/lib/python3.12/site-packages/neutron_lib/callbacks/manager.py:52}}
Feb 17 02:25:52.542585 np0000155885 devstack@neutron-api.service[103893]: DEBUG neutron.api.extensions [None req-6f73d145-90b0-4a9d-b749-ea8e4459b691 None None] Ext name="Expose CT target rules for conntrack helper" alias="expose-l3-conntrack-helper" description="Expose allow adding CT target rules for conntrack helper" updated="2019-04-04T10:00:00-00:00" {{(pid=103893) _check_extension /opt/stack/neutron/neutron/api/extensions.py:415}}
Feb 17 02:25:52.542641 np0000155885 devstack@neutron-api.service[103892]: DEBUG neutron_lib.callbacks.manager [None req-b57a0d8a-a722-4ced-9050-1985317885f5 None None] Subscribe: > security_group after_delete 55550000, False {{(pid=103892) subscribe /opt/stack/data/venv/lib/python3.12/site-packages/neutron_lib/callbacks/manager.py:52}}
Feb 17 02:25:52.542692 np0000155885 devstack@neutron-api.service[103893]: INFO neutron.api.extensions [None req-6f73d145-90b0-4a9d-b749-ea8e4459b691 None None] Extension expose-l3-conntrack-helper not supported by any of loaded plugins
Feb 17 02:25:52.542719 np0000155885 devstack@neutron-api.service[103892]: DEBUG neutron_lib.callbacks.manager [None req-b57a0d8a-a722-4ced-9050-1985317885f5 None None] Subscribe: > security_group_rule precommit_create 55550000, False {{(pid=103892) subscribe /opt/stack/data/venv/lib/python3.12/site-packages/neutron_lib/callbacks/manager.py:52}}
Feb 17 02:25:52.542771 np0000155885 devstack@neutron-api.service[103893]: DEBUG neutron.api.extensions [None req-6f73d145-90b0-4a9d-b749-ea8e4459b691 None None] Loading extension file: expose_port_forwarding_in_fip.py {{(pid=103893) _load_all_extensions_from_path /opt/stack/neutron/neutron/api/extensions.py:449}}
Feb 17 02:25:52.542803 np0000155885 devstack@neutron-api.service[103892]: DEBUG neutron_lib.callbacks.manager [None req-b57a0d8a-a722-4ced-9050-1985317885f5 None None] Subscribe: > security_group_rule after_create 55550000, False {{(pid=103892) subscribe /opt/stack/data/venv/lib/python3.12/site-packages/neutron_lib/callbacks/manager.py:52}}
Feb 17 02:25:52.543396 np0000155885 devstack@neutron-api.service[103893]: DEBUG neutron.api.extensions [None req-6f73d145-90b0-4a9d-b749-ea8e4459b691 None None] Ext name="Expose Floating IP port forwardings" alias="expose-port-forwarding-in-fip" description="Expose port forwarding fields in floating IP response" updated="2018-06-28T16:00:00-00:00" {{(pid=103893) _check_extension /opt/stack/neutron/neutron/api/extensions.py:415}}
