Feb 17 02:25:52.705729 np0000155885 devstack@neutron-api.service[103892]: WARNING neutron.quota.resource_registry [None req-b57a0d8a-a722-4ced-9050-1985317885f5 None None] router is already registered
Feb 17 02:25:52.706214 np0000155885 devstack@neutron-api.service[103892]: INFO neutron.quota.resource_registry [None req-b57a0d8a-a722-4ced-9050-1985317885f5 None None] Creating instance of TrackedResource for resource:floatingip
Feb 17 02:25:52.706394 np0000155885 devstack@neutron-api.service[103892]: WARNING neutron.quota.resource_registry [None req-b57a0d8a-a722-4ced-9050-1985317885f5 None None] floatingip is already registered
Feb 17 02:25:52.707327 np0000155885 devstack@neutron-api.service[103892]: INFO neutron.quota.resource_registry [None req-b57a0d8a-a722-4ced-9050-1985317885f5 None None] Creating instance of CountableResource for resource:rbac_policy
Feb 17 02:25:52.707428 np0000155885 devstack@neutron-api.service[103892]: WARNING neutron.quota.resource_registry [None req-b57a0d8a-a722-4ced-9050-1985317885f5 None None] rbac_policy is already registered
Feb 17 02:25:52.707962 np0000155885 devstack@neutron-api.service[103892]: INFO neutron.quota.resource_registry [None req-b57a0d8a-a722-4ced-9050-1985317885f5 None None] Creating instance of TrackedResource for resource:security_group
Feb 17 02:25:52.708089 np0000155885 devstack@neutron-api.service[103892]: WARNING neutron.quota.resource_registry [None req-b57a0d8a-a722-4ced-9050-1985317885f5 None None] security_group is already registered
Feb 17 02:25:52.708503 np0000155885 devstack@neutron-api.service[103892]: INFO neutron.quota.resource_registry [None req-b57a0d8a-a722-4ced-9050-1985317885f5 None None] Creating instance of TrackedResource for resource:security_group_rule
Feb 17 02:25:52.708630 np0000155885 devstack@neutron-api.service[103892]: WARNING neutron.quota.resource_registry [None req-b57a0d8a-a722-4ced-9050-1985317885f5 None None] security_group_rule is already registered
Feb 17 02:25:52.709246 np0000155885 devstack@neutron-api.service[103892]: DEBUG neutron.api.v2.resource_helper [None req-b57a0d8a-a722-4ced-9050-1985317885f5 None None] Service CORE assigned prefix: {{(pid=103892) build_resource_info /opt/stack/neutron/neutron/api/v2/resource_helper.py:77}}
Feb 17 02:25:52.709372 np0000155885 devstack@neutron-api.service[103892]: INFO neutron.quota.resource_registry [None req-b57a0d8a-a722-4ced-9050-1985317885f5 None None] Creating instance of TrackedResource for resource:subnetpool
Feb 17 02:25:52.709510 np0000155885 devstack@neutron-api.service[103892]: WARNING neutron.quota.resource_registry [None req-b57a0d8a-a722-4ced-9050-1985317885f5 None None] subnetpool is already registered
Feb 17 02:25:52.709907 np0000155885 devstack@neutron-api.service[103892]: DEBUG neutron.api.extensions [None req-b57a0d8a-a722-4ced-9050-1985317885f5 None None] Extended resource: extensions {{(pid=103892) __init__ /opt/stack/neutron/neutron/api/extensions.py:156}}
Feb 17 02:25:52.710646 np0000155885 devstack@neutron-api.service[103892]: DEBUG neutron.api.extensions [None req-b57a0d8a-a722-4ced-9050-1985317885f5 None None] Extended resource: address-groups {{(pid=103892) __init__ /opt/stack/neutron/neutron/api/extensions.py:156}}
Feb 17 02:25:52.711467 np0000155885 devstack@neutron-api.service[103892]: DEBUG neutron.api.extensions [None req-b57a0d8a-a722-4ced-9050-1985317885f5 None None] Extended resource: address-scopes {{(pid=103892) __init__ /opt/stack/neutron/neutron/api/extensions.py:156}}
Feb 17 02:25:52.712110 np0000155885 devstack@neutron-api.service[103892]: DEBUG neutron.api.extensions [None req-b57a0d8a-a722-4ced-9050-1985317885f5 None None] Extended resource: agents {{(pid=103892) __init__ /opt/stack/neutron/neutron/api/extensions.py:156}}
Feb 17 02:25:52.714107 np0000155885 devstack@neutron-api.service[103892]: DEBUG neutron.api.extensions [None req-b57a0d8a-a722-4ced-9050-1985317885f5 None None] Extended resource: auto-allocated-topology {{(pid=103892) __init__ /opt/stack/neutron/neutron/api/extensions.py:156}}
Feb 17 02:25:52.714884 np0000155885 devstack@neutron-api.service[103892]: DEBUG neutron.api.extensions [None req-b57a0d8a-a722-4ced-9050-1985317885f5 None None] Extended resource: availability_zones {{(pid=103892) __init__ /opt/stack/neutron/neutron/api/extensions.py:156}}
Feb 17 02:25:52.715559 np0000155885 devstack@neutron-api.service[103892]: DEBUG neutron.api.extensions [None req-b57a0d8a-a722-4ced-9050-1985317885f5 None None] Extended resource: dhcp-networks {{(pid=103892) __init__ /opt/stack/neutron/neutron/api/extensions.py:156}}
Feb 17 02:25:52.716406 np0000155885 devstack@neutron-api.service[103892]: DEBUG neutron.api.extensions [None req-b57a0d8a-a722-4ced-9050-1985317885f5 None None] Extended resource: dhcp-agents {{(pid=103892) __init__ /opt/stack/neutron/neutron/api/extensions.py:156}}
Feb 17 02:25:52.717209 np0000155885 devstack@neutron-api.service[103892]: DEBUG neutron.api.extensions [None req-b57a0d8a-a722-4ced-9050-1985317885f5 None None] Extended resource: routers {{(pid=103892) __init__ /opt/stack/neutron/neutron/api/extensions.py:156}}
Feb 17 02:25:52.718522 np0000155885 devstack@neutron-api.service[103892]: DEBUG neutron.api.extensions [None req-b57a0d8a-a722-4ced-9050-1985317885f5 None None] Extended resource: flavors {{(pid=103892) __init__ /opt/stack/neutron/neutron/api/extensions.py:156}}
Feb 17 02:25:52.719121 np0000155885 devstack@neutron-api.service[103892]: DEBUG neutron.api.extensions [None req-b57a0d8a-a722-4ced-9050-1985317885f5 None None] Extended resource: service_profiles {{(pid=103892) __init__ /opt/stack/neutron/neutron/api/extensions.py:156}}
Feb 17 02:25:52.719801 np0000155885 devstack@neutron-api.service[103892]: DEBUG neutron.api.extensions [None req-b57a0d8a-a722-4ced-9050-1985317885f5 None None] Extended resource: next_providers {{(pid=103892) __init__ /opt/stack/neutron/neutron/api/extensions.py:156}}
Feb 17 02:25:52.720693 np0000155885 devstack@neutron-api.service[103892]: DEBUG neutron.api.extensions [None req-b57a0d8a-a722-4ced-9050-1985317885f5 None None] Extended resource: service_profiles {{(pid=103892) __init__ /opt/stack/neutron/neutron/api/extensions.py:156}}
Feb 17 02:25:52.721596 np0000155885 devstack@neutron-api.service[103892]: DEBUG neutron.api.extensions [None req-b57a0d8a-a722-4ced-9050-1985317885f5 None None] Extended resource: floatingip-pools {{(pid=103892) __init__ /opt/stack/neutron/neutron/api/extensions.py:156}}
Feb 17 02:25:52.722266 np0000155885 devstack@neutron-api.service[103892]: DEBUG neutron.api.extensions [None req-b57a0d8a-a722-4ced-9050-1985317885f5 None None] Extended resource: routers {{(pid=103892) __init__ /opt/stack/neutron/neutron/api/extensions.py:156}}
Feb 17 02:25:52.723496 np0000155885 devstack@neutron-api.service[103892]: DEBUG neutron.api.extensions [None req-b57a0d8a-a722-4ced-9050-1985317885f5 None None] Extended resource: floatingips {{(pid=103892) __init__ /opt/stack/neutron/neutron/api/extensions.py:156}}
Feb 17 02:25:52.724240 np0000155885 devstack@neutron-api.service[103892]: DEBUG neutron.api.extensions [None req-b57a0d8a-a722-4ced-9050-1985317885f5 None None] Extended resource: network-ip-availabilities {{(pid=103892) __init__ /opt/stack/neutron/neutron/api/extensions.py:156}}
Feb 17 02:25:52.724915 np0000155885 devstack@neutron-api.service[103892]: DEBUG neutron.api.extensions [None req-b57a0d8a-a722-4ced-9050-1985317885f5 None None] Extended resource: network-ip-availabilities {{(pid=103892) __init__ /opt/stack/neutron/neutron/api/extensions.py:156}}
Feb 17 02:25:52.725625 np0000155885 devstack@neutron-api.service[103892]: DEBUG neutron.api.extensions [None req-b57a0d8a-a722-4ced-9050-1985317885f5 None None] Extended resource: bindings {{(pid=103892) __init__ /opt/stack/neutron/neutron/api/extensions.py:156}}
Feb 17 02:25:52.726567 np0000155885 devstack@neutron-api.service[103892]: DEBUG neutron.api.extensions [None req-b57a0d8a-a722-4ced-9050-1985317885f5 None None] Extended resource: quotas {{(pid=103892) __init__ /opt/stack/neutron/neutron/api/extensions.py:156}}
Feb 17 02:25:52.727438 np0000155885 devstack@neutron-api.service[103892]: DEBUG neutron.api.extensions [None req-b57a0d8a-a722-4ced-9050-1985317885f5 None None] Extended resource: quotas {{(pid=103892) __init__ /opt/stack/neutron/neutron/api/extensions.py:156}}
Feb 17 02:25:52.728311 np0000155885 devstack@neutron-api.service[103892]: DEBUG neutron.api.extensions [None req-b57a0d8a-a722-4ced-9050-1985317885f5 None None] Extended resource: rbac-policies {{(pid=103892) __init__ /opt/stack/neutron/neutron/api/extensions.py:156}}
Feb 17 02:25:52.729006 np0000155885 devstack@neutron-api.service[103892]: DEBUG neutron.api.extensions [None req-b57a0d8a-a722-4ced-9050-1985317885f5 None None] Extended resource: default-security-group-rules {{(pid=103892) __init__ /opt/stack/neutron/neutron/api/extensions.py:156}}
Feb 17 02:25:52.729694 np0000155885 devstack@neutron-api.service[103892]: DEBUG neutron.api.extensions [None req-b57a0d8a-a722-4ced-9050-1985317885f5 None None] Extended resource: security-groups {{(pid=103892) __init__ /opt/stack/neutron/neutron/api/extensions.py:156}}
Feb 17 02:25:52.730347 np0000155885 devstack@neutron-api.service[103892]: DEBUG neutron.api.extensions [None req-b57a0d8a-a722-4ced-9050-1985317885f5 None None] Extended resource: security-group-rules {{(pid=103892) __init__ /opt/stack/neutron/neutron/api/extensions.py:156}}
Feb 17 02:25:52.730991 np0000155885 devstack@neutron-api.service[103892]: DEBUG neutron.api.extensions [None req-b57a0d8a-a722-4ced-9050-1985317885f5 None None] Extended resource: service-providers {{(pid=103892) __init__ /opt/stack/neutron/neutron/api/extensions.py:156}}
Feb 17 02:25:52.731712 np0000155885 devstack@neutron-api.service[103892]: DEBUG neutron.api.extensions [None req-b57a0d8a-a722-4ced-9050-1985317885f5 None None] Extended resource: subnetpools {{(pid=103892) __init__ /opt/stack/neutron/neutron/api/extensions.py:156}}
Feb 17 02:25:52.732565 np0000155885 devstack@neutron-api.service[103892]: DEBUG neutron.api.extensions [None req-b57a0d8a-a722-4ced-9050-1985317885f5 None None] Extended resource: tags {{(pid=103892) __init__ /opt/stack/neutron/neutron/api/extensions.py:156}}
Feb 17 02:25:52.734404 np0000155885 devstack@neutron-api.service[103892]: DEBUG neutron.api.extensions [None req-b57a0d8a-a722-4ced-9050-1985317885f5 None None] Extended resource: tags {{(pid=103892) __init__ /opt/stack/neutron/neutron/api/extensions.py:156}}
Feb 17 02:25:52.734532 np0000155885 devstack@neutron-api.service[103892]: DEBUG neutron.api.extensions [None req-b57a0d8a-a722-4ced-9050-1985317885f5 None None] Extended resource: tags {{(pid=103892) __init__ /opt/stack/neutron/neutron/api/extensions.py:156}}
Feb 17 02:25:52.735429 np0000155885 devstack@neutron-api.service[103892]: DEBUG neutron.api.extensions [None req-b57a0d8a-a722-4ced-9050-1985317885f5 None None] Extended resource: tags {{(pid=103892) __init__ /opt/stack/neutron/neutron/api/extensions.py:156}}
Feb 17 02:25:52.736586 np0000155885 devstack@neutron-api.service[103892]: DEBUG neutron.api.extensions [None req-b57a0d8a-a722-4ced-9050-1985317885f5 None None] Extended resource: tags {{(pid=103892) __init__ /opt/stack/neutron/neutron/api/extensions.py:156}}
Feb 17 02:25:52.737534 np0000155885 devstack@neutron-api.service[103892]: DEBUG neutron.api.extensions [None req-b57a0d8a-a722-4ced-9050-1985317885f5 None None] Extended resource: tags {{(pid=103892) __init__ /opt/stack/neutron/neutron/api/extensions.py:156}}
Feb 17 02:25:52.738533 np0000155885 devstack@neutron-api.service[103892]: DEBUG neutron.api.extensions [None req-b57a0d8a-a722-4ced-9050-1985317885f5 None None] Extended resource: tags {{(pid=103892) __init__ /opt/stack/neutron/neutron/api/extensions.py:156}}
Feb 17 02:25:52.739591 np0000155885 devstack@neutron-api.service[103892]: DEBUG neutron.api.extensions [None req-b57a0d8a-a722-4ced-9050-1985317885f5 None None] Extended resource: tags {{(pid=103892) __init__ /opt/stack/neutron/neutron/api/extensions.py:156}}
Feb 17 02:25:52.740639 np0000155885 devstack@neutron-api.service[103892]: DEBUG neutron.api.extensions [None req-b57a0d8a-a722-4ced-9050-1985317885f5 None None] Extended resource: tags {{(pid=103892) __init__ /opt/stack/neutron/neutron/api/extensions.py:156}}
Feb 17 02:25:52.741711 np0000155885 devstack@neutron-api.service[103892]: DEBUG neutron.api.extensions [None req-b57a0d8a-a722-4ced-9050-1985317885f5 None None] Extended resource: tags {{(pid=103892) __init__ /opt/stack/neutron/neutron/api/extensions.py:156}}
Feb 17 02:25:52.748057 np0000155885 devstack@neutron-api.service[103892]: WARNING keystonemiddleware.auth_token [None req-b57a0d8a-a722-4ced-9050-1985317885f5 None None] AuthToken middleware is set with keystone_authtoken.service_token_roles_required set to False. This is backwards compatible but deprecated behaviour. Please set this to True.
Feb 17 02:25:52.752328 np0000155885 devstack@neutron-api.service[103892]: WARNING keystonemiddleware.auth_token [None req-b57a0d8a-a722-4ced-9050-1985317885f5 None None] Configuring www_authenticate_uri to point to the public identity endpoint is required; clients may not be able to authenticate against an admin endpoint
Feb 17 02:25:52.759025 np0000155885 devstack@neutron-api.service[103892]: DEBUG neutron_lib.callbacks.manager [None req-b57a0d8a-a722-4ced-9050-1985317885f5 None None] Publish callbacks ['neutron.plugins.ml2.drivers.ovn.mech_driver.mech_driver.OVNMechanismDriver.pre_fork_initialize-3970982'] for process (None), before_spawn {{(pid=103892) _notify_loop /opt/stack/data/venv/lib/python3.12/site-packages/neutron_lib/callbacks/manager.py:184}}
Feb 17 02:25:52.759600 np0000155885 devstack@neutron-api.service[103892]: DEBUG oslo_concurrency.processutils [None req-b57a0d8a-a722-4ced-9050-1985317885f5 None None] Running cmd (subprocess): ovsdb-client transact ssl:199.204.45.233:6641 --timeout 180 -p /opt/stack/data/CA/int-ca/private/devstack-cert.key -c /opt/stack/data/CA/int-ca/devstack-cert.crt -C /opt/stack/data/CA/int-ca/ca-chain.pem ["OVN_Northbound", {"op": "wait", "timeout": 0, "table": "Port_Group", "where": [["name", "==", "neutron_pg_drop"]], "until": "==", "rows": []}, {"op": "insert", "table": "ACL", "row": {"action": "drop", "direction": "to-lport", "match": "outport == @neutron_pg_drop && ip", "priority": 1001}, "uuid-name": "droptoport"}, {"op": "insert", "table": "ACL", "row": {"action": "drop", "direction": "from-lport", "match": "inport == @neutron_pg_drop && ip", "priority": 1001}, "uuid-name": "dropfromport"}, {"op": "insert", "table": "Port_Group", "row": {"name": "neutron_pg_drop", "acls": ["set", [["named-uuid", "droptoport"], ["named-uuid", "dropfromport"]]]}}] {{(pid=103892) execute /opt/stack/data/venv/lib/python3.12/site-packages/oslo_concurrency/processutils.py:368}}
Feb 17 02:25:52.789338 np0000155885 devstack@neutron-api.service[103893]: DEBUG neutron.api.extensions [None req-6f73d145-90b0-4a9d-b749-ea8e4459b691 None None] Extended resource: default-security-group-rules {{(pid=103893) __init__ /opt/stack/neutron/neutron/api/extensions.py:156}}
Feb 17 02:25:52.789338 np0000155885 devstack@neutron-api.service[103893]: DEBUG neutron.api.extensions [None req-6f73d145-90b0-4a9d-b749-ea8e4459b691 None None] Extended resource: security-groups {{(pid=103893) __init__ /opt/stack/neutron/neutron/api/extensions.py:156}}
Feb 17 02:25:52.789601 np0000155885 devstack@neutron-api.service[103893]: DEBUG neutron.api.extensions [None req-6f73d145-90b0-4a9d-b749-ea8e4459b691 None None] Extended resource: security-group-rules {{(pid=103893) __init__ /opt/stack/neutron/neutron/api/extensions.py:156}}
Feb 17 02:25:52.790026 np0000155885 devstack@neutron-api.service[103893]: DEBUG neutron.api.extensions [None req-6f73d145-90b0-4a9d-b749-ea8e4459b691 None None] Extended resource: service-providers {{(pid=103893) __init__ /opt/stack/neutron/neutron/api/extensions.py:156}}
Feb 17 02:25:52.790689 np0000155885 devstack@neutron-api.service[103893]: DEBUG neutron.api.extensions [None req-6f73d145-90b0-4a9d-b749-ea8e4459b691 None None] Extended resource: subnetpools {{(pid=103893) __init__ /opt/stack/neutron/neutron/api/extensions.py:156}}
Feb 17 02:25:52.791395 np0000155885 devstack@neutron-api.service[103893]: DEBUG neutron.api.extensions [None req-6f73d145-90b0-4a9d-b749-ea8e4459b691 None None] Extended resource: tags {{(pid=103893) __init__ /opt/stack/neutron/neutron/api/extensions.py:156}}
Feb 17 02:25:52.792096 np0000155885 devstack@neutron-api.service[103893]: DEBUG neutron.api.extensions [None req-6f73d145-90b0-4a9d-b749-ea8e4459b691 None None] Extended resource: tags {{(pid=103893) __init__ /opt/stack/neutron/neutron/api/extensions.py:156}}
Feb 17 02:25:52.792979 np0000155885 devstack@neutron-api.service[103893]: DEBUG neutron.api.extensions [None req-6f73d145-90b0-4a9d-b749-ea8e4459b691 None None] Extended resource: tags {{(pid=103893) __init__ /opt/stack/neutron/neutron/api/extensions.py:156}}
Feb 17 02:25:52.793816 np0000155885 devstack@neutron-api.service[103893]: DEBUG neutron.api.extensions [None req-6f73d145-90b0-4a9d-b749-ea8e4459b691 None None] Extended resource: tags {{(pid=103893) __init__ /opt/stack/neutron/neutron/api/extensions.py:156}}
Feb 17 02:25:52.794580 np0000155885 devstack@neutron-api.service[103893]: DEBUG neutron.api.extensions [None req-6f73d145-90b0-4a9d-b749-ea8e4459b691 None None] Extended resource: tags {{(pid=103893) __init__ /opt/stack/neutron/neutron/api/extensions.py:156}}
Feb 17 02:25:52.795473 np0000155885 devstack@neutron-api.service[103893]: DEBUG neutron.api.extensions [None req-6f73d145-90b0-4a9d-b749-ea8e4459b691 None None] Extended resource: tags {{(pid=103893) __init__ /opt/stack/neutron/neutron/api/extensions.py:156}}
Feb 17 02:25:52.796313 np0000155885 devstack@neutron-api.service[103893]: DEBUG neutron.api.extensions [None req-6f73d145-90b0-4a9d-b749-ea8e4459b691 None None] Extended resource: tags {{(pid=103893) __init__ /opt/stack/neutron/neutron/api/extensions.py:156}}
Feb 17 02:25:52.796764 np0000155885 devstack@neutron-api.service[103892]: DEBUG oslo_concurrency.processutils [None req-b57a0d8a-a722-4ced-9050-1985317885f5 None None] CMD "ovsdb-client transact ssl:199.204.45.233:6641 --timeout 180 -p /opt/stack/data/CA/int-ca/private/devstack-cert.key -c /opt/stack/data/CA/int-ca/devstack-cert.crt -C /opt/stack/data/CA/int-ca/ca-chain.pem ["OVN_Northbound", {"op": "wait", "timeout": 0, "table": "Port_Group", "where": [["name", "==", "neutron_pg_drop"]], "until": "==", "rows": []}, {"op": "insert", "table": "ACL", "row": {"action": "drop", "direction": "to-lport", "match": "outport == @neutron_pg_drop && ip", "priority": 1001}, "uuid-name": "droptoport"}, {"op": "insert", "table": "ACL", "row": {"action": "drop", "direction": "from-lport", "match": "inport == @neutron_pg_drop && ip", "priority": 1001}, "uuid-name": "dropfromport"}, {"op": "insert", "table": "Port_Group", "row": {"name": "neutron_pg_drop", "acls": ["set", [["named-uuid", "droptoport"], ["named-uuid", "dropfromport"]]]}}]" returned: 0 in 0.037s {{(pid=103892) execute /opt/stack/data/venv/lib/python3.12/site-packages/oslo_concurrency/processutils.py:396}}
Feb 17 02:25:52.797047 np0000155885 devstack@neutron-api.service[103892]: DEBUG neutron_lib.callbacks.manager [None req-b57a0d8a-a722-4ced-9050-1985317885f5 None None] Publish callbacks ['neutron.plugins.ml2.drivers.ovn.mech_driver.mech_driver.OVNMechanismDriver.post_fork_initialize-3970942', 'neutron.services.ovn_l3.plugin.OVNL3RouterPlugin._post_fork_initialize-12102'] for process (None), after_init {{(pid=103892) _notify_loop /opt/stack/data/venv/lib/python3.12/site-packages/neutron_lib/callbacks/manager.py:184}}
Feb 17 02:25:52.797095 np0000155885 devstack@neutron-api.service[103893]: DEBUG neutron.api.extensions [None req-6f73d145-90b0-4a9d-b749-ea8e4459b691 None None] Extended resource: tags {{(pid=103893) __init__ /opt/stack/neutron/neutron/api/extensions.py:156}}
Feb 17 02:25:52.797386 np0000155885 devstack@neutron-api.service[103892]: DEBUG oslo_concurrency.lockutils [None req-b57a0d8a-a722-4ced-9050-1985317885f5 None None] Acquiring lock "singleton_lock" {{(pid=103892) lock /opt/stack/data/venv/lib/python3.12/site-packages/oslo_concurrency/lockutils.py:390}}
Feb 17 02:25:52.797483 np0000155885 devstack@neutron-api.service[103892]: DEBUG oslo_concurrency.lockutils [None req-b57a0d8a-a722-4ced-9050-1985317885f5 None None] Acquired lock "singleton_lock" {{(pid=103892) lock /opt/stack/data/venv/lib/python3.12/site-packages/oslo_concurrency/lockutils.py:393}}
Feb 17 02:25:52.797678 np0000155885 devstack@neutron-api.service[103892]: DEBUG oslo_concurrency.lockutils [None req-b57a0d8a-a722-4ced-9050-1985317885f5 None None] Releasing lock "singleton_lock" {{(pid=103892) lock /opt/stack/data/venv/lib/python3.12/site-packages/oslo_concurrency/lockutils.py:413}}
Feb 17 02:25:52.797877 np0000155885 devstack@neutron-api.service[103893]: DEBUG neutron.api.extensions [None req-6f73d145-90b0-4a9d-b749-ea8e4459b691 None None] Extended resource: tags {{(pid=103893) __init__ /opt/stack/neutron/neutron/api/extensions.py:156}}
Feb 17 02:25:52.798746 np0000155885 devstack@neutron-api.service[103893]: DEBUG neutron.api.extensions [None req-6f73d145-90b0-4a9d-b749-ea8e4459b691 None None] Extended resource: tags {{(pid=103893) __init__ /opt/stack/neutron/neutron/api/extensions.py:156}}
Feb 17 02:25:52.799189 np0000155885 devstack@neutron-api.service[103892]: DEBUG neutron.plugins.ml2.drivers.ovn.mech_driver.mech_driver [None req-b57a0d8a-a722-4ced-9050-1985317885f5 None None] Hash Ring setup using WSGI start time 2026-02-17 02:25:45+00:00 {{(pid=103892) _init_hash_ring /opt/stack/neutron/neutron/plugins/ml2/drivers/ovn/mech_driver/mech_driver.py:401}}
Feb 17 02:25:52.801991 np0000155885 devstack@neutron-api.service[103893]: WARNING keystonemiddleware.auth_token [None req-6f73d145-90b0-4a9d-b749-ea8e4459b691 None None] AuthToken middleware is set with keystone_authtoken.service_token_roles_required set to False. This is backwards compatible but deprecated behaviour. Please set this to True.
Feb 17 02:25:52.805030 np0000155885 devstack@neutron-api.service[103893]: WARNING keystonemiddleware.auth_token [None req-6f73d145-90b0-4a9d-b749-ea8e4459b691 None None] Configuring www_authenticate_uri to point to the public identity endpoint is required; clients may not be able to authenticate against an admin endpoint
Feb 17 02:25:52.809549 np0000155885 devstack@neutron-api.service[103893]: DEBUG neutron_lib.callbacks.manager [None req-6f73d145-90b0-4a9d-b749-ea8e4459b691 None None] Publish callbacks ['neutron.plugins.ml2.drivers.ovn.mech_driver.mech_driver.OVNMechanismDriver.pre_fork_initialize-295802'] for process (None), before_spawn {{(pid=103893) _notify_loop /opt/stack/data/venv/lib/python3.12/site-packages/neutron_lib/callbacks/manager.py:184}}
Feb 17 02:25:52.809867 np0000155885 devstack@neutron-api.service[103893]: DEBUG oslo_concurrency.processutils [None req-6f73d145-90b0-4a9d-b749-ea8e4459b691 None None] Running cmd (subprocess): ovsdb-client transact ssl:199.204.45.233:6641 --timeout 180 -p /opt/stack/data/CA/int-ca/private/devstack-cert.key -c /opt/stack/data/CA/int-ca/devstack-cert.crt -C /opt/stack/data/CA/int-ca/ca-chain.pem ["OVN_Northbound", {"op": "wait", "timeout": 0, "table": "Port_Group", "where": [["name", "==", "neutron_pg_drop"]], "until": "==", "rows": []}, {"op": "insert", "table": "ACL", "row": {"action": "drop", "direction": "to-lport", "match": "outport == @neutron_pg_drop && ip", "priority": 1001}, "uuid-name": "droptoport"}, {"op": "insert", "table": "ACL", "row": {"action": "drop", "direction": "from-lport", "match": "inport == @neutron_pg_drop && ip", "priority": 1001}, "uuid-name": "dropfromport"}, {"op": "insert", "table": "Port_Group", "row": {"name": "neutron_pg_drop", "acls": ["set", [["named-uuid", "droptoport"], ["named-uuid", "dropfromport"]]]}}] {{(pid=103893) execute /opt/stack/data/venv/lib/python3.12/site-packages/oslo_concurrency/processutils.py:368}}
Feb 17 02:25:52.843385 np0000155885 devstack@neutron-api.service[103890]: DEBUG neutron.api.extensions [None req-e7edffa7-28f8-4dc0-ba7f-a4b47923b5ea None None] Extended resource: default-security-group-rules {{(pid=103890) __init__ /opt/stack/neutron/neutron/api/extensions.py:156}}
Feb 17 02:25:52.843986 np0000155885 devstack@neutron-api.service[103890]: DEBUG neutron.api.extensions [None req-e7edffa7-28f8-4dc0-ba7f-a4b47923b5ea None None] Extended resource: security-groups {{(pid=103890) __init__ /opt/stack/neutron/neutron/api/extensions.py:156}}
Feb 17 02:25:52.844157 np0000155885 devstack@neutron-api.service[103893]: DEBUG oslo_concurrency.processutils [None req-6f73d145-90b0-4a9d-b749-ea8e4459b691 None None] CMD "ovsdb-client transact ssl:199.204.45.233:6641 --timeout 180 -p /opt/stack/data/CA/int-ca/private/devstack-cert.key -c /opt/stack/data/CA/int-ca/devstack-cert.crt -C /opt/stack/data/CA/int-ca/ca-chain.pem ["OVN_Northbound", {"op": "wait", "timeout": 0, "table": "Port_Group", "where": [["name", "==", "neutron_pg_drop"]], "until": "==", "rows": []}, {"op": "insert", "table": "ACL", "row": {"action": "drop", "direction": "to-lport", "match": "outport == @neutron_pg_drop && ip", "priority": 1001}, "uuid-name": "droptoport"}, {"op": "insert", "table": "ACL", "row": {"action": "drop", "direction": "from-lport", "match": "inport == @neutron_pg_drop && ip", "priority": 1001}, "uuid-name": "dropfromport"}, {"op": "insert", "table": "Port_Group", "row": {"name": "neutron_pg_drop", "acls": ["set", [["named-uuid", "droptoport"], ["named-uuid", "dropfromport"]]]}}]" returned: 0 in 0.034s {{(pid=103893) execute /opt/stack/data/venv/lib/python3.12/site-packages/oslo_concurrency/processutils.py:396}}
Feb 17 02:25:52.844599 np0000155885 devstack@neutron-api.service[103890]: DEBUG neutron.api.extensions [None req-e7edffa7-28f8-4dc0-ba7f-a4b47923b5ea None None] Extended resource: security-group-rules {{(pid=103890) __init__ /opt/stack/neutron/neutron/api/extensions.py:156}}
Feb 17 02:25:52.844877 np0000155885 devstack@neutron-api.service[103893]: DEBUG neutron_lib.callbacks.manager [None req-6f73d145-90b0-4a9d-b749-ea8e4459b691 None None] Publish callbacks ['neutron.plugins.ml2.drivers.ovn.mech_driver.mech_driver.OVNMechanismDriver.post_fork_initialize-295826', 'neutron.services.ovn_l3.plugin.OVNL3RouterPlugin._post_fork_initialize-4219'] for process (None), after_init {{(pid=103893) _notify_loop /opt/stack/data/venv/lib/python3.12/site-packages/neutron_lib/callbacks/manager.py:184}}
Feb 17 02:25:52.845480 np0000155885 devstack@neutron-api.service[103890]: DEBUG neutron.api.extensions [None req-e7edffa7-28f8-4dc0-ba7f-a4b47923b5ea None None] Extended resource: service-providers {{(pid=103890) __init__ /opt/stack/neutron/neutron/api/extensions.py:156}}
Feb 17 02:25:52.845707 np0000155885 devstack@neutron-api.service[103893]: DEBUG oslo_concurrency.lockutils [None req-6f73d145-90b0-4a9d-b749-ea8e4459b691 None None] Acquiring lock "singleton_lock" {{(pid=103893) lock /opt/stack/data/venv/lib/python3.12/site-packages/oslo_concurrency/lockutils.py:390}}
Feb 17 02:25:52.845915 np0000155885 devstack@neutron-api.service[103893]: DEBUG oslo_concurrency.lockutils [None req-6f73d145-90b0-4a9d-b749-ea8e4459b691 None None] Acquired lock "singleton_lock" {{(pid=103893) lock /opt/stack/data/venv/lib/python3.12/site-packages/oslo_concurrency/lockutils.py:393}}
Feb 17 02:25:52.846542 np0000155885 devstack@neutron-api.service[103893]: DEBUG oslo_concurrency.lockutils [None req-6f73d145-90b0-4a9d-b749-ea8e4459b691 None None] Releasing lock "singleton_lock" {{(pid=103893) lock /opt/stack/data/venv/lib/python3.12/site-packages/oslo_concurrency/lockutils.py:413}}
Feb 17 02:25:52.846589 np0000155885 devstack@neutron-api.service[103890]: DEBUG neutron.api.extensions [None req-e7edffa7-28f8-4dc0-ba7f-a4b47923b5ea None None] Extended resource: subnetpools {{(pid=103890) __init__ /opt/stack/neutron/neutron/api/extensions.py:156}}
Feb 17 02:25:52.847714 np0000155885 devstack@neutron-api.service[103890]: DEBUG neutron.api.extensions [None req-e7edffa7-28f8-4dc0-ba7f-a4b47923b5ea None None] Extended resource: tags {{(pid=103890) __init__ /opt/stack/neutron/neutron/api/extensions.py:156}}
Feb 17 02:25:52.849488 np0000155885 devstack@neutron-api.service[103890]: DEBUG neutron.api.extensions [None req-e7edffa7-28f8-4dc0-ba7f-a4b47923b5ea None None] Extended resource: tags {{(pid=103890) __init__ /opt/stack/neutron/neutron/api/extensions.py:156}}
Feb 17 02:25:52.850115 np0000155885 devstack@neutron-api.service[103893]: DEBUG neutron.plugins.ml2.drivers.ovn.mech_driver.mech_driver [None req-6f73d145-90b0-4a9d-b749-ea8e4459b691 None None] Hash Ring setup using WSGI start time 2026-02-17 02:25:45+00:00 {{(pid=103893) _init_hash_ring /opt/stack/neutron/neutron/plugins/ml2/drivers/ovn/mech_driver/mech_driver.py:401}}
Feb 17 02:25:52.850380 np0000155885 devstack@neutron-api.service[103890]: DEBUG neutron.api.extensions [None req-e7edffa7-28f8-4dc0-ba7f-a4b47923b5ea None None] Extended resource: tags {{(pid=103890) __init__ /opt/stack/neutron/neutron/api/extensions.py:156}}
Feb 17 02:25:52.851826 np0000155885 devstack@neutron-api.service[103890]: DEBUG neutron.api.extensions [None req-e7edffa7-28f8-4dc0-ba7f-a4b47923b5ea None None] Extended resource: tags {{(pid=103890) __init__ /opt/stack/neutron/neutron/api/extensions.py:156}}
Feb 17 02:25:52.853233 np0000155885 devstack@neutron-api.service[103890]: DEBUG neutron.api.extensions [None req-e7edffa7-28f8-4dc0-ba7f-a4b47923b5ea None None] Extended resource: tags {{(pid=103890) __init__ /opt/stack/neutron/neutron/api/extensions.py:156}}
Feb 17 02:25:52.854112 np0000155885 devstack@neutron-api.service[103890]: DEBUG neutron.api.extensions [None req-e7edffa7-28f8-4dc0-ba7f-a4b47923b5ea None None] Extended resource: tags {{(pid=103890) __init__ /opt/stack/neutron/neutron/api/extensions.py:156}}
Feb 17 02:25:52.854910 np0000155885 devstack@neutron-api.service[103890]: DEBUG neutron.api.extensions [None req-e7edffa7-28f8-4dc0-ba7f-a4b47923b5ea None None] Extended resource: tags {{(pid=103890) __init__ /opt/stack/neutron/neutron/api/extensions.py:156}}
Feb 17 02:25:52.855797 np0000155885 devstack@neutron-api.service[103890]: DEBUG neutron.api.extensions [None req-e7edffa7-28f8-4dc0-ba7f-a4b47923b5ea None None] Extended resource: tags {{(pid=103890) __init__ /opt/stack/neutron/neutron/api/extensions.py:156}}
Feb 17 02:25:52.856494 np0000155885 devstack@neutron-api.service[103893]: INFO neutron.db.ovn_hash_ring_db [None req-6f73d145-90b0-4a9d-b749-ea8e4459b691 None None] Nodes from host "np0000155885" and group "mechanism_driver" removed from the Hash Ring created at 2026-02-17 02:25:45+00:00
Feb 17 02:25:52.856619 np0000155885 devstack@neutron-api.service[103890]: DEBUG neutron.api.extensions [None req-e7edffa7-28f8-4dc0-ba7f-a4b47923b5ea None None] Extended resource: tags {{(pid=103890) __init__ /opt/stack/neutron/neutron/api/extensions.py:156}}
Feb 17 02:25:52.857499 np0000155885 devstack@neutron-api.service[103890]: DEBUG neutron.api.extensions [None req-e7edffa7-28f8-4dc0-ba7f-a4b47923b5ea None None] Extended resource: tags {{(pid=103890) __init__ /opt/stack/neutron/neutron/api/extensions.py:156}}
Feb 17 02:25:52.859695 np0000155885 devstack@neutron-api.service[103893]: INFO neutron.db.ovn_hash_ring_db [None req-6f73d145-90b0-4a9d-b749-ea8e4459b691 None None] Node 116d7e9822fd5d2fbd1a5bbca4613558 from host "np0000155885" and group "mechanism_driver" added to the Hash Ring
Feb 17 02:25:52.861388 np0000155885 devstack@neutron-api.service[103890]: WARNING keystonemiddleware.auth_token [None req-e7edffa7-28f8-4dc0-ba7f-a4b47923b5ea None None] AuthToken middleware is set with keystone_authtoken.service_token_roles_required set to False. This is backwards compatible but deprecated behaviour. Please set this to True.
Feb 17 02:25:52.863089 np0000155885 devstack@neutron-api.service[103893]: DEBUG neutron.plugins.ml2.drivers.ovn.mech_driver.mech_driver [None req-6f73d145-90b0-4a9d-b749-ea8e4459b691 None None] Hash Ring setup, this worker has detected 2 OVN hash ring registers in the database {{(pid=103893) _init_hash_ring /opt/stack/neutron/neutron/plugins/ml2/drivers/ovn/mech_driver/mech_driver.py:411}}
Feb 17 02:25:52.864874 np0000155885 devstack@neutron-api.service[103890]: WARNING keystonemiddleware.auth_token [None req-e7edffa7-28f8-4dc0-ba7f-a4b47923b5ea None None] Configuring www_authenticate_uri to point to the public identity endpoint is required; clients may not be able to authenticate against an admin endpoint
Feb 17 02:25:52.869212 np0000155885 devstack@neutron-api.service[103893]: DEBUG neutron.plugins.ml2.drivers.ovn.mech_driver.ovsdb.maintenance [None req-6f73d145-90b0-4a9d-b749-ea8e4459b691 None None] Periodic task found: HashRingHealthCheckPeriodics.touch_hash_ring_node {{(pid=103893) add_periodics /opt/stack/neutron/neutron/plugins/ml2/drivers/ovn/mech_driver/ovsdb/maintenance.py:97}}
Feb 17 02:25:52.869784 np0000155885 devstack@neutron-api.service[103890]: DEBUG neutron_lib.callbacks.manager [None req-e7edffa7-28f8-4dc0-ba7f-a4b47923b5ea None None] Publish callbacks ['neutron.plugins.ml2.drivers.ovn.mech_driver.mech_driver.OVNMechanismDriver.pre_fork_initialize-4043065'] for process (None), before_spawn {{(pid=103890) _notify_loop /opt/stack/data/venv/lib/python3.12/site-packages/neutron_lib/callbacks/manager.py:184}}
Feb 17 02:25:52.870265 np0000155885 devstack@neutron-api.service[103890]: DEBUG oslo_concurrency.processutils [None req-e7edffa7-28f8-4dc0-ba7f-a4b47923b5ea None None] Running cmd (subprocess): ovsdb-client transact ssl:199.204.45.233:6641 --timeout 180 -p /opt/stack/data/CA/int-ca/private/devstack-cert.key -c /opt/stack/data/CA/int-ca/devstack-cert.crt -C /opt/stack/data/CA/int-ca/ca-chain.pem ["OVN_Northbound", {"op": "wait", "timeout": 0, "table": "Port_Group", "where": [["name", "==", "neutron_pg_drop"]], "until": "==", "rows": []}, {"op": "insert", "table": "ACL", "row": {"action": "drop", "direction": "to-lport", "match": "outport == @neutron_pg_drop && ip", "priority": 1001}, "uuid-name": "droptoport"}, {"op": "insert", "table": "ACL", "row": {"action": "drop", "direction": "from-lport", "match": "inport == @neutron_pg_drop && ip", "priority": 1001}, "uuid-name": "dropfromport"}, {"op": "insert", "table": "Port_Group", "row": {"name": "neutron_pg_drop", "acls": ["set", [["named-uuid", "droptoport"], ["named-uuid", "dropfromport"]]]}}] {{(pid=103890) execute /opt/stack/data/venv/lib/python3.12/site-packages/oslo_concurrency/processutils.py:368}}
Feb 17 02:25:52.870517 np0000155885 devstack@neutron-api.service[103893]: INFO neutron.plugins.ml2.drivers.ovn.mech_driver.mech_driver [None req-6f73d145-90b0-4a9d-b749-ea8e4459b691 None None] Hash Ring probing thread for node 116d7e9822fd5d2fbd1a5bbca4613558 has started
Feb 17 02:25:52.871273 np0000155885 devstack@neutron-api.service[103893]: INFO neutron.plugins.ml2.drivers.ovn.mech_driver.ovsdb.impl_idl_ovn [None req-6f73d145-90b0-4a9d-b749-ea8e4459b691 None None] Getting OvsdbNbOvnIdl for WorkerService with retry
Feb 17 02:25:52.908592 np0000155885 devstack@neutron-api.service[103890]: DEBUG oslo_concurrency.processutils [None req-e7edffa7-28f8-4dc0-ba7f-a4b47923b5ea None None] CMD "ovsdb-client transact ssl:199.204.45.233:6641 --timeout 180 -p /opt/stack/data/CA/int-ca/private/devstack-cert.key -c /opt/stack/data/CA/int-ca/devstack-cert.crt -C /opt/stack/data/CA/int-ca/ca-chain.pem ["OVN_Northbound", {"op": "wait", "timeout": 0, "table": "Port_Group", "where": [["name", "==", "neutron_pg_drop"]], "until": "==", "rows": []}, {"op": "insert", "table": "ACL", "row": {"action": "drop", "direction": "to-lport", "match": "outport == @neutron_pg_drop && ip", "priority": 1001}, "uuid-name": "droptoport"}, {"op": "insert", "table": "ACL", "row": {"action": "drop", "direction": "from-lport", "match": "inport == @neutron_pg_drop && ip", "priority": 1001}, "uuid-name": "dropfromport"}, {"op": "insert", "table": "Port_Group", "row": {"name": "neutron_pg_drop", "acls": ["set", [["named-uuid", "droptoport"], ["named-uuid", "dropfromport"]]]}}]" returned: 0 in 0.038s {{(pid=103890) execute /opt/stack/data/venv/lib/python3.12/site-packages/oslo_concurrency/processutils.py:396}}
Feb 17 02:25:52.909093 np0000155885 devstack@neutron-api.service[103890]: DEBUG neutron_lib.callbacks.manager [None req-e7edffa7-28f8-4dc0-ba7f-a4b47923b5ea None None] Publish callbacks ['neutron.plugins.ml2.drivers.ovn.mech_driver.mech_driver.OVNMechanismDriver.post_fork_initialize-4043025', 'neutron.services.ovn_l3.plugin.OVNL3RouterPlugin._post_fork_initialize-7826'] for process (None), after_init {{(pid=103890) _notify_loop /opt/stack/data/venv/lib/python3.12/site-packages/neutron_lib/callbacks/manager.py:184}}
Feb 17 02:25:52.909564 np0000155885 devstack@neutron-api.service[103890]: DEBUG oslo_concurrency.lockutils [None req-e7edffa7-28f8-4dc0-ba7f-a4b47923b5ea None None] Acquiring lock "singleton_lock" {{(pid=103890) lock /opt/stack/data/venv/lib/python3.12/site-packages/oslo_concurrency/lockutils.py:390}}
Feb 17 02:25:52.909714 np0000155885 devstack@neutron-api.service[103890]: DEBUG oslo_concurrency.lockutils [None req-e7edffa7-28f8-4dc0-ba7f-a4b47923b5ea None None] Acquired lock "singleton_lock" {{(pid=103890) lock /opt/stack/data/venv/lib/python3.12/site-packages/oslo_concurrency/lockutils.py:393}}
Feb 17 02:25:52.910022 np0000155885 devstack@neutron-api.service[103890]: DEBUG oslo_concurrency.lockutils [None req-e7edffa7-28f8-4dc0-ba7f-a4b47923b5ea None None] Releasing lock "singleton_lock" {{(pid=103890) lock /opt/stack/data/venv/lib/python3.12/site-packages/oslo_concurrency/lockutils.py:413}}
Feb 17 02:25:52.912328 np0000155885 devstack@neutron-api.service[103890]: DEBUG neutron.plugins.ml2.drivers.ovn.mech_driver.mech_driver [None req-e7edffa7-28f8-4dc0-ba7f-a4b47923b5ea None None] Hash Ring setup using WSGI start time 2026-02-17 02:25:45+00:00 {{(pid=103890) _init_hash_ring /opt/stack/neutron/neutron/plugins/ml2/drivers/ovn/mech_driver/mech_driver.py:401}}
Feb 17 02:25:52.917159 np0000155885 devstack@neutron-api.service[103893]: DEBUG ovsdbapp.backend.ovs_idl [None req-6f73d145-90b0-4a9d-b749-ea8e4459b691 None None] Created lookup_table index Logical_Switch.name {{(pid=103893) autocreate_indices /opt/stack/data/venv/lib/python3.12/site-packages/ovsdbapp/backend/ovs_idl/__init__.py:87}}
Feb 17 02:25:52.917274 np0000155885 devstack@neutron-api.service[103893]: DEBUG ovsdbapp.backend.ovs_idl [None req-6f73d145-90b0-4a9d-b749-ea8e4459b691 None None] Created lookup_table index Logical_Router.name {{(pid=103893) autocreate_indices /opt/stack/data/venv/lib/python3.12/site-packages/ovsdbapp/backend/ovs_idl/__init__.py:87}}
Feb 17 02:25:52.917358 np0000155885 devstack@neutron-api.service[103893]: DEBUG ovsdbapp.backend.ovs_idl [None req-6f73d145-90b0-4a9d-b749-ea8e4459b691 None None] Created lookup_table index Load_Balancer.name {{(pid=103893) autocreate_indices /opt/stack/data/venv/lib/python3.12/site-packages/ovsdbapp/backend/ovs_idl/__init__.py:87}}
Feb 17 02:25:52.917477 np0000155885 devstack@neutron-api.service[103893]: DEBUG ovsdbapp.backend.ovs_idl [None req-6f73d145-90b0-4a9d-b749-ea8e4459b691 None None] Created schema index Copp.name {{(pid=103893) autocreate_indices /opt/stack/data/venv/lib/python3.12/site-packages/ovsdbapp/backend/ovs_idl/__init__.py:106}}
Feb 17 02:25:52.917560 np0000155885 devstack@neutron-api.service[103893]: DEBUG ovsdbapp.backend.ovs_idl [None req-6f73d145-90b0-4a9d-b749-ea8e4459b691 None None] Created schema index Meter.name {{(pid=103893) autocreate_indices /opt/stack/data/venv/lib/python3.12/site-packages/ovsdbapp/backend/ovs_idl/__init__.py:106}}
Feb 17 02:25:52.917661 np0000155885 devstack@neutron-api.service[103893]: DEBUG ovsdbapp.backend.ovs_idl [None req-6f73d145-90b0-4a9d-b749-ea8e4459b691 None None] Created schema index Load_Balancer_Group.name {{(pid=103893) autocreate_indices /opt/stack/data/venv/lib/python3.12/site-packages/ovsdbapp/backend/ovs_idl/__init__.py:106}}
Feb 17 02:25:52.917741 np0000155885 devstack@neutron-api.service[103893]: DEBUG ovsdbapp.backend.ovs_idl [None req-6f73d145-90b0-4a9d-b749-ea8e4459b691 None None] Created schema index HA_Chassis_Group.name {{(pid=103893) autocreate_indices /opt/stack/data/venv/lib/python3.12/site-packages/ovsdbapp/backend/ovs_idl/__init__.py:106}}
Feb 17 02:25:52.917837 np0000155885 devstack@neutron-api.service[103893]: DEBUG ovsdbapp.backend.ovs_idl [None req-6f73d145-90b0-4a9d-b749-ea8e4459b691 None None] Created schema index Address_Set.name {{(pid=103893) autocreate_indices /opt/stack/data/venv/lib/python3.12/site-packages/ovsdbapp/backend/ovs_idl/__init__.py:106}}
Feb 17 02:25:52.918563 np0000155885 devstack@neutron-api.service[103893]: DEBUG ovsdbapp.backend.ovs_idl [None req-6f73d145-90b0-4a9d-b749-ea8e4459b691 None None] Created schema index Connection.target {{(pid=103893) autocreate_indices /opt/stack/data/venv/lib/python3.12/site-packages/ovsdbapp/backend/ovs_idl/__init__.py:106}}
Feb 17 02:25:52.918563 np0000155885 devstack@neutron-api.service[103893]: DEBUG ovsdbapp.backend.ovs_idl [None req-6f73d145-90b0-4a9d-b749-ea8e4459b691 None None] Created schema index Gateway_Chassis.name {{(pid=103893) autocreate_indices /opt/stack/data/venv/lib/python3.12/site-packages/ovsdbapp/backend/ovs_idl/__init__.py:106}}
Feb 17 02:25:52.918563 np0000155885 devstack@neutron-api.service[103893]: DEBUG ovsdbapp.backend.ovs_idl [None req-6f73d145-90b0-4a9d-b749-ea8e4459b691 None None] Created schema index Mirror.name {{(pid=103893) autocreate_indices /opt/stack/data/venv/lib/python3.12/site-packages/ovsdbapp/backend/ovs_idl/__init__.py:106}}
Feb 17 02:25:52.918563 np0000155885 devstack@neutron-api.service[103893]: DEBUG ovsdbapp.backend.ovs_idl [None req-6f73d145-90b0-4a9d-b749-ea8e4459b691 None None] Created schema index Chassis_Template_Var.chassis {{(pid=103893) autocreate_indices /opt/stack/data/venv/lib/python3.12/site-packages/ovsdbapp/backend/ovs_idl/__init__.py:106}}
Feb 17 02:25:52.918563 np0000155885 devstack@neutron-api.service[103893]: DEBUG ovsdbapp.backend.ovs_idl [None req-6f73d145-90b0-4a9d-b749-ea8e4459b691 None None] Created schema index Logical_Router_Port.name {{(pid=103893) autocreate_indices /opt/stack/data/venv/lib/python3.12/site-packages/ovsdbapp/backend/ovs_idl/__init__.py:106}}
Feb 17 02:25:52.918563 np0000155885 devstack@neutron-api.service[103893]: DEBUG ovsdbapp.backend.ovs_idl [None req-6f73d145-90b0-4a9d-b749-ea8e4459b691 None None] Created schema index Port_Group.name {{(pid=103893) autocreate_indices /opt/stack/data/venv/lib/python3.12/site-packages/ovsdbapp/backend/ovs_idl/__init__.py:106}}
Feb 17 02:25:52.919866 np0000155885 devstack@neutron-api.service[103893]: DEBUG ovsdbapp.backend.ovs_idl [None req-6f73d145-90b0-4a9d-b749-ea8e4459b691 None None] Created schema index Logical_Switch_Port.name {{(pid=103893) autocreate_indices /opt/stack/data/venv/lib/python3.12/site-packages/ovsdbapp/backend/ovs_idl/__init__.py:106}}
Feb 17 02:25:52.920007 np0000155885 devstack@neutron-api.service[103890]: INFO neutron.db.ovn_hash_ring_db [None req-e7edffa7-28f8-4dc0-ba7f-a4b47923b5ea None None] Nodes from host "np0000155885" and group "mechanism_driver" removed from the Hash Ring created at 2026-02-17 02:25:45+00:00
Feb 17 02:25:52.920954 np0000155885 devstack@neutron-api.service[103893]: INFO ovsdbapp.backend.ovs_idl.vlog [None req-6f73d145-90b0-4a9d-b749-ea8e4459b691 None None] ssl:199.204.45.233:6641: connecting...
Feb 17 02:25:52.922421 np0000155885 devstack@neutron-api.service[103890]: INFO neutron.db.ovn_hash_ring_db [None req-e7edffa7-28f8-4dc0-ba7f-a4b47923b5ea None None] Node 45c0e3ae66f55281bd2605b87996add6 from host "np0000155885" and group "mechanism_driver" added to the Hash Ring
Feb 17 02:25:52.925581 np0000155885 devstack@neutron-api.service[103890]: DEBUG neutron.plugins.ml2.drivers.ovn.mech_driver.mech_driver [None req-e7edffa7-28f8-4dc0-ba7f-a4b47923b5ea None None] Hash Ring setup, this worker has detected 3 OVN hash ring registers in the database {{(pid=103890) _init_hash_ring /opt/stack/neutron/neutron/plugins/ml2/drivers/ovn/mech_driver/mech_driver.py:411}}
Feb 17 02:25:52.928246 np0000155885 devstack@neutron-api.service[103893]: INFO ovsdbapp.backend.ovs_idl.vlog [None req-6f73d145-90b0-4a9d-b749-ea8e4459b691 None None] ssl:199.204.45.233:6641: connected
Feb 17 02:25:52.931572 np0000155885 devstack@neutron-api.service[103890]: DEBUG neutron.plugins.ml2.drivers.ovn.mech_driver.ovsdb.maintenance [None req-e7edffa7-28f8-4dc0-ba7f-a4b47923b5ea None None] Periodic task found: HashRingHealthCheckPeriodics.touch_hash_ring_node {{(pid=103890) add_periodics /opt/stack/neutron/neutron/plugins/ml2/drivers/ovn/mech_driver/ovsdb/maintenance.py:97}}
Feb 17 02:25:52.932768 np0000155885 devstack@neutron-api.service[103890]: INFO neutron.plugins.ml2.drivers.ovn.mech_driver.mech_driver [None req-e7edffa7-28f8-4dc0-ba7f-a4b47923b5ea None None] Hash Ring probing thread for node 45c0e3ae66f55281bd2605b87996add6 has started
Feb 17 02:25:52.933510 np0000155885 devstack@neutron-api.service[103890]: INFO neutron.plugins.ml2.drivers.ovn.mech_driver.ovsdb.impl_idl_ovn [None req-e7edffa7-28f8-4dc0-ba7f-a4b47923b5ea None None] Getting OvsdbNbOvnIdl for WorkerService with retry
Feb 17 02:25:52.956068 np0000155885 devstack@neutron-api.service[103892]: INFO neutron.db.ovn_hash_ring_db [None req-b57a0d8a-a722-4ced-9050-1985317885f5 None None] Nodes from host "np0000155885" and group "mechanism_driver" removed from the Hash Ring created at 2026-02-17 02:25:45+00:00
Feb 17 02:25:52.958621 np0000155885 devstack@neutron-api.service[103892]: INFO neutron.db.ovn_hash_ring_db [None req-b57a0d8a-a722-4ced-9050-1985317885f5 None None] Node 8b4a074cafa5560dab8d7517827d87b1 from host "np0000155885" and group "mechanism_driver" added to the Hash Ring
Feb 17 02:25:52.961320 np0000155885 devstack@neutron-api.service[103892]: DEBUG neutron.plugins.ml2.drivers.ovn.mech_driver.mech_driver [None req-b57a0d8a-a722-4ced-9050-1985317885f5 None None] Hash Ring setup, this worker has detected 4 OVN hash ring registers in the database {{(pid=103892) _init_hash_ring /opt/stack/neutron/neutron/plugins/ml2/drivers/ovn/mech_driver/mech_driver.py:411}}
Feb 17 02:25:52.963122 np0000155885 devstack@neutron-api.service[103893]: DEBUG neutron.common.ovn.hash_ring_manager [None req-6f73d145-90b0-4a9d-b749-ea8e4459b691 None None] Disallow caching, nodes 3<4 {{(pid=103893) _wait_startup_before_caching /opt/stack/neutron/neutron/common/ovn/hash_ring_manager.py:72}}
Feb 17 02:25:52.966056 np0000155885 devstack@neutron-api.service[103892]: DEBUG neutron.plugins.ml2.drivers.ovn.mech_driver.ovsdb.maintenance [None req-b57a0d8a-a722-4ced-9050-1985317885f5 None None] Periodic task found: HashRingHealthCheckPeriodics.touch_hash_ring_node {{(pid=103892) add_periodics /opt/stack/neutron/neutron/plugins/ml2/drivers/ovn/mech_driver/ovsdb/maintenance.py:97}}
Feb 17 02:25:52.967319 np0000155885 devstack@neutron-api.service[103892]: INFO neutron.plugins.ml2.drivers.ovn.mech_driver.mech_driver [None req-b57a0d8a-a722-4ced-9050-1985317885f5 None None] Hash Ring probing thread for node 8b4a074cafa5560dab8d7517827d87b1 has started
Feb 17 02:25:52.967648 np0000155885 devstack@neutron-api.service[103892]: INFO neutron.plugins.ml2.drivers.ovn.mech_driver.ovsdb.impl_idl_ovn [None req-b57a0d8a-a722-4ced-9050-1985317885f5 None None] Getting OvsdbNbOvnIdl for WorkerService with retry
Feb 17 02:25:52.969502 np0000155885 devstack@neutron-api.service[103893]: DEBUG neutron.common.ovn.hash_ring_manager [None req-6f73d145-90b0-4a9d-b749-ea8e4459b691 None None] Hash Ring loaded. 3 active nodes. 0 offline nodes {{(pid=103893) _load_hash_ring /opt/stack/neutron/neutron/common/ovn/hash_ring_manager.py:102}}
Feb 17 02:25:52.971865 np0000155885 devstack@neutron-api.service[103893]: DEBUG neutron.common.ovn.hash_ring_manager [None req-6f73d145-90b0-4a9d-b749-ea8e4459b691 None None] Allow caching, nodes 4>=4 {{(pid=103893) _wait_startup_before_caching /opt/stack/neutron/neutron/common/ovn/hash_ring_manager.py:65}}
Feb 17 02:25:52.972094 np0000155885 devstack@neutron-api.service[103893]: DEBUG neutron.plugins.ml2.drivers.ovn.mech_driver.ovsdb.ovsdb_monitor [None req-6f73d145-90b0-4a9d-b749-ea8e4459b691 None None] Hash Ring: Node 116d7e9822fd5d2fbd1a5bbca4613558 (host: np0000155885) handling event "create" for row f121f153-9690-412d-9feb-8f1246bbdff2 (table: NB_Global) {{(pid=103893) notify /opt/stack/neutron/neutron/plugins/ml2/drivers/ovn/mech_driver/ovsdb/ovsdb_monitor.py:920}}
Feb 17 02:25:52.973134 np0000155885 devstack@neutron-api.service[103893]: INFO neutron.plugins.ml2.drivers.ovn.mech_driver.ovsdb.impl_idl_ovn [None req-6f73d145-90b0-4a9d-b749-ea8e4459b691 None None] Getting OvsdbSbOvnIdl for WorkerService with retry
Feb 17 02:25:52.986578 np0000155885 devstack@neutron-api.service[103890]: DEBUG ovsdbapp.backend.ovs_idl [None req-e7edffa7-28f8-4dc0-ba7f-a4b47923b5ea None None] Created lookup_table index Logical_Switch.name {{(pid=103890) autocreate_indices /opt/stack/data/venv/lib/python3.12/site-packages/ovsdbapp/backend/ovs_idl/__init__.py:87}}
Feb 17 02:25:52.986664 np0000155885 devstack@neutron-api.service[103890]: DEBUG ovsdbapp.backend.ovs_idl [None req-e7edffa7-28f8-4dc0-ba7f-a4b47923b5ea None None] Created lookup_table index Logical_Router.name {{(pid=103890) autocreate_indices /opt/stack/data/venv/lib/python3.12/site-packages/ovsdbapp/backend/ovs_idl/__init__.py:87}}
Feb 17 02:25:52.986721 np0000155885 devstack@neutron-api.service[103890]: DEBUG ovsdbapp.backend.ovs_idl [None req-e7edffa7-28f8-4dc0-ba7f-a4b47923b5ea None None] Created lookup_table index Load_Balancer.name {{(pid=103890) autocreate_indices /opt/stack/data/venv/lib/python3.12/site-packages/ovsdbapp/backend/ovs_idl/__init__.py:87}}
