2026-09-07 12:01:28.034 7 INFO placement.requestlog [None req-54aadcf0-2c64-4bbc-bd56-45d5aa06a6c3 - - - - - -] 10.0.0.19 "GET /" status: 200 len: 136 microversion: 1.0
2026-09-07 12:01:28.034 8 INFO placement.requestlog [None req-04dbbbab-5f91-4753-ac64-2f463b1301e9 - - - - - -] 10.0.0.19 "GET /" status: 200 len: 136 microversion: 1.0
2026-09-07 12:01:38.033 7 INFO placement.requestlog [None req-90225f8b-6f2b-4c9f-9af3-7877cd214eb5 - - - - - -] 10.0.0.19 "GET /" status: 200 len: 136 microversion: 1.0
2026-09-07 12:01:38.034 8 INFO placement.requestlog [None req-eacbb27d-3eb8-4c37-972a-79a4db33f456 - - - - - -] 10.0.0.19 "GET /" status: 200 len: 136 microversion: 1.0
2026-09-07 12:01:48.034 7 INFO placement.requestlog [None req-ae97b7b4-082d-4a69-9ec8-6338aa6eb3e0 - - - - - -] 10.0.0.19 "GET /" status: 200 len: 136 microversion: 1.0
2026-09-07 12:01:48.034 8 INFO placement.requestlog [None req-4889e340-707d-408a-af70-b7889d767b9a - - - - - -] 10.0.0.19 "GET /" status: 200 len: 136 microversion: 1.0
2026-09-07 12:01:58.034 8 INFO placement.requestlog [None req-ce35d2aa-3177-4e47-984c-a7d417d9d490 - - - - - -] 10.0.0.19 "GET /" status: 200 len: 136 microversion: 1.0
2026-09-07 12:01:58.034 7 INFO placement.requestlog [None req-b01182f5-265c-4b5c-b9ae-70206701c0d3 - - - - - -] 10.0.0.19 "GET /" status: 200 len: 136 microversion: 1.0
2026-09-07 12:02:02.158 8 INFO placement.requestlog [req-89a11978-1803-408a-ae61-1ee47c472608 req-e1159220-d7b3-472a-beec-09ff9da2baa3 26ca0fa2159c47e3943a3cd1a9ffb915 75b8580a14a34850b9497b1ae59dac93 - - d5b5e5500a914c8abc604d02e504134c d5b5e5500a914c8abc604d02e504134c] 162.253.55.128 "GET /resource_providers/0a03266a-094f-4196-b084-6c5ee0102086/allocations" status: 200 len: 54 microversion: 1.0 [pid: 8|app: 0|req: 295/593] 162.253.55.128 () {32 vars in 857 bytes} [Mon Sep 7 12:02:02 2026] GET /resource_providers/0a03266a-094f-4196-b084-6c5ee0102086/allocations => generated 54 bytes in 115 msecs (HTTP/1.1 200) 6 headers in 223 bytes (1 switches on core 0)
2026-09-07 12:02:02.177 7 INFO placement.requestlog [req-89a11978-1803-408a-ae61-1ee47c472608 req-38294508-5c1a-41ae-90e7-05d0d6a05a6f 26ca0fa2159c47e3943a3cd1a9ffb915 75b8580a14a34850b9497b1ae59dac93 - - d5b5e5500a914c8abc604d02e504134c d5b5e5500a914c8abc604d02e504134c] 162.253.55.128 "GET /resource_providers?in_tree=0a03266a-094f-4196-b084-6c5ee0102086" status: 200 len: 797 microversion: 1.14 [pid: 7|app: 0|req: 299/594] 162.253.55.128 () {34 vars in 892 bytes} [Mon Sep 7 12:02:02 2026] GET /resource_providers?in_tree=0a03266a-094f-4196-b084-6c5ee0102086 => generated 797 bytes in 12 msecs (HTTP/1.1 200) 6 headers in 225 bytes (1 switches on core 0)
2026-09-07 12:02:02.203 8 INFO placement.requestlog [req-89a11978-1803-408a-ae61-1ee47c472608 req-eaaa93a2-a6db-4bcc-a71d-6b6ed53bec40 26ca0fa2159c47e3943a3cd1a9ffb915 75b8580a14a34850b9497b1ae59dac93 - - d5b5e5500a914c8abc604d02e504134c d5b5e5500a914c8abc604d02e504134c] 162.253.55.128 "GET /resource_providers/0a03266a-094f-4196-b084-6c5ee0102086/inventories" status: 200 len: 400 microversion: 1.0 [pid: 8|app: 0|req: 296/595] 162.253.55.128 () {32 vars in 857 bytes} [Mon Sep 7 12:02:02 2026] GET /resource_providers/0a03266a-094f-4196-b084-6c5ee0102086/inventories => generated 400 bytes in 23 msecs (HTTP/1.1 200) 6 headers in 224 bytes (1 switches on core 0)
2026-09-07 12:02:02.220 7 INFO placement.requestlog [req-89a11978-1803-408a-ae61-1ee47c472608 req-cd42e7ac-a65b-41a3-abdd-a62acd126241 26ca0fa2159c47e3943a3cd1a9ffb915 75b8580a14a34850b9497b1ae59dac93 - - d5b5e5500a914c8abc604d02e504134c d5b5e5500a914c8abc604d02e504134c] 162.253.55.128 "GET /resource_providers/0a03266a-094f-4196-b084-6c5ee0102086/aggregates" status: 200 len: 53 microversion: 1.19 [pid: 7|app: 0|req: 300/596] 162.253.55.128 () {34 vars in 899 bytes} [Mon Sep 7 12:02:02 2026] GET /resource_providers/0a03266a-094f-4196-b084-6c5ee0102086/aggregates => generated 53 bytes in 10 msecs (HTTP/1.1 200) 8 headers in 295 bytes (1 switches on core 0)
2026-09-07 12:02:02.250 8 INFO placement.requestlog [req-89a11978-1803-408a-ae61-1ee47c472608 req-6a0dd792-2c1d-4379-ae0b-166909fc10a0 26ca0fa2159c47e3943a3cd1a9ffb915 75b8580a14a34850b9497b1ae59dac93 - - d5b5e5500a914c8abc604d02e504134c d5b5e5500a914c8abc604d02e504134c] 162.253.55.128 "GET /resource_providers/0a03266a-094f-4196-b084-6c5ee0102086/traits" status: 200 len: 1977 microversion: 1.6 [pid: 8|app: 0|req: 297/597] 162.253.55.128 () {34 vars in 890 bytes} [Mon Sep 7 12:02:02 2026] GET /resource_providers/0a03266a-094f-4196-b084-6c5ee0102086/traits => generated 1977 bytes in 26 msecs (HTTP/1.1 200) 6 headers in 225 bytes (1 switches on core 0)
2026-09-07 12:02:02.274 7 INFO placement.requestlog [req-89a11978-1803-408a-ae61-1ee47c472608 req-6107a12f-4b55-4b5c-92d2-ebf2e2e9a45b 26ca0fa2159c47e3943a3cd1a9ffb915 75b8580a14a34850b9497b1ae59dac93 - - d5b5e5500a914c8abc604d02e504134c d5b5e5500a914c8abc604d02e504134c] 162.253.55.128 "GET /resource_providers/0a03266a-094f-4196-b084-6c5ee0102086/allocations" status: 200 len: 54 microversion: 1.0 [pid: 7|app: 0|req: 301/598] 162.253.55.128 () {32 vars in 857 bytes} [Mon Sep 7 12:02:02 2026] GET /resource_providers/0a03266a-094f-4196-b084-6c5ee0102086/allocations => generated 54 bytes in 17 msecs (HTTP/1.1 200) 6 headers in 223 bytes (1 switches on core 0)
2026-09-07 12:02:08.034 7 INFO placement.requestlog [None req-7763c95f-f409-464b-b655-329ef02fe702 - - - - - -] 10.0.0.19 "GET /" status: 200 len: 136 microversion: 1.0
2026-09-07 12:02:08.034 8 INFO placement.requestlog [None req-e2187ffb-9698-4296-82bc-6d7e767ef613 - - - - - -] 10.0.0.19 "GET /" status: 200 len: 136 microversion: 1.0
2026-09-07 12:02:18.034 7 INFO placement.requestlog [None req-92faa9fc-7a20-4d64-a431-d44148c0acc9 - - - - - -] 10.0.0.19 "GET /" status: 200 len: 136 microversion: 1.0
2026-09-07 12:02:18.035 8 INFO placement.requestlog [None req-3c94cb59-fa41-48da-b536-172052dc6c99 - - - - - -] 10.0.0.19 "GET /" status: 200 len: 136 microversion: 1.0
2026-09-07 12:02:28.034 7 INFO placement.requestlog [None req-2cdc2899-372f-4c74-b421-019356cc0246 - - - - - -] 10.0.0.19 "GET /" status: 200 len: 136 microversion: 1.0
2026-09-07 12:02:28.035 8 INFO placement.requestlog [None req-d63330b6-2952-4c23-a5ea-def44b828bc2 - - - - - -] 10.0.0.19 "GET /" status: 200 len: 136 microversion: 1.0
2026-09-07 12:02:38.034 7 INFO placement.requestlog [None req-837a2b05-b2ba-477e-b7e6-48bb4478d5cf - - - - - -] 10.0.0.19 "GET /" status: 200 len: 136 microversion: 1.0
2026-09-07 12:02:38.034 8 INFO placement.requestlog [None req-dae85923-ffc7-44d8-a4b9-f090bfdf3ab3 - - - - - -] 10.0.0.19 "GET /" status: 200 len: 136 microversion: 1.0
2026-09-07 12:02:48.034 7 INFO placement.requestlog [None req-1d0a0671-ddde-472c-b2d7-476799e21ea1 - - - - - -] 10.0.0.19 "GET /" status: 200 len: 136 microversion: 1.0
2026-09-07 12:02:48.034 8 INFO placement.requestlog [None req-3ecbde92-f07b-44c8-ac99-b2ef1feea945 - - - - - -] 10.0.0.19 "GET /" status: 200 len: 136 microversion: 1.0
2026-09-07 12:02:58.033 7 INFO placement.requestlog [None req-72ff5648-891f-4cf1-8466-7ab015111716 - - - - - -] 10.0.0.19 "GET /" status: 200 len: 136 microversion: 1.0
2026-09-07 12:02:58.034 8 INFO placement.requestlog [None req-773f34e6-0e6a-47bb-8ded-99c9c7360780 - - - - - -] 10.0.0.19 "GET /" status: 200 len: 136 microversion: 1.0
2026-09-07 12:03:04.032 7 INFO placement.requestlog [req-98ba4128-73bb-4870-9a7f-967dec5ca8a1 req-16c0f95d-b16f-4eda-ad90-35a73b759fef 26ca0fa2159c47e3943a3cd1a9ffb915 75b8580a14a34850b9497b1ae59dac93 - - d5b5e5500a914c8abc604d02e504134c d5b5e5500a914c8abc604d02e504134c] 162.253.55.128 "GET /resource_providers/0a03266a-094f-4196-b084-6c5ee0102086/allocations" status: 200 len: 54 microversion: 1.0 [pid: 7|app: 0|req: 308/611] 162.253.55.128 () {32 vars in 857 bytes} [Mon Sep 7 12:03:04 2026] GET /resource_providers/0a03266a-094f-4196-b084-6c5ee0102086/allocations => generated 54 bytes in 25 msecs (HTTP/1.1 200) 6 headers in 223 bytes (1 switches on core 0)
2026-09-07 12:03:04.070 8 INFO placement.requestlog [req-98ba4128-73bb-4870-9a7f-967dec5ca8a1 req-42bf6404-99e0-4b5f-a01a-e378a2284488 26ca0fa2159c47e3943a3cd1a9ffb915 75b8580a14a34850b9497b1ae59dac93 - - d5b5e5500a914c8abc604d02e504134c d5b5e5500a914c8abc604d02e504134c] 162.253.55.128 "GET /resource_providers/0a03266a-094f-4196-b084-6c5ee0102086/allocations" status: 200 len: 54 microversion: 1.0 [pid: 8|app: 0|req: 304/612] 162.253.55.128 () {32 vars in 857 bytes} [Mon Sep 7 12:03:04 2026] GET /resource_providers/0a03266a-094f-4196-b084-6c5ee0102086/allocations => generated 54 bytes in 32 msecs (HTTP/1.1 200) 6 headers in 223 bytes (1 switches on core 0)
2026-09-07 12:03:08.035 7 INFO placement.requestlog [None req-b84df8fc-8e5c-4eb0-9d8f-f08c41a200cb - - - - - -] 10.0.0.19 "GET /" status: 200 len: 136 microversion: 1.0
2026-09-07 12:03:08.036 8 INFO placement.requestlog [None req-982ef7a5-7693-46f5-b36a-b7fe4fd5c350 - - - - - -] 10.0.0.19 "GET /" status: 200 len: 136 microversion: 1.0
2026-09-07 12:03:18.034 7 INFO placement.requestlog [None req-c454a274-2e27-4c3a-bdbe-c75e9301a136 - - - - - -] 10.0.0.19 "GET /" status: 200 len: 136 microversion: 1.0
2026-09-07 12:03:18.035 8 INFO placement.requestlog [None req-f7827af4-4aed-438b-9490-a1b79f60ab91 - - - - - -] 10.0.0.19 "GET /" status: 200 len: 136 microversion: 1.0
2026-09-07 12:03:28.034 8 INFO placement.requestlog [None req-5fd1363a-c6b4-4b55-b2f0-5748ce793326 - - - - - -] 10.0.0.19 "GET /" status: 200 len: 136 microversion: 1.0
2026-09-07 12:03:28.034 7 INFO placement.requestlog [None req-fff22b58-fef7-47cd-b957-8bfa2f4c6a0b - - - - - -] 10.0.0.19 "GET /" status: 200 len: 136 microversion: 1.0
2026-09-07 12:03:38.033 7 INFO placement.requestlog [None req-08982cdf-6455-4363-ad7a-bce74b4a6ecb - - - - - -] 10.0.0.19 "GET /" status: 200 len: 136 microversion: 1.0
2026-09-07 12:03:38.033 8 INFO placement.requestlog [None req-075c51ba-b9ca-487e-8289-1ef639eced4d - - - - - -] 10.0.0.19 "GET /" status: 200 len: 136 microversion: 1.0
2026-09-07 12:03:48.034 7 INFO placement.requestlog [None req-fe106e0e-5f64-4e89-a18b-92c11bc904e4 - - - - - -] 10.0.0.19 "GET /" status: 200 len: 136 microversion: 1.0
2026-09-07 12:03:48.035 8 INFO placement.requestlog [None req-283f7dd1-50e9-4029-b4a5-2dbd18aef36b - - - - - -] 10.0.0.19 "GET /" status: 200 len: 136 microversion: 1.0
2026-09-07 12:03:58.035 7 INFO placement.requestlog [None req-73030051-e421-491d-bbe0-6806100aae36 - - - - - -] 10.0.0.19 "GET /" status: 200 len: 136 microversion: 1.0
2026-09-07 12:03:58.035 8 INFO placement.requestlog [None req-50e3e942-36bb-4298-9570-c824d9e8f57f - - - - - -] 10.0.0.19 "GET /" status: 200 len: 136 microversion: 1.0
2026-09-07 12:04:04.232 7 INFO placement.requestlog [req-f5940529-c735-4076-a396-c7ee220ba985 req-9dcc6076-ade1-47d3-a059-b1baa3eea9a9 26ca0fa2159c47e3943a3cd1a9ffb915 75b8580a14a34850b9497b1ae59dac93 - - d5b5e5500a914c8abc604d02e504134c d5b5e5500a914c8abc604d02e504134c] 162.253.55.128 "GET /resource_providers/0a03266a-094f-4196-b084-6c5ee0102086/allocations" status: 200 len: 54 microversion: 1.0 [pid: 7|app: 0|req: 315/625] 162.253.55.128 () {32 vars in 857 bytes} [Mon Sep 7 12:04:04 2026] GET /resource_providers/0a03266a-094f-4196-b084-6c5ee0102086/allocations => generated 54 bytes in 23 msecs (HTTP/1.1 200) 6 headers in 223 bytes (1 switches on core 0)
2026-09-07 12:04:04.258 8 INFO placement.requestlog [req-f5940529-c735-4076-a396-c7ee220ba985 req-f369f15d-aa2b-4005-a178-5bc25590c4ee 26ca0fa2159c47e3943a3cd1a9ffb915 75b8580a14a34850b9497b1ae59dac93 - - d5b5e5500a914c8abc604d02e504134c d5b5e5500a914c8abc604d02e504134c] 162.253.55.128 "GET /resource_providers/0a03266a-094f-4196-b084-6c5ee0102086/allocations" status: 200 len: 54 microversion: 1.0 [pid: 8|app: 0|req: 311/626] 162.253.55.128 () {32 vars in 857 bytes} [Mon Sep 7 12:04:04 2026] GET /resource_providers/0a03266a-094f-4196-b084-6c5ee0102086/allocations => generated 54 bytes in 18 msecs (HTTP/1.1 200) 6 headers in 223 bytes (1 switches on core 0)
2026-09-07 12:04:08.033 7 INFO placement.requestlog [None req-f37560a6-9190-419c-b8b4-ce62d0fd5adb - - - - - -] 10.0.0.19 "GET /" status: 200 len: 136 microversion: 1.0
2026-09-07 12:04:08.034 8 INFO placement.requestlog [None req-5547dabb-7094-4502-a73d-1f00b71db7d6 - - - - - -] 10.0.0.19 "GET /" status: 200 len: 136 microversion: 1.0
2026-09-07 12:04:18.034 7 INFO placement.requestlog [None req-9e31777f-cec2-483b-baa7-f05574dcd8e9 - - - - - -] 10.0.0.19 "GET /" status: 200 len: 136 microversion: 1.0
2026-09-07 12:04:18.036 8 INFO placement.requestlog [None req-219fb696-fd33-4293-8ee6-1a30c265e1f7 - - - - - -] 10.0.0.19 "GET /" status: 200 len: 136 microversion: 1.0
2026-09-07 12:04:26.207 7 INFO placement.requestlog [None req-1b963af8-677a-4d00-9b4c-e7e0d96f39b3 318c6de6e78e4b278ade08cb44a98a14 75b8580a14a34850b9497b1ae59dac93 - - d5b5e5500a914c8abc604d02e504134c d5b5e5500a914c8abc604d02e504134c] 10.0.0.168 "GET /resource_providers/350fb888-f460-4c0c-b25c-d694236c0010/aggregates" status: 404 len: 235 microversion: 1.1 [pid: 7|app: 0|req: 318/631] 10.0.0.168 () {32 vars in 816 bytes} [Mon Sep 7 12:04:26 2026] GET /resource_providers/350fb888-f460-4c0c-b25c-d694236c0010/aggregates => generated 235 bytes in 137 msecs (HTTP/1.1 404) 5 headers in 202 bytes (1 switches on core 0)
2026-09-07 12:04:26.232 7 INFO placement.requestlog [None req-8c5002d2-deab-4634-81aa-70fde3e9b217 318c6de6e78e4b278ade08cb44a98a14 75b8580a14a34850b9497b1ae59dac93 - - d5b5e5500a914c8abc604d02e504134c d5b5e5500a914c8abc604d02e504134c] 10.0.0.168 "DELETE /resource_providers/350fb888-f460-4c0c-b25c-d694236c0010" status: 404 len: 246 microversion: 1.1 [pid: 7|app: 0|req: 319/632] 10.0.0.168 () {34 vars in 816 bytes} [Mon Sep 7 12:04:26 2026] DELETE /resource_providers/350fb888-f460-4c0c-b25c-d694236c0010 => generated 246 bytes in 17 msecs (HTTP/1.1 404) 6 headers in 231 bytes (1 switches on core 0)
2026-09-07 12:04:26.233 8 INFO placement.requestlog [None req-3270df70-ddc4-4fff-91d7-b9524672be20 318c6de6e78e4b278ade08cb44a98a14 75b8580a14a34850b9497b1ae59dac93 - - d5b5e5500a914c8abc604d02e504134c d5b5e5500a914c8abc604d02e504134c] 10.0.0.168 "GET /resource_providers/350fb888-f460-4c0c-b25c-d694236c0010/aggregates" status: 404 len: 235 microversion: 1.1 [pid: 8|app: 0|req: 314/633] 10.0.0.168 () {32 vars in 816 bytes} [Mon Sep 7 12:04:26 2026] GET /resource_providers/350fb888-f460-4c0c-b25c-d694236c0010/aggregates => generated 235 bytes in 132 msecs (HTTP/1.1 404) 5 headers in 202 bytes (1 switches on core 0)
2026-09-07 12:04:26.257 7 INFO placement.requestlog [None req-966592d2-8c24-438a-97aa-1beb81d0090f 318c6de6e78e4b278ade08cb44a98a14 75b8580a14a34850b9497b1ae59dac93 - - d5b5e5500a914c8abc604d02e504134c d5b5e5500a914c8abc604d02e504134c] 10.0.0.168 "DELETE /resource_providers/350fb888-f460-4c0c-b25c-d694236c0010" status: 404 len: 246 microversion: 1.1 [pid: 7|app: 0|req: 320/634] 10.0.0.168 () {34 vars in 816 bytes} [Mon Sep 7 12:04:26 2026] DELETE /resource_providers/350fb888-f460-4c0c-b25c-d694236c0010 => generated 246 bytes in 8 msecs (HTTP/1.1 404) 6 headers in 231 bytes (1 switches on core 0)
2026-09-07 12:04:27.011 7 INFO placement.requestlog [None req-fad4b17a-da2a-4e7c-a2f7-f4d901a2da1d 318c6de6e78e4b278ade08cb44a98a14 75b8580a14a34850b9497b1ae59dac93 - - d5b5e5500a914c8abc604d02e504134c d5b5e5500a914c8abc604d02e504134c] 10.0.0.168 "GET /resource_providers/83e70ad5-f17a-44a6-8aac-7a6317d39457/aggregates" status: 404 len: 235 microversion: 1.1 [pid: 7|app: 0|req: 321/635] 10.0.0.168 () {32 vars in 816 bytes} [Mon Sep 7 12:04:26 2026] GET /resource_providers/83e70ad5-f17a-44a6-8aac-7a6317d39457/aggregates => generated 235 bytes in 139 msecs (HTTP/1.1 404) 5 headers in 202 bytes (1 switches on core 0)
2026-09-07 12:04:27.040 7 INFO placement.requestlog [None req-c54dc04e-ed79-4853-81c5-c97c7f1728eb 318c6de6e78e4b278ade08cb44a98a14 75b8580a14a34850b9497b1ae59dac93 - - d5b5e5500a914c8abc604d02e504134c d5b5e5500a914c8abc604d02e504134c] 10.0.0.168 "DELETE /resource_providers/83e70ad5-f17a-44a6-8aac-7a6317d39457" status: 404 len: 246 microversion: 1.1 [pid: 7|app: 0|req: 322/636] 10.0.0.168 () {34 vars in 816 bytes} [Mon Sep 7 12:04:27 2026] DELETE /resource_providers/83e70ad5-f17a-44a6-8aac-7a6317d39457 => generated 246 bytes in 18 msecs (HTTP/1.1 404) 6 headers in 231 bytes (1 switches on core 0)
2026-09-07 12:04:27.042 8 INFO placement.requestlog [None req-18ef0ff8-bc6d-4b17-842a-40f86413cb2b 318c6de6e78e4b278ade08cb44a98a14 75b8580a14a34850b9497b1ae59dac93 - - d5b5e5500a914c8abc604d02e504134c d5b5e5500a914c8abc604d02e504134c] 10.0.0.168 "GET /resource_providers/83e70ad5-f17a-44a6-8aac-7a6317d39457/aggregates" status: 404 len: 235 microversion: 1.1 [pid: 8|app: 0|req: 315/637] 10.0.0.168 () {32 vars in 816 bytes} [Mon Sep 7 12:04:26 2026] GET /resource_providers/83e70ad5-f17a-44a6-8aac-7a6317d39457/aggregates => generated 235 bytes in 198 msecs (HTTP/1.1 404) 5 headers in 202 bytes (1 switches on core 0)
2026-09-07 12:04:27.057 7 INFO placement.requestlog [None req-f8a1437d-88b7-4c60-a871-739bcb04610a 318c6de6e78e4b278ade08cb44a98a14 75b8580a14a34850b9497b1ae59dac93 - - d5b5e5500a914c8abc604d02e504134c d5b5e5500a914c8abc604d02e504134c] 10.0.0.168 "DELETE /resource_providers/83e70ad5-f17a-44a6-8aac-7a6317d39457" status: 404 len: 246 microversion: 1.1 [pid: 7|app: 0|req: 323/638] 10.0.0.168 () {34 vars in 816 bytes} [Mon Sep 7 12:04:27 2026] DELETE /resource_providers/83e70ad5-f17a-44a6-8aac-7a6317d39457 => generated 246 bytes in 10 msecs (HTTP/1.1 404) 6 headers in 231 bytes (1 switches on core 0)
2026-09-07 12:04:28.034 8 INFO placement.requestlog [None req-96418f79-e44b-4187-a592-1933e44f7767 - - - - - -] 10.0.0.19 "GET /" status: 200 len: 136 microversion: 1.0
2026-09-07 12:04:28.034 7 INFO placement.requestlog [None req-04d0e49a-bbeb-4542-b7f7-31bfedf054fe - - - - - -] 10.0.0.19 "GET /" status: 200 len: 136 microversion: 1.0
2026-09-07 12:04:28.253 8 INFO placement.requestlog [None req-0379236c-2684-4177-ba51-3150ec0f5933 318c6de6e78e4b278ade08cb44a98a14 75b8580a14a34850b9497b1ae59dac93 - - d5b5e5500a914c8abc604d02e504134c d5b5e5500a914c8abc604d02e504134c] 10.0.0.168 "GET /resource_providers/896015eb-8815-423a-b8fd-c56e72ef88a5/aggregates" status: 404 len: 235 microversion: 1.1 [pid: 8|app: 0|req: 317/641] 10.0.0.168 () {32 vars in 816 bytes} [Mon Sep 7 12:04:28 2026] GET /resource_providers/896015eb-8815-423a-b8fd-c56e72ef88a5/aggregates => generated 235 bytes in 11 msecs (HTTP/1.1 404) 5 headers in 202 bytes (1 switches on core 0)
2026-09-07 12:04:28.283 7 INFO placement.requestlog [None req-52ae205e-8320-4e20-9d72-0b5eee80870d 318c6de6e78e4b278ade08cb44a98a14 75b8580a14a34850b9497b1ae59dac93 - - d5b5e5500a914c8abc604d02e504134c d5b5e5500a914c8abc604d02e504134c] 10.0.0.168 "GET /resource_providers/896015eb-8815-423a-b8fd-c56e72ef88a5/aggregates" status: 404 len: 235 microversion: 1.1 [pid: 7|app: 0|req: 325/642] 10.0.0.168 () {32 vars in 816 bytes} [Mon Sep 7 12:04:28 2026] GET /resource_providers/896015eb-8815-423a-b8fd-c56e72ef88a5/aggregates => generated 235 bytes in 10 msecs (HTTP/1.1 404) 5 headers in 202 bytes (1 switches on core 0)
2026-09-07 12:04:28.283 8 INFO placement.requestlog [None req-c5c4c49a-6648-4111-a23a-98a6c772e530 318c6de6e78e4b278ade08cb44a98a14 75b8580a14a34850b9497b1ae59dac93 - - d5b5e5500a914c8abc604d02e504134c d5b5e5500a914c8abc604d02e504134c] 10.0.0.168 "DELETE /resource_providers/896015eb-8815-423a-b8fd-c56e72ef88a5" status: 404 len: 246 microversion: 1.1 [pid: 8|app: 0|req: 318/643] 10.0.0.168 () {34 vars in 816 bytes} [Mon Sep 7 12:04:28 2026] DELETE /resource_providers/896015eb-8815-423a-b8fd-c56e72ef88a5 => generated 246 bytes in 10 msecs (HTTP/1.1 404) 6 headers in 231 bytes (1 switches on core 0)
2026-09-07 12:04:28.314 8 INFO placement.requestlog [None req-184c92bd-31da-4e78-8cd4-9e11840cf9ef 318c6de6e78e4b278ade08cb44a98a14 75b8580a14a34850b9497b1ae59dac93 - - d5b5e5500a914c8abc604d02e504134c d5b5e5500a914c8abc604d02e504134c] 10.0.0.168 "GET /resource_providers/ec6939bd-ad5e-4467-9f7b-2bf4463c631c/aggregates" status: 404 len: 235 microversion: 1.1 [pid: 8|app: 0|req: 319/644] 10.0.0.168 () {32 vars in 816 bytes} [Mon Sep 7 12:04:28 2026] GET /resource_providers/ec6939bd-ad5e-4467-9f7b-2bf4463c631c/aggregates => generated 235 bytes in 14 msecs (HTTP/1.1 404) 5 headers in 202 bytes (1 switches on core 0)
2026-09-07 12:04:28.315 7 INFO placement.requestlog [None req-d356023c-a17c-43c4-839b-5a132f46e584 318c6de6e78e4b278ade08cb44a98a14 75b8580a14a34850b9497b1ae59dac93 - - d5b5e5500a914c8abc604d02e504134c d5b5e5500a914c8abc604d02e504134c] 10.0.0.168 "DELETE /resource_providers/896015eb-8815-423a-b8fd-c56e72ef88a5" status: 404 len: 246 microversion: 1.1 [pid: 7|app: 0|req: 326/645] 10.0.0.168 () {34 vars in 816 bytes} [Mon Sep 7 12:04:28 2026] DELETE /resource_providers/896015eb-8815-423a-b8fd-c56e72ef88a5 => generated 246 bytes in 16 msecs (HTTP/1.1 404) 6 headers in 231 bytes (1 switches on core 0)
2026-09-07 12:04:28.342 8 INFO placement.requestlog [None req-9e81c78f-a416-45dc-9bae-cabc4106dbc5 318c6de6e78e4b278ade08cb44a98a14 75b8580a14a34850b9497b1ae59dac93 - - d5b5e5500a914c8abc604d02e504134c d5b5e5500a914c8abc604d02e504134c] 10.0.0.168 "DELETE /resource_providers/ec6939bd-ad5e-4467-9f7b-2bf4463c631c" status: 404 len: 246 microversion: 1.1 [pid: 8|app: 0|req: 320/646] 10.0.0.168 () {34 vars in 816 bytes} [Mon Sep 7 12:04:28 2026] DELETE /resource_providers/ec6939bd-ad5e-4467-9f7b-2bf4463c631c => generated 246 bytes in 14 msecs (HTTP/1.1 404) 6 headers in 231 bytes (1 switches on core 0)
2026-09-07 12:04:28.349 7 INFO placement.requestlog [None req-30fdcd44-4dc8-4c63-9807-64a15d5b6ad4 318c6de6e78e4b278ade08cb44a98a14 75b8580a14a34850b9497b1ae59dac93 - - d5b5e5500a914c8abc604d02e504134c d5b5e5500a914c8abc604d02e504134c] 10.0.0.168 "GET /resource_providers/ec6939bd-ad5e-4467-9f7b-2bf4463c631c/aggregates" status: 404 len: 235 microversion: 1.1 [pid: 7|app: 0|req: 327/647] 10.0.0.168 () {32 vars in 816 bytes} [Mon Sep 7 12:04:28 2026] GET /resource_providers/ec6939bd-ad5e-4467-9f7b-2bf4463c631c/aggregates => generated 235 bytes in 15 msecs (HTTP/1.1 404) 5 headers in 202 bytes (1 switches on core 0)
2026-09-07 12:04:28.370 8 INFO placement.requestlog [None req-7bec356c-ebea-4c23-aaed-6735e4cb3b0c 318c6de6e78e4b278ade08cb44a98a14 75b8580a14a34850b9497b1ae59dac93 - - d5b5e5500a914c8abc604d02e504134c d5b5e5500a914c8abc604d02e504134c] 10.0.0.168 "DELETE /resource_providers/ec6939bd-ad5e-4467-9f7b-2bf4463c631c" status: 404 len: 246 microversion: 1.1 [pid: 8|app: 0|req: 321/648] 10.0.0.168 () {34 vars in 816 bytes} [Mon Sep 7 12:04:28 2026] DELETE /resource_providers/ec6939bd-ad5e-4467-9f7b-2bf4463c631c => generated 246 bytes in 11 msecs (HTTP/1.1 404) 6 headers in 231 bytes (1 switches on core 0)
2026-09-07 12:04:29.323 7 INFO placement.requestlog [req-df38ed7e-62fd-41be-80ac-6bf4946d5f6e req-1ade1824-616c-4051-91d4-28374baa4ee7 26ca0fa2159c47e3943a3cd1a9ffb915 75b8580a14a34850b9497b1ae59dac93 - - d5b5e5500a914c8abc604d02e504134c d5b5e5500a914c8abc604d02e504134c] 10.0.0.29 "GET /allocation_candidates?limit=1000&resources=DISK_GB%3A1%2CMEMORY_MB%3A512%2CVCPU%3A1&root_required=%21COMPUTE_STATUS_DISABLED" status: 200 len: 2442 microversion: 1.36 [pid: 7|app: 0|req: 328/649] 10.0.0.29 () {34 vars in 1011 bytes} [Mon Sep 7 12:04:28 2026] GET /allocation_candidates?limit=1000&resources=DISK_GB%3A1%2CMEMORY_MB%3A512%2CVCPU%3A1&root_required=%21COMPUTE_STATUS_DISABLED => generated 2442 bytes in 375 msecs (HTTP/1.1 200) 8 headers in 297 bytes (1 switches on core 0)
2026-09-07 12:04:29.361 8 INFO placement.requestlog [req-df38ed7e-62fd-41be-80ac-6bf4946d5f6e req-88ffe578-4011-49cc-b823-eab70c4624c3 26ca0fa2159c47e3943a3cd1a9ffb915 75b8580a14a34850b9497b1ae59dac93 - - d5b5e5500a914c8abc604d02e504134c d5b5e5500a914c8abc604d02e504134c] 10.0.0.29 "GET /allocations/9ca660ea-7ffd-4074-9808-de6d30fb0bd4" status: 200 len: 19 microversion: 1.28 [pid: 8|app: 0|req: 322/650] 10.0.0.29 () {34 vars in 860 bytes} [Mon Sep 7 12:04:29 2026] GET /allocations/9ca660ea-7ffd-4074-9808-de6d30fb0bd4 => generated 19 bytes in 13 msecs (HTTP/1.1 200) 8 headers in 295 bytes (1 switches on core 0)
2026-09-07 12:04:29.460 7 INFO placement.requestlog [req-df38ed7e-62fd-41be-80ac-6bf4946d5f6e req-e3d7f091-9b64-4713-ba38-a6444c9f5e17 26ca0fa2159c47e3943a3cd1a9ffb915 75b8580a14a34850b9497b1ae59dac93 - - d5b5e5500a914c8abc604d02e504134c d5b5e5500a914c8abc604d02e504134c] 10.0.0.29 "PUT /allocations/9ca660ea-7ffd-4074-9808-de6d30fb0bd4" status: 204 len: 0 microversion: 1.36 [pid: 7|app: 0|req: 329/651] 10.0.0.29 () {38 vars in 913 bytes} [Mon Sep 7 12:04:29 2026] PUT /allocations/9ca660ea-7ffd-4074-9808-de6d30fb0bd4 => generated 0 bytes in 91 msecs (HTTP/1.1 204) 5 headers in 199 bytes (1 switches on core 0)
2026-09-07 12:04:29.819 8 INFO placement.requestlog [req-e558ea05-0e25-4e9d-97ed-0ec1449eab8e req-db5a4b66-114c-4a33-a557-7aeac544e19a 26ca0fa2159c47e3943a3cd1a9ffb915 75b8580a14a34850b9497b1ae59dac93 - - d5b5e5500a914c8abc604d02e504134c d5b5e5500a914c8abc604d02e504134c] 10.0.0.29 "GET /allocation_candidates?limit=1000&resources=MEMORY_MB%3A512%2CVCPU%3A1&root_required=%21COMPUTE_STATUS_DISABLED" status: 200 len: 2430 microversion: 1.36 [pid: 8|app: 0|req: 323/652] 10.0.0.29 () {34 vars in 983 bytes} [Mon Sep 7 12:04:29 2026] GET /allocation_candidates?limit=1000&resources=MEMORY_MB%3A512%2CVCPU%3A1&root_required=%21COMPUTE_STATUS_DISABLED => generated 2430 bytes in 48 msecs (HTTP/1.1 200) 8 headers in 297 bytes (1 switches on core 0)
2026-09-07 12:04:29.864 7 INFO placement.requestlog [req-e558ea05-0e25-4e9d-97ed-0ec1449eab8e req-14424445-7b99-4603-b155-04f2f8b6cad1 26ca0fa2159c47e3943a3cd1a9ffb915 75b8580a14a34850b9497b1ae59dac93 - - d5b5e5500a914c8abc604d02e504134c d5b5e5500a914c8abc604d02e504134c] 10.0.0.29 "GET /allocations/51ca4b13-3676-41ad-9bd2-4e1a4e766f10" status: 200 len: 19 microversion: 1.28 [pid: 7|app: 0|req: 330/653] 10.0.0.29 () {34 vars in 860 bytes} [Mon Sep 7 12:04:29 2026] GET /allocations/51ca4b13-3676-41ad-9bd2-4e1a4e766f10 => generated 19 bytes in 18 msecs (HTTP/1.1 200) 8 headers in 295 bytes (1 switches on core 0)
2026-09-07 12:04:29.958 8 INFO placement.requestlog [req-e558ea05-0e25-4e9d-97ed-0ec1449eab8e req-a5e97d2a-b093-4371-8d88-da6eac12f2a7 26ca0fa2159c47e3943a3cd1a9ffb915 75b8580a14a34850b9497b1ae59dac93 - - d5b5e5500a914c8abc604d02e504134c d5b5e5500a914c8abc604d02e504134c] 10.0.0.29 "PUT /allocations/51ca4b13-3676-41ad-9bd2-4e1a4e766f10" status: 204 len: 0 microversion: 1.36 [pid: 8|app: 0|req: 324/654] 10.0.0.29 () {38 vars in 913 bytes} [Mon Sep 7 12:04:29 2026] PUT /allocations/51ca4b13-3676-41ad-9bd2-4e1a4e766f10 => generated 0 bytes in 90 msecs (HTTP/1.1 204) 5 headers in 199 bytes (1 switches on core 0)
2026-09-07 12:04:31.239 7 INFO placement.requestlog [req-df38ed7e-62fd-41be-80ac-6bf4946d5f6e req-3a8d0b32-4a2e-4d8f-bc19-4ffd25c090eb 26ca0fa2159c47e3943a3cd1a9ffb915 75b8580a14a34850b9497b1ae59dac93 - - d5b5e5500a914c8abc604d02e504134c d5b5e5500a914c8abc604d02e504134c] 162.253.55.128 "GET /allocations/9ca660ea-7ffd-4074-9808-de6d30fb0bd4" status: 200 len: 257 microversion: 1.28 [pid: 7|app: 0|req: 331/655] 162.253.55.128 () {34 vars in 863 bytes} [Mon Sep 7 12:04:31 2026] GET /allocations/9ca660ea-7ffd-4074-9808-de6d30fb0bd4 => generated 257 bytes in 15 msecs (HTTP/1.1 200) 8 headers in 296 bytes (1 switches on core 0)
2026-09-07 12:04:31.601 8 INFO placement.requestlog [req-e558ea05-0e25-4e9d-97ed-0ec1449eab8e req-13767a66-a961-4725-8850-8941d907b4b3 26ca0fa2159c47e3943a3cd1a9ffb915 75b8580a14a34850b9497b1ae59dac93 - - d5b5e5500a914c8abc604d02e504134c d5b5e5500a914c8abc604d02e504134c] 162.253.55.128 "GET /allocations/51ca4b13-3676-41ad-9bd2-4e1a4e766f10" status: 200 len: 243 microversion: 1.28 [pid: 8|app: 0|req: 325/656] 162.253.55.128 () {34 vars in 863 bytes} [Mon Sep 7 12:04:31 2026] GET /allocations/51ca4b13-3676-41ad-9bd2-4e1a4e766f10 => generated 243 bytes in 18 msecs (HTTP/1.1 200) 8 headers in 296 bytes (1 switches on core 0)
2026-09-07 12:04:32.313 7 INFO placement.requestlog [req-df38ed7e-62fd-41be-80ac-6bf4946d5f6e req-e7297c5e-d97b-4f69-9625-fefa59c30de2 26ca0fa2159c47e3943a3cd1a9ffb915 75b8580a14a34850b9497b1ae59dac93 - - d5b5e5500a914c8abc604d02e504134c d5b5e5500a914c8abc604d02e504134c] 162.253.55.128 "GET /resource_providers/0a03266a-094f-4196-b084-6c5ee0102086/allocations" status: 200 len: 238 microversion: 1.0 [pid: 7|app: 0|req: 332/657] 162.253.55.128 () {32 vars in 857 bytes} [Mon Sep 7 12:04:32 2026] GET /resource_providers/0a03266a-094f-4196-b084-6c5ee0102086/allocations => generated 238 bytes in 40 msecs (HTTP/1.1 200) 6 headers in 224 bytes (1 switches on core 0)
2026-09-07 12:04:32.363 8 INFO placement.requestlog [req-df38ed7e-62fd-41be-80ac-6bf4946d5f6e req-ddbbedea-a763-4166-ab81-3a46258dab6f 26ca0fa2159c47e3943a3cd1a9ffb915 75b8580a14a34850b9497b1ae59dac93 - - d5b5e5500a914c8abc604d02e504134c d5b5e5500a914c8abc604d02e504134c] 162.253.55.128 "GET /allocations/51ca4b13-3676-41ad-9bd2-4e1a4e766f10" status: 200 len: 243 microversion: 1.28 [pid: 8|app: 0|req: 326/658] 162.253.55.128 () {34 vars in 863 bytes} [Mon Sep 7 12:04:32 2026] GET /allocations/51ca4b13-3676-41ad-9bd2-4e1a4e766f10 => generated 243 bytes in 37 msecs (HTTP/1.1 200) 8 headers in 296 bytes (1 switches on core 0)
2026-09-07 12:04:32.390 7 INFO placement.requestlog [req-df38ed7e-62fd-41be-80ac-6bf4946d5f6e req-92a4ffc0-6a4e-451a-a8a0-35b94dc2bbd7 26ca0fa2159c47e3943a3cd1a9ffb915 75b8580a14a34850b9497b1ae59dac93 - - d5b5e5500a914c8abc604d02e504134c d5b5e5500a914c8abc604d02e504134c] 162.253.55.128 "GET /allocations/9ca660ea-7ffd-4074-9808-de6d30fb0bd4" status: 200 len: 257 microversion: 1.28 [pid: 7|app: 0|req: 333/659] 162.253.55.128 () {34 vars in 863 bytes} [Mon Sep 7 12:04:32 2026] GET /allocations/9ca660ea-7ffd-4074-9808-de6d30fb0bd4 => generated 257 bytes in 15 msecs (HTTP/1.1 200) 8 headers in 296 bytes (1 switches on core 0)
2026-09-07 12:04:34.506 8 INFO placement.requestlog [req-e558ea05-0e25-4e9d-97ed-0ec1449eab8e req-c9b07b44-a36b-4020-bb4e-6216675d5533 26ca0fa2159c47e3943a3cd1a9ffb915 75b8580a14a34850b9497b1ae59dac93 - - d5b5e5500a914c8abc604d02e504134c d5b5e5500a914c8abc604d02e504134c] 162.253.55.128 "GET /resource_providers/0a03266a-094f-4196-b084-6c5ee0102086/allocations" status: 200 len: 238 microversion: 1.0 [pid: 8|app: 0|req: 327/660] 162.253.55.128 () {32 vars in 857 bytes} [Mon Sep 7 12:04:34 2026] GET /resource_providers/0a03266a-094f-4196-b084-6c5ee0102086/allocations => generated 238 bytes in 34 msecs (HTTP/1.1 200) 6 headers in 224 bytes (1 switches on core 0)
2026-09-07 12:04:34.523 7 INFO placement.requestlog [req-e558ea05-0e25-4e9d-97ed-0ec1449eab8e req-2410827f-db74-427a-9edb-2800ee9acf63 26ca0fa2159c47e3943a3cd1a9ffb915 75b8580a14a34850b9497b1ae59dac93 - - d5b5e5500a914c8abc604d02e504134c d5b5e5500a914c8abc604d02e504134c] 162.253.55.128 "GET /allocations/51ca4b13-3676-41ad-9bd2-4e1a4e766f10" status: 200 len: 243 microversion: 1.28 [pid: 7|app: 0|req: 334/661] 162.253.55.128 () {34 vars in 863 bytes} [Mon Sep 7 12:04:34 2026] GET /allocations/51ca4b13-3676-41ad-9bd2-4e1a4e766f10 => generated 243 bytes in 12 msecs (HTTP/1.1 200) 8 headers in 296 bytes (1 switches on core 0)
2026-09-07 12:04:34.552 8 INFO placement.requestlog [req-e558ea05-0e25-4e9d-97ed-0ec1449eab8e req-afeeb924-2afe-4615-a09d-ef6519f70d0a 26ca0fa2159c47e3943a3cd1a9ffb915 75b8580a14a34850b9497b1ae59dac93 - - d5b5e5500a914c8abc604d02e504134c d5b5e5500a914c8abc604d02e504134c] 162.253.55.128 "GET /allocations/9ca660ea-7ffd-4074-9808-de6d30fb0bd4" status: 200 len: 257 microversion: 1.28 [pid: 8|app: 0|req: 328/662] 162.253.55.128 () {34 vars in 863 bytes} [Mon Sep 7 12:04:34 2026] GET /allocations/9ca660ea-7ffd-4074-9808-de6d30fb0bd4 => generated 257 bytes in 24 msecs (HTTP/1.1 200) 8 headers in 296 bytes (1 switches on core 0)
2026-09-07 12:04:35.930 7 INFO placement.requestlog [req-48b07c9a-5451-4da6-a4f5-bb75ed210c7b req-51274227-9bf1-4c16-8952-4cdd0a2ef88a 26ca0fa2159c47e3943a3cd1a9ffb915 75b8580a14a34850b9497b1ae59dac93 - - d5b5e5500a914c8abc604d02e504134c d5b5e5500a914c8abc604d02e504134c] 10.0.0.29 "GET /allocation_candidates?limit=1000&resources=DISK_GB%3A1%2CMEMORY_MB%3A512%2CVCPU%3A1&root_required=%21COMPUTE_STATUS_DISABLED" status: 200 len: 2445 microversion: 1.36 [pid: 7|app: 0|req: 335/663] 10.0.0.29 () {34 vars in 1011 bytes} [Mon Sep 7 12:04:35 2026] GET /allocation_candidates?limit=1000&resources=DISK_GB%3A1%2CMEMORY_MB%3A512%2CVCPU%3A1&root_required=%21COMPUTE_STATUS_DISABLED => generated 2445 bytes in 99 msecs (HTTP/1.1 200) 8 headers in 297 bytes (1 switches on core 0)
2026-09-07 12:04:35.973 8 INFO placement.requestlog [req-48b07c9a-5451-4da6-a4f5-bb75ed210c7b req-5750e117-07b7-4cf1-8dbd-14d6d927ae76 26ca0fa2159c47e3943a3cd1a9ffb915 75b8580a14a34850b9497b1ae59dac93 - - d5b5e5500a914c8abc604d02e504134c d5b5e5500a914c8abc604d02e504134c] 10.0.0.29 "GET /allocations/431a407f-6d6a-4a9b-a3bc-948546a0cdfc" status: 200 len: 19 microversion: 1.28 [pid: 8|app: 0|req: 329/664] 10.0.0.29 () {34 vars in 860 bytes} [Mon Sep 7 12:04:35 2026] GET /allocations/431a407f-6d6a-4a9b-a3bc-948546a0cdfc => generated 19 bytes in 12 msecs (HTTP/1.1 200) 8 headers in 295 bytes (1 switches on core 0)
2026-09-07 12:04:36.058 7 INFO placement.requestlog [req-48b07c9a-5451-4da6-a4f5-bb75ed210c7b req-375606cb-4b04-4c7f-9ac7-6d1b4a89731a 26ca0fa2159c47e3943a3cd1a9ffb915 75b8580a14a34850b9497b1ae59dac93 - - d5b5e5500a914c8abc604d02e504134c d5b5e5500a914c8abc604d02e504134c] 10.0.0.29 "PUT /allocations/431a407f-6d6a-4a9b-a3bc-948546a0cdfc" status: 204 len: 0 microversion: 1.36 [pid: 7|app: 0|req: 336/665] 10.0.0.29 () {38 vars in 913 bytes} [Mon Sep 7 12:04:35 2026] PUT /allocations/431a407f-6d6a-4a9b-a3bc-948546a0cdfc => generated 0 bytes in 80 msecs (HTTP/1.1 204) 5 headers in 199 bytes (1 switches on core 0)
2026-09-07 12:04:36.457 8 INFO placement.requestlog [req-41cccebe-566a-4527-b7b9-c2c6e875d5e5 req-4602b012-c91d-4212-b6ca-f9c842f942b0 26ca0fa2159c47e3943a3cd1a9ffb915 75b8580a14a34850b9497b1ae59dac93 - - d5b5e5500a914c8abc604d02e504134c d5b5e5500a914c8abc604d02e504134c] 10.0.0.29 "GET /allocation_candidates?limit=1000&resources=DISK_GB%3A1%2CMEMORY_MB%3A512%2CVCPU%3A1&root_required=%21COMPUTE_STATUS_DISABLED" status: 200 len: 2445 microversion: 1.36 [pid: 8|app: 0|req: 330/666] 10.0.0.29 () {34 vars in 1011 bytes} [Mon Sep 7 12:04:36 2026] GET /allocation_candidates?limit=1000&resources=DISK_GB%3A1%2CMEMORY_MB%3A512%2CVCPU%3A1&root_required=%21COMPUTE_STATUS_DISABLED => generated 2445 bytes in 82 msecs (HTTP/1.1 200) 8 headers in 297 bytes (1 switches on core 0)
2026-09-07 12:04:36.527 7 INFO placement.requestlog [req-41cccebe-566a-4527-b7b9-c2c6e875d5e5 req-82e8cb50-2775-4d48-9536-1b1083ce6c60 26ca0fa2159c47e3943a3cd1a9ffb915 75b8580a14a34850b9497b1ae59dac93 - - d5b5e5500a914c8abc604d02e504134c d5b5e5500a914c8abc604d02e504134c] 10.0.0.29 "GET /allocations/64186d4a-4c49-40b9-b7a4-0a9a84f89898" status: 200 len: 19 microversion: 1.28 [pid: 7|app: 0|req: 337/667] 10.0.0.29 () {34 vars in 860 bytes} [Mon Sep 7 12:04:36 2026] GET /allocations/64186d4a-4c49-40b9-b7a4-0a9a84f89898 => generated 19 bytes in 32 msecs (HTTP/1.1 200) 8 headers in 295 bytes (1 switches on core 0)
2026-09-07 12:04:36.637 8 INFO placement.requestlog [req-41cccebe-566a-4527-b7b9-c2c6e875d5e5 req-b905d794-1fb4-43a1-b4ff-f6586c41a2b0 26ca0fa2159c47e3943a3cd1a9ffb915 75b8580a14a34850b9497b1ae59dac93 - - d5b5e5500a914c8abc604d02e504134c d5b5e5500a914c8abc604d02e504134c] 10.0.0.29 "PUT /allocations/64186d4a-4c49-40b9-b7a4-0a9a84f89898" status: 204 len: 0 microversion: 1.36 [pid: 8|app: 0|req: 331/668] 10.0.0.29 () {38 vars in 913 bytes} [Mon Sep 7 12:04:36 2026] PUT /allocations/64186d4a-4c49-40b9-b7a4-0a9a84f89898 => generated 0 bytes in 102 msecs (HTTP/1.1 204) 5 headers in 199 bytes (1 switches on core 0)
2026-09-07 12:04:37.586 7 INFO placement.requestlog [req-48b07c9a-5451-4da6-a4f5-bb75ed210c7b req-41e849ef-5685-4690-8cf7-965ae8525b40 26ca0fa2159c47e3943a3cd1a9ffb915 75b8580a14a34850b9497b1ae59dac93 - - d5b5e5500a914c8abc604d02e504134c d5b5e5500a914c8abc604d02e504134c] 162.253.55.128 "GET /allocations/431a407f-6d6a-4a9b-a3bc-948546a0cdfc" status: 200 len: 257 microversion: 1.28 [pid: 7|app: 0|req: 338/669] 162.253.55.128 () {34 vars in 863 bytes} [Mon Sep 7 12:04:37 2026] GET /allocations/431a407f-6d6a-4a9b-a3bc-948546a0cdfc => generated 257 bytes in 22 msecs (HTTP/1.1 200) 8 headers in 296 bytes (1 switches on core 0)
2026-09-07 12:04:38.034 8 INFO placement.requestlog [None req-cc58a9e6-6e92-4141-9a99-e8fe02a568fd - - - - - -] 10.0.0.19 "GET /" status: 200 len: 136 microversion: 1.0
2026-09-07 12:04:38.034 7 INFO placement.requestlog [None req-355103d9-bfbc-4f44-be6c-b7b20b500a3b - - - - - -] 10.0.0.19 "GET /" status: 200 len: 136 microversion: 1.0
2026-09-07 12:04:38.075 8 INFO placement.requestlog [req-41cccebe-566a-4527-b7b9-c2c6e875d5e5 req-dbd9c3c3-11c2-417b-ac82-250d166d5b9c 26ca0fa2159c47e3943a3cd1a9ffb915 75b8580a14a34850b9497b1ae59dac93 - - d5b5e5500a914c8abc604d02e504134c d5b5e5500a914c8abc604d02e504134c] 162.253.55.128 "GET /allocations/64186d4a-4c49-40b9-b7a4-0a9a84f89898" status: 200 len: 257 microversion: 1.28 [pid: 8|app: 0|req: 333/672] 162.253.55.128 () {34 vars in 863 bytes} [Mon Sep 7 12:04:38 2026] GET /allocations/64186d4a-4c49-40b9-b7a4-0a9a84f89898 => generated 257 bytes in 10 msecs (HTTP/1.1 200) 8 headers in 296 bytes (1 switches on core 0)
2026-09-07 12:04:38.636 7 INFO placement.requestlog [req-48b07c9a-5451-4da6-a4f5-bb75ed210c7b req-e6ad93c7-47dc-4d25-aa99-0f0f77d3fa3d 26ca0fa2159c47e3943a3cd1a9ffb915 75b8580a14a34850b9497b1ae59dac93 - - d5b5e5500a914c8abc604d02e504134c d5b5e5500a914c8abc604d02e504134c] 162.253.55.128 "GET /resource_providers/0a03266a-094f-4196-b084-6c5ee0102086/allocations" status: 200 len: 438 microversion: 1.0 [pid: 7|app: 0|req: 340/673] 162.253.55.128 () {32 vars in 857 bytes} [Mon Sep 7 12:04:38 2026] GET /resource_providers/0a03266a-094f-4196-b084-6c5ee0102086/allocations => generated 438 bytes in 30 msecs (HTTP/1.1 200) 6 headers in 224 bytes (1 switches on core 0)
2026-09-07 12:04:38.661 8 INFO placement.requestlog [req-48b07c9a-5451-4da6-a4f5-bb75ed210c7b req-11c7b0a4-1efe-4c85-82be-44ccc5080be8 26ca0fa2159c47e3943a3cd1a9ffb915 75b8580a14a34850b9497b1ae59dac93 - - d5b5e5500a914c8abc604d02e504134c d5b5e5500a914c8abc604d02e504134c] 162.253.55.128 "GET /allocations/431a407f-6d6a-4a9b-a3bc-948546a0cdfc" status: 200 len: 257 microversion: 1.28 [pid: 8|app: 0|req: 334/674] 162.253.55.128 () {34 vars in 863 bytes} [Mon Sep 7 12:04:38 2026] GET /allocations/431a407f-6d6a-4a9b-a3bc-948546a0cdfc => generated 257 bytes in 16 msecs (HTTP/1.1 200) 8 headers in 296 bytes (1 switches on core 0)
2026-09-07 12:04:38.680 7 INFO placement.requestlog [req-48b07c9a-5451-4da6-a4f5-bb75ed210c7b req-6dc3cd67-91aa-432f-8749-bc20119d7b67 26ca0fa2159c47e3943a3cd1a9ffb915 75b8580a14a34850b9497b1ae59dac93 - - d5b5e5500a914c8abc604d02e504134c d5b5e5500a914c8abc604d02e504134c] 162.253.55.128 "GET /allocations/51ca4b13-3676-41ad-9bd2-4e1a4e766f10" status: 200 len: 243 microversion: 1.28 [pid: 7|app: 0|req: 341/675] 162.253.55.128 () {34 vars in 863 bytes} [Mon Sep 7 12:04:38 2026] GET /allocations/51ca4b13-3676-41ad-9bd2-4e1a4e766f10 => generated 243 bytes in 14 msecs (HTTP/1.1 200) 8 headers in 296 bytes (1 switches on core 0)
2026-09-07 12:04:38.709 8 INFO placement.requestlog [req-48b07c9a-5451-4da6-a4f5-bb75ed210c7b req-e3fad3c8-98be-4a96-bfcb-66eae1480877 26ca0fa2159c47e3943a3cd1a9ffb915 75b8580a14a34850b9497b1ae59dac93 - - d5b5e5500a914c8abc604d02e504134c d5b5e5500a914c8abc604d02e504134c] 162.253.55.128 "GET /allocations/64186d4a-4c49-40b9-b7a4-0a9a84f89898" status: 200 len: 257 microversion: 1.28 [pid: 8|app: 0|req: 335/676] 162.253.55.128 () {34 vars in 863 bytes} [Mon Sep 7 12:04:38 2026] GET /allocations/64186d4a-4c49-40b9-b7a4-0a9a84f89898 => generated 257 bytes in 25 msecs (HTTP/1.1 200) 8 headers in 296 bytes (1 switches on core 0)
2026-09-07 12:04:38.733 7 INFO placement.requestlog [req-48b07c9a-5451-4da6-a4f5-bb75ed210c7b req-c4d80506-bf12-47b7-a168-4ec980c6bc8f 26ca0fa2159c47e3943a3cd1a9ffb915 75b8580a14a34850b9497b1ae59dac93 - - d5b5e5500a914c8abc604d02e504134c d5b5e5500a914c8abc604d02e504134c] 162.253.55.128 "GET /allocations/9ca660ea-7ffd-4074-9808-de6d30fb0bd4" status: 200 len: 257 microversion: 1.28 [pid: 7|app: 0|req: 342/677] 162.253.55.128 () {34 vars in 863 bytes} [Mon Sep 7 12:04:38 2026] GET /allocations/9ca660ea-7ffd-4074-9808-de6d30fb0bd4 => generated 257 bytes in 16 msecs (HTTP/1.1 200) 8 headers in 296 bytes (1 switches on core 0)
2026-09-07 12:04:40.832 8 INFO placement.requestlog [req-41cccebe-566a-4527-b7b9-c2c6e875d5e5 req-8ee106cb-4b37-4676-9c64-a372210c0a6a 26ca0fa2159c47e3943a3cd1a9ffb915 75b8580a14a34850b9497b1ae59dac93 - - d5b5e5500a914c8abc604d02e504134c d5b5e5500a914c8abc604d02e504134c] 162.253.55.128 "GET /resource_providers/0a03266a-094f-4196-b084-6c5ee0102086/allocations" status: 200 len: 438 microversion: 1.0 [pid: 8|app: 0|req: 336/678] 162.253.55.128 () {32 vars in 857 bytes} [Mon Sep 7 12:04:40 2026] GET /resource_providers/0a03266a-094f-4196-b084-6c5ee0102086/allocations => generated 438 bytes in 52 msecs (HTTP/1.1 200) 6 headers in 224 bytes (1 switches on core 0)
2026-09-07 12:04:40.872 7 INFO placement.requestlog [req-41cccebe-566a-4527-b7b9-c2c6e875d5e5 req-3078f0a1-c128-4691-9a87-f76b2d706c68 26ca0fa2159c47e3943a3cd1a9ffb915 75b8580a14a34850b9497b1ae59dac93 - - d5b5e5500a914c8abc604d02e504134c d5b5e5500a914c8abc604d02e504134c] 162.253.55.128 "GET /allocations/431a407f-6d6a-4a9b-a3bc-948546a0cdfc" status: 200 len: 257 microversion: 1.28 [pid: 7|app: 0|req: 343/679] 162.253.55.128 () {34 vars in 863 bytes} [Mon Sep 7 12:04:40 2026] GET /allocations/431a407f-6d6a-4a9b-a3bc-948546a0cdfc => generated 257 bytes in 33 msecs (HTTP/1.1 200) 8 headers in 296 bytes (1 switches on core 0)
2026-09-07 12:04:40.896 8 INFO placement.requestlog [req-41cccebe-566a-4527-b7b9-c2c6e875d5e5 req-3ff3d88e-c9e4-4763-93da-2d44183308cc 26ca0fa2159c47e3943a3cd1a9ffb915 75b8580a14a34850b9497b1ae59dac93 - - d5b5e5500a914c8abc604d02e504134c d5b5e5500a914c8abc604d02e504134c] 162.253.55.128 "GET /allocations/51ca4b13-3676-41ad-9bd2-4e1a4e766f10" status: 200 len: 243 microversion: 1.28 [pid: 8|app: 0|req: 337/680] 162.253.55.128 () {34 vars in 863 bytes} [Mon Sep 7 12:04:40 2026] GET /allocations/51ca4b13-3676-41ad-9bd2-4e1a4e766f10 => generated 243 bytes in 18 msecs (HTTP/1.1 200) 8 headers in 296 bytes (1 switches on core 0)
2026-09-07 12:04:40.920 7 INFO placement.requestlog [req-41cccebe-566a-4527-b7b9-c2c6e875d5e5 req-8f1bce33-35d2-4337-b750-e3d1b4b76f91 26ca0fa2159c47e3943a3cd1a9ffb915 75b8580a14a34850b9497b1ae59dac93 - - d5b5e5500a914c8abc604d02e504134c d5b5e5500a914c8abc604d02e504134c] 162.253.55.128 "GET /allocations/64186d4a-4c49-40b9-b7a4-0a9a84f89898" status: 200 len: 257 microversion: 1.28 [pid: 7|app: 0|req: 344/681] 162.253.55.128 () {34 vars in 863 bytes} [Mon Sep 7 12:04:40 2026] GET /allocations/64186d4a-4c49-40b9-b7a4-0a9a84f89898 => generated 257 bytes in 16 msecs (HTTP/1.1 200) 8 headers in 296 bytes (1 switches on core 0)
2026-09-07 12:04:40.947 8 INFO placement.requestlog [req-41cccebe-566a-4527-b7b9-c2c6e875d5e5 req-c71e228d-4ae7-45b3-a434-9c807f61d1c5 26ca0fa2159c47e3943a3cd1a9ffb915 75b8580a14a34850b9497b1ae59dac93 - - d5b5e5500a914c8abc604d02e504134c d5b5e5500a914c8abc604d02e504134c] 162.253.55.128 "GET /allocations/9ca660ea-7ffd-4074-9808-de6d30fb0bd4" status: 200 len: 257 microversion: 1.28 [pid: 8|app: 0|req: 338/682] 162.253.55.128 () {34 vars in 863 bytes} [Mon Sep 7 12:04:40 2026] GET /allocations/9ca660ea-7ffd-4074-9808-de6d30fb0bd4 => generated 257 bytes in 21 msecs (HTTP/1.1 200) 8 headers in 296 bytes (1 switches on core 0)
2026-09-07 12:04:48.033 8 INFO placement.requestlog [None req-d5d677d3-2f5f-4926-8168-adb1abfc6c90 - - - - - -] 10.0.0.19 "GET /" status: 200 len: 136 microversion: 1.0
2026-09-07 12:04:48.050 7 INFO placement.requestlog [None req-736973c4-72ce-4776-85da-da32a3e78a6c - - - - - -] 10.0.0.19 "GET /" status: 200 len: 136 microversion: 1.0
2026-09-07 12:04:55.174 8 INFO placement.requestlog [req-1105bbdd-cb44-45c9-820f-971aec80a1c7 req-234ec0f1-73e2-447b-8ec9-2d9807229eb6 26ca0fa2159c47e3943a3cd1a9ffb915 75b8580a14a34850b9497b1ae59dac93 - - d5b5e5500a914c8abc604d02e504134c d5b5e5500a914c8abc604d02e504134c] 162.253.55.128 "GET /resource_providers/0a03266a-094f-4196-b084-6c5ee0102086/allocations" status: 200 len: 438 microversion: 1.0 [pid: 8|app: 0|req: 340/685] 162.253.55.128 () {32 vars in 857 bytes} [Mon Sep 7 12:04:55 2026] GET /resource_providers/0a03266a-094f-4196-b084-6c5ee0102086/allocations => generated 438 bytes in 47 msecs (HTTP/1.1 200) 6 headers in 224 bytes (1 switches on core 0)
2026-09-07 12:04:55.211 7 INFO placement.requestlog [req-1105bbdd-cb44-45c9-820f-971aec80a1c7 req-5b26436a-a4c7-4910-b4d1-154a9b6d6154 26ca0fa2159c47e3943a3cd1a9ffb915 75b8580a14a34850b9497b1ae59dac93 - - d5b5e5500a914c8abc604d02e504134c d5b5e5500a914c8abc604d02e504134c] 162.253.55.128 "GET /allocations/431a407f-6d6a-4a9b-a3bc-948546a0cdfc" status: 200 len: 257 microversion: 1.28 [pid: 7|app: 0|req: 346/686] 162.253.55.128 () {34 vars in 863 bytes} [Mon Sep 7 12:04:55 2026] GET /allocations/431a407f-6d6a-4a9b-a3bc-948546a0cdfc => generated 257 bytes in 24 msecs (HTTP/1.1 200) 8 headers in 296 bytes (1 switches on core 0)
2026-09-07 12:04:55.234 8 INFO placement.requestlog [req-1105bbdd-cb44-45c9-820f-971aec80a1c7 req-1251e6f3-03e8-4b1e-84e0-af74141114a8 26ca0fa2159c47e3943a3cd1a9ffb915 75b8580a14a34850b9497b1ae59dac93 - - d5b5e5500a914c8abc604d02e504134c d5b5e5500a914c8abc604d02e504134c] 162.253.55.128 "GET /allocations/51ca4b13-3676-41ad-9bd2-4e1a4e766f10" status: 200 len: 243 microversion: 1.28 [pid: 8|app: 0|req: 341/687] 162.253.55.128 () {34 vars in 863 bytes} [Mon Sep 7 12:04:55 2026] GET /allocations/51ca4b13-3676-41ad-9bd2-4e1a4e766f10 => generated 243 bytes in 17 msecs (HTTP/1.1 200) 8 headers in 296 bytes (1 switches on core 0)
2026-09-07 12:04:55.252 7 INFO placement.requestlog [req-1105bbdd-cb44-45c9-820f-971aec80a1c7 req-a9838095-2940-4d95-99a1-ca5451cd4ddd 26ca0fa2159c47e3943a3cd1a9ffb915 75b8580a14a34850b9497b1ae59dac93 - - d5b5e5500a914c8abc604d02e504134c d5b5e5500a914c8abc604d02e504134c] 162.253.55.128 "GET /allocations/64186d4a-4c49-40b9-b7a4-0a9a84f89898" status: 200 len: 257 microversion: 1.28 [pid: 7|app: 0|req: 347/688] 162.253.55.128 () {34 vars in 863 bytes} [Mon Sep 7 12:04:55 2026] GET /allocations/64186d4a-4c49-40b9-b7a4-0a9a84f89898 => generated 257 bytes in 14 msecs (HTTP/1.1 200) 8 headers in 296 bytes (1 switches on core 0)
2026-09-07 12:04:55.272 8 INFO placement.requestlog [req-1105bbdd-cb44-45c9-820f-971aec80a1c7 req-d41c24a1-b8a2-4bde-8d5a-fb99e05da7ca 26ca0fa2159c47e3943a3cd1a9ffb915 75b8580a14a34850b9497b1ae59dac93 - - d5b5e5500a914c8abc604d02e504134c d5b5e5500a914c8abc604d02e504134c] 162.253.55.128 "GET /allocations/9ca660ea-7ffd-4074-9808-de6d30fb0bd4" status: 200 len: 257 microversion: 1.28 [pid: 8|app: 0|req: 342/689] 162.253.55.128 () {34 vars in 863 bytes} [Mon Sep 7 12:04:55 2026] GET /allocations/9ca660ea-7ffd-4074-9808-de6d30fb0bd4 => generated 257 bytes in 16 msecs (HTTP/1.1 200) 8 headers in 296 bytes (1 switches on core 0)
2026-09-07 12:04:56.352 7 INFO placement.requestlog [req-1105bbdd-cb44-45c9-820f-971aec80a1c7 req-2d983e13-7cbe-4a0d-8e69-b9f8cef382c4 26ca0fa2159c47e3943a3cd1a9ffb915 75b8580a14a34850b9497b1ae59dac93 - - d5b5e5500a914c8abc604d02e504134c d5b5e5500a914c8abc604d02e504134c] 162.253.55.128 "DELETE /allocations/51ca4b13-3676-41ad-9bd2-4e1a4e766f10" status: 204 len: 0 microversion: 1.0 [pid: 7|app: 0|req: 348/690] 162.253.55.128 () {34 vars in 841 bytes} [Mon Sep 7 12:04:56 2026] DELETE /allocations/51ca4b13-3676-41ad-9bd2-4e1a4e766f10 => generated 0 bytes in 49 msecs (HTTP/1.1 204) 5 headers in 198 bytes (1 switches on core 0)
2026-09-07 12:04:58.040 8 INFO placement.requestlog [None req-53065e74-4936-455c-8493-86c4a37fbaef - - - - - -] 10.0.0.19 "GET /" status: 200 len: 136 microversion: 1.0
2026-09-07 12:04:58.042 7 INFO placement.requestlog [None req-a7411352-b392-4920-81a4-547945f15241 - - - - - -] 10.0.0.19 "GET /" status: 200 len: 136 microversion: 1.0
2026-09-07 12:04:58.332 8 INFO placement.requestlog [req-f91cc1eb-dfdb-4788-977b-d1deb02adaee req-6f5054b0-4cb3-4c8c-89e0-c173e4f285e3 26ca0fa2159c47e3943a3cd1a9ffb915 75b8580a14a34850b9497b1ae59dac93 - - d5b5e5500a914c8abc604d02e504134c d5b5e5500a914c8abc604d02e504134c] 162.253.55.128 "GET /resource_providers/0a03266a-094f-4196-b084-6c5ee0102086/allocations" status: 200 len: 352 microversion: 1.0 [pid: 8|app: 0|req: 344/693] 162.253.55.128 () {32 vars in 857 bytes} [Mon Sep 7 12:04:58 2026] GET /resource_providers/0a03266a-094f-4196-b084-6c5ee0102086/allocations => generated 352 bytes in 28 msecs (HTTP/1.1 200) 6 headers in 224 bytes (1 switches on core 0)
2026-09-07 12:04:58.360 7 INFO placement.requestlog [req-f91cc1eb-dfdb-4788-977b-d1deb02adaee req-dc292607-9d10-4068-a02e-beb3dd6753d9 26ca0fa2159c47e3943a3cd1a9ffb915 75b8580a14a34850b9497b1ae59dac93 - - d5b5e5500a914c8abc604d02e504134c d5b5e5500a914c8abc604d02e504134c] 162.253.55.128 "GET /allocations/431a407f-6d6a-4a9b-a3bc-948546a0cdfc" status: 200 len: 257 microversion: 1.28 [pid: 7|app: 0|req: 350/694] 162.253.55.128 () {34 vars in 863 bytes} [Mon Sep 7 12:04:58 2026] GET /allocations/431a407f-6d6a-4a9b-a3bc-948546a0cdfc => generated 257 bytes in 17 msecs (HTTP/1.1 200) 8 headers in 296 bytes (1 switches on core 0)
