May 22 05:12:15.537778 np0000176184 devstack@neutron-api.service[102998]: DEBUG neutron.api.extensions [None req-5a46dc92-dc2e-4be3-8252-6d0dc82fc031 None None] Ext name="Multi Provider Network" alias="multi-provider" description="Expose mapping of virtual networks to multiple physical networks" updated="2013-06-27T10:00:00-00:00" {{(pid=102998) _check_extension /opt/stack/neutron/neutron/api/extensions.py:415}}
May 22 05:12:15.537817 np0000176184 devstack@neutron-api.service[103000]: INFO neutron.quota [None req-ceeb2749-ce8e-4312-acb9-b647fbef839c None None] Loaded quota_driver: .
May 22 05:12:15.537884 np0000176184 devstack@neutron-api.service[103001]: DEBUG neutron.api.extensions [None req-93114b91-0c06-4d6b-ae66-9aa023f27138 None None] Ext name="Enforce Router's Admin State Down Before Update Extension" alias="router-admin-state-down-before-update" description="Ensure that the admin state of a router is DOWN (admin_state_up=False) before updating the distributed attribute" updated="2019-07-02T15:56:00" {{(pid=103001) _check_extension /opt/stack/neutron/neutron/api/extensions.py:415}}
May 22 05:12:15.537949 np0000176184 devstack@neutron-api.service[102998]: INFO neutron.api.extensions [None req-5a46dc92-dc2e-4be3-8252-6d0dc82fc031 None None] Loaded extension: multi-provider
May 22 05:12:15.538017 np0000176184 devstack@neutron-api.service[103000]: INFO neutron.plugins.ml2.plugin [None req-ceeb2749-ce8e-4312-acb9-b647fbef839c None None] Modular L2 Plugin initialization complete
May 22 05:12:15.538053 np0000176184 devstack@neutron-api.service[102998]: DEBUG neutron.api.extensions [None req-5a46dc92-dc2e-4be3-8252-6d0dc82fc031 None None] Loading extension file: netmtu.py {{(pid=102998) _load_all_extensions_from_path /opt/stack/neutron/neutron/api/extensions.py:449}}
May 22 05:12:15.538119 np0000176184 devstack@neutron-api.service[103000]: DEBUG neutron.manager [None req-ceeb2749-ce8e-4312-acb9-b647fbef839c None None] Loading services supported by the core plugin {{(pid=103000) _load_services_from_core_plugin /opt/stack/neutron/neutron/manager.py:170}}
May 22 05:12:15.538183 np0000176184 devstack@neutron-api.service[103001]: INFO neutron.api.extensions [None req-93114b91-0c06-4d6b-ae66-9aa023f27138 None None] Extension router-admin-state-down-before-update not supported by any of loaded plugins
May 22 05:12:15.538183 np0000176184 devstack@neutron-api.service[103001]: DEBUG neutron.api.extensions [None req-93114b91-0c06-4d6b-ae66-9aa023f27138 None None] Loading extension file: agent.py {{(pid=103001) _load_all_extensions_from_path /opt/stack/neutron/neutron/api/extensions.py:449}}
May 22 05:12:15.538278 np0000176184 devstack@neutron-api.service[103000]: INFO neutron.plugins.ml2.managers [None req-ceeb2749-ce8e-4312-acb9-b647fbef839c None None] Got port-security extension from driver 'port_security'
May 22 05:12:15.538353 np0000176184 devstack@neutron-api.service[102998]: DEBUG neutron.api.extensions [None req-5a46dc92-dc2e-4be3-8252-6d0dc82fc031 None None] Ext name="Network MTU" alias="net-mtu" description="Provides MTU attribute for a network resource." updated="2015-03-25T10:00:00-00:00" {{(pid=102998) _check_extension /opt/stack/neutron/neutron/api/extensions.py:415}}
May 22 05:12:15.538353 np0000176184 devstack@neutron-api.service[102998]: INFO neutron.api.extensions [None req-5a46dc92-dc2e-4be3-8252-6d0dc82fc031 None None] Loaded extension: net-mtu
May 22 05:12:15.538445 np0000176184 devstack@neutron-api.service[103000]: DEBUG neutron.manager [None req-ceeb2749-ce8e-4312-acb9-b647fbef839c None None] Loading service plugins: ['ovn-router', 'auto_allocate', 'tag', 'timestamp', 'network_ip_availability', 'flavors', 'revisions'] {{(pid=103000) _load_service_plugins /opt/stack/neutron/neutron/manager.py:195}}
May 22 05:12:15.538524 np0000176184 devstack@neutron-api.service[103001]: DEBUG neutron.api.extensions [None req-93114b91-0c06-4d6b-ae66-9aa023f27138 None None] Ext name="agent" alias="agent" description="The agent management extension." updated="2013-02-03T10:00:00-00:00" {{(pid=103001) _check_extension /opt/stack/neutron/neutron/api/extensions.py:415}}
May 22 05:12:15.538591 np0000176184 devstack@neutron-api.service[102998]: DEBUG neutron.api.extensions [None req-5a46dc92-dc2e-4be3-8252-6d0dc82fc031 None None] Loading extension file: netmtu_writable.py {{(pid=102998) _load_all_extensions_from_path /opt/stack/neutron/neutron/api/extensions.py:449}}
May 22 05:12:15.538637 np0000176184 devstack@neutron-api.service[103000]: INFO neutron.manager [None req-ceeb2749-ce8e-4312-acb9-b647fbef839c None None] Loading Plugin: ovn-router
May 22 05:12:15.538701 np0000176184 devstack@neutron-api.service[103001]: INFO neutron.api.extensions [None req-93114b91-0c06-4d6b-ae66-9aa023f27138 None None] Loaded extension: agent
May 22 05:12:15.538764 np0000176184 devstack@neutron-api.service[102998]: DEBUG neutron.api.extensions [None req-5a46dc92-dc2e-4be3-8252-6d0dc82fc031 None None] Ext name="Network MTU (writable)" alias="net-mtu-writable" description="Provides a writable MTU attribute for a network resource." updated="2017-07-12T00:00:00-00:00" {{(pid=102998) _check_extension /opt/stack/neutron/neutron/api/extensions.py:415}}
May 22 05:12:15.538806 np0000176184 devstack@neutron-api.service[103001]: DEBUG neutron.api.extensions [None req-93114b91-0c06-4d6b-ae66-9aa023f27138 None None] Loading extension file: agent_resources_synced.py {{(pid=103001) _load_all_extensions_from_path /opt/stack/neutron/neutron/api/extensions.py:449}}
May 22 05:12:15.538877 np0000176184 devstack@neutron-api.service[102998]: INFO neutron.api.extensions [None req-5a46dc92-dc2e-4be3-8252-6d0dc82fc031 None None] Loaded extension: net-mtu-writable
May 22 05:12:15.538877 np0000176184 devstack@neutron-api.service[102998]: DEBUG neutron.api.extensions [None req-5a46dc92-dc2e-4be3-8252-6d0dc82fc031 None None] Loading extension file: network_availability_zone.py {{(pid=102998) _load_all_extensions_from_path /opt/stack/neutron/neutron/api/extensions.py:449}}
May 22 05:12:15.538972 np0000176184 devstack@neutron-api.service[103001]: DEBUG neutron.api.extensions [None req-93114b91-0c06-4d6b-ae66-9aa023f27138 None None] Ext name="Agent's Resource View Synced to Placement" alias="agent-resources-synced" description="Stores success/failure of last sync to Placement" updated="2018-12-19T00:00:00-00:00" {{(pid=103001) _check_extension /opt/stack/neutron/neutron/api/extensions.py:415}}
May 22 05:12:15.539083 np0000176184 devstack@neutron-api.service[103001]: INFO neutron.api.extensions [None req-93114b91-0c06-4d6b-ae66-9aa023f27138 None None] Extension agent-resources-synced not supported by any of loaded plugins
May 22 05:12:15.539146 np0000176184 devstack@neutron-api.service[102998]: DEBUG neutron.api.extensions [None req-5a46dc92-dc2e-4be3-8252-6d0dc82fc031 None None] Ext name="Network Availability Zone" alias="network_availability_zone" description="Availability zone support for network." updated="2015-01-01T10:00:00-00:00" {{(pid=102998) _check_extension /opt/stack/neutron/neutron/api/extensions.py:415}}
May 22 05:12:15.539184 np0000176184 devstack@neutron-api.service[103001]: DEBUG neutron.api.extensions [None req-93114b91-0c06-4d6b-ae66-9aa023f27138 None None] Loading extension file: agent_sort_key.py {{(pid=103001) _load_all_extensions_from_path /opt/stack/neutron/neutron/api/extensions.py:449}}
May 22 05:12:15.539328 np0000176184 devstack@neutron-api.service[102998]: INFO neutron.api.extensions [None req-5a46dc92-dc2e-4be3-8252-6d0dc82fc031 None None] Loaded extension: network_availability_zone
May 22 05:12:15.539397 np0000176184 devstack@neutron-api.service[102998]: DEBUG neutron.api.extensions [None req-5a46dc92-dc2e-4be3-8252-6d0dc82fc031 None None] Loading extension file: network_ha.py {{(pid=102998) _load_all_extensions_from_path /opt/stack/neutron/neutron/api/extensions.py:449}}
May 22 05:12:15.539428 np0000176184 devstack@neutron-api.service[103001]: DEBUG neutron.api.extensions [None req-93114b91-0c06-4d6b-ae66-9aa023f27138 None None] Ext name="Agents Sort Key" alias="agent_sort_key" description="Enabling the keyword sort_key for sorting in agents." updated="2013-02-03T10:00:00-00:00" {{(pid=103001) _check_extension /opt/stack/neutron/neutron/api/extensions.py:415}}
May 22 05:12:15.539565 np0000176184 devstack@neutron-api.service[103001]: INFO neutron.api.extensions [None req-93114b91-0c06-4d6b-ae66-9aa023f27138 None None] Extension agent_sort_key not supported by any of loaded plugins
May 22 05:12:15.539597 np0000176184 devstack@neutron-api.service[102998]: DEBUG neutron.api.extensions [None req-5a46dc92-dc2e-4be3-8252-6d0dc82fc031 None None] Ext name="Network HA creation flag" alias="network_ha" description="Network high availability creation flag." updated="2023-04-27T10:00:00-00:00" {{(pid=102998) _check_extension /opt/stack/neutron/neutron/api/extensions.py:415}}
May 22 05:12:15.539687 np0000176184 devstack@neutron-api.service[103001]: DEBUG neutron.api.extensions [None req-93114b91-0c06-4d6b-ae66-9aa023f27138 None None] Loading extension file: allowedaddresspairs.py {{(pid=103001) _load_all_extensions_from_path /opt/stack/neutron/neutron/api/extensions.py:449}}
May 22 05:12:15.539827 np0000176184 devstack@neutron-api.service[102998]: INFO neutron.api.extensions [None req-5a46dc92-dc2e-4be3-8252-6d0dc82fc031 None None] Extension network_ha not supported by any of loaded plugins
May 22 05:12:15.539884 np0000176184 devstack@neutron-api.service[102998]: DEBUG neutron.api.extensions [None req-5a46dc92-dc2e-4be3-8252-6d0dc82fc031 None None] Loading extension file: network_ip_availability.py {{(pid=102998) _load_all_extensions_from_path /opt/stack/neutron/neutron/api/extensions.py:449}}
May 22 05:12:15.540135 np0000176184 devstack@neutron-api.service[102998]: DEBUG neutron.api.extensions [None req-5a46dc92-dc2e-4be3-8252-6d0dc82fc031 None None] Ext name="Network IP Availability" alias="network-ip-availability" description="Provides IP availability data for each network and subnet." updated="2015-09-24T00:00:00-00:00" {{(pid=102998) _check_extension /opt/stack/neutron/neutron/api/extensions.py:415}}
May 22 05:12:15.540340 np0000176184 devstack@neutron-api.service[102998]: INFO neutron.api.extensions [None req-5a46dc92-dc2e-4be3-8252-6d0dc82fc031 None None] Loaded extension: network-ip-availability
May 22 05:12:15.540429 np0000176184 devstack@neutron-api.service[103001]: DEBUG neutron.api.extensions [None req-93114b91-0c06-4d6b-ae66-9aa023f27138 None None] Ext name="Allowed Address Pairs" alias="allowed-address-pairs" description="Provides allowed address pairs" updated="2013-07-23T10:00:00-00:00" {{(pid=103001) _check_extension /opt/stack/neutron/neutron/api/extensions.py:415}}
May 22 05:12:15.540463 np0000176184 devstack@neutron-api.service[102998]: DEBUG neutron.api.extensions [None req-5a46dc92-dc2e-4be3-8252-6d0dc82fc031 None None] Loading extension file: network_ip_availability_details.py {{(pid=102998) _load_all_extensions_from_path /opt/stack/neutron/neutron/api/extensions.py:449}}
May 22 05:12:15.540589 np0000176184 devstack@neutron-api.service[103001]: INFO neutron.api.extensions [None req-93114b91-0c06-4d6b-ae66-9aa023f27138 None None] Loaded extension: allowed-address-pairs
May 22 05:12:15.540643 np0000176184 devstack@neutron-api.service[102998]: DEBUG neutron.api.extensions [None req-5a46dc92-dc2e-4be3-8252-6d0dc82fc031 None None] Ext name="Network IP Availability Details Extension" alias="network-ip-availability-details" description="Add ip_availability_details attribute to network-ip-availabilities resource." updated="2025-10-31T00:00:00-00:00" {{(pid=102998) _check_extension /opt/stack/neutron/neutron/api/extensions.py:415}}
May 22 05:12:15.540710 np0000176184 devstack@neutron-api.service[103001]: DEBUG neutron.api.extensions [None req-93114b91-0c06-4d6b-ae66-9aa023f27138 None None] Loading extension file: auto_allocated_topology.py {{(pid=103001) _load_all_extensions_from_path /opt/stack/neutron/neutron/api/extensions.py:449}}
May 22 05:12:15.540814 np0000176184 devstack@neutron-api.service[102998]: INFO neutron.api.extensions [None req-5a46dc92-dc2e-4be3-8252-6d0dc82fc031 None None] Loaded extension: network-ip-availability-details
May 22 05:12:15.540920 np0000176184 devstack@neutron-api.service[102998]: DEBUG neutron.api.extensions [None req-5a46dc92-dc2e-4be3-8252-6d0dc82fc031 None None] Loading extension file: network_segment_range.py {{(pid=102998) _load_all_extensions_from_path /opt/stack/neutron/neutron/api/extensions.py:449}}
May 22 05:12:15.540952 np0000176184 devstack@neutron-api.service[103001]: DEBUG neutron.api.extensions [None req-93114b91-0c06-4d6b-ae66-9aa023f27138 None None] Ext name="Auto Allocated Topology Services" alias="auto-allocated-topology" description="Auto Allocated Topology Services." updated="2016-01-01T00:00:00-00:00" {{(pid=103001) _check_extension /opt/stack/neutron/neutron/api/extensions.py:415}}
May 22 05:12:15.541115 np0000176184 devstack@neutron-api.service[103001]: INFO neutron.api.extensions [None req-93114b91-0c06-4d6b-ae66-9aa023f27138 None None] Loaded extension: auto-allocated-topology
May 22 05:12:15.541212 np0000176184 devstack@neutron-api.service[102998]: DEBUG neutron.api.extensions [None req-5a46dc92-dc2e-4be3-8252-6d0dc82fc031 None None] Ext name="Neutron Network Segment Range" alias="network-segment-range" description="Provides support for the network segment range management" updated="2018-11-29T00:00:00-00:00" {{(pid=102998) _check_extension /opt/stack/neutron/neutron/api/extensions.py:415}}
May 22 05:12:15.541290 np0000176184 devstack@neutron-api.service[103001]: DEBUG neutron.api.extensions [None req-93114b91-0c06-4d6b-ae66-9aa023f27138 None None] Loading extension file: availability_zone.py {{(pid=103001) _load_all_extensions_from_path /opt/stack/neutron/neutron/api/extensions.py:449}}
May 22 05:12:15.541442 np0000176184 devstack@neutron-api.service[102998]: INFO neutron.api.extensions [None req-5a46dc92-dc2e-4be3-8252-6d0dc82fc031 None None] Extension network-segment-range not supported by any of loaded plugins
May 22 05:12:15.541509 np0000176184 devstack@neutron-api.service[102998]: DEBUG neutron.api.extensions [None req-5a46dc92-dc2e-4be3-8252-6d0dc82fc031 None None] Loading extension file: pagination.py {{(pid=102998) _load_all_extensions_from_path /opt/stack/neutron/neutron/api/extensions.py:449}}
May 22 05:12:15.541538 np0000176184 devstack@neutron-api.service[103001]: DEBUG neutron.api.extensions [None req-93114b91-0c06-4d6b-ae66-9aa023f27138 None None] Ext name="Availability Zone" alias="availability_zone" description="The availability zone extension." updated="2015-01-01T10:00:00-00:00" {{(pid=103001) _check_extension /opt/stack/neutron/neutron/api/extensions.py:415}}
May 22 05:12:15.541734 np0000176184 devstack@neutron-api.service[103001]: INFO neutron.api.extensions [None req-93114b91-0c06-4d6b-ae66-9aa023f27138 None None] Loaded extension: availability_zone
May 22 05:12:15.541802 np0000176184 devstack@neutron-api.service[102998]: DEBUG neutron.api.extensions [None req-5a46dc92-dc2e-4be3-8252-6d0dc82fc031 None None] Ext name="Pagination support" alias="pagination" description="Extension that indicates that pagination is enabled." updated="2016-06-12T00:00:00-00:00" {{(pid=102998) _check_extension /opt/stack/neutron/neutron/api/extensions.py:415}}
May 22 05:12:15.541831 np0000176184 devstack@neutron-api.service[102998]: INFO neutron.api.extensions [None req-5a46dc92-dc2e-4be3-8252-6d0dc82fc031 None None] Loaded extension: pagination
May 22 05:12:15.541893 np0000176184 devstack@neutron-api.service[103001]: DEBUG neutron.api.extensions [None req-93114b91-0c06-4d6b-ae66-9aa023f27138 None None] Loading extension file: availability_zone_filter.py {{(pid=103001) _load_all_extensions_from_path /opt/stack/neutron/neutron/api/extensions.py:449}}
May 22 05:12:15.542322 np0000176184 devstack@neutron-api.service[102998]: DEBUG neutron.api.extensions [None req-5a46dc92-dc2e-4be3-8252-6d0dc82fc031 None None] Loading extension file: port_device_profile.py {{(pid=102998) _load_all_extensions_from_path /opt/stack/neutron/neutron/api/extensions.py:449}}
May 22 05:12:15.542462 np0000176184 devstack@neutron-api.service[103001]: DEBUG neutron.api.extensions [None req-93114b91-0c06-4d6b-ae66-9aa023f27138 None None] Ext name="Availability Zone Filter Extension" alias="availability_zone_filter" description="Add filter parameters to AvailabilityZone resource" updated="2018-06-22T10:00:00-00:00" {{(pid=103001) _check_extension /opt/stack/neutron/neutron/api/extensions.py:415}}
May 22 05:12:15.542537 np0000176184 devstack@neutron-api.service[102998]: DEBUG neutron.api.extensions [None req-5a46dc92-dc2e-4be3-8252-6d0dc82fc031 None None] Ext name="Port device profile" alias="port-device-profile" description="Expose the port device profile (Cyborg)" updated="2020-12-17T10:00:00-00:00" {{(pid=102998) _check_extension /opt/stack/neutron/neutron/api/extensions.py:415}}
May 22 05:12:15.542600 np0000176184 devstack@neutron-api.service[103001]: INFO neutron.api.extensions [None req-93114b91-0c06-4d6b-ae66-9aa023f27138 None None] Extension availability_zone_filter not supported by any of loaded plugins
May 22 05:12:15.542697 np0000176184 devstack@neutron-api.service[102998]: INFO neutron.api.extensions [None req-5a46dc92-dc2e-4be3-8252-6d0dc82fc031 None None] Loaded extension: port-device-profile
May 22 05:12:15.542775 np0000176184 devstack@neutron-api.service[103001]: DEBUG neutron.api.extensions [None req-93114b91-0c06-4d6b-ae66-9aa023f27138 None None] Loading extension file: data_plane_status.py {{(pid=103001) _load_all_extensions_from_path /opt/stack/neutron/neutron/api/extensions.py:449}}
May 22 05:12:15.542844 np0000176184 devstack@neutron-api.service[102998]: DEBUG neutron.api.extensions [None req-5a46dc92-dc2e-4be3-8252-6d0dc82fc031 None None] Loading extension file: port_hardware_offload_type.py {{(pid=102998) _load_all_extensions_from_path /opt/stack/neutron/neutron/api/extensions.py:449}}
May 22 05:12:15.542916 np0000176184 devstack@neutron-api.service[103001]: DEBUG neutron.api.extensions [None req-93114b91-0c06-4d6b-ae66-9aa023f27138 None None] Ext name="Port data plane status extension" alias="data-plane-status" description="Expose status of underlying data plane" updated="2017-01-24T10:00:00-00:00" {{(pid=103001) _check_extension /opt/stack/neutron/neutron/api/extensions.py:415}}
May 22 05:12:15.542950 np0000176184 devstack@neutron-api.service[102998]: DEBUG neutron.api.extensions [None req-5a46dc92-dc2e-4be3-8252-6d0dc82fc031 None None] Ext name="Port hardware offload" alias="port-hardware-offload-type" description="Expose port hardware offload extension" updated="2023-05-09T10:00:00-00:00" {{(pid=102998) _check_extension /opt/stack/neutron/neutron/api/extensions.py:415}}
May 22 05:12:15.543057 np0000176184 devstack@neutron-api.service[103001]: INFO neutron.api.extensions [None req-93114b91-0c06-4d6b-ae66-9aa023f27138 None None] Extension data-plane-status not supported by any of loaded plugins
May 22 05:12:15.543089 np0000176184 devstack@neutron-api.service[102998]: INFO neutron.api.extensions [None req-5a46dc92-dc2e-4be3-8252-6d0dc82fc031 None None] Extension port-hardware-offload-type not supported by any of loaded plugins
May 22 05:12:15.543157 np0000176184 devstack@neutron-api.service[103001]: DEBUG neutron.api.extensions [None req-93114b91-0c06-4d6b-ae66-9aa023f27138 None None] Loading extension file: default_subnetpools.py {{(pid=103001) _load_all_extensions_from_path /opt/stack/neutron/neutron/api/extensions.py:449}}
May 22 05:12:15.543220 np0000176184 devstack@neutron-api.service[102998]: DEBUG neutron.api.extensions [None req-5a46dc92-dc2e-4be3-8252-6d0dc82fc031 None None] Loading extension file: port_hint_ovs_tx_steering.py {{(pid=102998) _load_all_extensions_from_path /opt/stack/neutron/neutron/api/extensions.py:449}}
May 22 05:12:15.543220 np0000176184 devstack@neutron-api.service[102998]: DEBUG neutron.api.extensions [None req-5a46dc92-dc2e-4be3-8252-6d0dc82fc031 None None] Ext name="Port hint: Open vSwitch Tx steering" alias="port-hint-ovs-tx-steering" description="Enable Port hint: Open vSwitch Tx steering" updated="2023-01-01T00:00:00-00:00" {{(pid=102998) _check_extension /opt/stack/neutron/neutron/api/extensions.py:415}}
May 22 05:12:15.543277 np0000176184 devstack@neutron-api.service[103001]: DEBUG neutron.api.extensions [None req-93114b91-0c06-4d6b-ae66-9aa023f27138 None None] Ext name="Default Subnetpools" alias="default-subnetpools" description="Provides ability to mark and use a subnetpool as the default." updated="2016-02-18T18:00:00-00:00" {{(pid=103001) _check_extension /opt/stack/neutron/neutron/api/extensions.py:415}}
May 22 05:12:15.543378 np0000176184 devstack@neutron-api.service[102998]: INFO neutron.api.extensions [None req-5a46dc92-dc2e-4be3-8252-6d0dc82fc031 None None] Extension port-hint-ovs-tx-steering not supported by any of loaded plugins
May 22 05:12:15.543410 np0000176184 devstack@neutron-api.service[103001]: INFO neutron.api.extensions [None req-93114b91-0c06-4d6b-ae66-9aa023f27138 None None] Loaded extension: default-subnetpools
May 22 05:12:15.543480 np0000176184 devstack@neutron-api.service[102998]: DEBUG neutron.api.extensions [None req-5a46dc92-dc2e-4be3-8252-6d0dc82fc031 None None] Loading extension file: port_hints.py {{(pid=102998) _load_all_extensions_from_path /opt/stack/neutron/neutron/api/extensions.py:449}}
May 22 05:12:15.543512 np0000176184 devstack@neutron-api.service[103001]: DEBUG neutron.api.extensions [None req-93114b91-0c06-4d6b-ae66-9aa023f27138 None None] Loading extension file: dhcpagentscheduler.py {{(pid=103001) _load_all_extensions_from_path /opt/stack/neutron/neutron/api/extensions.py:449}}
May 22 05:12:15.543582 np0000176184 devstack@neutron-api.service[102998]: DEBUG neutron.api.extensions [None req-5a46dc92-dc2e-4be3-8252-6d0dc82fc031 None None] Ext name="Port hints" alias="port-hints" description="Backend specific port hints to allow backend specific tuning" updated="2023-01-01T00:00:00-00:00" {{(pid=102998) _check_extension /opt/stack/neutron/neutron/api/extensions.py:415}}
May 22 05:12:15.543721 np0000176184 devstack@neutron-api.service[102998]: INFO neutron.api.extensions [None req-5a46dc92-dc2e-4be3-8252-6d0dc82fc031 None None] Extension port-hints not supported by any of loaded plugins
May 22 05:12:15.543816 np0000176184 devstack@neutron-api.service[103001]: DEBUG neutron.api.extensions [None req-93114b91-0c06-4d6b-ae66-9aa023f27138 None None] Ext name="DHCP Agent Scheduler" alias="dhcp_agent_scheduler" description="Schedule networks among dhcp agents" updated="2013-02-07T10:00:00-00:00" {{(pid=103001) _check_extension /opt/stack/neutron/neutron/api/extensions.py:415}}
May 22 05:12:15.543851 np0000176184 devstack@neutron-api.service[102998]: DEBUG neutron.api.extensions [None req-5a46dc92-dc2e-4be3-8252-6d0dc82fc031 None None] Loading extension file: port_mac_address_override.py {{(pid=102998) _load_all_extensions_from_path /opt/stack/neutron/neutron/api/extensions.py:449}}
May 22 05:12:15.543980 np0000176184 devstack@neutron-api.service[103001]: INFO neutron.api.extensions [None req-93114b91-0c06-4d6b-ae66-9aa023f27138 None None] Loaded extension: dhcp_agent_scheduler
May 22 05:12:15.544039 np0000176184 devstack@neutron-api.service[102998]: DEBUG neutron.api.extensions [None req-5a46dc92-dc2e-4be3-8252-6d0dc82fc031 None None] Ext name="Neutron Port MAC address override" alias="port-mac-override" description="Allow overriding the MAC address of a direct-physical Port via the active binding profile" updated="2022-03-18T10:00:00-00:00" {{(pid=102998) _check_extension /opt/stack/neutron/neutron/api/extensions.py:415}}
May 22 05:12:15.544107 np0000176184 devstack@neutron-api.service[103001]: DEBUG neutron.api.extensions [None req-93114b91-0c06-4d6b-ae66-9aa023f27138 None None] Loading extension file: dns.py {{(pid=103001) _load_all_extensions_from_path /opt/stack/neutron/neutron/api/extensions.py:449}}
May 22 05:12:15.544210 np0000176184 devstack@neutron-api.service[102998]: INFO neutron.api.extensions [None req-5a46dc92-dc2e-4be3-8252-6d0dc82fc031 None None] Extension port-mac-override not supported by any of loaded plugins
May 22 05:12:15.544287 np0000176184 devstack@neutron-api.service[103001]: DEBUG neutron.api.extensions [None req-93114b91-0c06-4d6b-ae66-9aa023f27138 None None] Ext name="DNS Integration" alias="dns-integration" description="Provides integration with DNS." updated="2015-08-15T18:00:00-00:00" {{(pid=103001) _check_extension /opt/stack/neutron/neutron/api/extensions.py:415}}
May 22 05:12:15.544320 np0000176184 devstack@neutron-api.service[102998]: DEBUG neutron.api.extensions [None req-5a46dc92-dc2e-4be3-8252-6d0dc82fc031 None None] Loading extension file: port_mac_address_regenerate.py {{(pid=102998) _load_all_extensions_from_path /opt/stack/neutron/neutron/api/extensions.py:449}}
May 22 05:12:15.544442 np0000176184 devstack@neutron-api.service[103001]: INFO neutron.api.extensions [None req-93114b91-0c06-4d6b-ae66-9aa023f27138 None None] Loaded extension: dns-integration
May 22 05:12:15.544520 np0000176184 devstack@neutron-api.service[102998]: DEBUG neutron.api.extensions [None req-5a46dc92-dc2e-4be3-8252-6d0dc82fc031 None None] Ext name="Neutron Port MAC address regenerate" alias="port-mac-address-regenerate" description="Network port MAC address regenerate" updated="2018-05-03T10:00:00-00:00" {{(pid=102998) _check_extension /opt/stack/neutron/neutron/api/extensions.py:415}}
May 22 05:12:15.544658 np0000176184 devstack@neutron-api.service[103001]: DEBUG neutron.api.extensions [None req-93114b91-0c06-4d6b-ae66-9aa023f27138 None None] Loading extension file: dns_domain_ports.py {{(pid=103001) _load_all_extensions_from_path /opt/stack/neutron/neutron/api/extensions.py:449}}
May 22 05:12:15.544754 np0000176184 devstack@neutron-api.service[102998]: INFO neutron.api.extensions [None req-5a46dc92-dc2e-4be3-8252-6d0dc82fc031 None None] Loaded extension: port-mac-address-regenerate
May 22 05:12:15.544817 np0000176184 devstack@neutron-api.service[103001]: DEBUG neutron.api.extensions [None req-93114b91-0c06-4d6b-ae66-9aa023f27138 None None] Ext name="dns_domain for ports" alias="dns-domain-ports" description="Allows the DNS domain to be specified for a network port." updated="2017-04-24T10:00:00-00:00" {{(pid=103001) _check_extension /opt/stack/neutron/neutron/api/extensions.py:415}}
May 22 05:12:15.544852 np0000176184 devstack@neutron-api.service[102998]: DEBUG neutron.api.extensions [None req-5a46dc92-dc2e-4be3-8252-6d0dc82fc031 None None] Loading extension file: port_numa_affinity_policy.py {{(pid=102998) _load_all_extensions_from_path /opt/stack/neutron/neutron/api/extensions.py:449}}
May 22 05:12:15.544961 np0000176184 devstack@neutron-api.service[103001]: INFO neutron.api.extensions [None req-93114b91-0c06-4d6b-ae66-9aa023f27138 None None] Loaded extension: dns-domain-ports
May 22 05:12:15.545010 np0000176184 devstack@neutron-api.service[102998]: DEBUG neutron.api.extensions [None req-5a46dc92-dc2e-4be3-8252-6d0dc82fc031 None None] Ext name="Port NUMA affinity policy" alias="port-numa-affinity-policy" description="Expose the port NUMA affinity policy" updated="2020-07-08T10:00:00-00:00" {{(pid=102998) _check_extension /opt/stack/neutron/neutron/api/extensions.py:415}}
May 22 05:12:15.545077 np0000176184 devstack@neutron-api.service[103001]: DEBUG neutron.api.extensions [None req-93114b91-0c06-4d6b-ae66-9aa023f27138 None None] Loading extension file: dns_integration_domain_keywords.py {{(pid=103001) _load_all_extensions_from_path /opt/stack/neutron/neutron/api/extensions.py:449}}
May 22 05:12:15.545178 np0000176184 devstack@neutron-api.service[102998]: INFO neutron.api.extensions [None req-5a46dc92-dc2e-4be3-8252-6d0dc82fc031 None None] Loaded extension: port-numa-affinity-policy
May 22 05:12:15.545267 np0000176184 devstack@neutron-api.service[103001]: DEBUG neutron.api.extensions [None req-93114b91-0c06-4d6b-ae66-9aa023f27138 None None] Ext name="DNS domain names with keywords allowed" alias="dns-integration-domain-keywords" description="Allows to use keywords like , , and as DNS domain name" updated="2020-06-15T18:00:00-00:00" {{(pid=103001) _check_extension /opt/stack/neutron/neutron/api/extensions.py:415}}
May 22 05:12:15.545369 np0000176184 devstack@neutron-api.service[102998]: DEBUG neutron.api.extensions [None req-5a46dc92-dc2e-4be3-8252-6d0dc82fc031 None None] Loading extension file: port_numa_affinity_policy_socket.py {{(pid=102998) _load_all_extensions_from_path /opt/stack/neutron/neutron/api/extensions.py:449}}
May 22 05:12:15.545510 np0000176184 devstack@neutron-api.service[103001]: INFO neutron.api.extensions [None req-93114b91-0c06-4d6b-ae66-9aa023f27138 None None] Loaded extension: dns-integration-domain-keywords
May 22 05:12:15.545540 np0000176184 devstack@neutron-api.service[102998]: DEBUG neutron.api.extensions [None req-5a46dc92-dc2e-4be3-8252-6d0dc82fc031 None None] Ext name="Port NUMA affinity policy "socket"" alias="port-numa-affinity-policy-socket" description="Adds "socket" to the supported port NUMA affinity policies" updated="2024-02-09T10:00:00-00:00" {{(pid=102998) _check_extension /opt/stack/neutron/neutron/api/extensions.py:415}}
May 22 05:12:15.545573 np0000176184 devstack@neutron-api.service[103001]: DEBUG neutron.api.extensions [None req-93114b91-0c06-4d6b-ae66-9aa023f27138 None None] Loading extension file: dvr.py {{(pid=103001) _load_all_extensions_from_path /opt/stack/neutron/neutron/api/extensions.py:449}}
May 22 05:12:15.545701 np0000176184 devstack@neutron-api.service[102998]: INFO neutron.api.extensions [None req-5a46dc92-dc2e-4be3-8252-6d0dc82fc031 None None] Loaded extension: port-numa-affinity-policy-socket
May 22 05:12:15.545783 np0000176184 devstack@neutron-api.service[102998]: DEBUG neutron.api.extensions [None req-5a46dc92-dc2e-4be3-8252-6d0dc82fc031 None None] Loading extension file: port_resource_request.py {{(pid=102998) _load_all_extensions_from_path /opt/stack/neutron/neutron/api/extensions.py:449}}
May 22 05:12:15.545857 np0000176184 devstack@neutron-api.service[103001]: DEBUG neutron.api.extensions [None req-93114b91-0c06-4d6b-ae66-9aa023f27138 None None] Ext name="Distributed Virtual Router" alias="dvr" description="Enables configuration of Distributed Virtual Routers." updated="2014-06-1T10:00:00-00:00" {{(pid=103001) _check_extension /opt/stack/neutron/neutron/api/extensions.py:415}}
May 22 05:12:15.546057 np0000176184 devstack@neutron-api.service[102998]: DEBUG neutron.api.extensions [None req-5a46dc92-dc2e-4be3-8252-6d0dc82fc031 None None] Ext name="Port Resource Request" alias="port-resource-request" description="Expose resource request to Port" updated="2018-05-08T10:00:00-00:00" {{(pid=102998) _check_extension /opt/stack/neutron/neutron/api/extensions.py:415}}
May 22 05:12:15.546101 np0000176184 devstack@neutron-api.service[103001]: INFO neutron.api.extensions [None req-93114b91-0c06-4d6b-ae66-9aa023f27138 None None] Extension dvr not supported by any of loaded plugins
May 22 05:12:15.546101 np0000176184 devstack@neutron-api.service[103001]: DEBUG neutron.api.extensions [None req-93114b91-0c06-4d6b-ae66-9aa023f27138 None None] Loading extension file: ecmp_routes.py {{(pid=103001) _load_all_extensions_from_path /opt/stack/neutron/neutron/api/extensions.py:449}}
May 22 05:12:15.546219 np0000176184 devstack@neutron-api.service[102998]: INFO neutron.api.extensions [None req-5a46dc92-dc2e-4be3-8252-6d0dc82fc031 None None] Extension port-resource-request not supported by any of loaded plugins
May 22 05:12:15.546257 np0000176184 devstack@neutron-api.service[102998]: DEBUG neutron.api.extensions [None req-5a46dc92-dc2e-4be3-8252-6d0dc82fc031 None None] Loading extension file: port_resource_request_groups.py {{(pid=102998) _load_all_extensions_from_path /opt/stack/neutron/neutron/api/extensions.py:449}}
May 22 05:12:15.546364 np0000176184 devstack@neutron-api.service[103001]: DEBUG neutron.api.extensions [None req-93114b91-0c06-4d6b-ae66-9aa023f27138 None None] Ext name="Equal Cost Multipath Routing" alias="ecmp_routes" description="Allows traffic to reach thesame destination via multiple different links " updated="2020-11-26T18:00:00-00:00" {{(pid=103001) _check_extension /opt/stack/neutron/neutron/api/extensions.py:415}}
May 22 05:12:15.546517 np0000176184 devstack@neutron-api.service[102998]: DEBUG neutron.api.extensions [None req-5a46dc92-dc2e-4be3-8252-6d0dc82fc031 None None] Ext name="Port Resource Request Groups" alias="port-resource-request-groups" description="Support requesting multiple groups of resources and traits from the same RP subtree in resource_request" updated="2021-08-02T10:00:00-00:00" {{(pid=102998) _check_extension /opt/stack/neutron/neutron/api/extensions.py:415}}
May 22 05:12:15.546559 np0000176184 devstack@neutron-api.service[103001]: INFO neutron.api.extensions [None req-93114b91-0c06-4d6b-ae66-9aa023f27138 None None] Extension ecmp_routes not supported by any of loaded plugins
May 22 05:12:15.546651 np0000176184 devstack@neutron-api.service[103001]: DEBUG neutron.api.extensions [None req-93114b91-0c06-4d6b-ae66-9aa023f27138 None None] Loading extension file: empty_string_filtering.py {{(pid=103001) _load_all_extensions_from_path /opt/stack/neutron/neutron/api/extensions.py:449}}
May 22 05:12:15.546724 np0000176184 devstack@neutron-api.service[102998]: INFO neutron.api.extensions [None req-5a46dc92-dc2e-4be3-8252-6d0dc82fc031 None None] Extension port-resource-request-groups not supported by any of loaded plugins
May 22 05:12:15.546756 np0000176184 devstack@neutron-api.service[102998]: DEBUG neutron.api.extensions [None req-5a46dc92-dc2e-4be3-8252-6d0dc82fc031 None None] Loading extension file: port_trusted_vif.py {{(pid=102998) _load_all_extensions_from_path /opt/stack/neutron/neutron/api/extensions.py:449}}
May 22 05:12:15.546852 np0000176184 devstack@neutron-api.service[103001]: DEBUG neutron.api.extensions [None req-93114b91-0c06-4d6b-ae66-9aa023f27138 None None] Ext name="Empty String Filtering Extension" alias="empty-string-filtering" description="Allow filtering by attributes with empty string value" updated="2018-05-01T10:00:00-00:00" {{(pid=103001) _check_extension /opt/stack/neutron/neutron/api/extensions.py:415}}
May 22 05:12:15.546973 np0000176184 devstack@neutron-api.service[102998]: DEBUG neutron.api.extensions [None req-5a46dc92-dc2e-4be3-8252-6d0dc82fc031 None None] Ext name="Port trusted vif" alias="port-trusted-vif" description="Expose port 'trusted' attribute in the API" updated="2024-07-10T10:00:00-00:00" {{(pid=102998) _check_extension /opt/stack/neutron/neutron/api/extensions.py:415}}
May 22 05:12:15.547008 np0000176184 devstack@neutron-api.service[103001]: INFO neutron.api.extensions [None req-93114b91-0c06-4d6b-ae66-9aa023f27138 None None] Loaded extension: empty-string-filtering
May 22 05:12:15.547140 np0000176184 devstack@neutron-api.service[102998]: INFO neutron.api.extensions [None req-5a46dc92-dc2e-4be3-8252-6d0dc82fc031 None None] Extension port-trusted-vif not supported by any of loaded plugins
May 22 05:12:15.547207 np0000176184 devstack@neutron-api.service[103001]: DEBUG neutron.api.extensions [None req-93114b91-0c06-4d6b-ae66-9aa023f27138 None None] Loading extension file: evpn.py {{(pid=103001) _load_all_extensions_from_path /opt/stack/neutron/neutron/api/extensions.py:449}}
May 22 05:12:15.547238 np0000176184 devstack@neutron-api.service[102998]: DEBUG neutron.api.extensions [None req-5a46dc92-dc2e-4be3-8252-6d0dc82fc031 None None] Loading extension file: portbindings.py {{(pid=102998) _load_all_extensions_from_path /opt/stack/neutron/neutron/api/extensions.py:449}}
May 22 05:12:15.547439 np0000176184 devstack@neutron-api.service[103001]: DEBUG neutron.api.extensions [None req-93114b91-0c06-4d6b-ae66-9aa023f27138 None None] Ext name="EVPN" alias="evpn" description="Router extension to support EVPN Type-5 route advertisement" updated="2026-04-28T00:00:00-00:00" {{(pid=103001) _check_extension /opt/stack/neutron/neutron/api/extensions.py:415}}
May 22 05:12:15.547473 np0000176184 devstack@neutron-api.service[102998]: DEBUG neutron.api.extensions [None req-5a46dc92-dc2e-4be3-8252-6d0dc82fc031 None None] Ext name="Port Binding" alias="binding" description="Expose port bindings of a virtual port to external application" updated="2014-02-03T10:00:00-00:00" {{(pid=102998) _check_extension /opt/stack/neutron/neutron/api/extensions.py:415}}
May 22 05:12:15.547572 np0000176184 devstack@neutron-api.service[103001]: INFO neutron.api.extensions [None req-93114b91-0c06-4d6b-ae66-9aa023f27138 None None] Extension evpn not supported by any of loaded plugins
May 22 05:12:15.547608 np0000176184 devstack@neutron-api.service[103000]: DEBUG neutron_lib.callbacks.manager [None req-ceeb2749-ce8e-4312-acb9-b647fbef839c None None] Subscribe: > router before_delete 55550000, False {{(pid=103000) subscribe /opt/stack/data/venv/lib/python3.12/site-packages/neutron_lib/callbacks/manager.py:52}}
May 22 05:12:15.547678 np0000176184 devstack@neutron-api.service[102998]: INFO neutron.api.extensions [None req-5a46dc92-dc2e-4be3-8252-6d0dc82fc031 None None] Loaded extension: binding
May 22 05:12:15.547745 np0000176184 devstack@neutron-api.service[103001]: DEBUG neutron.api.extensions [None req-93114b91-0c06-4d6b-ae66-9aa023f27138 None None] Loading extension file: expose_l3_conntrack_helper.py {{(pid=103001) _load_all_extensions_from_path /opt/stack/neutron/neutron/api/extensions.py:449}}
May 22 05:12:15.547817 np0000176184 devstack@neutron-api.service[102998]: DEBUG neutron.api.extensions [None req-5a46dc92-dc2e-4be3-8252-6d0dc82fc031 None None] Loading extension file: portbindings_extended.py {{(pid=102998) _load_all_extensions_from_path /opt/stack/neutron/neutron/api/extensions.py:449}}
May 22 05:12:15.547882 np0000176184 devstack@neutron-api.service[103000]: DEBUG neutron_lib.callbacks.manager [None req-ceeb2749-ce8e-4312-acb9-b647fbef839c None None] Subscribe: port before_update 55550000, False {{(pid=103000) subscribe /opt/stack/data/venv/lib/python3.12/site-packages/neutron_lib/callbacks/manager.py:52}}
May 22 05:12:15.547882 np0000176184 devstack@neutron-api.service[103000]: DEBUG neutron_lib.callbacks.manager [None req-ceeb2749-ce8e-4312-acb9-b647fbef839c None None] Subscribe: port after_update 55550000, False {{(pid=103000) subscribe /opt/stack/data/venv/lib/python3.12/site-packages/neutron_lib/callbacks/manager.py:52}}
May 22 05:12:15.547947 np0000176184 devstack@neutron-api.service[103001]: DEBUG neutron.api.extensions [None req-93114b91-0c06-4d6b-ae66-9aa023f27138 None None] Ext name="Expose CT target rules for conntrack helper" alias="expose-l3-conntrack-helper" description="Expose allow adding CT target rules for conntrack helper" updated="2019-04-04T10:00:00-00:00" {{(pid=103001) _check_extension /opt/stack/neutron/neutron/api/extensions.py:415}}
May 22 05:12:15.548050 np0000176184 devstack@neutron-api.service[102998]: DEBUG neutron.api.extensions [None req-5a46dc92-dc2e-4be3-8252-6d0dc82fc031 None None] Ext name="Port Bindings Extended" alias="binding-extended" description="Expose port bindings of a virtual port to external application" updated="2017-07-17T10:00:00-00:00" {{(pid=102998) _check_extension /opt/stack/neutron/neutron/api/extensions.py:415}}
May 22 05:12:15.548117 np0000176184 devstack@neutron-api.service[103000]: DEBUG neutron_lib.callbacks.manager [None req-ceeb2749-ce8e-4312-acb9-b647fbef839c None None] Subscribe: > port precommit_delete 55550000, False {{(pid=103000) subscribe /opt/stack/data/venv/lib/python3.12/site-packages/neutron_lib/callbacks/manager.py:52}}
May 22 05:12:15.548117 np0000176184 devstack@neutron-api.service[103000]: DEBUG neutron_lib.callbacks.manager [None req-ceeb2749-ce8e-4312-acb9-b647fbef839c None None] Subscribe: port before_update 55550000, False {{(pid=103000) subscribe /opt/stack/data/venv/lib/python3.12/site-packages/neutron_lib/callbacks/manager.py:52}}
May 22 05:12:15.548182 np0000176184 devstack@neutron-api.service[103001]: INFO neutron.api.extensions [None req-93114b91-0c06-4d6b-ae66-9aa023f27138 None None] Extension expose-l3-conntrack-helper not supported by any of loaded plugins
May 22 05:12:15.548278 np0000176184 devstack@neutron-api.service[102998]: INFO neutron.api.extensions [None req-5a46dc92-dc2e-4be3-8252-6d0dc82fc031 None None] Loaded extension: binding-extended
May 22 05:12:15.548310 np0000176184 devstack@neutron-api.service[103000]: DEBUG neutron_lib.callbacks.manager [None req-ceeb2749-ce8e-4312-acb9-b647fbef839c None None] Subscribe: port before_delete 55550000, False {{(pid=103000) subscribe /opt/stack/data/venv/lib/python3.12/site-packages/neutron_lib/callbacks/manager.py:52}}
May 22 05:12:15.548385 np0000176184 devstack@neutron-api.service[103001]: DEBUG neutron.api.extensions [None req-93114b91-0c06-4d6b-ae66-9aa023f27138 None None] Loading extension file: expose_port_forwarding_in_fip.py {{(pid=103001) _load_all_extensions_from_path /opt/stack/neutron/neutron/api/extensions.py:449}}
May 22 05:12:15.548454 np0000176184 devstack@neutron-api.service[102998]: DEBUG neutron.api.extensions [None req-5a46dc92-dc2e-4be3-8252-6d0dc82fc031 None None] Loading extension file: portsecurity.py {{(pid=102998) _load_all_extensions_from_path /opt/stack/neutron/neutron/api/extensions.py:449}}
May 22 05:12:15.548485 np0000176184 devstack@neutron-api.service[103000]: DEBUG neutron_lib.callbacks.manager [None req-ceeb2749-ce8e-4312-acb9-b647fbef839c None None] Subscribe: > router precommit_create 55550000, False {{(pid=103000) subscribe /opt/stack/data/venv/lib/python3.12/site-packages/neutron_lib/callbacks/manager.py:52}}
May 22 05:12:15.548485 np0000176184 devstack@neutron-api.service[103000]: DEBUG neutron_lib.callbacks.manager [None req-ceeb2749-ce8e-4312-acb9-b647fbef839c None None] Subscribe: > router precommit_create 55550000, False {{(pid=103000) subscribe /opt/stack/data/venv/lib/python3.12/site-packages/neutron_lib/callbacks/manager.py:52}}
May 22 05:12:15.548604 np0000176184 devstack@neutron-api.service[103001]: DEBUG neutron.api.extensions [None req-93114b91-0c06-4d6b-ae66-9aa023f27138 None None] Ext name="Expose Floating IP port forwardings" alias="expose-port-forwarding-in-fip" description="Expose port forwarding fields in floating IP response" updated="2018-06-28T16:00:00-00:00" {{(pid=103001) _check_extension /opt/stack/neutron/neutron/api/extensions.py:415}}
May 22 05:12:15.548659 np0000176184 devstack@neutron-api.service[102998]: DEBUG neutron.api.extensions [None req-5a46dc92-dc2e-4be3-8252-6d0dc82fc031 None None] Ext name="Port Security" alias="port-security" description="Provides port security" updated="2012-07-23T10:00:00-00:00" {{(pid=102998) _check_extension /opt/stack/neutron/neutron/api/extensions.py:415}}
May 22 05:12:15.548726 np0000176184 devstack@neutron-api.service[103000]: DEBUG neutron_lib.callbacks.manager [None req-ceeb2749-ce8e-4312-acb9-b647fbef839c None None] Subscribe: > router precommit_update 55550000, False {{(pid=103000) subscribe /opt/stack/data/venv/lib/python3.12/site-packages/neutron_lib/callbacks/manager.py:52}}
May 22 05:12:15.548726 np0000176184 devstack@neutron-api.service[103000]: DEBUG neutron_lib.callbacks.manager [None req-ceeb2749-ce8e-4312-acb9-b647fbef839c None None] Subscribe: subnet after_update 55550000, False {{(pid=103000) subscribe /opt/stack/data/venv/lib/python3.12/site-packages/neutron_lib/callbacks/manager.py:52}}
May 22 05:12:15.548819 np0000176184 devstack@neutron-api.service[103001]: INFO neutron.api.extensions [None req-93114b91-0c06-4d6b-ae66-9aa023f27138 None None] Extension expose-port-forwarding-in-fip not supported by any of loaded plugins
May 22 05:12:15.548882 np0000176184 devstack@neutron-api.service[102998]: INFO neutron.api.extensions [None req-5a46dc92-dc2e-4be3-8252-6d0dc82fc031 None None] Loaded extension: port-security
May 22 05:12:15.548882 np0000176184 devstack@neutron-api.service[102998]: DEBUG neutron.api.extensions [None req-5a46dc92-dc2e-4be3-8252-6d0dc82fc031 None None] Loading extension file: project_id.py {{(pid=102998) _load_all_extensions_from_path /opt/stack/neutron/neutron/api/extensions.py:449}}
May 22 05:12:15.548945 np0000176184 devstack@neutron-api.service[103001]: DEBUG neutron.api.extensions [None req-93114b91-0c06-4d6b-ae66-9aa023f27138 None None] Loading extension file: external_net.py {{(pid=103001) _load_all_extensions_from_path /opt/stack/neutron/neutron/api/extensions.py:449}}
May 22 05:12:15.549038 np0000176184 devstack@neutron-api.service[103000]: DEBUG neutron.quota.resource_registry [None req-ceeb2749-ce8e-4312-acb9-b647fbef839c None None] Tracking information for resource: router configured {{(pid=103000) set_tracked_resource /opt/stack/neutron/neutron/quota/resource_registry.py:203}}
May 22 05:12:15.549038 np0000176184 devstack@neutron-api.service[103000]: DEBUG neutron.quota.resource_registry [None req-ceeb2749-ce8e-4312-acb9-b647fbef839c None None] Tracking information for resource: floatingip configured {{(pid=103000) set_tracked_resource /opt/stack/neutron/neutron/quota/resource_registry.py:203}}
May 22 05:12:15.549097 np0000176184 devstack@neutron-api.service[102998]: DEBUG neutron.api.extensions [None req-5a46dc92-dc2e-4be3-8252-6d0dc82fc031 None None] Ext name="project_id field enabled" alias="project-id" description="Extension that indicates that project_id field is enabled." updated="2016-09-09T09:09:09-09:09" {{(pid=102998) _check_extension /opt/stack/neutron/neutron/api/extensions.py:415}}
May 22 05:12:15.549169 np0000176184 devstack@neutron-api.service[103000]: INFO neutron.services.ovn_l3.plugin [None req-ceeb2749-ce8e-4312-acb9-b647fbef839c None None] Starting OVNL3RouterPlugin
May 22 05:12:15.549236 np0000176184 devstack@neutron-api.service[103001]: DEBUG neutron.api.extensions [None req-93114b91-0c06-4d6b-ae66-9aa023f27138 None None] Ext name="Neutron external network" alias="external-net" description="Adds external network attribute to network resource." updated="2013-01-14T10:00:00-00:00" {{(pid=103001) _check_extension /opt/stack/neutron/neutron/api/extensions.py:415}}
May 22 05:12:15.549268 np0000176184 devstack@neutron-api.service[102998]: INFO neutron.api.extensions [None req-5a46dc92-dc2e-4be3-8252-6d0dc82fc031 None None] Loaded extension: project-id
May 22 05:12:15.549268 np0000176184 devstack@neutron-api.service[102998]: DEBUG neutron.api.extensions [None req-5a46dc92-dc2e-4be3-8252-6d0dc82fc031 None None] Loading extension file: providernet.py {{(pid=102998) _load_all_extensions_from_path /opt/stack/neutron/neutron/api/extensions.py:449}}
May 22 05:12:15.549429 np0000176184 devstack@neutron-api.service[103001]: INFO neutron.api.extensions [None req-93114b91-0c06-4d6b-ae66-9aa023f27138 None None] Loaded extension: external-net
May 22 05:12:15.549502 np0000176184 devstack@neutron-api.service[103000]: DEBUG neutron_lib.callbacks.manager [None req-ceeb2749-ce8e-4312-acb9-b647fbef839c None None] Subscribe: > port_forwarding_plugin after_init 55550000, False {{(pid=103000) subscribe /opt/stack/data/venv/lib/python3.12/site-packages/neutron_lib/callbacks/manager.py:52}}
May 22 05:12:15.549569 np0000176184 devstack@neutron-api.service[103001]: DEBUG neutron.api.extensions [None req-93114b91-0c06-4d6b-ae66-9aa023f27138 None None] Loading extension file: extra_dhcp_opt.py {{(pid=103001) _load_all_extensions_from_path /opt/stack/neutron/neutron/api/extensions.py:449}}
May 22 05:12:15.549601 np0000176184 devstack@neutron-api.service[102998]: DEBUG neutron.api.extensions [None req-5a46dc92-dc2e-4be3-8252-6d0dc82fc031 None None] Ext name="Provider Network" alias="provider" description="Expose mapping of virtual networks to physical networks" updated="2012-09-07T10:00:00-00:00" {{(pid=102998) _check_extension /opt/stack/neutron/neutron/api/extensions.py:415}}
May 22 05:12:15.549681 np0000176184 devstack@neutron-api.service[103000]: DEBUG neutron_lib.callbacks.manager [None req-ceeb2749-ce8e-4312-acb9-b647fbef839c None None] Subscribe: > router before_create 55550100, False {{(pid=103000) subscribe /opt/stack/data/venv/lib/python3.12/site-packages/neutron_lib/callbacks/manager.py:52}}
May 22 05:12:15.549724 np0000176184 devstack@neutron-api.service[103001]: DEBUG neutron.api.extensions [None req-93114b91-0c06-4d6b-ae66-9aa023f27138 None None] Ext name="Neutron Extra DHCP options" alias="extra_dhcp_opt" description="Extra options configuration for DHCP. For example PXE boot options to DHCP clients can be specified (e.g. tftp-server, server-ip-address, bootfile-name)" updated="2013-03-17T12:00:00-00:00" {{(pid=103001) _check_extension /opt/stack/neutron/neutron/api/extensions.py:415}}
May 22 05:12:15.549789 np0000176184 devstack@neutron-api.service[103000]: DEBUG neutron_lib.callbacks.manager [None req-ceeb2749-ce8e-4312-acb9-b647fbef839c None None] Subscribe: > router precommit_delete 55550100, False {{(pid=103000) subscribe /opt/stack/data/venv/lib/python3.12/site-packages/neutron_lib/callbacks/manager.py:52}}
May 22 05:12:15.549852 np0000176184 devstack@neutron-api.service[102998]: INFO neutron.api.extensions [None req-5a46dc92-dc2e-4be3-8252-6d0dc82fc031 None None] Loaded extension: provider
May 22 05:12:15.549852 np0000176184 devstack@neutron-api.service[102998]: DEBUG neutron.api.extensions [None req-5a46dc92-dc2e-4be3-8252-6d0dc82fc031 None None] Loading extension file: qinq.py {{(pid=102998) _load_all_extensions_from_path /opt/stack/neutron/neutron/api/extensions.py:449}}
May 22 05:12:15.549942 np0000176184 devstack@neutron-api.service[103000]: DEBUG neutron_lib.callbacks.manager [None req-ceeb2749-ce8e-4312-acb9-b647fbef839c None None] Subscribe: > router precommit_create 55550100, False {{(pid=103000) subscribe /opt/stack/data/venv/lib/python3.12/site-packages/neutron_lib/callbacks/manager.py:52}}
