May 18 18:33:01.671956 np0000174495 devstack@neutron-api.service[103184]: DEBUG neutron_lib.callbacks.manager [None req-2f85e8d8-8e4e-48ea-b8ed-2e3adc4a44f6 admin admin] Publish callbacks ['neutron.services.segments.db._add_segment_host_mapping_for_segment-8300737471038', 'neutron.plugins.ml2.plugin.Ml2Plugin._handle_segment_change-116929'] for segment (f1a97498-0283-43eb-b570-015ccb4f407e), precommit_create {{(pid=103184) _notify_loop /opt/stack/data/venv/lib/python3.12/site-packages/neutron_lib/callbacks/manager.py:184}}
May 18 18:33:01.672103 np0000174495 devstack@neutron-api.service[103184]: INFO neutron.db.segments_db [None req-2f85e8d8-8e4e-48ea-b8ed-2e3adc4a44f6 admin admin] Added segment f1a97498-0283-43eb-b570-015ccb4f407e of type geneve for network d3035c68-60c7-4dc1-b440-3dd1335a35f1
May 18 18:33:01.689069 np0000174495 devstack@neutron-api.service[103184]: DEBUG neutron_lib.callbacks.manager [None req-2f85e8d8-8e4e-48ea-b8ed-2e3adc4a44f6 admin admin] Publish callbacks ['neutron.services.auto_allocate.db._ensure_external_network_default_value_callback-8300735797462'] for network (d3035c68-60c7-4dc1-b440-3dd1335a35f1), precommit_create {{(pid=103184) _notify_loop /opt/stack/data/venv/lib/python3.12/site-packages/neutron_lib/callbacks/manager.py:184}}
May 18 18:33:01.701973 np0000174495 devstack@neutron-api.service[103184]: DEBUG neutron.plugins.ml2.drivers.ovn.mech_driver.mech_driver [None req-2f85e8d8-8e4e-48ea-b8ed-2e3adc4a44f6 admin admin] Validating network segment with type geneve, segmentation ID 61876, physical network None {{(pid=103184) _validate_network_segments /opt/stack/neutron/neutron/plugins/ml2/drivers/ovn/mech_driver/mech_driver.py:641}}
May 18 18:33:01.702113 np0000174495 devstack@neutron-api.service[103184]: DEBUG neutron.db.ovn_revision_numbers_db [None req-2f85e8d8-8e4e-48ea-b8ed-2e3adc4a44f6 admin admin] create_initial_revision uuid=d3035c68-60c7-4dc1-b440-3dd1335a35f1, type=networks, rev=-1 {{(pid=103184) create_initial_revision /opt/stack/neutron/neutron/db/ovn_revision_numbers_db.py:98}}
May 18 18:33:01.711496 np0000174495 devstack@neutron-api.service[103184]: DEBUG neutron_lib.callbacks.manager [None req-2f85e8d8-8e4e-48ea-b8ed-2e3adc4a44f6 admin admin] Publish callbacks ['neutron.plugins.ml2.ovo_rpc._ObjectChangeHandler.handle_event-15750902'] for network (d3035c68-60c7-4dc1-b440-3dd1335a35f1), after_create {{(pid=103184) _notify_loop /opt/stack/data/venv/lib/python3.12/site-packages/neutron_lib/callbacks/manager.py:184}}
May 18 18:33:01.728774 np0000174495 devstack@neutron-api.service[103184]: DEBUG neutron.api.rpc.handlers.resources_rpc [None req-2f85e8d8-8e4e-48ea-b8ed-2e3adc4a44f6 admin admin] Pushing event updated for resources: {'Network': ['ID=d3035c68-60c7-4dc1-b440-3dd1335a35f1,revision_number=1']} {{(pid=103184) push /opt/stack/neutron/neutron/api/rpc/handlers/resources_rpc.py:237}}
May 18 18:33:01.736685 np0000174495 devstack@neutron-api.service[103184]: DEBUG ovsdbapp.backend.ovs_idl.transaction [None req-156fe01f-910e-423e-b41f-80f2bc957ed6 None None] Running txn n=1 command(idx=0): AddNetworkCommand(_result=None, network_uuid=d3035c68-60c7-4dc1-b440-3dd1335a35f1, may_exist=True, columns={'external_ids': {'neutron:network_name': 'admin_net', 'neutron:mtu': '1372', 'neutron:revision_number': '1', 'neutron:availability_zone_hints': '', 'neutron:provnet-network-type': 'geneve'}, 'other_config': {'mcast_snoop': 'false', 'mcast_flood_unregistered': 'false', 'vlan-passthru': 'false'}}) {{(pid=103184) do_commit /opt/stack/data/venv/lib/python3.12/site-packages/ovsdbapp/backend/ovs_idl/transaction.py:89}}
May 18 18:33:01.742290 np0000174495 devstack@neutron-api.service[103182]: DEBUG neutron.plugins.ml2.drivers.ovn.mech_driver.ovsdb.ovsdb_monitor [None req-e9aa672d-f165-4347-b953-e47943f8ae9c None None] Touching Hash Ring node "188ae15dbf815d93b15128a165a6df8e" from IDL notify handler {{(pid=103182) notify /opt/stack/neutron/neutron/plugins/ml2/drivers/ovn/mech_driver/ovsdb/ovsdb_monitor.py:934}}
May 18 18:33:01.748756 np0000174495 devstack@neutron-api.service[103181]: DEBUG neutron.plugins.ml2.drivers.ovn.mech_driver.ovsdb.ovsdb_monitor [None req-dd700da7-187d-4a53-8778-37562ba5945e None None] Hash Ring: Node 00f8fa730acf5d94a6e032b8e6b27e0c (host: np0000174495) handling event "create" for row 7b089444-fb3e-43df-9238-59f614c3f74e (table: Datapath_Binding) {{(pid=103181) notify /opt/stack/neutron/neutron/plugins/ml2/drivers/ovn/mech_driver/ovsdb/ovsdb_monitor.py:942}}
May 18 18:33:01.753724 np0000174495 devstack@neutron-api.service[103182]: DEBUG neutron.plugins.ml2.drivers.ovn.mech_driver.ovsdb.ovsdb_monitor [None req-e9aa672d-f165-4347-b953-e47943f8ae9c None None] Hash Ring: Node 188ae15dbf815d93b15128a165a6df8e (host: np0000174495) handling event "create" for row d3035c68-60c7-4dc1-b440-3dd1335a35f1 (table: Logical_Switch) {{(pid=103182) notify /opt/stack/neutron/neutron/plugins/ml2/drivers/ovn/mech_driver/ovsdb/ovsdb_monitor.py:942}}
May 18 18:33:01.764233 np0000174495 devstack@neutron-api.service[103184]: INFO neutron.db.ovn_revision_numbers_db [None req-2f85e8d8-8e4e-48ea-b8ed-2e3adc4a44f6 admin admin] Successfully bumped revision number for resource d3035c68-60c7-4dc1-b440-3dd1335a35f1 (type: networks) to 1
May 18 18:33:01.778941 np0000174495 devstack@neutron-api.service[103184]: DEBUG neutron_lib.callbacks.manager [None req-2f85e8d8-8e4e-48ea-b8ed-2e3adc4a44f6 admin admin] Publish callbacks ['neutron.plugins.ml2.plugin.SecurityGroupDbMixin._ensure_default_security_group_handler-16625415'] for port (None), before_create {{(pid=103184) _notify_loop /opt/stack/data/venv/lib/python3.12/site-packages/neutron_lib/callbacks/manager.py:184}}
May 18 18:33:01.845908 np0000174495 devstack@neutron-api.service[103184]: DEBUG neutron_lib.callbacks.manager [None req-2f85e8d8-8e4e-48ea-b8ed-2e3adc4a44f6 admin admin] Publish callbacks ['neutron.plugins.ml2.drivers.ovn.mech_driver.mech_driver.OVNMechanismDriver._validate_allowed_address_pairs-15355354'] for allowed_address_pair (ca5998ed-3e71-4b7c-ad7a-3229e9a94f2d), before_create {{(pid=103184) _notify_loop /opt/stack/data/venv/lib/python3.12/site-packages/neutron_lib/callbacks/manager.py:184}}
May 18 18:33:01.846418 np0000174495 devstack@neutron-api.service[103184]: DEBUG neutron_lib.callbacks.manager [None req-2f85e8d8-8e4e-48ea-b8ed-2e3adc4a44f6 admin admin] Publish callbacks [] for port (ca5998ed-3e71-4b7c-ad7a-3229e9a94f2d), precommit_create {{(pid=103184) _notify_loop /opt/stack/data/venv/lib/python3.12/site-packages/neutron_lib/callbacks/manager.py:184}}
May 18 18:33:01.846571 np0000174495 devstack@neutron-api.service[103184]: DEBUG neutron.plugins.ml2.drivers.ovn.mech_driver.mech_driver [None req-2f85e8d8-8e4e-48ea-b8ed-2e3adc4a44f6 admin admin] No provisioning block for port ca5998ed-3e71-4b7c-ad7a-3229e9a94f2d since it does not have a host {{(pid=103184) _is_port_provisioning_required /opt/stack/neutron/neutron/plugins/ml2/drivers/ovn/mech_driver/mech_driver.py:894}}
May 18 18:33:01.846683 np0000174495 devstack@neutron-api.service[103184]: DEBUG neutron.db.ovn_revision_numbers_db [None req-2f85e8d8-8e4e-48ea-b8ed-2e3adc4a44f6 admin admin] create_initial_revision uuid=ca5998ed-3e71-4b7c-ad7a-3229e9a94f2d, type=ports, rev=-1 {{(pid=103184) create_initial_revision /opt/stack/neutron/neutron/db/ovn_revision_numbers_db.py:98}}
May 18 18:33:01.874248 np0000174495 devstack@neutron-api.service[103184]: DEBUG neutron_lib.callbacks.manager [None req-2f85e8d8-8e4e-48ea-b8ed-2e3adc4a44f6 admin admin] Publish callbacks ['neutron.plugins.ml2.ovo_rpc._ObjectChangeHandler.handle_event-15750862'] for port (ca5998ed-3e71-4b7c-ad7a-3229e9a94f2d), after_create {{(pid=103184) _notify_loop /opt/stack/data/venv/lib/python3.12/site-packages/neutron_lib/callbacks/manager.py:184}}
May 18 18:33:01.905421 np0000174495 devstack@neutron-api.service[103184]: DEBUG neutron.api.rpc.handlers.resources_rpc [None req-2f85e8d8-8e4e-48ea-b8ed-2e3adc4a44f6 admin admin] Pushing event updated for resources: {'Port': ['ID=ca5998ed-3e71-4b7c-ad7a-3229e9a94f2d,revision_number=1']} {{(pid=103184) push /opt/stack/neutron/neutron/api/rpc/handlers/resources_rpc.py:237}}
May 18 18:33:01.912596 np0000174495 devstack@neutron-api.service[103184]: DEBUG ovsdbapp.backend.ovs_idl.transaction [None req-156fe01f-910e-423e-b41f-80f2bc957ed6 None None] Running txn n=1 command(idx=0): AddLSwitchPortCommand(_result=None, lport=ca5998ed-3e71-4b7c-ad7a-3229e9a94f2d, lswitch=neutron-d3035c68-60c7-4dc1-b440-3dd1335a35f1, may_exist=True, network_uuid=d3035c68-60c7-4dc1-b440-3dd1335a35f1, columns={'addresses': ['fa:16:3e:86:d0:55'], 'external_ids': {'neutron:port_name': '', 'neutron:device_id': 'ovnmeta-d3035c68-60c7-4dc1-b440-3dd1335a35f1', 'neutron:project_id': 'd9a0c74bbc06477893a4625fe891a01e', 'neutron:cidrs': '', 'neutron:device_owner': 'network:distributed', 'neutron:subnet_pool_addr_scope4': '', 'neutron:subnet_pool_addr_scope6': '', 'neutron:network_name': 'neutron-d3035c68-60c7-4dc1-b440-3dd1335a35f1', 'neutron:security_group_ids': '', 'neutron:revision_number': '1', 'neutron:vnic_type': 'normal', 'neutron:port_capabilities': '', 'neutron:mtu': ''}, 'parent_name': [], 'tag': [], 'enabled': True, 'options': {}, 'type': 'localport', 'port_security': [], 'dhcpv4_options': [], 'dhcpv6_options': []}) {{(pid=103184) do_commit /opt/stack/data/venv/lib/python3.12/site-packages/ovsdbapp/backend/ovs_idl/transaction.py:89}}
May 18 18:33:01.913728 np0000174495 devstack@neutron-api.service[103184]: DEBUG ovsdbapp.backend.ovs_idl.transaction [None req-156fe01f-910e-423e-b41f-80f2bc957ed6 None None] Running txn n=1 command(idx=1): QoSDelCommand(_result=None, switch=neutron-d3035c68-60c7-4dc1-b440-3dd1335a35f1, conditions=[('direction', '=', 'to-lport'), ('priority', '=', 2002), ('match', '=', 'outport == "ca5998ed-3e71-4b7c-ad7a-3229e9a94f2d"')], if_exists=True) {{(pid=103184) do_commit /opt/stack/data/venv/lib/python3.12/site-packages/ovsdbapp/backend/ovs_idl/transaction.py:89}}
May 18 18:33:01.914155 np0000174495 devstack@neutron-api.service[103184]: DEBUG ovsdbapp.backend.ovs_idl.transaction [None req-156fe01f-910e-423e-b41f-80f2bc957ed6 None None] Running txn n=1 command(idx=2): QoSDelCommand(_result=None, switch=neutron-d3035c68-60c7-4dc1-b440-3dd1335a35f1, conditions=[('direction', '=', 'from-lport'), ('priority', '=', 2002), ('match', '=', 'inport == "ca5998ed-3e71-4b7c-ad7a-3229e9a94f2d"')], if_exists=True) {{(pid=103184) do_commit /opt/stack/data/venv/lib/python3.12/site-packages/ovsdbapp/backend/ovs_idl/transaction.py:89}}
May 18 18:33:01.920726 np0000174495 devstack@neutron-api.service[103182]: DEBUG neutron.plugins.ml2.drivers.ovn.mech_driver.ovsdb.ovsdb_monitor [None req-e9aa672d-f165-4347-b953-e47943f8ae9c None None] Touching Hash Ring node "188ae15dbf815d93b15128a165a6df8e" from IDL notify handler {{(pid=103182) notify /opt/stack/neutron/neutron/plugins/ml2/drivers/ovn/mech_driver/ovsdb/ovsdb_monitor.py:934}}
May 18 18:33:01.921127 np0000174495 devstack@neutron-api.service[103183]: DEBUG neutron.plugins.ml2.drivers.ovn.mech_driver.ovsdb.ovsdb_monitor [None req-e749a79f-0fc1-446e-a861-dc9a4d31af64 None None] Touching Hash Ring node "1a6e2598a8535e0bb13b75af3b33ff6c" from IDL notify handler {{(pid=103183) notify /opt/stack/neutron/neutron/plugins/ml2/drivers/ovn/mech_driver/ovsdb/ovsdb_monitor.py:934}}
May 18 18:33:01.926115 np0000174495 devstack@neutron-api.service[103184]: DEBUG neutron.plugins.ml2.drivers.ovn.mech_driver.ovsdb.ovsdb_monitor [None req-680fe18b-f0dc-4aeb-bf6c-aefe54e0e148 None None] Hash Ring: Node 762a0e18abfe59d58a2d2e41365865ac (host: np0000174495) handling event "create" for row a9491450-bbd9-4ebd-a7f4-e0ac4204041e (table: Port_Binding) {{(pid=103184) notify /opt/stack/neutron/neutron/plugins/ml2/drivers/ovn/mech_driver/ovsdb/ovsdb_monitor.py:942}}
May 18 18:33:01.927551 np0000174495 devstack@neutron-api.service[103183]: DEBUG neutron.plugins.ml2.drivers.ovn.mech_driver.ovsdb.ovsdb_monitor [None req-e749a79f-0fc1-446e-a861-dc9a4d31af64 None None] Hash Ring: Node 1a6e2598a8535e0bb13b75af3b33ff6c (host: np0000174495) handling event "create" for row 6e90a743-419b-4f50-95da-3abb33a28816 (table: Logical_Switch_Port) {{(pid=103183) notify /opt/stack/neutron/neutron/plugins/ml2/drivers/ovn/mech_driver/ovsdb/ovsdb_monitor.py:942}}
May 18 18:33:01.927696 np0000174495 devstack@neutron-api.service[103182]: DEBUG neutron.plugins.ml2.drivers.ovn.mech_driver.ovsdb.ovsdb_monitor [None req-e9aa672d-f165-4347-b953-e47943f8ae9c None None] Hash Ring: Node 188ae15dbf815d93b15128a165a6df8e (host: np0000174495) handling event "update" for row d3035c68-60c7-4dc1-b440-3dd1335a35f1 (table: Logical_Switch) {{(pid=103182) notify /opt/stack/neutron/neutron/plugins/ml2/drivers/ovn/mech_driver/ovsdb/ovsdb_monitor.py:942}}
May 18 18:33:01.929029 np0000174495 devstack@neutron-api.service[103183]: DEBUG ovsdbapp.backend.ovs_idl.event [None req-e749a79f-0fc1-446e-a861-dc9a4d31af64 None None] Matched CREATE: LogicalSwitchPortCreateEvent(events=('create',), table='Logical_Switch_Port', conditions=[], old_conditions=None), priority=20 to row=Logical_Switch_Port(uuid=6e90a743-419b-4f50-95da-3abb33a28816, addresses=['fa:16:3e:86:d0:55'], dhcpv4_options=[], dhcpv6_options=[], dynamic_addresses=[], enabled=True, external_ids={'neutron:cidrs': '', 'neutron:device_id': 'ovnmeta-d3035c68-60c7-4dc1-b440-3dd1335a35f1', 'neutron:device_owner': 'network:distributed', 'neutron:mtu': '', 'neutron:network_name': 'neutron-d3035c68-60c7-4dc1-b440-3dd1335a35f1', 'neutron:port_capabilities': '', 'neutron:port_name': '', 'neutron:project_id': 'd9a0c74bbc06477893a4625fe891a01e', 'neutron:revision_number': '1', 'neutron:security_group_ids': '', 'neutron:subnet_pool_addr_scope4': '', 'neutron:subnet_pool_addr_scope6': '', 'neutron:vnic_type': 'normal'}, ha_chassis_group=[], mirror_rules=[], name='ca5998ed-3e71-4b7c-ad7a-3229e9a94f2d', options={}, parent_name=[], port_security=[], tag=[], tag_request=[], type='localport', up=[]) old= {{(pid=103183) matches /opt/stack/data/venv/lib/python3.12/site-packages/ovsdbapp/backend/ovs_idl/event.py:55}}
May 18 18:33:01.929966 np0000174495 devstack@neutron-api.service[103183]: INFO neutron.plugins.ml2.drivers.ovn.mech_driver.mech_driver [None req-e2ceb12b-3bd0-4b8a-9912-b0ad94fe9c05 None None] OVN reports status down for port: ca5998ed-3e71-4b7c-ad7a-3229e9a94f2d
May 18 18:33:01.931499 np0000174495 devstack@neutron-api.service[103183]: DEBUG neutron.plugins.ml2.drivers.ovn.mech_driver.ovsdb.ovsdb_monitor [None req-e749a79f-0fc1-446e-a861-dc9a4d31af64 None None] Touching Hash Ring node "1a6e2598a8535e0bb13b75af3b33ff6c" from IDL notify handler {{(pid=103183) notify /opt/stack/neutron/neutron/plugins/ml2/drivers/ovn/mech_driver/ovsdb/ovsdb_monitor.py:934}}
May 18 18:33:01.933865 np0000174495 devstack@neutron-api.service[103183]: DEBUG neutron.plugins.ml2.drivers.ovn.mech_driver.ovsdb.ovsdb_monitor [None req-e749a79f-0fc1-446e-a861-dc9a4d31af64 None None] Hash Ring: Node 1a6e2598a8535e0bb13b75af3b33ff6c (host: np0000174495) handling event "update" for row 6e90a743-419b-4f50-95da-3abb33a28816 (table: Logical_Switch_Port) {{(pid=103183) notify /opt/stack/neutron/neutron/plugins/ml2/drivers/ovn/mech_driver/ovsdb/ovsdb_monitor.py:942}}
May 18 18:33:01.956300 np0000174495 devstack@neutron-api.service[103183]: DEBUG neutron.db.provisioning_blocks [None req-e2ceb12b-3bd0-4b8a-9912-b0ad94fe9c05 None None] Transition to ACTIVE for port object ca5998ed-3e71-4b7c-ad7a-3229e9a94f2d will not be triggered until provisioned by entity L2. {{(pid=103183) add_provisioning_component /opt/stack/neutron/neutron/db/provisioning_blocks.py:74}}
May 18 18:33:01.957109 np0000174495 devstack@neutron-api.service[103184]: INFO neutron.db.ovn_revision_numbers_db [None req-2f85e8d8-8e4e-48ea-b8ed-2e3adc4a44f6 admin admin] Successfully bumped revision number for resource ca5998ed-3e71-4b7c-ad7a-3229e9a94f2d (type: ports) to 1
May 18 18:33:01.968367 np0000174495 devstack@neutron-api.service[103184]: DEBUG neutron.pecan_wsgi.hooks.policy_enforcement [None req-2f85e8d8-8e4e-48ea-b8ed-2e3adc4a44f6 admin admin] Attributes excluded by policy engine: ['standard_attr_id'] {{(pid=103184) _exclude_attributes_by_policy /opt/stack/neutron/neutron/pecan_wsgi/hooks/policy_enforcement.py:256}}
May 18 18:33:01.968367 np0000174495 devstack@neutron-api.service[103184]: DEBUG neutron_lib.callbacks.manager [None req-2f85e8d8-8e4e-48ea-b8ed-2e3adc4a44f6 admin admin] Publish callbacks [] for network (None), before_response {{(pid=103184) _notify_loop /opt/stack/data/venv/lib/python3.12/site-packages/neutron_lib/callbacks/manager.py:184}}
May 18 18:33:01.978262 np0000174495 devstack@neutron-api.service[103184]: [pid: 103184|app: 0|req: 24/93] 199.204.45.205 () {68 vars in 1358 bytes} [Mon May 18 18:33:01 2026] POST /networking/v2.0/networks => generated 683 bytes in 674 msecs (HTTP/1.1 201) 4 headers in 162 bytes (1 switches on core 0)
May 18 18:33:01.981312 np0000174495 devstack@neutron-api.service[103183]: DEBUG neutron.plugins.ml2.plugin [None req-e2ceb12b-3bd0-4b8a-9912-b0ad94fe9c05 None None] Current status of the port ca5998ed-3e71-4b7c-ad7a-3229e9a94f2d is: DOWN; New status is: DOWN {{(pid=103183) _update_individual_port_db_status /opt/stack/neutron/neutron/plugins/ml2/plugin.py:2466}}
May 18 18:33:01.983938 np0000174495 devstack@neutron-api.service[103183]: DEBUG ovsdbapp.backend.ovs_idl.transaction [None req-e749a79f-0fc1-446e-a861-dc9a4d31af64 None None] Running txn n=1 command(idx=0): DbRemoveCommand(_result=None, table=Logical_Switch_Port, record=ca5998ed-3e71-4b7c-ad7a-3229e9a94f2d, column=external_ids, values=('neutron:host_id',), keyvalues={}, if_exists=True) {{(pid=103183) do_commit /opt/stack/data/venv/lib/python3.12/site-packages/ovsdbapp/backend/ovs_idl/transaction.py:89}}
May 18 18:33:02.188530 np0000174495 devstack@neutron-api.service[103182]: INFO neutron.pecan_wsgi.hooks.translation [None req-7facca77-1f35-4e82-beec-b92599c88557 admin admin] GET failed (client error): The resource could not be found.
May 18 18:33:02.189242 np0000174495 devstack@neutron-api.service[103182]: [pid: 103182|app: 0|req: 24/94] 199.204.45.205 () {64 vars in 1334 bytes} [Mon May 18 18:33:02 2026] GET /networking/v2.0/networks/admin_net => generated 111 bytes in 12 msecs (HTTP/1.1 404) 4 headers in 164 bytes (1 switches on core 0)
May 18 18:33:02.238204 np0000174495 devstack@neutron-api.service[103181]: DEBUG neutron.pecan_wsgi.hooks.policy_enforcement [None req-f9f17b64-50d4-4ab0-aa73-5d522e3a19e2 admin admin] Attributes excluded by policy engine: ['standard_attr_id'] {{(pid=103181) _exclude_attributes_by_policy /opt/stack/neutron/neutron/pecan_wsgi/hooks/policy_enforcement.py:256}}
May 18 18:33:02.240740 np0000174495 devstack@neutron-api.service[103181]: [pid: 103181|app: 0|req: 24/95] 199.204.45.205 () {64 vars in 1346 bytes} [Mon May 18 18:33:02 2026] GET /networking/v2.0/networks?name=admin_net => generated 667 bytes in 39 msecs (HTTP/1.1 200) 4 headers in 157 bytes (1 switches on core 0)
May 18 18:33:02.459017 np0000174495 devstack@neutron-api.service[103183]: INFO neutron.pecan_wsgi.hooks.translation [None req-1189927c-c639-463a-93ee-c7e88a0c9e36 admin admin] GET failed (client error): The resource could not be found.
May 18 18:33:02.459720 np0000174495 devstack@neutron-api.service[103183]: [pid: 103183|app: 0|req: 24/96] 199.204.45.205 () {64 vars in 1340 bytes} [Mon May 18 18:33:02 2026] GET /networking/v2.0/subnets/admin_subnet => generated 112 bytes in 12 msecs (HTTP/1.1 404) 4 headers in 164 bytes (1 switches on core 0)
May 18 18:33:02.493948 np0000174495 devstack@neutron-api.service[103184]: [pid: 103184|app: 0|req: 25/97] 199.204.45.205 () {64 vars in 1349 bytes} [Mon May 18 18:33:02 2026] GET /networking/v2.0/subnets?name=admin_subnet => generated 14 bytes in 23 msecs (HTTP/1.1 200) 4 headers in 156 bytes (1 switches on core 0)
May 18 18:33:02.757698 np0000174495 devstack@neutron-api.service[103182]: DEBUG neutron.pecan_wsgi.hooks.policy_enforcement [None req-222af73b-23af-4348-8aa3-c1576501ca54 admin admin] Attributes excluded by policy engine: ['standard_attr_id'] {{(pid=103182) _exclude_attributes_by_policy /opt/stack/neutron/neutron/pecan_wsgi/hooks/policy_enforcement.py:256}}
May 18 18:33:02.758365 np0000174495 devstack@neutron-api.service[103182]: [pid: 103182|app: 0|req: 25/98] 199.204.45.205 () {64 vars in 1415 bytes} [Mon May 18 18:33:02 2026] GET /networking/v2.0/networks/d3035c68-60c7-4dc1-b440-3dd1335a35f1 => generated 664 bytes in 29 msecs (HTTP/1.1 200) 4 headers in 157 bytes (1 switches on core 0)
May 18 18:33:02.776301 np0000174495 devstack@neutron-api.service[103181]: DEBUG neutron.api.v2.base [None req-dfce4e6a-5449-4f6b-8f03-8d123aae664d admin admin] Request body: {'subnet': {'ip_version': 4, 'name': 'admin_subnet', 'network_id': 'd3035c68-60c7-4dc1-b440-3dd1335a35f1', 'cidr': '10.2.5.0/24', 'project_id': 'd9a0c74bbc06477893a4625fe891a01e', 'gateway_ip': None}} {{(pid=103181) prepare_request_body /opt/stack/neutron/neutron/api/v2/base.py:727}}
May 18 18:33:02.790529 np0000174495 devstack@neutron-api.service[103181]: DEBUG neutron.pecan_wsgi.hooks.quota_enforcement [None req-dfce4e6a-5449-4f6b-8f03-8d123aae664d admin admin] Made reservation on behalf of d9a0c74bbc06477893a4625fe891a01e for: {'subnet': 1} {{(pid=103181) before /opt/stack/neutron/neutron/pecan_wsgi/hooks/quota_enforcement.py:66}}
May 18 18:33:02.794205 np0000174495 devstack@neutron-api.service[103181]: DEBUG neutron_lib.callbacks.manager [None req-dfce4e6a-5449-4f6b-8f03-8d123aae664d admin admin] Publish callbacks [] for subnet (None), before_create {{(pid=103181) _notify_loop /opt/stack/data/venv/lib/python3.12/site-packages/neutron_lib/callbacks/manager.py:184}}
May 18 18:33:02.863873 np0000174495 devstack@neutron-api.service[103181]: DEBUG neutron.db.ovn_revision_numbers_db [None req-dfce4e6a-5449-4f6b-8f03-8d123aae664d admin admin] create_initial_revision uuid=9724e0fc-f495-4ac8-8951-3e8ea0cd1019, type=subnets, rev=-1 {{(pid=103181) create_initial_revision /opt/stack/neutron/neutron/db/ovn_revision_numbers_db.py:98}}
May 18 18:33:02.869806 np0000174495 devstack@neutron-api.service[103181]: DEBUG neutron_lib.callbacks.manager [None req-dfce4e6a-5449-4f6b-8f03-8d123aae664d admin admin] Publish callbacks ['neutron.plugins.ml2.ovo_rpc._ObjectChangeHandler.handle_event-15087179'] for subnet (9724e0fc-f495-4ac8-8951-3e8ea0cd1019), after_create {{(pid=103181) _notify_loop /opt/stack/data/venv/lib/python3.12/site-packages/neutron_lib/callbacks/manager.py:184}}
May 18 18:33:02.888430 np0000174495 devstack@neutron-api.service[103181]: DEBUG neutron.api.rpc.handlers.resources_rpc [None req-dfce4e6a-5449-4f6b-8f03-8d123aae664d admin admin] Pushing event updated for resources: {'Subnet': ['ID=9724e0fc-f495-4ac8-8951-3e8ea0cd1019,revision_number=0']} {{(pid=103181) push /opt/stack/neutron/neutron/api/rpc/handlers/resources_rpc.py:237}}
May 18 18:33:02.892826 np0000174495 devstack@neutron-api.service[103181]: DEBUG neutron.api.rpc.callbacks.version_manager [None req-dfce4e6a-5449-4f6b-8f03-8d123aae664d admin admin] Tracked resource versions report:
May 18 18:33:02.892826 np0000174495 devstack@neutron-api.service[103181]: pushed versions:
May 18 18:33:02.892826 np0000174495 devstack@neutron-api.service[103181]: { 'AddressGroup': {'1.2'},
May 18 18:33:02.892826 np0000174495 devstack@neutron-api.service[103181]: 'Agent': {'1.1'},
May 18 18:33:02.892826 np0000174495 devstack@neutron-api.service[103181]: 'ConntrackHelper': {'1.0'},
May 18 18:33:02.892826 np0000174495 devstack@neutron-api.service[103181]: 'LocalIPAssociation': {'1.0'},
May 18 18:33:02.892826 np0000174495 devstack@neutron-api.service[103181]: 'Log': {'1.0'},
May 18 18:33:02.892826 np0000174495 devstack@neutron-api.service[103181]: 'NDPProxy': {'1.0'},
May 18 18:33:02.892826 np0000174495 devstack@neutron-api.service[103181]: 'Network': {'1.2'},
May 18 18:33:02.892826 np0000174495 devstack@neutron-api.service[103181]: 'Port': {'1.10'},
May 18 18:33:02.892826 np0000174495 devstack@neutron-api.service[103181]: 'PortForwarding': {'1.3'},
May 18 18:33:02.892826 np0000174495 devstack@neutron-api.service[103181]: 'QosPolicy': {'1.10'},
May 18 18:33:02.892826 np0000174495 devstack@neutron-api.service[103181]: 'SecurityGroup': {'1.6'},
May 18 18:33:02.892826 np0000174495 devstack@neutron-api.service[103181]: 'SecurityGroupRule': {'1.3'},
May 18 18:33:02.892826 np0000174495 devstack@neutron-api.service[103181]: 'SubPort': {'1.0'},
May 18 18:33:02.892826 np0000174495 devstack@neutron-api.service[103181]: 'Subnet': {'1.2'},
May 18 18:33:02.892826 np0000174495 devstack@neutron-api.service[103181]: 'Trunk': {'1.1'}}
May 18 18:33:02.892826 np0000174495 devstack@neutron-api.service[103181]: consumer versions:
May 18 18:33:02.892826 np0000174495 devstack@neutron-api.service[103181]: { OVN Neutron agent@np0000174495: {},
May 18 18:33:02.892826 np0000174495 devstack@neutron-api.service[103181]: OVN Controller Gateway agent@np0000174495: {}}
May 18 18:33:02.892826 np0000174495 devstack@neutron-api.service[103181]: {{(pid=103181) report /opt/stack/neutron/neutron/api/rpc/callbacks/version_manager.py:183}}
May 18 18:33:02.934704 np0000174495 devstack@neutron-api.service[103181]: DEBUG neutron_lib.callbacks.manager [None req-dfce4e6a-5449-4f6b-8f03-8d123aae664d admin admin] Publish callbacks ['neutron.plugins.ml2.plugin.SecurityGroupDbMixin._ensure_default_security_group_handler-324906', 'neutron.services.ovn_l3.plugin.OVNL3RouterPlugin._port_update-8300736185888', 'neutron.db.l3_db.L3_NAT_dbonly_mixin._prevent_internal_ip_change_for_fip-8300737313592'] for port (ca5998ed-3e71-4b7c-ad7a-3229e9a94f2d), before_update {{(pid=103181) _notify_loop /opt/stack/data/venv/lib/python3.12/site-packages/neutron_lib/callbacks/manager.py:184}}
May 18 18:33:03.018397 np0000174495 devstack@neutron-api.service[103181]: DEBUG neutron.db.db_base_plugin_common [None req-dfce4e6a-5449-4f6b-8f03-8d123aae664d admin admin] Allocated IP 10.2.5.1 (d3035c68-60c7-4dc1-b440-3dd1335a35f1/9724e0fc-f495-4ac8-8951-3e8ea0cd1019/ca5998ed-3e71-4b7c-ad7a-3229e9a94f2d) {{(pid=103181) _store_ip_allocation /opt/stack/neutron/neutron/db/db_base_plugin_common.py:131}}
May 18 18:33:03.083051 np0000174495 devstack@neutron-api.service[103181]: DEBUG neutron_lib.callbacks.manager [None req-dfce4e6a-5449-4f6b-8f03-8d123aae664d admin admin] Publish callbacks [] for port (ca5998ed-3e71-4b7c-ad7a-3229e9a94f2d), precommit_update {{(pid=103181) _notify_loop /opt/stack/data/venv/lib/python3.12/site-packages/neutron_lib/callbacks/manager.py:184}}
May 18 18:33:03.083245 np0000174495 devstack@neutron-api.service[103181]: DEBUG neutron.plugins.ml2.drivers.ovn.mech_driver.mech_driver [None req-dfce4e6a-5449-4f6b-8f03-8d123aae664d admin admin] No provisioning block for port ca5998ed-3e71-4b7c-ad7a-3229e9a94f2d since it does not have a host {{(pid=103181) _is_port_provisioning_required /opt/stack/neutron/neutron/plugins/ml2/drivers/ovn/mech_driver/mech_driver.py:894}}
May 18 18:33:03.094049 np0000174495 devstack@neutron-api.service[103181]: DEBUG neutron_lib.callbacks.manager [None req-dfce4e6a-5449-4f6b-8f03-8d123aae664d admin admin] Publish callbacks ['neutron.plugins.ml2.ovo_rpc._ObjectChangeHandler.handle_event-15087311', 'neutron.services.ovn_l3.plugin.OVNL3RouterPlugin._port_update-8300736185888'] for port (ca5998ed-3e71-4b7c-ad7a-3229e9a94f2d), after_update {{(pid=103181) _notify_loop /opt/stack/data/venv/lib/python3.12/site-packages/neutron_lib/callbacks/manager.py:184}}
May 18 18:33:03.122194 np0000174495 devstack@neutron-api.service[103181]: DEBUG neutron.api.rpc.handlers.resources_rpc [None req-dfce4e6a-5449-4f6b-8f03-8d123aae664d admin admin] Pushing event updated for resources: {'Port': ['ID=ca5998ed-3e71-4b7c-ad7a-3229e9a94f2d,revision_number=2']} {{(pid=103181) push /opt/stack/neutron/neutron/api/rpc/handlers/resources_rpc.py:237}}
May 18 18:33:03.215095 np0000174495 devstack@neutron-api.service[103181]: DEBUG ovsdbapp.backend.ovs_idl.transaction [None req-a3f0995f-de0f-4133-9d6d-0665cd7ddd5b None None] Running txn n=1 command(idx=0): CheckRevisionNumberCommand(_result=None, name=ca5998ed-3e71-4b7c-ad7a-3229e9a94f2d, resource={'id': 'ca5998ed-3e71-4b7c-ad7a-3229e9a94f2d', 'name': '', 'network_id': 'd3035c68-60c7-4dc1-b440-3dd1335a35f1', 'project_id': 'd9a0c74bbc06477893a4625fe891a01e', 'mac_address': 'fa:16:3e:86:d0:55', 'admin_state_up': True, 'status': 'DOWN', 'device_id': 'ovnmeta-d3035c68-60c7-4dc1-b440-3dd1335a35f1', 'device_owner': 'network:distributed', 'standard_attr_id': 44, 'fixed_ips': [{'subnet_id': '9724e0fc-f495-4ac8-8951-3e8ea0cd1019', 'ip_address': '10.2.5.1'}], 'allowed_address_pairs': [], 'extra_dhcp_opts': [], 'security_groups': [], 'description': '', 'binding:vnic_type': 'normal', 'binding:profile': {}, 'binding:host_id': '', 'binding:vif_type': 'unbound', 'binding:vif_details': {}, 'port_security_enabled': False, 'tags': [], 'created_at': '2026-05-18T18:33:01Z', 'updated_at': '2026-05-18T18:33:03Z', 'revision_number': 2, 'tenant_id': 'd9a0c74bbc06477893a4625fe891a01e', 'network': {'id': 'd3035c68-60c7-4dc1-b440-3dd1335a35f1', 'name': 'admin_net', 'tenant_id': 'd9a0c74bbc06477893a4625fe891a01e', 'project_id': 'd9a0c74bbc06477893a4625fe891a01e', 'admin_state_up': True, 'mtu': 1372, 'status': 'ACTIVE', 'subnets': ['9724e0fc-f495-4ac8-8951-3e8ea0cd1019'], 'standard_attr_id': 42, 'shared': False, 'availability_zone_hints': [], 'availability_zones': [], 'ipv4_address_scope': None, 'ipv6_address_scope': None, 'router:external': False, 'qinq': False, 'vlan_transparent': False, 'description': '', 'port_security_enabled': True, 'tags': [], 'created_at': '2026-05-18T18:33:01Z', 'updated_at': '2026-05-18T18:33:02Z', 'revision_number': 2, 'provider:network_type': 'geneve', 'provider:physical_network': None, 'provider:segmentation_id': 61876}}, resource_type=ports, if_exists=True) {{(pid=103181) do_commit /opt/stack/data/venv/lib/python3.12/site-packages/ovsdbapp/backend/ovs_idl/transaction.py:89}}
May 18 18:33:03.215815 np0000174495 devstack@neutron-api.service[103181]: DEBUG ovsdbapp.backend.ovs_idl.transaction [None req-a3f0995f-de0f-4133-9d6d-0665cd7ddd5b None None] Running txn n=1 command(idx=1): AddDHCPOptionsCommand(_result=None, columns={'cidr': '10.2.5.0/24', 'options': {'server_id': '10.2.5.1', 'lease_time': '43200', 'mtu': '1372', 'server_mac': 'fa:16:3e:8f:cb:4a', 'dns_server': '{127.0.0.53}', 'classless_static_route': '{169.254.169.254/32,10.2.5.1}'}, 'external_ids': {'subnet_id': '9724e0fc-f495-4ac8-8951-3e8ea0cd1019', 'neutron:network_id': 'd3035c68-60c7-4dc1-b440-3dd1335a35f1', 'neutron:revision_number': '0'}}, may_exist=True, subnet_id=9724e0fc-f495-4ac8-8951-3e8ea0cd1019, port_id=None, new_insert=False) {{(pid=103181) do_commit /opt/stack/data/venv/lib/python3.12/site-packages/ovsdbapp/backend/ovs_idl/transaction.py:89}}
May 18 18:33:03.216411 np0000174495 devstack@neutron-api.service[103181]: DEBUG ovsdbapp.backend.ovs_idl.transaction [None req-a3f0995f-de0f-4133-9d6d-0665cd7ddd5b None None] Running txn n=1 command(idx=2): SetLSwitchPortCommand(_result=None, lport=ca5998ed-3e71-4b7c-ad7a-3229e9a94f2d, external_ids_update=None, columns={'external_ids': {'neutron:port_name': '', 'neutron:device_id': 'ovnmeta-d3035c68-60c7-4dc1-b440-3dd1335a35f1', 'neutron:project_id': 'd9a0c74bbc06477893a4625fe891a01e', 'neutron:cidrs': '10.2.5.1/24', 'neutron:device_owner': 'network:distributed', 'neutron:subnet_pool_addr_scope4': '', 'neutron:subnet_pool_addr_scope6': '', 'neutron:network_name': 'neutron-d3035c68-60c7-4dc1-b440-3dd1335a35f1', 'neutron:security_group_ids': '', 'neutron:revision_number': '2', 'neutron:vnic_type': 'normal', 'neutron:port_capabilities': '', 'neutron:mtu': ''}, 'parent_name': [], 'tag': [], 'options': {}, 'enabled': True, 'port_security': [], 'dhcpv4_options': [], 'dhcpv6_options': [], 'type': 'localport', 'addresses': ['fa:16:3e:86:d0:55 10.2.5.1'], 'ha_chassis_group': []}, if_exists=False) {{(pid=103181) do_commit /opt/stack/data/venv/lib/python3.12/site-packages/ovsdbapp/backend/ovs_idl/transaction.py:89}}
May 18 18:33:03.217836 np0000174495 devstack@neutron-api.service[103181]: DEBUG ovsdbapp.backend.ovs_idl.transaction [None req-a3f0995f-de0f-4133-9d6d-0665cd7ddd5b None None] Running txn n=1 command(idx=3): PgDelPortCommand(_result=None, port_group=neutron_pg_drop, lsp=['ca5998ed-3e71-4b7c-ad7a-3229e9a94f2d'], if_exists=False) {{(pid=103181) do_commit /opt/stack/data/venv/lib/python3.12/site-packages/ovsdbapp/backend/ovs_idl/transaction.py:89}}
May 18 18:33:03.289715 np0000174495 devstack@neutron-api.service[103182]: DEBUG neutron.plugins.ml2.drivers.ovn.mech_driver.ovsdb.ovsdb_monitor [None req-e9aa672d-f165-4347-b953-e47943f8ae9c None None] Touching Hash Ring node "188ae15dbf815d93b15128a165a6df8e" from IDL notify handler {{(pid=103182) notify /opt/stack/neutron/neutron/plugins/ml2/drivers/ovn/mech_driver/ovsdb/ovsdb_monitor.py:934}}
May 18 18:33:03.290642 np0000174495 devstack@neutron-api.service[103184]: DEBUG neutron.plugins.ml2.drivers.ovn.mech_driver.ovsdb.ovsdb_monitor [None req-680fe18b-f0dc-4aeb-bf6c-aefe54e0e148 None None] Hash Ring: Node 762a0e18abfe59d58a2d2e41365865ac (host: np0000174495) handling event "update" for row a9491450-bbd9-4ebd-a7f4-e0ac4204041e (table: Port_Binding) {{(pid=103184) notify /opt/stack/neutron/neutron/plugins/ml2/drivers/ovn/mech_driver/ovsdb/ovsdb_monitor.py:942}}
May 18 18:33:03.290749 np0000174495 devstack@neutron-api.service[103183]: DEBUG neutron.plugins.ml2.drivers.ovn.mech_driver.ovsdb.ovsdb_monitor [None req-e749a79f-0fc1-446e-a861-dc9a4d31af64 None None] Touching Hash Ring node "1a6e2598a8535e0bb13b75af3b33ff6c" from IDL notify handler {{(pid=103183) notify /opt/stack/neutron/neutron/plugins/ml2/drivers/ovn/mech_driver/ovsdb/ovsdb_monitor.py:934}}
May 18 18:33:03.296545 np0000174495 devstack@neutron-api.service[103182]: DEBUG neutron.plugins.ml2.drivers.ovn.mech_driver.ovsdb.ovsdb_monitor [None req-e9aa672d-f165-4347-b953-e47943f8ae9c None None] Hash Ring: Node 188ae15dbf815d93b15128a165a6df8e (host: np0000174495) handling event "create" for row 4376e6cc-f52f-444c-9b8a-2bf198b8e3a6 (table: DHCP_Options) {{(pid=103182) notify /opt/stack/neutron/neutron/plugins/ml2/drivers/ovn/mech_driver/ovsdb/ovsdb_monitor.py:942}}
May 18 18:33:03.298989 np0000174495 devstack@neutron-api.service[103183]: DEBUG neutron.plugins.ml2.drivers.ovn.mech_driver.ovsdb.ovsdb_monitor [None req-e749a79f-0fc1-446e-a861-dc9a4d31af64 None None] Hash Ring: Node 1a6e2598a8535e0bb13b75af3b33ff6c (host: np0000174495) handling event "update" for row 6e90a743-419b-4f50-95da-3abb33a28816 (table: Logical_Switch_Port) {{(pid=103183) notify /opt/stack/neutron/neutron/plugins/ml2/drivers/ovn/mech_driver/ovsdb/ovsdb_monitor.py:942}}
May 18 18:33:03.314322 np0000174495 devstack@neutron-api.service[103181]: INFO neutron.db.ovn_revision_numbers_db [None req-dfce4e6a-5449-4f6b-8f03-8d123aae664d admin admin] Successfully bumped revision number for resource ca5998ed-3e71-4b7c-ad7a-3229e9a94f2d (type: ports) to 2
May 18 18:33:03.324220 np0000174495 devstack@neutron-api.service[103181]: DEBUG neutron.plugins.ml2.plugin [None req-dfce4e6a-5449-4f6b-8f03-8d123aae664d admin admin] In _notify_port_updated(), no bound segment for port ca5998ed-3e71-4b7c-ad7a-3229e9a94f2d on network d3035c68-60c7-4dc1-b440-3dd1335a35f1 {{(pid=103181) _notify_port_updated /opt/stack/neutron/neutron/plugins/ml2/plugin.py:1034}}
May 18 18:33:03.342192 np0000174495 devstack@neutron-api.service[103181]: INFO neutron.db.ovn_revision_numbers_db [None req-dfce4e6a-5449-4f6b-8f03-8d123aae664d admin admin] Successfully bumped revision number for resource 9724e0fc-f495-4ac8-8951-3e8ea0cd1019 (type: subnets) to 0
May 18 18:33:03.344186 np0000174495 devstack@neutron-api.service[103181]: DEBUG neutron.pecan_wsgi.hooks.policy_enforcement [None req-dfce4e6a-5449-4f6b-8f03-8d123aae664d admin admin] Attributes excluded by policy engine: ['standard_attr_id', 'shared', 'network'] {{(pid=103181) _exclude_attributes_by_policy /opt/stack/neutron/neutron/pecan_wsgi/hooks/policy_enforcement.py:256}}
May 18 18:33:03.344565 np0000174495 devstack@neutron-api.service[103181]: DEBUG neutron_lib.callbacks.manager [None req-dfce4e6a-5449-4f6b-8f03-8d123aae664d admin admin] Publish callbacks [] for subnet (None), before_response {{(pid=103181) _notify_loop /opt/stack/data/venv/lib/python3.12/site-packages/neutron_lib/callbacks/manager.py:184}}
May 18 18:33:03.357908 np0000174495 devstack@neutron-api.service[103181]: [pid: 103181|app: 0|req: 25/99] 199.204.45.205 () {68 vars in 1355 bytes} [Mon May 18 18:33:02 2026] POST /networking/v2.0/subnets => generated 625 bytes in 585 msecs (HTTP/1.1 201) 4 headers in 162 bytes (2 switches on core 0)
May 18 18:33:03.558576 np0000174495 devstack@neutron-api.service[103183]: INFO neutron.pecan_wsgi.hooks.translation [None req-71ab9488-28a9-4526-b04c-60d6272dfcc0 admin admin] GET failed (client error): The resource could not be found.
May 18 18:33:03.559442 np0000174495 devstack@neutron-api.service[103183]: [pid: 103183|app: 0|req: 25/100] 199.204.45.205 () {64 vars in 1340 bytes} [Mon May 18 18:33:03 2026] GET /networking/v2.0/subnets/admin_subnet => generated 112 bytes in 12 msecs (HTTP/1.1 404) 4 headers in 164 bytes (2 switches on core 0)
May 18 18:33:03.589824 np0000174495 devstack@neutron-api.service[103184]: DEBUG neutron.pecan_wsgi.hooks.policy_enforcement [None req-9936e7ab-2b55-4c1e-9904-796eb322442d admin admin] Attributes excluded by policy engine: ['standard_attr_id', 'shared'] {{(pid=103184) _exclude_attributes_by_policy /opt/stack/neutron/neutron/pecan_wsgi/hooks/policy_enforcement.py:256}}
May 18 18:33:03.590655 np0000174495 devstack@neutron-api.service[103184]: [pid: 103184|app: 0|req: 26/101] 199.204.45.205 () {64 vars in 1349 bytes} [Mon May 18 18:33:03 2026] GET /networking/v2.0/subnets?name=admin_subnet => generated 628 bytes in 23 msecs (HTTP/1.1 200) 4 headers in 157 bytes (1 switches on core 0)
May 18 18:33:04.610258 np0000174495 devstack@neutron-api.service[103183]: DEBUG neutron.plugins.ml2.drivers.ovn.mech_driver.ovsdb.ovsdb_monitor [None req-9bbbe6ba-e029-4033-8b89-4e7a72bd2733 None None] ChassisOVNAgentWriteEvent : Matched Chassis_Private, update, None None {{(pid=103183) matches /opt/stack/neutron/neutron/plugins/ml2/drivers/ovn/mech_driver/ovsdb/ovsdb_monitor.py:64}}
May 18 18:33:04.611096 np0000174495 devstack@neutron-api.service[103184]: DEBUG neutron.plugins.ml2.drivers.ovn.mech_driver.ovsdb.ovsdb_monitor [None req-680fe18b-f0dc-4aeb-bf6c-aefe54e0e148 None None] ChassisOVNAgentWriteEvent : Matched Chassis_Private, update, None None {{(pid=103184) matches /opt/stack/neutron/neutron/plugins/ml2/drivers/ovn/mech_driver/ovsdb/ovsdb_monitor.py:64}}
May 18 18:33:04.611560 np0000174495 devstack@neutron-api.service[103182]: DEBUG neutron.plugins.ml2.drivers.ovn.mech_driver.ovsdb.ovsdb_monitor [None req-2cd0f54c-c968-464e-beab-d1534c43a30b None None] ChassisOVNAgentWriteEvent : Matched Chassis_Private, update, None None {{(pid=103182) matches /opt/stack/neutron/neutron/plugins/ml2/drivers/ovn/mech_driver/ovsdb/ovsdb_monitor.py:64}}
May 18 18:33:04.612011 np0000174495 devstack@neutron-api.service[103184]: DEBUG neutron.plugins.ml2.drivers.ovn.mech_driver.ovsdb.ovsdb_monitor [None req-680fe18b-f0dc-4aeb-bf6c-aefe54e0e148 None None] Hash Ring: Node 762a0e18abfe59d58a2d2e41365865ac (host: np0000174495) handling event "update" for row 49e4dd19-6bea-446f-9399-9a68f3dd91d8 (table: Chassis_Private) {{(pid=103184) notify /opt/stack/neutron/neutron/plugins/ml2/drivers/ovn/mech_driver/ovsdb/ovsdb_monitor.py:942}}
May 18 18:33:04.612080 np0000174495 devstack@neutron-api.service[103181]: DEBUG neutron.plugins.ml2.drivers.ovn.mech_driver.ovsdb.ovsdb_monitor [None req-dd700da7-187d-4a53-8778-37562ba5945e None None] ChassisOVNAgentWriteEvent : Matched Chassis_Private, update, None None {{(pid=103181) matches /opt/stack/neutron/neutron/plugins/ml2/drivers/ovn/mech_driver/ovsdb/ovsdb_monitor.py:64}}
May 18 18:33:05.437530 np0000174495 devstack@neutron-api.service[103184]: DEBUG futurist.periodics [-] Submitting periodic callback 'neutron.plugins.ml2.drivers.ovn.mech_driver.ovsdb.maintenance.HashRingHealthCheckPeriodics.touch_hash_ring_node' {{(pid=103184) _process_scheduled /opt/stack/data/venv/lib/python3.12/site-packages/futurist/periodics.py:784}}
May 18 18:33:05.438363 np0000174495 devstack@neutron-api.service[103184]: DEBUG neutron.plugins.ml2.drivers.ovn.mech_driver.ovsdb.maintenance [-] Touching Hash Ring node "762a0e18abfe59d58a2d2e41365865ac" from periodic health check thread {{(pid=103184) touch_hash_ring_node /opt/stack/neutron/neutron/plugins/ml2/drivers/ovn/mech_driver/ovsdb/maintenance.py:1466}}
May 18 18:33:06.096277 np0000174495 devstack@neutron-api.service[103182]: DEBUG futurist.periodics [-] Submitting periodic callback 'neutron.plugins.ml2.drivers.ovn.mech_driver.ovsdb.maintenance.HashRingHealthCheckPeriodics.touch_hash_ring_node' {{(pid=103182) _process_scheduled /opt/stack/data/venv/lib/python3.12/site-packages/futurist/periodics.py:784}}
May 18 18:33:06.096991 np0000174495 devstack@neutron-api.service[103182]: DEBUG neutron.plugins.ml2.drivers.ovn.mech_driver.ovsdb.maintenance [-] Touching Hash Ring node "188ae15dbf815d93b15128a165a6df8e" from periodic health check thread {{(pid=103182) touch_hash_ring_node /opt/stack/neutron/neutron/plugins/ml2/drivers/ovn/mech_driver/ovsdb/maintenance.py:1466}}
May 18 18:33:06.098780 np0000174495 devstack@neutron-api.service[103181]: DEBUG futurist.periodics [-] Submitting periodic callback 'neutron.plugins.ml2.drivers.ovn.mech_driver.ovsdb.maintenance.HashRingHealthCheckPeriodics.touch_hash_ring_node' {{(pid=103181) _process_scheduled /opt/stack/data/venv/lib/python3.12/site-packages/futurist/periodics.py:784}}
May 18 18:33:06.099179 np0000174495 devstack@neutron-api.service[103181]: DEBUG neutron.plugins.ml2.drivers.ovn.mech_driver.ovsdb.maintenance [-] Touching Hash Ring node "00f8fa730acf5d94a6e032b8e6b27e0c" from periodic health check thread {{(pid=103181) touch_hash_ring_node /opt/stack/neutron/neutron/plugins/ml2/drivers/ovn/mech_driver/ovsdb/maintenance.py:1466}}
May 18 18:33:06.323255 np0000174495 devstack@neutron-api.service[103183]: DEBUG futurist.periodics [-] Submitting periodic callback 'neutron.plugins.ml2.drivers.ovn.mech_driver.ovsdb.maintenance.HashRingHealthCheckPeriodics.touch_hash_ring_node' {{(pid=103183) _process_scheduled /opt/stack/data/venv/lib/python3.12/site-packages/futurist/periodics.py:784}}
May 18 18:33:06.324107 np0000174495 devstack@neutron-api.service[103183]: DEBUG neutron.plugins.ml2.drivers.ovn.mech_driver.ovsdb.maintenance [-] Touching Hash Ring node "1a6e2598a8535e0bb13b75af3b33ff6c" from periodic health check thread {{(pid=103183) touch_hash_ring_node /opt/stack/neutron/neutron/plugins/ml2/drivers/ovn/mech_driver/ovsdb/maintenance.py:1466}}
May 18 18:33:08.393520 np0000174495 devstack@neutron-api.service[103182]: [pid: 103182|app: 0|req: 26/102] 199.204.45.205 () {64 vars in 1369 bytes} [Mon May 18 18:33:08 2026] GET /networking/v2.0/ports?device_id=manila-admin-share&binding%3Ahost_id=np0000174495 => generated 12 bytes in 280 msecs (HTTP/1.1 200) 4 headers in 156 bytes (1 switches on core 0)
May 18 18:33:08.438480 np0000174495 devstack@neutron-api.service[103181]: DEBUG neutron.api.wsgi [None req-4cdc2c53-5ad8-4b83-b378-6696b55eb20a service neutron] Missing Content-Type {{(pid=103181) get_content_type /opt/stack/neutron/neutron/api/wsgi.py:80}}
May 18 18:33:08.438950 np0000174495 devstack@neutron-api.service[103181]: DEBUG neutron.api.wsgi [None req-4cdc2c53-5ad8-4b83-b378-6696b55eb20a service neutron] https://199.204.45.205/networking/v2.0/extensions returned with HTTP 200 {{(pid=103181) __call__ /opt/stack/neutron/neutron/api/wsgi.py:540}}
May 18 18:33:08.439139 np0000174495 devstack@neutron-api.service[103181]: [pid: 103181|app: 0|req: 26/103] 199.204.45.205 () {64 vars in 1265 bytes} [Mon May 18 18:33:08 2026] GET /networking/v2.0/extensions => generated 15209 bytes in 3 msecs (HTTP/1.1 200) 4 headers in 159 bytes (1 switches on core 0)
May 18 18:33:08.481469 np0000174495 devstack@neutron-api.service[103183]: DEBUG neutron.api.v2.base [None req-dea536b8-f4f0-4579-afcd-495a0548c12d service neutron] Request body: {'port': {'network_id': 'd3035c68-60c7-4dc1-b440-3dd1335a35f1', 'admin_state_up': True, 'tenant_id': 'd9a0c74bbc06477893a4625fe891a01e', 'port_security_enabled': False, 'binding:host_id': 'np0000174495', 'fixed_ips': [{'subnet_id': '9724e0fc-f495-4ac8-8951-3e8ea0cd1019'}], 'device_owner': 'manila:share', 'device_id': 'manila-admin-share'}} {{(pid=103183) prepare_request_body /opt/stack/neutron/neutron/api/v2/base.py:727}}
May 18 18:33:08.504378 np0000174495 devstack@neutron-api.service[103183]: DEBUG neutron.pecan_wsgi.hooks.quota_enforcement [None req-dea536b8-f4f0-4579-afcd-495a0548c12d service neutron] Made reservation on behalf of d9a0c74bbc06477893a4625fe891a01e for: {'port': 1} {{(pid=103183) before /opt/stack/neutron/neutron/pecan_wsgi/hooks/quota_enforcement.py:66}}
May 18 18:33:08.506320 np0000174495 devstack@neutron-api.service[103183]: DEBUG neutron_lib.callbacks.manager [None req-dea536b8-f4f0-4579-afcd-495a0548c12d service neutron] Publish callbacks ['neutron.plugins.ml2.plugin.SecurityGroupDbMixin._ensure_default_security_group_handler-1412032'] for port (None), before_create {{(pid=103183) _notify_loop /opt/stack/data/venv/lib/python3.12/site-packages/neutron_lib/callbacks/manager.py:184}}
May 18 18:33:08.568025 np0000174495 devstack@neutron-api.service[103183]: DEBUG neutron.db.db_base_plugin_common [None req-dea536b8-f4f0-4579-afcd-495a0548c12d service neutron] Allocated IP 10.2.5.16 (d3035c68-60c7-4dc1-b440-3dd1335a35f1/9724e0fc-f495-4ac8-8951-3e8ea0cd1019/53ab1a5d-0f08-412f-a105-88ea62dede47) {{(pid=103183) _store_ip_allocation /opt/stack/neutron/neutron/db/db_base_plugin_common.py:131}}
May 18 18:33:08.616780 np0000174495 devstack@neutron-api.service[103183]: DEBUG neutron_lib.callbacks.manager [None req-dea536b8-f4f0-4579-afcd-495a0548c12d service neutron] Publish callbacks ['neutron.plugins.ml2.drivers.ovn.mech_driver.mech_driver.OVNMechanismDriver._validate_allowed_address_pairs-379201'] for allowed_address_pair (53ab1a5d-0f08-412f-a105-88ea62dede47), before_create {{(pid=103183) _notify_loop /opt/stack/data/venv/lib/python3.12/site-packages/neutron_lib/callbacks/manager.py:184}}
May 18 18:33:08.618354 np0000174495 devstack@neutron-api.service[103183]: DEBUG neutron_lib.callbacks.manager [None req-dea536b8-f4f0-4579-afcd-495a0548c12d service neutron] Publish callbacks [] for port (53ab1a5d-0f08-412f-a105-88ea62dede47), precommit_create {{(pid=103183) _notify_loop /opt/stack/data/venv/lib/python3.12/site-packages/neutron_lib/callbacks/manager.py:184}}
May 18 18:33:08.621733 np0000174495 devstack@neutron-api.service[103183]: DEBUG neutron.db.provisioning_blocks [None req-dea536b8-f4f0-4579-afcd-495a0548c12d service neutron] Transition to ACTIVE for port object 53ab1a5d-0f08-412f-a105-88ea62dede47 will not be triggered until provisioned by entity L2. {{(pid=103183) add_provisioning_component /opt/stack/neutron/neutron/db/provisioning_blocks.py:74}}
May 18 18:33:08.621982 np0000174495 devstack@neutron-api.service[103183]: DEBUG neutron.db.ovn_revision_numbers_db [None req-dea536b8-f4f0-4579-afcd-495a0548c12d service neutron] create_initial_revision uuid=53ab1a5d-0f08-412f-a105-88ea62dede47, type=ports, rev=-1 {{(pid=103183) create_initial_revision /opt/stack/neutron/neutron/db/ovn_revision_numbers_db.py:98}}
May 18 18:33:08.636023 np0000174495 devstack@neutron-api.service[103183]: DEBUG neutron_lib.callbacks.manager [None req-dea536b8-f4f0-4579-afcd-495a0548c12d service neutron] Publish callbacks ['neutron.plugins.ml2.ovo_rpc._ObjectChangeHandler.handle_event-183834'] for port (53ab1a5d-0f08-412f-a105-88ea62dede47), after_create {{(pid=103183) _notify_loop /opt/stack/data/venv/lib/python3.12/site-packages/neutron_lib/callbacks/manager.py:184}}
May 18 18:33:08.650740 np0000174495 devstack@neutron-api.service[103183]: DEBUG neutron.api.rpc.handlers.resources_rpc [None req-dea536b8-f4f0-4579-afcd-495a0548c12d service neutron] Pushing event updated for resources: {'Port': ['ID=53ab1a5d-0f08-412f-a105-88ea62dede47,revision_number=1']} {{(pid=103183) push /opt/stack/neutron/neutron/api/rpc/handlers/resources_rpc.py:237}}
May 18 18:33:08.687070 np0000174495 devstack@neutron-api.service[103183]: DEBUG ovsdbapp.backend.ovs_idl.transaction [None req-e749a79f-0fc1-446e-a861-dc9a4d31af64 None None] Running txn n=1 command(idx=0): AddLSwitchPortCommand(_result=None, lport=53ab1a5d-0f08-412f-a105-88ea62dede47, lswitch=neutron-d3035c68-60c7-4dc1-b440-3dd1335a35f1, may_exist=True, network_uuid=d3035c68-60c7-4dc1-b440-3dd1335a35f1, columns={'addresses': ['fa:16:3e:ba:d5:ce 10.2.5.16', 'unknown'], 'external_ids': {'neutron:port_name': '', 'neutron:device_id': 'manila-admin-share', 'neutron:project_id': 'd9a0c74bbc06477893a4625fe891a01e', 'neutron:cidrs': '10.2.5.16/24', 'neutron:device_owner': 'manila:share', 'neutron:subnet_pool_addr_scope4': '', 'neutron:subnet_pool_addr_scope6': '', 'neutron:network_name': 'neutron-d3035c68-60c7-4dc1-b440-3dd1335a35f1', 'neutron:security_group_ids': '', 'neutron:revision_number': '1', 'neutron:vnic_type': 'normal', 'neutron:port_capabilities': '', 'neutron:mtu': ''}, 'parent_name': [], 'tag': [], 'enabled': True, 'options': {'requested-chassis': 'np0000174495'}, 'type': '', 'port_security': [], 'dhcpv4_options': [UUID('4376e6cc-f52f-444c-9b8a-2bf198b8e3a6')], 'dhcpv6_options': []}) {{(pid=103183) do_commit /opt/stack/data/venv/lib/python3.12/site-packages/ovsdbapp/backend/ovs_idl/transaction.py:89}}
