+ exec neutron-ovn-metadata-agent --config-file /etc/neutron/neutron.conf --config-file /etc/neutron/ovn_metadata_agent.ini --config-file /tmp/pod-shared/neutron-agent.ini --config-file /tmp/pod-shared/ovn.ini 3 RLock(s) were not greened, to fix this error make sure you run eventlet.monkey_patch() before importing any other modules. /var/lib/openstack/lib/python3.12/site-packages/pecan/core.py:320: SyntaxWarning: invalid escape sequence '\*' ''' /var/lib/openstack/lib/python3.12/site-packages/pecan/routing.py:48: SyntaxWarning: invalid escape sequence '\(' '^[0-9a-zA-Z-_$\(\)\.~!,;:*+@=]+$', route
2026-04-28 18:01:19.421 48 INFO neutron.common.config [-] Logging enabled!
2026-04-28 18:01:19.421 48 INFO neutron.common.config [-] /var/lib/openstack/bin/neutron-ovn-metadata-agent version 25.2.4.dev1
2026-04-28 18:01:19.445 48 INFO ovsdbapp.backend.ovs_idl.vlog [-] unix:/run/openvswitch/db.sock: connecting...
2026-04-28 18:01:19.445 48 INFO ovsdbapp.backend.ovs_idl.vlog [-] unix:/run/openvswitch/db.sock: connected
2026-04-28 18:01:19.493 48 INFO neutron.agent.ovn.metadata.ovsdb [-] Getting OvsdbSbOvnIdl for MetadataAgent with retry
2026-04-28 18:01:19.493 48 INFO ovsdbapp.backend.ovs_idl.vlog [-] tcp:10.100.25.45:6642: connecting...
2026-04-28 18:01:19.494 48 INFO ovsdbapp.backend.ovs_idl.vlog [-] tcp:10.100.25.45:6642: connected
2026-04-28 18:01:19.517 48 INFO oslo_service.service [-] Starting 2 workers
2026-04-28 18:01:19.522 48 INFO oslo.privsep.daemon [-] Running privsep helper: ['sudo', '/var/lib/openstack/bin/neutron-rootwrap', '/etc/neutron/rootwrap.conf', 'privsep-helper', '--config-file', '/etc/neutron/neutron.conf', '--config-file', '/etc/neutron/ovn_metadata_agent.ini', '--config-file', '/tmp/pod-shared/neutron-agent.ini', '--config-file', '/tmp/pod-shared/ovn.ini', '--privsep_context', 'neutron.privileged.namespace_cmd', '--privsep_sock_path', '/tmp/tmptw9ygbg_/privsep.sock']
2026-04-28 18:01:19.550 57 INFO neutron.agent.ovn.metadata.ovsdb [-] Getting OvsdbSbOvnIdl for MetadataAgent with retry
2026-04-28 18:01:19.551 57 INFO ovsdbapp.backend.ovs_idl.vlog [-] tcp:10.100.25.45:6642: connecting...
2026-04-28 18:01:19.553 57 INFO ovsdbapp.backend.ovs_idl.vlog [-] tcp:10.100.25.45:6642: connected
2026-04-28 18:01:19.556 56 INFO neutron.agent.ovn.metadata.ovsdb [-] Getting OvsdbSbOvnIdl for MetadataAgent with retry
2026-04-28 18:01:19.559 56 INFO ovsdbapp.backend.ovs_idl.vlog [-] tcp:10.100.25.45:6642: connecting...
2026-04-28 18:01:19.560 56 INFO ovsdbapp.backend.ovs_idl.vlog [-] tcp:10.100.25.45:6642: connected
2026-04-28 18:01:19.576 57 INFO eventlet.wsgi.server [-] (57) wsgi starting up on http:/var/lib/neutron/openstack-helm/metadata_proxy
2026-04-28 18:01:19.585 56 INFO eventlet.wsgi.server [-] (56) wsgi starting up on http:/var/lib/neutron/openstack-helm/metadata_proxy
2026-04-28 18:01:20.804 48 INFO oslo.privsep.daemon [-] Spawned new privsep daemon via rootwrap
2026-04-28 18:01:20.673 61 INFO oslo.privsep.daemon [-] privsep daemon starting
2026-04-28 18:01:20.680 61 INFO oslo.privsep.daemon [-] privsep process running with uid/gid: 0/0
2026-04-28 18:01:20.683 61 INFO oslo.privsep.daemon [-] privsep process running with capabilities (eff/prm/inh): CAP_SYS_ADMIN/CAP_SYS_ADMIN/none
2026-04-28 18:01:20.683 61 INFO oslo.privsep.daemon [-] privsep daemon running as pid 61
2026-04-28 18:01:22.338 48 WARNING oslo.privsep.daemon [-] privsep log: /var/lib/openstack/lib/python3.12/site-packages/pecan/core.py:320: SyntaxWarning: invalid escape sequence '\*'
2026-04-28 18:01:22.339 48 WARNING oslo.privsep.daemon [-] privsep log: '''
2026-04-28 18:01:22.487 48 WARNING oslo.privsep.daemon [-] privsep log: /var/lib/openstack/lib/python3.12/site-packages/pecan/routing.py:48: SyntaxWarning: invalid escape sequence '\('
2026-04-28 18:01:22.488 48 WARNING oslo.privsep.daemon [-] privsep log: '^[0-9a-zA-Z-_$\(\)\.~!,;:*+@=]+$', route
2026-04-28 18:03:01.776 57 ERROR neutron.agent.ovn.metadata.server [-] No port found in network None with IP address 169.254.169.254
2026-04-28 18:03:01.778 57 INFO eventlet.wsgi.server [-] 169.254.169.254, "GET / HTTP/1.1" status: 404 len: 176 time: 0.0028369
2026-04-28 18:04:43.862 57 ERROR neutron.agent.ovn.metadata.server [-] No port found in network None with IP address 169.254.169.254
2026-04-28 18:04:43.863 57 INFO eventlet.wsgi.server [-] 169.254.169.254, "GET / HTTP/1.1" status: 404 len: 176 time: 0.0011194
2026-04-28 18:05:33.514 48 INFO neutron.agent.ovn.metadata.agent [-] Metadata Port aae1285d-4e1a-4762-a658-e32212f4b8de in datapath 01497188-24b8-4c97-9b55-fbd2b9dda937 updated
2026-04-28 18:05:33.517 48 INFO oslo.privsep.daemon [-] Running privsep helper: ['sudo', '/var/lib/openstack/bin/neutron-rootwrap', '/etc/neutron/rootwrap.conf', 'privsep-helper', '--config-file', '/etc/neutron/neutron.conf', '--config-file', '/etc/neutron/ovn_metadata_agent.ini', '--config-file', '/tmp/pod-shared/neutron-agent.ini', '--config-file', '/tmp/pod-shared/ovn.ini', '--privsep_context', 'neutron.privileged.default', '--privsep_sock_path', '/tmp/tmpg4wz_7pg/privsep.sock']
2026-04-28 18:05:34.205 48 INFO oslo.privsep.daemon [-] Spawned new privsep daemon via rootwrap
2026-04-28 18:05:34.084 80 INFO oslo.privsep.daemon [-] privsep daemon starting
2026-04-28 18:05:34.090 80 INFO oslo.privsep.daemon [-] privsep process running with uid/gid: 0/0
2026-04-28 18:05:34.094 80 INFO oslo.privsep.daemon [-] privsep process running with capabilities (eff/prm/inh): CAP_DAC_OVERRIDE|CAP_DAC_READ_SEARCH|CAP_NET_ADMIN|CAP_SYS_ADMIN|CAP_SYS_PTRACE/CAP_DAC_OVERRIDE|CAP_DAC_READ_SEARCH|CAP_NET_ADMIN|CAP_SYS_ADMIN|CAP_SYS_PTRACE/none
2026-04-28 18:05:34.094 80 INFO oslo.privsep.daemon [-] privsep daemon running as pid 80
2026-04-28 18:07:53.839 56 ERROR neutron.agent.ovn.metadata.server [-] No port found in network None with IP address 169.254.169.254
2026-04-28 18:07:53.840 56 INFO eventlet.wsgi.server [-] 169.254.169.254, "GET / HTTP/1.1" status: 404 len: 176 time: 0.0019038
2026-04-28 18:08:23.825 56 ERROR neutron.agent.ovn.metadata.server [-] No port found in network None with IP address 169.254.169.254
2026-04-28 18:08:23.826 56 INFO eventlet.wsgi.server [-] 169.254.169.254, "GET / HTTP/1.1" status: 404 len: 176 time: 0.0013163
2026-04-28 18:09:16.714 48 INFO neutron.agent.ovn.metadata.agent [-] Port e60d1add-f144-4246-b43c-f83ef1fbe278 in datapath 01497188-24b8-4c97-9b55-fbd2b9dda937 bound to our chassis
2026-04-28 18:09:16.718 48 INFO neutron.agent.ovn.metadata.agent [-] Provisioning metadata for network 01497188-24b8-4c97-9b55-fbd2b9dda937
2026-04-28 18:09:16.766 48 INFO oslo.privsep.daemon [-] Running privsep helper: ['sudo', '/var/lib/openstack/bin/neutron-rootwrap', '/etc/neutron/rootwrap.conf', 'privsep-helper', '--config-file', '/etc/neutron/neutron.conf', '--config-file', '/etc/neutron/ovn_metadata_agent.ini', '--config-file', '/tmp/pod-shared/neutron-agent.ini', '--config-file', '/tmp/pod-shared/ovn.ini', '--privsep_context', 'neutron.privileged.link_cmd', '--privsep_sock_path', '/tmp/tmphe5d24zk/privsep.sock']
2026-04-28 18:09:17.451 48 INFO oslo.privsep.daemon [-] Spawned new privsep daemon via rootwrap
2026-04-28 18:09:17.324 104 INFO oslo.privsep.daemon [-] privsep daemon starting
2026-04-28 18:09:17.330 104 INFO oslo.privsep.daemon [-] privsep process running with uid/gid: 0/0
2026-04-28 18:09:17.333 104 INFO oslo.privsep.daemon [-] privsep process running with capabilities (eff/prm/inh): CAP_NET_ADMIN|CAP_SYS_ADMIN/CAP_NET_ADMIN|CAP_SYS_ADMIN/none
2026-04-28 18:09:17.333 104 INFO oslo.privsep.daemon [-] privsep daemon running as pid 104
2026-04-28 18:09:18.905 48 INFO oslo_rootwrap.client [-] Spawned new rootwrap daemon process with pid=127
2026-04-28 18:11:03.828 57 ERROR neutron.agent.ovn.metadata.server [-] No port found in network None with IP address 169.254.169.254
2026-04-28 18:11:03.829 57 INFO eventlet.wsgi.server [-] 169.254.169.254, "GET / HTTP/1.1" status: 404 len: 176 time: 0.0008202
2026-04-28 18:14:14.147 57 ERROR neutron.agent.ovn.metadata.server [-] No port found in network None with IP address 169.254.169.254
2026-04-28 18:14:14.148 57 INFO eventlet.wsgi.server [-] 169.254.169.254, "GET / HTTP/1.1" status: 404 len: 176 time: 0.0010328
2026-04-28 18:17:23.857 56 ERROR neutron.agent.ovn.metadata.server [-] No port found in network None with IP address 169.254.169.254
2026-04-28 18:17:23.857 56 INFO eventlet.wsgi.server [-] 169.254.169.254, "GET / HTTP/1.1" status: 404 len: 176 time: 0.0006928
2026-04-28 18:18:18.008 48 INFO neutron.agent.ovn.metadata.agent [-] Port bbfdde1d-599d-464c-9c1e-e12ff43b842d in datapath 19cb5954-6366-412b-b38c-9d2eb0b47fe8 bound to our chassis
2026-04-28 18:18:23.842 56 ERROR neutron.agent.ovn.metadata.server [-] No port found in network None with IP address 169.254.169.254
2026-04-28 18:18:23.843 56 INFO eventlet.wsgi.server [-] 169.254.169.254, "GET / HTTP/1.1" status: 404 len: 176 time: 0.0007756
2026-04-28 18:19:19.964 48 INFO oslo_rootwrap.client [-] Rootwrap daemon process exit with status: 0
2026-04-28 18:20:33.852 57 ERROR neutron.agent.ovn.metadata.server [-] No port found in network None with IP address 169.254.169.254
2026-04-28 18:20:33.852 57 INFO eventlet.wsgi.server [-] 169.254.169.254, "GET / HTTP/1.1" status: 404 len: 176 time: 0.0008233
2026-04-28 18:23:43.845 57 ERROR neutron.agent.ovn.metadata.server [-] No port found in network None with IP address 169.254.169.254
2026-04-28 18:23:43.845 57 INFO eventlet.wsgi.server [-] 169.254.169.254, "GET / HTTP/1.1" status: 404 len: 176 time: 0.0006344
2026-04-28 18:26:53.885 56 ERROR neutron.agent.ovn.metadata.server [-] No port found in network None with IP address 169.254.169.254
2026-04-28 18:26:53.885 56 INFO eventlet.wsgi.server [-] 169.254.169.254, "GET / HTTP/1.1" status: 404 len: 176 time: 0.0006831
2026-04-28 18:28:23.870 56 ERROR neutron.agent.ovn.metadata.server [-] No port found in network None with IP address 169.254.169.254
2026-04-28 18:28:23.870 56 INFO eventlet.wsgi.server [-] 169.254.169.254, "GET / HTTP/1.1" status: 404 len: 176 time: 0.0007594
2026-04-28 18:30:03.852 57 ERROR neutron.agent.ovn.metadata.server [-] No port found in network None with IP address 169.254.169.254
2026-04-28 18:30:03.853 57 INFO eventlet.wsgi.server [-] 169.254.169.254, "GET / HTTP/1.1" status: 404 len: 176 time: 0.0006475
2026-04-28 18:32:50.138 48 INFO neutron.agent.ovn.metadata.agent [-] Metadata Port 7e37d85d-9b43-4a46-bc9a-f9b569a77fc7 in datapath 690a0d8a-ed6c-4e9c-999f-2010df62f259 updated
2026-04-28 18:32:50.160 48 INFO neutron.agent.ovn.metadata.agent [-] Metadata Port 36d06d3a-8fe9-4de6-9d37-f6e2ecc682bb in datapath 2f5ecc95-6900-4fc6-8075-87ae622b8a74 updated
2026-04-28 18:32:50.251 48 INFO neutron.agent.ovn.metadata.agent [-] Metadata Port de3b1734-895a-4c95-82c4-fa0c6af672fc in datapath 81977fab-5dec-486e-a5e6-0fedfc6c29e1 updated
2026-04-28 18:32:54.454 48 INFO neutron.agent.ovn.metadata.agent [-] Metadata Port 70a1e12f-16c0-432b-84bd-77bbb3d231b7 in datapath a908f823-1fe8-482a-a0fb-4edede6e5496 updated
2026-04-28 18:33:03.264 48 INFO neutron.agent.ovn.metadata.agent [-] Metadata Port e26d033c-90c7-46c1-81b6-b3c5aa4a0300 in datapath 65aa4b5c-eaf5-4ad7-b673-ab84b0da13fd updated
2026-04-28 18:33:05.831 48 INFO neutron.agent.ovn.metadata.agent [-] Metadata Port ab0a1553-f389-4aab-9761-2fe9dbc82b4f in datapath e76ef977-3c55-4ee8-ba5a-5df23270292a updated
2026-04-28 18:33:11.185 48 INFO neutron.agent.ovn.metadata.agent [-] Port 07aa77ea-8edf-4122-96e2-9e376e442d3b in datapath 690a0d8a-ed6c-4e9c-999f-2010df62f259 bound to our chassis
2026-04-28 18:33:11.188 48 INFO neutron.agent.ovn.metadata.agent [-] Provisioning metadata for network 690a0d8a-ed6c-4e9c-999f-2010df62f259
2026-04-28 18:33:11.485 48 WARNING oslo_rootwrap.client [-] Leaving behind already spawned process with pid 127, root should kill it if it's still there (I can't)
2026-04-28 18:33:11.699 48 INFO oslo_rootwrap.client [-] Spawned new rootwrap daemon process with pid=230
2026-04-28 18:33:11.811 48 INFO neutron.agent.ovn.metadata.agent [-] Port e5bf8458-65e2-4919-a405-fa9f81f9a955 in datapath 81977fab-5dec-486e-a5e6-0fedfc6c29e1 unbound from our chassis
2026-04-28 18:33:11.813 48 INFO neutron.agent.ovn.metadata.agent [-] Provisioning metadata for network 81977fab-5dec-486e-a5e6-0fedfc6c29e1
2026-04-28 18:33:13.882 57 ERROR neutron.agent.ovn.metadata.server [-] No port found in network None with IP address 169.254.169.254
2026-04-28 18:33:13.883 57 INFO eventlet.wsgi.server [-] 169.254.169.254, "GET / HTTP/1.1" status: 404 len: 176 time: 0.0016973
2026-04-28 18:33:17.674 48 INFO neutron.agent.ovn.metadata.agent [-] Port e5bf8458-65e2-4919-a405-fa9f81f9a955 in datapath 81977fab-5dec-486e-a5e6-0fedfc6c29e1 unbound from our chassis
2026-04-28 18:33:17.678 48 INFO neutron.agent.ovn.metadata.agent [-] Cleaning up ovnmeta-81977fab-5dec-486e-a5e6-0fedfc6c29e1 namespace which is not needed anymore
2026-04-28 18:33:19.143 48 INFO neutron.agent.ovn.metadata.agent [-] Port d74f2084-cd5c-4b40-8d21-09d77e8af1db in datapath 65aa4b5c-eaf5-4ad7-b673-ab84b0da13fd bound to our chassis
2026-04-28 18:33:19.145 48 INFO neutron.agent.ovn.metadata.agent [-] Provisioning metadata for network 65aa4b5c-eaf5-4ad7-b673-ab84b0da13fd
2026-04-28 18:33:20.799 48 INFO neutron.agent.ovn.metadata.agent [-] Port 3ae7b80c-548a-470e-a199-fd5914df55f6 in datapath e76ef977-3c55-4ee8-ba5a-5df23270292a bound to our chassis
2026-04-28 18:33:20.802 48 INFO neutron.agent.ovn.metadata.agent [-] Provisioning metadata for network e76ef977-3c55-4ee8-ba5a-5df23270292a
2026-04-28 18:33:23.708 48 INFO neutron.agent.ovn.metadata.agent [-] Port d74f2084-cd5c-4b40-8d21-09d77e8af1db in datapath 65aa4b5c-eaf5-4ad7-b673-ab84b0da13fd unbound from our chassis
2026-04-28 18:33:23.716 48 INFO neutron.agent.ovn.metadata.agent [-] Cleaning up ovnmeta-65aa4b5c-eaf5-4ad7-b673-ab84b0da13fd namespace which is not needed anymore
2026-04-28 18:33:24.551 56 INFO eventlet.wsgi.server [-] 10.100.0.12, "GET /2009-04-04/meta-data/instance-id HTTP/1.1" status: 200 len: 146 time: 1.1351695
2026-04-28 18:33:24.578 56 INFO eventlet.wsgi.server [-] 10.100.0.12, "GET /2009-04-04/meta-data/public-keys HTTP/1.1" status: 200 len: 163 time: 0.0130005
2026-04-28 18:33:24.607 57 INFO eventlet.wsgi.server [-] 10.100.0.12, "GET /2009-04-04/meta-data/public-keys/0/openssh-key HTTP/1.1" status: 200 len: 341 time: 0.0239701
2026-04-28 18:33:24.623 56 INFO eventlet.wsgi.server [-] 10.100.0.12, "GET /2009-04-04/meta-data/instance-id HTTP/1.1" status: 200 len: 146 time: 0.0077987
2026-04-28 18:33:24.633 56 INFO eventlet.wsgi.server [-] 10.100.0.12, "GET /2009-04-04/meta-data/ami-launch-index HTTP/1.1" status: 200 len: 136 time: 0.0045815
2026-04-28 18:33:24.645 56 INFO eventlet.wsgi.server [-] 10.100.0.12, "GET /2009-04-04/meta-data/instance-type HTTP/1.1" status: 200 len: 142 time: 0.0065598
2026-04-28 18:33:24.660 57 INFO eventlet.wsgi.server [-] 10.100.0.12, "GET /2009-04-04/meta-data/local-ipv4 HTTP/1.1" status: 200 len: 147 time: 0.0083656
2026-04-28 18:33:24.671 56 INFO eventlet.wsgi.server [-] 10.100.0.12, "GET /2009-04-04/meta-data/public-ipv4 HTTP/1.1" status: 200 len: 149 time: 0.0065820
2026-04-28 18:33:24.688 56 INFO eventlet.wsgi.server [-] 10.100.0.12, "GET /2009-04-04/meta-data/hostname HTTP/1.1" status: 200 len: 201 time: 0.0098805
2026-04-28 18:33:24.701 56 INFO eventlet.wsgi.server [-] 10.100.0.12, "GET /2009-04-04/meta-data/local-hostname HTTP/1.1" status: 200 len: 201 time: 0.0068898
2026-04-28 18:33:24.740 56 INFO eventlet.wsgi.server [-] 10.100.0.12, "GET /2009-04-04/user-data HTTP/1.1" status: 200 len: 231 time: 0.0046225
2026-04-28 18:33:24.759 56 INFO eventlet.wsgi.server [-] 10.100.0.12, "GET /2009-04-04/meta-data/block-device-mapping HTTP/1.1" status: 200 len: 143 time: 0.0118165
2026-04-28 18:33:24.772 56 INFO eventlet.wsgi.server [-] 10.100.0.12, "GET /2009-04-04/meta-data/block-device-mapping/ami HTTP/1.1" status: 200 len: 138 time: 0.0065236
2026-04-28 18:33:24.784 56 INFO eventlet.wsgi.server [-] 10.100.0.12, "GET /2009-04-04/meta-data/block-device-mapping/root HTTP/1.1" status: 200 len: 143 time: 0.0078804
2026-04-28 18:33:24.797 56 INFO eventlet.wsgi.server [-] 10.100.0.12, "GET /2009-04-04/meta-data/public-hostname HTTP/1.1" status: 200 len: 201 time: 0.0056560
2026-04-28 18:33:24.809 56 INFO eventlet.wsgi.server [-] 10.100.0.12, "GET /2009-04-04/meta-data/placement/availability-zone HTTP/1.1" status: 200 len: 139 time: 0.0071802
2026-04-28 18:33:26.389 48 INFO neutron.agent.ovn.metadata.agent [-] Port 3ae7b80c-548a-470e-a199-fd5914df55f6 in datapath e76ef977-3c55-4ee8-ba5a-5df23270292a unbound from our chassis
2026-04-28 18:33:26.392 48 INFO neutron.agent.ovn.metadata.agent [-] Cleaning up ovnmeta-e76ef977-3c55-4ee8-ba5a-5df23270292a namespace which is not needed anymore
2026-04-28 18:33:33.024 48 INFO neutron.agent.ovn.metadata.agent [-] Port 07aa77ea-8edf-4122-96e2-9e376e442d3b in datapath 690a0d8a-ed6c-4e9c-999f-2010df62f259 unbound from our chassis
2026-04-28 18:33:33.029 48 INFO neutron.agent.ovn.metadata.agent [-] Cleaning up ovnmeta-690a0d8a-ed6c-4e9c-999f-2010df62f259 namespace which is not needed anymore
2026-04-28 18:33:35.536 48 INFO neutron.agent.ovn.metadata.agent [-] Metadata Port a6f26c39-6d0e-4412-aafb-6e5caa784000 in datapath fe6e90a9-29f5-4964-8b4a-6b4893cf3dcc updated
2026-04-28 18:33:43.912 48 INFO neutron.agent.ovn.metadata.agent [-] Metadata Port dc8ba31b-c6d9-4ae1-95c5-7bbbc8434df2 in datapath a21c2dfc-b2f8-4235-835f-1aef518ba80c updated
2026-04-28 18:33:51.059 48 INFO neutron.agent.ovn.metadata.agent [-] Port a06cc622-2d81-4bc1-bb0a-0b48cbf8d44d in datapath fe6e90a9-29f5-4964-8b4a-6b4893cf3dcc bound to our chassis
2026-04-28 18:33:51.061 48 INFO neutron.agent.ovn.metadata.agent [-] Provisioning metadata for network fe6e90a9-29f5-4964-8b4a-6b4893cf3dcc
2026-04-28 18:33:51.760 48 INFO neutron.agent.ovn.metadata.agent [-] Metadata Port 000339fc-fdf9-43d8-a333-5b332424a5c6 in datapath d3fddd40-2f56-4a60-947b-39b364501f1c updated
2026-04-28 18:33:52.296 48 INFO neutron.agent.ovn.metadata.agent [-] Metadata Port 1bf8db82-83bf-481f-8c16-cdd1f2bfe671 in datapath b97f2618-c4ac-4ee4-889d-c0e42d320e62 updated
2026-04-28 18:33:57.826 48 INFO neutron.agent.ovn.metadata.agent [-] Metadata Port b1bd0957-0cb6-496d-967c-d233cf26c13f in datapath 5edc2259-601b-4141-ad18-07adbe48b796 updated
2026-04-28 18:33:59.268 48 INFO neutron.agent.ovn.metadata.agent [-] Metadata Port d4074f92-6ff3-4f09-8c1d-c4c760d5a514 in datapath af209289-4f3d-4160-af61-9e053f31e3ea updated
2026-04-28 18:34:04.017 57 INFO eventlet.wsgi.server [-] 10.100.0.11, "GET /2009-04-04/meta-data/instance-id HTTP/1.1" status: 200 len: 146 time: 0.1049581
2026-04-28 18:34:04.034 57 INFO eventlet.wsgi.server [-] 10.100.0.11, "GET /2009-04-04/meta-data/public-keys HTTP/1.1" status: 200 len: 164 time: 0.0086462
2026-04-28 18:34:04.055 56 INFO eventlet.wsgi.server [-] 10.100.0.11, "GET /2009-04-04/meta-data/public-keys/0/openssh-key HTTP/1.1" status: 200 len: 341 time: 0.0171490
2026-04-28 18:34:04.071 57 INFO eventlet.wsgi.server [-] 10.100.0.11, "GET /2009-04-04/meta-data/instance-id HTTP/1.1" status: 200 len: 146 time: 0.0075579
2026-04-28 18:34:04.083 57 INFO eventlet.wsgi.server [-] 10.100.0.11, "GET /2009-04-04/meta-data/ami-launch-index HTTP/1.1" status: 200 len: 136 time: 0.0079794
2026-04-28 18:34:04.097 57 INFO eventlet.wsgi.server [-] 10.100.0.11, "GET /2009-04-04/meta-data/instance-type HTTP/1.1" status: 200 len: 142 time: 0.0069609
2026-04-28 18:34:04.109 57 INFO eventlet.wsgi.server [-] 10.100.0.11, "GET /2009-04-04/meta-data/local-ipv4 HTTP/1.1" status: 200 len: 147 time: 0.0077846
2026-04-28 18:34:04.123 57 INFO eventlet.wsgi.server [-] 10.100.0.11, "GET /2009-04-04/meta-data/public-ipv4 HTTP/1.1" status: 200 len: 149 time: 0.0094712
2026-04-28 18:34:04.139 57 INFO eventlet.wsgi.server [-] 10.100.0.11, "GET /2009-04-04/meta-data/hostname HTTP/1.1" status: 200 len: 192 time: 0.0081666
2026-04-28 18:34:04.150 57 INFO eventlet.wsgi.server [-] 10.100.0.11, "GET /2009-04-04/meta-data/local-hostname HTTP/1.1" status: 200 len: 192 time: 0.0066552
2026-04-28 18:34:04.193 57 INFO eventlet.wsgi.server [-] 10.100.0.11, "GET /2009-04-04/user-data HTTP/1.1" status: 200 len: 231 time: 0.0055985
2026-04-28 18:34:04.207 57 INFO eventlet.wsgi.server [-] 10.100.0.11, "GET /2009-04-04/meta-data/block-device-mapping HTTP/1.1" status: 200 len: 143 time: 0.0078962
2026-04-28 18:34:04.225 57 INFO eventlet.wsgi.server [-] 10.100.0.11, "GET /2009-04-04/meta-data/block-device-mapping/ami HTTP/1.1" status: 200 len: 138 time: 0.0076203
2026-04-28 18:34:04.241 57 INFO eventlet.wsgi.server [-] 10.100.0.11, "GET /2009-04-04/meta-data/block-device-mapping/root HTTP/1.1" status: 200 len: 143 time: 0.0096221
2026-04-28 18:34:04.253 56 INFO eventlet.wsgi.server [-] 10.100.0.11, "GET /2009-04-04/meta-data/public-hostname HTTP/1.1" status: 200 len: 192 time: 0.0054536
2026-04-28 18:34:04.263 56 INFO eventlet.wsgi.server [-] 10.100.0.11, "GET /2009-04-04/meta-data/placement/availability-zone HTTP/1.1" status: 200 len: 139 time: 0.0055540
2026-04-28 18:34:06.205 48 INFO neutron.agent.ovn.metadata.agent [-] Port 2c21074a-a6b1-47a1-b85f-8b0d2254d628 in datapath a21c2dfc-b2f8-4235-835f-1aef518ba80c bound to our chassis
2026-04-28 18:34:06.206 48 INFO neutron.agent.ovn.metadata.agent [-] Provisioning metadata for network a21c2dfc-b2f8-4235-835f-1aef518ba80c
2026-04-28 18:34:10.343 48 INFO neutron.agent.ovn.metadata.agent [-] Port 2c21074a-a6b1-47a1-b85f-8b0d2254d628 in datapath a21c2dfc-b2f8-4235-835f-1aef518ba80c unbound from our chassis
2026-04-28 18:34:10.346 48 INFO neutron.agent.ovn.metadata.agent [-] Cleaning up ovnmeta-a21c2dfc-b2f8-4235-835f-1aef518ba80c namespace which is not needed anymore
2026-04-28 18:34:14.347 48 INFO neutron.agent.ovn.metadata.agent [-] Port a06cc622-2d81-4bc1-bb0a-0b48cbf8d44d in datapath fe6e90a9-29f5-4964-8b4a-6b4893cf3dcc unbound from our chassis
2026-04-28 18:34:14.350 48 INFO neutron.agent.ovn.metadata.agent [-] Cleaning up ovnmeta-fe6e90a9-29f5-4964-8b4a-6b4893cf3dcc namespace which is not needed anymore
2026-04-28 18:34:14.450 48 INFO neutron.agent.ovn.metadata.agent [-] Metadata Port cd5bd695-3fa3-4219-b68e-63c1a2b769a6 in datapath 4b84ef0d-517d-4536-af80-46a50477afb0 updated
2026-04-28 18:34:15.144 48 INFO neutron.agent.ovn.metadata.agent [-] Metadata Port dfcf94bc-ac30-453f-8df8-e743a4e1b9e2 in datapath 17cf306a-f61d-40c9-8c31-7ed8709b33ce updated
2026-04-28 18:34:16.095 48 INFO neutron.agent.ovn.metadata.agent [-] Metadata Port 01c5aee5-5f74-4848-a96d-22eeddd7b24d in datapath 49bd1a3c-3e17-4988-9369-ca0bb5a0793a updated
2026-04-28 18:34:17.323 48 INFO neutron.agent.ovn.metadata.agent [-] Port a06cc622-2d81-4bc1-bb0a-0b48cbf8d44d in datapath fe6e90a9-29f5-4964-8b4a-6b4893cf3dcc bound to our chassis
2026-04-28 18:34:17.325 48 INFO neutron.agent.ovn.metadata.agent [-] Provisioning metadata for network fe6e90a9-29f5-4964-8b4a-6b4893cf3dcc
2026-04-28 18:34:17.777 48 INFO neutron.agent.ovn.metadata.agent [-] Metadata Port 81bdb1a3-9054-4f16-ad5e-c97869f4ce55 in datapath 041f02eb-625f-4f5b-bb11-7dedab677035 updated
2026-04-28 18:34:17.817 48 INFO neutron.agent.ovn.metadata.agent [-] Metadata Port 4d6d27e0-dd74-431b-bb41-ccc634721d08 in datapath 25931db7-b6e7-4b5e-bec1-2288e803371e updated
2026-04-28 18:34:28.874 57 INFO eventlet.wsgi.server [-] 10.100.0.11, "GET /2009-04-04/meta-data/instance-id HTTP/1.1" status: 200 len: 146 time: 1.1860709
2026-04-28 18:34:28.892 56 INFO eventlet.wsgi.server [-] 10.100.0.11, "GET /2009-04-04/meta-data/public-keys HTTP/1.1" status: 200 len: 164 time: 0.0061944
2026-04-28 18:34:28.901 56 INFO eventlet.wsgi.server [-] 10.100.0.11, "GET /2009-04-04/meta-data/public-keys/0/openssh-key HTTP/1.1" status: 200 len: 341 time: 0.0060365
2026-04-28 18:34:28.914 57 INFO eventlet.wsgi.server [-] 10.100.0.11, "GET /2009-04-04/meta-data/instance-id HTTP/1.1" status: 200 len: 146 time: 0.0066631
2026-04-28 18:34:28.926 56 INFO eventlet.wsgi.server [-] 10.100.0.11, "GET /2009-04-04/meta-data/ami-launch-index HTTP/1.1" status: 200 len: 136 time: 0.0073111
2026-04-28 18:34:28.943 56 INFO eventlet.wsgi.server [-] 10.100.0.11, "GET /2009-04-04/meta-data/instance-type HTTP/1.1" status: 200 len: 142 time: 0.0115552
2026-04-28 18:34:28.958 57 INFO eventlet.wsgi.server [-] 10.100.0.11, "GET /2009-04-04/meta-data/local-ipv4 HTTP/1.1" status: 200 len: 147 time: 0.0077274
2026-04-28 18:34:28.975 56 INFO eventlet.wsgi.server [-] 10.100.0.11, "GET /2009-04-04/meta-data/public-ipv4 HTTP/1.1" status: 200 len: 149 time: 0.0070093
2026-04-28 18:34:28.985 56 INFO eventlet.wsgi.server [-] 10.100.0.11, "GET /2009-04-04/meta-data/hostname HTTP/1.1" status: 200 len: 192 time: 0.0064867
2026-04-28 18:34:29.000 57 INFO eventlet.wsgi.server [-] 10.100.0.11, "GET /2009-04-04/meta-data/local-hostname HTTP/1.1" status: 200 len: 192 time: 0.0086114
2026-04-28 18:34:29.041 57 INFO eventlet.wsgi.server [-] 10.100.0.11, "GET /2009-04-04/user-data HTTP/1.1" status: 200 len: 231 time: 0.0086474
2026-04-28 18:34:29.054 57 INFO eventlet.wsgi.server [-] 10.100.0.11, "GET /2009-04-04/meta-data/block-device-mapping HTTP/1.1" status: 200 len: 143 time: 0.0062923
2026-04-28 18:34:29.064 57 INFO eventlet.wsgi.server [-] 10.100.0.11, "GET /2009-04-04/meta-data/block-device-mapping/ami HTTP/1.1" status: 200 len: 138 time: 0.0055225
2026-04-28 18:34:29.084 56 INFO eventlet.wsgi.server [-] 10.100.0.11, "GET /2009-04-04/meta-data/block-device-mapping/root HTTP/1.1" status: 200 len: 143 time: 0.0118952
2026-04-28 18:34:29.096 56 INFO eventlet.wsgi.server [-] 10.100.0.11, "GET /2009-04-04/meta-data/public-hostname HTTP/1.1" status: 200 len: 192 time: 0.0065885
2026-04-28 18:34:29.108 56 INFO eventlet.wsgi.server [-] 10.100.0.11, "GET /2009-04-04/meta-data/placement/availability-zone HTTP/1.1" status: 200 len: 139 time: 0.0064418
2026-04-28 18:34:34.391 48 INFO neutron.agent.ovn.metadata.agent [-] Port a06cc622-2d81-4bc1-bb0a-0b48cbf8d44d in datapath fe6e90a9-29f5-4964-8b4a-6b4893cf3dcc unbound from our chassis
2026-04-28 18:34:34.392 48 INFO neutron.agent.ovn.metadata.agent [-] Cleaning up ovnmeta-fe6e90a9-29f5-4964-8b4a-6b4893cf3dcc namespace which is not needed anymore
2026-04-28 18:35:03.350 48 INFO neutron.agent.ovn.metadata.agent [-] Metadata Port 6f8df1df-c1f7-48fb-87c0-654ac6f25d51 in datapath c3445e67-b89f-46fe-ab70-e5ced8898e6c updated
2026-04-28 18:35:11.368 48 INFO neutron.agent.ovn.metadata.agent [-] Metadata Port 9e375a0b-fed1-4c45-b360-fb80668805de in datapath 2a439b15-521d-461f-88c4-e33a99164b9f updated
2026-04-28 18:35:17.096 48 INFO neutron.agent.ovn.metadata.agent [-] Metadata Port 20430e93-4c85-4bd0-80ed-ef21c1969e21 in datapath dc714796-0e32-4522-b30e-36aae063c2d2 updated
2026-04-28 18:35:17.714 48 INFO neutron.agent.ovn.metadata.agent [-] Metadata Port 0f3241b4-cfa7-49f8-91f9-0efab2b276f3 in datapath d6685fda-dab1-4874-9f24-573fd6454de4 updated
2026-04-28 18:35:18.341 48 INFO neutron.agent.ovn.metadata.agent [-] Port 5c8f76d4-16ad-4621-99d5-0cc78da9f0d7 in datapath c3445e67-b89f-46fe-ab70-e5ced8898e6c bound to our chassis
2026-04-28 18:35:18.342 48 INFO neutron.agent.ovn.metadata.agent [-] Provisioning metadata for network c3445e67-b89f-46fe-ab70-e5ced8898e6c
2026-04-28 18:35:22.101 48 INFO neutron.agent.ovn.metadata.agent [-] Port 5c8f76d4-16ad-4621-99d5-0cc78da9f0d7 in datapath c3445e67-b89f-46fe-ab70-e5ced8898e6c unbound from our chassis
2026-04-28 18:35:22.103 48 INFO neutron.agent.ovn.metadata.agent [-] Cleaning up ovnmeta-c3445e67-b89f-46fe-ab70-e5ced8898e6c namespace which is not needed anymore
2026-04-28 18:35:24.158 48 INFO neutron.agent.ovn.metadata.agent [-] Metadata Port c14c93bf-116a-417e-81ca-0df9408f82ca in datapath 8091ad1e-114c-43b7-a590-149353c89938 updated
2026-04-28 18:35:28.240 48 INFO neutron.agent.ovn.metadata.agent [-] Metadata Port 75493493-a3e3-414f-92ed-fc4276565115 in datapath 50465791-7e75-4ad9-9995-c37695b4cfa4 updated
2026-04-28 18:35:30.574 48 INFO neutron.agent.ovn.metadata.agent [-] Metadata Port 92c295cf-dc6a-4f2c-b63d-eda1e12b011f in datapath a57abbd9-e890-4ada-80d4-dd79b2e06520 updated
2026-04-28 18:35:44.922 48 INFO neutron.agent.ovn.metadata.agent [-] Metadata Port 2ceff116-3b60-4bd6-8f48-e15b6d92e1d6 in datapath 84657623-2935-4a4a-abeb-6a55609649fc updated
2026-04-28 18:35:46.191 48 INFO neutron.agent.ovn.metadata.agent [-] Metadata Port 0fe63100-a401-475f-bfab-4571e08b9365 in datapath c93e9c59-a1df-44ed-a3be-3baee0138416 updated
2026-04-28 18:35:50.349 48 INFO neutron.agent.ovn.metadata.agent [-] Metadata Port c61736b8-8982-4d9c-afcd-df3766189f94 in datapath 8e4f415d-1f0b-4d4e-8516-144acb624110 updated
2026-04-28 18:35:59.681 48 INFO neutron.agent.ovn.metadata.agent [-] Port fcbf6b7c-4958-4512-8a3c-197e67059a2b in datapath c93e9c59-a1df-44ed-a3be-3baee0138416 bound to our chassis
2026-04-28 18:35:59.683 48 INFO neutron.agent.ovn.metadata.agent [-] Provisioning metadata for network c93e9c59-a1df-44ed-a3be-3baee0138416
2026-04-28 18:36:07.104 48 INFO neutron.agent.ovn.metadata.agent [-] Port 44460b79-457d-4d41-93b7-4a7d05ddbdd1 in datapath 84657623-2935-4a4a-abeb-6a55609649fc bound to our chassis
2026-04-28 18:36:07.106 48 INFO neutron.agent.ovn.metadata.agent [-] Provisioning metadata for network 84657623-2935-4a4a-abeb-6a55609649fc
2026-04-28 18:36:12.658 57 INFO eventlet.wsgi.server [-] 10.100.0.4, "GET /2009-04-04/meta-data/instance-id HTTP/1.1" status: 200 len: 146 time: 0.1115887
2026-04-28 18:36:12.677 57 INFO eventlet.wsgi.server [-] 10.100.0.4, "GET /2009-04-04/meta-data/public-keys HTTP/1.1" status: 200 len: 176 time: 0.0104356
2026-04-28 18:36:12.704 56 INFO eventlet.wsgi.server [-] 10.100.0.4, "GET /2009-04-04/meta-data/public-keys/0/openssh-key HTTP/1.1" status: 200 len: 341 time: 0.0211041
2026-04-28 18:36:12.720 56 INFO eventlet.wsgi.server [-] 10.100.0.4, "GET /2009-04-04/meta-data/instance-id HTTP/1.1" status: 200 len: 146 time: 0.0073450
2026-04-28 18:36:12.734 56 INFO eventlet.wsgi.server [-] 10.100.0.4, "GET /2009-04-04/meta-data/ami-launch-index HTTP/1.1" status: 200 len: 136 time: 0.0070853
2026-04-28 18:36:12.746 56 INFO eventlet.wsgi.server [-] 10.100.0.4, "GET /2009-04-04/meta-data/instance-type HTTP/1.1" status: 200 len: 142 time: 0.0062642
2026-04-28 18:36:12.759 56 INFO eventlet.wsgi.server [-] 10.100.0.4, "GET /2009-04-04/meta-data/local-ipv4 HTTP/1.1" status: 200 len: 146 time: 0.0068641
2026-04-28 18:36:12.771 56 INFO eventlet.wsgi.server [-] 10.100.0.4, "GET /2009-04-04/meta-data/public-ipv4 HTTP/1.1" status: 200 len: 149 time: 0.0060031
2026-04-28 18:36:12.782 56 INFO eventlet.wsgi.server [-] 10.100.0.4, "GET /2009-04-04/meta-data/hostname HTTP/1.1" status: 200 len: 191 time: 0.0050943
2026-04-28 18:36:12.793 56 INFO eventlet.wsgi.server [-] 10.100.0.4, "GET /2009-04-04/meta-data/local-hostname HTTP/1.1" status: 200 len: 191 time: 0.0059967
2026-04-28 18:36:12.821 56 INFO eventlet.wsgi.server [-] 10.100.0.4, "GET /2009-04-04/user-data HTTP/1.1" status: 404 len: 297 time: 0.0096750
2026-04-28 18:36:12.841 56 INFO eventlet.wsgi.server [-] 10.100.0.4, "GET /2009-04-04/meta-data/block-device-mapping HTTP/1.1" status: 200 len: 143 time: 0.0075026
2026-04-28 18:36:12.851 56 INFO eventlet.wsgi.server [-] 10.100.0.4, "GET /2009-04-04/meta-data/block-device-mapping/ami HTTP/1.1" status: 200 len: 138 time: 0.0053492
2026-04-28 18:36:12.864 56 INFO eventlet.wsgi.server [-] 10.100.0.4, "GET /2009-04-04/meta-data/block-device-mapping/root HTTP/1.1" status: 200 len: 143 time: 0.0074768
2026-04-28 18:36:12.874 56 INFO eventlet.wsgi.server [-] 10.100.0.4, "GET /2009-04-04/meta-data/public-hostname HTTP/1.1" status: 200 len: 191 time: 0.0055621
2026-04-28 18:36:12.888 56 INFO eventlet.wsgi.server [-] 10.100.0.4, "GET /2009-04-04/meta-data/placement/availability-zone HTTP/1.1" status: 200 len: 139 time: 0.0061924
2026-04-28 18:36:23.851 56 ERROR neutron.agent.ovn.metadata.server [-] No port found in network None with IP address 169.254.169.254
2026-04-28 18:36:23.851 56 INFO eventlet.wsgi.server [-] 169.254.169.254, "GET / HTTP/1.1" status: 404 len: 176 time: 0.0010972
2026-04-28 18:36:26.213 57 INFO eventlet.wsgi.server [-] 10.100.0.5, "GET /latest/meta-data/public-ipv4 HTTP/1.1" status: 200 len: 149 time: 0.1060593
2026-04-28 18:36:26.551 57 INFO eventlet.wsgi.server [-] 10.100.0.5, "POST /openstack/2013-10-17/password HTTP/1.1" status: 200 len: 134 time: 0.2591774
2026-04-28 18:36:27.348 48 INFO neutron.agent.ovn.metadata.agent [-] Port d61a2051-8afe-4774-ab53-f360ce30dacb in datapath c93e9c59-a1df-44ed-a3be-3baee0138416 bound to our chassis
2026-04-28 18:36:27.350 48 INFO neutron.agent.ovn.metadata.agent [-] Provisioning metadata for network c93e9c59-a1df-44ed-a3be-3baee0138416
2026-04-28 18:36:28.809 48 INFO neutron.agent.ovn.metadata.agent [-] Port 44460b79-457d-4d41-93b7-4a7d05ddbdd1 in datapath 84657623-2935-4a4a-abeb-6a55609649fc unbound from our chassis
2026-04-28 18:36:28.812 48 INFO neutron.agent.ovn.metadata.agent [-] Cleaning up ovnmeta-84657623-2935-4a4a-abeb-6a55609649fc namespace which is not needed anymore
2026-04-28 18:36:38.080 57 INFO eventlet.wsgi.server [-] 10.100.0.12, "GET /2009-04-04/meta-data/instance-id HTTP/1.1" status: 200 len: 146 time: 0.1275582
2026-04-28 18:36:38.102 56 INFO eventlet.wsgi.server [-] 10.100.0.12, "GET /2009-04-04/meta-data/public-keys HTTP/1.1" status: 200 len: 176 time: 0.0089145
2026-04-28 18:36:38.114 56 INFO eventlet.wsgi.server [-] 10.100.0.12, "GET /2009-04-04/meta-data/public-keys/0/openssh-key HTTP/1.1" status: 200 len: 341 time: 0.0067446
2026-04-28 18:36:38.131 57 INFO eventlet.wsgi.server [-] 10.100.0.12, "GET /2009-04-04/meta-data/instance-id HTTP/1.1" status: 200 len: 146 time: 0.0085194
2026-04-28 18:36:38.148 57 INFO eventlet.wsgi.server [-] 10.100.0.12, "GET /2009-04-04/meta-data/ami-launch-index HTTP/1.1" status: 200 len: 136 time: 0.0092187
2026-04-28 18:36:38.167 57 INFO eventlet.wsgi.server [-] 10.100.0.12, "GET /2009-04-04/meta-data/instance-type HTTP/1.1" status: 200 len: 142 time: 0.0086110
2026-04-28 18:36:38.181 57 INFO eventlet.wsgi.server [-] 10.100.0.12, "GET /2009-04-04/meta-data/local-ipv4 HTTP/1.1" status: 200 len: 147 time: 0.0082729
2026-04-28 18:36:38.194 57 INFO eventlet.wsgi.server [-] 10.100.0.12, "GET /2009-04-04/meta-data/public-ipv4 HTTP/1.1" status: 200 len: 149 time: 0.0078750
2026-04-28 18:36:38.209 57 INFO eventlet.wsgi.server [-] 10.100.0.12, "GET /2009-04-04/meta-data/hostname HTTP/1.1" status: 200 len: 190 time: 0.0096698
2026-04-28 18:36:38.224 57 INFO eventlet.wsgi.server [-] 10.100.0.12, "GET /2009-04-04/meta-data/local-hostname HTTP/1.1" status: 200 len: 190 time: 0.0077641
2026-04-28 18:36:38.235 57 INFO eventlet.wsgi.server [-] 10.100.0.12, "GET /2009-04-04/user-data HTTP/1.1" status: 404 len: 297 time: 0.0065572
2026-04-28 18:36:38.253 57 INFO eventlet.wsgi.server [-] 10.100.0.12, "GET /2009-04-04/meta-data/block-device-mapping HTTP/1.1" status: 200 len: 143 time: 0.0086491
2026-04-28 18:36:38.266 57 INFO eventlet.wsgi.server [-] 10.100.0.12, "GET /2009-04-04/meta-data/block-device-mapping/ami HTTP/1.1" status: 200 len: 138 time: 0.0064647
2026-04-28 18:36:38.277 57 INFO eventlet.wsgi.server [-] 10.100.0.12, "GET /2009-04-04/meta-data/block-device-mapping/root HTTP/1.1" status: 200 len: 143 time: 0.0071270
2026-04-28 18:36:38.292 56 INFO eventlet.wsgi.server [-] 10.100.0.12, "GET /2009-04-04/meta-data/public-hostname HTTP/1.1" status: 200 len: 190 time: 0.0091882
2026-04-28 18:36:38.310 56 INFO eventlet.wsgi.server [-] 10.100.0.12, "GET /2009-04-04/meta-data/placement/availability-zone HTTP/1.1" status: 200 len: 139 time: 0.0096045
2026-04-28 18:36:40.074 48 INFO neutron.agent.ovn.metadata.agent [-] Port d61a2051-8afe-4774-ab53-f360ce30dacb in datapath c93e9c59-a1df-44ed-a3be-3baee0138416 unbound from our chassis
2026-04-28 18:36:40.075 48 INFO neutron.agent.ovn.metadata.agent [-] Provisioning metadata for network c93e9c59-a1df-44ed-a3be-3baee0138416
2026-04-28 18:36:46.847 48 INFO neutron.agent.ovn.metadata.agent [-] Port fcbf6b7c-4958-4512-8a3c-197e67059a2b in datapath c93e9c59-a1df-44ed-a3be-3baee0138416 unbound from our chassis
2026-04-28 18:36:46.849 48 INFO neutron.agent.ovn.metadata.agent [-] Cleaning up ovnmeta-c93e9c59-a1df-44ed-a3be-3baee0138416 namespace which is not needed anymore
2026-04-28 18:36:54.826 48 INFO neutron.agent.ovn.metadata.agent [-] Metadata Port 5d2d3069-46e2-45a2-b9d2-e034350d01b9 in datapath cadb8d47-5e68-4431-954f-3c01515c3536 updated
2026-04-28 18:36:55.837 48 INFO neutron.agent.ovn.metadata.agent [-] Metadata Port 702e8615-37f1-48c1-8179-6a001e230966 in datapath 0a38eae1-b4ca-4575-9c22-95efedac411d updated
2026-04-28 18:36:56.894 48 INFO neutron.agent.ovn.metadata.agent [-] Metadata Port c6c63c4f-0495-4c3b-b506-3a50c920d8f4 in datapath 8493be13-d1fd-462c-bb5e-d8e086f600d2 updated
2026-04-28 18:36:57.955 48 INFO neutron.agent.ovn.metadata.agent [-] Metadata Port ef13cf35-02e2-4836-9ae1-4ab417181e0b in datapath b92da597-1d67-4354-9902-98643c94c2b6 updated
2026-04-28 18:36:59.071 48 INFO neutron.agent.ovn.metadata.agent [-] Metadata Port eca0b2b0-106d-4307-8965-6bc852d7f007 in datapath fc418266-97ae-4b7f-94bd-02a94073fcf2 updated
2026-04-28 18:37:22.029 48 INFO neutron.agent.ovn.metadata.agent [-] Metadata Port 83c7d132-748b-4850-ad39-4e49c56b6657 in datapath 57d432c9-004c-4378-b6d6-650cdce403e7 updated
2026-04-28 18:37:32.295 48 INFO neutron.agent.ovn.metadata.agent [-] Metadata Port f7acaab3-831b-4082-89ff-18096b9c3085 in datapath a0699ce8-171f-4cb0-aa52-2bfdb796499b updated
2026-04-28 18:37:35.203 48 INFO neutron.agent.ovn.metadata.agent [-] Port 510a587f-61b1-429c-a61c-49f28cb6d13c in datapath 9e705714-b02a-48d8-89d5-7fe4e4d0fe0a bound to our chassis
2026-04-28 18:37:36.034 48 INFO neutron.agent.ovn.metadata.agent [-] Port c430cca8-99d8-4fda-86d7-79fbc9e07c91 in datapath f8c34e07-88e6-4eef-a362-c824825cf846 bound to our chassis
2026-04-28 18:37:46.515 48 INFO neutron.agent.ovn.metadata.agent [-] Metadata Port d9982b27-22bc-4975-bd6a-b54ba57e0625 in datapath b054966f-0cf4-450b-b046-2a192e244253 updated
2026-04-28 18:37:57.003 48 INFO neutron.agent.ovn.metadata.agent [-] Metadata Port 6996e43d-da57-4353-ac3f-047b07b4b155 in datapath 0fde2544-4330-4794-80e1-185b0aa0bc1a updated
2026-04-28 18:38:00.806 48 WARNING neutron.agent.ovn.metadata.agent [-] Removing non-external type port ce52a7ff-0bfb-4645-bf6b-c461f45a4d41 with type ""
2026-04-28 18:38:00.809 48 INFO neutron.agent.ovn.metadata.agent [-] Port 510a587f-61b1-429c-a61c-49f28cb6d13c in datapath 9e705714-b02a-48d8-89d5-7fe4e4d0fe0a unbound from our chassis
2026-04-28 18:38:01.039 48 WARNING neutron.agent.ovn.metadata.agent [-] Removing non-external type port 5a7cdede-a049-474d-9fe0-0bdfa37612dd with type ""
2026-04-28 18:38:01.041 48 INFO neutron.agent.ovn.metadata.agent [-] Port c430cca8-99d8-4fda-86d7-79fbc9e07c91 in datapath f8c34e07-88e6-4eef-a362-c824825cf846 unbound from our chassis
2026-04-28 18:38:21.226 48 INFO neutron.agent.ovn.metadata.agent [-] Metadata Port ee2da8a4-f08d-403c-bacf-5452862037c8 in datapath a305fd30-3cc1-4792-8716-a22b363139a5 updated
2026-04-28 18:38:22.532 48 INFO neutron.agent.ovn.metadata.agent [-] Metadata Port e710dd14-a1ba-423b-be26-6fc895d8bdd9 in datapath 391abf44-d85f-4d47-8534-26bbf68cef2f updated
2026-04-28 18:38:23.836 57 ERROR neutron.agent.ovn.metadata.server [-] No port found in network None with IP address 169.254.169.254
2026-04-28 18:38:23.837 57 INFO eventlet.wsgi.server [-] 169.254.169.254, "GET / HTTP/1.1" status: 404 len: 176 time: 0.0014496
2026-04-28 18:38:23.842 48 INFO neutron.agent.ovn.metadata.agent [-] Metadata Port 0dba3399-62d5-4291-9dca-22e276cd8bce in datapath e1dff6da-ddea-4469-967b-b8572846437a updated
2026-04-28 18:38:42.965 48 INFO neutron.agent.ovn.metadata.agent [-] Port 92a778a7-d4da-4a0b-8838-826c78bf2fda in datapath 391abf44-d85f-4d47-8534-26bbf68cef2f bound to our chassis
2026-04-28 18:38:42.966 48 INFO neutron.agent.ovn.metadata.agent [-] Provisioning metadata for network 391abf44-d85f-4d47-8534-26bbf68cef2f
2026-04-28 18:38:54.585 57 INFO eventlet.wsgi.server [-] 10.2.1.96, "GET /2009-04-04/meta-data/instance-id HTTP/1.1" status: 200 len: 146 time: 0.3537316
2026-04-28 18:38:54.610 57 INFO eventlet.wsgi.server [-] 10.2.1.96, "GET /2009-04-04/meta-data/public-keys HTTP/1.1" status: 200 len: 174 time: 0.0117414
2026-04-28 18:38:54.623 57 INFO eventlet.wsgi.server [-] 10.2.1.96, "GET /2009-04-04/meta-data/public-keys/0/openssh-key HTTP/1.1" status: 200 len: 341 time: 0.0078003
2026-04-28 18:38:54.637 57 INFO eventlet.wsgi.server [-] 10.2.1.96, "GET /2009-04-04/meta-data/instance-id HTTP/1.1" status: 200 len: 146 time: 0.0069225
2026-04-28 18:38:54.659 56 INFO eventlet.wsgi.server [-] 10.2.1.96, "GET /2009-04-04/meta-data/ami-launch-index HTTP/1.1" status: 200 len: 136 time: 0.0164454
2026-04-28 18:38:54.673 56 INFO eventlet.wsgi.server [-] 10.2.1.96, "GET /2009-04-04/meta-data/instance-type HTTP/1.1" status: 200 len: 142 time: 0.0075321
2026-04-28 18:38:54.684 56 INFO eventlet.wsgi.server [-] 10.2.1.96, "GET /2009-04-04/meta-data/local-ipv4 HTTP/1.1" status: 200 len: 144 time: 0.0055704
2026-04-28 18:38:54.698 56 INFO eventlet.wsgi.server [-] 10.2.1.96, "GET /2009-04-04/meta-data/public-ipv4 HTTP/1.1" status: 200 len: 149 time: 0.0077088
2026-04-28 18:38:54.711 56 INFO eventlet.wsgi.server [-] 10.2.1.96, "GET /2009-04-04/meta-data/hostname HTTP/1.1" status: 200 len: 185 time: 0.0056415
2026-04-28 18:38:54.751 56 INFO eventlet.wsgi.server [-] 10.2.1.96, "GET /2009-04-04/meta-data/local-hostname HTTP/1.1" status: 200 len: 185 time: 0.0076218
2026-04-28 18:38:54.766 57 INFO eventlet.wsgi.server [-] 10.2.1.96, "GET /2009-04-04/user-data HTTP/1.1" status: 404 len: 297 time: 0.0084641
2026-04-28 18:38:54.786 56 INFO eventlet.wsgi.server [-] 10.2.1.96, "GET /2009-04-04/meta-data/block-device-mapping HTTP/1.1" status: 200 len: 143 time: 0.0073144
2026-04-28 18:38:54.802 56 INFO eventlet.wsgi.server [-] 10.2.1.96, "GET /2009-04-04/meta-data/block-device-mapping/ami HTTP/1.1" status: 200 len: 138 time: 0.0090609
2026-04-28 18:38:54.813 56 INFO eventlet.wsgi.server [-] 10.2.1.96, "GET /2009-04-04/meta-data/block-device-mapping/root HTTP/1.1" status: 200 len: 143 time: 0.0051255
2026-04-28 18:38:54.825 56 INFO eventlet.wsgi.server [-] 10.2.1.96, "GET /2009-04-04/meta-data/public-hostname HTTP/1.1" status: 200 len: 185 time: 0.0075562
2026-04-28 18:38:54.836 56 INFO eventlet.wsgi.server [-] 10.2.1.96, "GET /2009-04-04/meta-data/placement/availability-zone HTTP/1.1" status: 200 len: 139 time: 0.0059576
2026-04-28 18:38:59.804 48 INFO neutron.agent.ovn.metadata.agent [-] Port 64c75413-911b-44ae-ae59-4b97b5bd1d9f in datapath e1dff6da-ddea-4469-967b-b8572846437a bound to our chassis
2026-04-28 18:38:59.806 48 INFO neutron.agent.ovn.metadata.agent [-] Provisioning metadata for network e1dff6da-ddea-4469-967b-b8572846437a
2026-04-28 18:39:13.303 57 INFO eventlet.wsgi.server [-] 10.2.2.214, "GET /2009-04-04/meta-data/instance-id HTTP/1.1" status: 200 len: 146 time: 0.1135416
2026-04-28 18:39:13.321 57 INFO eventlet.wsgi.server [-] 10.2.2.214, "GET /2009-04-04/meta-data/public-keys HTTP/1.1" status: 200 len: 174 time: 0.0089703
2026-04-28 18:39:13.334 57 INFO eventlet.wsgi.server [-] 10.2.2.214, "GET /2009-04-04/meta-data/public-keys/0/openssh-key HTTP/1.1" status: 200 len: 341 time: 0.0076311
2026-04-28 18:39:13.344 57 INFO eventlet.wsgi.server [-] 10.2.2.214, "GET /2009-04-04/meta-data/instance-id HTTP/1.1" status: 200 len: 146 time: 0.0057580
2026-04-28 18:39:13.355 57 INFO eventlet.wsgi.server [-] 10.2.2.214, "GET /2009-04-04/meta-data/ami-launch-index HTTP/1.1" status: 200 len: 136 time: 0.0063467
2026-04-28 18:39:13.367 57 INFO eventlet.wsgi.server [-] 10.2.2.214, "GET /2009-04-04/meta-data/instance-type HTTP/1.1" status: 200 len: 142 time: 0.0068600
2026-04-28 18:39:13.382 56 INFO eventlet.wsgi.server [-] 10.2.2.214, "GET /2009-04-04/meta-data/local-ipv4 HTTP/1.1" status: 200 len: 146 time: 0.0079515
2026-04-28 18:39:13.398 56 INFO eventlet.wsgi.server [-] 10.2.2.214, "GET /2009-04-04/meta-data/public-ipv4 HTTP/1.1" status: 200 len: 149 time: 0.0075071
2026-04-28 18:39:13.414 56 INFO eventlet.wsgi.server [-] 10.2.2.214, "GET /2009-04-04/meta-data/hostname HTTP/1.1" status: 200 len: 185 time: 0.0087049
2026-04-28 18:39:13.457 56 INFO eventlet.wsgi.server [-] 10.2.2.214, "GET /2009-04-04/meta-data/local-hostname HTTP/1.1" status: 200 len: 185 time: 0.0091043
2026-04-28 18:39:13.474 56 INFO eventlet.wsgi.server [-] 10.2.2.214, "GET /2009-04-04/user-data HTTP/1.1" status: 404 len: 297 time: 0.0088851
2026-04-28 18:39:13.495 57 INFO eventlet.wsgi.server [-] 10.2.2.214, "GET /2009-04-04/meta-data/block-device-mapping HTTP/1.1" status: 200 len: 143 time: 0.0080504
2026-04-28 18:39:13.507 57 INFO eventlet.wsgi.server [-] 10.2.2.214, "GET /2009-04-04/meta-data/block-device-mapping/ami HTTP/1.1" status: 200 len: 138 time: 0.0070629
2026-04-28 18:39:13.517 56 INFO eventlet.wsgi.server [-] 10.2.2.214, "GET /2009-04-04/meta-data/block-device-mapping/root HTTP/1.1" status: 200 len: 143 time: 0.0069261
2026-04-28 18:39:13.528 56 INFO eventlet.wsgi.server [-] 10.2.2.214, "GET /2009-04-04/meta-data/public-hostname HTTP/1.1" status: 200 len: 185 time: 0.0057769
2026-04-28 18:39:13.540 56 INFO eventlet.wsgi.server [-] 10.2.2.214, "GET /2009-04-04/meta-data/placement/availability-zone HTTP/1.1" status: 200 len: 139 time: 0.0065339
2026-04-28 18:39:33.898 56 ERROR neutron.agent.ovn.metadata.server [-] No port found in network None with IP address 169.254.169.254
2026-04-28 18:39:33.899 56 INFO eventlet.wsgi.server [-] 169.254.169.254, "GET / HTTP/1.1" status: 404 len: 176 time: 0.0017712
2026-04-28 18:39:40.410 48 INFO neutron.agent.ovn.metadata.agent [-] Port 945ba89d-24d5-4ba2-b7d9-dd31dc5fb4ed in datapath 01497188-24b8-4c97-9b55-fbd2b9dda937 bound to our chassis
2026-04-28 18:39:40.412 48 INFO neutron.agent.ovn.metadata.agent [-] Provisioning metadata for network 01497188-24b8-4c97-9b55-fbd2b9dda937
2026-04-28 18:40:22.998 48 INFO neutron.agent.ovn.metadata.agent [-] Port c6a07069-efcc-4d6b-b153-4e31d4bcc613 in datapath a305fd30-3cc1-4792-8716-a22b363139a5 bound to our chassis
2026-04-28 18:40:23.006 48 INFO neutron.agent.ovn.metadata.agent [-] Provisioning metadata for network a305fd30-3cc1-4792-8716-a22b363139a5
2026-04-28 18:40:58.944 48 INFO neutron.agent.ovn.metadata.agent [-] Port ac1bb564-cec3-44ef-917a-fb1939d314d7 in datapath 391abf44-d85f-4d47-8534-26bbf68cef2f bound to our chassis
2026-04-28 18:40:58.947 48 INFO neutron.agent.ovn.metadata.agent [-] Provisioning metadata for network 391abf44-d85f-4d47-8534-26bbf68cef2f
2026-04-28 18:41:15.394 48 INFO neutron.agent.ovn.metadata.agent [-] Port d23612a7-4ba7-49c0-a69d-ebe6b35d7911 in datapath e1dff6da-ddea-4469-967b-b8572846437a bound to our chassis
2026-04-28 18:41:15.396 48 INFO neutron.agent.ovn.metadata.agent [-] Provisioning metadata for network e1dff6da-ddea-4469-967b-b8572846437a
2026-04-28 18:41:30.400 48 INFO neutron.agent.ovn.metadata.agent [-] Port d23612a7-4ba7-49c0-a69d-ebe6b35d7911 in datapath e1dff6da-ddea-4469-967b-b8572846437a unbound from our chassis
2026-04-28 18:41:30.401 48 INFO neutron.agent.ovn.metadata.agent [-] Provisioning metadata for network e1dff6da-ddea-4469-967b-b8572846437a
2026-04-28 18:41:40.339 48 INFO neutron.agent.ovn.metadata.agent [-] Port ac1bb564-cec3-44ef-917a-fb1939d314d7 in datapath 391abf44-d85f-4d47-8534-26bbf68cef2f unbound from our chassis
2026-04-28 18:41:40.341 48 INFO neutron.agent.ovn.metadata.agent [-] Provisioning metadata for network 391abf44-d85f-4d47-8534-26bbf68cef2f
2026-04-28 18:41:56.869 48 INFO neutron.agent.ovn.metadata.agent [-] Port c6a07069-efcc-4d6b-b153-4e31d4bcc613 in datapath a305fd30-3cc1-4792-8716-a22b363139a5 unbound from our chassis
2026-04-28 18:41:56.872 48 INFO neutron.agent.ovn.metadata.agent [-] Cleaning up ovnmeta-a305fd30-3cc1-4792-8716-a22b363139a5 namespace which is not needed anymore
2026-04-28 18:42:00.650 48 INFO neutron.agent.ovn.metadata.agent [-] Port 945ba89d-24d5-4ba2-b7d9-dd31dc5fb4ed in datapath 01497188-24b8-4c97-9b55-fbd2b9dda937 unbound from our chassis
2026-04-28 18:42:00.651 48 INFO neutron.agent.ovn.metadata.agent [-] Provisioning metadata for network 01497188-24b8-4c97-9b55-fbd2b9dda937
2026-04-28 18:42:04.501 48 INFO neutron.agent.ovn.metadata.agent [-] Port 64c75413-911b-44ae-ae59-4b97b5bd1d9f in datapath e1dff6da-ddea-4469-967b-b8572846437a unbound from our chassis
2026-04-28 18:42:04.508 48 INFO neutron.agent.ovn.metadata.agent [-] Cleaning up ovnmeta-e1dff6da-ddea-4469-967b-b8572846437a namespace which is not needed anymore
2026-04-28 18:42:15.260 48 INFO neutron.agent.ovn.metadata.agent [-] Port 92a778a7-d4da-4a0b-8838-826c78bf2fda in datapath 391abf44-d85f-4d47-8534-26bbf68cef2f unbound from our chassis
2026-04-28 18:42:15.262 48 INFO neutron.agent.ovn.metadata.agent [-] Cleaning up ovnmeta-391abf44-d85f-4d47-8534-26bbf68cef2f namespace which is not needed anymore
2026-04-28 18:42:43.852 57 ERROR neutron.agent.ovn.metadata.server [-] No port found in network None with IP address 169.254.169.254
2026-04-28 18:42:43.853 57 INFO eventlet.wsgi.server [-] 169.254.169.254, "GET / HTTP/1.1" status: 404 len: 176 time: 0.0010581
2026-04-28 18:45:53.896 57 ERROR neutron.agent.ovn.metadata.server [-] No port found in network None with IP address 169.254.169.254
2026-04-28 18:45:53.897 57 INFO eventlet.wsgi.server [-] 169.254.169.254, "GET / HTTP/1.1" status: 404 len: 176 time: 0.0010600