2026-04-28 18:35:04.562 9 INFO neutron.plugins.ml2.plugin [None req-f1ccc186-fa53-4427-a475-e45f6134c933 - - - - - -] Attempt 1 to provision port 2408c1d6-d16c-44c6-9328-8ca1dfca19c1
2026-04-28 18:35:04.565 10 INFO neutron.db.ovn_revision_numbers_db [None req-57aa859c-f834-4a66-b6c4-4234cf92fb26 d96e52cac3b2466886195e5b55f7629c 289be8de81ae4719a101d91082ea35aa - - default default] Successfully bumped revision number for resource 2408c1d6-d16c-44c6-9328-8ca1dfca19c1 (type: router_ports) to 1
2026-04-28 18:35:04.568 9 INFO neutron.db.ovn_revision_numbers_db [None req-58de0ac4-3fb1-448e-8a19-b20958856702 f44f20eef90a4d8d83c9cd02a1593af2 8314febfb56347d796aee726712aa49a - - default default] Successfully bumped revision number for resource 56c5a8d8-300d-4b8c-8077-77ef330b8fff (type: routers) to 1
2026-04-28 18:35:04.583 9 INFO neutron.api.wsgi [None req-58de0ac4-3fb1-448e-8a19-b20958856702 f44f20eef90a4d8d83c9cd02a1593af2 8314febfb56347d796aee726712aa49a - - default default] 10.0.0.252 "POST /v2.0/routers HTTP/1.1" status: 201 len: 769 time: 0.2331631
2026-04-28 18:35:04.653 10 INFO neutron.api.wsgi [None req-a684e144-022b-47a3-a8bd-ecbdc4bc0854 f44f20eef90a4d8d83c9cd02a1593af2 8314febfb56347d796aee726712aa49a - - default default] 10.0.0.252 "PUT /v2.0/routers/56c5a8d8-300d-4b8c-8077-77ef330b8fff/tags HTTP/1.1" status: 200 len: 218 time: 0.0587931
2026-04-28 18:35:04.673 10 INFO neutron.db.ovn_revision_numbers_db [None req-57aa859c-f834-4a66-b6c4-4234cf92fb26 d96e52cac3b2466886195e5b55f7629c 289be8de81ae4719a101d91082ea35aa - - default default] Successfully bumped revision number for resource 6a5641b1-675e-450c-a8a3-c3ddc4f8c040 (type: routers) to 2
2026-04-28 18:35:04.688 10 INFO neutron.api.wsgi [None req-57aa859c-f834-4a66-b6c4-4234cf92fb26 d96e52cac3b2466886195e5b55f7629c 289be8de81ae4719a101d91082ea35aa - - default default] 10.0.0.252 "POST /v2.0/routers HTTP/1.1" status: 201 len: 1165 time: 1.2594306
2026-04-28 18:35:04.697 9 INFO neutron.api.wsgi [None req-068826f8-0fa6-4638-8783-8f7d743cdabe f44f20eef90a4d8d83c9cd02a1593af2 8314febfb56347d796aee726712aa49a - - default default] 10.0.0.252 "GET /v2.0/routers/56c5a8d8-300d-4b8c-8077-77ef330b8fff/tags HTTP/1.1" status: 200 len: 218 time: 0.0399532
2026-04-28 18:35:04.763 10 INFO neutron.api.wsgi [None req-c5e73efc-9e57-4fba-b2e2-31040994e70a f44f20eef90a4d8d83c9cd02a1593af2 8314febfb56347d796aee726712aa49a - - default default] 10.0.0.252 "PUT /v2.0/routers/56c5a8d8-300d-4b8c-8077-77ef330b8fff/tags/green HTTP/1.1" status: 201 len: 201 time: 0.0588176
2026-04-28 18:35:04.823 9 INFO neutron.api.wsgi [None req-01b1a746-30eb-4fa4-8fe1-eda7516c9555 f44f20eef90a4d8d83c9cd02a1593af2 8314febfb56347d796aee726712aa49a - - default default] 10.0.0.252 "GET /v2.0/routers/56c5a8d8-300d-4b8c-8077-77ef330b8fff/tags HTTP/1.1" status: 200 len: 227 time: 0.0560985
2026-04-28 18:35:04.871 10 INFO neutron.api.wsgi [None req-f185d074-c7e3-499d-be1a-4a1e465b8f01 f44f20eef90a4d8d83c9cd02a1593af2 8314febfb56347d796aee726712aa49a - - default default] 10.0.0.252 "PUT /v2.0/routers/56c5a8d8-300d-4b8c-8077-77ef330b8fff/tags/red HTTP/1.1" status: 201 len: 201 time: 0.0427158
2026-04-28 18:35:04.924 10 INFO neutron.api.wsgi [None req-7d2ec03a-a914-487c-a3d1-0f9a977c6f61 f44f20eef90a4d8d83c9cd02a1593af2 8314febfb56347d796aee726712aa49a - - default default] 10.0.0.252 "GET /v2.0/routers/56c5a8d8-300d-4b8c-8077-77ef330b8fff/tags HTTP/1.1" status: 200 len: 227 time: 0.0467033
2026-04-28 18:35:04.982 9 INFO neutron.api.wsgi [None req-5d1140bc-29ea-4678-931b-eadb9f3adf03 f44f20eef90a4d8d83c9cd02a1593af2 8314febfb56347d796aee726712aa49a - - default default] 10.0.0.252 "PUT /v2.0/routers/56c5a8d8-300d-4b8c-8077-77ef330b8fff/tags/black.or.white HTTP/1.1" status: 201 len: 201 time: 0.0532813
2026-04-28 18:35:05.026 10 INFO neutron.api.wsgi [None req-9e867ac0-e1e1-498e-b5d4-94a596b306e1 f44f20eef90a4d8d83c9cd02a1593af2 8314febfb56347d796aee726712aa49a - - default default] 10.0.0.252 "GET /v2.0/routers/56c5a8d8-300d-4b8c-8077-77ef330b8fff/tags HTTP/1.1" status: 200 len: 245 time: 0.0406783
2026-04-28 18:35:05.099 10 INFO neutron.api.wsgi [None req-b4fcd452-cc19-4216-a2d9-56b2ce7d13d5 f44f20eef90a4d8d83c9cd02a1593af2 8314febfb56347d796aee726712aa49a - - default default] 10.0.0.252 "PUT /v2.0/routers/56c5a8d8-300d-4b8c-8077-77ef330b8fff/tags HTTP/1.1" status: 200 len: 230 time: 0.0652912
2026-04-28 18:35:05.129 10 INFO neutron.db.ovn_revision_numbers_db [None req-bca29a58-27f6-4311-bd3c-2748e58ea6dc - - - - - -] Successfully bumped revision number for resource 2408c1d6-d16c-44c6-9328-8ca1dfca19c1 (type: ports) to 1
2026-04-28 18:35:05.164 9 INFO neutron.api.wsgi [None req-e7eb1743-037d-4f5a-a8dd-2164e9e0b8f7 f44f20eef90a4d8d83c9cd02a1593af2 8314febfb56347d796aee726712aa49a - - default default] 10.0.0.252 "GET /v2.0/routers/56c5a8d8-300d-4b8c-8077-77ef330b8fff/tags HTTP/1.1" status: 200 len: 230 time: 0.0605476
2026-04-28 18:35:05.210 10 INFO neutron.api.wsgi [None req-40363fd9-4da0-494b-a743-7c2830df1670 f44f20eef90a4d8d83c9cd02a1593af2 8314febfb56347d796aee726712aa49a - - default default] 10.0.0.252 "GET /v2.0/routers/56c5a8d8-300d-4b8c-8077-77ef330b8fff/tags/red HTTP/1.1" status: 204 len: 168 time: 0.0389225
2026-04-28 18:35:05.255 9 WARNING neutron.scheduler.dhcp_agent_scheduler [None req-1c271c4d-4fcb-4648-b510-a776a1c39380 d96e52cac3b2466886195e5b55f7629c 289be8de81ae4719a101d91082ea35aa - - default default] No more DHCP agents
2026-04-28 18:35:05.257 9 WARNING neutron.api.rpc.agentnotifiers.dhcp_rpc_agent_api [None req-1c271c4d-4fcb-4648-b510-a776a1c39380 d96e52cac3b2466886195e5b55f7629c 289be8de81ae4719a101d91082ea35aa - - default default] Unable to schedule network c3445e67-b89f-46fe-ab70-e5ced8898e6c: no agents available; will retry on subsequent port and subnet creation events.
2026-04-28 18:35:05.266 9 INFO neutron.api.v2.resource [None req-e450bd1d-f3b5-4175-87e3-624259fce8b4 f44f20eef90a4d8d83c9cd02a1593af2 8314febfb56347d796aee726712aa49a - - default default] show failed (client error): The resource could not be found.
2026-04-28 18:35:05.267 9 INFO neutron.api.wsgi [None req-e450bd1d-f3b5-4175-87e3-624259fce8b4 f44f20eef90a4d8d83c9cd02a1593af2 8314febfb56347d796aee726712aa49a - - default default] 10.0.0.252 "GET /v2.0/routers/56c5a8d8-300d-4b8c-8077-77ef330b8fff/tags/green HTTP/1.1" status: 404 len: 299 time: 0.0521567
2026-04-28 18:35:05.347 9 INFO neutron.api.wsgi [None req-0bb8eb32-932b-4c62-90d2-a8c10bc652d0 f44f20eef90a4d8d83c9cd02a1593af2 8314febfb56347d796aee726712aa49a - - default default] 10.0.0.252 "DELETE /v2.0/routers/56c5a8d8-300d-4b8c-8077-77ef330b8fff/tags/red HTTP/1.1" status: 204 len: 168 time: 0.0698433
2026-04-28 18:35:05.410 9 INFO neutron.api.wsgi [None req-4b603e44-f316-4d1f-af6d-bdeb5725214d f44f20eef90a4d8d83c9cd02a1593af2 8314febfb56347d796aee726712aa49a - - default default] 10.0.0.252 "GET /v2.0/routers/56c5a8d8-300d-4b8c-8077-77ef330b8fff/tags HTTP/1.1" status: 200 len: 223 time: 0.0567484
2026-04-28 18:35:05.456 9 INFO neutron.db.ovn_revision_numbers_db [None req-1c271c4d-4fcb-4648-b510-a776a1c39380 d96e52cac3b2466886195e5b55f7629c 289be8de81ae4719a101d91082ea35aa - - default default] Successfully bumped revision number for resource 9f3c0290-3517-450f-ac8e-e0e7c82aae20 (type: ports) to 1
2026-04-28 18:35:05.474 10 INFO neutron.api.v2.resource [None req-4469bd06-0ba6-4126-a3b0-be514e0f79a9 f44f20eef90a4d8d83c9cd02a1593af2 8314febfb56347d796aee726712aa49a - - default default] delete failed (client error): The resource could not be found.
2026-04-28 18:35:05.475 10 INFO neutron.api.wsgi [None req-4469bd06-0ba6-4126-a3b0-be514e0f79a9 f44f20eef90a4d8d83c9cd02a1593af2 8314febfb56347d796aee726712aa49a - - default default] 10.0.0.252 "DELETE /v2.0/routers/56c5a8d8-300d-4b8c-8077-77ef330b8fff/tags/green HTTP/1.1" status: 404 len: 299 time: 0.0543821
2026-04-28 18:35:05.529 10 INFO neutron.db.ovn_revision_numbers_db [None req-bca29a58-27f6-4311-bd3c-2748e58ea6dc - - - - - -] Successfully bumped revision number for resource 2408c1d6-d16c-44c6-9328-8ca1dfca19c1 (type: ports) to 4
2026-04-28 18:35:05.533 10 INFO neutron.api.wsgi [None req-a4040edb-1058-41ec-802d-d765600a2332 f44f20eef90a4d8d83c9cd02a1593af2 8314febfb56347d796aee726712aa49a - - default default] 10.0.0.252 "DELETE /v2.0/routers/56c5a8d8-300d-4b8c-8077-77ef330b8fff/tags HTTP/1.1" status: 204 len: 168 time: 0.0531454
2026-04-28 18:35:05.579 10 INFO neutron.api.wsgi [None req-6b931b4d-b57a-4b3b-b56d-a0e10d4691c9 f44f20eef90a4d8d83c9cd02a1593af2 8314febfb56347d796aee726712aa49a - - default default] 10.0.0.252 "GET /v2.0/routers/56c5a8d8-300d-4b8c-8077-77ef330b8fff/tags HTTP/1.1" status: 200 len: 205 time: 0.0424232
2026-04-28 18:35:05.624 10 INFO neutron.api.wsgi [None req-a349e6e0-f04d-4bbd-b266-534ced78ac09 f44f20eef90a4d8d83c9cd02a1593af2 8314febfb56347d796aee726712aa49a - - default default] 10.0.0.252 "GET /v2.0/routers/56c5a8d8-300d-4b8c-8077-77ef330b8fff HTTP/1.1" status: 200 len: 770 time: 0.0386331
2026-04-28 18:35:05.914 10 INFO neutron.db.ovn_revision_numbers_db [None req-415ead89-0544-48b1-ae5b-674b64cb8eb1 f44f20eef90a4d8d83c9cd02a1593af2 8314febfb56347d796aee726712aa49a - - default default] Successfully bumped revision number for resource 56c5a8d8-300d-4b8c-8077-77ef330b8fff (type: routers) to 7
2026-04-28 18:35:05.919 10 INFO neutron.api.wsgi [None req-415ead89-0544-48b1-ae5b-674b64cb8eb1 f44f20eef90a4d8d83c9cd02a1593af2 8314febfb56347d796aee726712aa49a - - default default] 10.0.0.252 "PUT /v2.0/routers/56c5a8d8-300d-4b8c-8077-77ef330b8fff HTTP/1.1" status: 200 len: 770 time: 0.2877660
2026-04-28 18:35:05.941 10 INFO neutron.api.wsgi [None req-38e15714-bbe3-432c-8965-6398f484fe13 f44f20eef90a4d8d83c9cd02a1593af2 8314febfb56347d796aee726712aa49a - - default default] 10.0.0.252 "GET /v2.0/ports?device_id=56c5a8d8-300d-4b8c-8077-77ef330b8fff HTTP/1.1" status: 200 len: 205 time: 0.0178785
2026-04-28 18:35:05.980 10 INFO neutron.plugins.ml2.drivers.ovn.mech_driver.mech_driver [None req-2fd2ac79-adf5-41c8-b1f7-59ade9968586 - - - - - -] OVN reports status up for port: 9f3c0290-3517-450f-ac8e-e0e7c82aae20
2026-04-28 18:35:05.998 10 INFO neutron.plugins.ml2.plugin [None req-2fd2ac79-adf5-41c8-b1f7-59ade9968586 - - - - - -] Attempt 1 to provision port 9f3c0290-3517-450f-ac8e-e0e7c82aae20
2026-04-28 18:35:06.017 9 INFO neutron.db.ovn_revision_numbers_db [None req-1c271c4d-4fcb-4648-b510-a776a1c39380 d96e52cac3b2466886195e5b55f7629c 289be8de81ae4719a101d91082ea35aa - - default default] Successfully bumped revision number for resource 9f3c0290-3517-450f-ac8e-e0e7c82aae20 (type: ports) to 1
2026-04-28 18:35:06.071 9 WARNING neutron.scheduler.dhcp_agent_scheduler [None req-1c271c4d-4fcb-4648-b510-a776a1c39380 d96e52cac3b2466886195e5b55f7629c 289be8de81ae4719a101d91082ea35aa - - default default] No more DHCP agents
2026-04-28 18:35:06.072 9 WARNING neutron.api.rpc.agentnotifiers.dhcp_rpc_agent_api [None req-1c271c4d-4fcb-4648-b510-a776a1c39380 d96e52cac3b2466886195e5b55f7629c 289be8de81ae4719a101d91082ea35aa - - default default] Unable to schedule network c3445e67-b89f-46fe-ab70-e5ced8898e6c: no agents available; will retry on subsequent port and subnet creation events.
2026-04-28 18:35:06.272 10 INFO neutron.db.ovn_revision_numbers_db [None req-bca29a58-27f6-4311-bd3c-2748e58ea6dc - - - - - -] Successfully bumped revision number for resource 2408c1d6-d16c-44c6-9328-8ca1dfca19c1 (type: ports) to 5
2026-04-28 18:35:06.364 10 INFO neutron.api.wsgi [None req-230d69ef-a6d7-432f-90df-574b9079af3b f44f20eef90a4d8d83c9cd02a1593af2 8314febfb56347d796aee726712aa49a - - default default] 10.0.0.252 "DELETE /v2.0/routers/56c5a8d8-300d-4b8c-8077-77ef330b8fff HTTP/1.1" status: 204 len: 168 time: 0.4199104
2026-04-28 18:35:06.432 9 INFO neutron.db.ovn_revision_numbers_db [None req-2b8f1da3-8b7e-48dc-8338-e0127f0cf986 d96e52cac3b2466886195e5b55f7629c 289be8de81ae4719a101d91082ea35aa - - default default] Successfully bumped revision number for resource 28547c00-4024-4f13-9050-cb0b82252a0d (type: security_groups) to 1
2026-04-28 18:35:06.454 9 INFO neutron.db.ovn_revision_numbers_db [None req-2b8f1da3-8b7e-48dc-8338-e0127f0cf986 d96e52cac3b2466886195e5b55f7629c 289be8de81ae4719a101d91082ea35aa - - default default] Successfully bumped revision number for resource 3121363e-3269-42fc-b9bc-efb9d653eb33 (type: security_group_rules) to 0
2026-04-28 18:35:06.469 9 INFO neutron.db.ovn_revision_numbers_db [None req-2b8f1da3-8b7e-48dc-8338-e0127f0cf986 d96e52cac3b2466886195e5b55f7629c 289be8de81ae4719a101d91082ea35aa - - default default] Successfully bumped revision number for resource 7060e1ae-b6b9-4b52-ad54-a045faf7dfa6 (type: security_group_rules) to 0
2026-04-28 18:35:06.495 9 INFO neutron.db.ovn_revision_numbers_db [None req-2b8f1da3-8b7e-48dc-8338-e0127f0cf986 d96e52cac3b2466886195e5b55f7629c 289be8de81ae4719a101d91082ea35aa - - default default] Successfully bumped revision number for resource 8d4bbbaf-d486-4938-90e9-863bbb6c1def (type: security_group_rules) to 0
2026-04-28 18:35:06.514 9 INFO neutron.db.ovn_revision_numbers_db [None req-2b8f1da3-8b7e-48dc-8338-e0127f0cf986 d96e52cac3b2466886195e5b55f7629c 289be8de81ae4719a101d91082ea35aa - - default default] Successfully bumped revision number for resource a1ce61db-728c-471f-be75-9106601c9085 (type: security_group_rules) to 0
2026-04-28 18:35:06.549 9 INFO neutron.db.ovn_revision_numbers_db [None req-1c271c4d-4fcb-4648-b510-a776a1c39380 d96e52cac3b2466886195e5b55f7629c 289be8de81ae4719a101d91082ea35aa - - default default] Successfully bumped revision number for resource 9f3c0290-3517-450f-ac8e-e0e7c82aae20 (type: router_ports) to 1
2026-04-28 18:35:06.553 9 INFO neutron.api.wsgi [None req-1c271c4d-4fcb-4648-b510-a776a1c39380 d96e52cac3b2466886195e5b55f7629c 289be8de81ae4719a101d91082ea35aa - - default default] 10.0.0.252 "PUT /v2.0/routers/6a5641b1-675e-450c-a8a3-c3ddc4f8c040/add_router_interface HTTP/1.1" status: 200 len: 503 time: 1.8607283
2026-04-28 18:35:06.559 9 INFO neutron.api.wsgi [None req-2b8f1da3-8b7e-48dc-8338-e0127f0cf986 d96e52cac3b2466886195e5b55f7629c 289be8de81ae4719a101d91082ea35aa - - default default] 10.0.0.252 "GET /v2.0/security-groups?tenant_id=43f3e85ca4174f01aeaf33dc55bdf6e1&name=default HTTP/1.1" status: 200 len: 3120 time: 0.3846440
2026-04-28 18:35:06.711 10 INFO neutron.db.ovn_revision_numbers_db [None req-2fd2ac79-adf5-41c8-b1f7-59ade9968586 - - - - - -] Successfully bumped revision number for resource 9f3c0290-3517-450f-ac8e-e0e7c82aae20 (type: ports) to 2
2026-04-28 18:35:06.762 9 INFO neutron.api.wsgi [None req-c6c38a9b-251e-40e9-915c-fcdb99b01d56 d96e52cac3b2466886195e5b55f7629c 289be8de81ae4719a101d91082ea35aa - - default default] 10.0.0.252 "DELETE /v2.0/security-groups/28547c00-4024-4f13-9050-cb0b82252a0d HTTP/1.1" status: 204 len: 168 time: 0.1977890
2026-04-28 18:35:07.153 10 INFO neutron.db.ovn_revision_numbers_db [None req-0bb7711f-401c-4b9a-a38d-1ae0286c665e d96e52cac3b2466886195e5b55f7629c 289be8de81ae4719a101d91082ea35aa - - default default] Successfully bumped revision number for resource 1c516bef-c401-4d8e-b801-356c526c4c5e (type: security_groups) to 1
2026-04-28 18:35:07.166 10 INFO neutron.db.ovn_revision_numbers_db [None req-0bb7711f-401c-4b9a-a38d-1ae0286c665e d96e52cac3b2466886195e5b55f7629c 289be8de81ae4719a101d91082ea35aa - - default default] Successfully bumped revision number for resource 383de343-bf20-48d4-82da-3d190cc69caf (type: security_group_rules) to 0
2026-04-28 18:35:07.183 10 INFO neutron.db.ovn_revision_numbers_db [None req-0bb7711f-401c-4b9a-a38d-1ae0286c665e d96e52cac3b2466886195e5b55f7629c 289be8de81ae4719a101d91082ea35aa - - default default] Successfully bumped revision number for resource b2d2b5b5-6db2-469a-b761-654f6edaf5b4 (type: security_group_rules) to 0
2026-04-28 18:35:07.196 10 INFO neutron.db.ovn_revision_numbers_db [None req-0bb7711f-401c-4b9a-a38d-1ae0286c665e d96e52cac3b2466886195e5b55f7629c 289be8de81ae4719a101d91082ea35aa - - default default] Successfully bumped revision number for resource d432f00b-3cac-41fa-99b2-8fc489af7757 (type: security_group_rules) to 0
2026-04-28 18:35:07.216 10 INFO neutron.db.ovn_revision_numbers_db [None req-0bb7711f-401c-4b9a-a38d-1ae0286c665e d96e52cac3b2466886195e5b55f7629c 289be8de81ae4719a101d91082ea35aa - - default default] Successfully bumped revision number for resource e2087344-3865-4e5b-bfbf-25e726ec8a18 (type: security_group_rules) to 0
2026-04-28 18:35:07.245 10 INFO neutron.api.wsgi [None req-0bb7711f-401c-4b9a-a38d-1ae0286c665e d96e52cac3b2466886195e5b55f7629c 289be8de81ae4719a101d91082ea35aa - - default default] 10.0.0.252 "GET /v2.0/security-groups?tenant_id=7c2780cfe83044ff9a9aa6df38d24ed1&name=default HTTP/1.1" status: 200 len: 3120 time: 0.2883739
2026-04-28 18:35:07.430 10 INFO neutron.api.wsgi [None req-6721e410-829a-477f-8750-76a09be07c18 d96e52cac3b2466886195e5b55f7629c 289be8de81ae4719a101d91082ea35aa - - default default] 10.0.0.252 "DELETE /v2.0/security-groups/1c516bef-c401-4d8e-b801-356c526c4c5e HTTP/1.1" status: 204 len: 168 time: 0.1808288
2026-04-28 18:35:07.595 10 INFO neutron.db.ovn_revision_numbers_db [None req-c59f767d-797a-43c8-a699-17580d312614 d96e52cac3b2466886195e5b55f7629c 289be8de81ae4719a101d91082ea35aa - - default default] Successfully bumped revision number for resource de30c080-65c7-4bf7-a6f4-85965da1cc4c (type: security_groups) to 1
2026-04-28 18:35:07.606 10 INFO neutron.db.ovn_revision_numbers_db [None req-c59f767d-797a-43c8-a699-17580d312614 d96e52cac3b2466886195e5b55f7629c 289be8de81ae4719a101d91082ea35aa - - default default] Successfully bumped revision number for resource 92085b19-1e27-48c7-96b7-7d272e746158 (type: security_group_rules) to 0
2026-04-28 18:35:07.615 10 INFO neutron.db.ovn_revision_numbers_db [None req-c59f767d-797a-43c8-a699-17580d312614 d96e52cac3b2466886195e5b55f7629c 289be8de81ae4719a101d91082ea35aa - - default default] Successfully bumped revision number for resource aaa8c7cc-d017-4161-ba97-040cf10891c8 (type: security_group_rules) to 0
2026-04-28 18:35:07.625 10 INFO neutron.db.ovn_revision_numbers_db [None req-c59f767d-797a-43c8-a699-17580d312614 d96e52cac3b2466886195e5b55f7629c 289be8de81ae4719a101d91082ea35aa - - default default] Successfully bumped revision number for resource cf66f65c-27c2-43d1-ab79-2f029e466429 (type: security_group_rules) to 0
2026-04-28 18:35:07.634 10 INFO neutron.db.ovn_revision_numbers_db [None req-c59f767d-797a-43c8-a699-17580d312614 d96e52cac3b2466886195e5b55f7629c 289be8de81ae4719a101d91082ea35aa - - default default] Successfully bumped revision number for resource f0c2d97e-0fa1-4a37-b0c9-6c6891d3063d (type: security_group_rules) to 0
2026-04-28 18:35:07.661 10 INFO neutron.api.wsgi [None req-c59f767d-797a-43c8-a699-17580d312614 d96e52cac3b2466886195e5b55f7629c 289be8de81ae4719a101d91082ea35aa - - default default] 10.0.0.252 "GET /v2.0/security-groups?tenant_id=8314febfb56347d796aee726712aa49a&name=default HTTP/1.1" status: 200 len: 3120 time: 0.1448824
2026-04-28 18:35:07.852 10 INFO neutron.api.wsgi [None req-48ac2448-0c82-49b0-80c5-ea17e08a9aa9 d96e52cac3b2466886195e5b55f7629c 289be8de81ae4719a101d91082ea35aa - - default default] 10.0.0.252 "DELETE /v2.0/security-groups/de30c080-65c7-4bf7-a6f4-85965da1cc4c HTTP/1.1" status: 204 len: 168 time: 0.1848309
2026-04-28 18:35:08.404 9 INFO neutron.api.wsgi [-] 10.0.0.22 "GET / HTTP/1.1" status: 200 len: 247 time: 0.0019310
2026-04-28 18:35:08.406 9 INFO neutron.api.wsgi [-] 10.0.0.22 "GET / HTTP/1.1" status: 200 len: 247 time: 0.0012763
2026-04-28 18:35:08.474 9 WARNING neutron_lib.context [None req-fa41b21f-cced-4693-b004-cec4be5b4961 e6044d41a2ad4bf4b2ac33427d313fc4 f4a72355bf524e639e18b0b243c67018 - - default default] Method 'is_advsvc' is deprecated since 2023.2 release (neutron-lib 3.8.0) and will be removed once support for the old RBAC API policies will be removed from Neutron. Please use method 'is_service_role' instead.
2026-04-28 18:35:08.586 9 INFO neutron.db.ovn_revision_numbers_db [None req-fa41b21f-cced-4693-b004-cec4be5b4961 e6044d41a2ad4bf4b2ac33427d313fc4 f4a72355bf524e639e18b0b243c67018 - - default default] Successfully bumped revision number for resource 105f8170-02b7-408a-9445-87b0178a8c3c (type: security_groups) to 1
2026-04-28 18:35:08.599 9 INFO neutron.db.ovn_revision_numbers_db [None req-fa41b21f-cced-4693-b004-cec4be5b4961 e6044d41a2ad4bf4b2ac33427d313fc4 f4a72355bf524e639e18b0b243c67018 - - default default] Successfully bumped revision number for resource 8447c37d-cf2f-45dc-b60a-15771214df6b (type: security_group_rules) to 0
2026-04-28 18:35:08.612 9 INFO neutron.db.ovn_revision_numbers_db [None req-fa41b21f-cced-4693-b004-cec4be5b4961 e6044d41a2ad4bf4b2ac33427d313fc4 f4a72355bf524e639e18b0b243c67018 - - default default] Successfully bumped revision number for resource 8d0b919b-9531-4e00-8745-c7000ee3c595 (type: security_group_rules) to 0
2026-04-28 18:35:08.626 9 INFO neutron.db.ovn_revision_numbers_db [None req-fa41b21f-cced-4693-b004-cec4be5b4961 e6044d41a2ad4bf4b2ac33427d313fc4 f4a72355bf524e639e18b0b243c67018 - - default default] Successfully bumped revision number for resource a9f1fde7-a75f-4a83-86a0-fd5e39fe5f76 (type: security_group_rules) to 0
2026-04-28 18:35:08.639 9 INFO neutron.db.ovn_revision_numbers_db [None req-fa41b21f-cced-4693-b004-cec4be5b4961 e6044d41a2ad4bf4b2ac33427d313fc4 f4a72355bf524e639e18b0b243c67018 - - default default] Successfully bumped revision number for resource f18cb583-4786-4b11-8183-57aeb20a8d26 (type: security_group_rules) to 0
2026-04-28 18:35:08.705 9 INFO neutron.db.segments_db [None req-fa41b21f-cced-4693-b004-cec4be5b4961 e6044d41a2ad4bf4b2ac33427d313fc4 f4a72355bf524e639e18b0b243c67018 - - default default] Added segment ffe844fc-966d-4fa0-b734-767aef2536a3 of type geneve for network 6fd6b134-3da5-4591-9fa4-358fc18c2382
2026-04-28 18:35:08.743 10 INFO neutron.api.wsgi [req-6b6bcc8e-00d3-4651-b115-30f83fcf9c5e req-7e80636f-ea13-4f18-a4ae-f0f66afd0560 ced89ad504b549098fe53611b946e5b8 0c277d9f350b414b87ac9472b36e228d - - default default] 10.0.0.184 "GET /v2.0/networks?id=c3445e67-b89f-46fe-ab70-e5ced8898e6c HTTP/1.1" status: 200 len: 872 time: 0.0491128
2026-04-28 18:35:08.764 10 INFO neutron.api.wsgi [req-6b6bcc8e-00d3-4651-b115-30f83fcf9c5e req-f90f34e2-e562-436c-a270-501dd4e5bb55 ced89ad504b549098fe53611b946e5b8 0c277d9f350b414b87ac9472b36e228d - - default default] 10.0.0.184 "GET /v2.0/quotas/0c277d9f350b414b87ac9472b36e228d HTTP/1.1" status: 200 len: 491 time: 0.0138309
2026-04-28 18:35:08.827 9 INFO neutron.db.ovn_revision_numbers_db [None req-fa41b21f-cced-4693-b004-cec4be5b4961 e6044d41a2ad4bf4b2ac33427d313fc4 f4a72355bf524e639e18b0b243c67018 - - default default] Successfully bumped revision number for resource 6fd6b134-3da5-4591-9fa4-358fc18c2382 (type: networks) to 1
2026-04-28 18:35:08.850 10 INFO neutron.api.wsgi [req-6b6bcc8e-00d3-4651-b115-30f83fcf9c5e req-ee46265a-26ca-465b-b8ab-fbe1d9c3cddf ced89ad504b549098fe53611b946e5b8 0c277d9f350b414b87ac9472b36e228d - - default default] 10.0.0.184 "GET /v2.0/ports?tenant_id=0c277d9f350b414b87ac9472b36e228d&fields=id HTTP/1.1" status: 200 len: 302 time: 0.0805116
2026-04-28 18:35:08.898 10 INFO neutron.api.wsgi [req-6b6bcc8e-00d3-4651-b115-30f83fcf9c5e req-e7a0025e-190f-485a-a476-59d56374ce6f 2b21086211fc44e58990c25ff47f3fef 24ea4a403c04467cb0e7aec3d57c681c - - a57b547b83f4419d96d463529006276e a57b547b83f4419d96d463529006276e] 10.0.0.184 "GET /v2.0/networks/c3445e67-b89f-46fe-ab70-e5ced8898e6c?fields=segments HTTP/1.1" status: 200 len: 212 time: 0.0426314
2026-04-28 18:35:08.944 10 INFO neutron.api.wsgi [req-6b6bcc8e-00d3-4651-b115-30f83fcf9c5e req-40134bf6-e479-4d06-bbeb-4e17004e7bd9 2b21086211fc44e58990c25ff47f3fef 24ea4a403c04467cb0e7aec3d57c681c - - a57b547b83f4419d96d463529006276e a57b547b83f4419d96d463529006276e] 10.0.0.184 "GET /v2.0/networks/c3445e67-b89f-46fe-ab70-e5ced8898e6c?fields=provider%3Aphysical_network&fields=provider%3Anetwork_type HTTP/1.1" status: 200 len: 277 time: 0.0410419
2026-04-28 18:35:08.978 9 WARNING neutron.scheduler.dhcp_agent_scheduler [None req-fa41b21f-cced-4693-b004-cec4be5b4961 e6044d41a2ad4bf4b2ac33427d313fc4 f4a72355bf524e639e18b0b243c67018 - - default default] No more DHCP agents
2026-04-28 18:35:08.980 9 WARNING neutron.api.rpc.agentnotifiers.dhcp_rpc_agent_api [None req-fa41b21f-cced-4693-b004-cec4be5b4961 e6044d41a2ad4bf4b2ac33427d313fc4 f4a72355bf524e639e18b0b243c67018 - - default default] Unable to schedule network 6fd6b134-3da5-4591-9fa4-358fc18c2382: no agents available; will retry on subsequent port and subnet creation events.
2026-04-28 18:35:09.036 9 INFO neutron.db.ovn_revision_numbers_db [None req-fa41b21f-cced-4693-b004-cec4be5b4961 e6044d41a2ad4bf4b2ac33427d313fc4 f4a72355bf524e639e18b0b243c67018 - - default default] Successfully bumped revision number for resource 9b36f2f9-e4ee-4a87-9fad-9b5d58169ee9 (type: ports) to 1
2026-04-28 18:35:09.067 9 INFO neutron.api.wsgi [req-d5db2052-f637-4497-b069-80244270424b req-39428a21-3535-4f42-9e3c-62d1c1f37c40 ced89ad504b549098fe53611b946e5b8 0c277d9f350b414b87ac9472b36e228d - - default default] 10.0.0.184 "GET /v2.0/ports?device_id=109c53ec-3edd-4991-a98e-75bcc355bcb1 HTTP/1.1" status: 200 len: 210 time: 0.0258176
2026-04-28 18:35:09.079 9 INFO neutron.api.wsgi [None req-fa41b21f-cced-4693-b004-cec4be5b4961 e6044d41a2ad4bf4b2ac33427d313fc4 f4a72355bf524e639e18b0b243c67018 - - default default] 10.0.0.252 "POST /v2.0/networks HTTP/1.1" status: 201 len: 844 time: 0.6922157
2026-04-28 18:35:09.546 9 WARNING neutron_lib.context [None req-9f8759b7-fc57-417a-8aec-5882cac361bf e6044d41a2ad4bf4b2ac33427d313fc4 f4a72355bf524e639e18b0b243c67018 - - default default] Method 'is_advsvc' is deprecated since 2023.2 release (neutron-lib 3.8.0) and will be removed once support for the old RBAC API policies will be removed from Neutron. Please use method 'is_service_role' instead.
2026-04-28 18:35:09.720 9 WARNING neutron.scheduler.dhcp_agent_scheduler [None req-9f8759b7-fc57-417a-8aec-5882cac361bf e6044d41a2ad4bf4b2ac33427d313fc4 f4a72355bf524e639e18b0b243c67018 - - default default] No more DHCP agents
2026-04-28 18:35:09.721 9 WARNING neutron.api.rpc.agentnotifiers.dhcp_rpc_agent_api [None req-9f8759b7-fc57-417a-8aec-5882cac361bf e6044d41a2ad4bf4b2ac33427d313fc4 f4a72355bf524e639e18b0b243c67018 - - default default] Unable to schedule network 6fd6b134-3da5-4591-9fa4-358fc18c2382: no agents available; will retry on subsequent port and subnet creation events.
2026-04-28 18:35:09.746 9 INFO neutron.db.ovn_revision_numbers_db [None req-9f8759b7-fc57-417a-8aec-5882cac361bf e6044d41a2ad4bf4b2ac33427d313fc4 f4a72355bf524e639e18b0b243c67018 - - default default] Successfully bumped revision number for resource 9d5a1b46-41c7-43be-8708-7b75339e91d0 (type: subnets) to 0
2026-04-28 18:35:09.766 9 INFO neutron.api.wsgi [None req-9f8759b7-fc57-417a-8aec-5882cac361bf e6044d41a2ad4bf4b2ac33427d313fc4 f4a72355bf524e639e18b0b243c67018 - - default default] 10.0.0.252 "POST /v2.0/subnets HTTP/1.1" status: 201 len: 872 time: 0.2268939
2026-04-28 18:35:09.781 9 WARNING neutron_lib.context [None req-513db969-8081-4f5b-8f66-ccdea3010909 e6044d41a2ad4bf4b2ac33427d313fc4 f4a72355bf524e639e18b0b243c67018 - - default default] Method 'is_advsvc' is deprecated since 2023.2 release (neutron-lib 3.8.0) and will be removed once support for the old RBAC API policies will be removed from Neutron. Please use method 'is_service_role' instead.
2026-04-28 18:35:09.853 9 INFO neutron.db.segments_db [None req-513db969-8081-4f5b-8f66-ccdea3010909 e6044d41a2ad4bf4b2ac33427d313fc4 f4a72355bf524e639e18b0b243c67018 - - default default] Added segment 19877f46-e0d4-4e89-aca4-a245ddcf894b of type geneve for network 2a439b15-521d-461f-88c4-e33a99164b9f
2026-04-28 18:35:09.956 9 INFO neutron.db.ovn_revision_numbers_db [None req-513db969-8081-4f5b-8f66-ccdea3010909 e6044d41a2ad4bf4b2ac33427d313fc4 f4a72355bf524e639e18b0b243c67018 - - default default] Successfully bumped revision number for resource 2a439b15-521d-461f-88c4-e33a99164b9f (type: networks) to 1
2026-04-28 18:35:10.125 9 WARNING neutron.scheduler.dhcp_agent_scheduler [None req-513db969-8081-4f5b-8f66-ccdea3010909 e6044d41a2ad4bf4b2ac33427d313fc4 f4a72355bf524e639e18b0b243c67018 - - default default] No more DHCP agents
2026-04-28 18:35:10.128 9 WARNING neutron.api.rpc.agentnotifiers.dhcp_rpc_agent_api [None req-513db969-8081-4f5b-8f66-ccdea3010909 e6044d41a2ad4bf4b2ac33427d313fc4 f4a72355bf524e639e18b0b243c67018 - - default default] Unable to schedule network 2a439b15-521d-461f-88c4-e33a99164b9f: no agents available; will retry on subsequent port and subnet creation events.
2026-04-28 18:35:10.142 10 INFO neutron.api.wsgi [req-74a8db26-2022-4888-8710-402274395506 req-ae0675dd-d2f3-464c-ad41-5b3e6792a187 ced89ad504b549098fe53611b946e5b8 0c277d9f350b414b87ac9472b36e228d - - default default] 10.0.0.184 "GET /v2.0/ports?device_id=109c53ec-3edd-4991-a98e-75bcc355bcb1 HTTP/1.1" status: 200 len: 210 time: 0.0188105
2026-04-28 18:35:10.195 9 INFO neutron.db.ovn_revision_numbers_db [None req-513db969-8081-4f5b-8f66-ccdea3010909 e6044d41a2ad4bf4b2ac33427d313fc4 f4a72355bf524e639e18b0b243c67018 - - default default] Successfully bumped revision number for resource 9e375a0b-fed1-4c45-b360-fb80668805de (type: ports) to 1
2026-04-28 18:35:10.216 9 INFO neutron.api.wsgi [None req-513db969-8081-4f5b-8f66-ccdea3010909 e6044d41a2ad4bf4b2ac33427d313fc4 f4a72355bf524e639e18b0b243c67018 - - default default] 10.0.0.252 "POST /v2.0/networks HTTP/1.1" status: 201 len: 847 time: 0.4408767
2026-04-28 18:35:10.376 9 INFO neutron.db.ovn_revision_numbers_db [None req-eaa59030-8070-4f12-85e9-114bf75d8676 e6044d41a2ad4bf4b2ac33427d313fc4 f4a72355bf524e639e18b0b243c67018 - - default default] Successfully bumped revision number for resource 2a439b15-521d-461f-88c4-e33a99164b9f (type: networks) to 2
2026-04-28 18:35:10.380 9 INFO neutron.api.wsgi [None req-eaa59030-8070-4f12-85e9-114bf75d8676 e6044d41a2ad4bf4b2ac33427d313fc4 f4a72355bf524e639e18b0b243c67018 - - default default] 10.0.0.252 "PUT /v2.0/networks/2a439b15-521d-461f-88c4-e33a99164b9f HTTP/1.1" status: 200 len: 792 time: 0.1454012
2026-04-28 18:35:10.391 9 WARNING neutron_lib.context [None req-adf4649a-8f16-496b-b7d3-332ec1e48a89 e6044d41a2ad4bf4b2ac33427d313fc4 f4a72355bf524e639e18b0b243c67018 - - default default] Method 'is_advsvc' is deprecated since 2023.2 release (neutron-lib 3.8.0) and will be removed once support for the old RBAC API policies will be removed from Neutron. Please use method 'is_service_role' instead.
2026-04-28 18:35:10.576 9 WARNING neutron.scheduler.dhcp_agent_scheduler [None req-adf4649a-8f16-496b-b7d3-332ec1e48a89 e6044d41a2ad4bf4b2ac33427d313fc4 f4a72355bf524e639e18b0b243c67018 - - default default] No more DHCP agents
2026-04-28 18:35:10.576 9 WARNING neutron.api.rpc.agentnotifiers.dhcp_rpc_agent_api [None req-adf4649a-8f16-496b-b7d3-332ec1e48a89 e6044d41a2ad4bf4b2ac33427d313fc4 f4a72355bf524e639e18b0b243c67018 - - default default] Unable to schedule network 2a439b15-521d-461f-88c4-e33a99164b9f: no agents available; will retry on subsequent port and subnet creation events.
2026-04-28 18:35:10.601 9 INFO neutron.db.ovn_revision_numbers_db [None req-adf4649a-8f16-496b-b7d3-332ec1e48a89 e6044d41a2ad4bf4b2ac33427d313fc4 f4a72355bf524e639e18b0b243c67018 - - default default] Successfully bumped revision number for resource 963439b3-4392-4533-8665-932f4aedae38 (type: subnets) to 0
2026-04-28 18:35:10.614 9 INFO neutron.api.wsgi [None req-adf4649a-8f16-496b-b7d3-332ec1e48a89 e6044d41a2ad4bf4b2ac33427d313fc4 f4a72355bf524e639e18b0b243c67018 - - default default] 10.0.0.252 "POST /v2.0/subnets HTTP/1.1" status: 201 len: 845 time: 0.2281904
2026-04-28 18:35:10.936 10 WARNING neutron_lib.context [None req-c4b67626-d5c1-433f-8b9f-1e38b8977ba0 50ccab2a03c1450d986a1fec3fc249d2 af50b806e01a48ab865e12b2e0f484fe - - default default] Method 'is_advsvc' is deprecated since 2023.2 release (neutron-lib 3.8.0) and will be removed once support for the old RBAC API policies will be removed from Neutron. Please use method 'is_service_role' instead.
2026-04-28 18:35:11.058 10 INFO neutron.db.ovn_revision_numbers_db [None req-c4b67626-d5c1-433f-8b9f-1e38b8977ba0 50ccab2a03c1450d986a1fec3fc249d2 af50b806e01a48ab865e12b2e0f484fe - - default default] Successfully bumped revision number for resource 9dc1b4ec-45e3-4f54-89e8-33caaaefaa05 (type: security_groups) to 1
2026-04-28 18:35:11.069 10 INFO neutron.db.ovn_revision_numbers_db [None req-c4b67626-d5c1-433f-8b9f-1e38b8977ba0 50ccab2a03c1450d986a1fec3fc249d2 af50b806e01a48ab865e12b2e0f484fe - - default default] Successfully bumped revision number for resource 46dfd06e-78eb-4329-a6ff-49afc602586a (type: security_group_rules) to 0
2026-04-28 18:35:11.081 10 INFO neutron.db.ovn_revision_numbers_db [None req-c4b67626-d5c1-433f-8b9f-1e38b8977ba0 50ccab2a03c1450d986a1fec3fc249d2 af50b806e01a48ab865e12b2e0f484fe - - default default] Successfully bumped revision number for resource ad912d5a-d8d4-4790-be79-6567abd39e16 (type: security_group_rules) to 0
2026-04-28 18:35:11.095 10 INFO neutron.db.ovn_revision_numbers_db [None req-c4b67626-d5c1-433f-8b9f-1e38b8977ba0 50ccab2a03c1450d986a1fec3fc249d2 af50b806e01a48ab865e12b2e0f484fe - - default default] Successfully bumped revision number for resource b4545fe2-a1a6-4254-b561-94364ec1ab64 (type: security_group_rules) to 0
2026-04-28 18:35:11.106 10 INFO neutron.db.ovn_revision_numbers_db [None req-c4b67626-d5c1-433f-8b9f-1e38b8977ba0 50ccab2a03c1450d986a1fec3fc249d2 af50b806e01a48ab865e12b2e0f484fe - - default default] Successfully bumped revision number for resource ce7b0c1a-f737-4d24-b70e-886487d90f61 (type: security_group_rules) to 0
2026-04-28 18:35:11.206 10 INFO neutron.db.ovn_revision_numbers_db [None req-c4b67626-d5c1-433f-8b9f-1e38b8977ba0 50ccab2a03c1450d986a1fec3fc249d2 af50b806e01a48ab865e12b2e0f484fe - - default default] Successfully bumped revision number for resource ea5b622f-4f11-48a1-ac16-bd9bcb8a943a (type: security_groups) to 1
2026-04-28 18:35:11.223 9 INFO neutron.api.wsgi [req-145f964d-a841-4db7-aee2-099af12a23f5 req-79a6bd7e-cc9f-4567-8507-21708b9a43a6 ced89ad504b549098fe53611b946e5b8 0c277d9f350b414b87ac9472b36e228d - - default default] 10.0.0.184 "GET /v2.0/ports?device_id=109c53ec-3edd-4991-a98e-75bcc355bcb1 HTTP/1.1" status: 200 len: 210 time: 0.0169139
2026-04-28 18:35:11.230 10 INFO neutron.db.ovn_revision_numbers_db [None req-c4b67626-d5c1-433f-8b9f-1e38b8977ba0 50ccab2a03c1450d986a1fec3fc249d2 af50b806e01a48ab865e12b2e0f484fe - - default default] Successfully bumped revision number for resource 304b23bc-d9bf-4b67-b774-dc2865042df1 (type: security_group_rules) to 0
2026-04-28 18:35:11.240 10 INFO neutron.db.ovn_revision_numbers_db [None req-c4b67626-d5c1-433f-8b9f-1e38b8977ba0 50ccab2a03c1450d986a1fec3fc249d2 af50b806e01a48ab865e12b2e0f484fe - - default default] Successfully bumped revision number for resource 4fdda9ed-0e05-4887-96ac-aa985559d762 (type: security_group_rules) to 0
2026-04-28 18:35:11.271 10 INFO neutron.api.wsgi [None req-c4b67626-d5c1-433f-8b9f-1e38b8977ba0 50ccab2a03c1450d986a1fec3fc249d2 af50b806e01a48ab865e12b2e0f484fe - - default default] 10.0.0.252 "POST /v2.0/security-groups HTTP/1.1" status: 201 len: 1801 time: 0.5131757
2026-04-28 18:35:11.306 10 INFO neutron.api.wsgi [None req-32d8937f-7dbd-412a-b6c2-dd37add46db7 50ccab2a03c1450d986a1fec3fc249d2 af50b806e01a48ab865e12b2e0f484fe - - default default] 10.0.0.252 "PUT /v2.0/security-groups/ea5b622f-4f11-48a1-ac16-bd9bcb8a943a/tags HTTP/1.1" status: 200 len: 218 time: 0.0300555
2026-04-28 18:35:11.328 10 INFO neutron.api.wsgi [None req-e0cfd50f-567b-48f0-a993-63ff82cdfa20 50ccab2a03c1450d986a1fec3fc249d2 af50b806e01a48ab865e12b2e0f484fe - - default default] 10.0.0.252 "GET /v2.0/security-groups/ea5b622f-4f11-48a1-ac16-bd9bcb8a943a/tags HTTP/1.1" status: 200 len: 218 time: 0.0177188
2026-04-28 18:35:11.362 10 INFO neutron.api.wsgi [None req-cc083194-97d5-47b1-aa7d-24a60d14e84c 50ccab2a03c1450d986a1fec3fc249d2 af50b806e01a48ab865e12b2e0f484fe - - default default] 10.0.0.252 "PUT /v2.0/security-groups/ea5b622f-4f11-48a1-ac16-bd9bcb8a943a/tags/green HTTP/1.1" status: 201 len: 201 time: 0.0277529
2026-04-28 18:35:11.393 10 INFO neutron.api.wsgi [None req-79a0f395-bff6-4744-9969-0a6a414586df 50ccab2a03c1450d986a1fec3fc249d2 af50b806e01a48ab865e12b2e0f484fe - - default default] 10.0.0.252 "GET /v2.0/security-groups/ea5b622f-4f11-48a1-ac16-bd9bcb8a943a/tags HTTP/1.1" status: 200 len: 227 time: 0.0213981
2026-04-28 18:35:11.401 9 INFO neutron.db.ovn_revision_numbers_db [None req-e19bb6ed-0ac4-4568-bf48-d4921963d933 - - - - - -] Successfully bumped revision number for resource 9e375a0b-fed1-4c45-b360-fb80668805de (type: ports) to 2
2026-04-28 18:35:11.431 10 INFO neutron.api.wsgi [None req-5c582cda-e737-404d-a8d3-bce4bb46fbd8 50ccab2a03c1450d986a1fec3fc249d2 af50b806e01a48ab865e12b2e0f484fe - - default default] 10.0.0.252 "PUT /v2.0/security-groups/ea5b622f-4f11-48a1-ac16-bd9bcb8a943a/tags/red HTTP/1.1" status: 201 len: 201 time: 0.0325248
2026-04-28 18:35:11.441 9 INFO neutron.db.ovn_revision_numbers_db [None req-e19bb6ed-0ac4-4568-bf48-d4921963d933 - - - - - -] Successfully bumped revision number for resource 963439b3-4392-4533-8665-932f4aedae38 (type: subnets) to 1
2026-04-28 18:35:11.445 9 INFO neutron.api.wsgi [None req-25a791fe-d446-46a4-a6c2-a95c6b1a4365 e6044d41a2ad4bf4b2ac33427d313fc4 f4a72355bf524e639e18b0b243c67018 - - default default] 10.0.0.252 "PUT /v2.0/subnets/963439b3-4392-4533-8665-932f4aedae38 HTTP/1.1" status: 200 len: 850 time: 0.8254545
2026-04-28 18:35:11.454 10 INFO neutron.api.wsgi [None req-38336493-5ae4-4a3a-a7a6-4f4baeec520b 50ccab2a03c1450d986a1fec3fc249d2 af50b806e01a48ab865e12b2e0f484fe - - default default] 10.0.0.252 "GET /v2.0/security-groups/ea5b622f-4f11-48a1-ac16-bd9bcb8a943a/tags HTTP/1.1" status: 200 len: 227 time: 0.0176249
2026-04-28 18:35:11.485 10 INFO neutron.api.wsgi [None req-c1d8c9e2-e94c-4258-b1e1-0bdc550befa1 50ccab2a03c1450d986a1fec3fc249d2 af50b806e01a48ab865e12b2e0f484fe - - default default] 10.0.0.252 "PUT /v2.0/security-groups/ea5b622f-4f11-48a1-ac16-bd9bcb8a943a/tags/black.or.white HTTP/1.1" status: 201 len: 201 time: 0.0263188
2026-04-28 18:35:11.510 9 INFO neutron.api.wsgi [None req-23eeb1ba-ff4f-486b-9738-4827032121f0 50ccab2a03c1450d986a1fec3fc249d2 af50b806e01a48ab865e12b2e0f484fe - - default default] 10.0.0.252 "GET /v2.0/security-groups/ea5b622f-4f11-48a1-ac16-bd9bcb8a943a/tags HTTP/1.1" status: 200 len: 245 time: 0.0214007
2026-04-28 18:35:11.545 10 INFO neutron.api.wsgi [None req-0d1086da-eb62-422e-879d-eed9ce608122 50ccab2a03c1450d986a1fec3fc249d2 af50b806e01a48ab865e12b2e0f484fe - - default default] 10.0.0.252 "PUT /v2.0/security-groups/ea5b622f-4f11-48a1-ac16-bd9bcb8a943a/tags HTTP/1.1" status: 200 len: 230 time: 0.0316460
2026-04-28 18:35:11.570 9 INFO neutron.api.wsgi [None req-de3962c1-ae55-42c8-8306-fe5ed331cdd2 50ccab2a03c1450d986a1fec3fc249d2 af50b806e01a48ab865e12b2e0f484fe - - default default] 10.0.0.252 "GET /v2.0/security-groups/ea5b622f-4f11-48a1-ac16-bd9bcb8a943a/tags HTTP/1.1" status: 200 len: 230 time: 0.0206666
2026-04-28 18:35:11.595 9 INFO neutron.api.wsgi [None req-1e2d69d9-066c-4a80-aad8-ac6582bd93b9 50ccab2a03c1450d986a1fec3fc249d2 af50b806e01a48ab865e12b2e0f484fe - - default default] 10.0.0.252 "GET /v2.0/security-groups/ea5b622f-4f11-48a1-ac16-bd9bcb8a943a/tags/red HTTP/1.1" status: 204 len: 168 time: 0.0212972
2026-04-28 18:35:11.634 9 INFO neutron.api.v2.resource [None req-9eceaf2a-1d27-41fc-8f85-438801334264 50ccab2a03c1450d986a1fec3fc249d2 af50b806e01a48ab865e12b2e0f484fe - - default default] show failed (client error): The resource could not be found.
2026-04-28 18:35:11.635 9 INFO neutron.api.wsgi [None req-9eceaf2a-1d27-41fc-8f85-438801334264 50ccab2a03c1450d986a1fec3fc249d2 af50b806e01a48ab865e12b2e0f484fe - - default default] 10.0.0.252 "GET /v2.0/security-groups/ea5b622f-4f11-48a1-ac16-bd9bcb8a943a/tags/green HTTP/1.1" status: 404 len: 299 time: 0.0334349
2026-04-28 18:35:11.690 9 INFO neutron.api.wsgi [None req-58d855bb-20b1-44db-b288-975140e7d7b9 50ccab2a03c1450d986a1fec3fc249d2 af50b806e01a48ab865e12b2e0f484fe - - default default] 10.0.0.252 "DELETE /v2.0/security-groups/ea5b622f-4f11-48a1-ac16-bd9bcb8a943a/tags/red HTTP/1.1" status: 204 len: 168 time: 0.0506206
2026-04-28 18:35:11.717 10 INFO neutron.db.ovn_revision_numbers_db [None req-0e363f06-b07a-4d67-aff6-1de51967967d d96e52cac3b2466886195e5b55f7629c 289be8de81ae4719a101d91082ea35aa - - default default] Successfully bumped revision number for resource e8390484-b4be-4bae-8e4a-88ba3ca90993 (type: security_groups) to 1
2026-04-28 18:35:11.719 10 INFO neutron.api.wsgi [None req-864f62b5-8cf2-49ef-9ef9-48464348767f 50ccab2a03c1450d986a1fec3fc249d2 af50b806e01a48ab865e12b2e0f484fe - - default default] 10.0.0.252 "GET /v2.0/security-groups/ea5b622f-4f11-48a1-ac16-bd9bcb8a943a/tags HTTP/1.1" status: 200 len: 223 time: 0.0233579
2026-04-28 18:35:11.744 10 INFO neutron.db.ovn_revision_numbers_db [None req-0e363f06-b07a-4d67-aff6-1de51967967d d96e52cac3b2466886195e5b55f7629c 289be8de81ae4719a101d91082ea35aa - - default default] Successfully bumped revision number for resource 2d7e7119-f390-4fb9-ba31-aabe3abd0e6f (type: security_group_rules) to 0
2026-04-28 18:35:11.747 10 INFO neutron.api.v2.resource [None req-7cb6d2b5-0f0b-44ed-ba9f-63970a664e50 50ccab2a03c1450d986a1fec3fc249d2 af50b806e01a48ab865e12b2e0f484fe - - default default] delete failed (client error): The resource could not be found.
2026-04-28 18:35:11.748 10 INFO neutron.api.wsgi [None req-7cb6d2b5-0f0b-44ed-ba9f-63970a664e50 50ccab2a03c1450d986a1fec3fc249d2 af50b806e01a48ab865e12b2e0f484fe - - default default] 10.0.0.252 "DELETE /v2.0/security-groups/ea5b622f-4f11-48a1-ac16-bd9bcb8a943a/tags/green HTTP/1.1" status: 404 len: 299 time: 0.0215030
2026-04-28 18:35:11.773 10 INFO neutron.db.ovn_revision_numbers_db [None req-0e363f06-b07a-4d67-aff6-1de51967967d d96e52cac3b2466886195e5b55f7629c 289be8de81ae4719a101d91082ea35aa - - default default] Successfully bumped revision number for resource 4e60ab44-e364-40e0-b7a4-a487af0dc94a (type: security_group_rules) to 0
2026-04-28 18:35:11.792 10 WARNING neutron.plugins.ml2.drivers.ovn.mech_driver.ovsdb.ovn_client [None req-5d79b08b-729a-4c39-9430-067b13013926 - - - - - -] No hosting information found for port 9f3c0290-3517-450f-ac8e-e0e7c82aae20: RuntimeError: No hosting information found for port 9f3c0290-3517-450f-ac8e-e0e7c82aae20
2026-04-28 18:35:11.794 10 INFO neutron.db.ovn_revision_numbers_db [None req-0e363f06-b07a-4d67-aff6-1de51967967d d96e52cac3b2466886195e5b55f7629c 289be8de81ae4719a101d91082ea35aa - - default default] Successfully bumped revision number for resource bead0505-3a52-47de-82fe-605f85993332 (type: security_group_rules) to 0
2026-04-28 18:35:11.811 10 INFO neutron.api.wsgi [None req-c64062e3-9951-4b25-a6df-9ec3c634f626 50ccab2a03c1450d986a1fec3fc249d2 af50b806e01a48ab865e12b2e0f484fe - - default default] 10.0.0.252 "DELETE /v2.0/security-groups/ea5b622f-4f11-48a1-ac16-bd9bcb8a943a/tags HTTP/1.1" status: 204 len: 168 time: 0.0596611
2026-04-28 18:35:11.816 10 INFO neutron.db.ovn_revision_numbers_db [None req-0e363f06-b07a-4d67-aff6-1de51967967d d96e52cac3b2466886195e5b55f7629c 289be8de81ae4719a101d91082ea35aa - - default default] Successfully bumped revision number for resource c77f6a81-5d5b-4d20-9d77-03b98885b497 (type: security_group_rules) to 0
2026-04-28 18:35:11.842 9 INFO neutron.api.wsgi [None req-30bb224e-2f51-4ee0-83c3-e6cd21d18b65 50ccab2a03c1450d986a1fec3fc249d2 af50b806e01a48ab865e12b2e0f484fe - - default default] 10.0.0.252 "GET /v2.0/security-groups/ea5b622f-4f11-48a1-ac16-bd9bcb8a943a/tags HTTP/1.1" status: 200 len: 205 time: 0.0238912
2026-04-28 18:35:11.852 10 INFO neutron.api.wsgi [None req-0e363f06-b07a-4d67-aff6-1de51967967d d96e52cac3b2466886195e5b55f7629c 289be8de81ae4719a101d91082ea35aa - - default default] 10.0.0.252 "GET /v2.0/security-groups?tenant_id=52daa6a3df76453daa5455e600565272&name=default HTTP/1.1" status: 200 len: 3120 time: 0.3513706
2026-04-28 18:35:11.872 10 INFO neutron.db.ovn_revision_numbers_db [None req-5d79b08b-729a-4c39-9430-067b13013926 - - - - - -] Successfully bumped revision number for resource 9f3c0290-3517-450f-ac8e-e0e7c82aae20 (type: router_ports) to 2
2026-04-28 18:35:11.902 9 INFO neutron.services.segments.plugin [-] Segment 19877f46-e0d4-4e89-aca4-a245ddcf894b resource provider aggregate not found
2026-04-28 18:35:11.906 9 INFO neutron.services.segments.plugin [-] Segment 19877f46-e0d4-4e89-aca4-a245ddcf894b resource provider aggregate not found
2026-04-28 18:35:11.921 9 INFO neutron.services.segments.plugin [-] Segment 19877f46-e0d4-4e89-aca4-a245ddcf894b resource provider not found; error: Placement Client Error (4xx): {"errors": [{"status": 404, "title": "Not Found", "detail": "The resource could not be found.\n\n No resource provider with uuid 19877f46-e0d4-4e89-aca4-a245ddcf894b found for delete ", "request_id": "req-0ff3a30f-7408-4e6d-b143-08c08368eab0"}]}
2026-04-28 18:35:11.924 9 INFO neutron.services.segments.plugin [-] Segment 19877f46-e0d4-4e89-aca4-a245ddcf894b resource provider not found; error: Placement Client Error (4xx): {"errors": [{"status": 404, "title": "Not Found", "detail": "The resource could not be found.\n\n No resource provider with uuid 19877f46-e0d4-4e89-aca4-a245ddcf894b found for delete ", "request_id": "req-a8d030ef-9b2c-4b23-833f-7c054d81972a"}]}
2026-04-28 18:35:11.929 9 INFO neutron.api.wsgi [None req-e57191a2-067b-4901-8763-717baf5c70d9 e6044d41a2ad4bf4b2ac33427d313fc4 f4a72355bf524e639e18b0b243c67018 - - default default] 10.0.0.252 "DELETE /v2.0/networks/2a439b15-521d-461f-88c4-e33a99164b9f HTTP/1.1" status: 204 len: 168 time: 0.4805672
2026-04-28 18:35:11.942 9 INFO neutron.pecan_wsgi.hooks.translation [None req-d15d9d21-e5af-4d7f-95d4-9a7d4f79942f e6044d41a2ad4bf4b2ac33427d313fc4 f4a72355bf524e639e18b0b243c67018 - - default default] DELETE failed (client error): The resource could not be found.
2026-04-28 18:35:11.944 9 INFO neutron.api.wsgi [None req-d15d9d21-e5af-4d7f-95d4-9a7d4f79942f e6044d41a2ad4bf4b2ac33427d313fc4 f4a72355bf524e639e18b0b243c67018 - - default default] 10.0.0.252 "DELETE /v2.0/networks/2a439b15-521d-461f-88c4-e33a99164b9f HTTP/1.1" status: 404 len: 339 time: 0.0102623
2026-04-28 18:35:11.993 9 INFO neutron.api.wsgi [None req-237cc78b-e351-4b6b-bd90-bd3ff0e050c7 50ccab2a03c1450d986a1fec3fc249d2 af50b806e01a48ab865e12b2e0f484fe - - default default] 10.0.0.252 "DELETE /v2.0/security-groups/ea5b622f-4f11-48a1-ac16-bd9bcb8a943a HTTP/1.1" status: 204 len: 168 time: 0.1454065
2026-04-28 18:35:12.003 9 INFO neutron.api.wsgi [None req-ed53183d-dd68-41fe-920f-a1a9f62aa553 e6044d41a2ad4bf4b2ac33427d313fc4 f4a72355bf524e639e18b0b243c67018 - - default default] 10.0.0.252 "GET /v2.0/networks?router%3Aexternal=True HTTP/1.1" status: 200 len: 845 time: 0.0535746
2026-04-28 18:35:12.030 9 INFO neutron.api.wsgi [None req-5fac6a9d-ebbd-4d40-b8f8-e8bf13f9ce17 e6044d41a2ad4bf4b2ac33427d313fc4 f4a72355bf524e639e18b0b243c67018 - - default default] 10.0.0.252 "GET /v2.0/subnets?network_id=9e705714-b02a-48d8-89d5-7fe4e4d0fe0a HTTP/1.1" status: 200 len: 843 time: 0.0221522
2026-04-28 18:35:12.040 9 INFO neutron.api.wsgi [None req-9bef2b2d-fc3b-4500-a0b6-67f1d4a548e4 e6044d41a2ad4bf4b2ac33427d313fc4 f4a72355bf524e639e18b0b243c67018 - - default default] 10.0.0.252 "GET /v2.0/extensions HTTP/1.1" status: 200 len: 19293 time: 0.0050204
2026-04-28 18:35:12.078 10 INFO neutron.api.wsgi [None req-e5900e40-34a8-430a-a84e-b089f316bf46 d96e52cac3b2466886195e5b55f7629c 289be8de81ae4719a101d91082ea35aa - - default default] 10.0.0.252 "DELETE /v2.0/security-groups/e8390484-b4be-4bae-8e4a-88ba3ca90993 HTTP/1.1" status: 204 len: 168 time: 0.2206757
2026-04-28 18:35:12.092 10 INFO neutron.api.wsgi [None req-28affd84-37e4-40ff-bf34-62da15d7d403 e6044d41a2ad4bf4b2ac33427d313fc4 f4a72355bf524e639e18b0b243c67018 - - default default] 10.0.0.252 "GET /v2.0/networks HTTP/1.1" status: 200 len: 1505 time: 0.0454414
2026-04-28 18:35:12.121 10 INFO neutron.api.wsgi [None req-9eccff54-80c3-4379-a7a0-7b59f707d5dc e6044d41a2ad4bf4b2ac33427d313fc4 f4a72355bf524e639e18b0b243c67018 - - default default] 10.0.0.252 "GET /v2.0/subnets HTTP/1.1" status: 200 len: 1507 time: 0.0222890
2026-04-28 18:35:12.158 10 INFO neutron.api.wsgi [None req-58a93f39-272c-4ad1-8817-12b441472db0 e6044d41a2ad4bf4b2ac33427d313fc4 f4a72355bf524e639e18b0b243c67018 - - default default] 10.0.0.252 "GET /v2.0/networks/6fd6b134-3da5-4591-9fa4-358fc18c2382 HTTP/1.1" status: 200 len: 864 time: 0.0308390
2026-04-28 18:35:12.184 10 INFO neutron.api.wsgi [None req-8686acbc-9829-48f5-8610-11ef1556c646 e6044d41a2ad4bf4b2ac33427d313fc4 f4a72355bf524e639e18b0b243c67018 - - default default] 10.0.0.252 "GET /v2.0/subnets/9d5a1b46-41c7-43be-8708-7b75339e91d0 HTTP/1.1" status: 200 len: 867 time: 0.0218556
2026-04-28 18:35:12.198 10 INFO neutron.pecan_wsgi.hooks.translation [None req-80e87666-fbb0-44b8-968f-a142f8d419c4 e6044d41a2ad4bf4b2ac33427d313fc4 f4a72355bf524e639e18b0b243c67018 - - default default] DELETE failed (client error): The resource could not be found.
2026-04-28 18:35:12.200 10 INFO neutron.api.wsgi [None req-80e87666-fbb0-44b8-968f-a142f8d419c4 e6044d41a2ad4bf4b2ac33427d313fc4 f4a72355bf524e639e18b0b243c67018 - - default default] 10.0.0.252 "DELETE /v2.0/subnets/963439b3-4392-4533-8665-932f4aedae38 HTTP/1.1" status: 404 len: 337 time: 0.0113118
2026-04-28 18:35:12.212 10 INFO neutron.pecan_wsgi.hooks.translation [None req-7cd81d5e-c48d-4a89-914f-1586d85c6158 e6044d41a2ad4bf4b2ac33427d313fc4 f4a72355bf524e639e18b0b243c67018 - - default default] DELETE failed (client error): The resource could not be found.
