2026-04-28 18:34:00.713 10 INFO neutron.api.wsgi [None req-8e5b851c-df93-46a0-a172-ed5f758ee749 b02de4823a204876bf795321006afd2d b4ed120c897143c38135cf3951969e84 - - default default] 10.0.0.252 "GET /v2.0/security-group-rules HTTP/1.1" status: 200 len: 3755 time: 0.0457201
2026-04-28 18:34:00.814 10 INFO neutron.api.wsgi [None req-0f0c8bd0-b660-4ed0-8466-a8c958066f11 b02de4823a204876bf795321006afd2d b4ed120c897143c38135cf3951969e84 - - default default] 10.0.0.252 "DELETE /v2.0/security-groups/1f15b82a-4bea-4c77-b4ba-a05c5f8c0fda HTTP/1.1" status: 204 len: 168 time: 0.0959542
2026-04-28 18:34:00.853 9 INFO neutron.api.wsgi [None req-a5900756-526a-4ad5-8525-82914c5484a1 b02de4823a204876bf795321006afd2d b4ed120c897143c38135cf3951969e84 - - default default] 10.0.0.252 "GET /v2.0/security-groups HTTP/1.1" status: 200 len: 3120 time: 0.0343797
2026-04-28 18:34:00.910 9 INFO neutron.api.wsgi [None req-6b613261-a46e-4f7f-99e1-c4fef6b0958c ef2af305e437441ca32eb4378a1d446e 6907f9675d68481f9bf65b83a35cdce5 - - default default] 10.0.0.252 "DELETE /v2.0/networks/5edc2259-601b-4141-ad18-07adbe48b796 HTTP/1.1" status: 204 len: 168 time: 0.3214636
2026-04-28 18:34:00.916 9 INFO neutron.api.wsgi [None req-1a851409-e875-4dfa-a2a1-8887975904b6 b02de4823a204876bf795321006afd2d b4ed120c897143c38135cf3951969e84 - - default default] 10.0.0.252 "GET /v2.0/security-groups HTTP/1.1" status: 200 len: 3120 time: 0.0463817
2026-04-28 18:34:00.923 9 INFO neutron.api.wsgi [req-847e8645-8d58-4806-afeb-345f3506ae4b req-09c63b7a-0e33-4b2d-b573-81c7a7628917 2b21086211fc44e58990c25ff47f3fef 24ea4a403c04467cb0e7aec3d57c681c - - a57b547b83f4419d96d463529006276e a57b547b83f4419d96d463529006276e] 199.19.213.114 "GET /v2.0/ports?tenant_id=eacfd4c761ed415f90f0c59893434903&device_id=b3563711-778d-4e43-8631-6b4719d2127a HTTP/1.1" status: 200 len: 1411 time: 0.0329392
2026-04-28 18:34:00.942 9 INFO neutron.api.wsgi [req-847e8645-8d58-4806-afeb-345f3506ae4b req-41b6ae5f-ca28-4dff-ae01-d462376a8d91 2b21086211fc44e58990c25ff47f3fef 24ea4a403c04467cb0e7aec3d57c681c - - a57b547b83f4419d96d463529006276e a57b547b83f4419d96d463529006276e] 199.19.213.114 "GET /v2.0/floatingips?fixed_ip_address=10.100.0.12&port_id=2c21074a-a6b1-47a1-b85f-8b0d2254d628 HTTP/1.1" status: 200 len: 217 time: 0.0151908
2026-04-28 18:34:00.970 9 INFO neutron.api.wsgi [req-847e8645-8d58-4806-afeb-345f3506ae4b req-e8732bc6-4298-4ba0-b6b8-cca5a675b5b0 2b21086211fc44e58990c25ff47f3fef 24ea4a403c04467cb0e7aec3d57c681c - - a57b547b83f4419d96d463529006276e a57b547b83f4419d96d463529006276e] 199.19.213.114 "GET /v2.0/subnets?id=d0d984dc-3429-4253-93e4-a1c337722033 HTTP/1.1" status: 200 len: 897 time: 0.0231249
2026-04-28 18:34:00.997 9 INFO neutron.api.wsgi [req-847e8645-8d58-4806-afeb-345f3506ae4b req-ba0c2f61-f1ef-4349-82ae-a978d023c218 2b21086211fc44e58990c25ff47f3fef 24ea4a403c04467cb0e7aec3d57c681c - - a57b547b83f4419d96d463529006276e a57b547b83f4419d96d463529006276e] 199.19.213.114 "GET /v2.0/ports?network_id=a21c2dfc-b2f8-4235-835f-1aef518ba80c&device_owner=network%3Adhcp HTTP/1.1" status: 200 len: 210 time: 0.0191667
2026-04-28 18:34:01.239 9 INFO neutron.api.wsgi [req-847e8645-8d58-4806-afeb-345f3506ae4b req-977d9396-ecf1-49e3-8f4b-a0ab29b943f5 2b21086211fc44e58990c25ff47f3fef 24ea4a403c04467cb0e7aec3d57c681c - - a57b547b83f4419d96d463529006276e a57b547b83f4419d96d463529006276e] 199.19.213.114 "GET /v2.0/networks/a21c2dfc-b2f8-4235-835f-1aef518ba80c?fields=segments HTTP/1.1" status: 200 len: 212 time: 0.2375081
2026-04-28 18:34:01.278 9 INFO neutron.api.wsgi [req-847e8645-8d58-4806-afeb-345f3506ae4b req-d31bb9c1-2398-4c16-b48d-a343be5cac19 2b21086211fc44e58990c25ff47f3fef 24ea4a403c04467cb0e7aec3d57c681c - - a57b547b83f4419d96d463529006276e a57b547b83f4419d96d463529006276e] 199.19.213.114 "GET /v2.0/networks/a21c2dfc-b2f8-4235-835f-1aef518ba80c?fields=provider%3Aphysical_network&fields=provider%3Anetwork_type HTTP/1.1" status: 200 len: 277 time: 0.0335782
2026-04-28 18:34:01.545 10 INFO neutron.api.wsgi [None req-0b30bc95-cdd6-4096-8d98-c4c41c4a4103 d96e52cac3b2466886195e5b55f7629c 289be8de81ae4719a101d91082ea35aa - - default default] 10.0.0.252 "GET /v2.0/security-groups?tenant_id=6907f9675d68481f9bf65b83a35cdce5&name=default HTTP/1.1" status: 200 len: 3120 time: 0.1198459
2026-04-28 18:34:01.547 10 INFO neutron.api.wsgi [None req-32f1a2ac-465e-4722-89d2-32c773c73719 d96e52cac3b2466886195e5b55f7629c 289be8de81ae4719a101d91082ea35aa - - default default] 10.0.0.252 "GET /v2.0/security-groups?tenant_id=b4ed120c897143c38135cf3951969e84&name=default HTTP/1.1" status: 200 len: 3120 time: 0.1320670
2026-04-28 18:34:01.604 10 INFO neutron.api.wsgi [req-9c571dea-01e9-495f-822f-13d4dc899f16 req-f83cd64f-7402-4461-904a-ae229c2eb516 405ad96c045f4d3a8bfa9bcb44e15b0c eacfd4c761ed415f90f0c59893434903 - - default default] 10.0.0.184 "GET /v2.0/ports?device_id=b3563711-778d-4e43-8631-6b4719d2127a HTTP/1.1" status: 200 len: 1172 time: 0.0429213
2026-04-28 18:34:01.642 10 INFO neutron.api.wsgi [req-9c571dea-01e9-495f-822f-13d4dc899f16 req-7d4cee8e-172e-40e9-9277-f9ad93e9377d 405ad96c045f4d3a8bfa9bcb44e15b0c eacfd4c761ed415f90f0c59893434903 - - default default] 10.0.0.184 "GET /v2.0/security-groups?id=a8d582f4-d385-41ea-8d45-34e9c1b0f13f&fields=id&fields=name HTTP/1.1" status: 200 len: 312 time: 0.0310035
2026-04-28 18:34:01.773 9 INFO neutron.api.wsgi [None req-e0d8867a-08ee-47e6-a0c9-093f7417a999 d96e52cac3b2466886195e5b55f7629c 289be8de81ae4719a101d91082ea35aa - - default default] 10.0.0.252 "DELETE /v2.0/security-groups/324f0235-fd0d-42bf-9c60-bf77d6ef8950 HTTP/1.1" status: 204 len: 168 time: 0.2228334
2026-04-28 18:34:01.793 9 INFO neutron.api.wsgi [None req-e80754d3-074b-43c1-8df4-54f4b3e496c1 d96e52cac3b2466886195e5b55f7629c 289be8de81ae4719a101d91082ea35aa - - default default] 10.0.0.252 "DELETE /v2.0/security-groups/703e9bfc-6a89-4c1f-ab6f-9b3fe72a68c5 HTTP/1.1" status: 204 len: 168 time: 0.2380481
2026-04-28 18:34:02.108 9 INFO neutron.services.segments.plugin [-] Segment c06f8c24-57e5-4d8c-8676-1b6efb5550fa resource provider aggregate not found
2026-04-28 18:34:02.115 9 INFO neutron.services.segments.plugin [-] Segment c06f8c24-57e5-4d8c-8676-1b6efb5550fa resource provider aggregate not found
2026-04-28 18:34:02.125 9 INFO neutron.services.segments.plugin [-] Segment c06f8c24-57e5-4d8c-8676-1b6efb5550fa resource provider not found; error: Placement Client Error (4xx): {"errors": [{"status": 404, "title": "Not Found", "detail": "The resource could not be found.\n\n No resource provider with uuid c06f8c24-57e5-4d8c-8676-1b6efb5550fa found for delete ", "request_id": "req-55d89f17-643c-40e8-9806-6b0753d084ef"}]}
2026-04-28 18:34:02.126 9 INFO neutron.services.segments.plugin [-] Segment c06f8c24-57e5-4d8c-8676-1b6efb5550fa resource provider not found; error: Placement Client Error (4xx): {"errors": [{"status": 404, "title": "Not Found", "detail": "The resource could not be found.\n\n No resource provider with uuid c06f8c24-57e5-4d8c-8676-1b6efb5550fa found for delete ", "request_id": "req-dd2d0205-d161-43b9-845e-92cf96dd1dac"}]}
2026-04-28 18:34:02.735 9 INFO neutron.api.wsgi [req-08a75916-a180-4b80-bbfd-f339fc70343b req-37413f40-a53d-4e2f-ac37-fdd3cfa745f1 405ad96c045f4d3a8bfa9bcb44e15b0c eacfd4c761ed415f90f0c59893434903 - - default default] 10.0.0.184 "GET /v2.0/ports?device_id=b3563711-778d-4e43-8631-6b4719d2127a HTTP/1.1" status: 200 len: 1172 time: 0.0343146
2026-04-28 18:34:02.774 9 INFO neutron.api.wsgi [req-08a75916-a180-4b80-bbfd-f339fc70343b req-39d0f498-0006-4bfa-bf85-cc2354ebae68 405ad96c045f4d3a8bfa9bcb44e15b0c eacfd4c761ed415f90f0c59893434903 - - default default] 10.0.0.184 "GET /v2.0/security-groups?id=a8d582f4-d385-41ea-8d45-34e9c1b0f13f&fields=id&fields=name HTTP/1.1" status: 200 len: 312 time: 0.0325692
2026-04-28 18:34:03.485 10 WARNING neutron_lib.context [None req-83149de0-c3e4-4893-8fa5-0a47578bdcd2 0b956ff956ad4f7a9c831f2752e9b7d0 bb0c31560acf409cb317ff510469f12d - - default default] Method 'is_advsvc' is deprecated since 2023.2 release (neutron-lib 3.8.0) and will be removed once support for the old RBAC API policies will be removed from Neutron. Please use method 'is_service_role' instead.
2026-04-28 18:34:03.536 9 WARNING neutron_lib.context [None req-150c9d4f-6c3a-45b1-9ec1-3432a79f0037 e18f061cd8e54a32a8ffe8e8746dc7e1 e711ca37af5c4a29a4c6613bf1a5bdcf - - default default] Method 'is_advsvc' is deprecated since 2023.2 release (neutron-lib 3.8.0) and will be removed once support for the old RBAC API policies will be removed from Neutron. Please use method 'is_service_role' instead.
2026-04-28 18:34:03.589 9 INFO neutron.api.wsgi [None req-150c9d4f-6c3a-45b1-9ec1-3432a79f0037 e18f061cd8e54a32a8ffe8e8746dc7e1 e711ca37af5c4a29a4c6613bf1a5bdcf - - default default] 10.0.0.252 "POST /v2.0/subnetpools HTTP/1.1" status: 201 len: 747 time: 0.1047151
2026-04-28 18:34:03.600 10 INFO neutron.db.ovn_revision_numbers_db [None req-83149de0-c3e4-4893-8fa5-0a47578bdcd2 0b956ff956ad4f7a9c831f2752e9b7d0 bb0c31560acf409cb317ff510469f12d - - default default] Successfully bumped revision number for resource ba769f30-afdf-4f37-9877-f39406dc1c85 (type: security_groups) to 1
2026-04-28 18:34:03.612 10 INFO neutron.db.ovn_revision_numbers_db [None req-83149de0-c3e4-4893-8fa5-0a47578bdcd2 0b956ff956ad4f7a9c831f2752e9b7d0 bb0c31560acf409cb317ff510469f12d - - default default] Successfully bumped revision number for resource 5bc9cf21-9026-4be7-a894-7a2734dc3471 (type: security_group_rules) to 0
2026-04-28 18:34:03.612 9 INFO neutron.api.wsgi [None req-18697581-4415-4e1c-963b-7d67206ec7c6 e18f061cd8e54a32a8ffe8e8746dc7e1 e711ca37af5c4a29a4c6613bf1a5bdcf - - default default] 10.0.0.252 "GET /v2.0/subnetpools/712cc1dd-317c-4f7b-9248-aa0db10544c5 HTTP/1.1" status: 200 len: 742 time: 0.0182388
2026-04-28 18:34:03.625 10 INFO neutron.db.ovn_revision_numbers_db [None req-83149de0-c3e4-4893-8fa5-0a47578bdcd2 0b956ff956ad4f7a9c831f2752e9b7d0 bb0c31560acf409cb317ff510469f12d - - default default] Successfully bumped revision number for resource ac3c529a-e917-4e0c-9509-2039bc60de20 (type: security_group_rules) to 0
2026-04-28 18:34:03.638 10 INFO neutron.db.ovn_revision_numbers_db [None req-83149de0-c3e4-4893-8fa5-0a47578bdcd2 0b956ff956ad4f7a9c831f2752e9b7d0 bb0c31560acf409cb317ff510469f12d - - default default] Successfully bumped revision number for resource b9549a19-b2a4-482f-8f28-9e495cd6711e (type: security_group_rules) to 0
2026-04-28 18:34:03.650 10 INFO neutron.db.ovn_revision_numbers_db [None req-83149de0-c3e4-4893-8fa5-0a47578bdcd2 0b956ff956ad4f7a9c831f2752e9b7d0 bb0c31560acf409cb317ff510469f12d - - default default] Successfully bumped revision number for resource e43d0753-1674-4989-a5d2-84837edf2400 (type: security_group_rules) to 0
2026-04-28 18:34:03.669 9 INFO neutron.api.wsgi [None req-a9ce858b-1f11-46fc-b1be-7897d54404ab e18f061cd8e54a32a8ffe8e8746dc7e1 e711ca37af5c4a29a4c6613bf1a5bdcf - - default default] 10.0.0.252 "PUT /v2.0/subnetpools/712cc1dd-317c-4f7b-9248-aa0db10544c5 HTTP/1.1" status: 200 len: 694 time: 0.0529141
2026-04-28 18:34:03.715 10 INFO neutron.db.segments_db [None req-83149de0-c3e4-4893-8fa5-0a47578bdcd2 0b956ff956ad4f7a9c831f2752e9b7d0 bb0c31560acf409cb317ff510469f12d - - default default] Added segment c347464a-a1b4-4616-b6ea-3cb7e0a77a4c of type geneve for network 07cb3a74-947c-4fad-b541-70bbabf02110
2026-04-28 18:34:03.722 9 INFO neutron.api.wsgi [None req-07790a21-7f0a-4916-aabf-c419812a2811 e18f061cd8e54a32a8ffe8e8746dc7e1 e711ca37af5c4a29a4c6613bf1a5bdcf - - default default] 10.0.0.252 "DELETE /v2.0/subnetpools/712cc1dd-317c-4f7b-9248-aa0db10544c5 HTTP/1.1" status: 204 len: 168 time: 0.0486069
2026-04-28 18:34:03.734 9 INFO neutron.api.v2.resource [None req-472c7aee-d3ca-486e-af3b-39867d3e59db e18f061cd8e54a32a8ffe8e8746dc7e1 e711ca37af5c4a29a4c6613bf1a5bdcf - - default default] show failed (client error): The resource could not be found.
2026-04-28 18:34:03.735 9 INFO neutron.api.wsgi [None req-472c7aee-d3ca-486e-af3b-39867d3e59db e18f061cd8e54a32a8ffe8e8746dc7e1 e711ca37af5c4a29a4c6613bf1a5bdcf - - default default] 10.0.0.252 "GET /v2.0/subnetpools/712cc1dd-317c-4f7b-9248-aa0db10544c5 HTTP/1.1" status: 404 len: 346 time: 0.0085158
2026-04-28 18:34:03.749 9 INFO neutron.api.v2.resource [None req-5b541199-5929-4077-bff2-806c5b92b7ff e18f061cd8e54a32a8ffe8e8746dc7e1 e711ca37af5c4a29a4c6613bf1a5bdcf - - default default] delete failed (client error): The resource could not be found.
2026-04-28 18:34:03.750 9 INFO neutron.api.wsgi [None req-5b541199-5929-4077-bff2-806c5b92b7ff e18f061cd8e54a32a8ffe8e8746dc7e1 e711ca37af5c4a29a4c6613bf1a5bdcf - - default default] 10.0.0.252 "DELETE /v2.0/subnetpools/712cc1dd-317c-4f7b-9248-aa0db10544c5 HTTP/1.1" status: 404 len: 346 time: 0.0087972
2026-04-28 18:34:03.815 10 INFO neutron.db.ovn_revision_numbers_db [None req-83149de0-c3e4-4893-8fa5-0a47578bdcd2 0b956ff956ad4f7a9c831f2752e9b7d0 bb0c31560acf409cb317ff510469f12d - - default default] Successfully bumped revision number for resource 07cb3a74-947c-4fad-b541-70bbabf02110 (type: networks) to 1
2026-04-28 18:34:03.879 10 INFO neutron.api.wsgi [req-3158bd60-5c4e-4a95-b0b9-c7d613cf6902 req-3d7916c6-6c43-470e-89c6-8a81caa5cdfc 405ad96c045f4d3a8bfa9bcb44e15b0c eacfd4c761ed415f90f0c59893434903 - - default default] 10.0.0.184 "GET /v2.0/ports?device_id=b3563711-778d-4e43-8631-6b4719d2127a HTTP/1.1" status: 200 len: 1172 time: 0.0521710
2026-04-28 18:34:03.926 10 INFO neutron.api.wsgi [req-3158bd60-5c4e-4a95-b0b9-c7d613cf6902 req-ab50c733-969a-4cb5-80b2-2ecafa5c9d86 405ad96c045f4d3a8bfa9bcb44e15b0c eacfd4c761ed415f90f0c59893434903 - - default default] 10.0.0.184 "GET /v2.0/security-groups?id=a8d582f4-d385-41ea-8d45-34e9c1b0f13f&fields=id&fields=name HTTP/1.1" status: 200 len: 312 time: 0.0398481
2026-04-28 18:34:03.980 10 INFO neutron.api.wsgi [req-29c3b8e6-89aa-4974-8158-2fe01b3aacec req-76688680-306a-4ae7-a944-924d9a95ea1d 2b21086211fc44e58990c25ff47f3fef 24ea4a403c04467cb0e7aec3d57c681c - - a57b547b83f4419d96d463529006276e a57b547b83f4419d96d463529006276e] 10.0.0.86 "GET /v2.0/ports?device_id=cf6e3981-cb1f-4a46-921c-819fe29c2280 HTTP/1.1" status: 200 len: 1413 time: 0.0283153
2026-04-28 18:34:03.997 10 WARNING neutron.scheduler.dhcp_agent_scheduler [None req-83149de0-c3e4-4893-8fa5-0a47578bdcd2 0b956ff956ad4f7a9c831f2752e9b7d0 bb0c31560acf409cb317ff510469f12d - - default default] No more DHCP agents
2026-04-28 18:34:03.999 10 WARNING neutron.api.rpc.agentnotifiers.dhcp_rpc_agent_api [None req-83149de0-c3e4-4893-8fa5-0a47578bdcd2 0b956ff956ad4f7a9c831f2752e9b7d0 bb0c31560acf409cb317ff510469f12d - - default default] Unable to schedule network 07cb3a74-947c-4fad-b541-70bbabf02110: no agents available; will retry on subsequent port and subnet creation events.
2026-04-28 18:34:04.013 10 INFO neutron.api.wsgi [req-29c3b8e6-89aa-4974-8158-2fe01b3aacec req-5f0d1ca0-8507-4081-9145-423f19af7f48 2b21086211fc44e58990c25ff47f3fef 24ea4a403c04467cb0e7aec3d57c681c - - a57b547b83f4419d96d463529006276e a57b547b83f4419d96d463529006276e] 10.0.0.86 "GET /v2.0/security-groups?id=6671f5e1-05b7-42d4-a4be-b712ce475501&fields=id&fields=name HTTP/1.1" status: 200 len: 313 time: 0.0264060
2026-04-28 18:34:04.061 10 INFO neutron.db.ovn_revision_numbers_db [None req-83149de0-c3e4-4893-8fa5-0a47578bdcd2 0b956ff956ad4f7a9c831f2752e9b7d0 bb0c31560acf409cb317ff510469f12d - - default default] Successfully bumped revision number for resource c54a0031-49b9-4270-8708-79b27b8280c4 (type: ports) to 1
2026-04-28 18:34:04.079 10 INFO neutron.api.wsgi [None req-83149de0-c3e4-4893-8fa5-0a47578bdcd2 0b956ff956ad4f7a9c831f2752e9b7d0 bb0c31560acf409cb317ff510469f12d - - default default] 10.0.0.252 "POST /v2.0/networks HTTP/1.1" status: 201 len: 848 time: 0.7370670
2026-04-28 18:34:04.087 10 WARNING neutron_lib.context [None req-3b08e1b9-9426-429a-89b3-4d59fb28703a 0b956ff956ad4f7a9c831f2752e9b7d0 bb0c31560acf409cb317ff510469f12d - - default default] Method 'is_advsvc' is deprecated since 2023.2 release (neutron-lib 3.8.0) and will be removed once support for the old RBAC API policies will be removed from Neutron. Please use method 'is_service_role' instead.
2026-04-28 18:34:04.283 10 WARNING neutron.scheduler.dhcp_agent_scheduler [None req-3b08e1b9-9426-429a-89b3-4d59fb28703a 0b956ff956ad4f7a9c831f2752e9b7d0 bb0c31560acf409cb317ff510469f12d - - default default] No more DHCP agents
2026-04-28 18:34:04.284 10 WARNING neutron.api.rpc.agentnotifiers.dhcp_rpc_agent_api [None req-3b08e1b9-9426-429a-89b3-4d59fb28703a 0b956ff956ad4f7a9c831f2752e9b7d0 bb0c31560acf409cb317ff510469f12d - - default default] Unable to schedule network 07cb3a74-947c-4fad-b541-70bbabf02110: no agents available; will retry on subsequent port and subnet creation events. /var/lib/openstack/lib/python3.12/site-packages/pycadf/identifier.py:71: UserWarning: Invalid uuid: neutron. To ensure interoperability, identifiers should be a valid uuid. warnings.warn(('Invalid uuid: %s. To ensure interoperability, '
2026-04-28 18:34:04.348 10 INFO neutron.db.ovn_revision_numbers_db [None req-3b08e1b9-9426-429a-89b3-4d59fb28703a 0b956ff956ad4f7a9c831f2752e9b7d0 bb0c31560acf409cb317ff510469f12d - - default default] Successfully bumped revision number for resource 7b239c07-1629-4c75-9b0c-6f43534af3eb (type: ports) to 1
2026-04-28 18:34:04.370 10 INFO neutron.api.wsgi [None req-3b08e1b9-9426-429a-89b3-4d59fb28703a 0b956ff956ad4f7a9c831f2752e9b7d0 bb0c31560acf409cb317ff510469f12d - - default default] 10.0.0.252 "POST /v2.0/ports HTTP/1.1" status: 201 len: 978 time: 0.2861292
2026-04-28 18:34:04.384 9 WARNING neutron_lib.context [None req-45625892-9d60-45c0-a606-dd6a7dbeb276 0b956ff956ad4f7a9c831f2752e9b7d0 bb0c31560acf409cb317ff510469f12d - - default default] Method 'is_advsvc' is deprecated since 2023.2 release (neutron-lib 3.8.0) and will be removed once support for the old RBAC API policies will be removed from Neutron. Please use method 'is_service_role' instead.
2026-04-28 18:34:04.432 10 INFO neutron.db.ovn_revision_numbers_db [None req-d19f5ddc-2e15-4cde-8029-5173b1f5611c d96e52cac3b2466886195e5b55f7629c 289be8de81ae4719a101d91082ea35aa - - default default] Successfully bumped revision number for resource 73146802-cfd7-40b6-acae-7b4645126382 (type: security_groups) to 1
2026-04-28 18:34:04.467 10 INFO neutron.db.ovn_revision_numbers_db [None req-d19f5ddc-2e15-4cde-8029-5173b1f5611c d96e52cac3b2466886195e5b55f7629c 289be8de81ae4719a101d91082ea35aa - - default default] Successfully bumped revision number for resource 3222432c-e356-4b10-85e7-480abe9e91b0 (type: security_group_rules) to 0
2026-04-28 18:34:04.469 9 INFO neutron.db.segments_db [None req-45625892-9d60-45c0-a606-dd6a7dbeb276 0b956ff956ad4f7a9c831f2752e9b7d0 bb0c31560acf409cb317ff510469f12d - - default default] Added segment 1fdd1555-e581-4e67-ac93-d562dd09a27b of type geneve for network 9d110850-e209-428f-a48b-43d6d7a336d4
2026-04-28 18:34:04.484 10 INFO neutron.db.ovn_revision_numbers_db [None req-d19f5ddc-2e15-4cde-8029-5173b1f5611c d96e52cac3b2466886195e5b55f7629c 289be8de81ae4719a101d91082ea35aa - - default default] Successfully bumped revision number for resource 5f35359a-59b1-4d74-b5e1-619c84dd8049 (type: security_group_rules) to 0
2026-04-28 18:34:04.496 10 INFO neutron.db.ovn_revision_numbers_db [None req-d19f5ddc-2e15-4cde-8029-5173b1f5611c d96e52cac3b2466886195e5b55f7629c 289be8de81ae4719a101d91082ea35aa - - default default] Successfully bumped revision number for resource a1f7db11-065d-447e-9edf-bb104c3007e5 (type: security_group_rules) to 0
2026-04-28 18:34:04.507 10 INFO neutron.db.ovn_revision_numbers_db [None req-d19f5ddc-2e15-4cde-8029-5173b1f5611c d96e52cac3b2466886195e5b55f7629c 289be8de81ae4719a101d91082ea35aa - - default default] Successfully bumped revision number for resource cdb12e6a-ee6b-409e-a89d-623f6bf6f266 (type: security_group_rules) to 0
2026-04-28 18:34:04.539 10 INFO neutron.api.wsgi [None req-d19f5ddc-2e15-4cde-8029-5173b1f5611c d96e52cac3b2466886195e5b55f7629c 289be8de81ae4719a101d91082ea35aa - - default default] 10.0.0.252 "GET /v2.0/security-groups?tenant_id=e711ca37af5c4a29a4c6613bf1a5bdcf&name=default HTTP/1.1" status: 200 len: 3120 time: 0.2912507
2026-04-28 18:34:04.572 9 INFO neutron.db.ovn_revision_numbers_db [None req-45625892-9d60-45c0-a606-dd6a7dbeb276 0b956ff956ad4f7a9c831f2752e9b7d0 bb0c31560acf409cb317ff510469f12d - - default default] Successfully bumped revision number for resource 9d110850-e209-428f-a48b-43d6d7a336d4 (type: networks) to 1
2026-04-28 18:34:04.718 9 WARNING neutron.scheduler.dhcp_agent_scheduler [None req-45625892-9d60-45c0-a606-dd6a7dbeb276 0b956ff956ad4f7a9c831f2752e9b7d0 bb0c31560acf409cb317ff510469f12d - - default default] No more DHCP agents
2026-04-28 18:34:04.720 9 WARNING neutron.api.rpc.agentnotifiers.dhcp_rpc_agent_api [None req-45625892-9d60-45c0-a606-dd6a7dbeb276 0b956ff956ad4f7a9c831f2752e9b7d0 bb0c31560acf409cb317ff510469f12d - - default default] Unable to schedule network 9d110850-e209-428f-a48b-43d6d7a336d4: no agents available; will retry on subsequent port and subnet creation events.
2026-04-28 18:34:04.734 10 INFO neutron.api.wsgi [None req-094cb5cd-ba2c-4780-9b54-2eb24e2fe78b d96e52cac3b2466886195e5b55f7629c 289be8de81ae4719a101d91082ea35aa - - default default] 10.0.0.252 "DELETE /v2.0/security-groups/73146802-cfd7-40b6-acae-7b4645126382 HTTP/1.1" status: 204 len: 168 time: 0.1877620
2026-04-28 18:34:04.777 9 INFO neutron.db.ovn_revision_numbers_db [None req-45625892-9d60-45c0-a606-dd6a7dbeb276 0b956ff956ad4f7a9c831f2752e9b7d0 bb0c31560acf409cb317ff510469f12d - - default default] Successfully bumped revision number for resource ab9de42d-1598-4a91-af30-12fe3c7a9071 (type: ports) to 1
2026-04-28 18:34:04.796 9 INFO neutron.api.wsgi [None req-45625892-9d60-45c0-a606-dd6a7dbeb276 0b956ff956ad4f7a9c831f2752e9b7d0 bb0c31560acf409cb317ff510469f12d - - default default] 10.0.0.252 "POST /v2.0/networks HTTP/1.1" status: 201 len: 835 time: 0.4195139
2026-04-28 18:34:04.805 9 WARNING neutron_lib.context [None req-5e809abc-338c-4ef0-8440-81aa008f5186 0b956ff956ad4f7a9c831f2752e9b7d0 bb0c31560acf409cb317ff510469f12d - - default default] Method 'is_advsvc' is deprecated since 2023.2 release (neutron-lib 3.8.0) and will be removed once support for the old RBAC API policies will be removed from Neutron. Please use method 'is_service_role' instead.
2026-04-28 18:34:05.019 9 INFO neutron.api.wsgi [req-518022c4-c48f-4fb0-a22c-dfc4d71a8d33 req-bb195bbc-54d7-4650-93fe-ea6a91a64191 405ad96c045f4d3a8bfa9bcb44e15b0c eacfd4c761ed415f90f0c59893434903 - - default default] 10.0.0.184 "GET /v2.0/ports?device_id=b3563711-778d-4e43-8631-6b4719d2127a HTTP/1.1" status: 200 len: 1172 time: 0.0312977
2026-04-28 18:34:05.032 9 WARNING neutron.scheduler.dhcp_agent_scheduler [None req-5e809abc-338c-4ef0-8440-81aa008f5186 0b956ff956ad4f7a9c831f2752e9b7d0 bb0c31560acf409cb317ff510469f12d - - default default] No more DHCP agents
2026-04-28 18:34:05.035 9 WARNING neutron.api.rpc.agentnotifiers.dhcp_rpc_agent_api [None req-5e809abc-338c-4ef0-8440-81aa008f5186 0b956ff956ad4f7a9c831f2752e9b7d0 bb0c31560acf409cb317ff510469f12d - - default default] Unable to schedule network 9d110850-e209-428f-a48b-43d6d7a336d4: no agents available; will retry on subsequent port and subnet creation events.
2026-04-28 18:34:05.057 9 INFO neutron.api.wsgi [req-518022c4-c48f-4fb0-a22c-dfc4d71a8d33 req-3d3f6268-404b-44d3-b8ed-c110046ef744 405ad96c045f4d3a8bfa9bcb44e15b0c eacfd4c761ed415f90f0c59893434903 - - default default] 10.0.0.184 "GET /v2.0/security-groups?id=a8d582f4-d385-41ea-8d45-34e9c1b0f13f&fields=id&fields=name HTTP/1.1" status: 200 len: 312 time: 0.0329132
2026-04-28 18:34:05.064 9 INFO neutron.db.ovn_revision_numbers_db [None req-5e809abc-338c-4ef0-8440-81aa008f5186 0b956ff956ad4f7a9c831f2752e9b7d0 bb0c31560acf409cb317ff510469f12d - - default default] Successfully bumped revision number for resource 99da54ea-d436-46b1-8c84-40b8fc4371d3 (type: subnets) to 0
2026-04-28 18:34:05.077 9 INFO neutron.api.wsgi [None req-5e809abc-338c-4ef0-8440-81aa008f5186 0b956ff956ad4f7a9c831f2752e9b7d0 bb0c31560acf409cb317ff510469f12d - - default default] 10.0.0.252 "POST /v2.0/subnets HTTP/1.1" status: 201 len: 845 time: 0.2755940
2026-04-28 18:34:05.085 9 WARNING neutron_lib.context [None req-e7f487b3-04f2-403c-b1f6-5b118b1cd016 0b956ff956ad4f7a9c831f2752e9b7d0 bb0c31560acf409cb317ff510469f12d - - default default] Method 'is_advsvc' is deprecated since 2023.2 release (neutron-lib 3.8.0) and will be removed once support for the old RBAC API policies will be removed from Neutron. Please use method 'is_service_role' instead.
2026-04-28 18:34:05.380 9 WARNING neutron.scheduler.dhcp_agent_scheduler [None req-e7f487b3-04f2-403c-b1f6-5b118b1cd016 0b956ff956ad4f7a9c831f2752e9b7d0 bb0c31560acf409cb317ff510469f12d - - default default] No more DHCP agents
2026-04-28 18:34:05.382 9 WARNING neutron.api.rpc.agentnotifiers.dhcp_rpc_agent_api [None req-e7f487b3-04f2-403c-b1f6-5b118b1cd016 0b956ff956ad4f7a9c831f2752e9b7d0 bb0c31560acf409cb317ff510469f12d - - default default] Unable to schedule network 9d110850-e209-428f-a48b-43d6d7a336d4: no agents available; will retry on subsequent port and subnet creation events.
2026-04-28 18:34:05.483 9 INFO neutron.db.ovn_revision_numbers_db [None req-e7f487b3-04f2-403c-b1f6-5b118b1cd016 0b956ff956ad4f7a9c831f2752e9b7d0 bb0c31560acf409cb317ff510469f12d - - default default] Successfully bumped revision number for resource 49b5be81-8e8e-4cbd-b931-e36b1c8d7c08 (type: ports) to 1
2026-04-28 18:34:05.508 9 INFO neutron.api.wsgi [None req-e7f487b3-04f2-403c-b1f6-5b118b1cd016 0b956ff956ad4f7a9c831f2752e9b7d0 bb0c31560acf409cb317ff510469f12d - - default default] 10.0.0.252 "POST /v2.0/ports HTTP/1.1" status: 201 len: 1164 time: 0.4263461 /var/lib/openstack/lib/python3.12/site-packages/pycadf/identifier.py:71: UserWarning: Invalid uuid: neutron. To ensure interoperability, identifiers should be a valid uuid. warnings.warn(('Invalid uuid: %s. To ensure interoperability, '
2026-04-28 18:34:05.739 9 INFO neutron.api.wsgi [None req-5f7c33cc-704e-4b79-a116-2d606aca0055 0b956ff956ad4f7a9c831f2752e9b7d0 bb0c31560acf409cb317ff510469f12d - - default default] 10.0.0.252 "DELETE /v2.0/ports/49b5be81-8e8e-4cbd-b931-e36b1c8d7c08 HTTP/1.1" status: 204 len: 168 time: 0.2272770
2026-04-28 18:34:05.767 10 INFO neutron.pecan_wsgi.hooks.translation [None req-1922eb51-50cc-4f5b-b8c1-0087fae85d28 0b956ff956ad4f7a9c831f2752e9b7d0 bb0c31560acf409cb317ff510469f12d - - default default] DELETE failed (client error): The resource could not be found.
2026-04-28 18:34:05.770 10 INFO neutron.api.wsgi [None req-1922eb51-50cc-4f5b-b8c1-0087fae85d28 0b956ff956ad4f7a9c831f2752e9b7d0 bb0c31560acf409cb317ff510469f12d - - default default] 10.0.0.252 "DELETE /v2.0/ports/49b5be81-8e8e-4cbd-b931-e36b1c8d7c08 HTTP/1.1" status: 404 len: 333 time: 0.0253830
2026-04-28 18:34:05.788 10 INFO neutron.pecan_wsgi.hooks.translation [None req-61e48cae-22b7-44ac-80d4-bb1e4b201661 0b956ff956ad4f7a9c831f2752e9b7d0 bb0c31560acf409cb317ff510469f12d - - default default] GET failed (client error): The resource could not be found.
2026-04-28 18:34:05.789 10 INFO neutron.api.wsgi [None req-61e48cae-22b7-44ac-80d4-bb1e4b201661 0b956ff956ad4f7a9c831f2752e9b7d0 bb0c31560acf409cb317ff510469f12d - - default default] 10.0.0.252 "GET /v2.0/ports/49b5be81-8e8e-4cbd-b931-e36b1c8d7c08 HTTP/1.1" status: 404 len: 333 time: 0.0125580
2026-04-28 18:34:05.926 10 INFO neutron.api.wsgi [None req-7bb440b2-a15f-4fd5-8f6d-c0ff14b526e5 0b956ff956ad4f7a9c831f2752e9b7d0 bb0c31560acf409cb317ff510469f12d - - default default] 10.0.0.252 "DELETE /v2.0/subnets/99da54ea-d436-46b1-8c84-40b8fc4371d3 HTTP/1.1" status: 204 len: 168 time: 0.1322267
2026-04-28 18:34:06.200 10 INFO neutron.api.wsgi [req-8c210aa6-0890-44c5-87da-f0b188cf5b8c req-30c5d8b4-e121-4227-b7b5-2a4139a75442 405ad96c045f4d3a8bfa9bcb44e15b0c eacfd4c761ed415f90f0c59893434903 - - default default] 10.0.0.184 "GET /v2.0/ports?device_id=b3563711-778d-4e43-8631-6b4719d2127a HTTP/1.1" status: 200 len: 1172 time: 0.0832415
2026-04-28 18:34:06.254 10 INFO neutron.api.wsgi [req-8c210aa6-0890-44c5-87da-f0b188cf5b8c req-3d7ef003-4f92-4dc1-ad56-9aae5d509fa8 405ad96c045f4d3a8bfa9bcb44e15b0c eacfd4c761ed415f90f0c59893434903 - - default default] 10.0.0.184 "GET /v2.0/security-groups?id=a8d582f4-d385-41ea-8d45-34e9c1b0f13f&fields=id&fields=name HTTP/1.1" status: 200 len: 312 time: 0.0501144
2026-04-28 18:34:06.257 10 INFO neutron.services.segments.plugin [-] Segment 1fdd1555-e581-4e67-ac93-d562dd09a27b resource provider aggregate not found
2026-04-28 18:34:06.257 9 INFO neutron.plugins.ml2.drivers.ovn.mech_driver.mech_driver [None req-753dd776-e96b-4b12-bf80-67c148bfe215 - - - - - -] OVN reports status up for port: 2c21074a-a6b1-47a1-b85f-8b0d2254d628
2026-04-28 18:34:06.261 10 INFO neutron.services.segments.plugin [-] Segment 1fdd1555-e581-4e67-ac93-d562dd09a27b resource provider aggregate not found
2026-04-28 18:34:06.273 10 INFO neutron.services.segments.plugin [-] Segment 1fdd1555-e581-4e67-ac93-d562dd09a27b resource provider not found; error: Placement Client Error (4xx): {"errors": [{"status": 404, "title": "Not Found", "detail": "The resource could not be found.\n\n No resource provider with uuid 1fdd1555-e581-4e67-ac93-d562dd09a27b found for delete ", "request_id": "req-e42254b1-e4f5-4297-aef6-d5523f3e15a2"}]}
2026-04-28 18:34:06.277 10 INFO neutron.services.segments.plugin [-] Segment 1fdd1555-e581-4e67-ac93-d562dd09a27b resource provider not found; error: Placement Client Error (4xx): {"errors": [{"status": 404, "title": "Not Found", "detail": "The resource could not be found.\n\n No resource provider with uuid 1fdd1555-e581-4e67-ac93-d562dd09a27b found for delete ", "request_id": "req-881f581f-cac2-4515-9a07-b66dc8a09ed0"}]}
2026-04-28 18:34:06.295 9 INFO neutron.plugins.ml2.plugin [None req-753dd776-e96b-4b12-bf80-67c148bfe215 - - - - - -] Attempt 1 to provision port 2c21074a-a6b1-47a1-b85f-8b0d2254d628
2026-04-28 18:34:06.304 10 INFO neutron.api.wsgi [None req-365d3144-98ac-4aa2-86b6-af296bf38f28 0b956ff956ad4f7a9c831f2752e9b7d0 bb0c31560acf409cb317ff510469f12d - - default default] 10.0.0.252 "DELETE /v2.0/networks/9d110850-e209-428f-a48b-43d6d7a336d4 HTTP/1.1" status: 204 len: 168 time: 0.3729920
2026-04-28 18:34:06.325 10 WARNING neutron_lib.context [None req-9f1c605e-2971-4356-bca8-0d139cba87a4 0b956ff956ad4f7a9c831f2752e9b7d0 bb0c31560acf409cb317ff510469f12d - - default default] Method 'is_advsvc' is deprecated since 2023.2 release (neutron-lib 3.8.0) and will be removed once support for the old RBAC API policies will be removed from Neutron. Please use method 'is_service_role' instead.
2026-04-28 18:34:06.411 10 INFO neutron.db.segments_db [None req-9f1c605e-2971-4356-bca8-0d139cba87a4 0b956ff956ad4f7a9c831f2752e9b7d0 bb0c31560acf409cb317ff510469f12d - - default default] Added segment df12fad6-abe5-4988-b405-efdcd5a0a77a of type geneve for network 739d3fd9-532f-42ad-be9d-3f709587cfe3
2026-04-28 18:34:06.420 9 INFO neutron.notifiers.nova [-] Nova event matching ['req-0f4be102-62e1-4457-a415-2920b42a1471'] response: {'server_uuid': 'b3563711-778d-4e43-8631-6b4719d2127a', 'name': 'network-vif-plugged', 'status': 'completed', 'tag': '2c21074a-a6b1-47a1-b85f-8b0d2254d628', 'code': 200}
2026-04-28 18:34:06.500 9 INFO neutron.db.ovn_revision_numbers_db [None req-753dd776-e96b-4b12-bf80-67c148bfe215 - - - - - -] Successfully bumped revision number for resource 2c21074a-a6b1-47a1-b85f-8b0d2254d628 (type: ports) to 5
2026-04-28 18:34:06.532 10 INFO neutron.db.ovn_revision_numbers_db [None req-9f1c605e-2971-4356-bca8-0d139cba87a4 0b956ff956ad4f7a9c831f2752e9b7d0 bb0c31560acf409cb317ff510469f12d - - default default] Successfully bumped revision number for resource 739d3fd9-532f-42ad-be9d-3f709587cfe3 (type: networks) to 1
2026-04-28 18:34:06.700 10 WARNING neutron.scheduler.dhcp_agent_scheduler [None req-9f1c605e-2971-4356-bca8-0d139cba87a4 0b956ff956ad4f7a9c831f2752e9b7d0 bb0c31560acf409cb317ff510469f12d - - default default] No more DHCP agents
2026-04-28 18:34:06.701 10 WARNING neutron.api.rpc.agentnotifiers.dhcp_rpc_agent_api [None req-9f1c605e-2971-4356-bca8-0d139cba87a4 0b956ff956ad4f7a9c831f2752e9b7d0 bb0c31560acf409cb317ff510469f12d - - default default] Unable to schedule network 739d3fd9-532f-42ad-be9d-3f709587cfe3: no agents available; will retry on subsequent port and subnet creation events.
2026-04-28 18:34:06.762 10 INFO neutron.db.ovn_revision_numbers_db [None req-9f1c605e-2971-4356-bca8-0d139cba87a4 0b956ff956ad4f7a9c831f2752e9b7d0 bb0c31560acf409cb317ff510469f12d - - default default] Successfully bumped revision number for resource a458df96-3b1e-448b-bc3f-957384472e08 (type: ports) to 1
2026-04-28 18:34:06.797 10 INFO neutron.api.wsgi [None req-9f1c605e-2971-4356-bca8-0d139cba87a4 0b956ff956ad4f7a9c831f2752e9b7d0 bb0c31560acf409cb317ff510469f12d - - default default] 10.0.0.252 "POST /v2.0/networks HTTP/1.1" status: 201 len: 834 time: 0.4814324
2026-04-28 18:34:06.808 10 WARNING neutron_lib.context [None req-b09e45ad-4d2d-4d18-9fe4-48b5d94dd4dc 0b956ff956ad4f7a9c831f2752e9b7d0 bb0c31560acf409cb317ff510469f12d - - default default] Method 'is_advsvc' is deprecated since 2023.2 release (neutron-lib 3.8.0) and will be removed once support for the old RBAC API policies will be removed from Neutron. Please use method 'is_service_role' instead.
2026-04-28 18:34:07.032 10 WARNING neutron.scheduler.dhcp_agent_scheduler [None req-b09e45ad-4d2d-4d18-9fe4-48b5d94dd4dc 0b956ff956ad4f7a9c831f2752e9b7d0 bb0c31560acf409cb317ff510469f12d - - default default] No more DHCP agents
2026-04-28 18:34:07.033 10 WARNING neutron.api.rpc.agentnotifiers.dhcp_rpc_agent_api [None req-b09e45ad-4d2d-4d18-9fe4-48b5d94dd4dc 0b956ff956ad4f7a9c831f2752e9b7d0 bb0c31560acf409cb317ff510469f12d - - default default] Unable to schedule network 739d3fd9-532f-42ad-be9d-3f709587cfe3: no agents available; will retry on subsequent port and subnet creation events.
2026-04-28 18:34:07.067 10 INFO neutron.db.ovn_revision_numbers_db [None req-b09e45ad-4d2d-4d18-9fe4-48b5d94dd4dc 0b956ff956ad4f7a9c831f2752e9b7d0 bb0c31560acf409cb317ff510469f12d - - default default] Successfully bumped revision number for resource b542be6d-9ce4-46a9-8a8b-e3eecbb4396c (type: subnets) to 0
2026-04-28 18:34:07.089 10 INFO neutron.api.wsgi [None req-b09e45ad-4d2d-4d18-9fe4-48b5d94dd4dc 0b956ff956ad4f7a9c831f2752e9b7d0 bb0c31560acf409cb317ff510469f12d - - default default] 10.0.0.252 "POST /v2.0/subnets HTTP/1.1" status: 201 len: 845 time: 0.2851748
2026-04-28 18:34:07.101 10 WARNING neutron_lib.context [None req-bfeb00d3-9e3a-4783-9414-057727d5732b 0b956ff956ad4f7a9c831f2752e9b7d0 bb0c31560acf409cb317ff510469f12d - - default default] Method 'is_advsvc' is deprecated since 2023.2 release (neutron-lib 3.8.0) and will be removed once support for the old RBAC API policies will be removed from Neutron. Please use method 'is_service_role' instead.
2026-04-28 18:34:07.388 10 INFO neutron.api.wsgi [req-ee1ea9fc-cf05-4030-a8fd-639f5ed51ff8 req-5687b47d-8d0a-4646-8644-c443b917deed 405ad96c045f4d3a8bfa9bcb44e15b0c eacfd4c761ed415f90f0c59893434903 - - default default] 10.0.0.184 "GET /v2.0/ports?device_id=b3563711-778d-4e43-8631-6b4719d2127a HTTP/1.1" status: 200 len: 1174 time: 0.0479865
2026-04-28 18:34:07.441 10 INFO neutron.api.wsgi [req-ee1ea9fc-cf05-4030-a8fd-639f5ed51ff8 req-6fbfd6a1-5877-4be2-85ce-f27b3e897af1 405ad96c045f4d3a8bfa9bcb44e15b0c eacfd4c761ed415f90f0c59893434903 - - default default] 10.0.0.184 "GET /v2.0/security-groups?id=a8d582f4-d385-41ea-8d45-34e9c1b0f13f&fields=id&fields=name HTTP/1.1" status: 200 len: 312 time: 0.0458980
2026-04-28 18:34:07.445 10 WARNING neutron.scheduler.dhcp_agent_scheduler [None req-bfeb00d3-9e3a-4783-9414-057727d5732b 0b956ff956ad4f7a9c831f2752e9b7d0 bb0c31560acf409cb317ff510469f12d - - default default] No more DHCP agents
2026-04-28 18:34:07.446 10 WARNING neutron.api.rpc.agentnotifiers.dhcp_rpc_agent_api [None req-bfeb00d3-9e3a-4783-9414-057727d5732b 0b956ff956ad4f7a9c831f2752e9b7d0 bb0c31560acf409cb317ff510469f12d - - default default] Unable to schedule network 739d3fd9-532f-42ad-be9d-3f709587cfe3: no agents available; will retry on subsequent port and subnet creation events.
2026-04-28 18:34:07.546 10 INFO neutron.db.ovn_revision_numbers_db [None req-bfeb00d3-9e3a-4783-9414-057727d5732b 0b956ff956ad4f7a9c831f2752e9b7d0 bb0c31560acf409cb317ff510469f12d - - default default] Successfully bumped revision number for resource 8df977d7-f6a3-42c4-ab53-5768e5cc660f (type: ports) to 1
2026-04-28 18:34:07.566 10 INFO neutron.api.wsgi [None req-bfeb00d3-9e3a-4783-9414-057727d5732b 0b956ff956ad4f7a9c831f2752e9b7d0 bb0c31560acf409cb317ff510469f12d - - default default] 10.0.0.252 "POST /v2.0/ports HTTP/1.1" status: 201 len: 1123 time: 0.4703882
2026-04-28 18:34:07.824 10 INFO neutron.api.wsgi [None req-f467a6ac-8125-453f-8464-3b5786035472 0b956ff956ad4f7a9c831f2752e9b7d0 bb0c31560acf409cb317ff510469f12d - - default default] 10.0.0.252 "DELETE /v2.0/ports/8df977d7-f6a3-42c4-ab53-5768e5cc660f HTTP/1.1" status: 204 len: 168 time: 0.2515476
2026-04-28 18:34:07.846 10 INFO neutron.pecan_wsgi.hooks.translation [None req-fa3075b3-e1a7-49b1-9794-ac886487b8d4 0b956ff956ad4f7a9c831f2752e9b7d0 bb0c31560acf409cb317ff510469f12d - - default default] GET failed (client error): The resource could not be found.
2026-04-28 18:34:07.847 10 INFO neutron.api.wsgi [None req-fa3075b3-e1a7-49b1-9794-ac886487b8d4 0b956ff956ad4f7a9c831f2752e9b7d0 bb0c31560acf409cb317ff510469f12d - - default default] 10.0.0.252 "GET /v2.0/ports/8df977d7-f6a3-42c4-ab53-5768e5cc660f HTTP/1.1" status: 404 len: 333 time: 0.0160737
2026-04-28 18:34:07.980 10 INFO neutron.api.wsgi [None req-671d6f12-d3ef-460f-a5df-3f828687a5ab 0b956ff956ad4f7a9c831f2752e9b7d0 bb0c31560acf409cb317ff510469f12d - - default default] 10.0.0.252 "DELETE /v2.0/subnets/b542be6d-9ce4-46a9-8a8b-e3eecbb4396c HTTP/1.1" status: 204 len: 168 time: 0.1284242
2026-04-28 18:34:08.292 10 INFO neutron.api.wsgi [None req-a4a13ff7-86bb-43f6-9849-c7fca2f5fb58 0b956ff956ad4f7a9c831f2752e9b7d0 bb0c31560acf409cb317ff510469f12d - - default default] 10.0.0.252 "DELETE /v2.0/networks/739d3fd9-532f-42ad-be9d-3f709587cfe3 HTTP/1.1" status: 204 len: 168 time: 0.3042252
2026-04-28 18:34:08.293 10 INFO neutron.services.segments.plugin [-] Segment df12fad6-abe5-4988-b405-efdcd5a0a77a resource provider aggregate not found
2026-04-28 18:34:08.296 10 INFO neutron.services.segments.plugin [-] Segment df12fad6-abe5-4988-b405-efdcd5a0a77a resource provider aggregate not found /var/lib/openstack/lib/python3.12/site-packages/pycadf/identifier.py:71: UserWarning: Invalid uuid: neutron. To ensure interoperability, identifiers should be a valid uuid. warnings.warn(('Invalid uuid: %s. To ensure interoperability, '
2026-04-28 18:34:08.305 9 WARNING neutron_lib.context [None req-e760d205-84b4-4f5e-91d6-2ca2655415f9 0b956ff956ad4f7a9c831f2752e9b7d0 bb0c31560acf409cb317ff510469f12d - - default default] Method 'is_advsvc' is deprecated since 2023.2 release (neutron-lib 3.8.0) and will be removed once support for the old RBAC API policies will be removed from Neutron. Please use method 'is_service_role' instead.
2026-04-28 18:34:08.307 10 INFO neutron.services.segments.plugin [-] Segment df12fad6-abe5-4988-b405-efdcd5a0a77a resource provider not found; error: Placement Client Error (4xx): {"errors": [{"status": 404, "title": "Not Found", "detail": "The resource could not be found.\n\n No resource provider with uuid df12fad6-abe5-4988-b405-efdcd5a0a77a found for delete ", "request_id": "req-604b3f88-19cd-4561-b66f-52a18d298d9e"}]}
2026-04-28 18:34:08.315 10 INFO neutron.services.segments.plugin [-] Segment df12fad6-abe5-4988-b405-efdcd5a0a77a resource provider not found; error: Placement Client Error (4xx): {"errors": [{"status": 404, "title": "Not Found", "detail": "The resource could not be found.\n\n No resource provider with uuid df12fad6-abe5-4988-b405-efdcd5a0a77a found for delete ", "request_id": "req-5177f350-f817-4ebf-8d04-ac47008d42a0"}]}
2026-04-28 18:34:08.404 10 INFO neutron.api.wsgi [-] 10.0.0.22 "GET / HTTP/1.1" status: 200 len: 247 time: 0.0016339
2026-04-28 18:34:08.406 10 INFO neutron.api.wsgi [-] 10.0.0.22 "GET / HTTP/1.1" status: 200 len: 247 time: 0.0012410
2026-04-28 18:34:08.456 9 INFO neutron.notifiers.nova [-] Nova event matching ['req-b95e8717-86f6-4851-8437-18e73fe04254'] response: {'server_uuid': 'b3563711-778d-4e43-8631-6b4719d2127a', 'name': 'network-vif-plugged', 'status': 'completed', 'tag': '2c21074a-a6b1-47a1-b85f-8b0d2254d628', 'code': 200} /var/lib/openstack/lib/python3.12/site-packages/pycadf/identifier.py:71: UserWarning: Invalid uuid: neutron. To ensure interoperability, identifiers should be a valid uuid. warnings.warn(('Invalid uuid: %s. To ensure interoperability, '
2026-04-28 18:34:08.577 9 WARNING neutron.scheduler.dhcp_agent_scheduler [None req-e760d205-84b4-4f5e-91d6-2ca2655415f9 0b956ff956ad4f7a9c831f2752e9b7d0 bb0c31560acf409cb317ff510469f12d - - default default] No more DHCP agents
2026-04-28 18:34:08.579 9 WARNING neutron.api.rpc.agentnotifiers.dhcp_rpc_agent_api [None req-e760d205-84b4-4f5e-91d6-2ca2655415f9 0b956ff956ad4f7a9c831f2752e9b7d0 bb0c31560acf409cb317ff510469f12d - - default default] Unable to schedule network 07cb3a74-947c-4fad-b541-70bbabf02110: no agents available; will retry on subsequent port and subnet creation events.
2026-04-28 18:34:08.611 9 INFO neutron.api.wsgi [req-2a529cc2-95c5-4eb2-b128-49ca4c41243c req-8c3d4af4-5e90-43d6-9800-e586934fdb74 405ad96c045f4d3a8bfa9bcb44e15b0c eacfd4c761ed415f90f0c59893434903 - - default default] 10.0.0.184 "GET /v2.0/ports?device_id=b3563711-778d-4e43-8631-6b4719d2127a HTTP/1.1" status: 200 len: 1174 time: 0.1096928 /var/lib/openstack/lib/python3.12/site-packages/pycadf/identifier.py:71: UserWarning: Invalid uuid: neutron. To ensure interoperability, identifiers should be a valid uuid. warnings.warn(('Invalid uuid: %s. To ensure interoperability, '
2026-04-28 18:34:08.664 9 INFO neutron.api.wsgi [req-2a529cc2-95c5-4eb2-b128-49ca4c41243c req-f1e08b98-b9db-4157-b442-83ff2820f5a5 405ad96c045f4d3a8bfa9bcb44e15b0c eacfd4c761ed415f90f0c59893434903 - - default default] 10.0.0.184 "GET /v2.0/security-groups?id=a8d582f4-d385-41ea-8d45-34e9c1b0f13f&fields=id&fields=name HTTP/1.1" status: 200 len: 312 time: 0.0465345
2026-04-28 18:34:08.685 9 INFO neutron.db.ovn_revision_numbers_db [None req-c2f64d1f-a001-4a1b-a2a8-9309d08c8e99 d96e52cac3b2466886195e5b55f7629c 289be8de81ae4719a101d91082ea35aa - - default default] Successfully bumped revision number for resource 15e18a38-6069-4c7a-bc7f-3b60c46e811d (type: security_groups) to 1
2026-04-28 18:34:08.687 9 INFO neutron.db.ovn_revision_numbers_db [None req-e760d205-84b4-4f5e-91d6-2ca2655415f9 0b956ff956ad4f7a9c831f2752e9b7d0 bb0c31560acf409cb317ff510469f12d - - default default] Successfully bumped revision number for resource b293783f-82a3-444d-8753-b4ff7806d949 (type: ports) to 1
2026-04-28 18:34:08.709 9 INFO neutron.api.wsgi [None req-e760d205-84b4-4f5e-91d6-2ca2655415f9 0b956ff956ad4f7a9c831f2752e9b7d0 bb0c31560acf409cb317ff510469f12d - - default default] 10.0.0.252 "POST /v2.0/ports HTTP/1.1" status: 201 len: 977 time: 0.4086530
2026-04-28 18:34:08.713 9 INFO neutron.db.ovn_revision_numbers_db [None req-c2f64d1f-a001-4a1b-a2a8-9309d08c8e99 d96e52cac3b2466886195e5b55f7629c 289be8de81ae4719a101d91082ea35aa - - default default] Successfully bumped revision number for resource 3fc2f4cb-d133-42cc-8aa7-df06e17d7551 (type: security_group_rules) to 0
2026-04-28 18:34:08.735 9 INFO neutron.db.ovn_revision_numbers_db [None req-c2f64d1f-a001-4a1b-a2a8-9309d08c8e99 d96e52cac3b2466886195e5b55f7629c 289be8de81ae4719a101d91082ea35aa - - default default] Successfully bumped revision number for resource 504f6612-7e59-4db8-b5f8-c7c4b0b1b072 (type: security_group_rules) to 0
2026-04-28 18:34:08.753 9 INFO neutron.db.ovn_revision_numbers_db [None req-c2f64d1f-a001-4a1b-a2a8-9309d08c8e99 d96e52cac3b2466886195e5b55f7629c 289be8de81ae4719a101d91082ea35aa - - default default] Successfully bumped revision number for resource 9a398ba4-f455-45eb-924d-1ef7bc8933d0 (type: security_group_rules) to 0
2026-04-28 18:34:08.766 10 INFO neutron.api.wsgi [req-d30d74a3-6792-4f7a-8b33-634f6e0862e8 req-6be5d8e4-683d-4ec6-abf1-668ece2fa653 405ad96c045f4d3a8bfa9bcb44e15b0c eacfd4c761ed415f90f0c59893434903 - - default default] 10.0.0.184 "GET /v2.0/ports?device_id=b3563711-778d-4e43-8631-6b4719d2127a HTTP/1.1" status: 200 len: 1174 time: 0.0332739
2026-04-28 18:34:08.767 9 INFO neutron.db.ovn_revision_numbers_db [None req-c2f64d1f-a001-4a1b-a2a8-9309d08c8e99 d96e52cac3b2466886195e5b55f7629c 289be8de81ae4719a101d91082ea35aa - - default default] Successfully bumped revision number for resource ee37d386-f6ca-4104-877d-f12f7777a822 (type: security_group_rules) to 0
2026-04-28 18:34:08.804 9 INFO neutron.api.wsgi [None req-c2f64d1f-a001-4a1b-a2a8-9309d08c8e99 d96e52cac3b2466886195e5b55f7629c 289be8de81ae4719a101d91082ea35aa - - default default] 10.0.0.252 "GET /v2.0/security-groups?tenant_id=1720b670b0db4946bf17a18bce45af15&name=default HTTP/1.1" status: 200 len: 3120 time: 0.5087163
2026-04-28 18:34:08.956 10 INFO neutron.plugins.ml2.drivers.ovn.mech_driver.mech_driver [None req-767a8865-7891-4f57-b670-49cce7f0586b - - - - - -] OVN reports status down for port: b293783f-82a3-444d-8753-b4ff7806d949
2026-04-28 18:34:08.991 9 INFO neutron.db.ovn_revision_numbers_db [None req-0226050b-639c-4570-8324-f9c6218df1a9 0b956ff956ad4f7a9c831f2752e9b7d0 bb0c31560acf409cb317ff510469f12d - - default default] Successfully bumped revision number for resource b293783f-82a3-444d-8753-b4ff7806d949 (type: ports) to 2
2026-04-28 18:34:09.002 9 INFO neutron.api.wsgi [None req-0226050b-639c-4570-8324-f9c6218df1a9 0b956ff956ad4f7a9c831f2752e9b7d0 bb0c31560acf409cb317ff510469f12d - - default default] 10.0.0.252 "PUT /v2.0/ports/b293783f-82a3-444d-8753-b4ff7806d949 HTTP/1.1" status: 200 len: 946 time: 0.2841706 /var/lib/openstack/lib/python3.12/site-packages/pycadf/identifier.py:71: UserWarning: Invalid uuid: neutron. To ensure interoperability, identifiers should be a valid uuid. warnings.warn(('Invalid uuid: %s. To ensure interoperability, '
2026-04-28 18:34:09.069 9 INFO neutron.api.wsgi [None req-42c4ba5d-3b35-4071-8dc0-bcc7edc9f8c6 d96e52cac3b2466886195e5b55f7629c 289be8de81ae4719a101d91082ea35aa - - default default] 10.0.0.252 "DELETE /v2.0/security-groups/15e18a38-6069-4c7a-bc7f-3b60c46e811d HTTP/1.1" status: 204 len: 168 time: 0.2586715
2026-04-28 18:34:09.254 10 INFO neutron.db.ovn_revision_numbers_db [None req-1bc1f504-89e7-4df9-8b1c-d516e50db8f3 405ad96c045f4d3a8bfa9bcb44e15b0c eacfd4c761ed415f90f0c59893434903 - - default default] Successfully bumped revision number for resource d894502f-b049-4294-b300-3018f33fcd3d (type: floatingips) to 1
2026-04-28 18:34:09.302 9 INFO neutron.api.wsgi [None req-0679d690-552e-4a28-9e3e-00515860f257 0b956ff956ad4f7a9c831f2752e9b7d0 bb0c31560acf409cb317ff510469f12d - - default default] 10.0.0.252 "DELETE /v2.0/ports/b293783f-82a3-444d-8753-b4ff7806d949 HTTP/1.1" status: 204 len: 168 time: 0.2923868 /var/lib/openstack/lib/python3.12/site-packages/pycadf/identifier.py:71: UserWarning: Invalid uuid: neutron. To ensure interoperability, identifiers should be a valid uuid. warnings.warn(('Invalid uuid: %s. To ensure interoperability, '
2026-04-28 18:34:09.349 9 INFO neutron.api.wsgi [None req-2549b1b9-e2ce-4c84-a61c-c77f9c0adec9 0b956ff956ad4f7a9c831f2752e9b7d0 bb0c31560acf409cb317ff510469f12d - - default default] 10.0.0.252 "GET /v2.0/ports HTTP/1.1" status: 200 len: 1733 time: 0.0395188
2026-04-28 18:34:09.369 10 INFO neutron.pecan_wsgi.hooks.translation [None req-1bf0f395-a9a7-4b99-b4f8-50119531d166 0b956ff956ad4f7a9c831f2752e9b7d0 bb0c31560acf409cb317ff510469f12d - - default default] GET failed (client error): The resource could not be found.
2026-04-28 18:34:09.370 10 INFO neutron.api.wsgi [None req-1bf0f395-a9a7-4b99-b4f8-50119531d166 0b956ff956ad4f7a9c831f2752e9b7d0 bb0c31560acf409cb317ff510469f12d - - default default] 10.0.0.252 "GET /v2.0/ports/b293783f-82a3-444d-8753-b4ff7806d949 HTTP/1.1" status: 404 len: 333 time: 0.0152535
2026-04-28 18:34:09.386 10 INFO neutron.db.ovn_revision_numbers_db [None req-1bc1f504-89e7-4df9-8b1c-d516e50db8f3 405ad96c045f4d3a8bfa9bcb44e15b0c eacfd4c761ed415f90f0c59893434903 - - default default] Successfully bumped revision number for resource d894502f-b049-4294-b300-3018f33fcd3d (type: floatingips) to 2
2026-04-28 18:34:09.386 10 INFO neutron.db.l3_db [None req-1bc1f504-89e7-4df9-8b1c-d516e50db8f3 405ad96c045f4d3a8bfa9bcb44e15b0c eacfd4c761ed415f90f0c59893434903 - - default default] Floating IP d894502f-b049-4294-b300-3018f33fcd3d associated. External IP: 10.96.250.215, port: 2c21074a-a6b1-47a1-b85f-8b0d2254d628.
2026-04-28 18:34:09.409 10 INFO neutron.api.wsgi [None req-1bc1f504-89e7-4df9-8b1c-d516e50db8f3 405ad96c045f4d3a8bfa9bcb44e15b0c eacfd4c761ed415f90f0c59893434903 - - default default] 10.0.0.252 "PUT /v2.0/floatingips/d894502f-b049-4294-b300-3018f33fcd3d HTTP/1.1" status: 200 len: 1050 time: 0.6312335
2026-04-28 18:34:09.415 9 INFO neutron.api.wsgi [None req-18f5e251-45d8-406d-9ecd-90bf1c54e11b 0b956ff956ad4f7a9c831f2752e9b7d0 bb0c31560acf409cb317ff510469f12d - - default default] 10.0.0.252 "GET /v2.0/ports HTTP/1.1" status: 200 len: 1733 time: 0.0373425
2026-04-28 18:34:09.439 10 INFO neutron.notifiers.nova [-] Nova event matching ['req-d9548bd5-af8a-47c2-b0ac-1323767c69c0'] response: {'name': 'network-changed', 'server_uuid': 'b3563711-778d-4e43-8631-6b4719d2127a', 'tag': '2c21074a-a6b1-47a1-b85f-8b0d2254d628', 'status': 'completed', 'code': 200}
2026-04-28 18:34:09.470 9 INFO neutron.api.wsgi [None req-db89bcd8-7345-45f6-9cef-1d96a970ebe1 0b956ff956ad4f7a9c831f2752e9b7d0 bb0c31560acf409cb317ff510469f12d - - default default] 10.0.0.252 "GET /v2.0/ports/7b239c07-1629-4c75-9b0c-6f43534af3eb HTTP/1.1" status: 200 len: 973 time: 0.0449188
