2026-04-28 18:37:35.770 9 INFO neutron.api.wsgi [None req-02d9b9cc-70a6-4c40-928a-ddc47338ddd8 71d621932e4d494ba04d567f54cdddc4 9722fe5f9f2840afbf67f88c55eb3589 - - default default] 10.0.0.252 "PUT /v2.0/routers/dacb83ef-b16f-4e9b-b857-5cf68a117c6e/add_router_interface HTTP/1.1" status: 200 len: 503 time: 2.0749934
2026-04-28 18:37:36.266 9 WARNING neutron.scheduler.dhcp_agent_scheduler [None req-49432d3a-57b2-415f-8c8d-c38a4cdb0a2a - - - - - -] No more DHCP agents
2026-04-28 18:37:36.268 9 WARNING neutron.api.rpc.agentnotifiers.dhcp_rpc_agent_api [None req-49432d3a-57b2-415f-8c8d-c38a4cdb0a2a - - - - - -] Unable to schedule network 9e705714-b02a-48d8-89d5-7fe4e4d0fe0a: no agents available; will retry on subsequent port and subnet creation events.
2026-04-28 18:37:36.393 9 INFO neutron.db.ovn_revision_numbers_db [None req-49432d3a-57b2-415f-8c8d-c38a4cdb0a2a - - - - - -] Successfully bumped revision number for resource 94a7a769-ae19-4476-92ed-d4aa582bde08 (type: ports) to 1
2026-04-28 18:37:36.529 10 INFO neutron.db.ovn_revision_numbers_db [None req-6bb74ab5-c489-4be8-a7d6-9e75a5e59fe9 d96e52cac3b2466886195e5b55f7629c 289be8de81ae4719a101d91082ea35aa - - default default] Successfully bumped revision number for resource 53cd018a-ee62-4289-bf8d-e7d33b540152 (type: security_groups) to 1
2026-04-28 18:37:36.539 10 INFO neutron.db.ovn_revision_numbers_db [None req-6bb74ab5-c489-4be8-a7d6-9e75a5e59fe9 d96e52cac3b2466886195e5b55f7629c 289be8de81ae4719a101d91082ea35aa - - default default] Successfully bumped revision number for resource 056476b3-a6af-4a0e-a3aa-94f7a7c716fc (type: security_group_rules) to 0
2026-04-28 18:37:36.551 10 INFO neutron.db.ovn_revision_numbers_db [None req-6bb74ab5-c489-4be8-a7d6-9e75a5e59fe9 d96e52cac3b2466886195e5b55f7629c 289be8de81ae4719a101d91082ea35aa - - default default] Successfully bumped revision number for resource b50d08ac-c31e-4da0-bbbd-c85ef898f96e (type: security_group_rules) to 0
2026-04-28 18:37:36.562 10 INFO neutron.db.ovn_revision_numbers_db [None req-6bb74ab5-c489-4be8-a7d6-9e75a5e59fe9 d96e52cac3b2466886195e5b55f7629c 289be8de81ae4719a101d91082ea35aa - - default default] Successfully bumped revision number for resource db4dd549-9dd1-4845-a2c9-17f17269f802 (type: security_group_rules) to 0
2026-04-28 18:37:36.572 10 INFO neutron.db.ovn_revision_numbers_db [None req-6bb74ab5-c489-4be8-a7d6-9e75a5e59fe9 d96e52cac3b2466886195e5b55f7629c 289be8de81ae4719a101d91082ea35aa - - default default] Successfully bumped revision number for resource fe471fa3-65c9-4a96-b7d6-4acfc49d7053 (type: security_group_rules) to 0
2026-04-28 18:37:36.606 9 INFO neutron.db.ovn_revision_numbers_db [None req-49432d3a-57b2-415f-8c8d-c38a4cdb0a2a - - - - - -] Successfully bumped revision number for resource 94a7a769-ae19-4476-92ed-d4aa582bde08 (type: ports) to 3
2026-04-28 18:37:36.610 10 INFO neutron.api.wsgi [None req-6bb74ab5-c489-4be8-a7d6-9e75a5e59fe9 d96e52cac3b2466886195e5b55f7629c 289be8de81ae4719a101d91082ea35aa - - default default] 10.0.0.252 "GET /v2.0/security-groups?tenant_id=4ff41cdae16345db8377671034051cc3&name=default HTTP/1.1" status: 200 len: 3124 time: 0.3287897
2026-04-28 18:37:36.666 9 INFO neutron.db.segments_db [None req-49432d3a-57b2-415f-8c8d-c38a4cdb0a2a - - - - - -] Added segment 0f206e2c-d940-477d-b2ef-27a771494396 of type geneve for network 7b171a04-b275-46ea-a01b-fb37d1b74753
2026-04-28 18:37:36.776 9 INFO neutron.db.ovn_revision_numbers_db [None req-e85ff0a0-6b88-41c8-976d-95ed31982ea2 - - - - - -] Successfully bumped revision number for resource 7b171a04-b275-46ea-a01b-fb37d1b74753 (type: networks) to 1
2026-04-28 18:37:36.806 10 INFO neutron.api.wsgi [None req-c9b18248-9604-4937-bcb1-bae0781adc18 d96e52cac3b2466886195e5b55f7629c 289be8de81ae4719a101d91082ea35aa - - default default] 10.0.0.252 "DELETE /v2.0/security-groups/53cd018a-ee62-4289-bf8d-e7d33b540152 HTTP/1.1" status: 204 len: 168 time: 0.1911263
2026-04-28 18:37:36.901 9 WARNING neutron.scheduler.dhcp_agent_scheduler [None req-e85ff0a0-6b88-41c8-976d-95ed31982ea2 - - - - - -] No more DHCP agents
2026-04-28 18:37:36.903 9 WARNING neutron.api.rpc.agentnotifiers.dhcp_rpc_agent_api [None req-e85ff0a0-6b88-41c8-976d-95ed31982ea2 - - - - - -] Unable to schedule network 7b171a04-b275-46ea-a01b-fb37d1b74753: no agents available; will retry on subsequent port and subnet creation events.
2026-04-28 18:37:36.969 9 INFO neutron.db.ovn_revision_numbers_db [None req-e85ff0a0-6b88-41c8-976d-95ed31982ea2 - - - - - -] Successfully bumped revision number for resource 209eb5d1-1128-40ce-8b12-8a4d4e41149f (type: ports) to 1
2026-04-28 18:37:37.006 9 INFO neutron.db.ovn_revision_numbers_db [None req-ae655d07-4c99-4fe0-a331-e674ff76da4a d96e52cac3b2466886195e5b55f7629c 289be8de81ae4719a101d91082ea35aa - - default default] Successfully bumped revision number for resource e9fc14a2-5015-4616-9163-dd0ef98e7415 (type: security_groups) to 1
2026-04-28 18:37:37.017 9 INFO neutron.db.ovn_revision_numbers_db [None req-ae655d07-4c99-4fe0-a331-e674ff76da4a d96e52cac3b2466886195e5b55f7629c 289be8de81ae4719a101d91082ea35aa - - default default] Successfully bumped revision number for resource 0be92f82-7b92-421b-9ff1-ece8088f488f (type: security_group_rules) to 0
2026-04-28 18:37:37.033 9 INFO neutron.db.ovn_revision_numbers_db [None req-ae655d07-4c99-4fe0-a331-e674ff76da4a d96e52cac3b2466886195e5b55f7629c 289be8de81ae4719a101d91082ea35aa - - default default] Successfully bumped revision number for resource 15124ad4-b5a9-4226-9c43-b04fa52bcf9a (type: security_group_rules) to 0
2026-04-28 18:37:37.048 9 INFO neutron.db.ovn_revision_numbers_db [None req-ae655d07-4c99-4fe0-a331-e674ff76da4a d96e52cac3b2466886195e5b55f7629c 289be8de81ae4719a101d91082ea35aa - - default default] Successfully bumped revision number for resource 57874cc3-7195-4bf1-9cff-e53f88a0e34e (type: security_group_rules) to 0
2026-04-28 18:37:37.068 9 INFO neutron.db.ovn_revision_numbers_db [None req-ae655d07-4c99-4fe0-a331-e674ff76da4a d96e52cac3b2466886195e5b55f7629c 289be8de81ae4719a101d91082ea35aa - - default default] Successfully bumped revision number for resource f099e2e9-b9da-4e84-a2ad-21ce120e1ffe (type: security_group_rules) to 0
2026-04-28 18:37:37.104 9 INFO neutron.api.wsgi [None req-ae655d07-4c99-4fe0-a331-e674ff76da4a d96e52cac3b2466886195e5b55f7629c 289be8de81ae4719a101d91082ea35aa - - default default] 10.0.0.252 "GET /v2.0/security-groups?tenant_id=d4f0829dce1f4b2bbbccc6381a1d953c&name=default HTTP/1.1" status: 200 len: 3124 time: 0.2097001
2026-04-28 18:37:37.105 9 WARNING neutron.scheduler.dhcp_agent_scheduler [None req-e85ff0a0-6b88-41c8-976d-95ed31982ea2 - - - - - -] No more DHCP agents
2026-04-28 18:37:37.106 9 WARNING neutron.api.rpc.agentnotifiers.dhcp_rpc_agent_api [None req-e85ff0a0-6b88-41c8-976d-95ed31982ea2 - - - - - -] Unable to schedule network 7b171a04-b275-46ea-a01b-fb37d1b74753: no agents available; will retry on subsequent port and subnet creation events.
2026-04-28 18:37:37.139 9 INFO neutron.db.ovn_revision_numbers_db [None req-e85ff0a0-6b88-41c8-976d-95ed31982ea2 - - - - - -] Successfully bumped revision number for resource 1b0290d1-70db-4712-ad40-d4446fc14b9c (type: subnets) to 0
2026-04-28 18:37:37.326 9 INFO neutron.api.wsgi [None req-e4118bf3-7666-4920-b603-e899f2589985 d96e52cac3b2466886195e5b55f7629c 289be8de81ae4719a101d91082ea35aa - - default default] 10.0.0.252 "DELETE /v2.0/security-groups/e9fc14a2-5015-4616-9163-dd0ef98e7415 HTTP/1.1" status: 204 len: 168 time: 0.2183323
2026-04-28 18:37:37.501 9 WARNING neutron.scheduler.dhcp_agent_scheduler [None req-e85ff0a0-6b88-41c8-976d-95ed31982ea2 - - - - - -] No more DHCP agents
2026-04-28 18:37:37.502 9 WARNING neutron.api.rpc.agentnotifiers.dhcp_rpc_agent_api [None req-e85ff0a0-6b88-41c8-976d-95ed31982ea2 - - - - - -] Unable to schedule network 7b171a04-b275-46ea-a01b-fb37d1b74753: no agents available; will retry on subsequent port and subnet creation events.
2026-04-28 18:37:37.577 10 INFO neutron.db.ovn_revision_numbers_db [None req-17cbbce6-63a9-45bb-ac43-48dcdee85d2f d96e52cac3b2466886195e5b55f7629c 289be8de81ae4719a101d91082ea35aa - - default default] Successfully bumped revision number for resource ca56d241-1bd8-4399-9902-4dcc6f0c01fd (type: security_groups) to 1
2026-04-28 18:37:37.593 10 INFO neutron.db.ovn_revision_numbers_db [None req-17cbbce6-63a9-45bb-ac43-48dcdee85d2f d96e52cac3b2466886195e5b55f7629c 289be8de81ae4719a101d91082ea35aa - - default default] Successfully bumped revision number for resource 1eba9b75-2d63-41c0-8dcd-f7d322f2e29d (type: security_group_rules) to 0
2026-04-28 18:37:37.606 10 INFO neutron.db.ovn_revision_numbers_db [None req-17cbbce6-63a9-45bb-ac43-48dcdee85d2f d96e52cac3b2466886195e5b55f7629c 289be8de81ae4719a101d91082ea35aa - - default default] Successfully bumped revision number for resource 6a260747-9725-4f7c-aae6-14ffd62bed6c (type: security_group_rules) to 0
2026-04-28 18:37:37.619 10 INFO neutron.db.ovn_revision_numbers_db [None req-17cbbce6-63a9-45bb-ac43-48dcdee85d2f d96e52cac3b2466886195e5b55f7629c 289be8de81ae4719a101d91082ea35aa - - default default] Successfully bumped revision number for resource 9602f97e-d33c-4466-876e-a256e1200e70 (type: security_group_rules) to 0
2026-04-28 18:37:37.621 9 INFO neutron.db.ovn_revision_numbers_db [None req-e85ff0a0-6b88-41c8-976d-95ed31982ea2 - - - - - -] Successfully bumped revision number for resource a3a7d07f-92df-4845-81b2-b8cba2f9dd7d (type: ports) to 1
2026-04-28 18:37:37.632 10 INFO neutron.db.ovn_revision_numbers_db [None req-17cbbce6-63a9-45bb-ac43-48dcdee85d2f d96e52cac3b2466886195e5b55f7629c 289be8de81ae4719a101d91082ea35aa - - default default] Successfully bumped revision number for resource ed4b4fae-7990-465b-adf2-a900355c1e6b (type: security_group_rules) to 0
2026-04-28 18:37:37.668 10 INFO neutron.api.wsgi [None req-17cbbce6-63a9-45bb-ac43-48dcdee85d2f d96e52cac3b2466886195e5b55f7629c 289be8de81ae4719a101d91082ea35aa - - default default] 10.0.0.252 "GET /v2.0/security-groups?tenant_id=68a5dc7a00eb4707af5bd9483ebe252b&name=default HTTP/1.1" status: 200 len: 3124 time: 0.1937776
2026-04-28 18:37:37.858 10 INFO neutron.api.wsgi [None req-c4cbb15c-b2a5-42a6-9446-b6571cf9e8c5 d96e52cac3b2466886195e5b55f7629c 289be8de81ae4719a101d91082ea35aa - - default default] 10.0.0.252 "DELETE /v2.0/security-groups/ca56d241-1bd8-4399-9902-4dcc6f0c01fd HTTP/1.1" status: 204 len: 168 time: 0.1865082
2026-04-28 18:37:38.129 9 INFO neutron.db.ovn_revision_numbers_db [None req-e85ff0a0-6b88-41c8-976d-95ed31982ea2 - - - - - -] Successfully bumped revision number for resource a3a7d07f-92df-4845-81b2-b8cba2f9dd7d (type: ports) to 1
2026-04-28 18:37:38.181 9 WARNING neutron.scheduler.dhcp_agent_scheduler [None req-e85ff0a0-6b88-41c8-976d-95ed31982ea2 - - - - - -] No more DHCP agents
2026-04-28 18:37:38.182 9 WARNING neutron.api.rpc.agentnotifiers.dhcp_rpc_agent_api [None req-e85ff0a0-6b88-41c8-976d-95ed31982ea2 - - - - - -] Unable to schedule network 7b171a04-b275-46ea-a01b-fb37d1b74753: no agents available; will retry on subsequent port and subnet creation events.
2026-04-28 18:37:38.405 9 INFO neutron.api.wsgi [-] 10.0.0.22 "GET / HTTP/1.1" status: 200 len: 247 time: 0.0023963
2026-04-28 18:37:38.406 10 INFO neutron.api.wsgi [-] 10.0.0.22 "GET / HTTP/1.1" status: 200 len: 247 time: 0.0029709
2026-04-28 18:37:38.722 9 INFO neutron.db.ovn_revision_numbers_db [None req-e85ff0a0-6b88-41c8-976d-95ed31982ea2 - - - - - -] Successfully bumped revision number for resource a3a7d07f-92df-4845-81b2-b8cba2f9dd7d (type: router_ports) to 1
2026-04-28 18:37:38.930 9 WARNING neutron.scheduler.dhcp_agent_scheduler [None req-e85ff0a0-6b88-41c8-976d-95ed31982ea2 - - - - - -] No more DHCP agents
2026-04-28 18:37:38.931 9 WARNING neutron.api.rpc.agentnotifiers.dhcp_rpc_agent_api [None req-e85ff0a0-6b88-41c8-976d-95ed31982ea2 - - - - - -] Unable to schedule network 7b171a04-b275-46ea-a01b-fb37d1b74753: no agents available; will retry on subsequent port and subnet creation events.
2026-04-28 18:37:39.063 9 INFO neutron.db.ovn_revision_numbers_db [None req-e85ff0a0-6b88-41c8-976d-95ed31982ea2 - - - - - -] Successfully bumped revision number for resource 3a06b908-6777-4a43-b990-2af0564e332c (type: ports) to 1
2026-04-28 18:37:39.257 9 INFO neutron.db.ovn_revision_numbers_db [None req-e85ff0a0-6b88-41c8-976d-95ed31982ea2 - - - - - -] Successfully bumped revision number for resource 3a06b908-6777-4a43-b990-2af0564e332c (type: ports) to 3
2026-04-28 18:37:39.423 9 INFO neutron.api.wsgi [None req-d97ce74f-895f-424f-8eac-eb7d911a383e 37750b7457ba4527b1612c417e2926f1 1cb8c6b9a8f04fdc8ee8af33419980a6 - - default default] 10.0.0.252 "POST /v2.0/vpn/vpnservices HTTP/1.1" status: 201 len: 657 time: 3.6472387
2026-04-28 18:37:39.435 9 INFO neutron.api.wsgi [None req-340a44c1-3fa7-46b5-945e-caf8d93c896e 71d621932e4d494ba04d567f54cdddc4 9722fe5f9f2840afbf67f88c55eb3589 - - default default] 10.0.0.252 "GET /v2.0/vpn/vpnservices HTTP/1.1" status: 200 len: 1510 time: 0.0074239
2026-04-28 18:37:39.674 9 WARNING neutron.plugins.ml2.drivers.ovn.mech_driver.ovsdb.ovn_client [None req-58c10226-b422-4974-aa31-17bab442cf08 - - - - - -] No hosting information found for port cca09797-4aab-4f08-90d0-b6a14e6f8d79: RuntimeError: No hosting information found for port cca09797-4aab-4f08-90d0-b6a14e6f8d79
2026-04-28 18:37:39.745 9 INFO neutron.db.ovn_revision_numbers_db [None req-58c10226-b422-4974-aa31-17bab442cf08 - - - - - -] Successfully bumped revision number for resource cca09797-4aab-4f08-90d0-b6a14e6f8d79 (type: router_ports) to 2
2026-04-28 18:37:39.789 9 INFO neutron.plugins.ml2.drivers.ovn.mech_driver.mech_driver [None req-58c10226-b422-4974-aa31-17bab442cf08 - - - - - -] OVN reports status up for port: a069e76c-3220-406e-9a9e-6db326974133
2026-04-28 18:37:39.797 9 INFO neutron.plugins.ml2.plugin [None req-58c10226-b422-4974-aa31-17bab442cf08 - - - - - -] Attempt 1 to provision port a069e76c-3220-406e-9a9e-6db326974133
2026-04-28 18:37:40.922 10 WARNING neutron_lib.context [None req-5d642f02-d173-4277-9ff0-0223f375ff4a 33e114b2cad8458a84d531c907dbcdab 3db1d071e0bb4ea3ae581d26b83526b8 - - default default] Method 'is_advsvc' is deprecated since 2023.2 release (neutron-lib 3.8.0) and will be removed once support for the old RBAC API policies will be removed from Neutron. Please use method 'is_service_role' instead.
2026-04-28 18:37:40.968 10 INFO neutron.api.wsgi [None req-5d642f02-d173-4277-9ff0-0223f375ff4a 33e114b2cad8458a84d531c907dbcdab 3db1d071e0bb4ea3ae581d26b83526b8 - - default default] 10.0.0.252 "POST /v2.0/subnetpools HTTP/1.1" status: 201 len: 715 time: 0.1708310
2026-04-28 18:37:41.015 10 INFO neutron.api.wsgi [None req-cabc95c2-0f41-42a1-9a05-0b711970b3e6 33e114b2cad8458a84d531c907dbcdab 3db1d071e0bb4ea3ae581d26b83526b8 - - default default] 10.0.0.252 "PUT /v2.0/subnetpools/d05221f0-ce39-4e9d-9cdd-cd8597dbf1d4/tags HTTP/1.1" status: 200 len: 218 time: 0.0414381
2026-04-28 18:37:41.039 10 INFO neutron.api.wsgi [None req-74c75206-33ee-4fc9-b7b6-2f3810849ea2 33e114b2cad8458a84d531c907dbcdab 3db1d071e0bb4ea3ae581d26b83526b8 - - default default] 10.0.0.252 "GET /v2.0/subnetpools/d05221f0-ce39-4e9d-9cdd-cd8597dbf1d4/tags HTTP/1.1" status: 200 len: 218 time: 0.0198491
2026-04-28 18:37:41.071 10 INFO neutron.api.wsgi [None req-f2623ab2-8077-4cb3-88dc-8bb6bc7995af 33e114b2cad8458a84d531c907dbcdab 3db1d071e0bb4ea3ae581d26b83526b8 - - default default] 10.0.0.252 "PUT /v2.0/subnetpools/d05221f0-ce39-4e9d-9cdd-cd8597dbf1d4/tags/green HTTP/1.1" status: 201 len: 201 time: 0.0264666
2026-04-28 18:37:41.093 10 INFO neutron.api.wsgi [None req-f417bf89-bc6a-481b-8132-52310ae2dde7 33e114b2cad8458a84d531c907dbcdab 3db1d071e0bb4ea3ae581d26b83526b8 - - default default] 10.0.0.252 "GET /v2.0/subnetpools/d05221f0-ce39-4e9d-9cdd-cd8597dbf1d4/tags HTTP/1.1" status: 200 len: 227 time: 0.0173817 /var/lib/openstack/lib/python3.12/site-packages/pycadf/identifier.py:71: UserWarning: Invalid uuid: neutron. To ensure interoperability, identifiers should be a valid uuid. warnings.warn(('Invalid uuid: %s. To ensure interoperability, '
2026-04-28 18:37:41.126 9 INFO neutron.api.wsgi [None req-a6fed63a-fdf5-4516-8ff7-7ae53cb2a5e3 33e114b2cad8458a84d531c907dbcdab 3db1d071e0bb4ea3ae581d26b83526b8 - - default default] 10.0.0.252 "PUT /v2.0/subnetpools/d05221f0-ce39-4e9d-9cdd-cd8597dbf1d4/tags/red HTTP/1.1" status: 201 len: 201 time: 0.0291581
2026-04-28 18:37:41.149 10 INFO neutron.api.wsgi [None req-685eb3f7-1df2-4f53-9834-8ea9ed6c58ec 33e114b2cad8458a84d531c907dbcdab 3db1d071e0bb4ea3ae581d26b83526b8 - - default default] 10.0.0.252 "GET /v2.0/subnetpools/d05221f0-ce39-4e9d-9cdd-cd8597dbf1d4/tags HTTP/1.1" status: 200 len: 227 time: 0.0182886
2026-04-28 18:37:41.185 10 INFO neutron.api.wsgi [None req-09988a0c-dbba-4ed3-b62d-50599ce4e0cf 33e114b2cad8458a84d531c907dbcdab 3db1d071e0bb4ea3ae581d26b83526b8 - - default default] 10.0.0.252 "PUT /v2.0/subnetpools/d05221f0-ce39-4e9d-9cdd-cd8597dbf1d4/tags/black.or.white HTTP/1.1" status: 201 len: 201 time: 0.0315137
2026-04-28 18:37:41.186 10 WARNING neutron.plugins.ml2.drivers.ovn.mech_driver.ovsdb.ovn_client [None req-e6f49096-aa3a-4df8-b800-216c50174a54 - - - - - -] No hosting information found for port b3601f23-86fc-4b2e-9546-052a5339f69b: RuntimeError: No hosting information found for port b3601f23-86fc-4b2e-9546-052a5339f69b
2026-04-28 18:37:41.186 10 INFO neutron.plugins.ml2.drivers.ovn.mech_driver.mech_driver [None req-e6f49096-aa3a-4df8-b800-216c50174a54 - - - - - -] OVN reports status up for port: 510a587f-61b1-429c-a61c-49f28cb6d13c
2026-04-28 18:37:41.199 10 INFO neutron.plugins.ml2.plugin [None req-e6f49096-aa3a-4df8-b800-216c50174a54 - - - - - -] Attempt 1 to provision port 510a587f-61b1-429c-a61c-49f28cb6d13c
2026-04-28 18:37:41.230 10 INFO neutron.api.wsgi [None req-315ded0c-9d5b-4d51-95b7-c288e60e2280 33e114b2cad8458a84d531c907dbcdab 3db1d071e0bb4ea3ae581d26b83526b8 - - default default] 10.0.0.252 "GET /v2.0/subnetpools/d05221f0-ce39-4e9d-9cdd-cd8597dbf1d4/tags HTTP/1.1" status: 200 len: 245 time: 0.0397301
2026-04-28 18:37:41.266 10 INFO neutron.api.wsgi [None req-b876767f-b43d-434d-a819-66aa13bf3e72 33e114b2cad8458a84d531c907dbcdab 3db1d071e0bb4ea3ae581d26b83526b8 - - default default] 10.0.0.252 "PUT /v2.0/subnetpools/d05221f0-ce39-4e9d-9cdd-cd8597dbf1d4/tags HTTP/1.1" status: 200 len: 230 time: 0.0321808
2026-04-28 18:37:41.291 10 INFO neutron.api.wsgi [None req-e4e35119-0e64-486c-aa01-b99637ebcafd 33e114b2cad8458a84d531c907dbcdab 3db1d071e0bb4ea3ae581d26b83526b8 - - default default] 10.0.0.252 "GET /v2.0/subnetpools/d05221f0-ce39-4e9d-9cdd-cd8597dbf1d4/tags HTTP/1.1" status: 200 len: 230 time: 0.0209997
2026-04-28 18:37:41.306 9 INFO neutron.services.segments.plugin [-] Segment 0f206e2c-d940-477d-b2ef-27a771494396 resource provider aggregate not found
2026-04-28 18:37:41.309 9 INFO neutron.services.segments.plugin [-] Segment 0f206e2c-d940-477d-b2ef-27a771494396 resource provider aggregate not found
2026-04-28 18:37:41.322 9 INFO neutron.api.wsgi [None req-ce97f4a8-929c-402c-911b-54a017e5d4f8 33e114b2cad8458a84d531c907dbcdab 3db1d071e0bb4ea3ae581d26b83526b8 - - default default] 10.0.0.252 "GET /v2.0/subnetpools/d05221f0-ce39-4e9d-9cdd-cd8597dbf1d4/tags/red HTTP/1.1" status: 204 len: 168 time: 0.0249455
2026-04-28 18:37:41.323 9 INFO neutron.services.segments.plugin [-] Segment 0f206e2c-d940-477d-b2ef-27a771494396 resource provider not found; error: Placement Client Error (4xx): {"errors": [{"status": 404, "title": "Not Found", "detail": "The resource could not be found.\n\n No resource provider with uuid 0f206e2c-d940-477d-b2ef-27a771494396 found for delete ", "request_id": "req-6c16dcd4-3c3c-4580-9acc-48618356da87"}]}
2026-04-28 18:37:41.324 9 INFO neutron.services.segments.plugin [-] Segment 0f206e2c-d940-477d-b2ef-27a771494396 resource provider not found; error: Placement Client Error (4xx): {"errors": [{"status": 404, "title": "Not Found", "detail": "The resource could not be found.\n\n No resource provider with uuid 0f206e2c-d940-477d-b2ef-27a771494396 found for delete ", "request_id": "req-70948dbd-e351-499f-b7cb-42b1c312f577"}]}
2026-04-28 18:37:41.345 9 INFO neutron.api.v2.resource [None req-b0bf4211-562f-4823-bd87-4e9e7fdc3dca 33e114b2cad8458a84d531c907dbcdab 3db1d071e0bb4ea3ae581d26b83526b8 - - default default] show failed (client error): The resource could not be found.
2026-04-28 18:37:41.346 9 INFO neutron.api.wsgi [None req-b0bf4211-562f-4823-bd87-4e9e7fdc3dca 33e114b2cad8458a84d531c907dbcdab 3db1d071e0bb4ea3ae581d26b83526b8 - - default default] 10.0.0.252 "GET /v2.0/subnetpools/d05221f0-ce39-4e9d-9cdd-cd8597dbf1d4/tags/green HTTP/1.1" status: 404 len: 299 time: 0.0187960
2026-04-28 18:37:41.349 9 INFO neutron.api.wsgi [None req-be808479-dc0b-4c26-bc6d-8da7b4f36d7f 37750b7457ba4527b1612c417e2926f1 1cb8c6b9a8f04fdc8ee8af33419980a6 - - default default] 10.0.0.252 "DELETE /v2.0/vpn/vpnservices/2a89f6c6-0749-44ed-b1e6-74a8965153d1 HTTP/1.1" status: 204 len: 168 time: 1.9097950
2026-04-28 18:37:41.360 9 WARNING neutron_lib.context [None req-f5c9439c-2953-4cfb-b388-9bac18b8d631 71d621932e4d494ba04d567f54cdddc4 9722fe5f9f2840afbf67f88c55eb3589 - - default default] Method 'is_advsvc' is deprecated since 2023.2 release (neutron-lib 3.8.0) and will be removed once support for the old RBAC API policies will be removed from Neutron. Please use method 'is_service_role' instead.
2026-04-28 18:37:41.384 9 INFO neutron.api.wsgi [None req-2c8d7d27-8d98-4b71-ac6b-5518274fec2e 33e114b2cad8458a84d531c907dbcdab 3db1d071e0bb4ea3ae581d26b83526b8 - - default default] 10.0.0.252 "DELETE /v2.0/subnetpools/d05221f0-ce39-4e9d-9cdd-cd8597dbf1d4/tags/red HTTP/1.1" status: 204 len: 168 time: 0.0329905
2026-04-28 18:37:41.407 10 INFO neutron.db.ovn_revision_numbers_db [None req-e6f49096-aa3a-4df8-b800-216c50174a54 - - - - - -] Successfully bumped revision number for resource 510a587f-61b1-429c-a61c-49f28cb6d13c (type: ports) to 4
2026-04-28 18:37:41.408 9 INFO neutron.api.wsgi [None req-08c4400f-9c8b-4e89-8b44-aafb42f49269 33e114b2cad8458a84d531c907dbcdab 3db1d071e0bb4ea3ae581d26b83526b8 - - default default] 10.0.0.252 "GET /v2.0/subnetpools/d05221f0-ce39-4e9d-9cdd-cd8597dbf1d4/tags HTTP/1.1" status: 200 len: 223 time: 0.0175064
2026-04-28 18:37:41.411 9 INFO neutron.api.wsgi [None req-f5c9439c-2953-4cfb-b388-9bac18b8d631 71d621932e4d494ba04d567f54cdddc4 9722fe5f9f2840afbf67f88c55eb3589 - - default default] 10.0.0.252 "POST /v2.0/vpn/endpoint-groups HTTP/1.1" status: 201 len: 500 time: 0.0565016
2026-04-28 18:37:41.424 9 WARNING neutron_lib.context [None req-667eb3a8-9a16-4789-8208-7c051507f4a7 71d621932e4d494ba04d567f54cdddc4 9722fe5f9f2840afbf67f88c55eb3589 - - default default] Method 'is_advsvc' is deprecated since 2023.2 release (neutron-lib 3.8.0) and will be removed once support for the old RBAC API policies will be removed from Neutron. Please use method 'is_service_role' instead.
2026-04-28 18:37:41.440 9 INFO neutron.api.v2.resource [None req-ff061cdf-6eaf-4e45-acef-299f3fb9d2bd 33e114b2cad8458a84d531c907dbcdab 3db1d071e0bb4ea3ae581d26b83526b8 - - default default] delete failed (client error): The resource could not be found.
2026-04-28 18:37:41.441 9 INFO neutron.api.wsgi [None req-ff061cdf-6eaf-4e45-acef-299f3fb9d2bd 33e114b2cad8458a84d531c907dbcdab 3db1d071e0bb4ea3ae581d26b83526b8 - - default default] 10.0.0.252 "DELETE /v2.0/subnetpools/d05221f0-ce39-4e9d-9cdd-cd8597dbf1d4/tags/green HTTP/1.1" status: 404 len: 299 time: 0.0288754
2026-04-28 18:37:41.466 9 INFO neutron.api.wsgi [None req-667eb3a8-9a16-4789-8208-7c051507f4a7 71d621932e4d494ba04d567f54cdddc4 9722fe5f9f2840afbf67f88c55eb3589 - - default default] 10.0.0.252 "POST /v2.0/vpn/endpoint-groups HTTP/1.1" status: 201 len: 493 time: 0.0477209
2026-04-28 18:37:41.475 9 WARNING neutron.api.v2.base [None req-ef1dc722-454b-44f5-bb96-b0d555eea7bd 71d621932e4d494ba04d567f54cdddc4 9722fe5f9f2840afbf67f88c55eb3589 - - default default] An exception happened while processing the request body. The exception message is [Unrecognized attribute(s) 'peer_cidr'].: webob.exc.HTTPBadRequest: Unrecognized attribute(s) 'peer_cidr'
2026-04-28 18:37:41.476 9 INFO neutron.api.v2.resource [None req-ef1dc722-454b-44f5-bb96-b0d555eea7bd 71d621932e4d494ba04d567f54cdddc4 9722fe5f9f2840afbf67f88c55eb3589 - - default default] create failed (client error): Unrecognized attribute(s) 'peer_cidr'
2026-04-28 18:37:41.477 9 INFO neutron.api.wsgi [None req-ef1dc722-454b-44f5-bb96-b0d555eea7bd 71d621932e4d494ba04d567f54cdddc4 9722fe5f9f2840afbf67f88c55eb3589 - - default default] 10.0.0.252 "POST /v2.0/vpn/ipsec-site-connections HTTP/1.1" status: 400 len: 313 time: 0.0056148
2026-04-28 18:37:41.487 9 INFO neutron.api.wsgi [None req-a97d3b1f-78f9-4604-ae22-2c241deb518d 33e114b2cad8458a84d531c907dbcdab 3db1d071e0bb4ea3ae581d26b83526b8 - - default default] 10.0.0.252 "DELETE /v2.0/subnetpools/d05221f0-ce39-4e9d-9cdd-cd8597dbf1d4/tags HTTP/1.1" status: 204 len: 168 time: 0.0406005
2026-04-28 18:37:41.491 9 INFO neutron.api.wsgi [None req-1b14e6c7-5932-40f2-8dfd-a6807c6dfd8e 71d621932e4d494ba04d567f54cdddc4 9722fe5f9f2840afbf67f88c55eb3589 - - default default] 10.0.0.252 "GET /v2.0/vpn/endpoint-groups HTTP/1.1" status: 200 len: 1387 time: 0.0110130
2026-04-28 18:37:41.527 9 INFO neutron.api.wsgi [None req-4cb0cbb3-966b-4158-bf20-64c17a198327 71d621932e4d494ba04d567f54cdddc4 9722fe5f9f2840afbf67f88c55eb3589 - - default default] 10.0.0.252 "DELETE /v2.0/vpn/endpoint-groups/688639a7-6ad6-40e6-a01f-c9413377d043 HTTP/1.1" status: 204 len: 168 time: 0.0324905
2026-04-28 18:37:41.544 9 INFO neutron.api.wsgi [None req-e7c92679-598e-4e1b-94ae-c7aa18e0277f 71d621932e4d494ba04d567f54cdddc4 9722fe5f9f2840afbf67f88c55eb3589 - - default default] 10.0.0.252 "GET /v2.0/vpn/endpoint-groups HTTP/1.1" status: 200 len: 1110 time: 0.0122895
2026-04-28 18:37:41.547 10 INFO neutron.api.wsgi [None req-cb987146-136e-4a13-97f9-94a384a21420 33e114b2cad8458a84d531c907dbcdab 3db1d071e0bb4ea3ae581d26b83526b8 - - default default] 10.0.0.252 "GET /v2.0/subnetpools/d05221f0-ce39-4e9d-9cdd-cd8597dbf1d4/tags HTTP/1.1" status: 200 len: 205 time: 0.0565283
2026-04-28 18:37:41.564 9 INFO neutron.api.wsgi [None req-64973f54-72a2-4310-b95d-496267d24afe 71d621932e4d494ba04d567f54cdddc4 9722fe5f9f2840afbf67f88c55eb3589 - - default default] 10.0.0.252 "GET /v2.0/vpn/endpoint-groups HTTP/1.1" status: 200 len: 1110 time: 0.0158350
2026-04-28 18:37:41.590 9 INFO neutron.api.wsgi [None req-760e6e07-d277-484c-8f56-6da3ca025aad 71d621932e4d494ba04d567f54cdddc4 9722fe5f9f2840afbf67f88c55eb3589 - - default default] 10.0.0.252 "DELETE /v2.0/vpn/endpoint-groups/c1530538-fc53-4bf5-915b-1d85871a21e2 HTTP/1.1" status: 204 len: 168 time: 0.0213847
2026-04-28 18:37:41.622 9 INFO neutron.api.wsgi [None req-44dffca9-195d-48dc-85c9-e766861799e3 71d621932e4d494ba04d567f54cdddc4 9722fe5f9f2840afbf67f88c55eb3589 - - default default] 10.0.0.252 "GET /v2.0/vpn/endpoint-groups HTTP/1.1" status: 200 len: 827 time: 0.0279851
2026-04-28 18:37:41.629 10 INFO neutron.db.ovn_revision_numbers_db [None req-0f29552a-4051-4c94-b935-5b3babd210e6 - - - - - -] Successfully bumped revision number for resource b3601f23-86fc-4b2e-9546-052a5339f69b (type: router_ports) to 2
2026-04-28 18:37:41.629 10 INFO neutron.plugins.ml2.drivers.ovn.mech_driver.mech_driver [None req-0f29552a-4051-4c94-b935-5b3babd210e6 - - - - - -] OVN reports status up for port: c430cca8-99d8-4fda-86d7-79fbc9e07c91
2026-04-28 18:37:41.638 10 INFO neutron.api.wsgi [None req-8d208045-ea5f-408f-8bec-ef766ff6d40a 33e114b2cad8458a84d531c907dbcdab 3db1d071e0bb4ea3ae581d26b83526b8 - - default default] 10.0.0.252 "DELETE /v2.0/subnetpools/d05221f0-ce39-4e9d-9cdd-cd8597dbf1d4 HTTP/1.1" status: 204 len: 168 time: 0.0855806
2026-04-28 18:37:41.644 9 WARNING neutron_lib.context [None req-452b11a3-ddd9-47ff-98dd-b733eed359bf 71d621932e4d494ba04d567f54cdddc4 9722fe5f9f2840afbf67f88c55eb3589 - - default default] Method 'is_advsvc' is deprecated since 2023.2 release (neutron-lib 3.8.0) and will be removed once support for the old RBAC API policies will be removed from Neutron. Please use method 'is_service_role' instead.
2026-04-28 18:37:41.653 10 INFO neutron.plugins.ml2.plugin [None req-0f29552a-4051-4c94-b935-5b3babd210e6 - - - - - -] Attempt 1 to provision port c430cca8-99d8-4fda-86d7-79fbc9e07c91
2026-04-28 18:37:41.720 9 INFO neutron.api.wsgi [None req-452b11a3-ddd9-47ff-98dd-b733eed359bf 71d621932e4d494ba04d567f54cdddc4 9722fe5f9f2840afbf67f88c55eb3589 - - default default] 10.0.0.252 "POST /v2.0/vpn/endpoint-groups HTTP/1.1" status: 201 len: 500 time: 0.0864201
2026-04-28 18:37:41.728 10 WARNING neutron_lib.context [None req-7ad5eacd-a5a7-4d76-8aa2-b69eff3481d9 71d621932e4d494ba04d567f54cdddc4 9722fe5f9f2840afbf67f88c55eb3589 - - default default] Method 'is_advsvc' is deprecated since 2023.2 release (neutron-lib 3.8.0) and will be removed once support for the old RBAC API policies will be removed from Neutron. Please use method 'is_service_role' instead.
2026-04-28 18:37:41.781 10 INFO neutron.api.wsgi [None req-7ad5eacd-a5a7-4d76-8aa2-b69eff3481d9 71d621932e4d494ba04d567f54cdddc4 9722fe5f9f2840afbf67f88c55eb3589 - - default default] 10.0.0.252 "POST /v2.0/vpn/endpoint-groups HTTP/1.1" status: 201 len: 492 time: 0.0556455
2026-04-28 18:37:41.788 10 WARNING neutron_lib.context [None req-841cf580-8b11-437e-8a42-263cdf2e85d6 71d621932e4d494ba04d567f54cdddc4 9722fe5f9f2840afbf67f88c55eb3589 - - default default] Method 'is_advsvc' is deprecated since 2023.2 release (neutron-lib 3.8.0) and will be removed once support for the old RBAC API policies will be removed from Neutron. Please use method 'is_service_role' instead.
2026-04-28 18:37:41.831 10 INFO neutron.api.v2.resource [None req-841cf580-8b11-437e-8a42-263cdf2e85d6 71d621932e4d494ba04d567f54cdddc4 9722fe5f9f2840afbf67f88c55eb3589 - - default default] create failed (client error): The server could not comply with the request since it is either malformed or otherwise incorrect.
2026-04-28 18:37:41.832 10 INFO neutron.api.wsgi [None req-841cf580-8b11-437e-8a42-263cdf2e85d6 71d621932e4d494ba04d567f54cdddc4 9722fe5f9f2840afbf67f88c55eb3589 - - default default] 10.0.0.252 "POST /v2.0/vpn/ipsec-site-connections HTTP/1.1" status: 400 len: 373 time: 0.0470917
2026-04-28 18:37:41.844 9 INFO neutron.api.wsgi [None req-cd39cd3d-8e86-4fd7-aaf3-3d5765b2a25c 71d621932e4d494ba04d567f54cdddc4 9722fe5f9f2840afbf67f88c55eb3589 - - default default] 10.0.0.252 "GET /v2.0/vpn/endpoint-groups HTTP/1.1" status: 200 len: 1386 time: 0.0076954
2026-04-28 18:37:41.870 9 INFO neutron.api.wsgi [None req-ef23b748-b2b1-4d48-af93-798e3012efba 71d621932e4d494ba04d567f54cdddc4 9722fe5f9f2840afbf67f88c55eb3589 - - default default] 10.0.0.252 "DELETE /v2.0/vpn/endpoint-groups/7f7ded7e-581f-4dd6-ba9a-6d00ea36093c HTTP/1.1" status: 204 len: 168 time: 0.0217144
2026-04-28 18:37:41.883 9 INFO neutron.api.wsgi [None req-d092760f-e5c5-424e-955d-dc331007e99a 71d621932e4d494ba04d567f54cdddc4 9722fe5f9f2840afbf67f88c55eb3589 - - default default] 10.0.0.252 "GET /v2.0/vpn/endpoint-groups HTTP/1.1" status: 200 len: 1110 time: 0.0077000
2026-04-28 18:37:41.895 9 INFO neutron.api.wsgi [None req-c131a688-d563-4909-b598-8b1c3b258f81 71d621932e4d494ba04d567f54cdddc4 9722fe5f9f2840afbf67f88c55eb3589 - - default default] 10.0.0.252 "GET /v2.0/vpn/endpoint-groups HTTP/1.1" status: 200 len: 1110 time: 0.0077696
2026-04-28 18:37:41.927 10 INFO neutron.db.ovn_revision_numbers_db [None req-0f29552a-4051-4c94-b935-5b3babd210e6 - - - - - -] Successfully bumped revision number for resource c430cca8-99d8-4fda-86d7-79fbc9e07c91 (type: ports) to 4
2026-04-28 18:37:41.940 10 INFO neutron.api.wsgi [None req-a6e4d605-7527-44ed-99bf-56267be9d337 71d621932e4d494ba04d567f54cdddc4 9722fe5f9f2840afbf67f88c55eb3589 - - default default] 10.0.0.252 "DELETE /v2.0/vpn/endpoint-groups/aa20a384-9240-473b-919f-0dac70b0fa41 HTTP/1.1" status: 204 len: 168 time: 0.0398464
2026-04-28 18:37:41.952 10 INFO neutron.api.wsgi [None req-0faa3eec-b2a6-49ed-b228-096eda64d2ac 71d621932e4d494ba04d567f54cdddc4 9722fe5f9f2840afbf67f88c55eb3589 - - default default] 10.0.0.252 "GET /v2.0/vpn/endpoint-groups HTTP/1.1" status: 200 len: 827 time: 0.0087576
2026-04-28 18:37:41.968 9 WARNING neutron_lib.context [None req-2a6aeaec-e81a-419d-8ef5-3723d9bfbd5e 71d621932e4d494ba04d567f54cdddc4 9722fe5f9f2840afbf67f88c55eb3589 - - default default] Method 'is_advsvc' is deprecated since 2023.2 release (neutron-lib 3.8.0) and will be removed once support for the old RBAC API policies will be removed from Neutron. Please use method 'is_service_role' instead.
2026-04-28 18:37:42.028 9 INFO neutron.api.wsgi [None req-2a6aeaec-e81a-419d-8ef5-3723d9bfbd5e 71d621932e4d494ba04d567f54cdddc4 9722fe5f9f2840afbf67f88c55eb3589 - - default default] 10.0.0.252 "POST /v2.0/vpn/endpoint-groups HTTP/1.1" status: 201 len: 500 time: 0.0666037
2026-04-28 18:37:42.035 9 WARNING neutron.api.v2.base [None req-346d1565-7bd6-49cd-9d68-fb23040d544e 71d621932e4d494ba04d567f54cdddc4 9722fe5f9f2840afbf67f88c55eb3589 - - default default] An exception happened while processing the request body. The exception message is [Failed to parse request. Required attribute 'peer_id' not specified].: webob.exc.HTTPBadRequest: Failed to parse request. Required attribute 'peer_id' not specified
2026-04-28 18:37:42.036 9 INFO neutron.api.v2.resource [None req-346d1565-7bd6-49cd-9d68-fb23040d544e 71d621932e4d494ba04d567f54cdddc4 9722fe5f9f2840afbf67f88c55eb3589 - - default default] create failed (client error): Failed to parse request. Required attribute 'peer_id' not specified
2026-04-28 18:37:42.037 9 INFO neutron.api.wsgi [None req-346d1565-7bd6-49cd-9d68-fb23040d544e 71d621932e4d494ba04d567f54cdddc4 9722fe5f9f2840afbf67f88c55eb3589 - - default default] 10.0.0.252 "POST /v2.0/vpn/ipsec-site-connections HTTP/1.1" status: 400 len: 343 time: 0.0040979
2026-04-28 18:37:42.070 9 INFO neutron.api.wsgi [None req-9607b4bc-227d-4e66-9d3e-e254b43b422d 71d621932e4d494ba04d567f54cdddc4 9722fe5f9f2840afbf67f88c55eb3589 - - default default] 10.0.0.252 "GET /v2.0/vpn/endpoint-groups HTTP/1.1" status: 200 len: 1110 time: 0.0310287
2026-04-28 18:37:42.098 9 INFO neutron.api.wsgi [None req-8bfcf7e8-b10a-46c5-b022-d3be60e4dc09 71d621932e4d494ba04d567f54cdddc4 9722fe5f9f2840afbf67f88c55eb3589 - - default default] 10.0.0.252 "DELETE /v2.0/vpn/endpoint-groups/4f32ef98-0c26-4821-a0a3-5283760c2ab8 HTTP/1.1" status: 204 len: 168 time: 0.0167317
2026-04-28 18:37:42.114 9 INFO neutron.api.wsgi [None req-5c78a6b0-739a-4eb2-a256-766a75d49ddf 71d621932e4d494ba04d567f54cdddc4 9722fe5f9f2840afbf67f88c55eb3589 - - default default] 10.0.0.252 "GET /v2.0/vpn/endpoint-groups HTTP/1.1" status: 200 len: 827 time: 0.0121560
2026-04-28 18:37:42.123 9 WARNING neutron_lib.context [None req-2c7502a6-b4cc-493d-b1bf-c32bdf26df90 71d621932e4d494ba04d567f54cdddc4 9722fe5f9f2840afbf67f88c55eb3589 - - default default] Method 'is_advsvc' is deprecated since 2023.2 release (neutron-lib 3.8.0) and will be removed once support for the old RBAC API policies will be removed from Neutron. Please use method 'is_service_role' instead.
2026-04-28 18:37:42.162 9 INFO neutron.api.wsgi [None req-2c7502a6-b4cc-493d-b1bf-c32bdf26df90 71d621932e4d494ba04d567f54cdddc4 9722fe5f9f2840afbf67f88c55eb3589 - - default default] 10.0.0.252 "POST /v2.0/vpn/endpoint-groups HTTP/1.1" status: 201 len: 492 time: 0.0428460
2026-04-28 18:37:42.170 9 WARNING neutron.api.v2.base [None req-76402a8c-d399-483f-acde-38c57214a1e3 71d621932e4d494ba04d567f54cdddc4 9722fe5f9f2840afbf67f88c55eb3589 - - default default] An exception happened while processing the request body. The exception message is [Failed to parse request. Required attribute 'peer_id' not specified].: webob.exc.HTTPBadRequest: Failed to parse request. Required attribute 'peer_id' not specified
2026-04-28 18:37:42.171 9 INFO neutron.api.v2.resource [None req-76402a8c-d399-483f-acde-38c57214a1e3 71d621932e4d494ba04d567f54cdddc4 9722fe5f9f2840afbf67f88c55eb3589 - - default default] create failed (client error): Failed to parse request. Required attribute 'peer_id' not specified
2026-04-28 18:37:42.172 9 INFO neutron.api.wsgi [None req-76402a8c-d399-483f-acde-38c57214a1e3 71d621932e4d494ba04d567f54cdddc4 9722fe5f9f2840afbf67f88c55eb3589 - - default default] 10.0.0.252 "POST /v2.0/vpn/ipsec-site-connections HTTP/1.1" status: 400 len: 343 time: 0.0052118
2026-04-28 18:37:42.184 9 INFO neutron.api.wsgi [None req-9592993f-b9b2-40db-8c8b-faedd690692b 71d621932e4d494ba04d567f54cdddc4 9722fe5f9f2840afbf67f88c55eb3589 - - default default] 10.0.0.252 "GET /v2.0/vpn/endpoint-groups HTTP/1.1" status: 200 len: 1102 time: 0.0092585
2026-04-28 18:37:42.207 9 INFO neutron.api.wsgi [None req-9169c7c4-422a-49d0-898d-e62c2e3fe235 71d621932e4d494ba04d567f54cdddc4 9722fe5f9f2840afbf67f88c55eb3589 - - default default] 10.0.0.252 "DELETE /v2.0/vpn/endpoint-groups/381aef2d-25d4-4b81-8f33-69fcbd59c112 HTTP/1.1" status: 204 len: 168 time: 0.0190232
2026-04-28 18:37:42.219 9 INFO neutron.api.wsgi [None req-32d80d05-c822-49bc-95ee-0b514c770af1 71d621932e4d494ba04d567f54cdddc4 9722fe5f9f2840afbf67f88c55eb3589 - - default default] 10.0.0.252 "GET /v2.0/vpn/endpoint-groups HTTP/1.1" status: 200 len: 827 time: 0.0083530
2026-04-28 18:37:42.226 9 WARNING neutron_lib.context [None req-0bcf2e79-f908-45a2-b14b-e6f62058f1de 71d621932e4d494ba04d567f54cdddc4 9722fe5f9f2840afbf67f88c55eb3589 - - default default] Method 'is_advsvc' is deprecated since 2023.2 release (neutron-lib 3.8.0) and will be removed once support for the old RBAC API policies will be removed from Neutron. Please use method 'is_service_role' instead.
2026-04-28 18:37:42.258 9 INFO neutron.api.wsgi [None req-0bcf2e79-f908-45a2-b14b-e6f62058f1de 71d621932e4d494ba04d567f54cdddc4 9722fe5f9f2840afbf67f88c55eb3589 - - default default] 10.0.0.252 "POST /v2.0/vpn/endpoint-groups HTTP/1.1" status: 201 len: 488 time: 0.0341389
2026-04-28 18:37:42.267 9 WARNING neutron_lib.context [None req-e25a3167-3a3d-49a8-8147-c550142246cb 71d621932e4d494ba04d567f54cdddc4 9722fe5f9f2840afbf67f88c55eb3589 - - default default] Method 'is_advsvc' is deprecated since 2023.2 release (neutron-lib 3.8.0) and will be removed once support for the old RBAC API policies will be removed from Neutron. Please use method 'is_service_role' instead.
2026-04-28 18:37:42.315 9 INFO neutron.api.wsgi [None req-e25a3167-3a3d-49a8-8147-c550142246cb 71d621932e4d494ba04d567f54cdddc4 9722fe5f9f2840afbf67f88c55eb3589 - - default default] 10.0.0.252 "POST /v2.0/vpn/endpoint-groups HTTP/1.1" status: 201 len: 501 time: 0.0519049
2026-04-28 18:37:42.327 10 WARNING neutron_lib.context [None req-05ff856e-0c63-485e-9d2e-b1751b3259c4 71d621932e4d494ba04d567f54cdddc4 9722fe5f9f2840afbf67f88c55eb3589 - - default default] Method 'is_advsvc' is deprecated since 2023.2 release (neutron-lib 3.8.0) and will be removed once support for the old RBAC API policies will be removed from Neutron. Please use method 'is_service_role' instead.
2026-04-28 18:37:42.543 9 INFO neutron.db.ovn_revision_numbers_db [None req-763b2ab2-fcc6-49c5-9ea0-e2899d17b9a5 d96e52cac3b2466886195e5b55f7629c 289be8de81ae4719a101d91082ea35aa - - default default] Successfully bumped revision number for resource 4f019e7e-0c4f-452b-aefb-d2a54b474e17 (type: security_groups) to 1
2026-04-28 18:37:42.560 9 INFO neutron.db.ovn_revision_numbers_db [None req-763b2ab2-fcc6-49c5-9ea0-e2899d17b9a5 d96e52cac3b2466886195e5b55f7629c 289be8de81ae4719a101d91082ea35aa - - default default] Successfully bumped revision number for resource 18b13ea6-a0ce-4848-82b4-280614ce8b55 (type: security_group_rules) to 0
2026-04-28 18:37:42.574 9 INFO neutron.db.ovn_revision_numbers_db [None req-763b2ab2-fcc6-49c5-9ea0-e2899d17b9a5 d96e52cac3b2466886195e5b55f7629c 289be8de81ae4719a101d91082ea35aa - - default default] Successfully bumped revision number for resource a4923566-5524-4678-b3da-147e466150f8 (type: security_group_rules) to 0
2026-04-28 18:37:42.588 9 INFO neutron.db.ovn_revision_numbers_db [None req-763b2ab2-fcc6-49c5-9ea0-e2899d17b9a5 d96e52cac3b2466886195e5b55f7629c 289be8de81ae4719a101d91082ea35aa - - default default] Successfully bumped revision number for resource c4c58924-ded8-46d6-a73e-ea1a502a690a (type: security_group_rules) to 0
2026-04-28 18:37:42.599 9 INFO neutron.db.ovn_revision_numbers_db [None req-763b2ab2-fcc6-49c5-9ea0-e2899d17b9a5 d96e52cac3b2466886195e5b55f7629c 289be8de81ae4719a101d91082ea35aa - - default default] Successfully bumped revision number for resource d4ccfa0d-20f1-45ed-94aa-9c60f605399c (type: security_group_rules) to 0
2026-04-28 18:37:42.635 9 INFO neutron.api.wsgi [None req-763b2ab2-fcc6-49c5-9ea0-e2899d17b9a5 d96e52cac3b2466886195e5b55f7629c 289be8de81ae4719a101d91082ea35aa - - default default] 10.0.0.252 "GET /v2.0/security-groups?tenant_id=fb7c3c48d22046b98ec6d85a6a49058b&name=default HTTP/1.1" status: 200 len: 3124 time: 0.3105705
2026-04-28 18:37:42.846 9 INFO neutron.api.wsgi [None req-4bbd7087-454f-40e9-ae9a-8db689d3f961 d96e52cac3b2466886195e5b55f7629c 289be8de81ae4719a101d91082ea35aa - - default default] 10.0.0.252 "DELETE /v2.0/security-groups/4f019e7e-0c4f-452b-aefb-d2a54b474e17 HTTP/1.1" status: 204 len: 168 time: 0.2056239
2026-04-28 18:37:42.948 10 INFO neutron.db.ovn_revision_numbers_db [None req-05ff856e-0c63-485e-9d2e-b1751b3259c4 71d621932e4d494ba04d567f54cdddc4 9722fe5f9f2840afbf67f88c55eb3589 - - default default] Successfully bumped revision number for resource c76e43a4-4e35-415e-a849-e77390714d49 (type: routers) to 6
2026-04-28 18:37:42.980 10 INFO neutron.api.wsgi [None req-05ff856e-0c63-485e-9d2e-b1751b3259c4 71d621932e4d494ba04d567f54cdddc4 9722fe5f9f2840afbf67f88c55eb3589 - - default default] 10.0.0.252 "POST /v2.0/vpn/ipsec-site-connections HTTP/1.1" status: 201 len: 1043 time: 0.6597641
2026-04-28 18:37:43.058 9 INFO neutron.db.ovn_revision_numbers_db [None req-e22b60a1-1f2f-41f6-9435-7273c0c190a1 d96e52cac3b2466886195e5b55f7629c 289be8de81ae4719a101d91082ea35aa - - default default] Successfully bumped revision number for resource e69f6804-dc96-4287-9b58-d737699c1bdb (type: security_groups) to 1
2026-04-28 18:37:43.084 9 INFO neutron.db.ovn_revision_numbers_db [None req-e22b60a1-1f2f-41f6-9435-7273c0c190a1 d96e52cac3b2466886195e5b55f7629c 289be8de81ae4719a101d91082ea35aa - - default default] Successfully bumped revision number for resource 6aeb5829-270c-4016-9178-10bbfb19ebaa (type: security_group_rules) to 0
2026-04-28 18:37:43.101 9 INFO neutron.db.ovn_revision_numbers_db [None req-e22b60a1-1f2f-41f6-9435-7273c0c190a1 d96e52cac3b2466886195e5b55f7629c 289be8de81ae4719a101d91082ea35aa - - default default] Successfully bumped revision number for resource 85b59e50-b1dd-4f13-a99c-cdca2c8e301a (type: security_group_rules) to 0
2026-04-28 18:37:43.121 9 INFO neutron.db.ovn_revision_numbers_db [None req-e22b60a1-1f2f-41f6-9435-7273c0c190a1 d96e52cac3b2466886195e5b55f7629c 289be8de81ae4719a101d91082ea35aa - - default default] Successfully bumped revision number for resource 9170d809-f926-444f-a4df-2fb0c7875244 (type: security_group_rules) to 0
2026-04-28 18:37:43.137 9 INFO neutron.db.ovn_revision_numbers_db [None req-e22b60a1-1f2f-41f6-9435-7273c0c190a1 d96e52cac3b2466886195e5b55f7629c 289be8de81ae4719a101d91082ea35aa - - default default] Successfully bumped revision number for resource de630378-cd08-4290-b012-bfaeacdac758 (type: security_group_rules) to 0
2026-04-28 18:37:43.197 9 INFO neutron.api.wsgi [None req-e22b60a1-1f2f-41f6-9435-7273c0c190a1 d96e52cac3b2466886195e5b55f7629c 289be8de81ae4719a101d91082ea35aa - - default default] 10.0.0.252 "GET /v2.0/security-groups?tenant_id=3db1d071e0bb4ea3ae581d26b83526b8&name=default HTTP/1.1" status: 200 len: 3124 time: 0.2664661
2026-04-28 18:37:43.382 10 INFO neutron.api.wsgi [None req-88435492-9e85-4c94-a3e7-81e5accbbdd3 d96e52cac3b2466886195e5b55f7629c 289be8de81ae4719a101d91082ea35aa - - default default] 10.0.0.252 "DELETE /v2.0/security-groups/e69f6804-dc96-4287-9b58-d737699c1bdb HTTP/1.1" status: 204 len: 168 time: 0.1803582
2026-04-28 18:37:43.511 9 INFO neutron.db.ovn_revision_numbers_db [None req-97866be8-4557-4868-87f0-642dd403e53a 71d621932e4d494ba04d567f54cdddc4 9722fe5f9f2840afbf67f88c55eb3589 - - default default] Successfully bumped revision number for resource c76e43a4-4e35-415e-a849-e77390714d49 (type: routers) to 7
2026-04-28 18:37:43.541 9 INFO neutron.api.wsgi [None req-97866be8-4557-4868-87f0-642dd403e53a 71d621932e4d494ba04d567f54cdddc4 9722fe5f9f2840afbf67f88c55eb3589 - - default default] 10.0.0.252 "DELETE /v2.0/vpn/ipsec-site-connections/dffb0574-f922-4709-b300-e4eba45f3238 HTTP/1.1" status: 204 len: 168 time: 0.5555532
2026-04-28 18:37:43.557 9 INFO neutron.api.wsgi [None req-56f12cb2-2777-43ee-8dc0-3d2e1c01df8f 71d621932e4d494ba04d567f54cdddc4 9722fe5f9f2840afbf67f88c55eb3589 - - default default] 10.0.0.252 "GET /v2.0/vpn/ipsec-site-connections HTTP/1.1" status: 200 len: 999 time: 0.0128064
2026-04-28 18:37:43.580 10 INFO neutron.api.v2.resource [None req-c4ec1a54-bb19-46cc-9441-6dd483a99653 71d621932e4d494ba04d567f54cdddc4 9722fe5f9f2840afbf67f88c55eb3589 - - default default] delete failed (client error): The resource could not be found.
2026-04-28 18:37:43.581 10 INFO neutron.api.wsgi [None req-c4ec1a54-bb19-46cc-9441-6dd483a99653 71d621932e4d494ba04d567f54cdddc4 9722fe5f9f2840afbf67f88c55eb3589 - - default default] 10.0.0.252 "DELETE /v2.0/vpn/ipsec-site-connections/dffb0574-f922-4709-b300-e4eba45f3238 HTTP/1.1" status: 404 len: 355 time: 0.0160851
2026-04-28 18:37:43.597 10 INFO neutron.api.wsgi [None req-3c68cf0c-36b7-4c81-b4c5-8829e6225982 71d621932e4d494ba04d567f54cdddc4 9722fe5f9f2840afbf67f88c55eb3589 - - default default] 10.0.0.252 "GET /v2.0/vpn/endpoint-groups HTTP/1.1" status: 200 len: 1383 time: 0.0109084
2026-04-28 18:37:43.621 10 INFO neutron.api.wsgi [None req-eff92c4a-7970-49a5-99c2-4b69ccd28977 71d621932e4d494ba04d567f54cdddc4 9722fe5f9f2840afbf67f88c55eb3589 - - default default] 10.0.0.252 "DELETE /v2.0/vpn/endpoint-groups/a8d38355-34c5-4f9f-ac64-53db6fa431fd HTTP/1.1" status: 204 len: 168 time: 0.0205467
2026-04-28 18:37:43.637 10 INFO neutron.api.wsgi [None req-c1fd3095-7039-4694-b2e1-3638818d67ab 71d621932e4d494ba04d567f54cdddc4 9722fe5f9f2840afbf67f88c55eb3589 - - default default] 10.0.0.252 "GET /v2.0/vpn/endpoint-groups HTTP/1.1" status: 200 len: 1098 time: 0.0102205
2026-04-28 18:37:43.652 10 INFO neutron.api.wsgi [None req-eaa2c28c-89bd-48dd-b006-001058461487 71d621932e4d494ba04d567f54cdddc4 9722fe5f9f2840afbf67f88c55eb3589 - - default default] 10.0.0.252 "GET /v2.0/vpn/endpoint-groups HTTP/1.1" status: 200 len: 1098 time: 0.0107865
2026-04-28 18:37:43.677 10 INFO neutron.api.wsgi [None req-5749b387-e0ed-4793-bf38-f00b1aae0d0b 71d621932e4d494ba04d567f54cdddc4 9722fe5f9f2840afbf67f88c55eb3589 - - default default] 10.0.0.252 "DELETE /v2.0/vpn/endpoint-groups/4f258823-c9a2-4c78-b573-230edd9efeb0 HTTP/1.1" status: 204 len: 168 time: 0.0218029
2026-04-28 18:37:43.695 10 INFO neutron.api.wsgi [None req-61a829a5-909b-4547-873b-f2aa82696793 71d621932e4d494ba04d567f54cdddc4 9722fe5f9f2840afbf67f88c55eb3589 - - default default] 10.0.0.252 "GET /v2.0/vpn/endpoint-groups HTTP/1.1" status: 200 len: 827 time: 0.0127788
2026-04-28 18:37:43.706 10 WARNING neutron_lib.context [None req-8a282bc9-dd8a-405f-8cf1-242901d064ed 71d621932e4d494ba04d567f54cdddc4 9722fe5f9f2840afbf67f88c55eb3589 - - default default] Method 'is_advsvc' is deprecated since 2023.2 release (neutron-lib 3.8.0) and will be removed once support for the old RBAC API policies will be removed from Neutron. Please use method 'is_service_role' instead.
2026-04-28 18:37:44.473 10 INFO neutron.db.ovn_revision_numbers_db [None req-8a282bc9-dd8a-405f-8cf1-242901d064ed 71d621932e4d494ba04d567f54cdddc4 9722fe5f9f2840afbf67f88c55eb3589 - - default default] Successfully bumped revision number for resource c76e43a4-4e35-415e-a849-e77390714d49 (type: routers) to 8
2026-04-28 18:37:44.503 10 INFO neutron.api.wsgi [None req-8a282bc9-dd8a-405f-8cf1-242901d064ed 71d621932e4d494ba04d567f54cdddc4 9722fe5f9f2840afbf67f88c55eb3589 - - default default] 10.0.0.252 "POST /v2.0/vpn/ipsec-site-connections HTTP/1.1" status: 201 len: 1003 time: 0.8014026
2026-04-28 18:37:45.038 10 INFO neutron.db.ovn_revision_numbers_db [None req-63e239b0-5b53-4559-8b7b-47c5dda9ca67 71d621932e4d494ba04d567f54cdddc4 9722fe5f9f2840afbf67f88c55eb3589 - - default default] Successfully bumped revision number for resource c76e43a4-4e35-415e-a849-e77390714d49 (type: routers) to 9
2026-04-28 18:37:45.062 10 INFO neutron.api.wsgi [None req-63e239b0-5b53-4559-8b7b-47c5dda9ca67 71d621932e4d494ba04d567f54cdddc4 9722fe5f9f2840afbf67f88c55eb3589 - - default default] 10.0.0.252 "DELETE /v2.0/vpn/ipsec-site-connections/75263a1e-003a-423c-8f3f-4984b16913c8 HTTP/1.1" status: 204 len: 168 time: 0.5537982
2026-04-28 18:37:45.079 10 INFO neutron.api.wsgi [None req-15f75008-7b9a-4f8f-bdd4-c758fa4bc296 71d621932e4d494ba04d567f54cdddc4 9722fe5f9f2840afbf67f88c55eb3589 - - default default] 10.0.0.252 "GET /v2.0/vpn/ipsec-site-connections HTTP/1.1" status: 200 len: 989 time: 0.0119841
2026-04-28 18:37:45.091 10 INFO neutron.api.v2.resource [None req-4cf9f9fc-847a-4ad1-ad3b-1f442eaea3e5 71d621932e4d494ba04d567f54cdddc4 9722fe5f9f2840afbf67f88c55eb3589 - - default default] delete failed (client error): The resource could not be found.
2026-04-28 18:37:45.092 10 INFO neutron.api.wsgi [None req-4cf9f9fc-847a-4ad1-ad3b-1f442eaea3e5 71d621932e4d494ba04d567f54cdddc4 9722fe5f9f2840afbf67f88c55eb3589 - - default default] 10.0.0.252 "DELETE /v2.0/vpn/ipsec-site-connections/75263a1e-003a-423c-8f3f-4984b16913c8 HTTP/1.1" status: 404 len: 355 time: 0.0072041
