2026-04-28 18:32:55.671 9 INFO neutron.db.ovn_revision_numbers_db [req-5d2eca2b-c936-4f35-8e81-56a44e4e4978 req-4764dfe3-9d8f-42eb-8158-1c080597321a ff3f47527b434f5992863ddc9f946a17 afe034535ad4466fa973a9fb82646339 - - default default] Successfully bumped revision number for resource d020e9d0-b3b2-4a87-a3f6-8e29d6a4290b (type: security_group_rules) to 0
2026-04-28 18:32:55.699 9 INFO neutron.api.wsgi [req-5d2eca2b-c936-4f35-8e81-56a44e4e4978 req-4764dfe3-9d8f-42eb-8158-1c080597321a ff3f47527b434f5992863ddc9f946a17 afe034535ad4466fa973a9fb82646339 - - default default] 10.0.0.184 "POST /v2.0/security-group-rules HTTP/1.1" status: 201 len: 818 time: 0.1430247
2026-04-28 18:32:55.734 9 WARNING neutron_lib.context [req-7775e559-1087-4a61-a138-2d68c8d4b8b1 req-d90c2e52-1c0d-44d5-a918-f93be02cb2ac ff3f47527b434f5992863ddc9f946a17 afe034535ad4466fa973a9fb82646339 - - default default] Method 'is_advsvc' is deprecated since 2023.2 release (neutron-lib 3.8.0) and will be removed once support for the old RBAC API policies will be removed from Neutron. Please use method 'is_service_role' instead.
2026-04-28 18:32:55.776 10 WARNING neutron_lib.context [None req-64e5dbc6-50f9-4d48-bd15-e04af4ec1e50 cebdd2d6b0e344cea3cbbffc4f62fdad f3c4d40239ea44828e9ec4d046c04875 - - default default] Method 'is_advsvc' is deprecated since 2023.2 release (neutron-lib 3.8.0) and will be removed once support for the old RBAC API policies will be removed from Neutron. Please use method 'is_service_role' instead.
2026-04-28 18:32:55.793 10 INFO neutron.plugins.ml2.drivers.ovn.mech_driver.ovsdb.commands [None req-6520c417-cd33-4028-a04c-3352caef41b0 - - - - - -] Schedule LRP lrp-c008f987-3214-4cac-b5c9-02df35be0ca1 on gateway 9db5f80a-0c01-46db-9847-81c9d222b3b2 with priority 1
2026-04-28 18:32:55.820 10 INFO neutron.plugins.ml2.drivers.ovn.mech_driver.ovsdb.ovsdb_monitor [None req-eb6dedbf-172e-46bc-9829-f6fd334e8bde - - - - - -] Router 2cbf671c-813e-4df4-8486-a4e83f0246cf is bound to host instance
2026-04-28 18:32:55.843 10 INFO neutron.db.ovn_revision_numbers_db [None req-3e13fd16-b977-4234-bfeb-709a73eb6aaf d96e52cac3b2466886195e5b55f7629c 289be8de81ae4719a101d91082ea35aa - - default default] Successfully bumped revision number for resource c008f987-3214-4cac-b5c9-02df35be0ca1 (type: router_ports) to 1
2026-04-28 18:32:55.859 9 INFO neutron.db.ovn_revision_numbers_db [req-7775e559-1087-4a61-a138-2d68c8d4b8b1 req-d90c2e52-1c0d-44d5-a918-f93be02cb2ac ff3f47527b434f5992863ddc9f946a17 afe034535ad4466fa973a9fb82646339 - - default default] Successfully bumped revision number for resource 5614a259-1cd3-42db-a8c7-8ad45b0f2363 (type: security_groups) to 1
2026-04-28 18:32:55.870 9 INFO neutron.db.ovn_revision_numbers_db [req-7775e559-1087-4a61-a138-2d68c8d4b8b1 req-d90c2e52-1c0d-44d5-a918-f93be02cb2ac ff3f47527b434f5992863ddc9f946a17 afe034535ad4466fa973a9fb82646339 - - default default] Successfully bumped revision number for resource 5f4e4f8c-81f2-4c17-8b32-35cb78b82bf1 (type: security_group_rules) to 0
2026-04-28 18:32:55.888 9 INFO neutron.db.ovn_revision_numbers_db [req-7775e559-1087-4a61-a138-2d68c8d4b8b1 req-d90c2e52-1c0d-44d5-a918-f93be02cb2ac ff3f47527b434f5992863ddc9f946a17 afe034535ad4466fa973a9fb82646339 - - default default] Successfully bumped revision number for resource fb8589fd-084f-4e39-b3d9-5f4a6fc1d82d (type: security_group_rules) to 0
2026-04-28 18:32:55.922 9 INFO neutron.api.wsgi [req-7775e559-1087-4a61-a138-2d68c8d4b8b1 req-d90c2e52-1c0d-44d5-a918-f93be02cb2ac ff3f47527b434f5992863ddc9f946a17 afe034535ad4466fa973a9fb82646339 - - default default] 10.0.0.184 "POST /v2.0/security-groups HTTP/1.1" status: 201 len: 1890 time: 0.1950052
2026-04-28 18:32:55.935 10 INFO neutron.db.ovn_revision_numbers_db [None req-3e13fd16-b977-4234-bfeb-709a73eb6aaf d96e52cac3b2466886195e5b55f7629c 289be8de81ae4719a101d91082ea35aa - - default default] Successfully bumped revision number for resource 2cbf671c-813e-4df4-8486-a4e83f0246cf (type: routers) to 2
2026-04-28 18:32:55.945 10 INFO neutron.db.ovn_revision_numbers_db [None req-64e5dbc6-50f9-4d48-bd15-e04af4ec1e50 cebdd2d6b0e344cea3cbbffc4f62fdad f3c4d40239ea44828e9ec4d046c04875 - - default default] Successfully bumped revision number for resource cedaa4ef-3395-49c6-8b5a-527ed03779f1 (type: security_groups) to 1
2026-04-28 18:32:55.955 10 INFO neutron.api.wsgi [None req-3e13fd16-b977-4234-bfeb-709a73eb6aaf d96e52cac3b2466886195e5b55f7629c 289be8de81ae4719a101d91082ea35aa - - default default] 10.0.0.252 "POST /v2.0/routers HTTP/1.1" status: 201 len: 1168 time: 1.3485415
2026-04-28 18:32:55.971 10 INFO neutron.db.ovn_revision_numbers_db [None req-64e5dbc6-50f9-4d48-bd15-e04af4ec1e50 cebdd2d6b0e344cea3cbbffc4f62fdad f3c4d40239ea44828e9ec4d046c04875 - - default default] Successfully bumped revision number for resource 258c9fe1-f22e-445d-b6b9-2f21ea265796 (type: security_group_rules) to 0
2026-04-28 18:32:55.977 10 INFO neutron.api.wsgi [req-1c31be2d-60bb-48d9-80de-0e6c9ad653e8 req-8a27e34e-cc0b-492c-b29f-b2f879774832 ff3f47527b434f5992863ddc9f946a17 afe034535ad4466fa973a9fb82646339 - - default default] 10.0.0.184 "GET /v2.0/security-groups/5614a259-1cd3-42db-a8c7-8ad45b0f2363 HTTP/1.1" status: 200 len: 1885 time: 0.0291097
2026-04-28 18:32:55.985 10 INFO neutron.db.ovn_revision_numbers_db [None req-64e5dbc6-50f9-4d48-bd15-e04af4ec1e50 cebdd2d6b0e344cea3cbbffc4f62fdad f3c4d40239ea44828e9ec4d046c04875 - - default default] Successfully bumped revision number for resource d5fd5343-b0df-4781-bec6-770d3ce8dd22 (type: security_group_rules) to 0
2026-04-28 18:32:55.990 10 WARNING neutron_lib.context [req-1c31be2d-60bb-48d9-80de-0e6c9ad653e8 req-6d5c2e7d-43b8-4ab2-846e-a85b51785b0c ff3f47527b434f5992863ddc9f946a17 afe034535ad4466fa973a9fb82646339 - - default default] Method 'is_advsvc' is deprecated since 2023.2 release (neutron-lib 3.8.0) and will be removed once support for the old RBAC API policies will be removed from Neutron. Please use method 'is_service_role' instead.
2026-04-28 18:32:56.032 10 INFO neutron.api.wsgi [None req-64e5dbc6-50f9-4d48-bd15-e04af4ec1e50 cebdd2d6b0e344cea3cbbffc4f62fdad f3c4d40239ea44828e9ec4d046c04875 - - default default] 10.0.0.252 "POST /v2.0/security-groups HTTP/1.1" status: 201 len: 1860 time: 0.2615819
2026-04-28 18:32:56.040 9 WARNING neutron_lib.context [None req-6b7bc826-3c5c-403b-a942-09d2a7c6abe4 cebdd2d6b0e344cea3cbbffc4f62fdad f3c4d40239ea44828e9ec4d046c04875 - - default default] Method 'is_advsvc' is deprecated since 2023.2 release (neutron-lib 3.8.0) and will be removed once support for the old RBAC API policies will be removed from Neutron. Please use method 'is_service_role' instead.
2026-04-28 18:32:56.128 10 INFO neutron.db.ovn_revision_numbers_db [req-1c31be2d-60bb-48d9-80de-0e6c9ad653e8 req-6d5c2e7d-43b8-4ab2-846e-a85b51785b0c ff3f47527b434f5992863ddc9f946a17 afe034535ad4466fa973a9fb82646339 - - default default] Successfully bumped revision number for resource 7d1a295b-a894-468c-b4e5-68d57c52e465 (type: security_group_rules) to 0
2026-04-28 18:32:56.146 9 INFO neutron.api.wsgi [req-9e0611fa-1f75-42e1-ab3d-4f408e6fe34b req-0a88a589-f262-47d9-bc26-2b4496315eb2 ba5ef8d51897424ab5fed52d3c35614e 6f2d3c10808b459e988469242f6e1865 - - default default] 10.0.0.184 "GET /v2.0/networks?id=81977fab-5dec-486e-a5e6-0fedfc6c29e1 HTTP/1.1" status: 200 len: 877 time: 0.0731630
2026-04-28 18:32:56.155 10 INFO neutron.api.wsgi [req-1c31be2d-60bb-48d9-80de-0e6c9ad653e8 req-6d5c2e7d-43b8-4ab2-846e-a85b51785b0c ff3f47527b434f5992863ddc9f946a17 afe034535ad4466fa973a9fb82646339 - - default default] 10.0.0.184 "POST /v2.0/security-group-rules HTTP/1.1" status: 201 len: 818 time: 0.1722953
2026-04-28 18:32:56.173 9 INFO neutron.api.wsgi [req-9e0611fa-1f75-42e1-ab3d-4f408e6fe34b req-ec6ea068-0a11-4150-bb15-47a20d619caf ba5ef8d51897424ab5fed52d3c35614e 6f2d3c10808b459e988469242f6e1865 - - default default] 10.0.0.184 "GET /v2.0/quotas/6f2d3c10808b459e988469242f6e1865 HTTP/1.1" status: 200 len: 491 time: 0.0199215
2026-04-28 18:32:56.219 9 INFO neutron.db.ovn_revision_numbers_db [None req-6b7bc826-3c5c-403b-a942-09d2a7c6abe4 cebdd2d6b0e344cea3cbbffc4f62fdad f3c4d40239ea44828e9ec4d046c04875 - - default default] Successfully bumped revision number for resource 3e890e50-6843-4388-8e75-dfdcaa30bab3 (type: security_group_rules) to 0
2026-04-28 18:32:56.245 10 INFO neutron.api.wsgi [req-835ee039-23cf-4fa2-8ce7-94debfaf72de req-c8f43e9d-6f53-47a5-a031-8bc0bbe47901 ff3f47527b434f5992863ddc9f946a17 afe034535ad4466fa973a9fb82646339 - - default default] 10.0.0.184 "GET /v2.0/security-groups/5614a259-1cd3-42db-a8c7-8ad45b0f2363 HTTP/1.1" status: 200 len: 2510 time: 0.0672560
2026-04-28 18:32:56.257 10 WARNING neutron_lib.context [req-835ee039-23cf-4fa2-8ce7-94debfaf72de req-f4203899-d465-41dc-9ea3-7bbe417e7d7b ff3f47527b434f5992863ddc9f946a17 afe034535ad4466fa973a9fb82646339 - - default default] Method 'is_advsvc' is deprecated since 2023.2 release (neutron-lib 3.8.0) and will be removed once support for the old RBAC API policies will be removed from Neutron. Please use method 'is_service_role' instead.
2026-04-28 18:32:56.258 10 INFO neutron.db.ovn_revision_numbers_db [None req-61715017-eb26-4006-a06a-3e39e55d923e - - - - - -] Successfully bumped revision number for resource c008f987-3214-4cac-b5c9-02df35be0ca1 (type: ports) to 1
2026-04-28 18:32:56.270 9 INFO neutron.api.wsgi [None req-6b7bc826-3c5c-403b-a942-09d2a7c6abe4 cebdd2d6b0e344cea3cbbffc4f62fdad f3c4d40239ea44828e9ec4d046c04875 - - default default] 10.0.0.252 "POST /v2.0/security-group-rules HTTP/1.1" status: 201 len: 796 time: 0.2331469
2026-04-28 18:32:56.279 9 WARNING neutron_lib.context [None req-89d407d6-50be-4e76-9992-498c55a06130 cebdd2d6b0e344cea3cbbffc4f62fdad f3c4d40239ea44828e9ec4d046c04875 - - default default] Method 'is_advsvc' is deprecated since 2023.2 release (neutron-lib 3.8.0) and will be removed once support for the old RBAC API policies will be removed from Neutron. Please use method 'is_service_role' instead.
2026-04-28 18:32:56.307 9 INFO neutron.api.wsgi [req-9e0611fa-1f75-42e1-ab3d-4f408e6fe34b req-d084b606-5148-4bca-a391-f8108fa07a2c ba5ef8d51897424ab5fed52d3c35614e 6f2d3c10808b459e988469242f6e1865 - - default default] 10.0.0.184 "GET /v2.0/ports?tenant_id=6f2d3c10808b459e988469242f6e1865&fields=id HTTP/1.1" status: 200 len: 302 time: 0.1273806
2026-04-28 18:32:56.409 10 INFO neutron.db.ovn_revision_numbers_db [req-835ee039-23cf-4fa2-8ce7-94debfaf72de req-f4203899-d465-41dc-9ea3-7bbe417e7d7b ff3f47527b434f5992863ddc9f946a17 afe034535ad4466fa973a9fb82646339 - - default default] Successfully bumped revision number for resource e116539d-ca63-4bc4-ad83-6dce0f920821 (type: security_group_rules) to 0
2026-04-28 18:32:56.415 9 INFO neutron.db.ovn_revision_numbers_db [None req-89d407d6-50be-4e76-9992-498c55a06130 cebdd2d6b0e344cea3cbbffc4f62fdad f3c4d40239ea44828e9ec4d046c04875 - - default default] Successfully bumped revision number for resource ab57c457-a1cb-4b3b-909a-c2c4b659614e (type: security_group_rules) to 0
2026-04-28 18:32:56.441 10 INFO neutron.api.wsgi [req-835ee039-23cf-4fa2-8ce7-94debfaf72de req-f4203899-d465-41dc-9ea3-7bbe417e7d7b ff3f47527b434f5992863ddc9f946a17 afe034535ad4466fa973a9fb82646339 - - default default] 10.0.0.184 "POST /v2.0/security-group-rules HTTP/1.1" status: 201 len: 823 time: 0.1890264
2026-04-28 18:32:56.444 9 INFO neutron.api.wsgi [None req-89d407d6-50be-4e76-9992-498c55a06130 cebdd2d6b0e344cea3cbbffc4f62fdad f3c4d40239ea44828e9ec4d046c04875 - - default default] 10.0.0.252 "POST /v2.0/security-group-rules HTTP/1.1" status: 201 len: 801 time: 0.1697793
2026-04-28 18:32:56.452 10 WARNING neutron_lib.context [None req-ff7adfe3-7813-4e81-b157-1b7359af34f5 cebdd2d6b0e344cea3cbbffc4f62fdad f3c4d40239ea44828e9ec4d046c04875 - - default default] Method 'is_advsvc' is deprecated since 2023.2 release (neutron-lib 3.8.0) and will be removed once support for the old RBAC API policies will be removed from Neutron. Please use method 'is_service_role' instead.
2026-04-28 18:32:56.474 9 WARNING neutron.scheduler.dhcp_agent_scheduler [None req-4564a834-d65f-454c-a0d3-57c11cdde2ab d96e52cac3b2466886195e5b55f7629c 289be8de81ae4719a101d91082ea35aa - - default default] No more DHCP agents
2026-04-28 18:32:56.475 9 WARNING neutron.api.rpc.agentnotifiers.dhcp_rpc_agent_api [None req-4564a834-d65f-454c-a0d3-57c11cdde2ab d96e52cac3b2466886195e5b55f7629c 289be8de81ae4719a101d91082ea35aa - - default default] Unable to schedule network a908f823-1fe8-482a-a0fb-4edede6e5496: no agents available; will retry on subsequent port and subnet creation events.
2026-04-28 18:32:56.496 10 INFO neutron.api.wsgi [req-dffe46ac-2770-4453-8890-b8d3f425889b req-17b22da9-7ec7-4e73-9301-0eccecbd6cca ff3f47527b434f5992863ddc9f946a17 afe034535ad4466fa973a9fb82646339 - - default default] 10.0.0.184 "GET /v2.0/security-groups/5614a259-1cd3-42db-a8c7-8ad45b0f2363 HTTP/1.1" status: 200 len: 3140 time: 0.0329971
2026-04-28 18:32:56.546 10 INFO neutron.api.wsgi [req-559519a8-a810-46a8-b7e6-e25abb87d917 req-2c9a05b6-44f4-45e6-9f6f-3beb45f0549d ff3f47527b434f5992863ddc9f946a17 afe034535ad4466fa973a9fb82646339 - - default default] 10.0.0.184 "GET /v2.0/security-group-rules/e116539d-ca63-4bc4-ad83-6dce0f920821 HTTP/1.1" status: 200 len: 815 time: 0.0260515
2026-04-28 18:32:56.567 9 INFO neutron.db.ovn_revision_numbers_db [None req-4564a834-d65f-454c-a0d3-57c11cdde2ab d96e52cac3b2466886195e5b55f7629c 289be8de81ae4719a101d91082ea35aa - - default default] Successfully bumped revision number for resource 465cf00d-ab5e-4bc4-9a00-b7fffb7369f3 (type: ports) to 1
2026-04-28 18:32:56.688 10 INFO neutron.api.wsgi [req-559519a8-a810-46a8-b7e6-e25abb87d917 req-bf79a7db-c115-4aca-a660-b48e59f72410 ff3f47527b434f5992863ddc9f946a17 afe034535ad4466fa973a9fb82646339 - - default default] 10.0.0.184 "GET /v2.0/security-groups/5614a259-1cd3-42db-a8c7-8ad45b0f2363 HTTP/1.1" status: 200 len: 3140 time: 0.1371403
2026-04-28 18:32:56.690 9 INFO neutron.api.wsgi [req-9e0611fa-1f75-42e1-ab3d-4f408e6fe34b req-652847d5-494b-4a60-9e00-9a8ae426a10e 2b21086211fc44e58990c25ff47f3fef 24ea4a403c04467cb0e7aec3d57c681c - - a57b547b83f4419d96d463529006276e a57b547b83f4419d96d463529006276e] 10.0.0.184 "GET /v2.0/extensions HTTP/1.1" status: 200 len: 19298 time: 0.0369644
2026-04-28 18:32:56.743 9 INFO neutron.api.wsgi [req-9e0611fa-1f75-42e1-ab3d-4f408e6fe34b req-990800fb-ad06-42d1-854f-d836584a2253 2b21086211fc44e58990c25ff47f3fef 24ea4a403c04467cb0e7aec3d57c681c - - a57b547b83f4419d96d463529006276e a57b547b83f4419d96d463529006276e] 10.0.0.184 "GET /v2.0/networks/81977fab-5dec-486e-a5e6-0fedfc6c29e1?fields=segments HTTP/1.1" status: 200 len: 212 time: 0.0472810
2026-04-28 18:32:56.758 10 INFO neutron.db.ovn_revision_numbers_db [None req-61715017-eb26-4006-a06a-3e39e55d923e - - - - - -] Successfully bumped revision number for resource c008f987-3214-4cac-b5c9-02df35be0ca1 (type: ports) to 4
2026-04-28 18:32:56.800 9 INFO neutron.api.wsgi [req-9e0611fa-1f75-42e1-ab3d-4f408e6fe34b req-1d6eea27-d071-40af-835b-c1e5fb59fb58 2b21086211fc44e58990c25ff47f3fef 24ea4a403c04467cb0e7aec3d57c681c - - a57b547b83f4419d96d463529006276e a57b547b83f4419d96d463529006276e] 10.0.0.184 "GET /v2.0/networks/81977fab-5dec-486e-a5e6-0fedfc6c29e1?fields=provider%3Aphysical_network&fields=provider%3Anetwork_type HTTP/1.1" status: 200 len: 277 time: 0.0500124
2026-04-28 18:32:56.883 10 WARNING neutron.scheduler.dhcp_agent_scheduler [None req-ff7adfe3-7813-4e81-b157-1b7359af34f5 cebdd2d6b0e344cea3cbbffc4f62fdad f3c4d40239ea44828e9ec4d046c04875 - - default default] No more DHCP agents
2026-04-28 18:32:56.897 10 WARNING neutron.api.rpc.agentnotifiers.dhcp_rpc_agent_api [None req-ff7adfe3-7813-4e81-b157-1b7359af34f5 cebdd2d6b0e344cea3cbbffc4f62fdad f3c4d40239ea44828e9ec4d046c04875 - - default default] Unable to schedule network 9e705714-b02a-48d8-89d5-7fe4e4d0fe0a: no agents available; will retry on subsequent port and subnet creation events.
2026-04-28 18:32:56.922 10 INFO neutron.api.wsgi [req-559519a8-a810-46a8-b7e6-e25abb87d917 req-62122e51-4dcb-4d0f-80c9-9db7399b278f ff3f47527b434f5992863ddc9f946a17 afe034535ad4466fa973a9fb82646339 - - default default] 10.0.0.184 "DELETE /v2.0/security-group-rules/e116539d-ca63-4bc4-ad83-6dce0f920821 HTTP/1.1" status: 204 len: 173 time: 0.2268522
2026-04-28 18:32:56.982 10 INFO neutron.api.wsgi [req-c9496df3-029a-49a0-b62d-ecea64f0bbf3 req-4c91bbca-cae7-40c6-93e7-77ebd613208a ff3f47527b434f5992863ddc9f946a17 afe034535ad4466fa973a9fb82646339 - - default default] 10.0.0.184 "GET /v2.0/security-groups/5614a259-1cd3-42db-a8c7-8ad45b0f2363 HTTP/1.1" status: 200 len: 2510 time: 0.0391405
2026-04-28 18:32:57.048 9 INFO neutron.api.wsgi [req-fa05d55f-71e6-4a13-88fe-45cc2cb1845f req-109575b9-2fc3-4d61-be25-6c63dcc4483f ba5ef8d51897424ab5fed52d3c35614e 6f2d3c10808b459e988469242f6e1865 - - default default] 10.0.0.184 "GET /v2.0/ports?device_id=12598041-bc0c-407e-81ed-0787cb1d3340 HTTP/1.1" status: 200 len: 210 time: 0.0371382
2026-04-28 18:32:57.165 9 INFO neutron.db.ovn_revision_numbers_db [None req-4564a834-d65f-454c-a0d3-57c11cdde2ab d96e52cac3b2466886195e5b55f7629c 289be8de81ae4719a101d91082ea35aa - - default default] Successfully bumped revision number for resource 465cf00d-ab5e-4bc4-9a00-b7fffb7369f3 (type: ports) to 1
2026-04-28 18:32:57.191 10 INFO neutron.api.wsgi [req-c9496df3-029a-49a0-b62d-ecea64f0bbf3 req-e8505e1f-258a-4417-ab01-1fae2068ed80 ff3f47527b434f5992863ddc9f946a17 afe034535ad4466fa973a9fb82646339 - - default default] 10.0.0.184 "DELETE /v2.0/security-groups/5614a259-1cd3-42db-a8c7-8ad45b0f2363 HTTP/1.1" status: 204 len: 173 time: 0.2013121
2026-04-28 18:32:57.235 9 WARNING neutron.scheduler.dhcp_agent_scheduler [None req-4564a834-d65f-454c-a0d3-57c11cdde2ab d96e52cac3b2466886195e5b55f7629c 289be8de81ae4719a101d91082ea35aa - - default default] No more DHCP agents
2026-04-28 18:32:57.237 9 INFO neutron.api.wsgi [req-719866c6-6403-4240-b8b3-907c8776b529 req-0fb417a3-61e8-41d4-9729-04701e756a2b ff3f47527b434f5992863ddc9f946a17 afe034535ad4466fa973a9fb82646339 - - default default] 10.0.0.184 "GET /v2.0/security-groups/b4bc3c7e-f21c-4a93-aa5c-193c0cf15695 HTTP/1.1" status: 200 len: 2509 time: 0.0237098
2026-04-28 18:32:57.237 9 WARNING neutron.api.rpc.agentnotifiers.dhcp_rpc_agent_api [None req-4564a834-d65f-454c-a0d3-57c11cdde2ab d96e52cac3b2466886195e5b55f7629c 289be8de81ae4719a101d91082ea35aa - - default default] Unable to schedule network a908f823-1fe8-482a-a0fb-4edede6e5496: no agents available; will retry on subsequent port and subnet creation events.
2026-04-28 18:32:57.242 10 INFO neutron.db.ovn_revision_numbers_db [None req-61715017-eb26-4006-a06a-3e39e55d923e - - - - - -] Successfully bumped revision number for resource c008f987-3214-4cac-b5c9-02df35be0ca1 (type: ports) to 5
2026-04-28 18:32:57.272 10 INFO neutron.api.wsgi [None req-ff7adfe3-7813-4e81-b157-1b7359af34f5 cebdd2d6b0e344cea3cbbffc4f62fdad f3c4d40239ea44828e9ec4d046c04875 - - default default] 10.0.0.252 "POST /v2.0/floatingips HTTP/1.1" status: 201 len: 751 time: 0.8238862
2026-04-28 18:32:57.381 9 INFO neutron.api.wsgi [req-719866c6-6403-4240-b8b3-907c8776b529 req-dbe354b3-c089-48ef-9321-ae374970bd32 ff3f47527b434f5992863ddc9f946a17 afe034535ad4466fa973a9fb82646339 - - default default] 10.0.0.184 "DELETE /v2.0/security-groups/b4bc3c7e-f21c-4a93-aa5c-193c0cf15695 HTTP/1.1" status: 204 len: 173 time: 0.1349173
2026-04-28 18:32:57.679 10 INFO neutron.api.wsgi [req-16c748c6-2599-44b2-a84d-fd867e5a7b0e req-004e319d-c35e-4fb9-a6de-0ce4f11d7b26 cebdd2d6b0e344cea3cbbffc4f62fdad f3c4d40239ea44828e9ec4d046c04875 - - default default] 10.0.0.184 "GET /v2.0/security-groups?name=tempest-securitygroup--906051854&fields=id&tenant_id=f3c4d40239ea44828e9ec4d046c04875 HTTP/1.1" status: 200 len: 267 time: 0.0465944
2026-04-28 18:32:57.735 10 INFO neutron.api.wsgi [req-16c748c6-2599-44b2-a84d-fd867e5a7b0e req-73122d8b-1e91-464c-80b7-20101bd3969a cebdd2d6b0e344cea3cbbffc4f62fdad f3c4d40239ea44828e9ec4d046c04875 - - default default] 10.0.0.184 "GET /v2.0/networks?id=690a0d8a-ed6c-4e9c-999f-2010df62f259 HTTP/1.1" status: 200 len: 883 time: 0.0491135
2026-04-28 18:32:57.750 10 INFO neutron.api.wsgi [req-16c748c6-2599-44b2-a84d-fd867e5a7b0e req-8ee9ab39-b023-4914-87e9-c7d87db50967 cebdd2d6b0e344cea3cbbffc4f62fdad f3c4d40239ea44828e9ec4d046c04875 - - default default] 10.0.0.184 "GET /v2.0/quotas/f3c4d40239ea44828e9ec4d046c04875 HTTP/1.1" status: 200 len: 491 time: 0.0100818
2026-04-28 18:32:57.858 10 INFO neutron.api.wsgi [req-16c748c6-2599-44b2-a84d-fd867e5a7b0e req-4c6cfc12-7e0f-4706-be26-d3f5d7f7d948 cebdd2d6b0e344cea3cbbffc4f62fdad f3c4d40239ea44828e9ec4d046c04875 - - default default] 10.0.0.184 "GET /v2.0/ports?tenant_id=f3c4d40239ea44828e9ec4d046c04875&fields=id HTTP/1.1" status: 200 len: 302 time: 0.0997226
2026-04-28 18:32:57.929 9 INFO neutron.db.ovn_revision_numbers_db [None req-4564a834-d65f-454c-a0d3-57c11cdde2ab d96e52cac3b2466886195e5b55f7629c 289be8de81ae4719a101d91082ea35aa - - default default] Successfully bumped revision number for resource 465cf00d-ab5e-4bc4-9a00-b7fffb7369f3 (type: router_ports) to 1
2026-04-28 18:32:57.934 9 INFO neutron.api.wsgi [None req-4564a834-d65f-454c-a0d3-57c11cdde2ab d96e52cac3b2466886195e5b55f7629c 289be8de81ae4719a101d91082ea35aa - - default default] 10.0.0.252 "PUT /v2.0/routers/2cbf671c-813e-4df4-8486-a4e83f0246cf/add_router_interface HTTP/1.1" status: 200 len: 503 time: 1.9747632
2026-04-28 18:32:58.177 9 INFO neutron.api.wsgi [req-a9ff0c26-b1e1-4941-8c1a-80851048aedb req-0f98b85c-6db4-41aa-9d63-f133c22fbc22 ba5ef8d51897424ab5fed52d3c35614e 6f2d3c10808b459e988469242f6e1865 - - default default] 10.0.0.184 "GET /v2.0/ports?device_id=12598041-bc0c-407e-81ed-0787cb1d3340 HTTP/1.1" status: 200 len: 210 time: 0.0223823
2026-04-28 18:32:58.228 10 INFO neutron.api.wsgi [req-16c748c6-2599-44b2-a84d-fd867e5a7b0e req-7c613922-f8b2-415a-9ec0-4235c456ccd3 2b21086211fc44e58990c25ff47f3fef 24ea4a403c04467cb0e7aec3d57c681c - - a57b547b83f4419d96d463529006276e a57b547b83f4419d96d463529006276e] 10.0.0.184 "GET /v2.0/extensions HTTP/1.1" status: 200 len: 19298 time: 0.0471234
2026-04-28 18:32:58.282 10 INFO neutron.api.wsgi [req-16c748c6-2599-44b2-a84d-fd867e5a7b0e req-4c69fc25-ca46-4a30-a5b1-dcfec6636e58 2b21086211fc44e58990c25ff47f3fef 24ea4a403c04467cb0e7aec3d57c681c - - a57b547b83f4419d96d463529006276e a57b547b83f4419d96d463529006276e] 10.0.0.184 "GET /v2.0/networks/690a0d8a-ed6c-4e9c-999f-2010df62f259?fields=segments HTTP/1.1" status: 200 len: 212 time: 0.0463107
2026-04-28 18:32:58.341 10 INFO neutron.api.wsgi [req-16c748c6-2599-44b2-a84d-fd867e5a7b0e req-af3f5271-abe2-41db-86ad-0aba0b5610b9 2b21086211fc44e58990c25ff47f3fef 24ea4a403c04467cb0e7aec3d57c681c - - a57b547b83f4419d96d463529006276e a57b547b83f4419d96d463529006276e] 10.0.0.184 "GET /v2.0/networks/690a0d8a-ed6c-4e9c-999f-2010df62f259?fields=provider%3Aphysical_network&fields=provider%3Anetwork_type HTTP/1.1" status: 200 len: 277 time: 0.0531011
2026-04-28 18:32:58.375 9 WARNING neutron_lib.context [req-1e4dfc61-d11b-4680-b56e-8c75048be693 req-5e2f113e-6621-47c7-95d3-be9433e9ba64 18f6e502e0a64bd493f6954c284ea30e 8f20301820ca4d03ba668a5e420d33c6 - - default default] Method 'is_advsvc' is deprecated since 2023.2 release (neutron-lib 3.8.0) and will be removed once support for the old RBAC API policies will be removed from Neutron. Please use method 'is_service_role' instead.
2026-04-28 18:32:58.486 9 INFO neutron.db.ovn_revision_numbers_db [req-1e4dfc61-d11b-4680-b56e-8c75048be693 req-5e2f113e-6621-47c7-95d3-be9433e9ba64 18f6e502e0a64bd493f6954c284ea30e 8f20301820ca4d03ba668a5e420d33c6 - - default default] Successfully bumped revision number for resource c545a6e2-0adb-47d6-8237-82916b2bdc34 (type: security_groups) to 1
2026-04-28 18:32:58.497 9 INFO neutron.db.ovn_revision_numbers_db [req-1e4dfc61-d11b-4680-b56e-8c75048be693 req-5e2f113e-6621-47c7-95d3-be9433e9ba64 18f6e502e0a64bd493f6954c284ea30e 8f20301820ca4d03ba668a5e420d33c6 - - default default] Successfully bumped revision number for resource cd640485-768f-4213-b7cb-0215351b9338 (type: security_group_rules) to 0
2026-04-28 18:32:58.505 10 INFO neutron.api.wsgi [req-c2a25fd8-dd4c-48ed-aa8b-73186548397b req-771e1393-729b-4fca-abc4-442edd4c4247 cebdd2d6b0e344cea3cbbffc4f62fdad f3c4d40239ea44828e9ec4d046c04875 - - default default] 10.0.0.184 "GET /v2.0/ports?device_id=6a0f5eca-2f1d-4889-9f0f-3ebf38dcde22 HTTP/1.1" status: 200 len: 210 time: 0.0250602
2026-04-28 18:32:58.509 9 INFO neutron.db.ovn_revision_numbers_db [req-1e4dfc61-d11b-4680-b56e-8c75048be693 req-5e2f113e-6621-47c7-95d3-be9433e9ba64 18f6e502e0a64bd493f6954c284ea30e 8f20301820ca4d03ba668a5e420d33c6 - - default default] Successfully bumped revision number for resource d5778139-4666-409c-9d2b-cc912f75bad5 (type: security_group_rules) to 0
2026-04-28 18:32:58.542 9 INFO neutron.api.wsgi [req-1e4dfc61-d11b-4680-b56e-8c75048be693 req-5e2f113e-6621-47c7-95d3-be9433e9ba64 18f6e502e0a64bd493f6954c284ea30e 8f20301820ca4d03ba668a5e420d33c6 - - default default] 10.0.0.184 "POST /v2.0/security-groups HTTP/1.1" status: 201 len: 1886 time: 0.1725249
2026-04-28 18:32:58.572 10 WARNING neutron_lib.context [req-326226a7-4766-4a71-a425-c984e100fecf req-0f777d58-d0b3-4fae-993c-a65807d0da15 18f6e502e0a64bd493f6954c284ea30e 8f20301820ca4d03ba668a5e420d33c6 - - default default] Method 'is_advsvc' is deprecated since 2023.2 release (neutron-lib 3.8.0) and will be removed once support for the old RBAC API policies will be removed from Neutron. Please use method 'is_service_role' instead.
2026-04-28 18:32:58.697 10 INFO neutron.db.ovn_revision_numbers_db [req-326226a7-4766-4a71-a425-c984e100fecf req-0f777d58-d0b3-4fae-993c-a65807d0da15 18f6e502e0a64bd493f6954c284ea30e 8f20301820ca4d03ba668a5e420d33c6 - - default default] Successfully bumped revision number for resource f20a8f5a-61fa-4d73-9e17-7c1e652c0b19 (type: security_groups) to 1
2026-04-28 18:32:58.709 10 INFO neutron.db.ovn_revision_numbers_db [req-326226a7-4766-4a71-a425-c984e100fecf req-0f777d58-d0b3-4fae-993c-a65807d0da15 18f6e502e0a64bd493f6954c284ea30e 8f20301820ca4d03ba668a5e420d33c6 - - default default] Successfully bumped revision number for resource a9ad1ae0-d368-4e28-add8-56ebc6bbf74f (type: security_group_rules) to 0
2026-04-28 18:32:58.721 10 INFO neutron.db.ovn_revision_numbers_db [req-326226a7-4766-4a71-a425-c984e100fecf req-0f777d58-d0b3-4fae-993c-a65807d0da15 18f6e502e0a64bd493f6954c284ea30e 8f20301820ca4d03ba668a5e420d33c6 - - default default] Successfully bumped revision number for resource ed933ab3-a268-4719-8258-2b105c7d250d (type: security_group_rules) to 0
2026-04-28 18:32:58.763 10 INFO neutron.api.wsgi [None req-673ddfc4-7494-43f0-b47e-8ff8f5156e12 d96e52cac3b2466886195e5b55f7629c 289be8de81ae4719a101d91082ea35aa - - default default] 10.0.0.252 "PUT /v2.0/routers/45747d8a-de2b-4834-b1d7-087e37592a3c/remove_router_interface HTTP/1.1" status: 200 len: 503 time: 1.3711944
2026-04-28 18:32:58.783 10 INFO neutron.api.wsgi [req-326226a7-4766-4a71-a425-c984e100fecf req-0f777d58-d0b3-4fae-993c-a65807d0da15 18f6e502e0a64bd493f6954c284ea30e 8f20301820ca4d03ba668a5e420d33c6 - - default default] 10.0.0.184 "POST /v2.0/security-groups HTTP/1.1" status: 201 len: 1886 time: 0.2166352
2026-04-28 18:32:58.811 9 WARNING neutron_lib.context [req-527685b3-94ea-46d8-8a15-ebe2888b0629 req-645e50b7-d11b-4456-b52a-383e14f248a6 18f6e502e0a64bd493f6954c284ea30e 8f20301820ca4d03ba668a5e420d33c6 - - default default] Method 'is_advsvc' is deprecated since 2023.2 release (neutron-lib 3.8.0) and will be removed once support for the old RBAC API policies will be removed from Neutron. Please use method 'is_service_role' instead.
2026-04-28 18:32:59.087 9 INFO neutron.db.ovn_revision_numbers_db [req-527685b3-94ea-46d8-8a15-ebe2888b0629 req-645e50b7-d11b-4456-b52a-383e14f248a6 18f6e502e0a64bd493f6954c284ea30e 8f20301820ca4d03ba668a5e420d33c6 - - default default] Successfully bumped revision number for resource be56da87-0e66-4c6a-89c1-932773292098 (type: security_groups) to 1
2026-04-28 18:32:59.105 9 INFO neutron.db.ovn_revision_numbers_db [req-527685b3-94ea-46d8-8a15-ebe2888b0629 req-645e50b7-d11b-4456-b52a-383e14f248a6 18f6e502e0a64bd493f6954c284ea30e 8f20301820ca4d03ba668a5e420d33c6 - - default default] Successfully bumped revision number for resource 5b9fe5cb-6b25-4f6a-949c-553657f30d74 (type: security_group_rules) to 0
2026-04-28 18:32:59.122 9 INFO neutron.db.ovn_revision_numbers_db [req-527685b3-94ea-46d8-8a15-ebe2888b0629 req-645e50b7-d11b-4456-b52a-383e14f248a6 18f6e502e0a64bd493f6954c284ea30e 8f20301820ca4d03ba668a5e420d33c6 - - default default] Successfully bumped revision number for resource bbc566d8-cfcc-4c59-9edb-5d320396318b (type: security_group_rules) to 0
2026-04-28 18:32:59.155 9 INFO neutron.api.wsgi [req-527685b3-94ea-46d8-8a15-ebe2888b0629 req-645e50b7-d11b-4456-b52a-383e14f248a6 18f6e502e0a64bd493f6954c284ea30e 8f20301820ca4d03ba668a5e420d33c6 - - default default] 10.0.0.184 "POST /v2.0/security-groups HTTP/1.1" status: 201 len: 1886 time: 0.3493340 /var/lib/openstack/lib/python3.12/site-packages/pycadf/identifier.py:71: UserWarning: Invalid uuid: neutron. To ensure interoperability, identifiers should be a valid uuid. warnings.warn(('Invalid uuid: %s. To ensure interoperability, '
2026-04-28 18:32:59.220 10 INFO neutron.api.wsgi [req-d8920281-ecf0-4d50-aeb5-1c4cf1f2d01f req-d0b83b89-9d33-4852-8f38-0f21bac9b354 18f6e502e0a64bd493f6954c284ea30e 8f20301820ca4d03ba668a5e420d33c6 - - default default] 10.0.0.184 "GET /v2.0/security-groups?tenant_id=8f20301820ca4d03ba668a5e420d33c6 HTTP/1.1" status: 200 len: 8104 time: 0.0405848
2026-04-28 18:32:59.245 10 INFO neutron.api.wsgi [req-d8920281-ecf0-4d50-aeb5-1c4cf1f2d01f req-30d53002-e18a-4cf7-94f3-ca754e3158ce 18f6e502e0a64bd493f6954c284ea30e 8f20301820ca4d03ba668a5e420d33c6 - - default default] 10.0.0.184 "GET /v2.0/security-groups/c4fb8b3f-69e4-41cf-ad55-46a09414b535 HTTP/1.1" status: 200 len: 3118 time: 0.0211558
2026-04-28 18:32:59.278 10 INFO neutron.api.wsgi [req-d8920281-ecf0-4d50-aeb5-1c4cf1f2d01f req-bb3da7e3-ef66-4875-96ba-8830a695459b 18f6e502e0a64bd493f6954c284ea30e 8f20301820ca4d03ba668a5e420d33c6 - - default default] 10.0.0.184 "GET /v2.0/security-groups/c4fb8b3f-69e4-41cf-ad55-46a09414b535 HTTP/1.1" status: 200 len: 3118 time: 0.0284534
2026-04-28 18:32:59.301 9 INFO neutron.api.wsgi [req-1466b8ad-4ea6-4f5a-bb4e-c1f778e08273 req-615d54a8-1ae2-4945-8333-14e0575ef9ed ba5ef8d51897424ab5fed52d3c35614e 6f2d3c10808b459e988469242f6e1865 - - default default] 10.0.0.184 "GET /v2.0/ports?device_id=12598041-bc0c-407e-81ed-0787cb1d3340 HTTP/1.1" status: 200 len: 210 time: 0.0220644
2026-04-28 18:32:59.322 10 INFO neutron.api.wsgi [req-83dc3c43-04cf-4fd7-a6b8-d2a2d6719441 req-840662ad-a985-436e-96c1-af2c70692319 18f6e502e0a64bd493f6954c284ea30e 8f20301820ca4d03ba668a5e420d33c6 - - default default] 10.0.0.184 "GET /v2.0/security-groups/c545a6e2-0adb-47d6-8237-82916b2bdc34 HTTP/1.1" status: 200 len: 1881 time: 0.0237746
2026-04-28 18:32:59.417 10 INFO neutron.api.wsgi [req-83dc3c43-04cf-4fd7-a6b8-d2a2d6719441 req-9775b12e-833c-445b-980f-718f14bcbcf1 18f6e502e0a64bd493f6954c284ea30e 8f20301820ca4d03ba668a5e420d33c6 - - default default] 10.0.0.184 "DELETE /v2.0/security-groups/c545a6e2-0adb-47d6-8237-82916b2bdc34 HTTP/1.1" status: 204 len: 173 time: 0.0899296
2026-04-28 18:32:59.454 9 INFO neutron.api.v2.resource [req-ea7cf62e-40d5-450f-9d01-8e1574317cea req-479eaa65-0323-40f2-b6f2-7864e7c3dc19 18f6e502e0a64bd493f6954c284ea30e 8f20301820ca4d03ba668a5e420d33c6 - - default default] show failed (client error): The resource could not be found.
2026-04-28 18:32:59.455 9 INFO neutron.api.wsgi [req-ea7cf62e-40d5-450f-9d01-8e1574317cea req-479eaa65-0323-40f2-b6f2-7864e7c3dc19 18f6e502e0a64bd493f6954c284ea30e 8f20301820ca4d03ba668a5e420d33c6 - - default default] 10.0.0.184 "GET /v2.0/security-groups/c545a6e2-0adb-47d6-8237-82916b2bdc34 HTTP/1.1" status: 404 len: 352 time: 0.0153549
2026-04-28 18:32:59.499 10 INFO neutron.api.wsgi [req-dc1e6d61-b879-4bb1-911f-ecf211f2d695 req-0a520540-2ced-4234-ac84-2d4332453276 18f6e502e0a64bd493f6954c284ea30e 8f20301820ca4d03ba668a5e420d33c6 - - default default] 10.0.0.184 "GET /v2.0/security-groups/f20a8f5a-61fa-4d73-9e17-7c1e652c0b19 HTTP/1.1" status: 200 len: 1881 time: 0.0241072
2026-04-28 18:32:59.588 9 INFO neutron.api.wsgi [req-fd26bf16-52a1-4b9b-aeb2-cd8422c17eb3 req-5b359f1b-86cc-437a-bd26-6a1e1b591d06 cebdd2d6b0e344cea3cbbffc4f62fdad f3c4d40239ea44828e9ec4d046c04875 - - default default] 10.0.0.184 "GET /v2.0/ports?device_id=6a0f5eca-2f1d-4889-9f0f-3ebf38dcde22 HTTP/1.1" status: 200 len: 210 time: 0.0241733
2026-04-28 18:32:59.610 10 INFO neutron.api.wsgi [req-dc1e6d61-b879-4bb1-911f-ecf211f2d695 req-5e97d9b1-5554-4d48-b47f-6720573e3905 18f6e502e0a64bd493f6954c284ea30e 8f20301820ca4d03ba668a5e420d33c6 - - default default] 10.0.0.184 "DELETE /v2.0/security-groups/f20a8f5a-61fa-4d73-9e17-7c1e652c0b19 HTTP/1.1" status: 204 len: 173 time: 0.1067109
2026-04-28 18:32:59.611 9 INFO neutron.api.wsgi [None req-5d5d57f6-b089-447f-b73d-3bdf2dd48ee0 d96e52cac3b2466886195e5b55f7629c 289be8de81ae4719a101d91082ea35aa - - default default] 10.0.0.252 "DELETE /v2.0/routers/45747d8a-de2b-4834-b1d7-087e37592a3c HTTP/1.1" status: 204 len: 168 time: 0.8431461
2026-04-28 18:32:59.637 9 INFO neutron.api.v2.resource [req-40f25481-8241-48b4-8f5c-9b8eadd358dc req-4114bfee-442d-40f6-a2a7-276f25e02c90 18f6e502e0a64bd493f6954c284ea30e 8f20301820ca4d03ba668a5e420d33c6 - - default default] show failed (client error): The resource could not be found.
2026-04-28 18:32:59.638 9 INFO neutron.api.wsgi [req-40f25481-8241-48b4-8f5c-9b8eadd358dc req-4114bfee-442d-40f6-a2a7-276f25e02c90 18f6e502e0a64bd493f6954c284ea30e 8f20301820ca4d03ba668a5e420d33c6 - - default default] 10.0.0.184 "GET /v2.0/security-groups/f20a8f5a-61fa-4d73-9e17-7c1e652c0b19 HTTP/1.1" status: 404 len: 352 time: 0.0101299
2026-04-28 18:32:59.677 10 INFO neutron.api.wsgi [req-88180925-6774-4767-a397-ed38866d8b8a req-806bc918-436c-4bfb-8c80-83df44332f4f 18f6e502e0a64bd493f6954c284ea30e 8f20301820ca4d03ba668a5e420d33c6 - - default default] 10.0.0.184 "GET /v2.0/security-groups/be56da87-0e66-4c6a-89c1-932773292098 HTTP/1.1" status: 200 len: 1881 time: 0.0226364
2026-04-28 18:32:59.779 9 INFO neutron.api.wsgi [None req-67b175a2-561b-407a-8f72-21502c9c9b95 d96e52cac3b2466886195e5b55f7629c 289be8de81ae4719a101d91082ea35aa - - default default] 10.0.0.252 "DELETE /v2.0/subnets/6cfe947c-b488-4631-a1cc-314649646dc5 HTTP/1.1" status: 204 len: 168 time: 0.1628380
2026-04-28 18:32:59.784 10 INFO neutron.api.wsgi [req-88180925-6774-4767-a397-ed38866d8b8a req-a2f06b6e-ab3d-40cd-8297-0fcc2954154e 18f6e502e0a64bd493f6954c284ea30e 8f20301820ca4d03ba668a5e420d33c6 - - default default] 10.0.0.184 "DELETE /v2.0/security-groups/be56da87-0e66-4c6a-89c1-932773292098 HTTP/1.1" status: 204 len: 173 time: 0.1001639
2026-04-28 18:32:59.809 9 INFO neutron.api.v2.resource [req-bda79e1a-d523-4768-8d94-20f69d65199b req-9e5dd39f-7357-4029-b7c5-85ade4451079 18f6e502e0a64bd493f6954c284ea30e 8f20301820ca4d03ba668a5e420d33c6 - - default default] show failed (client error): The resource could not be found.
2026-04-28 18:32:59.810 9 INFO neutron.api.wsgi [req-bda79e1a-d523-4768-8d94-20f69d65199b req-9e5dd39f-7357-4029-b7c5-85ade4451079 18f6e502e0a64bd493f6954c284ea30e 8f20301820ca4d03ba668a5e420d33c6 - - default default] 10.0.0.184 "GET /v2.0/security-groups/be56da87-0e66-4c6a-89c1-932773292098 HTTP/1.1" status: 404 len: 352 time: 0.0113971
2026-04-28 18:32:59.857 10 INFO neutron.api.wsgi [req-409ec213-3e2f-409b-98fd-172227c65aa5 req-b2a43f6c-8ae0-49d9-ba06-db1d8234260a 18f6e502e0a64bd493f6954c284ea30e 8f20301820ca4d03ba668a5e420d33c6 - - default default] 10.0.0.184 "GET /v2.0/security-groups?tenant_id=8f20301820ca4d03ba668a5e420d33c6 HTTP/1.1" status: 200 len: 3121 time: 0.0298951
2026-04-28 18:32:59.883 10 INFO neutron.api.wsgi [req-409ec213-3e2f-409b-98fd-172227c65aa5 req-2e16c937-d085-4176-a3cf-fa748b4c76a5 18f6e502e0a64bd493f6954c284ea30e 8f20301820ca4d03ba668a5e420d33c6 - - default default] 10.0.0.184 "GET /v2.0/security-groups/c4fb8b3f-69e4-41cf-ad55-46a09414b535 HTTP/1.1" status: 200 len: 3118 time: 0.0207355
2026-04-28 18:32:59.911 10 INFO neutron.api.wsgi [req-409ec213-3e2f-409b-98fd-172227c65aa5 req-f0d0be30-4dcd-45e8-b2d1-81dbeb074839 18f6e502e0a64bd493f6954c284ea30e 8f20301820ca4d03ba668a5e420d33c6 - - default default] 10.0.0.184 "GET /v2.0/security-groups/c4fb8b3f-69e4-41cf-ad55-46a09414b535 HTTP/1.1" status: 200 len: 3118 time: 0.0211346
2026-04-28 18:32:59.939 9 INFO neutron.api.v2.resource [req-92abcc65-7126-469c-b52b-1151dcd15833 req-8608e5d8-d6aa-4df4-8d79-6d306800118b 18f6e502e0a64bd493f6954c284ea30e 8f20301820ca4d03ba668a5e420d33c6 - - default default] show failed (client error): The resource could not be found.
2026-04-28 18:32:59.940 9 INFO neutron.api.wsgi [req-92abcc65-7126-469c-b52b-1151dcd15833 req-8608e5d8-d6aa-4df4-8d79-6d306800118b 18f6e502e0a64bd493f6954c284ea30e 8f20301820ca4d03ba668a5e420d33c6 - - default default] 10.0.0.184 "GET /v2.0/security-groups/be56da87-0e66-4c6a-89c1-932773292098 HTTP/1.1" status: 404 len: 352 time: 0.0095818
2026-04-28 18:32:59.974 10 INFO neutron.api.v2.resource [req-3ae49899-44b4-4256-8caa-2a7fc025296b req-795e37dd-ea45-43f4-adc0-aa01ed5ac5fc 18f6e502e0a64bd493f6954c284ea30e 8f20301820ca4d03ba668a5e420d33c6 - - default default] show failed (client error): The resource could not be found.
2026-04-28 18:32:59.975 10 INFO neutron.api.wsgi [req-3ae49899-44b4-4256-8caa-2a7fc025296b req-795e37dd-ea45-43f4-adc0-aa01ed5ac5fc 18f6e502e0a64bd493f6954c284ea30e 8f20301820ca4d03ba668a5e420d33c6 - - default default] 10.0.0.184 "GET /v2.0/security-groups/f20a8f5a-61fa-4d73-9e17-7c1e652c0b19 HTTP/1.1" status: 404 len: 352 time: 0.0113869
2026-04-28 18:33:00.010 9 INFO neutron.api.v2.resource [req-f89402cb-5fd5-4428-9129-71f306872387 req-508d4310-841f-4d22-a95a-09d7fe91cc9b 18f6e502e0a64bd493f6954c284ea30e 8f20301820ca4d03ba668a5e420d33c6 - - default default] show failed (client error): The resource could not be found.
2026-04-28 18:33:00.011 9 INFO neutron.api.wsgi [req-f89402cb-5fd5-4428-9129-71f306872387 req-508d4310-841f-4d22-a95a-09d7fe91cc9b 18f6e502e0a64bd493f6954c284ea30e 8f20301820ca4d03ba668a5e420d33c6 - - default default] 10.0.0.184 "GET /v2.0/security-groups/c545a6e2-0adb-47d6-8237-82916b2bdc34 HTTP/1.1" status: 404 len: 352 time: 0.0085630
2026-04-28 18:33:00.115 9 INFO neutron.api.wsgi [None req-dd742a36-d5c5-4a9c-8cf5-b0a2edaf0088 d96e52cac3b2466886195e5b55f7629c 289be8de81ae4719a101d91082ea35aa - - default default] 10.0.0.252 "DELETE /v2.0/networks/2f5ecc95-6900-4fc6-8075-87ae622b8a74 HTTP/1.1" status: 204 len: 168 time: 0.3328257
2026-04-28 18:33:00.239 9 INFO neutron.api.wsgi [None req-549c32b7-ee70-4cb1-8c4b-54c3d5aadcf1 d96e52cac3b2466886195e5b55f7629c 289be8de81ae4719a101d91082ea35aa - - default default] 10.0.0.252 "GET /v2.0/security-groups?tenant_id=afe034535ad4466fa973a9fb82646339&name=default HTTP/1.1" status: 200 len: 3116 time: 0.0278389
2026-04-28 18:33:00.302 10 WARNING neutron.plugins.ml2.drivers.ovn.mech_driver.ovsdb.ovn_client [None req-30899df0-7204-467e-bbbd-5a61716bc27d - - - - - -] No port found with ID e4884204-9ca5-44b2-a341-bca1ecb3a447: RuntimeError: No port found with ID e4884204-9ca5-44b2-a341-bca1ecb3a447
2026-04-28 18:33:00.319 10 INFO neutron.plugins.ml2.drivers.ovn.mech_driver.mech_driver [None req-30899df0-7204-467e-bbbd-5a61716bc27d - - - - - -] OVN reports status up for port: b18c3c9f-9892-4c58-bb8c-80541ddfb6c5
2026-04-28 18:33:00.327 10 INFO neutron.plugins.ml2.plugin [None req-30899df0-7204-467e-bbbd-5a61716bc27d - - - - - -] Attempt 1 to provision port b18c3c9f-9892-4c58-bb8c-80541ddfb6c5
2026-04-28 18:33:00.421 10 INFO neutron.api.wsgi [req-67069c73-1910-4611-a426-9e9f032121d1 req-11f0c02b-1785-4b6b-a0ea-e468bb65e82b ba5ef8d51897424ab5fed52d3c35614e 6f2d3c10808b459e988469242f6e1865 - - default default] 10.0.0.184 "GET /v2.0/ports?device_id=12598041-bc0c-407e-81ed-0787cb1d3340 HTTP/1.1" status: 200 len: 210 time: 0.0239129
2026-04-28 18:33:00.433 9 INFO neutron.api.wsgi [None req-57e4fdbc-cd56-4d02-9916-3ac66e966f37 d96e52cac3b2466886195e5b55f7629c 289be8de81ae4719a101d91082ea35aa - - default default] 10.0.0.252 "DELETE /v2.0/security-groups/675f7028-9c49-4aba-8251-d1aa104d84b6 HTTP/1.1" status: 204 len: 168 time: 0.1895454
2026-04-28 18:33:00.665 9 INFO neutron.api.wsgi [req-f7b60441-a573-4a4d-9946-d468de26aaf7 req-cd540b77-a823-4b1b-a907-088414c6be3b cebdd2d6b0e344cea3cbbffc4f62fdad f3c4d40239ea44828e9ec4d046c04875 - - default default] 10.0.0.184 "GET /v2.0/ports?device_id=6a0f5eca-2f1d-4889-9f0f-3ebf38dcde22 HTTP/1.1" status: 200 len: 210 time: 0.0237634
2026-04-28 18:33:00.667 9 INFO neutron.services.segments.plugin [-] Segment c27c9f25-c5fe-4f5f-aebe-139c3bcc1b7e resource provider aggregate not found
2026-04-28 18:33:00.676 9 INFO neutron.services.segments.plugin [-] Segment c27c9f25-c5fe-4f5f-aebe-139c3bcc1b7e resource provider not found; error: Placement Client Error (4xx): {"errors": [{"status": 404, "title": "Not Found", "detail": "The resource could not be found.\n\n No resource provider with uuid c27c9f25-c5fe-4f5f-aebe-139c3bcc1b7e found for delete ", "request_id": "req-02128c32-1c1a-4ba1-b6a5-514ac46097bb"}]}
2026-04-28 18:33:00.677 9 WARNING neutron.plugins.ml2.drivers.ovn.mech_driver.ovsdb.ovn_client [None req-3f752d48-3e8e-42f5-b9c6-0247e6f0af5c - - - - - -] No hosting information found for port a4b28a39-0698-4645-bc06-c9899b7877ea: RuntimeError: No hosting information found for port a4b28a39-0698-4645-bc06-c9899b7877ea
2026-04-28 18:33:00.759 9 INFO neutron.db.ovn_revision_numbers_db [None req-3f752d48-3e8e-42f5-b9c6-0247e6f0af5c - - - - - -] Successfully bumped revision number for resource a4b28a39-0698-4645-bc06-c9899b7877ea (type: router_ports) to 2
2026-04-28 18:33:00.787 9 INFO neutron.services.segments.plugin [-] Segment c27c9f25-c5fe-4f5f-aebe-139c3bcc1b7e resource provider aggregate not found
2026-04-28 18:33:00.799 9 INFO neutron.services.segments.plugin [-] Segment c27c9f25-c5fe-4f5f-aebe-139c3bcc1b7e resource provider not found; error: Placement Client Error (4xx): {"errors": [{"status": 404, "title": "Not Found", "detail": "The resource could not be found.\n\n No resource provider with uuid c27c9f25-c5fe-4f5f-aebe-139c3bcc1b7e found for delete ", "request_id": "req-65c5bf6b-86fb-4160-a75e-cc4b1db841ba"}]}
2026-04-28 18:33:00.846 10 INFO neutron.db.ovn_revision_numbers_db [None req-30899df0-7204-467e-bbbd-5a61716bc27d - - - - - -] Successfully bumped revision number for resource b18c3c9f-9892-4c58-bb8c-80541ddfb6c5 (type: ports) to 2
2026-04-28 18:33:01.085 10 INFO neutron.api.wsgi [None req-28d6d597-f33f-4790-9478-7f2ec9df960b d96e52cac3b2466886195e5b55f7629c 289be8de81ae4719a101d91082ea35aa - - default default] 10.0.0.252 "PUT /v2.0/routers/2cbf671c-813e-4df4-8486-a4e83f0246cf/remove_router_interface HTTP/1.1" status: 200 len: 503 time: 1.0663745 /var/lib/openstack/lib/python3.12/site-packages/pycadf/identifier.py:71: UserWarning: Invalid uuid: neutron. To ensure interoperability, identifiers should be a valid uuid. warnings.warn(('Invalid uuid: %s. To ensure interoperability, '
2026-04-28 18:33:01.506 10 INFO neutron.api.wsgi [req-8b70e33c-afd9-4c4e-8157-cc90c42f10df req-0576985f-56fe-4a7c-b492-a7d38dc79d25 ba5ef8d51897424ab5fed52d3c35614e 6f2d3c10808b459e988469242f6e1865 - - default default] 10.0.0.184 "GET /v2.0/ports?device_id=12598041-bc0c-407e-81ed-0787cb1d3340 HTTP/1.1" status: 200 len: 210 time: 0.0206523
2026-04-28 18:33:01.696 9 INFO neutron.api.wsgi [None req-4cd2fb68-fcd7-4fd8-b5d8-7a26c67a57cf d96e52cac3b2466886195e5b55f7629c 289be8de81ae4719a101d91082ea35aa - - default default] 10.0.0.252 "DELETE /v2.0/routers/2cbf671c-813e-4df4-8486-a4e83f0246cf HTTP/1.1" status: 204 len: 168 time: 0.6084030
2026-04-28 18:33:01.747 9 INFO neutron.api.wsgi [req-92360fe4-1634-4c68-8e5f-d1baf5d385ef req-9d17cb58-4186-4a2a-b278-468519081932 cebdd2d6b0e344cea3cbbffc4f62fdad f3c4d40239ea44828e9ec4d046c04875 - - default default] 10.0.0.184 "GET /v2.0/ports?device_id=6a0f5eca-2f1d-4889-9f0f-3ebf38dcde22 HTTP/1.1" status: 200 len: 210 time: 0.0198114
2026-04-28 18:33:01.871 9 INFO neutron.api.wsgi [None req-2cc8f1ac-293f-40ab-a729-8ab474d6ef16 d96e52cac3b2466886195e5b55f7629c 289be8de81ae4719a101d91082ea35aa - - default default] 10.0.0.252 "DELETE /v2.0/subnets/56209032-6a74-43ed-8a31-7bcea8a8219d HTTP/1.1" status: 204 len: 168 time: 0.1696503
2026-04-28 18:33:02.050 9 INFO neutron.api.wsgi [req-9e0611fa-1f75-42e1-ab3d-4f408e6fe34b req-742ce331-5c3b-458b-b857-5739e04d75c3 ba5ef8d51897424ab5fed52d3c35614e 6f2d3c10808b459e988469242f6e1865 - - default default] 199.19.213.114 "GET /v2.0/networks?id=81977fab-5dec-486e-a5e6-0fedfc6c29e1 HTTP/1.1" status: 200 len: 877 time: 0.2402251
2026-04-28 18:33:02.077 9 WARNING neutron_lib.context [req-9e0611fa-1f75-42e1-ab3d-4f408e6fe34b req-06592e91-c322-4183-86da-ab527112b48d ba5ef8d51897424ab5fed52d3c35614e 6f2d3c10808b459e988469242f6e1865 - - default default] Method 'is_advsvc' is deprecated since 2023.2 release (neutron-lib 3.8.0) and will be removed once support for the old RBAC API policies will be removed from Neutron. Please use method 'is_service_role' instead.
2026-04-28 18:33:02.279 10 INFO neutron.db.ovn_revision_numbers_db [None req-187e2acb-5602-47be-a7dd-784104243359 d96e52cac3b2466886195e5b55f7629c 289be8de81ae4719a101d91082ea35aa - - default default] Successfully bumped revision number for resource da908bc2-0d40-4836-8c35-6e23175a3fe5 (type: security_groups) to 1
2026-04-28 18:33:02.294 10 INFO neutron.db.ovn_revision_numbers_db [None req-187e2acb-5602-47be-a7dd-784104243359 d96e52cac3b2466886195e5b55f7629c 289be8de81ae4719a101d91082ea35aa - - default default] Successfully bumped revision number for resource 911b2620-abb8-4768-8764-2bb0284cf852 (type: security_group_rules) to 0
2026-04-28 18:33:02.306 10 INFO neutron.db.ovn_revision_numbers_db [None req-187e2acb-5602-47be-a7dd-784104243359 d96e52cac3b2466886195e5b55f7629c 289be8de81ae4719a101d91082ea35aa - - default default] Successfully bumped revision number for resource a2a49f82-928b-4a0c-a3aa-fbab7889dcca (type: security_group_rules) to 0
2026-04-28 18:33:02.320 10 INFO neutron.db.ovn_revision_numbers_db [None req-187e2acb-5602-47be-a7dd-784104243359 d96e52cac3b2466886195e5b55f7629c 289be8de81ae4719a101d91082ea35aa - - default default] Successfully bumped revision number for resource be0545b6-197c-4442-9b2d-1c1382757930 (type: security_group_rules) to 0
2026-04-28 18:33:02.339 10 INFO neutron.db.ovn_revision_numbers_db [None req-187e2acb-5602-47be-a7dd-784104243359 d96e52cac3b2466886195e5b55f7629c 289be8de81ae4719a101d91082ea35aa - - default default] Successfully bumped revision number for resource dde57ee5-cb71-4518-b3b7-accdcaf2fe08 (type: security_group_rules) to 0
2026-04-28 18:33:02.409 9 INFO neutron.api.wsgi [None req-c45ba245-ae3d-45ba-b930-3ca89c7be0d9 d96e52cac3b2466886195e5b55f7629c 289be8de81ae4719a101d91082ea35aa - - default default] 10.0.0.252 "DELETE /v2.0/networks/a908f823-1fe8-482a-a0fb-4edede6e5496 HTTP/1.1" status: 204 len: 168 time: 0.5260618
2026-04-28 18:33:02.419 10 INFO neutron.db.segments_db [None req-187e2acb-5602-47be-a7dd-784104243359 d96e52cac3b2466886195e5b55f7629c 289be8de81ae4719a101d91082ea35aa - - default default] Added segment 67442ddf-658a-4dfb-b870-bc79465b2074 of type geneve for network 65aa4b5c-eaf5-4ad7-b673-ab84b0da13fd
2026-04-28 18:33:02.538 10 INFO neutron.db.ovn_revision_numbers_db [None req-187e2acb-5602-47be-a7dd-784104243359 d96e52cac3b2466886195e5b55f7629c 289be8de81ae4719a101d91082ea35aa - - default default] Successfully bumped revision number for resource 65aa4b5c-eaf5-4ad7-b673-ab84b0da13fd (type: networks) to 1
2026-04-28 18:33:02.548 10 INFO neutron.api.wsgi [None req-42d5a602-2a42-4c59-80ab-de59027a5627 d96e52cac3b2466886195e5b55f7629c 289be8de81ae4719a101d91082ea35aa - - default default] 10.0.0.252 "GET /v2.0/security-groups?tenant_id=8f20301820ca4d03ba668a5e420d33c6&name=default HTTP/1.1" status: 200 len: 3116 time: 0.0504615 /var/lib/openstack/lib/python3.12/site-packages/pycadf/identifier.py:71: UserWarning: Invalid uuid: neutron. To ensure interoperability, identifiers should be a valid uuid. warnings.warn(('Invalid uuid: %s. To ensure interoperability, '
2026-04-28 18:33:02.607 9 WARNING neutron.scheduler.dhcp_agent_scheduler [req-9e0611fa-1f75-42e1-ab3d-4f408e6fe34b req-06592e91-c322-4183-86da-ab527112b48d ba5ef8d51897424ab5fed52d3c35614e 6f2d3c10808b459e988469242f6e1865 - - default default] No more DHCP agents
2026-04-28 18:33:02.611 9 WARNING neutron.api.rpc.agentnotifiers.dhcp_rpc_agent_api [req-9e0611fa-1f75-42e1-ab3d-4f408e6fe34b req-06592e91-c322-4183-86da-ab527112b48d ba5ef8d51897424ab5fed52d3c35614e 6f2d3c10808b459e988469242f6e1865 - - default default] Unable to schedule network 81977fab-5dec-486e-a5e6-0fedfc6c29e1: no agents available; will retry on subsequent port and subnet creation events.
2026-04-28 18:33:02.659 10 INFO neutron.api.wsgi [req-43188800-7f52-4d49-ac79-52357151cbd0 req-ca0fa75a-b7d5-45cc-85b5-41c63fcb9183 ba5ef8d51897424ab5fed52d3c35614e 6f2d3c10808b459e988469242f6e1865 - - default default] 10.0.0.184 "GET /v2.0/ports?device_id=12598041-bc0c-407e-81ed-0787cb1d3340 HTTP/1.1" status: 200 len: 1156 time: 0.0939169
2026-04-28 18:33:02.693 9 INFO neutron.services.segments.plugin [-] Segment d5993dd8-873b-4a8e-9a75-9efc093b622f resource provider aggregate not found
2026-04-28 18:33:02.704 10 INFO neutron.api.wsgi [req-43188800-7f52-4d49-ac79-52357151cbd0 req-c8200708-5440-4f8b-a4b4-b57d381b960f ba5ef8d51897424ab5fed52d3c35614e 6f2d3c10808b459e988469242f6e1865 - - default default] 10.0.0.184 "GET /v2.0/security-groups?id=54e623b6-4243-434a-a070-2b019b1894e1&fields=id&fields=name HTTP/1.1" status: 200 len: 286 time: 0.0394452
