2026-04-28 18:33:27.970 9 INFO neutron.notifiers.nova [-] Nova event matching ['req-69083fa5-267e-4b1e-b1c6-f708c237e2b0'] response: {'server_uuid': 'd9becffb-6e52-4e1a-8f07-6c544c331c28', 'name': 'network-vif-unplugged', 'status': 'completed', 'tag': '3ae7b80c-548a-470e-a199-fd5914df55f6', 'code': 200}
2026-04-28 18:33:27.970 9 INFO neutron.notifiers.nova [-] Nova event matching ['req-69083fa5-267e-4b1e-b1c6-f708c237e2b0'] response: {'name': 'network-changed', 'server_uuid': '6a0f5eca-2f1d-4889-9f0f-3ebf38dcde22', 'tag': '07aa77ea-8edf-4122-96e2-9e376e442d3b', 'status': 'completed', 'code': 200}
2026-04-28 18:33:28.080 9 INFO neutron.api.wsgi [req-0ae01712-42a0-48ac-a001-3314c3456d3e req-50aa305d-3dab-4cfb-9054-6ead9bb1b85e 8a549f1b943c4325957ce974ed442766 6d089076bd774362936d3c27cd2eea5a - - default default] 199.19.213.114 "DELETE /v2.0/ports/3ae7b80c-548a-470e-a199-fd5914df55f6 HTTP/1.1" status: 204 len: 173 time: 0.4867632 /var/lib/openstack/lib/python3.12/site-packages/pycadf/identifier.py:71: UserWarning: Invalid uuid: neutron. To ensure interoperability, identifiers should be a valid uuid. warnings.warn(('Invalid uuid: %s. To ensure interoperability, '
2026-04-28 18:33:28.105 9 INFO neutron.api.wsgi [req-c5dd2139-2585-49a8-8536-5e7700e0e638 req-44f76a89-63f4-4aee-abf0-f277a71d950b 8a549f1b943c4325957ce974ed442766 6d089076bd774362936d3c27cd2eea5a - - default default] 10.0.0.184 "GET /v2.0/ports?device_id=d9becffb-6e52-4e1a-8f07-6c544c331c28 HTTP/1.1" status: 200 len: 210 time: 0.0170648
2026-04-28 18:33:28.913 10 INFO neutron.api.wsgi [None req-500e642f-0046-4822-a9d1-7622f9674e1e 8b51a9d1bd254bc0bd0e28bec5b85c65 6e7974fe194c40cbb43c54ffa961673d - - default default] 10.0.0.252 "DELETE /v2.0/security-groups/fd9344bd-527d-41ec-8bec-a68bd2bdc00f HTTP/1.1" status: 204 len: 168 time: 0.1247110
2026-04-28 18:33:28.925 10 INFO neutron.api.v2.resource [None req-7a6ae7c7-e040-4d2b-bafb-b075b987ee0a 8b51a9d1bd254bc0bd0e28bec5b85c65 6e7974fe194c40cbb43c54ffa961673d - - default default] show failed (client error): The resource could not be found.
2026-04-28 18:33:28.926 10 INFO neutron.api.wsgi [None req-7a6ae7c7-e040-4d2b-bafb-b075b987ee0a 8b51a9d1bd254bc0bd0e28bec5b85c65 6e7974fe194c40cbb43c54ffa961673d - - default default] 10.0.0.252 "GET /v2.0/security-groups/fd9344bd-527d-41ec-8bec-a68bd2bdc00f HTTP/1.1" status: 404 len: 347 time: 0.0091288
2026-04-28 18:33:28.991 9 INFO neutron.api.wsgi [req-0d4e6227-6c51-43ff-88ab-3c2bdc40c4cf req-20a28782-8372-437e-bd70-0600da95414a 2b21086211fc44e58990c25ff47f3fef 24ea4a403c04467cb0e7aec3d57c681c - - a57b547b83f4419d96d463529006276e a57b547b83f4419d96d463529006276e] 199.19.213.114 "GET /v2.0/ports?tenant_id=f3c4d40239ea44828e9ec4d046c04875&device_id=6a0f5eca-2f1d-4889-9f0f-3ebf38dcde22 HTTP/1.1" status: 200 len: 1590 time: 0.0378129
2026-04-28 18:33:29.062 9 INFO neutron.api.wsgi [req-55742d73-cdb5-4f08-84f0-373434cbe746 req-1d0215c1-3bcf-45a2-a824-2df3f43579e1 cebdd2d6b0e344cea3cbbffc4f62fdad f3c4d40239ea44828e9ec4d046c04875 - - default default] 10.0.0.184 "GET /v2.0/ports?device_id=6a0f5eca-2f1d-4889-9f0f-3ebf38dcde22 HTTP/1.1" status: 200 len: 1352 time: 0.0639739
2026-04-28 18:33:29.065 9 INFO neutron.api.wsgi [req-0d4e6227-6c51-43ff-88ab-3c2bdc40c4cf req-b6e89859-0b2d-431c-87f5-ef481d167055 2b21086211fc44e58990c25ff47f3fef 24ea4a403c04467cb0e7aec3d57c681c - - a57b547b83f4419d96d463529006276e a57b547b83f4419d96d463529006276e] 199.19.213.114 "GET /v2.0/networks?id=690a0d8a-ed6c-4e9c-999f-2010df62f259 HTTP/1.1" status: 200 len: 981 time: 0.0680716
2026-04-28 18:33:29.118 9 INFO neutron.api.wsgi [req-0d4e6227-6c51-43ff-88ab-3c2bdc40c4cf req-69229f55-6d81-48cd-822a-1aced3fe8472 2b21086211fc44e58990c25ff47f3fef 24ea4a403c04467cb0e7aec3d57c681c - - a57b547b83f4419d96d463529006276e a57b547b83f4419d96d463529006276e] 199.19.213.114 "GET /v2.0/floatingips?fixed_ip_address=10.100.0.12&port_id=07aa77ea-8edf-4122-96e2-9e376e442d3b HTTP/1.1" status: 200 len: 1060 time: 0.0481110
2026-04-28 18:33:29.127 9 INFO neutron.api.wsgi [req-55742d73-cdb5-4f08-84f0-373434cbe746 req-dd8abf6b-811a-4bf6-b958-a316e9293a01 cebdd2d6b0e344cea3cbbffc4f62fdad f3c4d40239ea44828e9ec4d046c04875 - - default default] 10.0.0.184 "GET /v2.0/security-groups?id=cedaa4ef-3395-49c6-8b5a-527ed03779f1&fields=id&fields=name HTTP/1.1" status: 200 len: 312 time: 0.0575123
2026-04-28 18:33:29.145 9 INFO neutron.api.wsgi [req-0d4e6227-6c51-43ff-88ab-3c2bdc40c4cf req-4300b5f9-b90a-4b7c-9a14-4756afb5398f 2b21086211fc44e58990c25ff47f3fef 24ea4a403c04467cb0e7aec3d57c681c - - a57b547b83f4419d96d463529006276e a57b547b83f4419d96d463529006276e] 199.19.213.114 "GET /v2.0/floatingips?fixed_ip_address=10.100.0.8&port_id=07aa77ea-8edf-4122-96e2-9e376e442d3b HTTP/1.1" status: 200 len: 217 time: 0.0158594
2026-04-28 18:33:29.178 10 INFO neutron.api.wsgi [req-bffacc9f-af05-4d23-8420-a72acf2f0058 req-8764013d-bb47-4240-9584-7774cdb7ad4a 8a549f1b943c4325957ce974ed442766 6d089076bd774362936d3c27cd2eea5a - - default default] 10.0.0.184 "GET /v2.0/ports?device_id=d9becffb-6e52-4e1a-8f07-6c544c331c28 HTTP/1.1" status: 200 len: 210 time: 0.0124424
2026-04-28 18:33:29.189 9 INFO neutron.api.wsgi [req-0d4e6227-6c51-43ff-88ab-3c2bdc40c4cf req-5420e18c-df94-4ccd-b787-9ab59fc37875 2b21086211fc44e58990c25ff47f3fef 24ea4a403c04467cb0e7aec3d57c681c - - a57b547b83f4419d96d463529006276e a57b547b83f4419d96d463529006276e] 199.19.213.114 "GET /v2.0/subnets?id=cdb36c90-042f-4e55-ab65-53015ea898b0 HTTP/1.1" status: 200 len: 901 time: 0.0365808
2026-04-28 18:33:29.209 9 INFO neutron.api.wsgi [req-0d4e6227-6c51-43ff-88ab-3c2bdc40c4cf req-725fa5c0-717d-474e-9fc5-17520cfb9be6 2b21086211fc44e58990c25ff47f3fef 24ea4a403c04467cb0e7aec3d57c681c - - a57b547b83f4419d96d463529006276e a57b547b83f4419d96d463529006276e] 199.19.213.114 "GET /v2.0/ports?network_id=690a0d8a-ed6c-4e9c-999f-2010df62f259&device_owner=network%3Adhcp HTTP/1.1" status: 200 len: 210 time: 0.0134847
2026-04-28 18:33:29.253 9 INFO neutron.api.wsgi [req-0d4e6227-6c51-43ff-88ab-3c2bdc40c4cf req-1264fad1-0ec7-490b-8fda-fe31e0471b92 2b21086211fc44e58990c25ff47f3fef 24ea4a403c04467cb0e7aec3d57c681c - - a57b547b83f4419d96d463529006276e a57b547b83f4419d96d463529006276e] 199.19.213.114 "GET /v2.0/networks/690a0d8a-ed6c-4e9c-999f-2010df62f259?fields=segments HTTP/1.1" status: 200 len: 212 time: 0.0382442
2026-04-28 18:33:29.305 9 INFO neutron.api.wsgi [req-0d4e6227-6c51-43ff-88ab-3c2bdc40c4cf req-9ee7d879-38ba-4675-be5e-ca726ec05671 2b21086211fc44e58990c25ff47f3fef 24ea4a403c04467cb0e7aec3d57c681c - - a57b547b83f4419d96d463529006276e a57b547b83f4419d96d463529006276e] 199.19.213.114 "GET /v2.0/networks/690a0d8a-ed6c-4e9c-999f-2010df62f259?fields=provider%3Aphysical_network&fields=provider%3Anetwork_type HTTP/1.1" status: 200 len: 277 time: 0.0468743
2026-04-28 18:33:29.325 9 INFO neutron.api.wsgi [None req-a9ff7aa1-915b-439c-9b98-39294f5d70bd 8b51a9d1bd254bc0bd0e28bec5b85c65 6e7974fe194c40cbb43c54ffa961673d - - default default] 10.0.0.252 "DELETE /v2.0/floatingips/68ebc97b-ca09-4e1c-a6ef-36eae39bad6c HTTP/1.1" status: 204 len: 168 time: 0.3929152
2026-04-28 18:33:29.535 10 INFO neutron.api.wsgi [None req-c3189b48-d5bc-432e-81cc-a5a0495687b8 d96e52cac3b2466886195e5b55f7629c 289be8de81ae4719a101d91082ea35aa - - default default] 10.0.0.17 "GET /v2.0/networks HTTP/1.1" status: 200 len: 4632 time: 0.1946213
2026-04-28 18:33:29.587 10 INFO neutron.api.wsgi [None req-60c9945d-cc04-4f1e-8f8e-f730f6b7722a d96e52cac3b2466886195e5b55f7629c 289be8de81ae4719a101d91082ea35aa - - default default] 10.0.0.17 "GET /v2.0/security-groups HTTP/1.1" status: 200 len: 32016 time: 0.0484505
2026-04-28 18:33:29.630 10 INFO neutron.api.wsgi [None req-6a5b995a-fa4e-4b24-b145-a5a123ffa676 d96e52cac3b2466886195e5b55f7629c 289be8de81ae4719a101d91082ea35aa - - default default] 10.0.0.17 "GET /v2.0/subnets HTTP/1.1" status: 200 len: 3529 time: 0.0324740
2026-04-28 18:33:29.707 10 INFO neutron.api.wsgi [None req-f3330e97-1410-4801-8735-5054311feee3 d96e52cac3b2466886195e5b55f7629c 289be8de81ae4719a101d91082ea35aa - - default default] 10.0.0.17 "GET /v2.0/routers HTTP/1.1" status: 200 len: 3086 time: 0.0747595
2026-04-28 18:33:29.726 10 INFO neutron.api.wsgi [None req-aeff9bc4-342e-45cf-b8b4-60e3c732e271 d96e52cac3b2466886195e5b55f7629c 289be8de81ae4719a101d91082ea35aa - - default default] 10.0.0.17 "GET /v2.0/agents?binary=ovn-controller HTTP/1.1" status: 200 len: 591 time: 0.0181224
2026-04-28 18:33:29.739 10 INFO neutron.api.wsgi [None req-e8f039dd-8ab9-403c-82ad-f02c60b013c0 d96e52cac3b2466886195e5b55f7629c 289be8de81ae4719a101d91082ea35aa - - default default] 10.0.0.17 "GET /v2.0/network-ip-availabilities HTTP/1.1" status: 200 len: 2718 time: 0.0110178
2026-04-28 18:33:29.749 10 INFO neutron.api.wsgi [None req-e02847cb-1a73-41b6-8af0-f47790ee1284 d96e52cac3b2466886195e5b55f7629c 289be8de81ae4719a101d91082ea35aa - - default default] 10.0.0.17 "GET /v2.0/agents HTTP/1.1" status: 200 len: 1390 time: 0.0088468
2026-04-28 18:33:29.778 10 INFO neutron.api.wsgi [None req-0f8e4e80-0174-47c8-825e-575166707a05 d96e52cac3b2466886195e5b55f7629c 289be8de81ae4719a101d91082ea35aa - - default default] 10.0.0.17 "GET /v2.0/floatingips HTTP/1.1" status: 200 len: 1575 time: 0.0288103
2026-04-28 18:33:29.856 10 INFO neutron.api.wsgi [None req-33af1fc8-9eac-48cd-9149-fb9c38385a8b d96e52cac3b2466886195e5b55f7629c 289be8de81ae4719a101d91082ea35aa - - default default] 10.0.0.17 "GET /v2.0/ports HTTP/1.1" status: 200 len: 17339 time: 0.0767717
2026-04-28 18:33:29.870 9 INFO neutron.api.wsgi [req-bbe112e9-9603-4a7c-88a5-92fab55d6a30 req-e9321030-6d29-4108-ba9e-2ff0a9f07505 cebdd2d6b0e344cea3cbbffc4f62fdad f3c4d40239ea44828e9ec4d046c04875 - - default default] 199.19.213.114 "GET /v2.0/ports?device_id=6a0f5eca-2f1d-4889-9f0f-3ebf38dcde22&device_owner=compute%3Anova&fixed_ips=ip_address%3D10.100.0.8 HTTP/1.1" status: 200 len: 1352 time: 0.0511482
2026-04-28 18:33:29.904 10 INFO neutron.api.wsgi [None req-799cd051-c7a1-4e18-b672-c4f168fa5f4b d96e52cac3b2466886195e5b55f7629c 289be8de81ae4719a101d91082ea35aa - - default default] 10.0.0.17 "GET /v2.0/subnets HTTP/1.1" status: 200 len: 3529 time: 0.0372305
2026-04-28 18:33:29.914 10 INFO neutron.api.wsgi [None req-6a3b37bd-3ccf-43ef-8484-9e64e11a508c d96e52cac3b2466886195e5b55f7629c 289be8de81ae4719a101d91082ea35aa - - default default] 10.0.0.17 "GET /v2.0/subnetpools HTTP/1.1" status: 200 len: 193 time: 0.0076351
2026-04-28 18:33:29.999 9 INFO neutron.notifiers.nova [-] Nova event matching ['req-5d1c38b5-9f11-4799-b045-15db511b5ca1'] response: {'server_uuid': 'd9becffb-6e52-4e1a-8f07-6c544c331c28', 'name': 'network-vif-deleted', 'tag': '3ae7b80c-548a-470e-a199-fd5914df55f6', 'status': 'completed', 'code': 200}
2026-04-28 18:33:30.264 10 INFO neutron.api.wsgi [req-f2830f79-58b2-4050-8d3c-55d71540342e req-9592eb71-af36-4834-a2bd-c552fc538498 8a549f1b943c4325957ce974ed442766 6d089076bd774362936d3c27cd2eea5a - - default default] 10.0.0.184 "GET /v2.0/ports?device_id=d9becffb-6e52-4e1a-8f07-6c544c331c28 HTTP/1.1" status: 200 len: 210 time: 0.0213151
2026-04-28 18:33:30.510 9 INFO neutron.db.ovn_revision_numbers_db [req-bbe112e9-9603-4a7c-88a5-92fab55d6a30 req-0b422bc0-4025-41f3-b140-3f7aac2246e4 cebdd2d6b0e344cea3cbbffc4f62fdad f3c4d40239ea44828e9ec4d046c04875 - - default default] Successfully bumped revision number for resource 07aa77ea-8edf-4122-96e2-9e376e442d3b (type: ports) to 7
2026-04-28 18:33:30.527 9 INFO neutron.api.wsgi [req-bbe112e9-9603-4a7c-88a5-92fab55d6a30 req-0b422bc0-4025-41f3-b140-3f7aac2246e4 cebdd2d6b0e344cea3cbbffc4f62fdad f3c4d40239ea44828e9ec4d046c04875 - - default default] 199.19.213.114 "PUT /v2.0/ports/07aa77ea-8edf-4122-96e2-9e376e442d3b HTTP/1.1" status: 200 len: 1171 time: 0.6518824
2026-04-28 18:33:30.594 9 INFO neutron.api.wsgi [None req-783e2641-b5d0-4fc8-ad7d-5b754bbc1280 d96e52cac3b2466886195e5b55f7629c 289be8de81ae4719a101d91082ea35aa - - default default] 10.0.0.252 "PUT /v2.0/routers/10ce61c3-0301-42b2-93c7-4ed662ee30be/remove_router_interface HTTP/1.1" status: 200 len: 503 time: 1.2644396 /var/lib/openstack/lib/python3.12/site-packages/pycadf/identifier.py:71: UserWarning: Invalid uuid: neutron. To ensure interoperability, identifiers should be a valid uuid. warnings.warn(('Invalid uuid: %s. To ensure interoperability, '
2026-04-28 18:33:31.073 9 INFO neutron.api.wsgi [req-bbe112e9-9603-4a7c-88a5-92fab55d6a30 req-2fc20e5c-1c43-4d90-98d7-bd4807b7811d 2b21086211fc44e58990c25ff47f3fef 24ea4a403c04467cb0e7aec3d57c681c - - a57b547b83f4419d96d463529006276e a57b547b83f4419d96d463529006276e] 199.19.213.114 "GET /v2.0/ports?tenant_id=f3c4d40239ea44828e9ec4d046c04875&device_id=6a0f5eca-2f1d-4889-9f0f-3ebf38dcde22 HTTP/1.1" status: 200 len: 1413 time: 0.0373523
2026-04-28 18:33:31.119 9 INFO neutron.api.wsgi [req-bbe112e9-9603-4a7c-88a5-92fab55d6a30 req-dc53324d-2352-40e4-93b8-aebfb941a27a 2b21086211fc44e58990c25ff47f3fef 24ea4a403c04467cb0e7aec3d57c681c - - a57b547b83f4419d96d463529006276e a57b547b83f4419d96d463529006276e] 199.19.213.114 "GET /v2.0/networks?id=690a0d8a-ed6c-4e9c-999f-2010df62f259 HTTP/1.1" status: 200 len: 981 time: 0.0409782
2026-04-28 18:33:31.165 9 INFO neutron.api.wsgi [req-bbe112e9-9603-4a7c-88a5-92fab55d6a30 req-95e1e319-1050-483d-92c1-231469f2f8ba 2b21086211fc44e58990c25ff47f3fef 24ea4a403c04467cb0e7aec3d57c681c - - a57b547b83f4419d96d463529006276e a57b547b83f4419d96d463529006276e] 199.19.213.114 "GET /v2.0/floatingips?fixed_ip_address=10.100.0.12&port_id=07aa77ea-8edf-4122-96e2-9e376e442d3b HTTP/1.1" status: 200 len: 1060 time: 0.0412803
2026-04-28 18:33:31.196 9 INFO neutron.api.wsgi [req-bbe112e9-9603-4a7c-88a5-92fab55d6a30 req-e7a7426a-2131-4145-adff-457e6e3c7603 2b21086211fc44e58990c25ff47f3fef 24ea4a403c04467cb0e7aec3d57c681c - - a57b547b83f4419d96d463529006276e a57b547b83f4419d96d463529006276e] 199.19.213.114 "GET /v2.0/subnets?id=cdb36c90-042f-4e55-ab65-53015ea898b0 HTTP/1.1" status: 200 len: 901 time: 0.0263169
2026-04-28 18:33:31.217 9 INFO neutron.api.wsgi [req-bbe112e9-9603-4a7c-88a5-92fab55d6a30 req-a7882b6c-9953-4488-a57a-db45cc24da2d 2b21086211fc44e58990c25ff47f3fef 24ea4a403c04467cb0e7aec3d57c681c - - a57b547b83f4419d96d463529006276e a57b547b83f4419d96d463529006276e] 199.19.213.114 "GET /v2.0/ports?network_id=690a0d8a-ed6c-4e9c-999f-2010df62f259&device_owner=network%3Adhcp HTTP/1.1" status: 200 len: 210 time: 0.0162835
2026-04-28 18:33:31.262 10 INFO neutron.api.wsgi [None req-cc774367-e075-4c79-b647-1634d77c9eb3 d96e52cac3b2466886195e5b55f7629c 289be8de81ae4719a101d91082ea35aa - - default default] 10.0.0.252 "DELETE /v2.0/routers/10ce61c3-0301-42b2-93c7-4ed662ee30be HTTP/1.1" status: 204 len: 168 time: 0.6645868
2026-04-28 18:33:31.274 9 INFO neutron.api.wsgi [req-bbe112e9-9603-4a7c-88a5-92fab55d6a30 req-c64e280e-6e31-493c-a438-85ca4788e7e0 2b21086211fc44e58990c25ff47f3fef 24ea4a403c04467cb0e7aec3d57c681c - - a57b547b83f4419d96d463529006276e a57b547b83f4419d96d463529006276e] 199.19.213.114 "GET /v2.0/networks/690a0d8a-ed6c-4e9c-999f-2010df62f259?fields=segments HTTP/1.1" status: 200 len: 212 time: 0.0542791
2026-04-28 18:33:31.318 9 INFO neutron.api.wsgi [req-bbe112e9-9603-4a7c-88a5-92fab55d6a30 req-a2ae0810-17ff-40fe-8a65-6be465190c1f 2b21086211fc44e58990c25ff47f3fef 24ea4a403c04467cb0e7aec3d57c681c - - a57b547b83f4419d96d463529006276e a57b547b83f4419d96d463529006276e] 199.19.213.114 "GET /v2.0/networks/690a0d8a-ed6c-4e9c-999f-2010df62f259?fields=provider%3Aphysical_network&fields=provider%3Anetwork_type HTTP/1.1" status: 200 len: 277 time: 0.0369921
2026-04-28 18:33:31.440 10 INFO neutron.api.wsgi [None req-baa91820-f240-415a-8a9f-46aee162daf0 d96e52cac3b2466886195e5b55f7629c 289be8de81ae4719a101d91082ea35aa - - default default] 10.0.0.252 "DELETE /v2.0/subnets/a443e041-543d-46ab-bc38-a2ca9d81640b HTTP/1.1" status: 204 len: 168 time: 0.1738057
2026-04-28 18:33:31.460 9 INFO neutron.api.wsgi [None req-e7b7e82c-a5ec-4dd2-a6fb-e39d2d96e9b3 8a549f1b943c4325957ce974ed442766 6d089076bd774362936d3c27cd2eea5a - - default default] 10.0.0.252 "DELETE /v2.0/security-groups/c99cd1a7-3445-4aee-83ee-aa6d918747d3 HTTP/1.1" status: 204 len: 168 time: 0.1170752
2026-04-28 18:33:31.476 9 INFO neutron.api.v2.resource [None req-44e3c740-b0eb-4eb4-815e-a3ee508c8812 8a549f1b943c4325957ce974ed442766 6d089076bd774362936d3c27cd2eea5a - - default default] show failed (client error): The resource could not be found.
2026-04-28 18:33:31.477 9 INFO neutron.api.wsgi [None req-44e3c740-b0eb-4eb4-815e-a3ee508c8812 8a549f1b943c4325957ce974ed442766 6d089076bd774362936d3c27cd2eea5a - - default default] 10.0.0.252 "GET /v2.0/security-groups/c99cd1a7-3445-4aee-83ee-aa6d918747d3 HTTP/1.1" status: 404 len: 347 time: 0.0090966
2026-04-28 18:33:31.760 10 INFO neutron.services.segments.plugin [-] Segment 67442ddf-658a-4dfb-b870-bc79465b2074 resource provider aggregate not found
2026-04-28 18:33:31.764 10 INFO neutron.services.segments.plugin [-] Segment 67442ddf-658a-4dfb-b870-bc79465b2074 resource provider aggregate not found
2026-04-28 18:33:31.773 10 INFO neutron.api.wsgi [None req-3f8960ec-369b-4c74-83f2-72d15a7e8dff 8a549f1b943c4325957ce974ed442766 6d089076bd774362936d3c27cd2eea5a - - default default] 10.0.0.252 "DELETE /v2.0/floatingips/36ff732b-6ba6-4e3c-a8c4-0e903befb5fd HTTP/1.1" status: 204 len: 168 time: 0.2921965
2026-04-28 18:33:31.783 10 INFO neutron.services.segments.plugin [-] Segment 67442ddf-658a-4dfb-b870-bc79465b2074 resource provider not found; error: Placement Client Error (4xx): {"errors": [{"status": 404, "title": "Not Found", "detail": "The resource could not be found.\n\n No resource provider with uuid 67442ddf-658a-4dfb-b870-bc79465b2074 found for delete ", "request_id": "req-82ac822b-c388-4e78-a2c6-8fb25f8982c0"}]}
2026-04-28 18:33:31.783 10 INFO neutron.services.segments.plugin [-] Segment 67442ddf-658a-4dfb-b870-bc79465b2074 resource provider not found; error: Placement Client Error (4xx): {"errors": [{"status": 404, "title": "Not Found", "detail": "The resource could not be found.\n\n No resource provider with uuid 67442ddf-658a-4dfb-b870-bc79465b2074 found for delete ", "request_id": "req-bc610a9a-0dd9-4a88-89db-1309e6dccaad"}]}
2026-04-28 18:33:31.804 10 INFO neutron.api.wsgi [None req-2adcf54c-8128-40ce-af81-bd74089fde8a d96e52cac3b2466886195e5b55f7629c 289be8de81ae4719a101d91082ea35aa - - default default] 10.0.0.252 "DELETE /v2.0/networks/65aa4b5c-eaf5-4ad7-b673-ab84b0da13fd HTTP/1.1" status: 204 len: 168 time: 0.3577645
2026-04-28 18:33:32.001 9 INFO neutron.api.wsgi [None req-58d5ba4c-384c-4db4-a3ed-ac34f2d5f11a d96e52cac3b2466886195e5b55f7629c 289be8de81ae4719a101d91082ea35aa - - default default] 10.0.0.252 "GET /v2.0/security-groups?tenant_id=6e7974fe194c40cbb43c54ffa961673d&name=default HTTP/1.1" status: 200 len: 3120 time: 0.0321856
2026-04-28 18:33:32.033 9 INFO neutron.notifiers.nova [-] Nova event matching ['req-ce8dc00d-54bc-482d-b053-6bb372ae1491'] response: {'name': 'network-changed', 'server_uuid': '6a0f5eca-2f1d-4889-9f0f-3ebf38dcde22', 'tag': '07aa77ea-8edf-4122-96e2-9e376e442d3b', 'status': 'completed', 'code': 200}
2026-04-28 18:33:32.206 9 INFO neutron.db.ovn_revision_numbers_db [None req-a1d9a251-1e5e-4b93-bb2e-d0bee71d7662 d96e52cac3b2466886195e5b55f7629c 289be8de81ae4719a101d91082ea35aa - - default default] Successfully bumped revision number for resource 8ac70f06-7399-41e6-a94e-75f2d14f91e3 (type: security_groups) to 1
2026-04-28 18:33:32.219 9 INFO neutron.db.ovn_revision_numbers_db [None req-a1d9a251-1e5e-4b93-bb2e-d0bee71d7662 d96e52cac3b2466886195e5b55f7629c 289be8de81ae4719a101d91082ea35aa - - default default] Successfully bumped revision number for resource 06ecd701-0559-4286-a33c-07e6ea5afa0a (type: security_group_rules) to 0
2026-04-28 18:33:32.233 9 INFO neutron.db.ovn_revision_numbers_db [None req-a1d9a251-1e5e-4b93-bb2e-d0bee71d7662 d96e52cac3b2466886195e5b55f7629c 289be8de81ae4719a101d91082ea35aa - - default default] Successfully bumped revision number for resource 46962b08-cef0-4cfc-8128-0b3c26311fcf (type: security_group_rules) to 0
2026-04-28 18:33:32.248 9 INFO neutron.db.ovn_revision_numbers_db [None req-a1d9a251-1e5e-4b93-bb2e-d0bee71d7662 d96e52cac3b2466886195e5b55f7629c 289be8de81ae4719a101d91082ea35aa - - default default] Successfully bumped revision number for resource be2e5a27-be63-4f72-9048-ebdcdbe1bb05 (type: security_group_rules) to 0
2026-04-28 18:33:32.259 9 INFO neutron.db.ovn_revision_numbers_db [None req-a1d9a251-1e5e-4b93-bb2e-d0bee71d7662 d96e52cac3b2466886195e5b55f7629c 289be8de81ae4719a101d91082ea35aa - - default default] Successfully bumped revision number for resource ec816559-68f0-4848-af97-9768abbbee51 (type: security_group_rules) to 0
2026-04-28 18:33:32.286 9 INFO neutron.api.wsgi [None req-a1d9a251-1e5e-4b93-bb2e-d0bee71d7662 d96e52cac3b2466886195e5b55f7629c 289be8de81ae4719a101d91082ea35aa - - default default] 10.0.0.252 "GET /v2.0/security-groups?tenant_id=dad573e514cd4a939385166aef651da0&name=default HTTP/1.1" status: 200 len: 3120 time: 0.3691268
2026-04-28 18:33:32.372 10 INFO neutron.api.wsgi [None req-7a5b1e1a-f121-468d-bc2e-4fbce19bba77 d96e52cac3b2466886195e5b55f7629c 289be8de81ae4719a101d91082ea35aa - - default default] 10.0.0.252 "DELETE /v2.0/security-groups/da908bc2-0d40-4836-8c35-6e23175a3fe5 HTTP/1.1" status: 204 len: 168 time: 0.3665769
2026-04-28 18:33:32.472 9 INFO neutron.api.wsgi [None req-10777342-a9fb-4846-8b7d-48be5291c79f d96e52cac3b2466886195e5b55f7629c 289be8de81ae4719a101d91082ea35aa - - default default] 10.0.0.252 "DELETE /v2.0/security-groups/8ac70f06-7399-41e6-a94e-75f2d14f91e3 HTTP/1.1" status: 204 len: 168 time: 0.1805539
2026-04-28 18:33:32.529 9 INFO neutron.api.wsgi [req-90913e23-e3db-4b1d-87a2-4cfb88fe1ce2 req-12c338d3-3575-4dda-9972-33d8a861f1c6 cebdd2d6b0e344cea3cbbffc4f62fdad f3c4d40239ea44828e9ec4d046c04875 - - default default] 10.0.0.184 "GET /v2.0/ports?device_id=6a0f5eca-2f1d-4889-9f0f-3ebf38dcde22 HTTP/1.1" status: 200 len: 1174 time: 0.0560968
2026-04-28 18:33:32.569 9 INFO neutron.api.wsgi [req-90913e23-e3db-4b1d-87a2-4cfb88fe1ce2 req-0e0c362d-1aa8-4475-b397-e1e424cff133 cebdd2d6b0e344cea3cbbffc4f62fdad f3c4d40239ea44828e9ec4d046c04875 - - default default] 10.0.0.184 "GET /v2.0/security-groups?id=cedaa4ef-3395-49c6-8b5a-527ed03779f1&fields=id&fields=name HTTP/1.1" status: 200 len: 312 time: 0.0369532
2026-04-28 18:33:32.579 9 INFO neutron.api.wsgi [req-c681b089-9356-4ba1-b7bb-fcac28f6620b req-fc8d67ea-91f5-4e17-8372-3e5da1fea56a 2b21086211fc44e58990c25ff47f3fef 24ea4a403c04467cb0e7aec3d57c681c - - a57b547b83f4419d96d463529006276e a57b547b83f4419d96d463529006276e] 199.19.213.114 "GET /v2.0/ports?tenant_id=f3c4d40239ea44828e9ec4d046c04875&device_id=6a0f5eca-2f1d-4889-9f0f-3ebf38dcde22 HTTP/1.1" status: 200 len: 1413 time: 0.0348597
2026-04-28 18:33:32.617 9 INFO neutron.api.wsgi [req-c681b089-9356-4ba1-b7bb-fcac28f6620b req-896d5354-7e20-46ac-ad2f-aa3ec85ba475 2b21086211fc44e58990c25ff47f3fef 24ea4a403c04467cb0e7aec3d57c681c - - a57b547b83f4419d96d463529006276e a57b547b83f4419d96d463529006276e] 199.19.213.114 "GET /v2.0/networks?id=690a0d8a-ed6c-4e9c-999f-2010df62f259 HTTP/1.1" status: 200 len: 981 time: 0.0338578
2026-04-28 18:33:32.652 9 INFO neutron.api.wsgi [req-c681b089-9356-4ba1-b7bb-fcac28f6620b req-d91443b5-13d6-4426-91e2-230d8abf9dc3 2b21086211fc44e58990c25ff47f3fef 24ea4a403c04467cb0e7aec3d57c681c - - a57b547b83f4419d96d463529006276e a57b547b83f4419d96d463529006276e] 199.19.213.114 "GET /v2.0/floatingips?fixed_ip_address=10.100.0.12&port_id=07aa77ea-8edf-4122-96e2-9e376e442d3b HTTP/1.1" status: 200 len: 1060 time: 0.0309839
2026-04-28 18:33:32.686 9 INFO neutron.api.wsgi [req-c681b089-9356-4ba1-b7bb-fcac28f6620b req-ef6b9777-014b-490f-bd50-a3d39b943ea2 2b21086211fc44e58990c25ff47f3fef 24ea4a403c04467cb0e7aec3d57c681c - - a57b547b83f4419d96d463529006276e a57b547b83f4419d96d463529006276e] 199.19.213.114 "GET /v2.0/subnets?id=cdb36c90-042f-4e55-ab65-53015ea898b0 HTTP/1.1" status: 200 len: 901 time: 0.0279686
2026-04-28 18:33:32.705 9 INFO neutron.api.wsgi [req-c681b089-9356-4ba1-b7bb-fcac28f6620b req-21754f3d-a52f-4d89-a383-9f6ce9e55daf 2b21086211fc44e58990c25ff47f3fef 24ea4a403c04467cb0e7aec3d57c681c - - a57b547b83f4419d96d463529006276e a57b547b83f4419d96d463529006276e] 199.19.213.114 "GET /v2.0/ports?network_id=690a0d8a-ed6c-4e9c-999f-2010df62f259&device_owner=network%3Adhcp HTTP/1.1" status: 200 len: 210 time: 0.0128348
2026-04-28 18:33:32.736 9 INFO neutron.db.ovn_revision_numbers_db [None req-2e7ba86f-4b4b-454a-b59e-56626f32b105 d96e52cac3b2466886195e5b55f7629c 289be8de81ae4719a101d91082ea35aa - - default default] Successfully bumped revision number for resource 8be27be1-eb1d-43d8-b2eb-6ea1e2baa35b (type: security_groups) to 1
2026-04-28 18:33:32.749 9 INFO neutron.api.wsgi [req-c681b089-9356-4ba1-b7bb-fcac28f6620b req-0b90aa50-db84-4609-89a5-b62bcc7b02bd 2b21086211fc44e58990c25ff47f3fef 24ea4a403c04467cb0e7aec3d57c681c - - a57b547b83f4419d96d463529006276e a57b547b83f4419d96d463529006276e] 199.19.213.114 "GET /v2.0/networks/690a0d8a-ed6c-4e9c-999f-2010df62f259?fields=segments HTTP/1.1" status: 200 len: 212 time: 0.0354986
2026-04-28 18:33:32.749 9 INFO neutron.db.ovn_revision_numbers_db [None req-2e7ba86f-4b4b-454a-b59e-56626f32b105 d96e52cac3b2466886195e5b55f7629c 289be8de81ae4719a101d91082ea35aa - - default default] Successfully bumped revision number for resource 30c3e2d8-3655-4c96-87fe-98ffdad1e6eb (type: security_group_rules) to 0
2026-04-28 18:33:32.762 9 INFO neutron.db.ovn_revision_numbers_db [None req-2e7ba86f-4b4b-454a-b59e-56626f32b105 d96e52cac3b2466886195e5b55f7629c 289be8de81ae4719a101d91082ea35aa - - default default] Successfully bumped revision number for resource 742bb396-159a-4699-94fe-599fab31813d (type: security_group_rules) to 0
2026-04-28 18:33:32.776 9 INFO neutron.db.ovn_revision_numbers_db [None req-2e7ba86f-4b4b-454a-b59e-56626f32b105 d96e52cac3b2466886195e5b55f7629c 289be8de81ae4719a101d91082ea35aa - - default default] Successfully bumped revision number for resource b465c174-9f28-407c-9bc5-f73513d4dedf (type: security_group_rules) to 0
2026-04-28 18:33:32.788 9 INFO neutron.db.ovn_revision_numbers_db [None req-2e7ba86f-4b4b-454a-b59e-56626f32b105 d96e52cac3b2466886195e5b55f7629c 289be8de81ae4719a101d91082ea35aa - - default default] Successfully bumped revision number for resource bc33e7b8-83ed-4d74-88a8-14b4fd93c326 (type: security_group_rules) to 0
2026-04-28 18:33:32.790 9 INFO neutron.api.wsgi [req-c681b089-9356-4ba1-b7bb-fcac28f6620b req-b720c940-645b-4ace-ae10-c5724b0d2455 2b21086211fc44e58990c25ff47f3fef 24ea4a403c04467cb0e7aec3d57c681c - - a57b547b83f4419d96d463529006276e a57b547b83f4419d96d463529006276e] 199.19.213.114 "GET /v2.0/networks/690a0d8a-ed6c-4e9c-999f-2010df62f259?fields=provider%3Aphysical_network&fields=provider%3Anetwork_type HTTP/1.1" status: 200 len: 277 time: 0.0350063
2026-04-28 18:33:32.826 9 INFO neutron.api.wsgi [None req-2e7ba86f-4b4b-454a-b59e-56626f32b105 d96e52cac3b2466886195e5b55f7629c 289be8de81ae4719a101d91082ea35aa - - default default] 10.0.0.252 "GET /v2.0/security-groups?tenant_id=a09020b613a644d09fcbc1e53a52044e&name=default HTTP/1.1" status: 200 len: 3120 time: 0.2168713
2026-04-28 18:33:32.860 10 INFO neutron.api.wsgi [None req-0f8d76d9-916d-47c7-a7fd-261c9d9a8b4d d96e52cac3b2466886195e5b55f7629c 289be8de81ae4719a101d91082ea35aa - - default default] 10.0.0.252 "PUT /v2.0/routers/ac3d58cc-a8aa-4767-9a1f-3e96d83c68d1/remove_router_interface HTTP/1.1" status: 200 len: 503 time: 1.0842326 /var/lib/openstack/lib/python3.12/site-packages/pycadf/identifier.py:71: UserWarning: Invalid uuid: neutron. To ensure interoperability, identifiers should be a valid uuid. warnings.warn(('Invalid uuid: %s. To ensure interoperability, '
2026-04-28 18:33:33.025 10 INFO neutron.plugins.ml2.drivers.ovn.mech_driver.mech_driver [None req-01ab4e00-9888-49c7-9379-982f13dda8ae - - - - - -] OVN reports status down for port: 07aa77ea-8edf-4122-96e2-9e376e442d3b
2026-04-28 18:33:33.034 9 INFO neutron.api.wsgi [None req-fabefda0-8486-432e-af00-7b71c86b2f3d d96e52cac3b2466886195e5b55f7629c 289be8de81ae4719a101d91082ea35aa - - default default] 10.0.0.252 "DELETE /v2.0/security-groups/8be27be1-eb1d-43d8-b2eb-6ea1e2baa35b HTTP/1.1" status: 204 len: 168 time: 0.2024765
2026-04-28 18:33:33.155 10 INFO neutron.notifiers.nova [-] Nova event matching ['req-44f495d8-d5fa-4623-98fe-328d8b869028'] response: {'server_uuid': '6a0f5eca-2f1d-4889-9f0f-3ebf38dcde22', 'name': 'network-vif-unplugged', 'status': 'completed', 'tag': '07aa77ea-8edf-4122-96e2-9e376e442d3b', 'code': 200}
2026-04-28 18:33:33.275 10 INFO neutron.db.ovn_revision_numbers_db [None req-01ab4e00-9888-49c7-9379-982f13dda8ae - - - - - -] Successfully bumped revision number for resource 07aa77ea-8edf-4122-96e2-9e376e442d3b (type: ports) to 8
2026-04-28 18:33:33.492 10 INFO neutron.api.wsgi [None req-538f4d0e-bafa-456c-8b5e-a2951d0e2c4c d96e52cac3b2466886195e5b55f7629c 289be8de81ae4719a101d91082ea35aa - - default default] 10.0.0.252 "DELETE /v2.0/routers/ac3d58cc-a8aa-4767-9a1f-3e96d83c68d1 HTTP/1.1" status: 204 len: 168 time: 0.6283112 /var/lib/openstack/lib/python3.12/site-packages/pycadf/identifier.py:71: UserWarning: Invalid uuid: neutron. To ensure interoperability, identifiers should be a valid uuid. warnings.warn(('Invalid uuid: %s. To ensure interoperability, '
2026-04-28 18:33:33.641 10 INFO neutron.api.wsgi [None req-43d8e079-fea5-458c-bf01-76d65ba865d0 d96e52cac3b2466886195e5b55f7629c 289be8de81ae4719a101d91082ea35aa - - default default] 10.0.0.252 "DELETE /v2.0/subnets/ab465ce3-440f-432b-8e34-56911833d5c8 HTTP/1.1" status: 204 len: 168 time: 0.1442704
2026-04-28 18:33:33.673 9 INFO neutron.api.wsgi [req-c1b2e693-3bec-47d7-9f2f-58d1e60f3f0c req-2485ed0f-91a9-4f54-850d-1c06163e40a3 cebdd2d6b0e344cea3cbbffc4f62fdad f3c4d40239ea44828e9ec4d046c04875 - - default default] 10.0.0.184 "GET /v2.0/ports?device_id=6a0f5eca-2f1d-4889-9f0f-3ebf38dcde22 HTTP/1.1" status: 200 len: 1172 time: 0.0415034
2026-04-28 18:33:33.704 9 INFO neutron.api.wsgi [req-c1b2e693-3bec-47d7-9f2f-58d1e60f3f0c req-4b512dfb-c238-492d-9feb-85cbd1fecb09 cebdd2d6b0e344cea3cbbffc4f62fdad f3c4d40239ea44828e9ec4d046c04875 - - default default] 10.0.0.184 "GET /v2.0/security-groups?id=cedaa4ef-3395-49c6-8b5a-527ed03779f1&fields=id&fields=name HTTP/1.1" status: 200 len: 312 time: 0.0265737
2026-04-28 18:33:33.903 10 INFO neutron.services.segments.plugin [-] Segment 745f13df-de7e-4bf8-a9f7-b7886c11ce99 resource provider aggregate not found
2026-04-28 18:33:33.912 10 INFO neutron.services.segments.plugin [-] Segment 745f13df-de7e-4bf8-a9f7-b7886c11ce99 resource provider aggregate not found
2026-04-28 18:33:33.924 10 INFO neutron.services.segments.plugin [-] Segment 745f13df-de7e-4bf8-a9f7-b7886c11ce99 resource provider not found; error: Placement Client Error (4xx): {"errors": [{"status": 404, "title": "Not Found", "detail": "The resource could not be found.\n\n No resource provider with uuid 745f13df-de7e-4bf8-a9f7-b7886c11ce99 found for delete ", "request_id": "req-39ff9668-1316-4b01-90e8-7aea1b0d934b"}]}
2026-04-28 18:33:33.926 10 INFO neutron.services.segments.plugin [-] Segment 745f13df-de7e-4bf8-a9f7-b7886c11ce99 resource provider not found; error: Placement Client Error (4xx): {"errors": [{"status": 404, "title": "Not Found", "detail": "The resource could not be found.\n\n No resource provider with uuid 745f13df-de7e-4bf8-a9f7-b7886c11ce99 found for delete ", "request_id": "req-6a099074-9672-4a04-84bf-80bd0e8dd272"}]}
2026-04-28 18:33:33.952 10 INFO neutron.api.wsgi [None req-d811cc4f-7cc8-455c-8192-ede23729e158 d96e52cac3b2466886195e5b55f7629c 289be8de81ae4719a101d91082ea35aa - - default default] 10.0.0.252 "DELETE /v2.0/networks/e76ef977-3c55-4ee8-ba5a-5df23270292a HTTP/1.1" status: 204 len: 168 time: 0.3070364
2026-04-28 18:33:34.067 9 INFO neutron.api.wsgi [None req-b25312ab-f9ab-4715-9dd7-f97a326f58a4 d96e52cac3b2466886195e5b55f7629c 289be8de81ae4719a101d91082ea35aa - - default default] 10.0.0.252 "GET /v2.0/security-groups?tenant_id=6d089076bd774362936d3c27cd2eea5a&name=default HTTP/1.1" status: 200 len: 3120 time: 0.0327926
2026-04-28 18:33:34.270 9 INFO neutron.api.wsgi [req-9f2a57f2-41b2-4e15-8d04-91b7c036d41c req-9f15af2d-2e95-40be-8fb5-d79854c4b49e cebdd2d6b0e344cea3cbbffc4f62fdad f3c4d40239ea44828e9ec4d046c04875 - - default default] 199.19.213.114 "GET /v2.0/ports?device_id=6a0f5eca-2f1d-4889-9f0f-3ebf38dcde22 HTTP/1.1" status: 200 len: 1172 time: 0.0569851
2026-04-28 18:33:34.340 9 INFO neutron.api.wsgi [None req-24efd2be-3dcd-44bb-9a53-1564ff5c461a d96e52cac3b2466886195e5b55f7629c 289be8de81ae4719a101d91082ea35aa - - default default] 10.0.0.252 "DELETE /v2.0/security-groups/418bb14f-0157-4dcb-90f2-bece93d37fb9 HTTP/1.1" status: 204 len: 168 time: 0.2694242
2026-04-28 18:33:34.402 9 INFO neutron.db.ovn_revision_numbers_db [None req-aa28de98-2371-4aec-b22c-518c5bc0f3e1 d96e52cac3b2466886195e5b55f7629c 289be8de81ae4719a101d91082ea35aa - - default default] Successfully bumped revision number for resource 2638cdbc-6e98-4517-800f-6764394fd17f (type: security_groups) to 1
2026-04-28 18:33:34.415 9 INFO neutron.db.ovn_revision_numbers_db [None req-aa28de98-2371-4aec-b22c-518c5bc0f3e1 d96e52cac3b2466886195e5b55f7629c 289be8de81ae4719a101d91082ea35aa - - default default] Successfully bumped revision number for resource 10476a5c-9b08-409f-a3a3-3c2387e97981 (type: security_group_rules) to 0
2026-04-28 18:33:34.435 9 INFO neutron.db.ovn_revision_numbers_db [None req-aa28de98-2371-4aec-b22c-518c5bc0f3e1 d96e52cac3b2466886195e5b55f7629c 289be8de81ae4719a101d91082ea35aa - - default default] Successfully bumped revision number for resource b06dc67c-9c87-4ab5-9fa5-1f8528563bbf (type: security_group_rules) to 0
2026-04-28 18:33:34.448 9 INFO neutron.db.ovn_revision_numbers_db [None req-aa28de98-2371-4aec-b22c-518c5bc0f3e1 d96e52cac3b2466886195e5b55f7629c 289be8de81ae4719a101d91082ea35aa - - default default] Successfully bumped revision number for resource b765beb6-aaa2-49f8-9907-71b9e95f70d2 (type: security_group_rules) to 0
2026-04-28 18:33:34.466 9 INFO neutron.db.ovn_revision_numbers_db [None req-aa28de98-2371-4aec-b22c-518c5bc0f3e1 d96e52cac3b2466886195e5b55f7629c 289be8de81ae4719a101d91082ea35aa - - default default] Successfully bumped revision number for resource f42fea8b-dd5d-44eb-8c27-d9e9a69569e2 (type: security_group_rules) to 0
2026-04-28 18:33:34.564 9 INFO neutron.db.segments_db [None req-aa28de98-2371-4aec-b22c-518c5bc0f3e1 d96e52cac3b2466886195e5b55f7629c 289be8de81ae4719a101d91082ea35aa - - default default] Added segment 57902376-874b-4356-9a55-875f512f332a of type geneve for network fe6e90a9-29f5-4964-8b4a-6b4893cf3dcc
2026-04-28 18:33:34.610 9 INFO neutron.db.l3_db [req-9f2a57f2-41b2-4e15-8d04-91b7c036d41c req-1a02ed14-b216-4b0f-b74d-fe4d4869a487 cebdd2d6b0e344cea3cbbffc4f62fdad f3c4d40239ea44828e9ec4d046c04875 - - default default] Floating IP c2373127-9ce2-4298-8d09-c3f57cce369a disassociated. External IP: 10.96.250.211, port: 07aa77ea-8edf-4122-96e2-9e376e442d3b.
2026-04-28 18:33:34.743 9 INFO neutron.db.ovn_revision_numbers_db [None req-aa28de98-2371-4aec-b22c-518c5bc0f3e1 d96e52cac3b2466886195e5b55f7629c 289be8de81ae4719a101d91082ea35aa - - default default] Successfully bumped revision number for resource fe6e90a9-29f5-4964-8b4a-6b4893cf3dcc (type: networks) to 1
2026-04-28 18:33:34.766 9 INFO neutron.api.wsgi [req-9f2a57f2-41b2-4e15-8d04-91b7c036d41c req-1a02ed14-b216-4b0f-b74d-fe4d4869a487 cebdd2d6b0e344cea3cbbffc4f62fdad f3c4d40239ea44828e9ec4d046c04875 - - default default] 199.19.213.114 "DELETE /v2.0/ports/07aa77ea-8edf-4122-96e2-9e376e442d3b HTTP/1.1" status: 204 len: 173 time: 0.4904346
2026-04-28 18:33:34.795 10 INFO neutron.api.wsgi [req-9d51a705-d9f3-4102-b55c-3dc656ffe1a9 req-c4cea109-8823-4f58-8e76-2615d97229a4 cebdd2d6b0e344cea3cbbffc4f62fdad f3c4d40239ea44828e9ec4d046c04875 - - default default] 10.0.0.184 "GET /v2.0/ports?device_id=6a0f5eca-2f1d-4889-9f0f-3ebf38dcde22 HTTP/1.1" status: 200 len: 210 time: 0.0293744
2026-04-28 18:33:34.800 9 INFO neutron.notifiers.nova [-] Nova event matching ['req-49e590ae-343e-41b5-8dd9-1437c6534750'] response: {'server_uuid': '6a0f5eca-2f1d-4889-9f0f-3ebf38dcde22', 'name': 'network-vif-deleted', 'tag': '07aa77ea-8edf-4122-96e2-9e376e442d3b', 'status': 'completed', 'code': 200}
2026-04-28 18:33:34.903 9 WARNING neutron.scheduler.dhcp_agent_scheduler [None req-aa28de98-2371-4aec-b22c-518c5bc0f3e1 d96e52cac3b2466886195e5b55f7629c 289be8de81ae4719a101d91082ea35aa - - default default] No more DHCP agents
2026-04-28 18:33:34.905 9 WARNING neutron.api.rpc.agentnotifiers.dhcp_rpc_agent_api [None req-aa28de98-2371-4aec-b22c-518c5bc0f3e1 d96e52cac3b2466886195e5b55f7629c 289be8de81ae4719a101d91082ea35aa - - default default] Unable to schedule network fe6e90a9-29f5-4964-8b4a-6b4893cf3dcc: no agents available; will retry on subsequent port and subnet creation events.
2026-04-28 18:33:34.966 9 INFO neutron.db.ovn_revision_numbers_db [None req-aa28de98-2371-4aec-b22c-518c5bc0f3e1 d96e52cac3b2466886195e5b55f7629c 289be8de81ae4719a101d91082ea35aa - - default default] Successfully bumped revision number for resource a6f26c39-6d0e-4412-aafb-6e5caa784000 (type: ports) to 1
2026-04-28 18:33:34.988 9 INFO neutron.api.wsgi [None req-aa28de98-2371-4aec-b22c-518c5bc0f3e1 d96e52cac3b2466886195e5b55f7629c 289be8de81ae4719a101d91082ea35aa - - default default] 10.0.0.252 "POST /v2.0/networks HTTP/1.1" status: 201 len: 946 time: 0.9975381
2026-04-28 18:33:35.132 10 WARNING neutron.scheduler.dhcp_agent_scheduler [None req-cf7f5866-7981-484e-b421-859a7bb2668f d96e52cac3b2466886195e5b55f7629c 289be8de81ae4719a101d91082ea35aa - - default default] No more DHCP agents
2026-04-28 18:33:35.134 10 WARNING neutron.api.rpc.agentnotifiers.dhcp_rpc_agent_api [None req-cf7f5866-7981-484e-b421-859a7bb2668f d96e52cac3b2466886195e5b55f7629c 289be8de81ae4719a101d91082ea35aa - - default default] Unable to schedule network fe6e90a9-29f5-4964-8b4a-6b4893cf3dcc: no agents available; will retry on subsequent port and subnet creation events.
2026-04-28 18:33:35.192 10 INFO neutron.notifiers.nova [-] Nova event matching ['req-273efd05-ce05-4b69-bf31-377616ed53d4'] response: {'server_uuid': '6a0f5eca-2f1d-4889-9f0f-3ebf38dcde22', 'name': 'network-vif-unplugged', 'status': 'completed', 'tag': '07aa77ea-8edf-4122-96e2-9e376e442d3b', 'code': 200}
2026-04-28 18:33:35.572 10 INFO neutron.db.ovn_revision_numbers_db [None req-3e73d53c-0444-4ffb-8f06-6fe659501c20 - - - - - -] Successfully bumped revision number for resource a6f26c39-6d0e-4412-aafb-6e5caa784000 (type: ports) to 2
2026-04-28 18:33:35.602 10 INFO neutron.db.ovn_revision_numbers_db [None req-3e73d53c-0444-4ffb-8f06-6fe659501c20 - - - - - -] Successfully bumped revision number for resource 1230c026-42ea-483c-acb6-0ef900b0b7a5 (type: subnets) to 0
2026-04-28 18:33:35.615 10 INFO neutron.api.wsgi [None req-cf7f5866-7981-484e-b421-859a7bb2668f d96e52cac3b2466886195e5b55f7629c 289be8de81ae4719a101d91082ea35aa - - default default] 10.0.0.252 "POST /v2.0/subnets HTTP/1.1" status: 201 len: 890 time: 0.6202090
2026-04-28 18:33:35.881 10 INFO neutron.api.wsgi [req-32122943-d653-4c4a-9bf9-f9b94ccfea0f req-8f96bfcc-32be-4d9c-ab16-3589e311706d cebdd2d6b0e344cea3cbbffc4f62fdad f3c4d40239ea44828e9ec4d046c04875 - - default default] 10.0.0.184 "GET /v2.0/ports?device_id=6a0f5eca-2f1d-4889-9f0f-3ebf38dcde22 HTTP/1.1" status: 200 len: 210 time: 0.0156710
2026-04-28 18:33:36.023 10 WARNING neutron.scheduler.dhcp_agent_scheduler [None req-5e1dbd7a-99be-4629-a32e-dde7a217fa87 d96e52cac3b2466886195e5b55f7629c 289be8de81ae4719a101d91082ea35aa - - default default] No more DHCP agents
2026-04-28 18:33:36.024 10 WARNING neutron.api.rpc.agentnotifiers.dhcp_rpc_agent_api [None req-5e1dbd7a-99be-4629-a32e-dde7a217fa87 d96e52cac3b2466886195e5b55f7629c 289be8de81ae4719a101d91082ea35aa - - default default] Unable to schedule network 9e705714-b02a-48d8-89d5-7fe4e4d0fe0a: no agents available; will retry on subsequent port and subnet creation events.
2026-04-28 18:33:36.143 10 INFO neutron.db.ovn_revision_numbers_db [None req-5e1dbd7a-99be-4629-a32e-dde7a217fa87 d96e52cac3b2466886195e5b55f7629c 289be8de81ae4719a101d91082ea35aa - - default default] Successfully bumped revision number for resource 4ab63fd5-d117-42d3-af63-5b77c0ee6558 (type: ports) to 1
2026-04-28 18:33:36.711 10 INFO neutron.plugins.ml2.drivers.ovn.mech_driver.ovsdb.commands [None req-6520c417-cd33-4028-a04c-3352caef41b0 - - - - - -] Schedule LRP lrp-4ab63fd5-d117-42d3-af63-5b77c0ee6558 on gateway 9db5f80a-0c01-46db-9847-81c9d222b3b2 with priority 1
2026-04-28 18:33:36.721 9 INFO neutron.plugins.ml2.drivers.ovn.mech_driver.mech_driver [None req-a325f1fa-c853-4f00-a969-4feeb6337ced - - - - - -] OVN reports status up for port: 4ab63fd5-d117-42d3-af63-5b77c0ee6558
2026-04-28 18:33:36.729 9 INFO neutron.plugins.ml2.plugin [None req-a325f1fa-c853-4f00-a969-4feeb6337ced - - - - - -] Attempt 1 to provision port 4ab63fd5-d117-42d3-af63-5b77c0ee6558
2026-04-28 18:33:36.737 10 INFO neutron.plugins.ml2.drivers.ovn.mech_driver.ovsdb.ovsdb_monitor [None req-7e05edea-26e5-4f79-b83d-093eb81e3eee - - - - - -] Router 5d23b7f3-cabd-4a3d-8ed0-7546c913daee is bound to host instance
2026-04-28 18:33:36.758 10 INFO neutron.db.ovn_revision_numbers_db [None req-5e1dbd7a-99be-4629-a32e-dde7a217fa87 d96e52cac3b2466886195e5b55f7629c 289be8de81ae4719a101d91082ea35aa - - default default] Successfully bumped revision number for resource 4ab63fd5-d117-42d3-af63-5b77c0ee6558 (type: router_ports) to 1
2026-04-28 18:33:36.822 10 INFO neutron.db.ovn_revision_numbers_db [None req-5e1dbd7a-99be-4629-a32e-dde7a217fa87 d96e52cac3b2466886195e5b55f7629c 289be8de81ae4719a101d91082ea35aa - - default default] Successfully bumped revision number for resource 5d23b7f3-cabd-4a3d-8ed0-7546c913daee (type: routers) to 2
2026-04-28 18:33:36.841 10 INFO neutron.api.wsgi [None req-5e1dbd7a-99be-4629-a32e-dde7a217fa87 d96e52cac3b2466886195e5b55f7629c 289be8de81ae4719a101d91082ea35aa - - default default] 10.0.0.252 "POST /v2.0/routers HTTP/1.1" status: 201 len: 1168 time: 1.2214291 /var/lib/openstack/lib/python3.12/site-packages/pycadf/identifier.py:71: UserWarning: Invalid uuid: neutron. To ensure interoperability, identifiers should be a valid uuid. warnings.warn(('Invalid uuid: %s. To ensure interoperability, '
2026-04-28 18:33:36.956 9 INFO neutron.api.wsgi [req-4e346341-8f8e-4a6f-97b7-43065a4258eb req-38170e95-a723-4972-91c6-86e3dfb47c1d cebdd2d6b0e344cea3cbbffc4f62fdad f3c4d40239ea44828e9ec4d046c04875 - - default default] 10.0.0.184 "GET /v2.0/ports?device_id=6a0f5eca-2f1d-4889-9f0f-3ebf38dcde22 HTTP/1.1" status: 200 len: 210 time: 0.0173142
2026-04-28 18:33:37.194 10 INFO neutron.db.ovn_revision_numbers_db [None req-27f0c06d-91cd-44e0-ad3e-6c10233c577a - - - - - -] Successfully bumped revision number for resource 4ab63fd5-d117-42d3-af63-5b77c0ee6558 (type: ports) to 1
2026-04-28 18:33:37.281 10 WARNING neutron.scheduler.dhcp_agent_scheduler [None req-4bead59d-41f5-4f6a-99ee-1c7cc56881b1 d96e52cac3b2466886195e5b55f7629c 289be8de81ae4719a101d91082ea35aa - - default default] No more DHCP agents
2026-04-28 18:33:37.283 10 WARNING neutron.api.rpc.agentnotifiers.dhcp_rpc_agent_api [None req-4bead59d-41f5-4f6a-99ee-1c7cc56881b1 d96e52cac3b2466886195e5b55f7629c 289be8de81ae4719a101d91082ea35aa - - default default] Unable to schedule network fe6e90a9-29f5-4964-8b4a-6b4893cf3dcc: no agents available; will retry on subsequent port and subnet creation events.
2026-04-28 18:33:37.401 10 INFO neutron.db.ovn_revision_numbers_db [None req-4bead59d-41f5-4f6a-99ee-1c7cc56881b1 d96e52cac3b2466886195e5b55f7629c 289be8de81ae4719a101d91082ea35aa - - default default] Successfully bumped revision number for resource de3b1d0f-3f6c-4eb2-8e9d-9c606d5705ca (type: ports) to 1
2026-04-28 18:33:37.515 10 INFO neutron.db.ovn_revision_numbers_db [None req-27f0c06d-91cd-44e0-ad3e-6c10233c577a - - - - - -] Successfully bumped revision number for resource 4ab63fd5-d117-42d3-af63-5b77c0ee6558 (type: ports) to 4
2026-04-28 18:33:37.851 10 INFO neutron.db.ovn_revision_numbers_db [None req-27f0c06d-91cd-44e0-ad3e-6c10233c577a - - - - - -] Successfully bumped revision number for resource 4ab63fd5-d117-42d3-af63-5b77c0ee6558 (type: ports) to 5
2026-04-28 18:33:37.944 10 INFO neutron.plugins.ml2.drivers.ovn.mech_driver.mech_driver [None req-e75f459d-ccbd-4be6-805e-57543248277f - - - - - -] OVN reports status up for port: de3b1d0f-3f6c-4eb2-8e9d-9c606d5705ca
2026-04-28 18:33:37.950 10 INFO neutron.plugins.ml2.plugin [None req-e75f459d-ccbd-4be6-805e-57543248277f - - - - - -] Attempt 1 to provision port de3b1d0f-3f6c-4eb2-8e9d-9c606d5705ca
2026-04-28 18:33:37.963 10 INFO neutron.db.ovn_revision_numbers_db [None req-4bead59d-41f5-4f6a-99ee-1c7cc56881b1 d96e52cac3b2466886195e5b55f7629c 289be8de81ae4719a101d91082ea35aa - - default default] Successfully bumped revision number for resource de3b1d0f-3f6c-4eb2-8e9d-9c606d5705ca (type: ports) to 1
2026-04-28 18:33:38.016 10 WARNING neutron.scheduler.dhcp_agent_scheduler [None req-4bead59d-41f5-4f6a-99ee-1c7cc56881b1 d96e52cac3b2466886195e5b55f7629c 289be8de81ae4719a101d91082ea35aa - - default default] No more DHCP agents
2026-04-28 18:33:38.017 10 WARNING neutron.api.rpc.agentnotifiers.dhcp_rpc_agent_api [None req-4bead59d-41f5-4f6a-99ee-1c7cc56881b1 d96e52cac3b2466886195e5b55f7629c 289be8de81ae4719a101d91082ea35aa - - default default] Unable to schedule network fe6e90a9-29f5-4964-8b4a-6b4893cf3dcc: no agents available; will retry on subsequent port and subnet creation events.
2026-04-28 18:33:38.131 9 INFO neutron.api.wsgi [None req-8b2d51f7-61e9-43b5-80db-7ae119e19f19 cebdd2d6b0e344cea3cbbffc4f62fdad f3c4d40239ea44828e9ec4d046c04875 - - default default] 10.0.0.252 "DELETE /v2.0/security-groups/cedaa4ef-3395-49c6-8b5a-527ed03779f1 HTTP/1.1" status: 204 len: 168 time: 0.1070967
2026-04-28 18:33:38.143 9 INFO neutron.api.v2.resource [None req-d21a3f87-0415-44fd-a419-f11a663b7d7c cebdd2d6b0e344cea3cbbffc4f62fdad f3c4d40239ea44828e9ec4d046c04875 - - default default] show failed (client error): The resource could not be found.
2026-04-28 18:33:38.144 9 INFO neutron.api.wsgi [None req-d21a3f87-0415-44fd-a419-f11a663b7d7c cebdd2d6b0e344cea3cbbffc4f62fdad f3c4d40239ea44828e9ec4d046c04875 - - default default] 10.0.0.252 "GET /v2.0/security-groups/cedaa4ef-3395-49c6-8b5a-527ed03779f1 HTTP/1.1" status: 404 len: 347 time: 0.0081956
2026-04-28 18:33:38.404 10 INFO neutron.api.wsgi [-] 10.0.0.22 "GET / HTTP/1.1" status: 200 len: 247 time: 0.0012119
2026-04-28 18:33:38.404 9 INFO neutron.api.wsgi [-] 10.0.0.22 "GET / HTTP/1.1" status: 200 len: 247 time: 0.0017495
2026-04-28 18:33:38.408 9 INFO neutron.api.wsgi [None req-edb98909-14b2-49cc-b01c-79399d12a3ed cebdd2d6b0e344cea3cbbffc4f62fdad f3c4d40239ea44828e9ec4d046c04875 - - default default] 10.0.0.252 "DELETE /v2.0/floatingips/c2373127-9ce2-4298-8d09-c3f57cce369a HTTP/1.1" status: 204 len: 168 time: 0.2596662
2026-04-28 18:33:38.460 10 INFO neutron.db.ovn_revision_numbers_db [None req-e75f459d-ccbd-4be6-805e-57543248277f - - - - - -] Successfully bumped revision number for resource de3b1d0f-3f6c-4eb2-8e9d-9c606d5705ca (type: ports) to 2
2026-04-28 18:33:38.721 10 INFO neutron.db.ovn_revision_numbers_db [None req-4bead59d-41f5-4f6a-99ee-1c7cc56881b1 d96e52cac3b2466886195e5b55f7629c 289be8de81ae4719a101d91082ea35aa - - default default] Successfully bumped revision number for resource de3b1d0f-3f6c-4eb2-8e9d-9c606d5705ca (type: router_ports) to 1
2026-04-28 18:33:38.726 10 INFO neutron.api.wsgi [None req-4bead59d-41f5-4f6a-99ee-1c7cc56881b1 d96e52cac3b2466886195e5b55f7629c 289be8de81ae4719a101d91082ea35aa - - default default] 10.0.0.252 "PUT /v2.0/routers/5d23b7f3-cabd-4a3d-8ed0-7546c913daee/add_router_interface HTTP/1.1" status: 200 len: 503 time: 1.8740590
2026-04-28 18:33:38.802 9 INFO neutron.db.ovn_revision_numbers_db [None req-76a50610-c649-4b6e-a2e8-832b16f16b95 d96e52cac3b2466886195e5b55f7629c 289be8de81ae4719a101d91082ea35aa - - default default] Successfully bumped revision number for resource e9f5b203-76b5-494e-88f8-7d3e375fb039 (type: security_groups) to 1
2026-04-28 18:33:38.823 9 INFO neutron.db.ovn_revision_numbers_db [None req-76a50610-c649-4b6e-a2e8-832b16f16b95 d96e52cac3b2466886195e5b55f7629c 289be8de81ae4719a101d91082ea35aa - - default default] Successfully bumped revision number for resource 2409184d-cf95-4524-80fa-f7621a0601ef (type: security_group_rules) to 0
2026-04-28 18:33:38.837 9 INFO neutron.db.ovn_revision_numbers_db [None req-76a50610-c649-4b6e-a2e8-832b16f16b95 d96e52cac3b2466886195e5b55f7629c 289be8de81ae4719a101d91082ea35aa - - default default] Successfully bumped revision number for resource 9247e943-178c-4290-a997-d77afa561576 (type: security_group_rules) to 0
2026-04-28 18:33:38.849 9 INFO neutron.db.ovn_revision_numbers_db [None req-76a50610-c649-4b6e-a2e8-832b16f16b95 d96e52cac3b2466886195e5b55f7629c 289be8de81ae4719a101d91082ea35aa - - default default] Successfully bumped revision number for resource b9fcebeb-5e72-494f-b415-b24aa6bb01ad (type: security_group_rules) to 0
2026-04-28 18:33:38.871 9 INFO neutron.db.ovn_revision_numbers_db [None req-76a50610-c649-4b6e-a2e8-832b16f16b95 d96e52cac3b2466886195e5b55f7629c 289be8de81ae4719a101d91082ea35aa - - default default] Successfully bumped revision number for resource bbadad4f-3bcf-4ac0-99a1-e3a6a912eb03 (type: security_group_rules) to 0
2026-04-28 18:33:38.913 9 INFO neutron.api.wsgi [None req-76a50610-c649-4b6e-a2e8-832b16f16b95 d96e52cac3b2466886195e5b55f7629c 289be8de81ae4719a101d91082ea35aa - - default default] 10.0.0.252 "GET /v2.0/security-groups?tenant_id=ab84d35003a4449f9e841c47d0a204bf&name=default HTTP/1.1" status: 200 len: 3120 time: 0.3587248
