2026-04-28 18:36:49.703 10 INFO neutron.api.wsgi [req-fc419297-ff5d-4f53-bc9a-6b9dfb5e2697 req-d32fe592-cd39-4152-af3f-a0edd213c14b e4f4680b9a70494695e16f6922389395 eedfd316bc504bb0a7c64b5ef75c7336 - - default default] 10.0.0.184 "GET /v2.0/ports?device_id=c28ebb07-a88e-49d1-881a-0dbf0b7fbb82 HTTP/1.1" status: 200 len: 210 time: 0.0157282
2026-04-28 18:36:49.725 10 INFO neutron.api.wsgi [None req-ee5bf830-dda3-40be-8b4d-4e546bae56db d96e52cac3b2466886195e5b55f7629c 289be8de81ae4719a101d91082ea35aa - - default default] 10.0.0.252 "GET /v2.0/security-groups?tenant_id=1388ff9b6c7b4c99bc3727c7560bb763&name=default HTTP/1.1" status: 200 len: 3120 time: 0.1662958
2026-04-28 18:36:49.870 10 INFO neutron.api.wsgi [None req-d6e5eca0-6cb8-4cfe-9cb1-c5f2bf08cca8 d96e52cac3b2466886195e5b55f7629c 289be8de81ae4719a101d91082ea35aa - - default default] 10.0.0.252 "DELETE /v2.0/security-groups/993ffbe4-8dbb-482a-8450-8058b1726ffb HTTP/1.1" status: 204 len: 168 time: 0.1410878
2026-04-28 18:36:50.780 9 INFO neutron.api.wsgi [req-ade46cfe-31fa-46e7-ac93-3a2a9c801d00 req-ed91054a-8df2-488d-845d-fc280bda7693 e4f4680b9a70494695e16f6922389395 eedfd316bc504bb0a7c64b5ef75c7336 - - default default] 10.0.0.184 "GET /v2.0/ports?device_id=c28ebb07-a88e-49d1-881a-0dbf0b7fbb82 HTTP/1.1" status: 200 len: 210 time: 0.0161247
2026-04-28 18:36:51.953 10 INFO neutron.api.wsgi [None req-e45eb4ee-28c5-42b8-a839-7714c14111b2 e4f4680b9a70494695e16f6922389395 eedfd316bc504bb0a7c64b5ef75c7336 - - default default] 10.0.0.252 "DELETE /v2.0/security-groups/84470fcd-eb22-4dfa-a769-13fa3c1c5122 HTTP/1.1" status: 204 len: 168 time: 0.1283321
2026-04-28 18:36:52.647 9 INFO neutron.api.wsgi [None req-1a56b590-7821-431a-bf48-abb01d3642d7 e4f4680b9a70494695e16f6922389395 eedfd316bc504bb0a7c64b5ef75c7336 - - default default] 10.0.0.252 "PUT /v2.0/routers/6955d45b-57e5-402c-9219-8a9c21b3f9dc/remove_router_interface HTTP/1.1" status: 200 len: 503 time: 0.6656315 /var/lib/openstack/lib/python3.12/site-packages/pycadf/identifier.py:71: UserWarning: Invalid uuid: neutron. To ensure interoperability, identifiers should be a valid uuid. warnings.warn(('Invalid uuid: %s. To ensure interoperability, '
2026-04-28 18:36:52.774 9 INFO neutron.api.wsgi [None req-bec58e96-119d-47ee-bf8e-878491b3bf39 e4f4680b9a70494695e16f6922389395 eedfd316bc504bb0a7c64b5ef75c7336 - - default default] 10.0.0.252 "DELETE /v2.0/subnets/dbf84aaf-11b1-4616-97b6-4b7fcaeeba6b HTTP/1.1" status: 204 len: 168 time: 0.1210601
2026-04-28 18:36:53.404 10 INFO neutron.api.wsgi [-] 10.0.0.22 "GET / HTTP/1.1" status: 200 len: 247 time: 0.0015500
2026-04-28 18:36:53.406 10 INFO neutron.api.wsgi [-] 10.0.0.22 "GET / HTTP/1.1" status: 200 len: 247 time: 0.0011563
2026-04-28 18:36:53.612 9 INFO neutron.api.wsgi [None req-5c2ed908-3659-4d6e-bff8-61ed6cf2388b e4f4680b9a70494695e16f6922389395 eedfd316bc504bb0a7c64b5ef75c7336 - - default default] 10.0.0.252 "DELETE /v2.0/routers/6955d45b-57e5-402c-9219-8a9c21b3f9dc HTTP/1.1" status: 204 len: 168 time: 0.8354023
2026-04-28 18:36:53.766 10 WARNING neutron_lib.context [None req-ef9cba4a-7950-43a6-9fcb-accbdc8949b8 10575bb1bd0844439aca23f59efcd7b2 57b3aae4afc645d2b1931e3d62b61318 - - default default] Method 'is_advsvc' is deprecated since 2023.2 release (neutron-lib 3.8.0) and will be removed once support for the old RBAC API policies will be removed from Neutron. Please use method 'is_service_role' instead.
2026-04-28 18:36:53.882 9 INFO neutron.services.segments.plugin [-] Segment 2572b39f-7000-480b-8aa6-4a803be2a47d resource provider aggregate not found
2026-04-28 18:36:53.888 9 INFO neutron.services.segments.plugin [-] Segment 2572b39f-7000-480b-8aa6-4a803be2a47d resource provider aggregate not found
2026-04-28 18:36:53.902 9 INFO neutron.services.segments.plugin [-] Segment 2572b39f-7000-480b-8aa6-4a803be2a47d resource provider not found; error: Placement Client Error (4xx): {"errors": [{"status": 404, "title": "Not Found", "detail": "The resource could not be found.\n\n No resource provider with uuid 2572b39f-7000-480b-8aa6-4a803be2a47d found for delete ", "request_id": "req-bb7fdaee-e157-4303-9374-e1db3ae1d0fd"}]}
2026-04-28 18:36:53.903 9 INFO neutron.services.segments.plugin [-] Segment 2572b39f-7000-480b-8aa6-4a803be2a47d resource provider not found; error: Placement Client Error (4xx): {"errors": [{"status": 404, "title": "Not Found", "detail": "The resource could not be found.\n\n No resource provider with uuid 2572b39f-7000-480b-8aa6-4a803be2a47d found for delete ", "request_id": "req-21da4581-c6a6-4a3d-a591-56a91fd196c2"}]}
2026-04-28 18:36:53.908 10 INFO neutron.db.ovn_revision_numbers_db [None req-ef9cba4a-7950-43a6-9fcb-accbdc8949b8 10575bb1bd0844439aca23f59efcd7b2 57b3aae4afc645d2b1931e3d62b61318 - - default default] Successfully bumped revision number for resource d16baf6e-d084-40cf-a77a-6f65f27914f8 (type: security_groups) to 1
2026-04-28 18:36:53.918 10 INFO neutron.db.ovn_revision_numbers_db [None req-ef9cba4a-7950-43a6-9fcb-accbdc8949b8 10575bb1bd0844439aca23f59efcd7b2 57b3aae4afc645d2b1931e3d62b61318 - - default default] Successfully bumped revision number for resource 52114978-795a-4a7d-92af-8624020766f9 (type: security_group_rules) to 0
2026-04-28 18:36:53.921 9 INFO neutron.api.wsgi [None req-8f5504c6-3be4-48f4-9fad-13741c0484b5 e4f4680b9a70494695e16f6922389395 eedfd316bc504bb0a7c64b5ef75c7336 - - default default] 10.0.0.252 "DELETE /v2.0/networks/c93e9c59-a1df-44ed-a3be-3baee0138416 HTTP/1.1" status: 204 len: 168 time: 0.3014958
2026-04-28 18:36:53.930 10 INFO neutron.db.ovn_revision_numbers_db [None req-ef9cba4a-7950-43a6-9fcb-accbdc8949b8 10575bb1bd0844439aca23f59efcd7b2 57b3aae4afc645d2b1931e3d62b61318 - - default default] Successfully bumped revision number for resource 8ec3bbcb-9eb1-4814-9728-08bccd1527d6 (type: security_group_rules) to 0
2026-04-28 18:36:53.941 10 INFO neutron.db.ovn_revision_numbers_db [None req-ef9cba4a-7950-43a6-9fcb-accbdc8949b8 10575bb1bd0844439aca23f59efcd7b2 57b3aae4afc645d2b1931e3d62b61318 - - default default] Successfully bumped revision number for resource cbe2cceb-8b66-4bad-9495-8a5b2b82c196 (type: security_group_rules) to 0
2026-04-28 18:36:53.953 10 INFO neutron.db.ovn_revision_numbers_db [None req-ef9cba4a-7950-43a6-9fcb-accbdc8949b8 10575bb1bd0844439aca23f59efcd7b2 57b3aae4afc645d2b1931e3d62b61318 - - default default] Successfully bumped revision number for resource dc1b81c8-95c3-4096-aa4a-826ca3d1727b (type: security_group_rules) to 0
2026-04-28 18:36:54.026 10 INFO neutron.db.segments_db [None req-ef9cba4a-7950-43a6-9fcb-accbdc8949b8 10575bb1bd0844439aca23f59efcd7b2 57b3aae4afc645d2b1931e3d62b61318 - - default default] Added segment d6fb748d-c94a-49e0-8931-fb58b4a1c4e6 of type geneve for network cadb8d47-5e68-4431-954f-3c01515c3536
2026-04-28 18:36:54.130 10 INFO neutron.db.ovn_revision_numbers_db [None req-ef9cba4a-7950-43a6-9fcb-accbdc8949b8 10575bb1bd0844439aca23f59efcd7b2 57b3aae4afc645d2b1931e3d62b61318 - - default default] Successfully bumped revision number for resource cadb8d47-5e68-4431-954f-3c01515c3536 (type: networks) to 1
2026-04-28 18:36:54.279 10 WARNING neutron.scheduler.dhcp_agent_scheduler [None req-ef9cba4a-7950-43a6-9fcb-accbdc8949b8 10575bb1bd0844439aca23f59efcd7b2 57b3aae4afc645d2b1931e3d62b61318 - - default default] No more DHCP agents
2026-04-28 18:36:54.281 10 WARNING neutron.api.rpc.agentnotifiers.dhcp_rpc_agent_api [None req-ef9cba4a-7950-43a6-9fcb-accbdc8949b8 10575bb1bd0844439aca23f59efcd7b2 57b3aae4afc645d2b1931e3d62b61318 - - default default] Unable to schedule network cadb8d47-5e68-4431-954f-3c01515c3536: no agents available; will retry on subsequent port and subnet creation events.
2026-04-28 18:36:54.344 10 INFO neutron.db.ovn_revision_numbers_db [None req-ef9cba4a-7950-43a6-9fcb-accbdc8949b8 10575bb1bd0844439aca23f59efcd7b2 57b3aae4afc645d2b1931e3d62b61318 - - default default] Successfully bumped revision number for resource 5d2d3069-46e2-45a2-b9d2-e034350d01b9 (type: ports) to 1
2026-04-28 18:36:54.363 10 INFO neutron.api.wsgi [None req-ef9cba4a-7950-43a6-9fcb-accbdc8949b8 10575bb1bd0844439aca23f59efcd7b2 57b3aae4afc645d2b1931e3d62b61318 - - default default] 10.0.0.252 "POST /v2.0/networks HTTP/1.1" status: 201 len: 831 time: 0.7229459
2026-04-28 18:36:54.371 10 WARNING neutron_lib.context [None req-018079eb-e119-4683-bb51-81cbd49080cb 10575bb1bd0844439aca23f59efcd7b2 57b3aae4afc645d2b1931e3d62b61318 - - default default] Method 'is_advsvc' is deprecated since 2023.2 release (neutron-lib 3.8.0) and will be removed once support for the old RBAC API policies will be removed from Neutron. Please use method 'is_service_role' instead.
2026-04-28 18:36:54.501 10 WARNING neutron.scheduler.dhcp_agent_scheduler [None req-018079eb-e119-4683-bb51-81cbd49080cb 10575bb1bd0844439aca23f59efcd7b2 57b3aae4afc645d2b1931e3d62b61318 - - default default] No more DHCP agents
2026-04-28 18:36:54.501 10 WARNING neutron.api.rpc.agentnotifiers.dhcp_rpc_agent_api [None req-018079eb-e119-4683-bb51-81cbd49080cb 10575bb1bd0844439aca23f59efcd7b2 57b3aae4afc645d2b1931e3d62b61318 - - default default] Unable to schedule network cadb8d47-5e68-4431-954f-3c01515c3536: no agents available; will retry on subsequent port and subnet creation events.
2026-04-28 18:36:54.695 9 INFO neutron.api.wsgi [None req-2bc1f88f-2bdf-4d23-b0ac-992fc48d448a d96e52cac3b2466886195e5b55f7629c 289be8de81ae4719a101d91082ea35aa - - default default] 10.0.0.252 "GET /v2.0/security-groups?tenant_id=eedfd316bc504bb0a7c64b5ef75c7336&name=default HTTP/1.1" status: 200 len: 3120 time: 0.1105483
2026-04-28 18:36:54.847 10 INFO neutron.db.ovn_revision_numbers_db [None req-71beb116-30f4-48d3-8826-d6fdfa5c17a8 - - - - - -] Successfully bumped revision number for resource 5d2d3069-46e2-45a2-b9d2-e034350d01b9 (type: ports) to 2
2026-04-28 18:36:54.870 10 INFO neutron.db.ovn_revision_numbers_db [None req-71beb116-30f4-48d3-8826-d6fdfa5c17a8 - - - - - -] Successfully bumped revision number for resource 50575758-7d01-4986-8352-1e0da6692d9a (type: subnets) to 0
2026-04-28 18:36:54.884 10 INFO neutron.api.wsgi [None req-018079eb-e119-4683-bb51-81cbd49080cb 10575bb1bd0844439aca23f59efcd7b2 57b3aae4afc645d2b1931e3d62b61318 - - default default] 10.0.0.252 "POST /v2.0/subnets HTTP/1.1" status: 201 len: 825 time: 0.5165708
2026-04-28 18:36:54.886 9 INFO neutron.api.wsgi [None req-713588a2-85a1-49b7-b912-9706827a13ad d96e52cac3b2466886195e5b55f7629c 289be8de81ae4719a101d91082ea35aa - - default default] 10.0.0.252 "DELETE /v2.0/security-groups/3935a7a9-da9f-4ea3-89c3-c21ca1b6adf3 HTTP/1.1" status: 204 len: 168 time: 0.1853554
2026-04-28 18:36:54.892 9 WARNING neutron_lib.context [None req-de96dfab-c993-421e-bfe7-92d91fcc1664 10575bb1bd0844439aca23f59efcd7b2 57b3aae4afc645d2b1931e3d62b61318 - - default default] Method 'is_advsvc' is deprecated since 2023.2 release (neutron-lib 3.8.0) and will be removed once support for the old RBAC API policies will be removed from Neutron. Please use method 'is_service_role' instead.
2026-04-28 18:36:54.975 9 INFO neutron.db.segments_db [None req-de96dfab-c993-421e-bfe7-92d91fcc1664 10575bb1bd0844439aca23f59efcd7b2 57b3aae4afc645d2b1931e3d62b61318 - - default default] Added segment 33cdb334-ec88-48c2-a0e4-16ee40a28818 of type geneve for network 0a38eae1-b4ca-4575-9c22-95efedac411d
2026-04-28 18:36:55.058 10 INFO neutron.db.ovn_revision_numbers_db [None req-722759ec-161e-4c1a-8650-302a4b1d1c2e d96e52cac3b2466886195e5b55f7629c 289be8de81ae4719a101d91082ea35aa - - default default] Successfully bumped revision number for resource 08627e09-78a3-43b0-9488-814dc96b4cbe (type: security_groups) to 1
2026-04-28 18:36:55.069 10 INFO neutron.db.ovn_revision_numbers_db [None req-722759ec-161e-4c1a-8650-302a4b1d1c2e d96e52cac3b2466886195e5b55f7629c 289be8de81ae4719a101d91082ea35aa - - default default] Successfully bumped revision number for resource 15a40ccd-a500-4017-a8de-ac494530ddb3 (type: security_group_rules) to 0
2026-04-28 18:36:55.077 9 INFO neutron.db.ovn_revision_numbers_db [None req-de96dfab-c993-421e-bfe7-92d91fcc1664 10575bb1bd0844439aca23f59efcd7b2 57b3aae4afc645d2b1931e3d62b61318 - - default default] Successfully bumped revision number for resource 0a38eae1-b4ca-4575-9c22-95efedac411d (type: networks) to 1
2026-04-28 18:36:55.081 10 INFO neutron.db.ovn_revision_numbers_db [None req-722759ec-161e-4c1a-8650-302a4b1d1c2e d96e52cac3b2466886195e5b55f7629c 289be8de81ae4719a101d91082ea35aa - - default default] Successfully bumped revision number for resource 1a90643d-0bf6-4dcf-bcdf-fd106d5ee7f9 (type: security_group_rules) to 0
2026-04-28 18:36:55.094 10 INFO neutron.db.ovn_revision_numbers_db [None req-722759ec-161e-4c1a-8650-302a4b1d1c2e d96e52cac3b2466886195e5b55f7629c 289be8de81ae4719a101d91082ea35aa - - default default] Successfully bumped revision number for resource a0b47f50-d87e-4505-93c0-92d41e5abea5 (type: security_group_rules) to 0
2026-04-28 18:36:55.106 10 INFO neutron.db.ovn_revision_numbers_db [None req-722759ec-161e-4c1a-8650-302a4b1d1c2e d96e52cac3b2466886195e5b55f7629c 289be8de81ae4719a101d91082ea35aa - - default default] Successfully bumped revision number for resource cbe5a096-6962-4396-91be-08e754bf838d (type: security_group_rules) to 0
2026-04-28 18:36:55.140 10 INFO neutron.api.wsgi [None req-722759ec-161e-4c1a-8650-302a4b1d1c2e d96e52cac3b2466886195e5b55f7629c 289be8de81ae4719a101d91082ea35aa - - default default] 10.0.0.252 "GET /v2.0/security-groups?tenant_id=8efa4b3dcce042779ca160d2030ad727&name=default HTTP/1.1" status: 200 len: 3120 time: 0.1752706
2026-04-28 18:36:55.220 9 WARNING neutron.scheduler.dhcp_agent_scheduler [None req-de96dfab-c993-421e-bfe7-92d91fcc1664 10575bb1bd0844439aca23f59efcd7b2 57b3aae4afc645d2b1931e3d62b61318 - - default default] No more DHCP agents
2026-04-28 18:36:55.221 9 WARNING neutron.api.rpc.agentnotifiers.dhcp_rpc_agent_api [None req-de96dfab-c993-421e-bfe7-92d91fcc1664 10575bb1bd0844439aca23f59efcd7b2 57b3aae4afc645d2b1931e3d62b61318 - - default default] Unable to schedule network 0a38eae1-b4ca-4575-9c22-95efedac411d: no agents available; will retry on subsequent port and subnet creation events.
2026-04-28 18:36:55.275 9 INFO neutron.db.ovn_revision_numbers_db [None req-de96dfab-c993-421e-bfe7-92d91fcc1664 10575bb1bd0844439aca23f59efcd7b2 57b3aae4afc645d2b1931e3d62b61318 - - default default] Successfully bumped revision number for resource 702e8615-37f1-48c1-8179-6a001e230966 (type: ports) to 1
2026-04-28 18:36:55.291 9 INFO neutron.api.wsgi [None req-de96dfab-c993-421e-bfe7-92d91fcc1664 10575bb1bd0844439aca23f59efcd7b2 57b3aae4afc645d2b1931e3d62b61318 - - default default] 10.0.0.252 "POST /v2.0/networks HTTP/1.1" status: 201 len: 830 time: 0.4028482
2026-04-28 18:36:55.302 10 WARNING neutron_lib.context [None req-5214db76-a693-4c38-b3df-b159ade13359 10575bb1bd0844439aca23f59efcd7b2 57b3aae4afc645d2b1931e3d62b61318 - - default default] Method 'is_advsvc' is deprecated since 2023.2 release (neutron-lib 3.8.0) and will be removed once support for the old RBAC API policies will be removed from Neutron. Please use method 'is_service_role' instead.
2026-04-28 18:36:55.331 10 INFO neutron.api.wsgi [None req-c66d7fe3-370e-48fd-aecd-7a08aa3e5ac4 d96e52cac3b2466886195e5b55f7629c 289be8de81ae4719a101d91082ea35aa - - default default] 10.0.0.252 "DELETE /v2.0/security-groups/08627e09-78a3-43b0-9488-814dc96b4cbe HTTP/1.1" status: 204 len: 168 time: 0.1858184
2026-04-28 18:36:55.482 10 WARNING neutron.scheduler.dhcp_agent_scheduler [None req-5214db76-a693-4c38-b3df-b159ade13359 10575bb1bd0844439aca23f59efcd7b2 57b3aae4afc645d2b1931e3d62b61318 - - default default] No more DHCP agents
2026-04-28 18:36:55.483 10 WARNING neutron.api.rpc.agentnotifiers.dhcp_rpc_agent_api [None req-5214db76-a693-4c38-b3df-b159ade13359 10575bb1bd0844439aca23f59efcd7b2 57b3aae4afc645d2b1931e3d62b61318 - - default default] Unable to schedule network 0a38eae1-b4ca-4575-9c22-95efedac411d: no agents available; will retry on subsequent port and subnet creation events.
2026-04-28 18:36:55.858 10 INFO neutron.db.ovn_revision_numbers_db [None req-23c245dd-cfb6-4900-be04-d4b3bf945b16 - - - - - -] Successfully bumped revision number for resource 702e8615-37f1-48c1-8179-6a001e230966 (type: ports) to 2
2026-04-28 18:36:55.885 10 INFO neutron.db.ovn_revision_numbers_db [None req-23c245dd-cfb6-4900-be04-d4b3bf945b16 - - - - - -] Successfully bumped revision number for resource 58f662db-98ff-48ab-adcf-354625475063 (type: subnets) to 0
2026-04-28 18:36:55.899 10 INFO neutron.api.wsgi [None req-5214db76-a693-4c38-b3df-b159ade13359 10575bb1bd0844439aca23f59efcd7b2 57b3aae4afc645d2b1931e3d62b61318 - - default default] 10.0.0.252 "POST /v2.0/subnets HTTP/1.1" status: 201 len: 828 time: 0.6014543
2026-04-28 18:36:55.907 10 WARNING neutron_lib.context [None req-a22aa5af-e772-4218-8a03-163f78b56c3d 10575bb1bd0844439aca23f59efcd7b2 57b3aae4afc645d2b1931e3d62b61318 - - default default] Method 'is_advsvc' is deprecated since 2023.2 release (neutron-lib 3.8.0) and will be removed once support for the old RBAC API policies will be removed from Neutron. Please use method 'is_service_role' instead.
2026-04-28 18:36:55.981 10 INFO neutron.db.segments_db [None req-a22aa5af-e772-4218-8a03-163f78b56c3d 10575bb1bd0844439aca23f59efcd7b2 57b3aae4afc645d2b1931e3d62b61318 - - default default] Added segment 425cfeb5-8a4e-4d1e-8b14-221a8ce98cbe of type geneve for network 8493be13-d1fd-462c-bb5e-d8e086f600d2
2026-04-28 18:36:56.096 10 INFO neutron.db.ovn_revision_numbers_db [None req-a22aa5af-e772-4218-8a03-163f78b56c3d 10575bb1bd0844439aca23f59efcd7b2 57b3aae4afc645d2b1931e3d62b61318 - - default default] Successfully bumped revision number for resource 8493be13-d1fd-462c-bb5e-d8e086f600d2 (type: networks) to 1
2026-04-28 18:36:56.267 10 WARNING neutron.scheduler.dhcp_agent_scheduler [None req-a22aa5af-e772-4218-8a03-163f78b56c3d 10575bb1bd0844439aca23f59efcd7b2 57b3aae4afc645d2b1931e3d62b61318 - - default default] No more DHCP agents
2026-04-28 18:36:56.269 10 WARNING neutron.api.rpc.agentnotifiers.dhcp_rpc_agent_api [None req-a22aa5af-e772-4218-8a03-163f78b56c3d 10575bb1bd0844439aca23f59efcd7b2 57b3aae4afc645d2b1931e3d62b61318 - - default default] Unable to schedule network 8493be13-d1fd-462c-bb5e-d8e086f600d2: no agents available; will retry on subsequent port and subnet creation events.
2026-04-28 18:36:56.335 10 INFO neutron.db.ovn_revision_numbers_db [None req-a22aa5af-e772-4218-8a03-163f78b56c3d 10575bb1bd0844439aca23f59efcd7b2 57b3aae4afc645d2b1931e3d62b61318 - - default default] Successfully bumped revision number for resource c6c63c4f-0495-4c3b-b506-3a50c920d8f4 (type: ports) to 1
2026-04-28 18:36:56.362 10 INFO neutron.api.wsgi [None req-a22aa5af-e772-4218-8a03-163f78b56c3d 10575bb1bd0844439aca23f59efcd7b2 57b3aae4afc645d2b1931e3d62b61318 - - default default] 10.0.0.252 "POST /v2.0/networks HTTP/1.1" status: 201 len: 830 time: 0.4584825
2026-04-28 18:36:56.370 10 WARNING neutron_lib.context [None req-5b318620-086e-4a85-b9f3-82df9456cbee 10575bb1bd0844439aca23f59efcd7b2 57b3aae4afc645d2b1931e3d62b61318 - - default default] Method 'is_advsvc' is deprecated since 2023.2 release (neutron-lib 3.8.0) and will be removed once support for the old RBAC API policies will be removed from Neutron. Please use method 'is_service_role' instead.
2026-04-28 18:36:56.532 10 WARNING neutron.scheduler.dhcp_agent_scheduler [None req-5b318620-086e-4a85-b9f3-82df9456cbee 10575bb1bd0844439aca23f59efcd7b2 57b3aae4afc645d2b1931e3d62b61318 - - default default] No more DHCP agents
2026-04-28 18:36:56.534 10 WARNING neutron.api.rpc.agentnotifiers.dhcp_rpc_agent_api [None req-5b318620-086e-4a85-b9f3-82df9456cbee 10575bb1bd0844439aca23f59efcd7b2 57b3aae4afc645d2b1931e3d62b61318 - - default default] Unable to schedule network 8493be13-d1fd-462c-bb5e-d8e086f600d2: no agents available; will retry on subsequent port and subnet creation events.
2026-04-28 18:36:56.916 10 INFO neutron.db.ovn_revision_numbers_db [None req-86427541-c643-4ea7-bd61-fd65393bed93 - - - - - -] Successfully bumped revision number for resource c6c63c4f-0495-4c3b-b506-3a50c920d8f4 (type: ports) to 2
2026-04-28 18:36:56.940 10 INFO neutron.db.ovn_revision_numbers_db [None req-86427541-c643-4ea7-bd61-fd65393bed93 - - - - - -] Successfully bumped revision number for resource a32fad77-3fbb-447c-862d-0ebf50efbdce (type: subnets) to 0
2026-04-28 18:36:56.956 10 INFO neutron.api.wsgi [None req-5b318620-086e-4a85-b9f3-82df9456cbee 10575bb1bd0844439aca23f59efcd7b2 57b3aae4afc645d2b1931e3d62b61318 - - default default] 10.0.0.252 "POST /v2.0/subnets HTTP/1.1" status: 201 len: 828 time: 0.5896358
2026-04-28 18:36:56.964 10 WARNING neutron_lib.context [None req-0c951e4b-b7a6-4808-9cea-2a92a56aab09 10575bb1bd0844439aca23f59efcd7b2 57b3aae4afc645d2b1931e3d62b61318 - - default default] Method 'is_advsvc' is deprecated since 2023.2 release (neutron-lib 3.8.0) and will be removed once support for the old RBAC API policies will be removed from Neutron. Please use method 'is_service_role' instead.
2026-04-28 18:36:57.042 10 INFO neutron.db.segments_db [None req-0c951e4b-b7a6-4808-9cea-2a92a56aab09 10575bb1bd0844439aca23f59efcd7b2 57b3aae4afc645d2b1931e3d62b61318 - - default default] Added segment 803cd7fe-f481-4d85-8746-d636321d012f of type geneve for network b92da597-1d67-4354-9902-98643c94c2b6
2026-04-28 18:36:57.167 10 INFO neutron.db.ovn_revision_numbers_db [None req-0c951e4b-b7a6-4808-9cea-2a92a56aab09 10575bb1bd0844439aca23f59efcd7b2 57b3aae4afc645d2b1931e3d62b61318 - - default default] Successfully bumped revision number for resource b92da597-1d67-4354-9902-98643c94c2b6 (type: networks) to 1
2026-04-28 18:36:57.335 10 WARNING neutron.scheduler.dhcp_agent_scheduler [None req-0c951e4b-b7a6-4808-9cea-2a92a56aab09 10575bb1bd0844439aca23f59efcd7b2 57b3aae4afc645d2b1931e3d62b61318 - - default default] No more DHCP agents
2026-04-28 18:36:57.336 10 WARNING neutron.api.rpc.agentnotifiers.dhcp_rpc_agent_api [None req-0c951e4b-b7a6-4808-9cea-2a92a56aab09 10575bb1bd0844439aca23f59efcd7b2 57b3aae4afc645d2b1931e3d62b61318 - - default default] Unable to schedule network b92da597-1d67-4354-9902-98643c94c2b6: no agents available; will retry on subsequent port and subnet creation events.
2026-04-28 18:36:57.394 10 INFO neutron.db.ovn_revision_numbers_db [None req-0c951e4b-b7a6-4808-9cea-2a92a56aab09 10575bb1bd0844439aca23f59efcd7b2 57b3aae4afc645d2b1931e3d62b61318 - - default default] Successfully bumped revision number for resource ef13cf35-02e2-4836-9ae1-4ab417181e0b (type: ports) to 1
2026-04-28 18:36:57.415 10 INFO neutron.api.wsgi [None req-0c951e4b-b7a6-4808-9cea-2a92a56aab09 10575bb1bd0844439aca23f59efcd7b2 57b3aae4afc645d2b1931e3d62b61318 - - default default] 10.0.0.252 "POST /v2.0/networks HTTP/1.1" status: 201 len: 831 time: 0.4549503
2026-04-28 18:36:57.424 10 WARNING neutron_lib.context [None req-235ba3e1-4ce3-4d53-bec3-c2223460de33 10575bb1bd0844439aca23f59efcd7b2 57b3aae4afc645d2b1931e3d62b61318 - - default default] Method 'is_advsvc' is deprecated since 2023.2 release (neutron-lib 3.8.0) and will be removed once support for the old RBAC API policies will be removed from Neutron. Please use method 'is_service_role' instead.
2026-04-28 18:36:57.589 10 WARNING neutron.scheduler.dhcp_agent_scheduler [None req-235ba3e1-4ce3-4d53-bec3-c2223460de33 10575bb1bd0844439aca23f59efcd7b2 57b3aae4afc645d2b1931e3d62b61318 - - default default] No more DHCP agents
2026-04-28 18:36:57.591 10 WARNING neutron.api.rpc.agentnotifiers.dhcp_rpc_agent_api [None req-235ba3e1-4ce3-4d53-bec3-c2223460de33 10575bb1bd0844439aca23f59efcd7b2 57b3aae4afc645d2b1931e3d62b61318 - - default default] Unable to schedule network b92da597-1d67-4354-9902-98643c94c2b6: no agents available; will retry on subsequent port and subnet creation events.
2026-04-28 18:36:57.973 10 INFO neutron.db.ovn_revision_numbers_db [None req-e01288f5-b4f0-46f7-80a9-cb29d690834e - - - - - -] Successfully bumped revision number for resource ef13cf35-02e2-4836-9ae1-4ab417181e0b (type: ports) to 2
2026-04-28 18:36:58.009 10 INFO neutron.db.ovn_revision_numbers_db [None req-e01288f5-b4f0-46f7-80a9-cb29d690834e - - - - - -] Successfully bumped revision number for resource dc96469f-bd73-48be-94df-57b690e41116 (type: subnets) to 0
2026-04-28 18:36:58.022 10 INFO neutron.api.wsgi [None req-235ba3e1-4ce3-4d53-bec3-c2223460de33 10575bb1bd0844439aca23f59efcd7b2 57b3aae4afc645d2b1931e3d62b61318 - - default default] 10.0.0.252 "POST /v2.0/subnets HTTP/1.1" status: 201 len: 828 time: 0.6029480
2026-04-28 18:36:58.030 10 WARNING neutron_lib.context [None req-4573d7df-60ab-432f-8e4b-4b7a8a14f77d 10575bb1bd0844439aca23f59efcd7b2 57b3aae4afc645d2b1931e3d62b61318 - - default default] Method 'is_advsvc' is deprecated since 2023.2 release (neutron-lib 3.8.0) and will be removed once support for the old RBAC API policies will be removed from Neutron. Please use method 'is_service_role' instead.
2026-04-28 18:36:58.124 10 INFO neutron.db.segments_db [None req-4573d7df-60ab-432f-8e4b-4b7a8a14f77d 10575bb1bd0844439aca23f59efcd7b2 57b3aae4afc645d2b1931e3d62b61318 - - default default] Added segment 2ebb19fd-f136-446c-bfc0-41e0f5e6a498 of type geneve for network fc418266-97ae-4b7f-94bd-02a94073fcf2
2026-04-28 18:36:58.239 10 INFO neutron.db.ovn_revision_numbers_db [None req-4573d7df-60ab-432f-8e4b-4b7a8a14f77d 10575bb1bd0844439aca23f59efcd7b2 57b3aae4afc645d2b1931e3d62b61318 - - default default] Successfully bumped revision number for resource fc418266-97ae-4b7f-94bd-02a94073fcf2 (type: networks) to 1
2026-04-28 18:36:58.383 10 WARNING neutron.scheduler.dhcp_agent_scheduler [None req-4573d7df-60ab-432f-8e4b-4b7a8a14f77d 10575bb1bd0844439aca23f59efcd7b2 57b3aae4afc645d2b1931e3d62b61318 - - default default] No more DHCP agents
2026-04-28 18:36:58.384 10 WARNING neutron.api.rpc.agentnotifiers.dhcp_rpc_agent_api [None req-4573d7df-60ab-432f-8e4b-4b7a8a14f77d 10575bb1bd0844439aca23f59efcd7b2 57b3aae4afc645d2b1931e3d62b61318 - - default default] Unable to schedule network fc418266-97ae-4b7f-94bd-02a94073fcf2: no agents available; will retry on subsequent port and subnet creation events.
2026-04-28 18:36:58.454 10 INFO neutron.db.ovn_revision_numbers_db [None req-4573d7df-60ab-432f-8e4b-4b7a8a14f77d 10575bb1bd0844439aca23f59efcd7b2 57b3aae4afc645d2b1931e3d62b61318 - - default default] Successfully bumped revision number for resource eca0b2b0-106d-4307-8965-6bc852d7f007 (type: ports) to 1
2026-04-28 18:36:58.482 10 INFO neutron.api.wsgi [None req-4573d7df-60ab-432f-8e4b-4b7a8a14f77d 10575bb1bd0844439aca23f59efcd7b2 57b3aae4afc645d2b1931e3d62b61318 - - default default] 10.0.0.252 "POST /v2.0/networks HTTP/1.1" status: 201 len: 830 time: 0.4549518
2026-04-28 18:36:58.489 10 WARNING neutron_lib.context [None req-cd0beed6-3343-4de2-99fe-a937e6adc024 10575bb1bd0844439aca23f59efcd7b2 57b3aae4afc645d2b1931e3d62b61318 - - default default] Method 'is_advsvc' is deprecated since 2023.2 release (neutron-lib 3.8.0) and will be removed once support for the old RBAC API policies will be removed from Neutron. Please use method 'is_service_role' instead.
2026-04-28 18:36:58.650 10 WARNING neutron.scheduler.dhcp_agent_scheduler [None req-cd0beed6-3343-4de2-99fe-a937e6adc024 10575bb1bd0844439aca23f59efcd7b2 57b3aae4afc645d2b1931e3d62b61318 - - default default] No more DHCP agents
2026-04-28 18:36:58.652 10 WARNING neutron.api.rpc.agentnotifiers.dhcp_rpc_agent_api [None req-cd0beed6-3343-4de2-99fe-a937e6adc024 10575bb1bd0844439aca23f59efcd7b2 57b3aae4afc645d2b1931e3d62b61318 - - default default] Unable to schedule network fc418266-97ae-4b7f-94bd-02a94073fcf2: no agents available; will retry on subsequent port and subnet creation events.
2026-04-28 18:36:59.093 10 INFO neutron.db.ovn_revision_numbers_db [None req-a5fb7e5a-278b-474f-98c4-6c97169b996b - - - - - -] Successfully bumped revision number for resource eca0b2b0-106d-4307-8965-6bc852d7f007 (type: ports) to 2
2026-04-28 18:36:59.124 10 INFO neutron.db.ovn_revision_numbers_db [None req-a5fb7e5a-278b-474f-98c4-6c97169b996b - - - - - -] Successfully bumped revision number for resource 0d2b1465-b726-4f10-9728-8e34acdb42cc (type: subnets) to 0
2026-04-28 18:36:59.140 10 INFO neutron.api.wsgi [None req-cd0beed6-3343-4de2-99fe-a937e6adc024 10575bb1bd0844439aca23f59efcd7b2 57b3aae4afc645d2b1931e3d62b61318 - - default default] 10.0.0.252 "POST /v2.0/subnets HTTP/1.1" status: 201 len: 828 time: 0.6541095
2026-04-28 18:36:59.182 10 INFO neutron.api.wsgi [None req-79ab291c-0717-48e4-b4c6-9375c68a7d6c 10575bb1bd0844439aca23f59efcd7b2 57b3aae4afc645d2b1931e3d62b61318 - - default default] 10.0.0.252 "PUT /v2.0/subnets/50575758-7d01-4986-8352-1e0da6692d9a/tags HTTP/1.1" status: 200 len: 210 time: 0.0375967
2026-04-28 18:36:59.220 10 INFO neutron.api.wsgi [None req-21c257d3-4446-4b18-9935-0b6a8cb2b86b 10575bb1bd0844439aca23f59efcd7b2 57b3aae4afc645d2b1931e3d62b61318 - - default default] 10.0.0.252 "PUT /v2.0/subnets/58f662db-98ff-48ab-adcf-354625475063/tags HTTP/1.1" status: 200 len: 218 time: 0.0333633
2026-04-28 18:36:59.224 9 WARNING neutron_lib.context [None req-65e3054c-5deb-4e48-b24c-20a9933c962f 2ae1aa80f838450dbaf67e025ac10182 3e8523a1ed8f43878000ccf526fcc41e - - default default] Method 'is_advsvc' is deprecated since 2023.2 release (neutron-lib 3.8.0) and will be removed once support for the old RBAC API policies will be removed from Neutron. Please use method 'is_service_role' instead.
2026-04-28 18:36:59.266 10 INFO neutron.api.wsgi [None req-3e6e7ea9-14d6-4509-ae71-8c67f1a6670e 10575bb1bd0844439aca23f59efcd7b2 57b3aae4afc645d2b1931e3d62b61318 - - default default] 10.0.0.252 "PUT /v2.0/subnets/a32fad77-3fbb-447c-862d-0ebf50efbdce/tags HTTP/1.1" status: 200 len: 227 time: 0.0405307
2026-04-28 18:36:59.302 10 INFO neutron.api.wsgi [None req-b1b66435-e2f6-4311-b847-b9225df1d8be 10575bb1bd0844439aca23f59efcd7b2 57b3aae4afc645d2b1931e3d62b61318 - - default default] 10.0.0.252 "PUT /v2.0/subnets/dc96469f-bd73-48be-94df-57b690e41116/tags HTTP/1.1" status: 200 len: 212 time: 0.0316885
2026-04-28 18:36:59.345 9 INFO neutron.api.wsgi [None req-45e04f58-5871-4168-9526-eddf2b02f67d 10575bb1bd0844439aca23f59efcd7b2 57b3aae4afc645d2b1931e3d62b61318 - - default default] 10.0.0.252 "GET /v2.0/subnets?tags=red HTTP/1.1" status: 200 len: 2099 time: 0.0381036
2026-04-28 18:36:59.385 10 INFO neutron.api.wsgi [None req-f952fc4f-58c3-4bf0-b3d3-8128e6c0150b 10575bb1bd0844439aca23f59efcd7b2 57b3aae4afc645d2b1931e3d62b61318 - - default default] 10.0.0.252 "GET /v2.0/subnets?tags=red%2Cblue HTTP/1.1" status: 200 len: 1478 time: 0.0351896
2026-04-28 18:36:59.430 9 WARNING neutron.scheduler.dhcp_agent_scheduler [None req-65e3054c-5deb-4e48-b24c-20a9933c962f 2ae1aa80f838450dbaf67e025ac10182 3e8523a1ed8f43878000ccf526fcc41e - - default default] No more DHCP agents
2026-04-28 18:36:59.431 9 WARNING neutron.api.rpc.agentnotifiers.dhcp_rpc_agent_api [None req-65e3054c-5deb-4e48-b24c-20a9933c962f 2ae1aa80f838450dbaf67e025ac10182 3e8523a1ed8f43878000ccf526fcc41e - - default default] Unable to schedule network 9e705714-b02a-48d8-89d5-7fe4e4d0fe0a: no agents available; will retry on subsequent port and subnet creation events.
2026-04-28 18:36:59.655 10 INFO neutron.api.wsgi [None req-5dd72020-84ce-4c2e-b576-0d3145393543 10575bb1bd0844439aca23f59efcd7b2 57b3aae4afc645d2b1931e3d62b61318 - - default default] 10.0.0.252 "GET /v2.0/subnets?tags-any=blue HTTP/1.1" status: 200 len: 1478 time: 0.2650857
2026-04-28 18:36:59.694 9 INFO neutron.api.wsgi [None req-4f15fd33-5006-47d2-bd9e-4e899ebab8cf 10575bb1bd0844439aca23f59efcd7b2 57b3aae4afc645d2b1931e3d62b61318 - - default default] 10.0.0.252 "GET /v2.0/subnets?tags-any=red%2Cblue HTTP/1.1" status: 200 len: 2099 time: 0.0323498
2026-04-28 18:36:59.697 9 INFO neutron.api.wsgi [None req-65e3054c-5deb-4e48-b24c-20a9933c962f 2ae1aa80f838450dbaf67e025ac10182 3e8523a1ed8f43878000ccf526fcc41e - - default default] 10.0.0.252 "POST /v2.0/floatingips HTTP/1.1" status: 201 len: 751 time: 0.5999560
2026-04-28 18:36:59.705 10 WARNING neutron_lib.context [None req-5689969a-5566-46cf-aa7b-6b8fc1842d34 2ae1aa80f838450dbaf67e025ac10182 3e8523a1ed8f43878000ccf526fcc41e - - default default] Method 'is_advsvc' is deprecated since 2023.2 release (neutron-lib 3.8.0) and will be removed once support for the old RBAC API policies will be removed from Neutron. Please use method 'is_service_role' instead.
2026-04-28 18:36:59.734 9 INFO neutron.api.wsgi [None req-bee1de08-41ab-44df-adfc-c784faf85ba0 10575bb1bd0844439aca23f59efcd7b2 57b3aae4afc645d2b1931e3d62b61318 - - default default] 10.0.0.252 "GET /v2.0/subnets?not-tags=red HTTP/1.1" status: 200 len: 2089 time: 0.0345042
2026-04-28 18:36:59.774 9 INFO neutron.api.wsgi [None req-0af7d594-9163-4539-a28f-7c1678c8b286 10575bb1bd0844439aca23f59efcd7b2 57b3aae4afc645d2b1931e3d62b61318 - - default default] 10.0.0.252 "GET /v2.0/subnets?not-tags=red%2Cblue HTTP/1.1" status: 200 len: 2710 time: 0.0363574
2026-04-28 18:36:59.819 9 INFO neutron.api.wsgi [None req-217dc11d-2d12-4dbf-9db7-7fb35b37966b 10575bb1bd0844439aca23f59efcd7b2 57b3aae4afc645d2b1931e3d62b61318 - - default default] 10.0.0.252 "GET /v2.0/subnets?not-tags-any=blue HTTP/1.1" status: 200 len: 2710 time: 0.0397511
2026-04-28 18:36:59.848 9 INFO neutron.api.wsgi [None req-46ea3aa6-4ed8-4feb-8ab0-1c3ac918c89a 10575bb1bd0844439aca23f59efcd7b2 57b3aae4afc645d2b1931e3d62b61318 - - default default] 10.0.0.252 "GET /v2.0/subnets?not-tags-any=red%2Cblue HTTP/1.1" status: 200 len: 2089 time: 0.0245795
2026-04-28 18:36:59.892 10 WARNING neutron.scheduler.dhcp_agent_scheduler [None req-5689969a-5566-46cf-aa7b-6b8fc1842d34 2ae1aa80f838450dbaf67e025ac10182 3e8523a1ed8f43878000ccf526fcc41e - - default default] No more DHCP agents
2026-04-28 18:36:59.894 10 WARNING neutron.api.rpc.agentnotifiers.dhcp_rpc_agent_api [None req-5689969a-5566-46cf-aa7b-6b8fc1842d34 2ae1aa80f838450dbaf67e025ac10182 3e8523a1ed8f43878000ccf526fcc41e - - default default] Unable to schedule network 9e705714-b02a-48d8-89d5-7fe4e4d0fe0a: no agents available; will retry on subsequent port and subnet creation events.
2026-04-28 18:36:59.979 9 INFO neutron.api.wsgi [None req-c5cada20-c66e-4549-b917-0ca8c9387940 10575bb1bd0844439aca23f59efcd7b2 57b3aae4afc645d2b1931e3d62b61318 - - default default] 10.0.0.252 "DELETE /v2.0/subnets/50575758-7d01-4986-8352-1e0da6692d9a HTTP/1.1" status: 204 len: 168 time: 0.1248579
2026-04-28 18:37:00.135 10 INFO neutron.api.wsgi [None req-3dc44ac7-fd0e-4a34-8f25-f16b8cc94d8e 10575bb1bd0844439aca23f59efcd7b2 57b3aae4afc645d2b1931e3d62b61318 - - default default] 10.0.0.252 "DELETE /v2.0/subnets/58f662db-98ff-48ab-adcf-354625475063 HTTP/1.1" status: 204 len: 168 time: 0.1505668
2026-04-28 18:37:00.151 10 INFO neutron.api.wsgi [None req-5689969a-5566-46cf-aa7b-6b8fc1842d34 2ae1aa80f838450dbaf67e025ac10182 3e8523a1ed8f43878000ccf526fcc41e - - default default] 10.0.0.252 "POST /v2.0/floatingips HTTP/1.1" status: 201 len: 751 time: 0.4504540
2026-04-28 18:37:00.160 9 WARNING neutron_lib.context [None req-cc6937ca-29c2-4274-8ed8-26eac4e9a675 2ae1aa80f838450dbaf67e025ac10182 3e8523a1ed8f43878000ccf526fcc41e - - default default] Method 'is_advsvc' is deprecated since 2023.2 release (neutron-lib 3.8.0) and will be removed once support for the old RBAC API policies will be removed from Neutron. Please use method 'is_service_role' instead.
2026-04-28 18:37:00.339 9 INFO neutron.api.wsgi [None req-644e3b5a-62de-4bad-b6d5-236568303810 10575bb1bd0844439aca23f59efcd7b2 57b3aae4afc645d2b1931e3d62b61318 - - default default] 10.0.0.252 "DELETE /v2.0/subnets/a32fad77-3fbb-447c-862d-0ebf50efbdce HTTP/1.1" status: 204 len: 168 time: 0.1989384
2026-04-28 18:37:00.413 9 WARNING neutron.scheduler.dhcp_agent_scheduler [None req-cc6937ca-29c2-4274-8ed8-26eac4e9a675 2ae1aa80f838450dbaf67e025ac10182 3e8523a1ed8f43878000ccf526fcc41e - - default default] No more DHCP agents
2026-04-28 18:37:00.416 9 WARNING neutron.api.rpc.agentnotifiers.dhcp_rpc_agent_api [None req-cc6937ca-29c2-4274-8ed8-26eac4e9a675 2ae1aa80f838450dbaf67e025ac10182 3e8523a1ed8f43878000ccf526fcc41e - - default default] Unable to schedule network 9e705714-b02a-48d8-89d5-7fe4e4d0fe0a: no agents available; will retry on subsequent port and subnet creation events.
2026-04-28 18:37:00.532 9 INFO neutron.api.wsgi [None req-cb088bae-79dc-4438-9b65-832bcdc46a62 10575bb1bd0844439aca23f59efcd7b2 57b3aae4afc645d2b1931e3d62b61318 - - default default] 10.0.0.252 "DELETE /v2.0/subnets/dc96469f-bd73-48be-94df-57b690e41116 HTTP/1.1" status: 204 len: 168 time: 0.1881733
2026-04-28 18:37:00.694 9 INFO neutron.api.wsgi [None req-329dc1ef-cf1f-402b-9ab6-0a2829418f18 10575bb1bd0844439aca23f59efcd7b2 57b3aae4afc645d2b1931e3d62b61318 - - default default] 10.0.0.252 "DELETE /v2.0/subnets/0d2b1465-b726-4f10-9728-8e34acdb42cc HTTP/1.1" status: 204 len: 168 time: 0.1572142
2026-04-28 18:37:00.700 9 INFO neutron.api.wsgi [None req-cc6937ca-29c2-4274-8ed8-26eac4e9a675 2ae1aa80f838450dbaf67e025ac10182 3e8523a1ed8f43878000ccf526fcc41e - - default default] 10.0.0.252 "POST /v2.0/floatingips HTTP/1.1" status: 201 len: 751 time: 0.5440233
2026-04-28 18:37:00.707 9 WARNING neutron_lib.context [None req-36ed2401-600e-46f8-96cf-09355bdefa8d 2ae1aa80f838450dbaf67e025ac10182 3e8523a1ed8f43878000ccf526fcc41e - - default default] Method 'is_advsvc' is deprecated since 2023.2 release (neutron-lib 3.8.0) and will be removed once support for the old RBAC API policies will be removed from Neutron. Please use method 'is_service_role' instead.
2026-04-28 18:37:00.885 9 WARNING neutron.scheduler.dhcp_agent_scheduler [None req-36ed2401-600e-46f8-96cf-09355bdefa8d 2ae1aa80f838450dbaf67e025ac10182 3e8523a1ed8f43878000ccf526fcc41e - - default default] No more DHCP agents
2026-04-28 18:37:00.886 9 WARNING neutron.api.rpc.agentnotifiers.dhcp_rpc_agent_api [None req-36ed2401-600e-46f8-96cf-09355bdefa8d 2ae1aa80f838450dbaf67e025ac10182 3e8523a1ed8f43878000ccf526fcc41e - - default default] Unable to schedule network 9e705714-b02a-48d8-89d5-7fe4e4d0fe0a: no agents available; will retry on subsequent port and subnet creation events.
2026-04-28 18:37:00.968 10 INFO neutron.services.segments.plugin [-] Segment d6fb748d-c94a-49e0-8931-fb58b4a1c4e6 resource provider aggregate not found
2026-04-28 18:37:00.974 10 INFO neutron.services.segments.plugin [-] Segment d6fb748d-c94a-49e0-8931-fb58b4a1c4e6 resource provider aggregate not found
2026-04-28 18:37:00.980 10 INFO neutron.services.segments.plugin [-] Segment d6fb748d-c94a-49e0-8931-fb58b4a1c4e6 resource provider not found; error: Placement Client Error (4xx): {"errors": [{"status": 404, "title": "Not Found", "detail": "The resource could not be found.\n\n No resource provider with uuid d6fb748d-c94a-49e0-8931-fb58b4a1c4e6 found for delete ", "request_id": "req-526d344b-68af-4a2f-b7b4-a2adde884233"}]}
2026-04-28 18:37:00.985 10 INFO neutron.services.segments.plugin [-] Segment d6fb748d-c94a-49e0-8931-fb58b4a1c4e6 resource provider not found; error: Placement Client Error (4xx): {"errors": [{"status": 404, "title": "Not Found", "detail": "The resource could not be found.\n\n No resource provider with uuid d6fb748d-c94a-49e0-8931-fb58b4a1c4e6 found for delete ", "request_id": "req-a7639754-93df-435c-a06e-f0dbd020d606"}]}
2026-04-28 18:37:01.002 10 INFO neutron.api.wsgi [None req-db882053-6388-48f2-9394-af59859f30e4 10575bb1bd0844439aca23f59efcd7b2 57b3aae4afc645d2b1931e3d62b61318 - - default default] 10.0.0.252 "DELETE /v2.0/networks/cadb8d47-5e68-4431-954f-3c01515c3536 HTTP/1.1" status: 204 len: 168 time: 0.3044112
2026-04-28 18:37:01.148 9 INFO neutron.api.wsgi [None req-36ed2401-600e-46f8-96cf-09355bdefa8d 2ae1aa80f838450dbaf67e025ac10182 3e8523a1ed8f43878000ccf526fcc41e - - default default] 10.0.0.252 "POST /v2.0/floatingips HTTP/1.1" status: 201 len: 751 time: 0.4450872
2026-04-28 18:37:01.159 10 WARNING neutron_lib.context [None req-1163610c-ee95-4638-95a1-e9371b8cb629 2ae1aa80f838450dbaf67e025ac10182 3e8523a1ed8f43878000ccf526fcc41e - - default default] Method 'is_advsvc' is deprecated since 2023.2 release (neutron-lib 3.8.0) and will be removed once support for the old RBAC API policies will be removed from Neutron. Please use method 'is_service_role' instead.
2026-04-28 18:37:01.338 10 INFO neutron.api.wsgi [None req-dc8f0689-a0a2-4f4d-8a35-d7e439b435bc 10575bb1bd0844439aca23f59efcd7b2 57b3aae4afc645d2b1931e3d62b61318 - - default default] 10.0.0.252 "DELETE /v2.0/networks/0a38eae1-b4ca-4575-9c22-95efedac411d HTTP/1.1" status: 204 len: 168 time: 0.3320899
2026-04-28 18:37:01.387 10 WARNING neutron.scheduler.dhcp_agent_scheduler [None req-1163610c-ee95-4638-95a1-e9371b8cb629 2ae1aa80f838450dbaf67e025ac10182 3e8523a1ed8f43878000ccf526fcc41e - - default default] No more DHCP agents
2026-04-28 18:37:01.388 10 WARNING neutron.api.rpc.agentnotifiers.dhcp_rpc_agent_api [None req-1163610c-ee95-4638-95a1-e9371b8cb629 2ae1aa80f838450dbaf67e025ac10182 3e8523a1ed8f43878000ccf526fcc41e - - default default] Unable to schedule network 9e705714-b02a-48d8-89d5-7fe4e4d0fe0a: no agents available; will retry on subsequent port and subnet creation events.
2026-04-28 18:37:01.655 10 INFO neutron.api.wsgi [None req-1163610c-ee95-4638-95a1-e9371b8cb629 2ae1aa80f838450dbaf67e025ac10182 3e8523a1ed8f43878000ccf526fcc41e - - default default] 10.0.0.252 "POST /v2.0/floatingips HTTP/1.1" status: 201 len: 751 time: 0.5010095
2026-04-28 18:37:01.676 10 INFO neutron.api.wsgi [None req-ca687142-997c-42e6-8da6-11ce37c36dc2 10575bb1bd0844439aca23f59efcd7b2 57b3aae4afc645d2b1931e3d62b61318 - - default default] 10.0.0.252 "DELETE /v2.0/networks/8493be13-d1fd-462c-bb5e-d8e086f600d2 HTTP/1.1" status: 204 len: 168 time: 0.3323462
2026-04-28 18:37:01.694 10 INFO neutron.api.wsgi [None req-12882e1f-3c6c-470b-896d-6be38aaa7ac1 2ae1aa80f838450dbaf67e025ac10182 3e8523a1ed8f43878000ccf526fcc41e - - default default] 10.0.0.252 "PUT /v2.0/floatingips/862e158d-22ab-4d0d-b2e0-dfbfdebde8ea/tags HTTP/1.1" status: 200 len: 210 time: 0.0344326
2026-04-28 18:37:01.732 10 INFO neutron.api.wsgi [None req-dee8f2e4-5ef0-4183-a617-1897da18d14e 2ae1aa80f838450dbaf67e025ac10182 3e8523a1ed8f43878000ccf526fcc41e - - default default] 10.0.0.252 "PUT /v2.0/floatingips/bfb5d57f-cc56-4903-b335-ec8a0eff04e1/tags HTTP/1.1" status: 200 len: 218 time: 0.0323112
2026-04-28 18:37:01.773 10 INFO neutron.api.wsgi [None req-3929a643-9f5c-4520-8765-2ea8a3ef7ef6 2ae1aa80f838450dbaf67e025ac10182 3e8523a1ed8f43878000ccf526fcc41e - - default default] 10.0.0.252 "PUT /v2.0/floatingips/96755391-6afc-4f20-98b7-37d32500102e/tags HTTP/1.1" status: 200 len: 227 time: 0.0365436
2026-04-28 18:37:01.808 10 INFO neutron.api.wsgi [None req-35e4b5b6-2d1c-40f8-9f8b-69c8eea6cbe3 2ae1aa80f838450dbaf67e025ac10182 3e8523a1ed8f43878000ccf526fcc41e - - default default] 10.0.0.252 "PUT /v2.0/floatingips/1f1bedde-b226-44bc-87cc-1beb71a4c8af/tags HTTP/1.1" status: 200 len: 212 time: 0.0309584
2026-04-28 18:37:01.851 10 INFO neutron.api.wsgi [None req-80c19850-18fb-4b1d-a596-9ef826cda775 2ae1aa80f838450dbaf67e025ac10182 3e8523a1ed8f43878000ccf526fcc41e - - default default] 10.0.0.252 "GET /v2.0/floatingips?tags=red HTTP/1.1" status: 200 len: 1866 time: 0.0389512
2026-04-28 18:37:01.898 10 INFO neutron.api.wsgi [None req-367a7a8d-c58d-4973-ac75-f1cb496ecf41 2ae1aa80f838450dbaf67e025ac10182 3e8523a1ed8f43878000ccf526fcc41e - - default default] 10.0.0.252 "GET /v2.0/floatingips?tags=red%2Cblue HTTP/1.1" status: 200 len: 1323 time: 0.0421760
2026-04-28 18:37:01.942 10 INFO neutron.api.wsgi [None req-bffed326-6031-4f0e-88d9-43d4cfa79434 2ae1aa80f838450dbaf67e025ac10182 3e8523a1ed8f43878000ccf526fcc41e - - default default] 10.0.0.252 "GET /v2.0/floatingips?tags-any=blue HTTP/1.1" status: 200 len: 1323 time: 0.0389764
2026-04-28 18:37:01.958 9 INFO neutron.services.segments.plugin [-] Segment 803cd7fe-f481-4d85-8746-d636321d012f resource provider aggregate not found
2026-04-28 18:37:01.961 9 INFO neutron.services.segments.plugin [-] Segment 803cd7fe-f481-4d85-8746-d636321d012f resource provider aggregate not found
2026-04-28 18:37:01.969 10 INFO neutron.api.wsgi [None req-dd43e497-058c-4f50-92be-96c99fc230fd 2ae1aa80f838450dbaf67e025ac10182 3e8523a1ed8f43878000ccf526fcc41e - - default default] 10.0.0.252 "GET /v2.0/floatingips?tags-any=red%2Cblue HTTP/1.1" status: 200 len: 1866 time: 0.0235009
2026-04-28 18:37:01.977 9 INFO neutron.services.segments.plugin [-] Segment 803cd7fe-f481-4d85-8746-d636321d012f resource provider not found; error: Placement Client Error (4xx): {"errors": [{"status": 404, "title": "Not Found", "detail": "The resource could not be found.\n\n No resource provider with uuid 803cd7fe-f481-4d85-8746-d636321d012f found for delete ", "request_id": "req-db560bfd-963a-489e-8e9b-872b7d974687"}]}
2026-04-28 18:37:01.981 9 INFO neutron.services.segments.plugin [-] Segment 803cd7fe-f481-4d85-8746-d636321d012f resource provider not found; error: Placement Client Error (4xx): {"errors": [{"status": 404, "title": "Not Found", "detail": "The resource could not be found.\n\n No resource provider with uuid 803cd7fe-f481-4d85-8746-d636321d012f found for delete ", "request_id": "req-ad12aa3b-6a13-4c71-bb0c-c598ca51b821"}]}
2026-04-28 18:37:02.011 9 INFO neutron.api.wsgi [None req-62fb1c2d-45ff-4519-b67e-dce6868afc4a 2ae1aa80f838450dbaf67e025ac10182 3e8523a1ed8f43878000ccf526fcc41e - - default default] 10.0.0.252 "GET /v2.0/floatingips?not-tags=red HTTP/1.1" status: 200 len: 1295 time: 0.0341895
2026-04-28 18:37:02.015 9 INFO neutron.api.wsgi [None req-9a609e47-3e6f-41d8-8186-1ff2587560cc 10575bb1bd0844439aca23f59efcd7b2 57b3aae4afc645d2b1931e3d62b61318 - - default default] 10.0.0.252 "DELETE /v2.0/networks/b92da597-1d67-4354-9902-98643c94c2b6 HTTP/1.1" status: 204 len: 168 time: 0.3334367
2026-04-28 18:37:02.053 9 INFO neutron.api.wsgi [None req-dc8104c7-7318-407b-abf0-6ea5b878519a 2ae1aa80f838450dbaf67e025ac10182 3e8523a1ed8f43878000ccf526fcc41e - - default default] 10.0.0.252 "GET /v2.0/floatingips?not-tags=red%2Cblue HTTP/1.1" status: 200 len: 1838 time: 0.0359061
2026-04-28 18:37:02.104 10 INFO neutron.api.wsgi [None req-6502644c-2a3f-46d0-b89f-b1f3a7289661 2ae1aa80f838450dbaf67e025ac10182 3e8523a1ed8f43878000ccf526fcc41e - - default default] 10.0.0.252 "GET /v2.0/floatingips?not-tags-any=blue HTTP/1.1" status: 200 len: 1838 time: 0.0440831
2026-04-28 18:37:02.130 10 INFO neutron.api.wsgi [None req-0223c158-4613-462e-b312-3ce5e3f4aced 2ae1aa80f838450dbaf67e025ac10182 3e8523a1ed8f43878000ccf526fcc41e - - default default] 10.0.0.252 "GET /v2.0/floatingips?not-tags-any=red%2Cblue HTTP/1.1" status: 200 len: 1295 time: 0.0206568
2026-04-28 18:37:02.345 10 INFO neutron.api.wsgi [None req-d94ea1a1-59f1-45f2-9473-17adfe4a732b 10575bb1bd0844439aca23f59efcd7b2 57b3aae4afc645d2b1931e3d62b61318 - - default default] 10.0.0.252 "DELETE /v2.0/networks/fc418266-97ae-4b7f-94bd-02a94073fcf2 HTTP/1.1" status: 204 len: 168 time: 0.3257179
2026-04-28 18:37:02.407 9 INFO neutron.api.wsgi [None req-8e97b034-1b22-4dbb-b8e1-cad5f3fab3c8 2ae1aa80f838450dbaf67e025ac10182 3e8523a1ed8f43878000ccf526fcc41e - - default default] 10.0.0.252 "DELETE /v2.0/floatingips/862e158d-22ab-4d0d-b2e0-dfbfdebde8ea HTTP/1.1" status: 204 len: 168 time: 0.2703674
2026-04-28 18:37:02.676 9 INFO neutron.api.wsgi [None req-f7a2d290-8b67-4882-8367-fb4057a7bb2a 2ae1aa80f838450dbaf67e025ac10182 3e8523a1ed8f43878000ccf526fcc41e - - default default] 10.0.0.252 "DELETE /v2.0/floatingips/bfb5d57f-cc56-4903-b335-ec8a0eff04e1 HTTP/1.1" status: 204 len: 168 time: 0.2638967
2026-04-28 18:37:02.924 10 INFO neutron.api.wsgi [None req-c7113c28-fa0f-4d93-bff1-7d6563f1f727 2ae1aa80f838450dbaf67e025ac10182 3e8523a1ed8f43878000ccf526fcc41e - - default default] 10.0.0.252 "DELETE /v2.0/floatingips/96755391-6afc-4f20-98b7-37d32500102e HTTP/1.1" status: 204 len: 168 time: 0.2418330
2026-04-28 18:37:03.005 10 INFO neutron.services.segments.plugin [-] Segment 33cdb334-ec88-48c2-a0e4-16ee40a28818 resource provider aggregate not found
2026-04-28 18:37:03.013 10 INFO neutron.services.segments.plugin [-] Segment 33cdb334-ec88-48c2-a0e4-16ee40a28818 resource provider aggregate not found
2026-04-28 18:37:03.022 10 INFO neutron.services.segments.plugin [-] Segment 33cdb334-ec88-48c2-a0e4-16ee40a28818 resource provider not found; error: Placement Client Error (4xx): {"errors": [{"status": 404, "title": "Not Found", "detail": "The resource could not be found.\n\n No resource provider with uuid 33cdb334-ec88-48c2-a0e4-16ee40a28818 found for delete ", "request_id": "req-271b4535-474d-47e2-9e82-f4ef5ede1199"}]}
2026-04-28 18:37:03.030 10 INFO neutron.services.segments.plugin [-] Segment 33cdb334-ec88-48c2-a0e4-16ee40a28818 resource provider not found; error: Placement Client Error (4xx): {"errors": [{"status": 404, "title": "Not Found", "detail": "The resource could not be found.\n\n No resource provider with uuid 33cdb334-ec88-48c2-a0e4-16ee40a28818 found for delete ", "request_id": "req-a19a6659-f227-4143-a75a-043a013b6f8c"}]}
2026-04-28 18:37:03.034 10 INFO neutron.services.segments.plugin [-] Segment 425cfeb5-8a4e-4d1e-8b14-221a8ce98cbe resource provider aggregate not found
2026-04-28 18:37:03.041 10 INFO neutron.services.segments.plugin [-] Segment 425cfeb5-8a4e-4d1e-8b14-221a8ce98cbe resource provider aggregate not found
2026-04-28 18:37:03.046 10 INFO neutron.services.segments.plugin [-] Segment 425cfeb5-8a4e-4d1e-8b14-221a8ce98cbe resource provider not found; error: Placement Client Error (4xx): {"errors": [{"status": 404, "title": "Not Found", "detail": "The resource could not be found.\n\n No resource provider with uuid 425cfeb5-8a4e-4d1e-8b14-221a8ce98cbe found for delete ", "request_id": "req-d363f0c3-2325-4213-a136-ee1449f85a1a"}]}
