2026-04-28 18:33:44.731 9 INFO neutron.api.wsgi [None req-5c21e3b1-0bfa-4de1-b655-fd0cf99922d6 0e6214e6fedb440a9ef6099cafd917dc d0b331a4d54c42d9afb2f619d1565f72 - - default default] 10.0.0.252 "GET /v2.0/extensions/security-groups-shared-filtering HTTP/1.1" status: 200 len: 435 time: 0.0032666
2026-04-28 18:33:44.737 9 INFO neutron.api.wsgi [None req-50796fa6-1df1-42e7-b865-dc10914d88cc 0e6214e6fedb440a9ef6099cafd917dc d0b331a4d54c42d9afb2f619d1565f72 - - default default] 10.0.0.252 "GET /v2.0/extensions/security-group HTTP/1.1" status: 200 len: 364 time: 0.0030673
2026-04-28 18:33:44.742 9 INFO neutron.api.wsgi [None req-5bf07e65-0675-4c28-95ff-e96499dd64be 0e6214e6fedb440a9ef6099cafd917dc d0b331a4d54c42d9afb2f619d1565f72 - - default default] 10.0.0.252 "GET /v2.0/extensions/segment HTTP/1.1" status: 200 len: 339 time: 0.0024667
2026-04-28 18:33:44.748 9 INFO neutron.api.wsgi [None req-42576b99-8044-4289-9852-3331a57ae02a 0e6214e6fedb440a9ef6099cafd917dc d0b331a4d54c42d9afb2f619d1565f72 - - default default] 10.0.0.252 "GET /v2.0/extensions/segments-peer-subnet-host-routes HTTP/1.1" status: 200 len: 427 time: 0.0027287
2026-04-28 18:33:44.757 9 INFO neutron.api.wsgi [None req-932be847-6810-491c-9878-82dc3683f4cf 0e6214e6fedb440a9ef6099cafd917dc d0b331a4d54c42d9afb2f619d1565f72 - - default default] 10.0.0.252 "GET /v2.0/extensions/service-type HTTP/1.1" status: 200 len: 415 time: 0.0039992
2026-04-28 18:33:44.765 9 INFO neutron.api.wsgi [None req-40fd421f-4ef8-4332-8cfa-d948388fcc3d 0e6214e6fedb440a9ef6099cafd917dc d0b331a4d54c42d9afb2f619d1565f72 - - default default] 10.0.0.252 "GET /v2.0/extensions/sorting HTTP/1.1" status: 200 len: 377 time: 0.0034184
2026-04-28 18:33:44.774 9 INFO neutron.api.wsgi [None req-0edde6f7-93de-4e11-89a1-a2a05b598ed7 0e6214e6fedb440a9ef6099cafd917dc d0b331a4d54c42d9afb2f619d1565f72 - - default default] 10.0.0.252 "GET /v2.0/extensions/standard-attr-segment HTTP/1.1" status: 200 len: 406 time: 0.0034056
2026-04-28 18:33:44.782 9 INFO neutron.api.wsgi [None req-a58afb1b-346a-434a-9504-8036cf00bf79 0e6214e6fedb440a9ef6099cafd917dc d0b331a4d54c42d9afb2f619d1565f72 - - default default] 10.0.0.252 "GET /v2.0/extensions/standard-attr-description HTTP/1.1" status: 200 len: 408 time: 0.0036819
2026-04-28 18:33:44.788 9 INFO neutron.api.wsgi [None req-ad781cf8-2948-44fa-977e-61afa6ea8484 0e6214e6fedb440a9ef6099cafd917dc d0b331a4d54c42d9afb2f619d1565f72 - - default default] 10.0.0.252 "GET /v2.0/extensions/stateful-security-group HTTP/1.1" status: 200 len: 402 time: 0.0032670
2026-04-28 18:33:44.794 9 INFO neutron.api.wsgi [None req-a14f9d51-b201-4092-b73a-7d24fb7041c9 0e6214e6fedb440a9ef6099cafd917dc d0b331a4d54c42d9afb2f619d1565f72 - - default default] 10.0.0.252 "GET /v2.0/extensions/subnet-dns-publish-fixed-ip HTTP/1.1" status: 200 len: 421 time: 0.0032995
2026-04-28 18:33:44.801 9 INFO neutron.api.wsgi [None req-c9816039-4b5b-4c62-8abf-c5e7ad7c19be 0e6214e6fedb440a9ef6099cafd917dc d0b331a4d54c42d9afb2f619d1565f72 - - default default] 10.0.0.252 "GET /v2.0/extensions/subnet-external-network HTTP/1.1" status: 200 len: 418 time: 0.0032463
2026-04-28 18:33:44.810 10 INFO neutron.api.wsgi [None req-4276b037-b29c-403b-9935-1fab39613176 0e6214e6fedb440a9ef6099cafd917dc d0b331a4d54c42d9afb2f619d1565f72 - - default default] 10.0.0.252 "GET /v2.0/extensions/subnet-segmentid-writable HTTP/1.1" status: 200 len: 421 time: 0.0050573
2026-04-28 18:33:44.817 10 INFO neutron.api.wsgi [None req-5ee40b04-b616-4f62-983c-02a3e59e9d19 0e6214e6fedb440a9ef6099cafd917dc d0b331a4d54c42d9afb2f619d1565f72 - - default default] 10.0.0.252 "GET /v2.0/extensions/subnet-service-types HTTP/1.1" status: 200 len: 400 time: 0.0045865
2026-04-28 18:33:44.824 9 INFO neutron.api.wsgi [None req-8b24df94-af47-4eb4-a389-690b2f855222 0e6214e6fedb440a9ef6099cafd917dc d0b331a4d54c42d9afb2f619d1565f72 - - default default] 10.0.0.252 "GET /v2.0/extensions/subnet_allocation HTTP/1.1" status: 200 len: 388 time: 0.0034485
2026-04-28 18:33:44.833 9 INFO neutron.api.wsgi [None req-80929d77-34f5-47b8-85c2-651ee91a81a4 0e6214e6fedb440a9ef6099cafd917dc d0b331a4d54c42d9afb2f619d1565f72 - - default default] 10.0.0.252 "GET /v2.0/extensions/subnetpool-prefix-ops HTTP/1.1" status: 200 len: 418 time: 0.0035534
2026-04-28 18:33:44.845 9 INFO neutron.api.wsgi [None req-8ee1477a-2c4f-4a50-916a-62a81b8d9cdd 0e6214e6fedb440a9ef6099cafd917dc d0b331a4d54c42d9afb2f619d1565f72 - - default default] 10.0.0.252 "GET /v2.0/extensions/tag-creation HTTP/1.1" status: 200 len: 384 time: 0.0044656
2026-04-28 18:33:44.853 9 INFO neutron.api.wsgi [None req-4957a1a0-5df4-452d-a047-3ffd42078752 0e6214e6fedb440a9ef6099cafd917dc d0b331a4d54c42d9afb2f619d1565f72 - - default default] 10.0.0.252 "GET /v2.0/extensions/standard-attr-tag HTTP/1.1" status: 200 len: 537 time: 0.0048831
2026-04-28 18:33:44.862 9 INFO neutron.api.wsgi [None req-3c6c07dd-839c-4233-9e8c-04a5e12bec19 0e6214e6fedb440a9ef6099cafd917dc d0b331a4d54c42d9afb2f619d1565f72 - - default default] 10.0.0.252 "GET /v2.0/extensions/standard-attr-timestamp HTTP/1.1" status: 200 len: 449 time: 0.0047460
2026-04-28 18:33:44.869 9 INFO neutron.api.wsgi [None req-f396cc42-47c4-4794-98a2-ae25cf184444 0e6214e6fedb440a9ef6099cafd917dc d0b331a4d54c42d9afb2f619d1565f72 - - default default] 10.0.0.252 "GET /v2.0/extensions/trunk HTTP/1.1" status: 200 len: 358 time: 0.0032578
2026-04-28 18:33:44.878 9 INFO neutron.api.wsgi [None req-28c5920b-cc9b-40af-a76a-bee962c0edd9 0e6214e6fedb440a9ef6099cafd917dc d0b331a4d54c42d9afb2f619d1565f72 - - default default] 10.0.0.252 "GET /v2.0/extensions/trunk-details HTTP/1.1" status: 200 len: 362 time: 0.0065305
2026-04-28 18:33:44.885 9 INFO neutron.api.wsgi [None req-3650ca53-4323-4e5c-b661-6c1c0dc4b062 0e6214e6fedb440a9ef6099cafd917dc d0b331a4d54c42d9afb2f619d1565f72 - - default default] 10.0.0.252 "GET /v2.0/extensions/vpn-agent-scheduler HTTP/1.1" status: 200 len: 393 time: 0.0042193
2026-04-28 18:33:44.891 9 INFO neutron.api.wsgi [None req-5ac1f75b-0bcc-4abb-9ed5-ad5a396f12f9 0e6214e6fedb440a9ef6099cafd917dc d0b331a4d54c42d9afb2f619d1565f72 - - default default] 10.0.0.252 "GET /v2.0/extensions/vpn-endpoint-groups HTTP/1.1" status: 200 len: 371 time: 0.0036087
2026-04-28 18:33:44.899 9 INFO neutron.api.wsgi [None req-43dfea95-adcb-418c-9b13-5e4d86b4ca03 0e6214e6fedb440a9ef6099cafd917dc d0b331a4d54c42d9afb2f619d1565f72 - - default default] 10.0.0.252 "GET /v2.0/extensions/vpn-flavors HTTP/1.1" status: 200 len: 376 time: 0.0044532
2026-04-28 18:33:44.905 9 INFO neutron.api.wsgi [None req-4d8a5f0a-3d63-4a79-8209-6ed5de77dbc7 0e6214e6fedb440a9ef6099cafd917dc d0b331a4d54c42d9afb2f619d1565f72 - - default default] 10.0.0.252 "GET /v2.0/extensions/vpnaas HTTP/1.1" status: 200 len: 348 time: 0.0043178
2026-04-28 18:33:44.910 9 WARNING neutron_lib.context [None req-f5147391-68b8-432d-8b1e-b710fc10a7e5 b9ed70ff90e840bfba0699b8aad4a478 25044a56f446413baed1a45b50a978f7 - - default default] Method 'is_advsvc' is deprecated since 2023.2 release (neutron-lib 3.8.0) and will be removed once support for the old RBAC API policies will be removed from Neutron. Please use method 'is_service_role' instead.
2026-04-28 18:33:44.910 9 WARNING neutron_lib.context [None req-f5147391-68b8-432d-8b1e-b710fc10a7e5 b9ed70ff90e840bfba0699b8aad4a478 25044a56f446413baed1a45b50a978f7 - - default default] Method 'is_advsvc' is deprecated since 2023.2 release (neutron-lib 3.8.0) and will be removed once support for the old RBAC API policies will be removed from Neutron. Please use method 'is_service_role' instead.
2026-04-28 18:33:45.024 10 INFO neutron.plugins.ml2.drivers.ovn.mech_driver.ovsdb.commands [None req-6520c417-cd33-4028-a04c-3352caef41b0 - - - - - -] Schedule LRP lrp-965a258f-46e3-4aaa-af5b-5632a013b166 on gateway 9db5f80a-0c01-46db-9847-81c9d222b3b2 with priority 1
2026-04-28 18:33:45.030 10 INFO neutron.plugins.ml2.drivers.ovn.mech_driver.mech_driver [None req-0e0ae3e2-706d-4c52-8522-821d9c289d77 - - - - - -] OVN reports status up for port: 965a258f-46e3-4aaa-af5b-5632a013b166
2026-04-28 18:33:45.034 9 INFO neutron.db.ovn_revision_numbers_db [None req-f5147391-68b8-432d-8b1e-b710fc10a7e5 b9ed70ff90e840bfba0699b8aad4a478 25044a56f446413baed1a45b50a978f7 - - default default] Successfully bumped revision number for resource df2b6a2b-3b86-4512-aa2b-0e73d9d650a7 (type: security_groups) to 1
2026-04-28 18:33:45.044 10 INFO neutron.plugins.ml2.plugin [None req-0e0ae3e2-706d-4c52-8522-821d9c289d77 - - - - - -] Attempt 1 to provision port 965a258f-46e3-4aaa-af5b-5632a013b166
2026-04-28 18:33:45.047 9 INFO neutron.plugins.ml2.drivers.ovn.mech_driver.ovsdb.ovsdb_monitor [None req-7412c261-08b2-4131-ae8f-f689e7c10473 - - - - - -] Router db4f3811-b6a0-401a-9d6e-2731463749eb is bound to host instance
2026-04-28 18:33:45.049 9 INFO neutron.db.ovn_revision_numbers_db [None req-f5147391-68b8-432d-8b1e-b710fc10a7e5 b9ed70ff90e840bfba0699b8aad4a478 25044a56f446413baed1a45b50a978f7 - - default default] Successfully bumped revision number for resource 45b300ca-56fd-432d-98a3-0e725e0a24a4 (type: security_group_rules) to 0
2026-04-28 18:33:45.060 10 INFO neutron.db.ovn_revision_numbers_db [None req-1a745cdc-4190-47bf-9e5a-93e7cf245992 d96e52cac3b2466886195e5b55f7629c 289be8de81ae4719a101d91082ea35aa - - default default] Successfully bumped revision number for resource 965a258f-46e3-4aaa-af5b-5632a013b166 (type: router_ports) to 1
2026-04-28 18:33:45.068 9 INFO neutron.db.ovn_revision_numbers_db [None req-f5147391-68b8-432d-8b1e-b710fc10a7e5 b9ed70ff90e840bfba0699b8aad4a478 25044a56f446413baed1a45b50a978f7 - - default default] Successfully bumped revision number for resource 87db93b6-775c-4c37-98d9-4735155bae29 (type: security_group_rules) to 0
2026-04-28 18:33:45.084 9 INFO neutron.db.ovn_revision_numbers_db [None req-f5147391-68b8-432d-8b1e-b710fc10a7e5 b9ed70ff90e840bfba0699b8aad4a478 25044a56f446413baed1a45b50a978f7 - - default default] Successfully bumped revision number for resource bf9b61c4-f0c7-4b2a-9d92-43aa34b36cb9 (type: security_group_rules) to 0
2026-04-28 18:33:45.098 9 INFO neutron.db.ovn_revision_numbers_db [None req-f5147391-68b8-432d-8b1e-b710fc10a7e5 b9ed70ff90e840bfba0699b8aad4a478 25044a56f446413baed1a45b50a978f7 - - default default] Successfully bumped revision number for resource f7282f9b-a09a-4ca6-8c6c-fbe400e4c671 (type: security_group_rules) to 0
2026-04-28 18:33:45.115 10 INFO neutron.db.ovn_revision_numbers_db [None req-1a745cdc-4190-47bf-9e5a-93e7cf245992 d96e52cac3b2466886195e5b55f7629c 289be8de81ae4719a101d91082ea35aa - - default default] Successfully bumped revision number for resource db4f3811-b6a0-401a-9d6e-2731463749eb (type: routers) to 2
2026-04-28 18:33:45.128 10 INFO neutron.api.wsgi [None req-1a745cdc-4190-47bf-9e5a-93e7cf245992 d96e52cac3b2466886195e5b55f7629c 289be8de81ae4719a101d91082ea35aa - - default default] 10.0.0.252 "POST /v2.0/routers HTTP/1.1" status: 201 len: 1172 time: 1.1466072
2026-04-28 18:33:45.185 9 INFO neutron.db.segments_db [None req-f5147391-68b8-432d-8b1e-b710fc10a7e5 b9ed70ff90e840bfba0699b8aad4a478 25044a56f446413baed1a45b50a978f7 - - default default] Added segment 80098f57-5761-4fc0-be41-208a168b4aae of type geneve for network 078c6353-f06a-47c9-8381-27b327757db9
2026-04-28 18:33:45.287 9 INFO neutron.db.segments_db [None req-f5147391-68b8-432d-8b1e-b710fc10a7e5 b9ed70ff90e840bfba0699b8aad4a478 25044a56f446413baed1a45b50a978f7 - - default default] Added segment 01aee360-0246-4f21-9b3e-2420ccdef483 of type geneve for network b6f106a5-fb88-4ab8-9f21-47df414d566d
2026-04-28 18:33:45.404 9 INFO neutron.db.ovn_revision_numbers_db [None req-f5147391-68b8-432d-8b1e-b710fc10a7e5 b9ed70ff90e840bfba0699b8aad4a478 25044a56f446413baed1a45b50a978f7 - - default default] Successfully bumped revision number for resource 078c6353-f06a-47c9-8381-27b327757db9 (type: networks) to 1
2026-04-28 18:33:45.461 10 WARNING neutron.scheduler.dhcp_agent_scheduler [None req-4c7ad21c-5f1d-46af-9611-48b72bf17602 d96e52cac3b2466886195e5b55f7629c 289be8de81ae4719a101d91082ea35aa - - default default] No more DHCP agents
2026-04-28 18:33:45.462 10 WARNING neutron.api.rpc.agentnotifiers.dhcp_rpc_agent_api [None req-4c7ad21c-5f1d-46af-9611-48b72bf17602 d96e52cac3b2466886195e5b55f7629c 289be8de81ae4719a101d91082ea35aa - - default default] Unable to schedule network a21c2dfc-b2f8-4235-835f-1aef518ba80c: no agents available; will retry on subsequent port and subnet creation events.
2026-04-28 18:33:45.499 9 INFO neutron.api.wsgi [req-0f9869d2-b739-4108-af4f-99b1a6a672fb req-175bfe4b-9e28-45df-9dc6-aff603302f92 4e5d5a9a8bc349519bdb13729356bb0c b50531dd6ae94f26ab369af12fd55577 - - default default] 199.19.213.114 "GET /v2.0/networks?id=fe6e90a9-29f5-4964-8b4a-6b4893cf3dcc HTTP/1.1" status: 200 len: 875 time: 0.0917413
2026-04-28 18:33:45.521 9 INFO neutron.db.ovn_revision_numbers_db [None req-a59d14c8-d444-45e8-bfce-e90eefca2ec6 - - - - - -] Successfully bumped revision number for resource 965a258f-46e3-4aaa-af5b-5632a013b166 (type: ports) to 1
2026-04-28 18:33:45.525 10 INFO neutron.api.wsgi [req-57943223-f9ef-4982-876a-7804d29e2b8e req-42303c4e-01b4-4292-a13b-db15cf3e36b0 4e5d5a9a8bc349519bdb13729356bb0c b50531dd6ae94f26ab369af12fd55577 - - default default] 10.0.0.184 "GET /v2.0/ports?device_id=cf6e3981-cb1f-4a46-921c-819fe29c2280 HTTP/1.1" status: 200 len: 210 time: 0.0159903
2026-04-28 18:33:45.558 9 INFO neutron.api.wsgi [req-0f9869d2-b739-4108-af4f-99b1a6a672fb req-1d8c1f0c-98e8-4fa5-8f1f-51ce0682b84e 4e5d5a9a8bc349519bdb13729356bb0c b50531dd6ae94f26ab369af12fd55577 - - default default] 199.19.213.114 "GET /v2.0/security-groups?fields=id&fields=name&tenant_id=b50531dd6ae94f26ab369af12fd55577 HTTP/1.1" status: 200 len: 380 time: 0.0549662
2026-04-28 18:33:45.574 9 WARNING neutron_lib.context [req-0f9869d2-b739-4108-af4f-99b1a6a672fb req-76b3b939-a2b8-403b-b5c0-06a40a676026 4e5d5a9a8bc349519bdb13729356bb0c b50531dd6ae94f26ab369af12fd55577 - - default default] Method 'is_advsvc' is deprecated since 2023.2 release (neutron-lib 3.8.0) and will be removed once support for the old RBAC API policies will be removed from Neutron. Please use method 'is_service_role' instead.
2026-04-28 18:33:45.590 10 INFO neutron.db.ovn_revision_numbers_db [None req-4c7ad21c-5f1d-46af-9611-48b72bf17602 d96e52cac3b2466886195e5b55f7629c 289be8de81ae4719a101d91082ea35aa - - default default] Successfully bumped revision number for resource de808421-1d9e-41f0-b568-0f31212d700c (type: ports) to 1
2026-04-28 18:33:45.594 10 INFO neutron.db.ovn_revision_numbers_db [None req-592f4f2e-c522-49be-adab-1908fb8eb227 d96e52cac3b2466886195e5b55f7629c 289be8de81ae4719a101d91082ea35aa - - default default] Successfully bumped revision number for resource 33e339c9-90b4-47e1-b7fa-55f84ff96d87 (type: security_groups) to 1
2026-04-28 18:33:45.612 10 INFO neutron.db.ovn_revision_numbers_db [None req-592f4f2e-c522-49be-adab-1908fb8eb227 d96e52cac3b2466886195e5b55f7629c 289be8de81ae4719a101d91082ea35aa - - default default] Successfully bumped revision number for resource 001c301d-72ed-4463-a2e6-2d6e07d39535 (type: security_group_rules) to 0
2026-04-28 18:33:45.624 10 INFO neutron.db.ovn_revision_numbers_db [None req-592f4f2e-c522-49be-adab-1908fb8eb227 d96e52cac3b2466886195e5b55f7629c 289be8de81ae4719a101d91082ea35aa - - default default] Successfully bumped revision number for resource 81f6c7e0-d236-4829-ba69-a3164dc196ba (type: security_group_rules) to 0
2026-04-28 18:33:45.638 10 INFO neutron.db.ovn_revision_numbers_db [None req-592f4f2e-c522-49be-adab-1908fb8eb227 d96e52cac3b2466886195e5b55f7629c 289be8de81ae4719a101d91082ea35aa - - default default] Successfully bumped revision number for resource d977b5ef-a271-44e3-a574-8b1d17428e71 (type: security_group_rules) to 0
2026-04-28 18:33:45.654 10 INFO neutron.db.ovn_revision_numbers_db [None req-592f4f2e-c522-49be-adab-1908fb8eb227 d96e52cac3b2466886195e5b55f7629c 289be8de81ae4719a101d91082ea35aa - - default default] Successfully bumped revision number for resource f3e2cb31-fc1c-44bd-8ce5-c2956d592586 (type: security_group_rules) to 0
2026-04-28 18:33:45.691 10 INFO neutron.api.wsgi [None req-592f4f2e-c522-49be-adab-1908fb8eb227 d96e52cac3b2466886195e5b55f7629c 289be8de81ae4719a101d91082ea35aa - - default default] 10.0.0.252 "GET /v2.0/security-groups?tenant_id=d0b331a4d54c42d9afb2f619d1565f72&name=default HTTP/1.1" status: 200 len: 3120 time: 0.3054223
2026-04-28 18:33:45.888 9 WARNING neutron.scheduler.dhcp_agent_scheduler [None req-f5147391-68b8-432d-8b1e-b710fc10a7e5 b9ed70ff90e840bfba0699b8aad4a478 25044a56f446413baed1a45b50a978f7 - - default default] No more DHCP agents
2026-04-28 18:33:45.892 9 WARNING neutron.api.rpc.agentnotifiers.dhcp_rpc_agent_api [None req-f5147391-68b8-432d-8b1e-b710fc10a7e5 b9ed70ff90e840bfba0699b8aad4a478 25044a56f446413baed1a45b50a978f7 - - default default] Unable to schedule network 078c6353-f06a-47c9-8381-27b327757db9: no agents available; will retry on subsequent port and subnet creation events.
2026-04-28 18:33:45.917 10 INFO neutron.api.wsgi [None req-b4510e60-e285-43c3-ac8b-c0de1b2b5f32 d96e52cac3b2466886195e5b55f7629c 289be8de81ae4719a101d91082ea35aa - - default default] 10.0.0.252 "DELETE /v2.0/security-groups/33e339c9-90b4-47e1-b7fa-55f84ff96d87 HTTP/1.1" status: 204 len: 168 time: 0.2157474
2026-04-28 18:33:45.995 9 INFO neutron.db.ovn_revision_numbers_db [None req-f5147391-68b8-432d-8b1e-b710fc10a7e5 b9ed70ff90e840bfba0699b8aad4a478 25044a56f446413baed1a45b50a978f7 - - default default] Successfully bumped revision number for resource d36a4346-9eaf-4ec9-a67f-e4c1982a1f5c (type: ports) to 1
2026-04-28 18:33:46.080 10 INFO neutron.db.ovn_revision_numbers_db [None req-4c7ad21c-5f1d-46af-9611-48b72bf17602 d96e52cac3b2466886195e5b55f7629c 289be8de81ae4719a101d91082ea35aa - - default default] Successfully bumped revision number for resource de808421-1d9e-41f0-b568-0f31212d700c (type: ports) to 1
2026-04-28 18:33:46.105 9 INFO neutron.db.ovn_revision_numbers_db [None req-f5147391-68b8-432d-8b1e-b710fc10a7e5 b9ed70ff90e840bfba0699b8aad4a478 25044a56f446413baed1a45b50a978f7 - - default default] Successfully bumped revision number for resource b6f106a5-fb88-4ab8-9f21-47df414d566d (type: networks) to 1
2026-04-28 18:33:46.123 10 WARNING neutron.scheduler.dhcp_agent_scheduler [None req-4c7ad21c-5f1d-46af-9611-48b72bf17602 d96e52cac3b2466886195e5b55f7629c 289be8de81ae4719a101d91082ea35aa - - default default] No more DHCP agents
2026-04-28 18:33:46.124 10 WARNING neutron.api.rpc.agentnotifiers.dhcp_rpc_agent_api [None req-4c7ad21c-5f1d-46af-9611-48b72bf17602 d96e52cac3b2466886195e5b55f7629c 289be8de81ae4719a101d91082ea35aa - - default default] Unable to schedule network a21c2dfc-b2f8-4235-835f-1aef518ba80c: no agents available; will retry on subsequent port and subnet creation events.
2026-04-28 18:33:46.194 9 WARNING neutron.scheduler.dhcp_agent_scheduler [req-0f9869d2-b739-4108-af4f-99b1a6a672fb req-76b3b939-a2b8-403b-b5c0-06a40a676026 4e5d5a9a8bc349519bdb13729356bb0c b50531dd6ae94f26ab369af12fd55577 - - default default] No more DHCP agents
2026-04-28 18:33:46.197 9 WARNING neutron.api.rpc.agentnotifiers.dhcp_rpc_agent_api [req-0f9869d2-b739-4108-af4f-99b1a6a672fb req-76b3b939-a2b8-403b-b5c0-06a40a676026 4e5d5a9a8bc349519bdb13729356bb0c b50531dd6ae94f26ab369af12fd55577 - - default default] Unable to schedule network fe6e90a9-29f5-4964-8b4a-6b4893cf3dcc: no agents available; will retry on subsequent port and subnet creation events.
2026-04-28 18:33:46.198 9 INFO neutron.db.ovn_revision_numbers_db [None req-a59d14c8-d444-45e8-bfce-e90eefca2ec6 - - - - - -] Successfully bumped revision number for resource 965a258f-46e3-4aaa-af5b-5632a013b166 (type: ports) to 4
2026-04-28 18:33:46.344 9 WARNING neutron.scheduler.dhcp_agent_scheduler [None req-f5147391-68b8-432d-8b1e-b710fc10a7e5 b9ed70ff90e840bfba0699b8aad4a478 25044a56f446413baed1a45b50a978f7 - - default default] No more DHCP agents
2026-04-28 18:33:46.347 9 WARNING neutron.api.rpc.agentnotifiers.dhcp_rpc_agent_api [None req-f5147391-68b8-432d-8b1e-b710fc10a7e5 b9ed70ff90e840bfba0699b8aad4a478 25044a56f446413baed1a45b50a978f7 - - default default] Unable to schedule network b6f106a5-fb88-4ab8-9f21-47df414d566d: no agents available; will retry on subsequent port and subnet creation events.
2026-04-28 18:33:46.390 9 INFO neutron.db.ovn_revision_numbers_db [req-0f9869d2-b739-4108-af4f-99b1a6a672fb req-76b3b939-a2b8-403b-b5c0-06a40a676026 4e5d5a9a8bc349519bdb13729356bb0c b50531dd6ae94f26ab369af12fd55577 - - default default] Successfully bumped revision number for resource a06cc622-2d81-4bc1-bb0a-0b48cbf8d44d (type: ports) to 1
2026-04-28 18:33:46.418 9 INFO neutron.api.wsgi [req-0f9869d2-b739-4108-af4f-99b1a6a672fb req-76b3b939-a2b8-403b-b5c0-06a40a676026 4e5d5a9a8bc349519bdb13729356bb0c b50531dd6ae94f26ab369af12fd55577 - - default default] 199.19.213.114 "POST /v2.0/ports HTTP/1.1" status: 201 len: 1162 time: 0.8522587 /var/lib/openstack/lib/python3.12/site-packages/pycadf/identifier.py:71: UserWarning: Invalid uuid: neutron. To ensure interoperability, identifiers should be a valid uuid. warnings.warn(('Invalid uuid: %s. To ensure interoperability, '
2026-04-28 18:33:46.429 9 INFO neutron.db.ovn_revision_numbers_db [None req-f5147391-68b8-432d-8b1e-b710fc10a7e5 b9ed70ff90e840bfba0699b8aad4a478 25044a56f446413baed1a45b50a978f7 - - default default] Successfully bumped revision number for resource ba813566-7d46-44cd-a069-63e8f0c823fc (type: ports) to 1
2026-04-28 18:33:46.458 9 INFO neutron.api.wsgi [None req-f5147391-68b8-432d-8b1e-b710fc10a7e5 b9ed70ff90e840bfba0699b8aad4a478 25044a56f446413baed1a45b50a978f7 - - default default] 10.0.0.252 "POST /v2.0/networks HTTP/1.1" status: 201 len: 1446 time: 1.6443279
2026-04-28 18:33:46.520 10 INFO neutron.api.wsgi [None req-c578ddc2-2671-4262-8fc1-f0adaf450ad9 b9ed70ff90e840bfba0699b8aad4a478 25044a56f446413baed1a45b50a978f7 - - default default] 10.0.0.252 "GET /v2.0/networks HTTP/1.1" status: 200 len: 2052 time: 0.0556202
2026-04-28 18:33:46.606 9 INFO neutron.db.ovn_revision_numbers_db [None req-a59d14c8-d444-45e8-bfce-e90eefca2ec6 - - - - - -] Successfully bumped revision number for resource 965a258f-46e3-4aaa-af5b-5632a013b166 (type: ports) to 5
2026-04-28 18:33:46.680 9 INFO neutron.api.wsgi [req-cd4a111f-a838-4944-b05a-550e35007231 req-ff1ba414-ffb3-4305-a1ff-7299de04f761 4e5d5a9a8bc349519bdb13729356bb0c b50531dd6ae94f26ab369af12fd55577 - - default default] 10.0.0.184 "GET /v2.0/ports?device_id=cf6e3981-cb1f-4a46-921c-819fe29c2280 HTTP/1.1" status: 200 len: 1160 time: 0.1006482
2026-04-28 18:33:46.688 10 INFO neutron.db.ovn_revision_numbers_db [None req-4c7ad21c-5f1d-46af-9611-48b72bf17602 d96e52cac3b2466886195e5b55f7629c 289be8de81ae4719a101d91082ea35aa - - default default] Successfully bumped revision number for resource de808421-1d9e-41f0-b568-0f31212d700c (type: router_ports) to 1
2026-04-28 18:33:46.693 10 INFO neutron.api.wsgi [None req-4c7ad21c-5f1d-46af-9611-48b72bf17602 d96e52cac3b2466886195e5b55f7629c 289be8de81ae4719a101d91082ea35aa - - default default] 10.0.0.252 "PUT /v2.0/routers/db4f3811-b6a0-401a-9d6e-2731463749eb/add_router_interface HTTP/1.1" status: 200 len: 503 time: 1.5612326
2026-04-28 18:33:46.728 9 INFO neutron.api.wsgi [req-cd4a111f-a838-4944-b05a-550e35007231 req-cff64ec9-a90e-492b-aa67-1e90e297c00f 4e5d5a9a8bc349519bdb13729356bb0c b50531dd6ae94f26ab369af12fd55577 - - default default] 10.0.0.184 "GET /v2.0/security-groups?id=6671f5e1-05b7-42d4-a4be-b712ce475501&fields=id&fields=name HTTP/1.1" status: 200 len: 313 time: 0.0409567
2026-04-28 18:33:46.813 9 INFO neutron.db.ovn_revision_numbers_db [req-0f9869d2-b739-4108-af4f-99b1a6a672fb req-ff38e24f-c64d-4160-b1f0-a31b20caa6a7 2b21086211fc44e58990c25ff47f3fef 24ea4a403c04467cb0e7aec3d57c681c - - a57b547b83f4419d96d463529006276e a57b547b83f4419d96d463529006276e] Successfully bumped revision number for resource a06cc622-2d81-4bc1-bb0a-0b48cbf8d44d (type: ports) to 2
2026-04-28 18:33:46.817 10 INFO neutron.services.segments.plugin [-] Segment 80098f57-5761-4fc0-be41-208a168b4aae resource provider aggregate not found
2026-04-28 18:33:46.830 10 INFO neutron.services.segments.plugin [-] Segment 80098f57-5761-4fc0-be41-208a168b4aae resource provider not found; error: Placement Client Error (4xx): {"errors": [{"status": 404, "title": "Not Found", "detail": "The resource could not be found.\n\n No resource provider with uuid 80098f57-5761-4fc0-be41-208a168b4aae found for delete ", "request_id": "req-a3b0d5c8-c04a-4ae7-98f9-db29bfaa1ac5"}]}
2026-04-28 18:33:46.835 10 INFO neutron.services.segments.plugin [-] Segment 80098f57-5761-4fc0-be41-208a168b4aae resource provider aggregate not found
2026-04-28 18:33:46.847 10 INFO neutron.services.segments.plugin [-] Segment 80098f57-5761-4fc0-be41-208a168b4aae resource provider not found; error: Placement Client Error (4xx): {"errors": [{"status": 404, "title": "Not Found", "detail": "The resource could not be found.\n\n No resource provider with uuid 80098f57-5761-4fc0-be41-208a168b4aae found for delete ", "request_id": "req-96616aea-8a3e-49a0-b303-079bc4fce7dd"}]}
2026-04-28 18:33:46.865 10 INFO neutron.api.wsgi [None req-07c8a377-f2a9-430b-bf56-9268031a4572 b9ed70ff90e840bfba0699b8aad4a478 25044a56f446413baed1a45b50a978f7 - - default default] 10.0.0.252 "DELETE /v2.0/networks/078c6353-f06a-47c9-8381-27b327757db9 HTTP/1.1" status: 204 len: 168 time: 0.3374195
2026-04-28 18:33:46.995 9 INFO neutron.db.ovn_revision_numbers_db [req-0f9869d2-b739-4108-af4f-99b1a6a672fb req-ff38e24f-c64d-4160-b1f0-a31b20caa6a7 2b21086211fc44e58990c25ff47f3fef 24ea4a403c04467cb0e7aec3d57c681c - - a57b547b83f4419d96d463529006276e a57b547b83f4419d96d463529006276e] Successfully bumped revision number for resource a06cc622-2d81-4bc1-bb0a-0b48cbf8d44d (type: ports) to 4
2026-04-28 18:33:47.012 9 INFO neutron.api.wsgi [req-0f9869d2-b739-4108-af4f-99b1a6a672fb req-ff38e24f-c64d-4160-b1f0-a31b20caa6a7 2b21086211fc44e58990c25ff47f3fef 24ea4a403c04467cb0e7aec3d57c681c - - a57b547b83f4419d96d463529006276e a57b547b83f4419d96d463529006276e] 199.19.213.114 "PUT /v2.0/ports/a06cc622-2d81-4bc1-bb0a-0b48cbf8d44d HTTP/1.1" status: 200 len: 1408 time: 0.5885537
2026-04-28 18:33:47.055 9 INFO neutron.notifiers.nova [-] Nova event matching ['req-4bc0d94a-37f2-4cc7-ae75-7d291eb2383e'] response: {'name': 'network-changed', 'server_uuid': 'cf6e3981-cb1f-4a46-921c-819fe29c2280', 'tag': 'a06cc622-2d81-4bc1-bb0a-0b48cbf8d44d', 'status': 'completed', 'code': 200}
2026-04-28 18:33:47.143 10 INFO neutron.api.wsgi [None req-ec256556-3997-4d54-a535-f0052808d211 b9ed70ff90e840bfba0699b8aad4a478 25044a56f446413baed1a45b50a978f7 - - default default] 10.0.0.252 "DELETE /v2.0/networks/b6f106a5-fb88-4ab8-9f21-47df414d566d HTTP/1.1" status: 204 len: 168 time: 0.2736809
2026-04-28 18:33:47.191 10 INFO neutron.api.wsgi [None req-2971c4e4-d6db-4466-b7ff-1b4b35f5b812 b9ed70ff90e840bfba0699b8aad4a478 25044a56f446413baed1a45b50a978f7 - - default default] 10.0.0.252 "GET /v2.0/networks HTTP/1.1" status: 200 len: 845 time: 0.0433683
2026-04-28 18:33:47.202 10 WARNING neutron_lib.context [None req-91591573-3e3f-406c-9f27-c89b17c77ab8 b9ed70ff90e840bfba0699b8aad4a478 25044a56f446413baed1a45b50a978f7 - - default default] Method 'is_advsvc' is deprecated since 2023.2 release (neutron-lib 3.8.0) and will be removed once support for the old RBAC API policies will be removed from Neutron. Please use method 'is_service_role' instead. /var/lib/openstack/lib/python3.12/site-packages/pycadf/identifier.py:71: UserWarning: Invalid uuid: neutron. To ensure interoperability, identifiers should be a valid uuid. warnings.warn(('Invalid uuid: %s. To ensure interoperability, '
2026-04-28 18:33:47.241 9 WARNING neutron_lib.context [None req-373bfd77-d01f-4e89-a63d-ce5159be7aee 405ad96c045f4d3a8bfa9bcb44e15b0c eacfd4c761ed415f90f0c59893434903 - - default default] Method 'is_advsvc' is deprecated since 2023.2 release (neutron-lib 3.8.0) and will be removed once support for the old RBAC API policies will be removed from Neutron. Please use method 'is_service_role' instead.
2026-04-28 18:33:47.255 10 INFO neutron.plugins.ml2.drivers.ovn.mech_driver.mech_driver [None req-0e0ae3e2-706d-4c52-8522-821d9c289d77 - - - - - -] OVN reports status up for port: de808421-1d9e-41f0-b568-0f31212d700c
2026-04-28 18:33:47.260 10 INFO neutron.plugins.ml2.plugin [None req-0e0ae3e2-706d-4c52-8522-821d9c289d77 - - - - - -] Attempt 1 to provision port de808421-1d9e-41f0-b568-0f31212d700c
2026-04-28 18:33:47.291 10 INFO neutron.db.segments_db [None req-91591573-3e3f-406c-9f27-c89b17c77ab8 b9ed70ff90e840bfba0699b8aad4a478 25044a56f446413baed1a45b50a978f7 - - default default] Added segment 29272d8a-698e-46e9-b5bc-d9308473fc6a of type geneve for network 726b1f88-4378-4603-abbc-57add9888ef3
2026-04-28 18:33:47.324 9 INFO neutron.db.ovn_revision_numbers_db [None req-373bfd77-d01f-4e89-a63d-ce5159be7aee 405ad96c045f4d3a8bfa9bcb44e15b0c eacfd4c761ed415f90f0c59893434903 - - default default] Successfully bumped revision number for resource a8d582f4-d385-41ea-8d45-34e9c1b0f13f (type: security_groups) to 1
2026-04-28 18:33:47.336 9 INFO neutron.db.ovn_revision_numbers_db [None req-373bfd77-d01f-4e89-a63d-ce5159be7aee 405ad96c045f4d3a8bfa9bcb44e15b0c eacfd4c761ed415f90f0c59893434903 - - default default] Successfully bumped revision number for resource 9eb575d7-ed03-464b-a1c4-6a7c007b44be (type: security_group_rules) to 0
2026-04-28 18:33:47.349 9 INFO neutron.db.ovn_revision_numbers_db [None req-373bfd77-d01f-4e89-a63d-ce5159be7aee 405ad96c045f4d3a8bfa9bcb44e15b0c eacfd4c761ed415f90f0c59893434903 - - default default] Successfully bumped revision number for resource f0a2ef1b-5035-4749-af80-a9084d60dc28 (type: security_group_rules) to 0
2026-04-28 18:33:47.378 9 INFO neutron.api.wsgi [None req-373bfd77-d01f-4e89-a63d-ce5159be7aee 405ad96c045f4d3a8bfa9bcb44e15b0c eacfd4c761ed415f90f0c59893434903 - - default default] 10.0.0.252 "POST /v2.0/security-groups HTTP/1.1" status: 201 len: 1859 time: 0.1430368
2026-04-28 18:33:47.386 10 WARNING neutron_lib.context [None req-88922035-ad60-447b-a8e7-475932185cb6 405ad96c045f4d3a8bfa9bcb44e15b0c eacfd4c761ed415f90f0c59893434903 - - default default] Method 'is_advsvc' is deprecated since 2023.2 release (neutron-lib 3.8.0) and will be removed once support for the old RBAC API policies will be removed from Neutron. Please use method 'is_service_role' instead.
2026-04-28 18:33:47.420 10 INFO neutron.db.ovn_revision_numbers_db [None req-91591573-3e3f-406c-9f27-c89b17c77ab8 b9ed70ff90e840bfba0699b8aad4a478 25044a56f446413baed1a45b50a978f7 - - default default] Successfully bumped revision number for resource 726b1f88-4378-4603-abbc-57add9888ef3 (type: networks) to 1
2026-04-28 18:33:47.604 9 INFO neutron.api.wsgi [req-020cc168-091f-4a18-89ac-5c0168e9ab67 req-1d5cc103-b459-4684-a020-35bc1f824571 2b21086211fc44e58990c25ff47f3fef 24ea4a403c04467cb0e7aec3d57c681c - - a57b547b83f4419d96d463529006276e a57b547b83f4419d96d463529006276e] 199.19.213.114 "GET /v2.0/ports?tenant_id=b50531dd6ae94f26ab369af12fd55577&device_id=cf6e3981-cb1f-4a46-921c-819fe29c2280 HTTP/1.1" status: 200 len: 1411 time: 0.0331023
2026-04-28 18:33:47.647 9 INFO neutron.api.wsgi [req-020cc168-091f-4a18-89ac-5c0168e9ab67 req-c21e6793-5807-4315-8aaa-641dd8ee667b 2b21086211fc44e58990c25ff47f3fef 24ea4a403c04467cb0e7aec3d57c681c - - a57b547b83f4419d96d463529006276e a57b547b83f4419d96d463529006276e] 199.19.213.114 "GET /v2.0/networks?tenant_id=b50531dd6ae94f26ab369af12fd55577&shared=False HTTP/1.1" status: 200 len: 974 time: 0.0370870
2026-04-28 18:33:47.685 9 WARNING neutron_lib.context [None req-db8a8498-58f6-472a-9090-be76f519ea71 1a01b4b75391486381aa431ef7e422f5 3287c5731d614c7895a930b00e77c32d - - default default] Method 'is_advsvc' is deprecated since 2023.2 release (neutron-lib 3.8.0) and will be removed once support for the old RBAC API policies will be removed from Neutron. Please use method 'is_service_role' instead.
2026-04-28 18:33:47.686 9 WARNING neutron_lib.context [None req-db8a8498-58f6-472a-9090-be76f519ea71 1a01b4b75391486381aa431ef7e422f5 3287c5731d614c7895a930b00e77c32d - - default default] Method 'is_advsvc' is deprecated since 2023.2 release (neutron-lib 3.8.0) and will be removed once support for the old RBAC API policies will be removed from Neutron. Please use method 'is_service_role' instead.
2026-04-28 18:33:47.715 9 INFO neutron.api.wsgi [req-020cc168-091f-4a18-89ac-5c0168e9ab67 req-91e7f28a-d9fe-4d46-a632-bbe030ca59af 2b21086211fc44e58990c25ff47f3fef 24ea4a403c04467cb0e7aec3d57c681c - - a57b547b83f4419d96d463529006276e a57b547b83f4419d96d463529006276e] 199.19.213.114 "GET /v2.0/networks?shared=True HTTP/1.1" status: 200 len: 952 time: 0.0626297
2026-04-28 18:33:47.758 10 INFO neutron.db.ovn_revision_numbers_db [None req-88922035-ad60-447b-a8e7-475932185cb6 405ad96c045f4d3a8bfa9bcb44e15b0c eacfd4c761ed415f90f0c59893434903 - - default default] Successfully bumped revision number for resource c19edb85-d559-4d87-ab5c-ea9f3753c6d0 (type: security_group_rules) to 0
2026-04-28 18:33:47.813 10 INFO neutron.api.wsgi [None req-88922035-ad60-447b-a8e7-475932185cb6 405ad96c045f4d3a8bfa9bcb44e15b0c eacfd4c761ed415f90f0c59893434903 - - default default] 10.0.0.252 "POST /v2.0/security-group-rules HTTP/1.1" status: 201 len: 796 time: 0.4313164
2026-04-28 18:33:47.825 9 WARNING neutron_lib.context [None req-7692f062-7714-4c28-af47-40e592ee2e47 405ad96c045f4d3a8bfa9bcb44e15b0c eacfd4c761ed415f90f0c59893434903 - - default default] Method 'is_advsvc' is deprecated since 2023.2 release (neutron-lib 3.8.0) and will be removed once support for the old RBAC API policies will be removed from Neutron. Please use method 'is_service_role' instead.
2026-04-28 18:33:47.848 9 INFO neutron.db.ovn_revision_numbers_db [None req-db8a8498-58f6-472a-9090-be76f519ea71 1a01b4b75391486381aa431ef7e422f5 3287c5731d614c7895a930b00e77c32d - - default default] Successfully bumped revision number for resource aba22dfc-d7eb-4ce3-b307-a9934dde70ac (type: security_groups) to 1
2026-04-28 18:33:47.861 9 INFO neutron.db.ovn_revision_numbers_db [None req-db8a8498-58f6-472a-9090-be76f519ea71 1a01b4b75391486381aa431ef7e422f5 3287c5731d614c7895a930b00e77c32d - - default default] Successfully bumped revision number for resource 5c5e76a5-c3f7-4b04-91aa-20aa9a4452fc (type: security_group_rules) to 0
2026-04-28 18:33:47.866 10 WARNING neutron.scheduler.dhcp_agent_scheduler [None req-91591573-3e3f-406c-9f27-c89b17c77ab8 b9ed70ff90e840bfba0699b8aad4a478 25044a56f446413baed1a45b50a978f7 - - default default] No more DHCP agents
2026-04-28 18:33:47.873 10 WARNING neutron.api.rpc.agentnotifiers.dhcp_rpc_agent_api [None req-91591573-3e3f-406c-9f27-c89b17c77ab8 b9ed70ff90e840bfba0699b8aad4a478 25044a56f446413baed1a45b50a978f7 - - default default] Unable to schedule network 726b1f88-4378-4603-abbc-57add9888ef3: no agents available; will retry on subsequent port and subnet creation events.
2026-04-28 18:33:47.874 9 INFO neutron.db.ovn_revision_numbers_db [None req-db8a8498-58f6-472a-9090-be76f519ea71 1a01b4b75391486381aa431ef7e422f5 3287c5731d614c7895a930b00e77c32d - - default default] Successfully bumped revision number for resource e87ba7af-352f-49f3-aa12-1633ddfef235 (type: security_group_rules) to 0
2026-04-28 18:33:47.887 9 INFO neutron.db.ovn_revision_numbers_db [None req-db8a8498-58f6-472a-9090-be76f519ea71 1a01b4b75391486381aa431ef7e422f5 3287c5731d614c7895a930b00e77c32d - - default default] Successfully bumped revision number for resource f787a32e-a23b-48a7-ab41-e331c3324d32 (type: security_group_rules) to 0
2026-04-28 18:33:47.902 9 INFO neutron.db.ovn_revision_numbers_db [None req-db8a8498-58f6-472a-9090-be76f519ea71 1a01b4b75391486381aa431ef7e422f5 3287c5731d614c7895a930b00e77c32d - - default default] Successfully bumped revision number for resource f9797f97-4937-4723-87e2-b059c3381d47 (type: security_group_rules) to 0
2026-04-28 18:33:47.935 10 INFO neutron.api.wsgi [req-3f6a910b-d200-4263-bdbc-5a2daa1f6712 req-1f37c025-8388-4528-9e91-adaf88655ed8 4e5d5a9a8bc349519bdb13729356bb0c b50531dd6ae94f26ab369af12fd55577 - - default default] 10.0.0.184 "GET /v2.0/ports?device_id=cf6e3981-cb1f-4a46-921c-819fe29c2280 HTTP/1.1" status: 200 len: 1172 time: 0.1366014
2026-04-28 18:33:47.956 9 INFO neutron.db.ovn_revision_numbers_db [None req-7692f062-7714-4c28-af47-40e592ee2e47 405ad96c045f4d3a8bfa9bcb44e15b0c eacfd4c761ed415f90f0c59893434903 - - default default] Successfully bumped revision number for resource 3d2d20c8-d440-4d27-9646-5765c64cc1e9 (type: security_group_rules) to 0
2026-04-28 18:33:47.962 10 INFO neutron.db.ovn_revision_numbers_db [None req-0e0ae3e2-706d-4c52-8522-821d9c289d77 - - - - - -] Successfully bumped revision number for resource de808421-1d9e-41f0-b568-0f31212d700c (type: ports) to 2
2026-04-28 18:33:47.985 10 INFO neutron.db.ovn_revision_numbers_db [None req-91591573-3e3f-406c-9f27-c89b17c77ab8 b9ed70ff90e840bfba0699b8aad4a478 25044a56f446413baed1a45b50a978f7 - - default default] Successfully bumped revision number for resource 58484ccc-53b4-47b0-8ddc-dac0b08b564d (type: ports) to 1
2026-04-28 18:33:47.989 9 INFO neutron.api.wsgi [None req-7692f062-7714-4c28-af47-40e592ee2e47 405ad96c045f4d3a8bfa9bcb44e15b0c eacfd4c761ed415f90f0c59893434903 - - default default] 10.0.0.252 "POST /v2.0/security-group-rules HTTP/1.1" status: 201 len: 801 time: 0.1709619
2026-04-28 18:33:47.991 10 INFO neutron.api.wsgi [req-3f6a910b-d200-4263-bdbc-5a2daa1f6712 req-a5030b10-bbb3-41f1-83d2-26920275b5c6 4e5d5a9a8bc349519bdb13729356bb0c b50531dd6ae94f26ab369af12fd55577 - - default default] 10.0.0.184 "GET /v2.0/security-groups?id=6671f5e1-05b7-42d4-a4be-b712ce475501&fields=id&fields=name HTTP/1.1" status: 200 len: 313 time: 0.0486202
2026-04-28 18:33:48.000 9 INFO neutron.db.segments_db [None req-db8a8498-58f6-472a-9090-be76f519ea71 1a01b4b75391486381aa431ef7e422f5 3287c5731d614c7895a930b00e77c32d - - default default] Added segment b15c5eea-7a44-48f2-b666-03c2e0e32d06 of type geneve for network e62b6a39-6eaf-40c8-adee-185e3627a956
2026-04-28 18:33:48.001 10 WARNING neutron_lib.context [None req-47a3bf78-5e7f-47ed-8737-706e81e0386a 405ad96c045f4d3a8bfa9bcb44e15b0c eacfd4c761ed415f90f0c59893434903 - - default default] Method 'is_advsvc' is deprecated since 2023.2 release (neutron-lib 3.8.0) and will be removed once support for the old RBAC API policies will be removed from Neutron. Please use method 'is_service_role' instead.
2026-04-28 18:33:48.018 10 INFO neutron.api.wsgi [None req-91591573-3e3f-406c-9f27-c89b17c77ab8 b9ed70ff90e840bfba0699b8aad4a478 25044a56f446413baed1a45b50a978f7 - - default default] 10.0.0.252 "POST /v2.0/networks HTTP/1.1" status: 201 len: 849 time: 0.8194065
2026-04-28 18:33:48.028 10 WARNING neutron_lib.context [None req-9eaba1c8-cdad-410e-96ee-87a99ad7b9f2 b9ed70ff90e840bfba0699b8aad4a478 25044a56f446413baed1a45b50a978f7 - - default default] Method 'is_advsvc' is deprecated since 2023.2 release (neutron-lib 3.8.0) and will be removed once support for the old RBAC API policies will be removed from Neutron. Please use method 'is_service_role' instead.
2026-04-28 18:33:48.095 9 INFO neutron.db.segments_db [None req-db8a8498-58f6-472a-9090-be76f519ea71 1a01b4b75391486381aa431ef7e422f5 3287c5731d614c7895a930b00e77c32d - - default default] Added segment 0db1a208-fe07-421c-8e4f-c7996870312e of type geneve for network ce0372f5-f53e-46a5-a872-502b9f98d8fa
2026-04-28 18:33:48.139 10 INFO neutron.db.segments_db [None req-9eaba1c8-cdad-410e-96ee-87a99ad7b9f2 b9ed70ff90e840bfba0699b8aad4a478 25044a56f446413baed1a45b50a978f7 - - default default] Added segment 06a65acb-7ee8-4de8-b28e-13b3b2fa49a3 of type geneve for network 806c0a79-9239-4515-89fa-a0045a24cf13
2026-04-28 18:33:48.195 9 INFO neutron.db.ovn_revision_numbers_db [None req-db8a8498-58f6-472a-9090-be76f519ea71 1a01b4b75391486381aa431ef7e422f5 3287c5731d614c7895a930b00e77c32d - - default default] Successfully bumped revision number for resource e62b6a39-6eaf-40c8-adee-185e3627a956 (type: networks) to 1
2026-04-28 18:33:48.241 10 WARNING neutron.scheduler.dhcp_agent_scheduler [None req-47a3bf78-5e7f-47ed-8737-706e81e0386a 405ad96c045f4d3a8bfa9bcb44e15b0c eacfd4c761ed415f90f0c59893434903 - - default default] No more DHCP agents
2026-04-28 18:33:48.242 10 WARNING neutron.api.rpc.agentnotifiers.dhcp_rpc_agent_api [None req-47a3bf78-5e7f-47ed-8737-706e81e0386a 405ad96c045f4d3a8bfa9bcb44e15b0c eacfd4c761ed415f90f0c59893434903 - - default default] Unable to schedule network 9e705714-b02a-48d8-89d5-7fe4e4d0fe0a: no agents available; will retry on subsequent port and subnet creation events.
2026-04-28 18:33:48.259 10 INFO neutron.db.ovn_revision_numbers_db [None req-9eaba1c8-cdad-410e-96ee-87a99ad7b9f2 b9ed70ff90e840bfba0699b8aad4a478 25044a56f446413baed1a45b50a978f7 - - default default] Successfully bumped revision number for resource 806c0a79-9239-4515-89fa-a0045a24cf13 (type: networks) to 1
2026-04-28 18:33:48.337 9 WARNING neutron.scheduler.dhcp_agent_scheduler [None req-db8a8498-58f6-472a-9090-be76f519ea71 1a01b4b75391486381aa431ef7e422f5 3287c5731d614c7895a930b00e77c32d - - default default] No more DHCP agents
2026-04-28 18:33:48.338 9 WARNING neutron.api.rpc.agentnotifiers.dhcp_rpc_agent_api [None req-db8a8498-58f6-472a-9090-be76f519ea71 1a01b4b75391486381aa431ef7e422f5 3287c5731d614c7895a930b00e77c32d - - default default] Unable to schedule network e62b6a39-6eaf-40c8-adee-185e3627a956: no agents available; will retry on subsequent port and subnet creation events.
2026-04-28 18:33:48.396 9 INFO neutron.db.ovn_revision_numbers_db [None req-db8a8498-58f6-472a-9090-be76f519ea71 1a01b4b75391486381aa431ef7e422f5 3287c5731d614c7895a930b00e77c32d - - default default] Successfully bumped revision number for resource 1acef9c7-c8b2-438a-916f-3cc51d87613d (type: ports) to 1
2026-04-28 18:33:48.441 10 WARNING neutron.scheduler.dhcp_agent_scheduler [None req-9eaba1c8-cdad-410e-96ee-87a99ad7b9f2 b9ed70ff90e840bfba0699b8aad4a478 25044a56f446413baed1a45b50a978f7 - - default default] No more DHCP agents
2026-04-28 18:33:48.445 10 WARNING neutron.api.rpc.agentnotifiers.dhcp_rpc_agent_api [None req-9eaba1c8-cdad-410e-96ee-87a99ad7b9f2 b9ed70ff90e840bfba0699b8aad4a478 25044a56f446413baed1a45b50a978f7 - - default default] Unable to schedule network 806c0a79-9239-4515-89fa-a0045a24cf13: no agents available; will retry on subsequent port and subnet creation events.
2026-04-28 18:33:48.450 9 INFO neutron.db.ovn_revision_numbers_db [None req-db8a8498-58f6-472a-9090-be76f519ea71 1a01b4b75391486381aa431ef7e422f5 3287c5731d614c7895a930b00e77c32d - - default default] Successfully bumped revision number for resource ce0372f5-f53e-46a5-a872-502b9f98d8fa (type: networks) to 1
2026-04-28 18:33:48.508 10 INFO neutron.db.ovn_revision_numbers_db [None req-9eaba1c8-cdad-410e-96ee-87a99ad7b9f2 b9ed70ff90e840bfba0699b8aad4a478 25044a56f446413baed1a45b50a978f7 - - default default] Successfully bumped revision number for resource cbe70897-92fc-4ecd-9e95-a5d212d10f2f (type: ports) to 1
2026-04-28 18:33:48.535 10 INFO neutron.api.wsgi [None req-9eaba1c8-cdad-410e-96ee-87a99ad7b9f2 b9ed70ff90e840bfba0699b8aad4a478 25044a56f446413baed1a45b50a978f7 - - default default] 10.0.0.252 "POST /v2.0/networks HTTP/1.1" status: 201 len: 849 time: 0.5129683
2026-04-28 18:33:48.543 10 INFO neutron.api.wsgi [None req-47a3bf78-5e7f-47ed-8737-706e81e0386a 405ad96c045f4d3a8bfa9bcb44e15b0c eacfd4c761ed415f90f0c59893434903 - - default default] 10.0.0.252 "POST /v2.0/floatingips HTTP/1.1" status: 201 len: 751 time: 0.5463893
2026-04-28 18:33:48.545 10 WARNING neutron_lib.context [None req-8fa76605-9fef-4f51-b074-c7b2bab10165 b9ed70ff90e840bfba0699b8aad4a478 25044a56f446413baed1a45b50a978f7 - - default default] Method 'is_advsvc' is deprecated since 2023.2 release (neutron-lib 3.8.0) and will be removed once support for the old RBAC API policies will be removed from Neutron. Please use method 'is_service_role' instead.
2026-04-28 18:33:48.569 10 WARNING neutron_lib.context [None req-8fa76605-9fef-4f51-b074-c7b2bab10165 b9ed70ff90e840bfba0699b8aad4a478 25044a56f446413baed1a45b50a978f7 - - default default] Method 'is_advsvc' is deprecated since 2023.2 release (neutron-lib 3.8.0) and will be removed once support for the old RBAC API policies will be removed from Neutron. Please use method 'is_service_role' instead.
2026-04-28 18:33:48.600 9 WARNING neutron.scheduler.dhcp_agent_scheduler [None req-db8a8498-58f6-472a-9090-be76f519ea71 1a01b4b75391486381aa431ef7e422f5 3287c5731d614c7895a930b00e77c32d - - default default] No more DHCP agents
2026-04-28 18:33:48.601 9 WARNING neutron.api.rpc.agentnotifiers.dhcp_rpc_agent_api [None req-db8a8498-58f6-472a-9090-be76f519ea71 1a01b4b75391486381aa431ef7e422f5 3287c5731d614c7895a930b00e77c32d - - default default] Unable to schedule network ce0372f5-f53e-46a5-a872-502b9f98d8fa: no agents available; will retry on subsequent port and subnet creation events.
2026-04-28 18:33:48.653 9 INFO neutron.db.ovn_revision_numbers_db [None req-db8a8498-58f6-472a-9090-be76f519ea71 1a01b4b75391486381aa431ef7e422f5 3287c5731d614c7895a930b00e77c32d - - default default] Successfully bumped revision number for resource e69c6e1b-1e68-481b-b912-9d2e9a38d274 (type: ports) to 1
2026-04-28 18:33:48.671 9 INFO neutron.api.wsgi [None req-db8a8498-58f6-472a-9090-be76f519ea71 1a01b4b75391486381aa431ef7e422f5 3287c5731d614c7895a930b00e77c32d - - default default] 10.0.0.252 "POST /v2.0/networks HTTP/1.1" status: 201 len: 1446 time: 1.1288009
2026-04-28 18:33:48.728 9 INFO neutron.api.wsgi [None req-7de0efb7-1ba3-432f-b593-862951fa09e1 1a01b4b75391486381aa431ef7e422f5 3287c5731d614c7895a930b00e77c32d - - default default] 10.0.0.252 "GET /v2.0/networks HTTP/1.1" status: 200 len: 2052 time: 0.0530622
2026-04-28 18:33:48.768 9 INFO neutron.api.wsgi [req-0f9869d2-b739-4108-af4f-99b1a6a672fb req-7155afd2-db8a-40e4-af1d-42b6dacd5482 2b21086211fc44e58990c25ff47f3fef 24ea4a403c04467cb0e7aec3d57c681c - - a57b547b83f4419d96d463529006276e a57b547b83f4419d96d463529006276e] 199.19.213.114 "GET /v2.0/ports?tenant_id=b50531dd6ae94f26ab369af12fd55577&device_id=cf6e3981-cb1f-4a46-921c-819fe29c2280 HTTP/1.1" status: 200 len: 1411 time: 0.0388932
2026-04-28 18:33:48.798 9 INFO neutron.api.wsgi [req-0f9869d2-b739-4108-af4f-99b1a6a672fb req-c01c42c8-d05f-4fd9-9f5c-2bfce99b62cf 2b21086211fc44e58990c25ff47f3fef 24ea4a403c04467cb0e7aec3d57c681c - - a57b547b83f4419d96d463529006276e a57b547b83f4419d96d463529006276e] 199.19.213.114 "GET /v2.0/floatingips?fixed_ip_address=10.100.0.11&port_id=a06cc622-2d81-4bc1-bb0a-0b48cbf8d44d HTTP/1.1" status: 200 len: 217 time: 0.0253878
2026-04-28 18:33:48.837 9 INFO neutron.api.wsgi [req-0f9869d2-b739-4108-af4f-99b1a6a672fb req-2a63b354-64b6-4dbd-838b-b4ad9e8ff111 2b21086211fc44e58990c25ff47f3fef 24ea4a403c04467cb0e7aec3d57c681c - - a57b547b83f4419d96d463529006276e a57b547b83f4419d96d463529006276e] 199.19.213.114 "GET /v2.0/subnets?id=1230c026-42ea-483c-acb6-0ef900b0b7a5 HTTP/1.1" status: 200 len: 893 time: 0.0340807
2026-04-28 18:33:48.856 10 INFO neutron.services.segments.plugin [-] Segment 01aee360-0246-4f21-9b3e-2420ccdef483 resource provider aggregate not found
2026-04-28 18:33:48.860 9 INFO neutron.api.wsgi [req-0f9869d2-b739-4108-af4f-99b1a6a672fb req-9c567061-4f1a-493b-842f-50cb3edd29d3 2b21086211fc44e58990c25ff47f3fef 24ea4a403c04467cb0e7aec3d57c681c - - a57b547b83f4419d96d463529006276e a57b547b83f4419d96d463529006276e] 199.19.213.114 "GET /v2.0/ports?network_id=fe6e90a9-29f5-4964-8b4a-6b4893cf3dcc&device_owner=network%3Adhcp HTTP/1.1" status: 200 len: 210 time: 0.0127792
2026-04-28 18:33:48.864 10 INFO neutron.services.segments.plugin [-] Segment 01aee360-0246-4f21-9b3e-2420ccdef483 resource provider aggregate not found
2026-04-28 18:33:48.873 10 INFO neutron.services.segments.plugin [-] Segment 01aee360-0246-4f21-9b3e-2420ccdef483 resource provider not found; error: Placement Client Error (4xx): {"errors": [{"status": 404, "title": "Not Found", "detail": "The resource could not be found.\n\n No resource provider with uuid 01aee360-0246-4f21-9b3e-2420ccdef483 found for delete ", "request_id": "req-94364bf9-3290-47a9-8458-4dbfe1bbad3b"}]}
2026-04-28 18:33:48.878 10 INFO neutron.services.segments.plugin [-] Segment 01aee360-0246-4f21-9b3e-2420ccdef483 resource provider not found; error: Placement Client Error (4xx): {"errors": [{"status": 404, "title": "Not Found", "detail": "The resource could not be found.\n\n No resource provider with uuid 01aee360-0246-4f21-9b3e-2420ccdef483 found for delete ", "request_id": "req-a4c31365-24ef-40a3-b91a-c031c3bb7e8c"}]}
2026-04-28 18:33:48.911 9 INFO neutron.api.wsgi [req-0f9869d2-b739-4108-af4f-99b1a6a672fb req-07605263-f165-4034-ae5e-3fde68c3d250 2b21086211fc44e58990c25ff47f3fef 24ea4a403c04467cb0e7aec3d57c681c - - a57b547b83f4419d96d463529006276e a57b547b83f4419d96d463529006276e] 199.19.213.114 "GET /v2.0/networks/fe6e90a9-29f5-4964-8b4a-6b4893cf3dcc?fields=segments HTTP/1.1" status: 200 len: 212 time: 0.0435190
2026-04-28 18:33:48.957 9 INFO neutron.api.wsgi [req-0f9869d2-b739-4108-af4f-99b1a6a672fb req-b3d194c3-b014-455b-8d78-c94fcf82691c 2b21086211fc44e58990c25ff47f3fef 24ea4a403c04467cb0e7aec3d57c681c - - a57b547b83f4419d96d463529006276e a57b547b83f4419d96d463529006276e] 199.19.213.114 "GET /v2.0/networks/fe6e90a9-29f5-4964-8b4a-6b4893cf3dcc?fields=provider%3Aphysical_network&fields=provider%3Anetwork_type HTTP/1.1" status: 200 len: 277 time: 0.0376828
2026-04-28 18:33:49.024 10 WARNING neutron.scheduler.dhcp_agent_scheduler [None req-8fa76605-9fef-4f51-b074-c7b2bab10165 b9ed70ff90e840bfba0699b8aad4a478 25044a56f446413baed1a45b50a978f7 - - default default] No more DHCP agents
