2026-04-28 18:33:49.026 10 WARNING neutron.api.rpc.agentnotifiers.dhcp_rpc_agent_api [None req-8fa76605-9fef-4f51-b074-c7b2bab10165 b9ed70ff90e840bfba0699b8aad4a478 25044a56f446413baed1a45b50a978f7 - - default default] Unable to schedule network 726b1f88-4378-4603-abbc-57add9888ef3: no agents available; will retry on subsequent port and subnet creation events.
2026-04-28 18:33:49.099 10 INFO neutron.db.ovn_revision_numbers_db [None req-8fa76605-9fef-4f51-b074-c7b2bab10165 b9ed70ff90e840bfba0699b8aad4a478 25044a56f446413baed1a45b50a978f7 - - default default] Successfully bumped revision number for resource 90379c40-225e-4468-bcc6-3964635c8318 (type: ports) to 1
2026-04-28 18:33:49.112 9 INFO neutron.api.wsgi [req-1a1d134b-de7a-4ef0-ae63-e3ec262cd91c req-d6f4e03a-447d-4a16-9144-302847d14993 4e5d5a9a8bc349519bdb13729356bb0c b50531dd6ae94f26ab369af12fd55577 - - default default] 10.0.0.184 "GET /v2.0/ports?device_id=cf6e3981-cb1f-4a46-921c-819fe29c2280 HTTP/1.1" status: 200 len: 1172 time: 0.0290086
2026-04-28 18:33:49.145 10 WARNING neutron.scheduler.dhcp_agent_scheduler [None req-8fa76605-9fef-4f51-b074-c7b2bab10165 b9ed70ff90e840bfba0699b8aad4a478 25044a56f446413baed1a45b50a978f7 - - default default] No more DHCP agents
2026-04-28 18:33:49.147 10 WARNING neutron.api.rpc.agentnotifiers.dhcp_rpc_agent_api [None req-8fa76605-9fef-4f51-b074-c7b2bab10165 b9ed70ff90e840bfba0699b8aad4a478 25044a56f446413baed1a45b50a978f7 - - default default] Unable to schedule network 806c0a79-9239-4515-89fa-a0045a24cf13: no agents available; will retry on subsequent port and subnet creation events.
2026-04-28 18:33:49.152 10 INFO neutron.api.wsgi [None req-34ac25ce-83c4-473c-bb9b-6f5ed30c8be4 1a01b4b75391486381aa431ef7e422f5 3287c5731d614c7895a930b00e77c32d - - default default] 10.0.0.252 "DELETE /v2.0/networks/e62b6a39-6eaf-40c8-adee-185e3627a956 HTTP/1.1" status: 204 len: 168 time: 0.4128194
2026-04-28 18:33:49.157 9 INFO neutron.api.wsgi [req-1a1d134b-de7a-4ef0-ae63-e3ec262cd91c req-6057c85c-08f0-49e4-8101-7ae76f6b6f23 4e5d5a9a8bc349519bdb13729356bb0c b50531dd6ae94f26ab369af12fd55577 - - default default] 10.0.0.184 "GET /v2.0/security-groups?id=6671f5e1-05b7-42d4-a4be-b712ce475501&fields=id&fields=name HTTP/1.1" status: 200 len: 313 time: 0.0407922 /var/lib/openstack/lib/python3.12/site-packages/pycadf/identifier.py:71: UserWarning: Invalid uuid: neutron. To ensure interoperability, identifiers should be a valid uuid. warnings.warn(('Invalid uuid: %s. To ensure interoperability, '
2026-04-28 18:33:49.242 10 INFO neutron.db.ovn_revision_numbers_db [None req-8fa76605-9fef-4f51-b074-c7b2bab10165 b9ed70ff90e840bfba0699b8aad4a478 25044a56f446413baed1a45b50a978f7 - - default default] Successfully bumped revision number for resource 1a91a262-4e1b-44cb-91c3-a2abadcd3c4e (type: ports) to 1
2026-04-28 18:33:49.291 10 INFO neutron.api.wsgi [None req-8fa76605-9fef-4f51-b074-c7b2bab10165 b9ed70ff90e840bfba0699b8aad4a478 25044a56f446413baed1a45b50a978f7 - - default default] 10.0.0.252 "POST /v2.0/ports HTTP/1.1" status: 201 len: 1705 time: 0.7509055
2026-04-28 18:33:49.403 10 INFO neutron.api.wsgi [None req-2378b183-6b2f-4bf6-b532-9e0d6ac738b7 b9ed70ff90e840bfba0699b8aad4a478 25044a56f446413baed1a45b50a978f7 - - default default] 10.0.0.252 "GET /v2.0/ports HTTP/1.1" status: 200 len: 3212 time: 0.1075528
2026-04-28 18:33:49.599 10 INFO neutron.api.wsgi [None req-07bb1b73-71a7-4497-8f66-97e70c80a80f 1a01b4b75391486381aa431ef7e422f5 3287c5731d614c7895a930b00e77c32d - - default default] 10.0.0.252 "DELETE /v2.0/networks/ce0372f5-f53e-46a5-a872-502b9f98d8fa HTTP/1.1" status: 204 len: 168 time: 0.4400856
2026-04-28 18:33:49.648 10 INFO neutron.api.wsgi [None req-dda969cd-8d2b-4a1a-85a3-2a395afd60f0 b9ed70ff90e840bfba0699b8aad4a478 25044a56f446413baed1a45b50a978f7 - - default default] 10.0.0.252 "DELETE /v2.0/ports/90379c40-225e-4468-bcc6-3964635c8318 HTTP/1.1" status: 204 len: 168 time: 0.2398000
2026-04-28 18:33:49.666 10 INFO neutron.api.wsgi [None req-c6a36d5f-59a8-4178-8006-e2026691dccb 1a01b4b75391486381aa431ef7e422f5 3287c5731d614c7895a930b00e77c32d - - default default] 10.0.0.252 "GET /v2.0/networks HTTP/1.1" status: 200 len: 845 time: 0.0615089
2026-04-28 18:33:49.677 10 WARNING neutron_lib.context [None req-2149f7b1-354d-440f-b394-21925764a18b 1a01b4b75391486381aa431ef7e422f5 3287c5731d614c7895a930b00e77c32d - - default default] Method 'is_advsvc' is deprecated since 2023.2 release (neutron-lib 3.8.0) and will be removed once support for the old RBAC API policies will be removed from Neutron. Please use method 'is_service_role' instead.
2026-04-28 18:33:49.766 10 INFO neutron.db.segments_db [None req-2149f7b1-354d-440f-b394-21925764a18b 1a01b4b75391486381aa431ef7e422f5 3287c5731d614c7895a930b00e77c32d - - default default] Added segment 06c4ce55-46eb-49dd-aa1b-936fffc29521 of type geneve for network 0fd1e5ec-5b1a-43b4-89b4-88115c4ef93e
2026-04-28 18:33:49.880 10 INFO neutron.db.ovn_revision_numbers_db [None req-2149f7b1-354d-440f-b394-21925764a18b 1a01b4b75391486381aa431ef7e422f5 3287c5731d614c7895a930b00e77c32d - - default default] Successfully bumped revision number for resource 0fd1e5ec-5b1a-43b4-89b4-88115c4ef93e (type: networks) to 1
2026-04-28 18:33:49.885 10 INFO neutron.api.wsgi [None req-9d8e1915-42a1-45c4-b377-504863ea57be b9ed70ff90e840bfba0699b8aad4a478 25044a56f446413baed1a45b50a978f7 - - default default] 10.0.0.252 "DELETE /v2.0/ports/1a91a262-4e1b-44cb-91c3-a2abadcd3c4e HTTP/1.1" status: 204 len: 168 time: 0.2334034
2026-04-28 18:33:49.986 9 INFO neutron.api.wsgi [None req-27c19336-2ddf-478e-9e77-5809db15213d b9ed70ff90e840bfba0699b8aad4a478 25044a56f446413baed1a45b50a978f7 - - default default] 10.0.0.252 "GET /v2.0/ports HTTP/1.1" status: 200 len: 1718 time: 0.0954237
2026-04-28 18:33:49.997 9 WARNING neutron_lib.context [None req-8ce809d7-5441-40f3-8ca4-d7a1026620fa b9ed70ff90e840bfba0699b8aad4a478 25044a56f446413baed1a45b50a978f7 - - default default] Method 'is_advsvc' is deprecated since 2023.2 release (neutron-lib 3.8.0) and will be removed once support for the old RBAC API policies will be removed from Neutron. Please use method 'is_service_role' instead.
2026-04-28 18:33:50.023 10 WARNING neutron.scheduler.dhcp_agent_scheduler [None req-2149f7b1-354d-440f-b394-21925764a18b 1a01b4b75391486381aa431ef7e422f5 3287c5731d614c7895a930b00e77c32d - - default default] No more DHCP agents
2026-04-28 18:33:50.025 10 WARNING neutron.api.rpc.agentnotifiers.dhcp_rpc_agent_api [None req-2149f7b1-354d-440f-b394-21925764a18b 1a01b4b75391486381aa431ef7e422f5 3287c5731d614c7895a930b00e77c32d - - default default] Unable to schedule network 0fd1e5ec-5b1a-43b4-89b4-88115c4ef93e: no agents available; will retry on subsequent port and subnet creation events.
2026-04-28 18:33:50.080 10 INFO neutron.db.ovn_revision_numbers_db [None req-2149f7b1-354d-440f-b394-21925764a18b 1a01b4b75391486381aa431ef7e422f5 3287c5731d614c7895a930b00e77c32d - - default default] Successfully bumped revision number for resource bfc0d740-f981-4c3d-92c4-efb292c1f138 (type: ports) to 1
2026-04-28 18:33:50.083 9 INFO neutron.db.segments_db [None req-8ce809d7-5441-40f3-8ca4-d7a1026620fa b9ed70ff90e840bfba0699b8aad4a478 25044a56f446413baed1a45b50a978f7 - - default default] Added segment ce99b660-8a37-40db-b97d-a51948c102dc of type geneve for network d3fddd40-2f56-4a60-947b-39b364501f1c
2026-04-28 18:33:50.102 10 INFO neutron.api.wsgi [None req-2149f7b1-354d-440f-b394-21925764a18b 1a01b4b75391486381aa431ef7e422f5 3287c5731d614c7895a930b00e77c32d - - default default] 10.0.0.252 "POST /v2.0/networks HTTP/1.1" status: 201 len: 853 time: 0.4294431
2026-04-28 18:33:50.111 10 WARNING neutron_lib.context [None req-c1267195-6971-4323-b76d-b961aee8f5c8 1a01b4b75391486381aa431ef7e422f5 3287c5731d614c7895a930b00e77c32d - - default default] Method 'is_advsvc' is deprecated since 2023.2 release (neutron-lib 3.8.0) and will be removed once support for the old RBAC API policies will be removed from Neutron. Please use method 'is_service_role' instead.
2026-04-28 18:33:50.196 9 INFO neutron.db.ovn_revision_numbers_db [None req-8ce809d7-5441-40f3-8ca4-d7a1026620fa b9ed70ff90e840bfba0699b8aad4a478 25044a56f446413baed1a45b50a978f7 - - default default] Successfully bumped revision number for resource d3fddd40-2f56-4a60-947b-39b364501f1c (type: networks) to 1
2026-04-28 18:33:50.201 10 INFO neutron.db.segments_db [None req-c1267195-6971-4323-b76d-b961aee8f5c8 1a01b4b75391486381aa431ef7e422f5 3287c5731d614c7895a930b00e77c32d - - default default] Added segment 1c280db9-b034-44e7-b8ea-8634f84c0a9d of type geneve for network 01ab1d04-fe89-4902-9612-9dd390d15d7f
2026-04-28 18:33:50.258 10 INFO neutron.api.wsgi [req-e3ee7e2b-42bd-4b93-a061-02c924ee5f35 req-f5782878-5298-47c8-9cc2-f96920be344f 4e5d5a9a8bc349519bdb13729356bb0c b50531dd6ae94f26ab369af12fd55577 - - default default] 10.0.0.184 "GET /v2.0/ports?device_id=cf6e3981-cb1f-4a46-921c-819fe29c2280 HTTP/1.1" status: 200 len: 1172 time: 0.0407505
2026-04-28 18:33:50.298 10 INFO neutron.api.wsgi [req-e3ee7e2b-42bd-4b93-a061-02c924ee5f35 req-7b027ee8-6936-40d3-b240-cea78485a86c 4e5d5a9a8bc349519bdb13729356bb0c b50531dd6ae94f26ab369af12fd55577 - - default default] 10.0.0.184 "GET /v2.0/security-groups?id=6671f5e1-05b7-42d4-a4be-b712ce475501&fields=id&fields=name HTTP/1.1" status: 200 len: 313 time: 0.0338566
2026-04-28 18:33:50.340 10 INFO neutron.db.ovn_revision_numbers_db [None req-c1267195-6971-4323-b76d-b961aee8f5c8 1a01b4b75391486381aa431ef7e422f5 3287c5731d614c7895a930b00e77c32d - - default default] Successfully bumped revision number for resource 01ab1d04-fe89-4902-9612-9dd390d15d7f (type: networks) to 1
2026-04-28 18:33:50.349 9 WARNING neutron.scheduler.dhcp_agent_scheduler [None req-8ce809d7-5441-40f3-8ca4-d7a1026620fa b9ed70ff90e840bfba0699b8aad4a478 25044a56f446413baed1a45b50a978f7 - - default default] No more DHCP agents
2026-04-28 18:33:50.350 9 WARNING neutron.api.rpc.agentnotifiers.dhcp_rpc_agent_api [None req-8ce809d7-5441-40f3-8ca4-d7a1026620fa b9ed70ff90e840bfba0699b8aad4a478 25044a56f446413baed1a45b50a978f7 - - default default] Unable to schedule network d3fddd40-2f56-4a60-947b-39b364501f1c: no agents available; will retry on subsequent port and subnet creation events.
2026-04-28 18:33:50.407 9 INFO neutron.db.ovn_revision_numbers_db [None req-8ce809d7-5441-40f3-8ca4-d7a1026620fa b9ed70ff90e840bfba0699b8aad4a478 25044a56f446413baed1a45b50a978f7 - - default default] Successfully bumped revision number for resource 000339fc-fdf9-43d8-a333-5b332424a5c6 (type: ports) to 1
2026-04-28 18:33:50.425 9 INFO neutron.api.wsgi [None req-8ce809d7-5441-40f3-8ca4-d7a1026620fa b9ed70ff90e840bfba0699b8aad4a478 25044a56f446413baed1a45b50a978f7 - - default default] 10.0.0.252 "POST /v2.0/networks HTTP/1.1" status: 201 len: 848 time: 0.4315054
2026-04-28 18:33:50.432 9 WARNING neutron_lib.context [None req-e80cfd9f-6649-4373-a257-a59d374ae82e b9ed70ff90e840bfba0699b8aad4a478 25044a56f446413baed1a45b50a978f7 - - default default] Method 'is_advsvc' is deprecated since 2023.2 release (neutron-lib 3.8.0) and will be removed once support for the old RBAC API policies will be removed from Neutron. Please use method 'is_service_role' instead.
2026-04-28 18:33:50.475 10 WARNING neutron.scheduler.dhcp_agent_scheduler [None req-c1267195-6971-4323-b76d-b961aee8f5c8 1a01b4b75391486381aa431ef7e422f5 3287c5731d614c7895a930b00e77c32d - - default default] No more DHCP agents
2026-04-28 18:33:50.476 10 WARNING neutron.api.rpc.agentnotifiers.dhcp_rpc_agent_api [None req-c1267195-6971-4323-b76d-b961aee8f5c8 1a01b4b75391486381aa431ef7e422f5 3287c5731d614c7895a930b00e77c32d - - default default] Unable to schedule network 01ab1d04-fe89-4902-9612-9dd390d15d7f: no agents available; will retry on subsequent port and subnet creation events.
2026-04-28 18:33:50.508 9 INFO neutron.db.segments_db [None req-e80cfd9f-6649-4373-a257-a59d374ae82e b9ed70ff90e840bfba0699b8aad4a478 25044a56f446413baed1a45b50a978f7 - - default default] Added segment cdee368f-3b6d-4357-9cbc-39f9dc2cf91b of type geneve for network b97f2618-c4ac-4ee4-889d-c0e42d320e62
2026-04-28 18:33:50.526 10 INFO neutron.db.ovn_revision_numbers_db [None req-c1267195-6971-4323-b76d-b961aee8f5c8 1a01b4b75391486381aa431ef7e422f5 3287c5731d614c7895a930b00e77c32d - - default default] Successfully bumped revision number for resource d49024b7-32bf-478e-bb0a-4eb79daf4f47 (type: ports) to 1
2026-04-28 18:33:50.546 10 INFO neutron.api.wsgi [None req-c1267195-6971-4323-b76d-b961aee8f5c8 1a01b4b75391486381aa431ef7e422f5 3287c5731d614c7895a930b00e77c32d - - default default] 10.0.0.252 "POST /v2.0/networks HTTP/1.1" status: 201 len: 853 time: 0.4384542
2026-04-28 18:33:50.555 10 WARNING neutron_lib.context [None req-855e5ead-561e-46f7-a105-74bb6b926827 1a01b4b75391486381aa431ef7e422f5 3287c5731d614c7895a930b00e77c32d - - default default] Method 'is_advsvc' is deprecated since 2023.2 release (neutron-lib 3.8.0) and will be removed once support for the old RBAC API policies will be removed from Neutron. Please use method 'is_service_role' instead.
2026-04-28 18:33:50.578 10 WARNING neutron_lib.context [None req-855e5ead-561e-46f7-a105-74bb6b926827 1a01b4b75391486381aa431ef7e422f5 3287c5731d614c7895a930b00e77c32d - - default default] Method 'is_advsvc' is deprecated since 2023.2 release (neutron-lib 3.8.0) and will be removed once support for the old RBAC API policies will be removed from Neutron. Please use method 'is_service_role' instead.
2026-04-28 18:33:50.617 9 INFO neutron.db.ovn_revision_numbers_db [None req-e80cfd9f-6649-4373-a257-a59d374ae82e b9ed70ff90e840bfba0699b8aad4a478 25044a56f446413baed1a45b50a978f7 - - default default] Successfully bumped revision number for resource b97f2618-c4ac-4ee4-889d-c0e42d320e62 (type: networks) to 1
2026-04-28 18:33:50.772 9 WARNING neutron.scheduler.dhcp_agent_scheduler [None req-e80cfd9f-6649-4373-a257-a59d374ae82e b9ed70ff90e840bfba0699b8aad4a478 25044a56f446413baed1a45b50a978f7 - - default default] No more DHCP agents
2026-04-28 18:33:50.773 9 WARNING neutron.api.rpc.agentnotifiers.dhcp_rpc_agent_api [None req-e80cfd9f-6649-4373-a257-a59d374ae82e b9ed70ff90e840bfba0699b8aad4a478 25044a56f446413baed1a45b50a978f7 - - default default] Unable to schedule network b97f2618-c4ac-4ee4-889d-c0e42d320e62: no agents available; will retry on subsequent port and subnet creation events.
2026-04-28 18:33:50.836 9 INFO neutron.db.ovn_revision_numbers_db [None req-e80cfd9f-6649-4373-a257-a59d374ae82e b9ed70ff90e840bfba0699b8aad4a478 25044a56f446413baed1a45b50a978f7 - - default default] Successfully bumped revision number for resource 1bf8db82-83bf-481f-8c16-cdd1f2bfe671 (type: ports) to 1
2026-04-28 18:33:50.857 9 INFO neutron.api.wsgi [None req-e80cfd9f-6649-4373-a257-a59d374ae82e b9ed70ff90e840bfba0699b8aad4a478 25044a56f446413baed1a45b50a978f7 - - default default] 10.0.0.252 "POST /v2.0/networks HTTP/1.1" status: 201 len: 848 time: 0.4287477 /var/lib/openstack/lib/python3.12/site-packages/pycadf/identifier.py:71: UserWarning: Invalid uuid: neutron. To ensure interoperability, identifiers should be a valid uuid. warnings.warn(('Invalid uuid: %s. To ensure interoperability, '
2026-04-28 18:33:50.899 10 WARNING neutron_lib.context [None req-3cb408cf-2bb7-481b-baa2-0ad42c9b8925 b9ed70ff90e840bfba0699b8aad4a478 25044a56f446413baed1a45b50a978f7 - - default default] Method 'is_advsvc' is deprecated since 2023.2 release (neutron-lib 3.8.0) and will be removed once support for the old RBAC API policies will be removed from Neutron. Please use method 'is_service_role' instead.
2026-04-28 18:33:50.901 10 INFO neutron.services.segments.plugin [-] Segment b15c5eea-7a44-48f2-b666-03c2e0e32d06 resource provider aggregate not found
2026-04-28 18:33:50.905 10 INFO neutron.services.segments.plugin [-] Segment b15c5eea-7a44-48f2-b666-03c2e0e32d06 resource provider aggregate not found
2026-04-28 18:33:50.920 10 INFO neutron.services.segments.plugin [-] Segment b15c5eea-7a44-48f2-b666-03c2e0e32d06 resource provider not found; error: Placement Client Error (4xx): {"errors": [{"status": 404, "title": "Not Found", "detail": "The resource could not be found.\n\n No resource provider with uuid b15c5eea-7a44-48f2-b666-03c2e0e32d06 found for delete ", "request_id": "req-59974cea-9257-4e42-8bc7-b480868e2919"}]}
2026-04-28 18:33:50.923 10 INFO neutron.services.segments.plugin [-] Segment b15c5eea-7a44-48f2-b666-03c2e0e32d06 resource provider not found; error: Placement Client Error (4xx): {"errors": [{"status": 404, "title": "Not Found", "detail": "The resource could not be found.\n\n No resource provider with uuid b15c5eea-7a44-48f2-b666-03c2e0e32d06 found for delete ", "request_id": "req-8cf25e20-91da-4572-ba8f-1e8ea3039a0d"}]}
2026-04-28 18:33:50.935 10 INFO neutron.services.segments.plugin [-] Segment 0db1a208-fe07-421c-8e4f-c7996870312e resource provider aggregate not found
2026-04-28 18:33:50.941 10 INFO neutron.services.segments.plugin [-] Segment 0db1a208-fe07-421c-8e4f-c7996870312e resource provider aggregate not found
2026-04-28 18:33:50.948 10 INFO neutron.services.segments.plugin [-] Segment 0db1a208-fe07-421c-8e4f-c7996870312e resource provider not found; error: Placement Client Error (4xx): {"errors": [{"status": 404, "title": "Not Found", "detail": "The resource could not be found.\n\n No resource provider with uuid 0db1a208-fe07-421c-8e4f-c7996870312e found for delete ", "request_id": "req-27ceedbb-0d27-4301-bd4a-b2b9e1050fa4"}]}
2026-04-28 18:33:50.949 10 WARNING neutron_lib.context [None req-3cb408cf-2bb7-481b-baa2-0ad42c9b8925 b9ed70ff90e840bfba0699b8aad4a478 25044a56f446413baed1a45b50a978f7 - - default default] Method 'is_advsvc' is deprecated since 2023.2 release (neutron-lib 3.8.0) and will be removed once support for the old RBAC API policies will be removed from Neutron. Please use method 'is_service_role' instead.
2026-04-28 18:33:50.953 10 INFO neutron.services.segments.plugin [-] Segment 0db1a208-fe07-421c-8e4f-c7996870312e resource provider not found; error: Placement Client Error (4xx): {"errors": [{"status": 404, "title": "Not Found", "detail": "The resource could not be found.\n\n No resource provider with uuid 0db1a208-fe07-421c-8e4f-c7996870312e found for delete ", "request_id": "req-bd486a21-8c7b-4916-b9dd-4dfc09d5c879"}]}
2026-04-28 18:33:51.009 10 WARNING neutron.scheduler.dhcp_agent_scheduler [None req-855e5ead-561e-46f7-a105-74bb6b926827 1a01b4b75391486381aa431ef7e422f5 3287c5731d614c7895a930b00e77c32d - - default default] No more DHCP agents
2026-04-28 18:33:51.012 10 WARNING neutron.api.rpc.agentnotifiers.dhcp_rpc_agent_api [None req-855e5ead-561e-46f7-a105-74bb6b926827 1a01b4b75391486381aa431ef7e422f5 3287c5731d614c7895a930b00e77c32d - - default default] Unable to schedule network 0fd1e5ec-5b1a-43b4-89b4-88115c4ef93e: no agents available; will retry on subsequent port and subnet creation events.
2026-04-28 18:33:51.074 10 INFO neutron.db.ovn_revision_numbers_db [None req-855e5ead-561e-46f7-a105-74bb6b926827 1a01b4b75391486381aa431ef7e422f5 3287c5731d614c7895a930b00e77c32d - - default default] Successfully bumped revision number for resource 3f2fe2b9-4876-465d-aa99-abd481971b53 (type: ports) to 1
2026-04-28 18:33:51.097 9 INFO neutron.plugins.ml2.drivers.ovn.mech_driver.mech_driver [None req-a325f1fa-c853-4f00-a969-4feeb6337ced - - - - - -] OVN reports status up for port: a06cc622-2d81-4bc1-bb0a-0b48cbf8d44d
2026-04-28 18:33:51.121 9 INFO neutron.plugins.ml2.plugin [None req-a325f1fa-c853-4f00-a969-4feeb6337ced - - - - - -] Attempt 1 to provision port a06cc622-2d81-4bc1-bb0a-0b48cbf8d44d
2026-04-28 18:33:51.137 10 WARNING neutron.scheduler.dhcp_agent_scheduler [None req-855e5ead-561e-46f7-a105-74bb6b926827 1a01b4b75391486381aa431ef7e422f5 3287c5731d614c7895a930b00e77c32d - - default default] No more DHCP agents
2026-04-28 18:33:51.138 10 WARNING neutron.api.rpc.agentnotifiers.dhcp_rpc_agent_api [None req-855e5ead-561e-46f7-a105-74bb6b926827 1a01b4b75391486381aa431ef7e422f5 3287c5731d614c7895a930b00e77c32d - - default default] Unable to schedule network 01ab1d04-fe89-4902-9612-9dd390d15d7f: no agents available; will retry on subsequent port and subnet creation events.
2026-04-28 18:33:51.228 10 INFO neutron.db.ovn_revision_numbers_db [None req-855e5ead-561e-46f7-a105-74bb6b926827 1a01b4b75391486381aa431ef7e422f5 3287c5731d614c7895a930b00e77c32d - - default default] Successfully bumped revision number for resource 1b2a87e5-ba16-4c7c-b65f-741e38e07d07 (type: ports) to 1
2026-04-28 18:33:51.253 9 INFO neutron.notifiers.nova [-] Nova event matching ['req-83c89591-5714-4db9-bef9-896b16d45de8'] response: {'server_uuid': 'cf6e3981-cb1f-4a46-921c-819fe29c2280', 'name': 'network-vif-plugged', 'status': 'completed', 'tag': 'a06cc622-2d81-4bc1-bb0a-0b48cbf8d44d', 'code': 200}
2026-04-28 18:33:51.256 10 INFO neutron.api.wsgi [None req-855e5ead-561e-46f7-a105-74bb6b926827 1a01b4b75391486381aa431ef7e422f5 3287c5731d614c7895a930b00e77c32d - - default default] 10.0.0.252 "POST /v2.0/ports HTTP/1.1" status: 201 len: 1706 time: 0.7064078 /var/lib/openstack/lib/python3.12/site-packages/pycadf/identifier.py:71: UserWarning: Invalid uuid: neutron. To ensure interoperability, identifiers should be a valid uuid. warnings.warn(('Invalid uuid: %s. To ensure interoperability, '
2026-04-28 18:33:51.352 10 INFO neutron.api.wsgi [None req-d936f7a9-b772-4ac7-b41f-f01e48615ca9 1a01b4b75391486381aa431ef7e422f5 3287c5731d614c7895a930b00e77c32d - - default default] 10.0.0.252 "GET /v2.0/ports HTTP/1.1" status: 200 len: 3213 time: 0.0914290
2026-04-28 18:33:51.353 10 WARNING neutron.scheduler.dhcp_agent_scheduler [None req-3cb408cf-2bb7-481b-baa2-0ad42c9b8925 b9ed70ff90e840bfba0699b8aad4a478 25044a56f446413baed1a45b50a978f7 - - default default] No more DHCP agents
2026-04-28 18:33:51.354 10 WARNING neutron.api.rpc.agentnotifiers.dhcp_rpc_agent_api [None req-3cb408cf-2bb7-481b-baa2-0ad42c9b8925 b9ed70ff90e840bfba0699b8aad4a478 25044a56f446413baed1a45b50a978f7 - - default default] Unable to schedule network d3fddd40-2f56-4a60-947b-39b364501f1c: no agents available; will retry on subsequent port and subnet creation events.
2026-04-28 18:33:51.394 9 INFO neutron.db.ovn_revision_numbers_db [None req-a325f1fa-c853-4f00-a969-4feeb6337ced - - - - - -] Successfully bumped revision number for resource a06cc622-2d81-4bc1-bb0a-0b48cbf8d44d (type: ports) to 5
2026-04-28 18:33:51.404 10 INFO neutron.api.wsgi [req-fb7055dd-6c79-4f62-8744-c00664aac04c req-a6191f39-fb10-4ad4-b43a-7e1f87fd9150 4e5d5a9a8bc349519bdb13729356bb0c b50531dd6ae94f26ab369af12fd55577 - - default default] 10.0.0.184 "GET /v2.0/ports?device_id=cf6e3981-cb1f-4a46-921c-819fe29c2280 HTTP/1.1" status: 200 len: 1174 time: 0.0383403
2026-04-28 18:33:51.446 10 INFO neutron.api.wsgi [req-fb7055dd-6c79-4f62-8744-c00664aac04c req-ec2cd967-e39c-4956-bc4d-bd33a83d831e 4e5d5a9a8bc349519bdb13729356bb0c b50531dd6ae94f26ab369af12fd55577 - - default default] 10.0.0.184 "GET /v2.0/security-groups?id=6671f5e1-05b7-42d4-a4be-b712ce475501&fields=id&fields=name HTTP/1.1" status: 200 len: 313 time: 0.0374398
2026-04-28 18:33:51.655 9 INFO neutron.api.wsgi [None req-c5bf65b9-afc3-446e-ace5-64d9f4d93238 1a01b4b75391486381aa431ef7e422f5 3287c5731d614c7895a930b00e77c32d - - default default] 10.0.0.252 "DELETE /v2.0/ports/3f2fe2b9-4876-465d-aa99-abd481971b53 HTTP/1.1" status: 204 len: 168 time: 0.2777236
2026-04-28 18:33:51.783 10 INFO neutron.db.ovn_revision_numbers_db [None req-421794ab-1df0-4f02-9463-8cb3b50a0a29 - - - - - -] Successfully bumped revision number for resource 000339fc-fdf9-43d8-a333-5b332424a5c6 (type: ports) to 2
2026-04-28 18:33:51.817 10 INFO neutron.db.ovn_revision_numbers_db [None req-421794ab-1df0-4f02-9463-8cb3b50a0a29 - - - - - -] Successfully bumped revision number for resource ae295ec5-471d-462d-9124-c7412cb0e1ee (type: subnets) to 0
2026-04-28 18:33:51.839 10 WARNING neutron.scheduler.dhcp_agent_scheduler [None req-3cb408cf-2bb7-481b-baa2-0ad42c9b8925 b9ed70ff90e840bfba0699b8aad4a478 25044a56f446413baed1a45b50a978f7 - - default default] No more DHCP agents
2026-04-28 18:33:51.847 10 WARNING neutron.api.rpc.agentnotifiers.dhcp_rpc_agent_api [None req-3cb408cf-2bb7-481b-baa2-0ad42c9b8925 b9ed70ff90e840bfba0699b8aad4a478 25044a56f446413baed1a45b50a978f7 - - default default] Unable to schedule network b97f2618-c4ac-4ee4-889d-c0e42d320e62: no agents available; will retry on subsequent port and subnet creation events.
2026-04-28 18:33:51.886 10 INFO neutron.api.wsgi [None req-0eab28f0-53d6-4f7a-bb59-f270ed4d1bbf 1a01b4b75391486381aa431ef7e422f5 3287c5731d614c7895a930b00e77c32d - - default default] 10.0.0.252 "DELETE /v2.0/ports/1b2a87e5-ba16-4c7c-b65f-741e38e07d07 HTTP/1.1" status: 204 len: 168 time: 0.2260721
2026-04-28 18:33:51.926 10 INFO neutron.api.wsgi [None req-c3032c28-0cb1-4d1e-a627-26143639c096 1a01b4b75391486381aa431ef7e422f5 3287c5731d614c7895a930b00e77c32d - - default default] 10.0.0.252 "GET /v2.0/ports HTTP/1.1" status: 200 len: 1718 time: 0.0354004
2026-04-28 18:33:51.936 10 WARNING neutron_lib.context [None req-5f623bf9-d21a-4eac-bc4c-2bea90ff26ab 1a01b4b75391486381aa431ef7e422f5 3287c5731d614c7895a930b00e77c32d - - default default] Method 'is_advsvc' is deprecated since 2023.2 release (neutron-lib 3.8.0) and will be removed once support for the old RBAC API policies will be removed from Neutron. Please use method 'is_service_role' instead.
2026-04-28 18:33:52.031 10 INFO neutron.db.segments_db [None req-5f623bf9-d21a-4eac-bc4c-2bea90ff26ab 1a01b4b75391486381aa431ef7e422f5 3287c5731d614c7895a930b00e77c32d - - default default] Added segment eb8dd9c9-0e1e-49fc-91fc-4aba067f4c34 of type geneve for network fb568f43-76fe-4eb9-a262-df4fd6ddc1dd
2026-04-28 18:33:52.152 10 INFO neutron.db.ovn_revision_numbers_db [None req-5f623bf9-d21a-4eac-bc4c-2bea90ff26ab 1a01b4b75391486381aa431ef7e422f5 3287c5731d614c7895a930b00e77c32d - - default default] Successfully bumped revision number for resource fb568f43-76fe-4eb9-a262-df4fd6ddc1dd (type: networks) to 1
2026-04-28 18:33:52.305 10 WARNING neutron.scheduler.dhcp_agent_scheduler [None req-5f623bf9-d21a-4eac-bc4c-2bea90ff26ab 1a01b4b75391486381aa431ef7e422f5 3287c5731d614c7895a930b00e77c32d - - default default] No more DHCP agents
2026-04-28 18:33:52.306 10 WARNING neutron.api.rpc.agentnotifiers.dhcp_rpc_agent_api [None req-5f623bf9-d21a-4eac-bc4c-2bea90ff26ab 1a01b4b75391486381aa431ef7e422f5 3287c5731d614c7895a930b00e77c32d - - default default] Unable to schedule network fb568f43-76fe-4eb9-a262-df4fd6ddc1dd: no agents available; will retry on subsequent port and subnet creation events.
2026-04-28 18:33:52.311 10 INFO neutron.db.ovn_revision_numbers_db [None req-b3da0f0a-f8d0-4b3a-ae6d-6e98fed87fac - - - - - -] Successfully bumped revision number for resource 1bf8db82-83bf-481f-8c16-cdd1f2bfe671 (type: ports) to 2
2026-04-28 18:33:52.345 10 INFO neutron.db.ovn_revision_numbers_db [None req-b3da0f0a-f8d0-4b3a-ae6d-6e98fed87fac - - - - - -] Successfully bumped revision number for resource 45182360-3c3b-42f0-baf0-29d5c5469136 (type: subnets) to 0
2026-04-28 18:33:52.359 10 INFO neutron.api.wsgi [None req-3cb408cf-2bb7-481b-baa2-0ad42c9b8925 b9ed70ff90e840bfba0699b8aad4a478 25044a56f446413baed1a45b50a978f7 - - default default] 10.0.0.252 "POST /v2.0/subnets HTTP/1.1" status: 201 len: 1474 time: 1.4639153 /var/lib/openstack/lib/python3.12/site-packages/pycadf/identifier.py:71: UserWarning: Invalid uuid: neutron. To ensure interoperability, identifiers should be a valid uuid. warnings.warn(('Invalid uuid: %s. To ensure interoperability, '
2026-04-28 18:33:52.373 10 INFO neutron.db.ovn_revision_numbers_db [None req-5f623bf9-d21a-4eac-bc4c-2bea90ff26ab 1a01b4b75391486381aa431ef7e422f5 3287c5731d614c7895a930b00e77c32d - - default default] Successfully bumped revision number for resource 21ac0b12-cb5a-4aba-9451-831277668c54 (type: ports) to 1
2026-04-28 18:33:52.397 10 INFO neutron.api.wsgi [None req-5f623bf9-d21a-4eac-bc4c-2bea90ff26ab 1a01b4b75391486381aa431ef7e422f5 3287c5731d614c7895a930b00e77c32d - - default default] 10.0.0.252 "POST /v2.0/networks HTTP/1.1" status: 201 len: 852 time: 0.4645736
2026-04-28 18:33:52.404 9 INFO neutron.api.wsgi [None req-9d66131c-a420-46d9-90e6-46ce22cbf904 b9ed70ff90e840bfba0699b8aad4a478 25044a56f446413baed1a45b50a978f7 - - default default] 10.0.0.252 "GET /v2.0/subnets HTTP/1.1" status: 200 len: 2105 time: 0.0398786
2026-04-28 18:33:52.405 10 WARNING neutron_lib.context [None req-51ed7cea-b2a1-47fb-aee7-0241e82d1450 1a01b4b75391486381aa431ef7e422f5 3287c5731d614c7895a930b00e77c32d - - default default] Method 'is_advsvc' is deprecated since 2023.2 release (neutron-lib 3.8.0) and will be removed once support for the old RBAC API policies will be removed from Neutron. Please use method 'is_service_role' instead.
2026-04-28 18:33:52.504 10 INFO neutron.db.segments_db [None req-51ed7cea-b2a1-47fb-aee7-0241e82d1450 1a01b4b75391486381aa431ef7e422f5 3287c5731d614c7895a930b00e77c32d - - default default] Added segment 8a6711c6-09a9-47c6-b224-69ac08a78c6e of type geneve for network a4085765-89b1-4b3d-9ca2-75f83b3193d1
2026-04-28 18:33:52.565 10 INFO neutron.api.wsgi [None req-8ad701b2-5170-4e3e-b804-4d820276d1ef b9ed70ff90e840bfba0699b8aad4a478 25044a56f446413baed1a45b50a978f7 - - default default] 10.0.0.252 "DELETE /v2.0/subnets/ae295ec5-471d-462d-9124-c7412cb0e1ee HTTP/1.1" status: 204 len: 168 time: 0.1557877
2026-04-28 18:33:52.589 9 INFO neutron.api.wsgi [req-d3a8707a-3d7f-40f7-8ef8-61f64ccc0af1 req-2c65b92b-b59b-47d5-8256-c56c359a6348 4e5d5a9a8bc349519bdb13729356bb0c b50531dd6ae94f26ab369af12fd55577 - - default default] 10.0.0.184 "GET /v2.0/ports?device_id=cf6e3981-cb1f-4a46-921c-819fe29c2280 HTTP/1.1" status: 200 len: 1174 time: 0.0746963
2026-04-28 18:33:52.599 10 INFO neutron.db.ovn_revision_numbers_db [None req-51ed7cea-b2a1-47fb-aee7-0241e82d1450 1a01b4b75391486381aa431ef7e422f5 3287c5731d614c7895a930b00e77c32d - - default default] Successfully bumped revision number for resource a4085765-89b1-4b3d-9ca2-75f83b3193d1 (type: networks) to 1
2026-04-28 18:33:52.632 9 INFO neutron.api.wsgi [req-d3a8707a-3d7f-40f7-8ef8-61f64ccc0af1 req-5191d596-0d07-40d9-b4bc-67155eed54f2 4e5d5a9a8bc349519bdb13729356bb0c b50531dd6ae94f26ab369af12fd55577 - - default default] 10.0.0.184 "GET /v2.0/security-groups?id=6671f5e1-05b7-42d4-a4be-b712ce475501&fields=id&fields=name HTTP/1.1" status: 200 len: 313 time: 0.0371447
2026-04-28 18:33:52.700 10 WARNING neutron.plugins.ml2.drivers.ovn.mech_driver.ovsdb.ovn_client [None req-767a8865-7891-4f57-b670-49cce7f0586b - - - - - -] No hosting information found for port de808421-1d9e-41f0-b568-0f31212d700c: RuntimeError: No hosting information found for port de808421-1d9e-41f0-b568-0f31212d700c
2026-04-28 18:33:52.733 9 INFO neutron.api.wsgi [None req-85bda641-0090-49e1-9a02-e2974ebdefff b9ed70ff90e840bfba0699b8aad4a478 25044a56f446413baed1a45b50a978f7 - - default default] 10.0.0.252 "DELETE /v2.0/subnets/45182360-3c3b-42f0-baf0-29d5c5469136 HTTP/1.1" status: 204 len: 168 time: 0.1625600
2026-04-28 18:33:52.748 10 WARNING neutron.scheduler.dhcp_agent_scheduler [None req-51ed7cea-b2a1-47fb-aee7-0241e82d1450 1a01b4b75391486381aa431ef7e422f5 3287c5731d614c7895a930b00e77c32d - - default default] No more DHCP agents
2026-04-28 18:33:52.750 10 WARNING neutron.api.rpc.agentnotifiers.dhcp_rpc_agent_api [None req-51ed7cea-b2a1-47fb-aee7-0241e82d1450 1a01b4b75391486381aa431ef7e422f5 3287c5731d614c7895a930b00e77c32d - - default default] Unable to schedule network a4085765-89b1-4b3d-9ca2-75f83b3193d1: no agents available; will retry on subsequent port and subnet creation events.
2026-04-28 18:33:52.768 10 INFO neutron.db.ovn_revision_numbers_db [None req-767a8865-7891-4f57-b670-49cce7f0586b - - - - - -] Successfully bumped revision number for resource de808421-1d9e-41f0-b568-0f31212d700c (type: router_ports) to 2
2026-04-28 18:33:52.770 9 INFO neutron.api.wsgi [None req-2295455b-8da1-41a7-9206-3d3c40123cd1 b9ed70ff90e840bfba0699b8aad4a478 25044a56f446413baed1a45b50a978f7 - - default default] 10.0.0.252 "GET /v2.0/subnets HTTP/1.1" status: 200 len: 843 time: 0.0320139
2026-04-28 18:33:52.807 10 INFO neutron.db.ovn_revision_numbers_db [None req-51ed7cea-b2a1-47fb-aee7-0241e82d1450 1a01b4b75391486381aa431ef7e422f5 3287c5731d614c7895a930b00e77c32d - - default default] Successfully bumped revision number for resource 498dcaa1-ad47-42f3-a62b-7914a2d1077d (type: ports) to 1
2026-04-28 18:33:52.827 10 INFO neutron.api.wsgi [None req-51ed7cea-b2a1-47fb-aee7-0241e82d1450 1a01b4b75391486381aa431ef7e422f5 3287c5731d614c7895a930b00e77c32d - - default default] 10.0.0.252 "POST /v2.0/networks HTTP/1.1" status: 201 len: 853 time: 0.4257624
2026-04-28 18:33:53.076 9 INFO neutron.services.segments.plugin [-] Segment cdee368f-3b6d-4357-9cbc-39f9dc2cf91b resource provider aggregate not found
2026-04-28 18:33:53.079 9 INFO neutron.services.segments.plugin [-] Segment cdee368f-3b6d-4357-9cbc-39f9dc2cf91b resource provider aggregate not found
2026-04-28 18:33:53.085 9 INFO neutron.services.segments.plugin [-] Segment cdee368f-3b6d-4357-9cbc-39f9dc2cf91b resource provider not found; error: Placement Client Error (4xx): {"errors": [{"status": 404, "title": "Not Found", "detail": "The resource could not be found.\n\n No resource provider with uuid cdee368f-3b6d-4357-9cbc-39f9dc2cf91b found for delete ", "request_id": "req-f373b758-6375-43ce-8e07-295e2d78cfd2"}]}
2026-04-28 18:33:53.093 9 INFO neutron.services.segments.plugin [-] Segment cdee368f-3b6d-4357-9cbc-39f9dc2cf91b resource provider not found; error: Placement Client Error (4xx): {"errors": [{"status": 404, "title": "Not Found", "detail": "The resource could not be found.\n\n No resource provider with uuid cdee368f-3b6d-4357-9cbc-39f9dc2cf91b found for delete ", "request_id": "req-41461d99-dc6b-45d3-8114-a2ac75a076a5"}]}
2026-04-28 18:33:53.115 9 INFO neutron.api.wsgi [None req-096dc62c-cd59-47b9-81e9-9e36e9861a88 b9ed70ff90e840bfba0699b8aad4a478 25044a56f446413baed1a45b50a978f7 - - default default] 10.0.0.252 "DELETE /v2.0/networks/b97f2618-c4ac-4ee4-889d-c0e42d320e62 HTTP/1.1" status: 204 len: 168 time: 0.3379517
2026-04-28 18:33:53.230 10 INFO neutron.api.wsgi [req-847e8645-8d58-4806-afeb-345f3506ae4b req-254d4730-6d37-481f-88a8-53b88ebd065a 405ad96c045f4d3a8bfa9bcb44e15b0c eacfd4c761ed415f90f0c59893434903 - - default default] 10.0.0.184 "GET /v2.0/security-groups?name=tempest-securitygroup--686356915&fields=id&tenant_id=eacfd4c761ed415f90f0c59893434903 HTTP/1.1" status: 200 len: 267 time: 0.0333164
2026-04-28 18:33:53.280 10 INFO neutron.api.wsgi [req-847e8645-8d58-4806-afeb-345f3506ae4b req-c1106a32-52be-458f-86ba-042f17a2bfce 405ad96c045f4d3a8bfa9bcb44e15b0c eacfd4c761ed415f90f0c59893434903 - - default default] 10.0.0.184 "GET /v2.0/networks?id=a21c2dfc-b2f8-4235-835f-1aef518ba80c HTTP/1.1" status: 200 len: 879 time: 0.0419917
2026-04-28 18:33:53.296 10 INFO neutron.api.wsgi [req-847e8645-8d58-4806-afeb-345f3506ae4b req-cf7d496f-99f8-437a-943f-2e2b07fb05a3 405ad96c045f4d3a8bfa9bcb44e15b0c eacfd4c761ed415f90f0c59893434903 - - default default] 10.0.0.184 "GET /v2.0/quotas/eacfd4c761ed415f90f0c59893434903 HTTP/1.1" status: 200 len: 491 time: 0.0104837
2026-04-28 18:33:53.345 10 WARNING neutron_lib.context [None req-5670d3fb-1fb5-49b7-bdb6-b444a924f7d1 1a01b4b75391486381aa431ef7e422f5 3287c5731d614c7895a930b00e77c32d - - default default] Method 'is_advsvc' is deprecated since 2023.2 release (neutron-lib 3.8.0) and will be removed once support for the old RBAC API policies will be removed from Neutron. Please use method 'is_service_role' instead.
2026-04-28 18:33:53.368 10 INFO neutron.api.wsgi [req-847e8645-8d58-4806-afeb-345f3506ae4b req-3356180d-0d69-4151-9241-67abce13b151 405ad96c045f4d3a8bfa9bcb44e15b0c eacfd4c761ed415f90f0c59893434903 - - default default] 10.0.0.184 "GET /v2.0/ports?tenant_id=eacfd4c761ed415f90f0c59893434903&fields=id HTTP/1.1" status: 200 len: 302 time: 0.0659096
2026-04-28 18:33:53.368 10 WARNING neutron_lib.context [None req-5670d3fb-1fb5-49b7-bdb6-b444a924f7d1 1a01b4b75391486381aa431ef7e422f5 3287c5731d614c7895a930b00e77c32d - - default default] Method 'is_advsvc' is deprecated since 2023.2 release (neutron-lib 3.8.0) and will be removed once support for the old RBAC API policies will be removed from Neutron. Please use method 'is_service_role' instead.
2026-04-28 18:33:53.404 9 INFO neutron.api.wsgi [-] 10.0.0.22 "GET / HTTP/1.1" status: 200 len: 247 time: 0.0018380
2026-04-28 18:33:53.406 10 INFO neutron.api.wsgi [-] 10.0.0.22 "GET / HTTP/1.1" status: 200 len: 247 time: 0.0013123
2026-04-28 18:33:53.426 9 INFO neutron.api.wsgi [None req-1d62f47b-5470-48a4-b7dc-ac486da0a63f b9ed70ff90e840bfba0699b8aad4a478 25044a56f446413baed1a45b50a978f7 - - default default] 10.0.0.252 "DELETE /v2.0/networks/d3fddd40-2f56-4a60-947b-39b364501f1c HTTP/1.1" status: 204 len: 168 time: 0.3056231
2026-04-28 18:33:53.433 10 INFO neutron.api.wsgi [req-847e8645-8d58-4806-afeb-345f3506ae4b req-7c6d5e74-b5b1-426e-ae74-ee284e962300 2b21086211fc44e58990c25ff47f3fef 24ea4a403c04467cb0e7aec3d57c681c - - a57b547b83f4419d96d463529006276e a57b547b83f4419d96d463529006276e] 10.0.0.184 "GET /v2.0/networks/a21c2dfc-b2f8-4235-835f-1aef518ba80c?fields=segments HTTP/1.1" status: 200 len: 212 time: 0.0431025
2026-04-28 18:33:53.438 9 INFO neutron.notifiers.nova [-] Nova event matching ['req-94f2abcb-0ea7-4141-995a-2b75b80c5bee'] response: {'server_uuid': 'cf6e3981-cb1f-4a46-921c-819fe29c2280', 'name': 'network-vif-plugged', 'status': 'completed', 'tag': 'a06cc622-2d81-4bc1-bb0a-0b48cbf8d44d', 'code': 200}
2026-04-28 18:33:53.491 10 INFO neutron.api.wsgi [req-847e8645-8d58-4806-afeb-345f3506ae4b req-b4096a30-0d5d-4aea-9334-d53032c5aa91 2b21086211fc44e58990c25ff47f3fef 24ea4a403c04467cb0e7aec3d57c681c - - a57b547b83f4419d96d463529006276e a57b547b83f4419d96d463529006276e] 10.0.0.184 "GET /v2.0/networks/a21c2dfc-b2f8-4235-835f-1aef518ba80c?fields=provider%3Aphysical_network&fields=provider%3Anetwork_type HTTP/1.1" status: 200 len: 277 time: 0.0494490
2026-04-28 18:33:53.635 10 WARNING neutron.scheduler.dhcp_agent_scheduler [None req-5670d3fb-1fb5-49b7-bdb6-b444a924f7d1 1a01b4b75391486381aa431ef7e422f5 3287c5731d614c7895a930b00e77c32d - - default default] No more DHCP agents
2026-04-28 18:33:53.637 10 WARNING neutron.api.rpc.agentnotifiers.dhcp_rpc_agent_api [None req-5670d3fb-1fb5-49b7-bdb6-b444a924f7d1 1a01b4b75391486381aa431ef7e422f5 3287c5731d614c7895a930b00e77c32d - - default default] Unable to schedule network fb568f43-76fe-4eb9-a262-df4fd6ddc1dd: no agents available; will retry on subsequent port and subnet creation events.
2026-04-28 18:33:53.672 10 INFO neutron.db.ovn_revision_numbers_db [None req-5670d3fb-1fb5-49b7-bdb6-b444a924f7d1 1a01b4b75391486381aa431ef7e422f5 3287c5731d614c7895a930b00e77c32d - - default default] Successfully bumped revision number for resource 68cff2bb-5a1e-45b2-896d-4eba91718c8f (type: subnets) to 0
2026-04-28 18:33:53.705 10 WARNING neutron.scheduler.dhcp_agent_scheduler [None req-5670d3fb-1fb5-49b7-bdb6-b444a924f7d1 1a01b4b75391486381aa431ef7e422f5 3287c5731d614c7895a930b00e77c32d - - default default] No more DHCP agents
2026-04-28 18:33:53.706 10 WARNING neutron.api.rpc.agentnotifiers.dhcp_rpc_agent_api [None req-5670d3fb-1fb5-49b7-bdb6-b444a924f7d1 1a01b4b75391486381aa431ef7e422f5 3287c5731d614c7895a930b00e77c32d - - default default] Unable to schedule network a4085765-89b1-4b3d-9ca2-75f83b3193d1: no agents available; will retry on subsequent port and subnet creation events.
2026-04-28 18:33:53.725 9 INFO neutron.api.wsgi [req-70f6843e-2fb1-4ad4-81b3-f6d68f5b84e4 req-bd7db889-959d-4d00-be89-c5bed1c5aec8 4e5d5a9a8bc349519bdb13729356bb0c b50531dd6ae94f26ab369af12fd55577 - - default default] 10.0.0.184 "GET /v2.0/ports?device_id=cf6e3981-cb1f-4a46-921c-819fe29c2280 HTTP/1.1" status: 200 len: 1174 time: 0.0375686
2026-04-28 18:33:53.749 10 INFO neutron.api.wsgi [req-1469a2b1-7421-4780-87c2-55cc5ba68abc req-070bafab-cc7a-456d-8d6a-5b41ea5273b5 405ad96c045f4d3a8bfa9bcb44e15b0c eacfd4c761ed415f90f0c59893434903 - - default default] 10.0.0.184 "GET /v2.0/ports?device_id=b3563711-778d-4e43-8631-6b4719d2127a HTTP/1.1" status: 200 len: 210 time: 0.0190876
2026-04-28 18:33:53.753 9 INFO neutron.api.wsgi [None req-ebb96812-32ef-4f4f-afe6-c5f190e00465 b9ed70ff90e840bfba0699b8aad4a478 25044a56f446413baed1a45b50a978f7 - - default default] 10.0.0.252 "DELETE /v2.0/networks/806c0a79-9239-4515-89fa-a0045a24cf13 HTTP/1.1" status: 204 len: 168 time: 0.3227589
2026-04-28 18:33:53.754 10 INFO neutron.db.ovn_revision_numbers_db [None req-5670d3fb-1fb5-49b7-bdb6-b444a924f7d1 1a01b4b75391486381aa431ef7e422f5 3287c5731d614c7895a930b00e77c32d - - default default] Successfully bumped revision number for resource af6127e6-6de0-44cf-bbea-04e01e27574b (type: subnets) to 0
2026-04-28 18:33:53.773 9 INFO neutron.api.wsgi [req-70f6843e-2fb1-4ad4-81b3-f6d68f5b84e4 req-da31fd24-0b01-419d-afdc-36473a5aaaa2 4e5d5a9a8bc349519bdb13729356bb0c b50531dd6ae94f26ab369af12fd55577 - - default default] 10.0.0.184 "GET /v2.0/security-groups?id=6671f5e1-05b7-42d4-a4be-b712ce475501&fields=id&fields=name HTTP/1.1" status: 200 len: 313 time: 0.0392492
2026-04-28 18:33:53.776 10 INFO neutron.api.wsgi [None req-5670d3fb-1fb5-49b7-bdb6-b444a924f7d1 1a01b4b75391486381aa431ef7e422f5 3287c5731d614c7895a930b00e77c32d - - default default] 10.0.0.252 "POST /v2.0/subnets HTTP/1.1" status: 201 len: 1524 time: 0.4346509
2026-04-28 18:33:53.804 9 INFO neutron.api.wsgi [None req-3c386133-cc65-41de-922f-dbea100edb2f 1a01b4b75391486381aa431ef7e422f5 3287c5731d614c7895a930b00e77c32d - - default default] 10.0.0.252 "GET /v2.0/subnets HTTP/1.1" status: 200 len: 2155 time: 0.0241809
2026-04-28 18:33:53.911 10 INFO neutron.api.wsgi [req-c724021f-d588-4d59-ab76-d984c1eff559 req-50406dac-361c-421c-9859-9588e6478942 4e5d5a9a8bc349519bdb13729356bb0c b50531dd6ae94f26ab369af12fd55577 - - default default] 10.0.0.184 "GET /v2.0/ports?device_id=cf6e3981-cb1f-4a46-921c-819fe29c2280 HTTP/1.1" status: 200 len: 1174 time: 0.0863221
2026-04-28 18:33:54.053 10 INFO neutron.api.wsgi [None req-fca942a1-6ee6-4e0e-86bf-27595d515c6d 1a01b4b75391486381aa431ef7e422f5 3287c5731d614c7895a930b00e77c32d - - default default] 10.0.0.252 "DELETE /v2.0/subnets/68cff2bb-5a1e-45b2-896d-4eba91718c8f HTTP/1.1" status: 204 len: 168 time: 0.2277644
2026-04-28 18:33:54.138 9 INFO neutron.api.wsgi [None req-414985f0-4629-4e3c-8cce-d596376b5abe b9ed70ff90e840bfba0699b8aad4a478 25044a56f446413baed1a45b50a978f7 - - default default] 10.0.0.252 "DELETE /v2.0/networks/726b1f88-4378-4603-abbc-57add9888ef3 HTTP/1.1" status: 204 len: 168 time: 0.3796167
2026-04-28 18:33:54.240 10 INFO neutron.api.wsgi [None req-116a98d0-7ec1-4005-98dc-ec5e924b1cae 1a01b4b75391486381aa431ef7e422f5 3287c5731d614c7895a930b00e77c32d - - default default] 10.0.0.252 "DELETE /v2.0/subnets/af6127e6-6de0-44cf-bbea-04e01e27574b HTTP/1.1" status: 204 len: 168 time: 0.1806207
2026-04-28 18:33:54.275 9 INFO neutron.api.wsgi [None req-9955605f-3123-4298-9c6e-657f3c64864d 1a01b4b75391486381aa431ef7e422f5 3287c5731d614c7895a930b00e77c32d - - default default] 10.0.0.252 "GET /v2.0/subnets HTTP/1.1" status: 200 len: 843 time: 0.0259740
2026-04-28 18:33:54.579 10 INFO neutron.db.ovn_revision_numbers_db [None req-18627bb6-5066-44fc-be59-702632e40874 4e5d5a9a8bc349519bdb13729356bb0c b50531dd6ae94f26ab369af12fd55577 - - default default] Successfully bumped revision number for resource 2b5d4859-c05d-4b81-9cad-0344793c5d9c (type: floatingips) to 1
2026-04-28 18:33:54.707 10 INFO neutron.db.ovn_revision_numbers_db [None req-18627bb6-5066-44fc-be59-702632e40874 4e5d5a9a8bc349519bdb13729356bb0c b50531dd6ae94f26ab369af12fd55577 - - default default] Successfully bumped revision number for resource 2b5d4859-c05d-4b81-9cad-0344793c5d9c (type: floatingips) to 2
2026-04-28 18:33:54.708 10 INFO neutron.db.l3_db [None req-18627bb6-5066-44fc-be59-702632e40874 4e5d5a9a8bc349519bdb13729356bb0c b50531dd6ae94f26ab369af12fd55577 - - default default] Floating IP 2b5d4859-c05d-4b81-9cad-0344793c5d9c associated. External IP: 10.96.250.213, port: a06cc622-2d81-4bc1-bb0a-0b48cbf8d44d.
2026-04-28 18:33:54.730 10 INFO neutron.api.wsgi [None req-18627bb6-5066-44fc-be59-702632e40874 4e5d5a9a8bc349519bdb13729356bb0c b50531dd6ae94f26ab369af12fd55577 - - default default] 10.0.0.252 "PUT /v2.0/floatingips/2b5d4859-c05d-4b81-9cad-0344793c5d9c HTTP/1.1" status: 200 len: 1050 time: 0.8117650
2026-04-28 18:33:54.771 10 INFO neutron.api.wsgi [None req-303d13b7-5451-4cd3-8dc9-d90c3110d54d d96e52cac3b2466886195e5b55f7629c 289be8de81ae4719a101d91082ea35aa - - default default] 10.0.0.252 "GET /v2.0/security-groups?tenant_id=25044a56f446413baed1a45b50a978f7&name=default HTTP/1.1" status: 200 len: 3120 time: 0.1089878
2026-04-28 18:33:54.774 10 INFO neutron.notifiers.nova [-] Nova event matching ['req-3e2f4fce-8a76-4585-8859-44b04d24726c'] response: {'name': 'network-changed', 'server_uuid': 'cf6e3981-cb1f-4a46-921c-819fe29c2280', 'tag': 'a06cc622-2d81-4bc1-bb0a-0b48cbf8d44d', 'status': 'completed', 'code': 200}
2026-04-28 18:33:54.828 10 INFO neutron.services.segments.plugin [-] Segment 8a6711c6-09a9-47c6-b224-69ac08a78c6e resource provider aggregate not found
2026-04-28 18:33:54.830 10 INFO neutron.services.segments.plugin [-] Segment 8a6711c6-09a9-47c6-b224-69ac08a78c6e resource provider aggregate not found
2026-04-28 18:33:54.836 10 INFO neutron.api.wsgi [req-61f8302d-0cd5-4d81-896e-ed3148e454fb req-4118c0af-e8ff-46a1-9c3f-0e01e69a5308 405ad96c045f4d3a8bfa9bcb44e15b0c eacfd4c761ed415f90f0c59893434903 - - default default] 10.0.0.184 "GET /v2.0/ports?device_id=b3563711-778d-4e43-8631-6b4719d2127a HTTP/1.1" status: 200 len: 210 time: 0.0231814
2026-04-28 18:33:54.839 10 INFO neutron.services.segments.plugin [-] Segment 8a6711c6-09a9-47c6-b224-69ac08a78c6e resource provider not found; error: Placement Client Error (4xx): {"errors": [{"status": 404, "title": "Not Found", "detail": "The resource could not be found.\n\n No resource provider with uuid 8a6711c6-09a9-47c6-b224-69ac08a78c6e found for delete ", "request_id": "req-eb21a7cc-e483-4f8a-b150-afe5b0fa4282"}]}
2026-04-28 18:33:54.843 10 INFO neutron.services.segments.plugin [-] Segment 8a6711c6-09a9-47c6-b224-69ac08a78c6e resource provider not found; error: Placement Client Error (4xx): {"errors": [{"status": 404, "title": "Not Found", "detail": "The resource could not be found.\n\n No resource provider with uuid 8a6711c6-09a9-47c6-b224-69ac08a78c6e found for delete ", "request_id": "req-b26d3323-e8dd-4bea-aa91-f27e6338b995"}]}
2026-04-28 18:33:54.877 10 INFO neutron.api.wsgi [None req-4da7461a-59f8-4e0a-abb6-97fb9722bc25 1a01b4b75391486381aa431ef7e422f5 3287c5731d614c7895a930b00e77c32d - - default default] 10.0.0.252 "DELETE /v2.0/networks/a4085765-89b1-4b3d-9ca2-75f83b3193d1 HTTP/1.1" status: 204 len: 168 time: 0.5924811
2026-04-28 18:33:54.997 10 INFO neutron.api.wsgi [None req-72a92d24-010e-46d9-82ec-c3c0273683cb d96e52cac3b2466886195e5b55f7629c 289be8de81ae4719a101d91082ea35aa - - default default] 10.0.0.252 "DELETE /v2.0/security-groups/df2b6a2b-3b86-4512-aa2b-0e73d9d650a7 HTTP/1.1" status: 204 len: 168 time: 0.2206500
2026-04-28 18:33:55.108 9 INFO neutron.services.segments.plugin [-] Segment ce99b660-8a37-40db-b97d-a51948c102dc resource provider aggregate not found
2026-04-28 18:33:55.118 9 INFO neutron.services.segments.plugin [-] Segment ce99b660-8a37-40db-b97d-a51948c102dc resource provider aggregate not found
2026-04-28 18:33:55.121 9 INFO neutron.services.segments.plugin [-] Segment ce99b660-8a37-40db-b97d-a51948c102dc resource provider not found; error: Placement Client Error (4xx): {"errors": [{"status": 404, "title": "Not Found", "detail": "The resource could not be found.\n\n No resource provider with uuid ce99b660-8a37-40db-b97d-a51948c102dc found for delete ", "request_id": "req-c41702b4-a949-4eb3-ac52-d89063e81801"}]}
2026-04-28 18:33:55.132 9 INFO neutron.services.segments.plugin [-] Segment 06a65acb-7ee8-4de8-b28e-13b3b2fa49a3 resource provider aggregate not found
2026-04-28 18:33:55.137 9 INFO neutron.services.segments.plugin [-] Segment ce99b660-8a37-40db-b97d-a51948c102dc resource provider not found; error: Placement Client Error (4xx): {"errors": [{"status": 404, "title": "Not Found", "detail": "The resource could not be found.\n\n No resource provider with uuid ce99b660-8a37-40db-b97d-a51948c102dc found for delete ", "request_id": "req-7c3769e0-ddd9-4970-89b2-0060856317d4"}]}
2026-04-28 18:33:55.150 9 INFO neutron.services.segments.plugin [-] Segment 06a65acb-7ee8-4de8-b28e-13b3b2fa49a3 resource provider not found; error: Placement Client Error (4xx): {"errors": [{"status": 404, "title": "Not Found", "detail": "The resource could not be found.\n\n No resource provider with uuid 06a65acb-7ee8-4de8-b28e-13b3b2fa49a3 found for delete ", "request_id": "req-2daae277-b29b-487e-a84e-758023768397"}]}
2026-04-28 18:33:55.153 9 INFO neutron.services.segments.plugin [-] Segment 06a65acb-7ee8-4de8-b28e-13b3b2fa49a3 resource provider aggregate not found
2026-04-28 18:33:55.159 9 INFO neutron.services.segments.plugin [-] Segment 29272d8a-698e-46e9-b5bc-d9308473fc6a resource provider aggregate not found
2026-04-28 18:33:55.168 9 INFO neutron.services.segments.plugin [-] Segment 06a65acb-7ee8-4de8-b28e-13b3b2fa49a3 resource provider not found; error: Placement Client Error (4xx): {"errors": [{"status": 404, "title": "Not Found", "detail": "The resource could not be found.\n\n No resource provider with uuid 06a65acb-7ee8-4de8-b28e-13b3b2fa49a3 found for delete ", "request_id": "req-0160bb01-5278-42b1-99af-e21614d56759"}]}
