2026-04-28 18:10:38.407 10 INFO neutron.api.wsgi [-] 10.0.0.22 "GET / HTTP/1.1" status: 200 len: 247 time: 0.0043588
2026-04-28 18:10:40.381 15 INFO neutron.db.ovn_revision_numbers_db [None req-0c8dda38-f454-4fe2-8355-8d39d2b40fb8 - - - - - -] Successfully bumped revision number for resource 01497188-24b8-4c97-9b55-fbd2b9dda937 (type: networks) to 2
2026-04-28 18:10:40.436 15 INFO neutron.db.ovn_revision_numbers_db [None req-0c8dda38-f454-4fe2-8355-8d39d2b40fb8 - - - - - -] Successfully bumped revision number for resource e052f51b-db24-4e9f-be3b-0fc7337b0847 (type: security_groups) to 6
2026-04-28 18:10:40.489 15 INFO neutron.db.ovn_revision_numbers_db [None req-0c8dda38-f454-4fe2-8355-8d39d2b40fb8 - - - - - -] Successfully bumped revision number for resource 55eba502-6a41-47a2-a5c7-3cbd43e00929 (type: security_groups) to 3
2026-04-28 18:10:40.489 15 INFO neutron.plugins.ml2.drivers.ovn.mech_driver.ovsdb.maintenance [None req-0c8dda38-f454-4fe2-8355-8d39d2b40fb8 - - - - - -] OVN maintenance task check_for_inconsistencies finished in 0.198 seconds
2026-04-28 18:10:53.406 9 INFO neutron.api.wsgi [-] 10.0.0.22 "GET / HTTP/1.1" status: 200 len: 247 time: 0.0033772
2026-04-28 18:10:53.406 10 INFO neutron.api.wsgi [-] 10.0.0.22 "GET / HTTP/1.1" status: 200 len: 247 time: 0.0033538
2026-04-28 18:11:08.404 9 INFO neutron.api.wsgi [-] 10.0.0.22 "GET / HTTP/1.1" status: 200 len: 247 time: 0.0017452
2026-04-28 18:11:08.405 10 INFO neutron.api.wsgi [-] 10.0.0.22 "GET / HTTP/1.1" status: 200 len: 247 time: 0.0027974
2026-04-28 18:11:23.406 10 INFO neutron.api.wsgi [-] 10.0.0.22 "GET / HTTP/1.1" status: 200 len: 247 time: 0.0031381
2026-04-28 18:11:23.406 9 INFO neutron.api.wsgi [-] 10.0.0.22 "GET / HTTP/1.1" status: 200 len: 247 time: 0.0031266
2026-04-28 18:11:38.404 10 INFO neutron.api.wsgi [-] 10.0.0.22 "GET / HTTP/1.1" status: 200 len: 247 time: 0.0016267
2026-04-28 18:11:38.404 9 INFO neutron.api.wsgi [-] 10.0.0.22 "GET / HTTP/1.1" status: 200 len: 247 time: 0.0017023
2026-04-28 18:11:53.404 10 INFO neutron.api.wsgi [-] 10.0.0.22 "GET / HTTP/1.1" status: 200 len: 247 time: 0.0016928
2026-04-28 18:11:53.406 10 INFO neutron.api.wsgi [-] 10.0.0.22 "GET / HTTP/1.1" status: 200 len: 247 time: 0.0016918
2026-04-28 18:12:08.405 10 INFO neutron.api.wsgi [-] 10.0.0.22 "GET / HTTP/1.1" status: 200 len: 247 time: 0.0023425
2026-04-28 18:12:08.408 10 INFO neutron.api.wsgi [-] 10.0.0.22 "GET / HTTP/1.1" status: 200 len: 247 time: 0.0021417
2026-04-28 18:12:23.408 9 INFO neutron.api.wsgi [-] 10.0.0.22 "GET / HTTP/1.1" status: 200 len: 247 time: 0.0049388
2026-04-28 18:12:23.411 9 INFO neutron.api.wsgi [-] 10.0.0.22 "GET / HTTP/1.1" status: 200 len: 247 time: 0.0014253
2026-04-28 18:12:38.406 9 INFO neutron.api.wsgi [-] 10.0.0.22 "GET / HTTP/1.1" status: 200 len: 247 time: 0.0028529
2026-04-28 18:12:38.408 10 INFO neutron.api.wsgi [-] 10.0.0.22 "GET / HTTP/1.1" status: 200 len: 247 time: 0.0051591
2026-04-28 18:12:53.403 10 INFO neutron.api.wsgi [-] 10.0.0.22 "GET / HTTP/1.1" status: 200 len: 247 time: 0.0016699
2026-04-28 18:12:53.404 9 INFO neutron.api.wsgi [-] 10.0.0.22 "GET / HTTP/1.1" status: 200 len: 247 time: 0.0025721
2026-04-28 18:13:08.405 10 INFO neutron.api.wsgi [-] 10.0.0.22 "GET / HTTP/1.1" status: 200 len: 247 time: 0.0022700
2026-04-28 18:13:08.406 9 INFO neutron.api.wsgi [-] 10.0.0.22 "GET / HTTP/1.1" status: 200 len: 247 time: 0.0023520
2026-04-28 18:13:23.406 10 INFO neutron.api.wsgi [-] 10.0.0.22 "GET / HTTP/1.1" status: 200 len: 247 time: 0.0032890
2026-04-28 18:13:23.409 10 INFO neutron.api.wsgi [-] 10.0.0.22 "GET / HTTP/1.1" status: 200 len: 247 time: 0.0023222
2026-04-28 18:13:38.405 9 INFO neutron.api.wsgi [-] 10.0.0.22 "GET / HTTP/1.1" status: 200 len: 247 time: 0.0029337
2026-04-28 18:13:38.405 10 INFO neutron.api.wsgi [-] 10.0.0.22 "GET / HTTP/1.1" status: 200 len: 247 time: 0.0025747
2026-04-28 18:13:53.405 9 INFO neutron.api.wsgi [-] 10.0.0.22 "GET / HTTP/1.1" status: 200 len: 247 time: 0.0030298
2026-04-28 18:13:53.407 9 INFO neutron.api.wsgi [-] 10.0.0.22 "GET / HTTP/1.1" status: 200 len: 247 time: 0.0011175
2026-04-28 18:14:08.403 9 INFO neutron.api.wsgi [-] 10.0.0.22 "GET / HTTP/1.1" status: 200 len: 247 time: 0.0012288
2026-04-28 18:14:08.404 10 INFO neutron.api.wsgi [-] 10.0.0.22 "GET / HTTP/1.1" status: 200 len: 247 time: 0.0021231
2026-04-28 18:14:23.405 9 INFO neutron.api.wsgi [-] 10.0.0.22 "GET / HTTP/1.1" status: 200 len: 247 time: 0.0027905
2026-04-28 18:14:23.405 10 INFO neutron.api.wsgi [-] 10.0.0.22 "GET / HTTP/1.1" status: 200 len: 247 time: 0.0016828
2026-04-28 18:14:38.404 9 INFO neutron.api.wsgi [-] 10.0.0.22 "GET / HTTP/1.1" status: 200 len: 247 time: 0.0023184
2026-04-28 18:14:38.404 10 INFO neutron.api.wsgi [-] 10.0.0.22 "GET / HTTP/1.1" status: 200 len: 247 time: 0.0023181
2026-04-28 18:14:53.404 9 INFO neutron.api.wsgi [-] 10.0.0.22 "GET / HTTP/1.1" status: 200 len: 247 time: 0.0015738
2026-04-28 18:14:53.405 10 INFO neutron.api.wsgi [-] 10.0.0.22 "GET / HTTP/1.1" status: 200 len: 247 time: 0.0022800
2026-04-28 18:15:08.404 10 INFO neutron.api.wsgi [-] 10.0.0.22 "GET / HTTP/1.1" status: 200 len: 247 time: 0.0024924
2026-04-28 18:15:08.406 10 INFO neutron.api.wsgi [-] 10.0.0.22 "GET / HTTP/1.1" status: 200 len: 247 time: 0.0009358
2026-04-28 18:15:23.406 9 INFO neutron.api.wsgi [-] 10.0.0.22 "GET / HTTP/1.1" status: 200 len: 247 time: 0.0034034
2026-04-28 18:15:23.407 10 INFO neutron.api.wsgi [-] 10.0.0.22 "GET / HTTP/1.1" status: 200 len: 247 time: 0.0038002
2026-04-28 18:15:38.404 9 INFO neutron.api.wsgi [-] 10.0.0.22 "GET / HTTP/1.1" status: 200 len: 247 time: 0.0016067
2026-04-28 18:15:38.406 10 INFO neutron.api.wsgi [-] 10.0.0.22 "GET / HTTP/1.1" status: 200 len: 247 time: 0.0028350
2026-04-28 18:15:40.328 15 INFO neutron.plugins.ml2.drivers.ovn.mech_driver.ovsdb.maintenance [None req-0c8dda38-f454-4fe2-8355-8d39d2b40fb8 - - - - - -] OVN maintenance task check_for_inconsistencies finished in 0.017 seconds /var/lib/openstack/lib/python3.12/site-packages/pycadf/identifier.py:71: UserWarning: Invalid uuid: unknown. To ensure interoperability, identifiers should be a valid uuid. warnings.warn(('Invalid uuid: %s. To ensure interoperability, '
2026-04-28 18:15:45.346 9 INFO neutron.api.v2.resource [None req-461a4bba-390e-4fc8-8d70-775b7cb9937f d96e52cac3b2466886195e5b55f7629c 289be8de81ae4719a101d91082ea35aa - - default default] show failed (client error): The resource could not be found.
2026-04-28 18:15:45.347 9 INFO neutron.api.wsgi [None req-461a4bba-390e-4fc8-8d70-775b7cb9937f d96e52cac3b2466886195e5b55f7629c 289be8de81ae4719a101d91082ea35aa - - default default] 199.19.213.114,10.0.0.22 "GET /v2.0/security-groups/manila-service-security-group?project_id=24ea4a403c04467cb0e7aec3d57c681c HTTP/1.1" status: 404 len: 321 time: 0.1419194
2026-04-28 18:15:45.478 9 INFO neutron.db.ovn_revision_numbers_db [None req-2b13c6cd-cde2-494d-954a-83a5a49b6588 d96e52cac3b2466886195e5b55f7629c 289be8de81ae4719a101d91082ea35aa - - default default] Successfully bumped revision number for resource 004f4943-ca4d-4eba-ba38-5ea8168ebd95 (type: security_groups) to 1
2026-04-28 18:15:45.490 9 INFO neutron.db.ovn_revision_numbers_db [None req-2b13c6cd-cde2-494d-954a-83a5a49b6588 d96e52cac3b2466886195e5b55f7629c 289be8de81ae4719a101d91082ea35aa - - default default] Successfully bumped revision number for resource 22071be0-898e-4c6c-8ebe-b9f4448c9c88 (type: security_group_rules) to 0
2026-04-28 18:15:45.500 9 INFO neutron.db.ovn_revision_numbers_db [None req-2b13c6cd-cde2-494d-954a-83a5a49b6588 d96e52cac3b2466886195e5b55f7629c 289be8de81ae4719a101d91082ea35aa - - default default] Successfully bumped revision number for resource 4585738c-bef7-45c2-8b47-9b7cfa4c8c70 (type: security_group_rules) to 0
2026-04-28 18:15:45.511 9 INFO neutron.db.ovn_revision_numbers_db [None req-2b13c6cd-cde2-494d-954a-83a5a49b6588 d96e52cac3b2466886195e5b55f7629c 289be8de81ae4719a101d91082ea35aa - - default default] Successfully bumped revision number for resource 4949ca6c-a585-4270-90e0-2d6939a3174b (type: security_group_rules) to 0
2026-04-28 18:15:45.542 9 INFO neutron.db.ovn_revision_numbers_db [None req-2b13c6cd-cde2-494d-954a-83a5a49b6588 d96e52cac3b2466886195e5b55f7629c 289be8de81ae4719a101d91082ea35aa - - default default] Successfully bumped revision number for resource cd3e076f-aae1-4e36-97c9-493382549afa (type: security_group_rules) to 0
2026-04-28 18:15:45.586 9 INFO neutron.api.wsgi [None req-2b13c6cd-cde2-494d-954a-83a5a49b6588 d96e52cac3b2466886195e5b55f7629c 289be8de81ae4719a101d91082ea35aa - - default default] 199.19.213.114,10.0.0.22 "GET /v2.0/security-groups?name=manila-service-security-group&project_id=24ea4a403c04467cb0e7aec3d57c681c HTTP/1.1" status: 200 len: 197 time: 0.2343273
2026-04-28 18:15:45.795 9 INFO neutron.db.ovn_revision_numbers_db [None req-ee38c38b-4267-4b1a-9db3-be5839dd2006 d96e52cac3b2466886195e5b55f7629c 289be8de81ae4719a101d91082ea35aa - - default default] Successfully bumped revision number for resource d1c57e6b-dbad-4189-9af9-1441b671d11a (type: security_groups) to 1
2026-04-28 18:15:45.808 9 INFO neutron.db.ovn_revision_numbers_db [None req-ee38c38b-4267-4b1a-9db3-be5839dd2006 d96e52cac3b2466886195e5b55f7629c 289be8de81ae4719a101d91082ea35aa - - default default] Successfully bumped revision number for resource 8a90b2ca-5749-4367-a9fe-01bdc7e32f46 (type: security_group_rules) to 0
2026-04-28 18:15:45.818 9 INFO neutron.db.ovn_revision_numbers_db [None req-ee38c38b-4267-4b1a-9db3-be5839dd2006 d96e52cac3b2466886195e5b55f7629c 289be8de81ae4719a101d91082ea35aa - - default default] Successfully bumped revision number for resource bc9df9de-1c22-49be-ae86-9f4adc24880f (type: security_group_rules) to 0
2026-04-28 18:15:45.849 9 INFO neutron.api.wsgi [None req-ee38c38b-4267-4b1a-9db3-be5839dd2006 d96e52cac3b2466886195e5b55f7629c 289be8de81ae4719a101d91082ea35aa - - default default] 199.19.213.114,10.0.0.22 "POST /v2.0/security-groups HTTP/1.1" status: 201 len: 1805 time: 0.1976869
2026-04-28 18:15:46.825 9 INFO neutron.api.wsgi [None req-cf8a2dd3-0f7b-46d7-af2c-a394874ab15f d96e52cac3b2466886195e5b55f7629c 289be8de81ae4719a101d91082ea35aa - - default default] 199.19.213.114,10.0.0.22 "GET /v2.0/security-groups/d1c57e6b-dbad-4189-9af9-1441b671d11a?project_id=24ea4a403c04467cb0e7aec3d57c681c HTTP/1.1" status: 200 len: 1800 time: 0.0458195
2026-04-28 18:15:46.850 9 INFO neutron.api.wsgi [None req-792c2fd2-1498-4bea-80de-14cf35183b5d d96e52cac3b2466886195e5b55f7629c 289be8de81ae4719a101d91082ea35aa - - default default] 199.19.213.114,10.0.0.22 "GET /v2.0/security-groups/d1c57e6b-dbad-4189-9af9-1441b671d11a HTTP/1.1" status: 200 len: 1800 time: 0.0183365
2026-04-28 18:15:46.937 9 INFO neutron.api.wsgi [None req-70ab69a9-b326-420c-9d40-c6fae2cca65d d96e52cac3b2466886195e5b55f7629c 289be8de81ae4719a101d91082ea35aa - - default default] 199.19.213.114,10.0.0.22 "GET /v2.0/security-groups/d1c57e6b-dbad-4189-9af9-1441b671d11a?project_id=24ea4a403c04467cb0e7aec3d57c681c HTTP/1.1" status: 200 len: 1800 time: 0.0203066
2026-04-28 18:15:47.049 9 INFO neutron.db.ovn_revision_numbers_db [None req-83726204-1868-460a-808c-562dd71b3d24 d96e52cac3b2466886195e5b55f7629c 289be8de81ae4719a101d91082ea35aa - - default default] Successfully bumped revision number for resource 7de8198d-e7c1-4e86-b16b-033473a327bb (type: security_group_rules) to 0
2026-04-28 18:15:47.089 9 INFO neutron.api.wsgi [None req-83726204-1868-460a-808c-562dd71b3d24 d96e52cac3b2466886195e5b55f7629c 289be8de81ae4719a101d91082ea35aa - - default default] 199.19.213.114,10.0.0.22 "POST /v2.0/security-group-rules HTTP/1.1" status: 201 len: 777 time: 0.1441760
2026-04-28 18:15:47.989 9 INFO neutron.api.wsgi [None req-1beec8bd-3f97-49e2-ab9d-da260d87ee68 d96e52cac3b2466886195e5b55f7629c 289be8de81ae4719a101d91082ea35aa - - default default] 199.19.213.114,10.0.0.22 "GET /v2.0/security-groups/d1c57e6b-dbad-4189-9af9-1441b671d11a?project_id=24ea4a403c04467cb0e7aec3d57c681c HTTP/1.1" status: 200 len: 2410 time: 0.0556712
2026-04-28 18:15:48.015 9 INFO neutron.api.wsgi [None req-5c3da2e9-7795-4dd1-8f98-ad79335b78c4 d96e52cac3b2466886195e5b55f7629c 289be8de81ae4719a101d91082ea35aa - - default default] 199.19.213.114,10.0.0.22 "GET /v2.0/security-groups/d1c57e6b-dbad-4189-9af9-1441b671d11a HTTP/1.1" status: 200 len: 2410 time: 0.0216515
2026-04-28 18:15:48.115 9 INFO neutron.api.wsgi [None req-54823ef6-db2d-4539-bc46-6cbbdddfcf88 d96e52cac3b2466886195e5b55f7629c 289be8de81ae4719a101d91082ea35aa - - default default] 199.19.213.114,10.0.0.22 "GET /v2.0/security-groups/d1c57e6b-dbad-4189-9af9-1441b671d11a?project_id=24ea4a403c04467cb0e7aec3d57c681c HTTP/1.1" status: 200 len: 2410 time: 0.0240102
2026-04-28 18:15:48.239 9 INFO neutron.db.ovn_revision_numbers_db [None req-f2f7980a-907e-46ea-989d-c76472ae9d45 d96e52cac3b2466886195e5b55f7629c 289be8de81ae4719a101d91082ea35aa - - default default] Successfully bumped revision number for resource b5cd2af0-707f-4e77-920e-55b43a45fbe8 (type: security_group_rules) to 0
2026-04-28 18:15:48.270 9 INFO neutron.api.wsgi [None req-f2f7980a-907e-46ea-989d-c76472ae9d45 d96e52cac3b2466886195e5b55f7629c 289be8de81ae4719a101d91082ea35aa - - default default] 199.19.213.114,10.0.0.22 "POST /v2.0/security-group-rules HTTP/1.1" status: 201 len: 779 time: 0.1492362
2026-04-28 18:15:49.186 9 INFO neutron.api.wsgi [None req-99d96cd8-6566-4f30-91d2-971bc4cb59af d96e52cac3b2466886195e5b55f7629c 289be8de81ae4719a101d91082ea35aa - - default default] 199.19.213.114,10.0.0.22 "GET /v2.0/security-groups/d1c57e6b-dbad-4189-9af9-1441b671d11a?project_id=24ea4a403c04467cb0e7aec3d57c681c HTTP/1.1" status: 200 len: 3022 time: 0.0498157
2026-04-28 18:15:49.219 9 INFO neutron.api.wsgi [None req-35bb5dd7-d223-4a60-9895-5624ac43078c d96e52cac3b2466886195e5b55f7629c 289be8de81ae4719a101d91082ea35aa - - default default] 199.19.213.114,10.0.0.22 "GET /v2.0/security-groups/d1c57e6b-dbad-4189-9af9-1441b671d11a HTTP/1.1" status: 200 len: 3022 time: 0.0255127
2026-04-28 18:15:49.308 9 INFO neutron.api.wsgi [None req-dbb01fb6-8e51-4ae8-8989-793c9134cf10 d96e52cac3b2466886195e5b55f7629c 289be8de81ae4719a101d91082ea35aa - - default default] 199.19.213.114,10.0.0.22 "GET /v2.0/security-groups/d1c57e6b-dbad-4189-9af9-1441b671d11a?project_id=24ea4a403c04467cb0e7aec3d57c681c HTTP/1.1" status: 200 len: 3022 time: 0.0259845
2026-04-28 18:15:49.421 9 INFO neutron.db.ovn_revision_numbers_db [None req-16c293d3-56b6-4a25-914a-74b9f68d9e1f d96e52cac3b2466886195e5b55f7629c 289be8de81ae4719a101d91082ea35aa - - default default] Successfully bumped revision number for resource 51b7f099-83ec-4a4f-9722-67f0586008bf (type: security_group_rules) to 0
2026-04-28 18:15:49.454 9 INFO neutron.api.wsgi [None req-16c293d3-56b6-4a25-914a-74b9f68d9e1f d96e52cac3b2466886195e5b55f7629c 289be8de81ae4719a101d91082ea35aa - - default default] 199.19.213.114,10.0.0.22 "POST /v2.0/security-group-rules HTTP/1.1" status: 201 len: 781 time: 0.1393137
2026-04-28 18:15:50.419 9 INFO neutron.api.wsgi [None req-3030a964-2054-4edb-8c8a-e3a0d6c426e2 d96e52cac3b2466886195e5b55f7629c 289be8de81ae4719a101d91082ea35aa - - default default] 199.19.213.114,10.0.0.22 "GET /v2.0/security-groups/d1c57e6b-dbad-4189-9af9-1441b671d11a?project_id=24ea4a403c04467cb0e7aec3d57c681c HTTP/1.1" status: 200 len: 3636 time: 0.0709205
2026-04-28 18:15:50.451 9 INFO neutron.api.wsgi [None req-2e75289d-2910-4fca-a48f-2775dcc67851 d96e52cac3b2466886195e5b55f7629c 289be8de81ae4719a101d91082ea35aa - - default default] 199.19.213.114,10.0.0.22 "GET /v2.0/security-groups/d1c57e6b-dbad-4189-9af9-1441b671d11a HTTP/1.1" status: 200 len: 3636 time: 0.0251677
2026-04-28 18:15:50.526 9 INFO neutron.api.wsgi [None req-1926c381-a082-41f2-85bb-f0bbf417b38f d96e52cac3b2466886195e5b55f7629c 289be8de81ae4719a101d91082ea35aa - - default default] 199.19.213.114,10.0.0.22 "GET /v2.0/security-groups/d1c57e6b-dbad-4189-9af9-1441b671d11a?project_id=24ea4a403c04467cb0e7aec3d57c681c HTTP/1.1" status: 200 len: 3636 time: 0.0228171
2026-04-28 18:15:50.655 9 INFO neutron.db.ovn_revision_numbers_db [None req-411f6e93-1582-4283-8f2b-16c290996d26 d96e52cac3b2466886195e5b55f7629c 289be8de81ae4719a101d91082ea35aa - - default default] Successfully bumped revision number for resource b5397190-800e-4782-af82-a212450ff312 (type: security_group_rules) to 0
2026-04-28 18:15:50.734 9 INFO neutron.api.wsgi [None req-411f6e93-1582-4283-8f2b-16c290996d26 d96e52cac3b2466886195e5b55f7629c 289be8de81ae4719a101d91082ea35aa - - default default] 199.19.213.114,10.0.0.22 "POST /v2.0/security-group-rules HTTP/1.1" status: 201 len: 782 time: 0.2034295
2026-04-28 18:15:53.404 10 INFO neutron.api.wsgi [-] 10.0.0.22 "GET / HTTP/1.1" status: 200 len: 247 time: 0.0023859
2026-04-28 18:15:53.405 9 INFO neutron.api.wsgi [-] 10.0.0.22 "GET / HTTP/1.1" status: 200 len: 247 time: 0.0026069
2026-04-28 18:16:08.404 9 INFO neutron.api.wsgi [-] 10.0.0.22 "GET / HTTP/1.1" status: 200 len: 247 time: 0.0016024
2026-04-28 18:16:08.406 10 INFO neutron.api.wsgi [-] 10.0.0.22 "GET / HTTP/1.1" status: 200 len: 247 time: 0.0028536
2026-04-28 18:16:23.405 10 INFO neutron.api.wsgi [-] 10.0.0.22 "GET / HTTP/1.1" status: 200 len: 247 time: 0.0028565
2026-04-28 18:16:23.408 9 INFO neutron.api.wsgi [-] 10.0.0.22 "GET / HTTP/1.1" status: 200 len: 247 time: 0.0050910
2026-04-28 18:16:38.405 10 INFO neutron.api.wsgi [-] 10.0.0.22 "GET / HTTP/1.1" status: 200 len: 247 time: 0.0027809
2026-04-28 18:16:38.409 10 INFO neutron.api.wsgi [-] 10.0.0.22 "GET / HTTP/1.1" status: 200 len: 247 time: 0.0023797
2026-04-28 18:16:53.404 9 INFO neutron.api.wsgi [-] 10.0.0.22 "GET / HTTP/1.1" status: 200 len: 247 time: 0.0016842
2026-04-28 18:16:53.405 10 INFO neutron.api.wsgi [-] 10.0.0.22 "GET / HTTP/1.1" status: 200 len: 247 time: 0.0022538
2026-04-28 18:17:08.403 9 INFO neutron.api.wsgi [-] 10.0.0.22 "GET / HTTP/1.1" status: 200 len: 247 time: 0.0016890
2026-04-28 18:17:08.404 10 INFO neutron.api.wsgi [-] 10.0.0.22 "GET / HTTP/1.1" status: 200 len: 247 time: 0.0017014
2026-04-28 18:17:23.405 10 INFO neutron.api.wsgi [-] 10.0.0.22 "GET / HTTP/1.1" status: 200 len: 247 time: 0.0029550
2026-04-28 18:17:23.406 9 INFO neutron.api.wsgi [-] 10.0.0.22 "GET / HTTP/1.1" status: 200 len: 247 time: 0.0036023
2026-04-28 18:17:38.405 10 INFO neutron.api.wsgi [-] 10.0.0.22 "GET / HTTP/1.1" status: 200 len: 247 time: 0.0015719
2026-04-28 18:17:38.406 9 INFO neutron.api.wsgi [-] 10.0.0.22 "GET / HTTP/1.1" status: 200 len: 247 time: 0.0025420
2026-04-28 18:17:53.404 9 INFO neutron.api.wsgi [-] 10.0.0.22 "GET / HTTP/1.1" status: 200 len: 247 time: 0.0018990
2026-04-28 18:17:53.405 10 INFO neutron.api.wsgi [-] 10.0.0.22 "GET / HTTP/1.1" status: 200 len: 247 time: 0.0023532
2026-04-28 18:18:08.404 10 INFO neutron.api.wsgi [-] 10.0.0.22 "GET / HTTP/1.1" status: 200 len: 247 time: 0.0017889
2026-04-28 18:18:08.406 9 INFO neutron.api.wsgi [-] 10.0.0.22 "GET / HTTP/1.1" status: 200 len: 247 time: 0.0043743 /var/lib/openstack/lib/python3.12/site-packages/pycadf/identifier.py:71: UserWarning: Invalid uuid: neutron. To ensure interoperability, identifiers should be a valid uuid. warnings.warn(('Invalid uuid: %s. To ensure interoperability, '
2026-04-28 18:18:16.364 9 INFO neutron.api.wsgi [None req-f7c37bfd-f347-4bf1-9f87-82b35f7a26df 5414a5ff9ceb426f8ec627d43102d0fb 24ea4a403c04467cb0e7aec3d57c681c - - a57b547b83f4419d96d463529006276e a57b547b83f4419d96d463529006276e] 199.19.213.114 "GET /v2.0/networks?tenant_id=24ea4a403c04467cb0e7aec3d57c681c&shared=False HTTP/1.1" status: 200 len: 213 time: 0.1262333
2026-04-28 18:18:16.452 9 INFO neutron.db.segments_db [None req-c721c8df-af1a-4485-9cbe-65bf6274d388 5414a5ff9ceb426f8ec627d43102d0fb 24ea4a403c04467cb0e7aec3d57c681c - - a57b547b83f4419d96d463529006276e a57b547b83f4419d96d463529006276e] Added segment 854f9dfe-71f3-41fe-9d39-f1ecfa1ac733 of type geneve for network 19cb5954-6366-412b-b38c-9d2eb0b47fe8
2026-04-28 18:18:16.581 9 INFO neutron.db.ovn_revision_numbers_db [None req-c721c8df-af1a-4485-9cbe-65bf6274d388 5414a5ff9ceb426f8ec627d43102d0fb 24ea4a403c04467cb0e7aec3d57c681c - - a57b547b83f4419d96d463529006276e a57b547b83f4419d96d463529006276e] Successfully bumped revision number for resource 19cb5954-6366-412b-b38c-9d2eb0b47fe8 (type: networks) to 1
2026-04-28 18:18:16.721 9 WARNING neutron.scheduler.dhcp_agent_scheduler [None req-c721c8df-af1a-4485-9cbe-65bf6274d388 5414a5ff9ceb426f8ec627d43102d0fb 24ea4a403c04467cb0e7aec3d57c681c - - a57b547b83f4419d96d463529006276e a57b547b83f4419d96d463529006276e] No more DHCP agents
2026-04-28 18:18:16.722 9 WARNING neutron.api.rpc.agentnotifiers.dhcp_rpc_agent_api [None req-c721c8df-af1a-4485-9cbe-65bf6274d388 5414a5ff9ceb426f8ec627d43102d0fb 24ea4a403c04467cb0e7aec3d57c681c - - a57b547b83f4419d96d463529006276e a57b547b83f4419d96d463529006276e] Unable to schedule network 19cb5954-6366-412b-b38c-9d2eb0b47fe8: no agents available; will retry on subsequent port and subnet creation events.
2026-04-28 18:18:16.772 9 INFO neutron.db.ovn_revision_numbers_db [None req-c721c8df-af1a-4485-9cbe-65bf6274d388 5414a5ff9ceb426f8ec627d43102d0fb 24ea4a403c04467cb0e7aec3d57c681c - - a57b547b83f4419d96d463529006276e a57b547b83f4419d96d463529006276e] Successfully bumped revision number for resource 2a95c73b-65b5-49ff-97da-5ecfb31a0f58 (type: ports) to 1
2026-04-28 18:18:16.792 9 INFO neutron.api.wsgi [None req-c721c8df-af1a-4485-9cbe-65bf6274d388 5414a5ff9ceb426f8ec627d43102d0fb 24ea4a403c04467cb0e7aec3d57c681c - - a57b547b83f4419d96d463529006276e a57b547b83f4419d96d463529006276e] 199.19.213.114 "POST /v2.0/networks HTTP/1.1" status: 201 len: 925 time: 0.4240577
2026-04-28 18:18:16.825 9 INFO neutron.api.wsgi [None req-138d20bb-1bbd-487a-aed4-c89b15b20b4a 5414a5ff9ceb426f8ec627d43102d0fb 24ea4a403c04467cb0e7aec3d57c681c - - a57b547b83f4419d96d463529006276e a57b547b83f4419d96d463529006276e] 199.19.213.114 "GET /v2.0/ports?device_id=manila-share&binding%3Ahost_id=instance HTTP/1.1" status: 200 len: 210 time: 0.0271177
2026-04-28 18:18:16.836 9 INFO neutron.api.wsgi [None req-f6cf94ec-2bd1-4d1a-8e18-5ce9308c6411 5414a5ff9ceb426f8ec627d43102d0fb 24ea4a403c04467cb0e7aec3d57c681c - - a57b547b83f4419d96d463529006276e a57b547b83f4419d96d463529006276e] 199.19.213.114 "GET /v2.0/extensions HTTP/1.1" status: 200 len: 19298 time: 0.0048766
2026-04-28 18:18:17.019 9 WARNING neutron.scheduler.dhcp_agent_scheduler [None req-18d9ba10-2075-416e-b860-a9399c44ac16 5414a5ff9ceb426f8ec627d43102d0fb 24ea4a403c04467cb0e7aec3d57c681c - - a57b547b83f4419d96d463529006276e a57b547b83f4419d96d463529006276e] No more DHCP agents
2026-04-28 18:18:17.020 9 WARNING neutron.api.rpc.agentnotifiers.dhcp_rpc_agent_api [None req-18d9ba10-2075-416e-b860-a9399c44ac16 5414a5ff9ceb426f8ec627d43102d0fb 24ea4a403c04467cb0e7aec3d57c681c - - a57b547b83f4419d96d463529006276e a57b547b83f4419d96d463529006276e] Unable to schedule network 19cb5954-6366-412b-b38c-9d2eb0b47fe8: no agents available; will retry on subsequent port and subnet creation events.
2026-04-28 18:18:17.074 9 INFO neutron.db.ovn_revision_numbers_db [None req-18d9ba10-2075-416e-b860-a9399c44ac16 5414a5ff9ceb426f8ec627d43102d0fb 24ea4a403c04467cb0e7aec3d57c681c - - a57b547b83f4419d96d463529006276e a57b547b83f4419d96d463529006276e] Successfully bumped revision number for resource bbfdde1d-599d-464c-9c1e-e12ff43b842d (type: ports) to 1
2026-04-28 18:18:17.304 9 INFO neutron.db.ovn_revision_numbers_db [None req-18d9ba10-2075-416e-b860-a9399c44ac16 5414a5ff9ceb426f8ec627d43102d0fb 24ea4a403c04467cb0e7aec3d57c681c - - a57b547b83f4419d96d463529006276e a57b547b83f4419d96d463529006276e] Successfully bumped revision number for resource bbfdde1d-599d-464c-9c1e-e12ff43b842d (type: ports) to 3
2026-04-28 18:18:17.328 9 INFO neutron.api.wsgi [None req-18d9ba10-2075-416e-b860-a9399c44ac16 5414a5ff9ceb426f8ec627d43102d0fb 24ea4a403c04467cb0e7aec3d57c681c - - a57b547b83f4419d96d463529006276e a57b547b83f4419d96d463529006276e] 199.19.213.114 "POST /v2.0/ports HTTP/1.1" status: 201 len: 1172 time: 0.4888041
2026-04-28 18:18:17.364 9 INFO neutron.api.wsgi [None req-d8df58be-8260-46e5-827c-ed25d7fa9536 5414a5ff9ceb426f8ec627d43102d0fb 24ea4a403c04467cb0e7aec3d57c681c - - a57b547b83f4419d96d463529006276e a57b547b83f4419d96d463529006276e] 199.19.213.114 "GET /v2.0/networks/19cb5954-6366-412b-b38c-9d2eb0b47fe8 HTTP/1.1" status: 200 len: 907 time: 0.0301435
2026-04-28 18:18:18.043 10 INFO neutron.plugins.ml2.drivers.ovn.mech_driver.mech_driver [-] OVN reports status up for port: bbfdde1d-599d-464c-9c1e-e12ff43b842d
2026-04-28 18:18:18.054 10 INFO neutron.plugins.ml2.plugin [None req-6c064aba-3b0d-47fe-8218-08ac63a2a864 - - - - - -] Attempt 1 to provision port bbfdde1d-599d-464c-9c1e-e12ff43b842d
2026-04-28 18:18:18.252 10 INFO neutron.db.ovn_revision_numbers_db [None req-6c064aba-3b0d-47fe-8218-08ac63a2a864 - - - - - -] Successfully bumped revision number for resource bbfdde1d-599d-464c-9c1e-e12ff43b842d (type: ports) to 4
2026-04-28 18:18:19.398 9 INFO neutron.api.wsgi [None req-c2a23f8e-d06a-4eb3-86cd-3c62bd04d2d4 5414a5ff9ceb426f8ec627d43102d0fb 24ea4a403c04467cb0e7aec3d57c681c - - a57b547b83f4419d96d463529006276e a57b547b83f4419d96d463529006276e] 199.19.213.114 "GET /v2.0/ports?device_id=manila-share&binding%3Ahost_id=instance HTTP/1.1" status: 200 len: 1172 time: 0.0388598
2026-04-28 18:18:19.431 9 INFO neutron.api.wsgi [None req-e34de4ed-671a-4939-b954-209b1a0bf082 5414a5ff9ceb426f8ec627d43102d0fb 24ea4a403c04467cb0e7aec3d57c681c - - a57b547b83f4419d96d463529006276e a57b547b83f4419d96d463529006276e] 199.19.213.114 "GET /v2.0/networks/19cb5954-6366-412b-b38c-9d2eb0b47fe8 HTTP/1.1" status: 200 len: 907 time: 0.0272739
2026-04-28 18:18:23.404 9 INFO neutron.api.wsgi [-] 10.0.0.22 "GET / HTTP/1.1" status: 200 len: 247 time: 0.0017829
2026-04-28 18:18:23.407 10 INFO neutron.api.wsgi [-] 10.0.0.22 "GET / HTTP/1.1" status: 200 len: 247 time: 0.0025191
2026-04-28 18:18:34.936 10 INFO neutron.api.wsgi [None req-10265a59-561b-401d-a15b-41e788c45305 d96e52cac3b2466886195e5b55f7629c 289be8de81ae4719a101d91082ea35aa - - default default] 199.19.213.114,10.0.0.22 "GET /v2.0/quotas/24ea4a403c04467cb0e7aec3d57c681c HTTP/1.1" status: 200 len: 467 time: 0.0133302
2026-04-28 18:18:35.331 10 INFO neutron.api.wsgi [None req-1f2c75ad-b926-49d4-9d94-9cee976bbdc0 d96e52cac3b2466886195e5b55f7629c 289be8de81ae4719a101d91082ea35aa - - default default] 199.19.213.114,10.0.0.22 "PUT /v2.0/quotas/24ea4a403c04467cb0e7aec3d57c681c HTTP/1.1" status: 200 len: 466 time: 0.0251107
2026-04-28 18:18:38.404 10 INFO neutron.api.wsgi [-] 10.0.0.22 "GET / HTTP/1.1" status: 200 len: 247 time: 0.0015211
2026-04-28 18:18:38.406 10 INFO neutron.api.wsgi [-] 10.0.0.22 "GET / HTTP/1.1" status: 200 len: 247 time: 0.0011935
2026-04-28 18:18:53.405 9 INFO neutron.api.wsgi [-] 10.0.0.22 "GET / HTTP/1.1" status: 200 len: 247 time: 0.0023134
2026-04-28 18:18:53.406 10 INFO neutron.api.wsgi [-] 10.0.0.22 "GET / HTTP/1.1" status: 200 len: 247 time: 0.0024936
2026-04-28 18:19:08.404 9 INFO neutron.api.wsgi [-] 10.0.0.22 "GET / HTTP/1.1" status: 200 len: 247 time: 0.0022299
2026-04-28 18:19:08.406 10 INFO neutron.api.wsgi [-] 10.0.0.22 "GET / HTTP/1.1" status: 200 len: 247 time: 0.0034316
2026-04-28 18:19:23.405 10 INFO neutron.api.wsgi [-] 10.0.0.22 "GET / HTTP/1.1" status: 200 len: 247 time: 0.0024581
2026-04-28 18:19:23.405 9 INFO neutron.api.wsgi [-] 10.0.0.22 "GET / HTTP/1.1" status: 200 len: 247 time: 0.0030751 /var/lib/openstack/lib/python3.12/site-packages/pycadf/identifier.py:71: UserWarning: Invalid uuid: neutron. To ensure interoperability, identifiers should be a valid uuid. warnings.warn(('Invalid uuid: %s. To ensure interoperability, '
2026-04-28 18:19:29.320 10 INFO neutron.api.wsgi [None req-3f94ddcf-ce47-4d0a-bf83-21ad767ac98d d96e52cac3b2466886195e5b55f7629c 289be8de81ae4719a101d91082ea35aa - - default default] 10.0.0.17 "GET /v2.0/subnets HTTP/1.1" status: 200 len: 1484 time: 0.0852830
2026-04-28 18:19:29.350 10 INFO neutron.api.wsgi [None req-85d1590d-5689-4442-b60e-3f44064ea55d d96e52cac3b2466886195e5b55f7629c 289be8de81ae4719a101d91082ea35aa - - default default] 10.0.0.17 "GET /v2.0/floatingips HTTP/1.1" status: 200 len: 193 time: 0.0289454
2026-04-28 18:19:29.376 10 INFO neutron.api.wsgi [None req-eec7e408-f149-4c55-b47a-18e05d7753d8 d96e52cac3b2466886195e5b55f7629c 289be8de81ae4719a101d91082ea35aa - - default default] 10.0.0.17 "GET /v2.0/routers HTTP/1.1" status: 200 len: 189 time: 0.0251188
2026-04-28 18:19:29.402 10 INFO neutron.api.wsgi [None req-d579267e-a918-47d8-a55f-bef69caedc10 d96e52cac3b2466886195e5b55f7629c 289be8de81ae4719a101d91082ea35aa - - default default] 10.0.0.17 "GET /v2.0/agents?binary=ovn-controller HTTP/1.1" status: 200 len: 591 time: 0.0244055
2026-04-28 18:19:29.417 10 INFO neutron.api.wsgi [None req-0c5ab278-8aed-4a2f-862f-b6561bf42087 d96e52cac3b2466886195e5b55f7629c 289be8de81ae4719a101d91082ea35aa - - default default] 10.0.0.17 "GET /v2.0/network-ip-availabilities HTTP/1.1" status: 200 len: 1280 time: 0.0123568
2026-04-28 18:19:29.439 10 INFO neutron.api.wsgi [None req-0e9f0858-43dc-46d1-8eff-d2bc02ee441c d96e52cac3b2466886195e5b55f7629c 289be8de81ae4719a101d91082ea35aa - - default default] 10.0.0.17 "GET /v2.0/subnets HTTP/1.1" status: 200 len: 1484 time: 0.0205712
2026-04-28 18:19:29.447 10 INFO neutron.api.wsgi [None req-a5a3311a-00da-431e-b78a-67acdc6279b0 d96e52cac3b2466886195e5b55f7629c 289be8de81ae4719a101d91082ea35aa - - default default] 10.0.0.17 "GET /v2.0/subnetpools HTTP/1.1" status: 200 len: 193 time: 0.0066602
2026-04-28 18:19:29.494 10 INFO neutron.api.wsgi [None req-dcd660fc-2d78-4316-bc3b-1e06803c3bca d96e52cac3b2466886195e5b55f7629c 289be8de81ae4719a101d91082ea35aa - - default default] 10.0.0.17 "GET /v2.0/networks HTTP/1.1" status: 200 len: 2350 time: 0.0473073
2026-04-28 18:19:29.594 10 INFO neutron.api.wsgi [None req-76bd7633-eee8-4c9e-bda7-8d125bc55729 d96e52cac3b2466886195e5b55f7629c 289be8de81ae4719a101d91082ea35aa - - default default] 10.0.0.17 "GET /v2.0/security-groups HTTP/1.1" status: 200 len: 17578 time: 0.0976954
2026-04-28 18:19:29.647 10 INFO neutron.api.wsgi [None req-507a4337-9389-4602-b947-20e36f1aa19d d96e52cac3b2466886195e5b55f7629c 289be8de81ae4719a101d91082ea35aa - - default default] 10.0.0.17 "GET /v2.0/ports HTTP/1.1" status: 200 len: 5351 time: 0.0433338
2026-04-28 18:19:29.666 10 INFO neutron.api.wsgi [None req-b611f4b7-4705-49cf-b611-f3efa40dae02 d96e52cac3b2466886195e5b55f7629c 289be8de81ae4719a101d91082ea35aa - - default default] 10.0.0.17 "GET /v2.0/agents HTTP/1.1" status: 200 len: 1390 time: 0.0139635
2026-04-28 18:19:38.404 9 INFO neutron.api.wsgi [-] 10.0.0.22 "GET / HTTP/1.1" status: 200 len: 247 time: 0.0018260
2026-04-28 18:19:38.405 10 INFO neutron.api.wsgi [-] 10.0.0.22 "GET / HTTP/1.1" status: 200 len: 247 time: 0.0026646
2026-04-28 18:19:53.405 10 INFO neutron.api.wsgi [-] 10.0.0.22 "GET / HTTP/1.1" status: 200 len: 247 time: 0.0024025
2026-04-28 18:19:53.405 9 INFO neutron.api.wsgi [-] 10.0.0.22 "GET / HTTP/1.1" status: 200 len: 247 time: 0.0024459
2026-04-28 18:20:08.405 10 INFO neutron.api.wsgi [-] 10.0.0.22 "GET / HTTP/1.1" status: 200 len: 247 time: 0.0021117
2026-04-28 18:20:08.405 9 INFO neutron.api.wsgi [-] 10.0.0.22 "GET / HTTP/1.1" status: 200 len: 247 time: 0.0023599
2026-04-28 18:20:23.405 10 INFO neutron.api.wsgi [-] 10.0.0.22 "GET / HTTP/1.1" status: 200 len: 247 time: 0.0032234
2026-04-28 18:20:23.409 10 INFO neutron.api.wsgi [-] 10.0.0.22 "GET / HTTP/1.1" status: 200 len: 247 time: 0.0026760
2026-04-28 18:20:29.292 10 INFO neutron.api.wsgi [None req-ef7831ed-d362-439d-96b1-0052ae16bd8b d96e52cac3b2466886195e5b55f7629c 289be8de81ae4719a101d91082ea35aa - - default default] 10.0.0.17 "GET /v2.0/ports HTTP/1.1" status: 200 len: 5351 time: 0.0791743
2026-04-28 18:20:29.317 10 INFO neutron.api.wsgi [None req-1f745a6a-2e00-4fd4-9800-d1af7a033669 d96e52cac3b2466886195e5b55f7629c 289be8de81ae4719a101d91082ea35aa - - default default] 10.0.0.17 "GET /v2.0/subnets HTTP/1.1" status: 200 len: 1484 time: 0.0211940
2026-04-28 18:20:29.326 10 INFO neutron.api.wsgi [None req-bda68cbc-1eca-495e-ba7b-e99b48c7e44f d96e52cac3b2466886195e5b55f7629c 289be8de81ae4719a101d91082ea35aa - - default default] 10.0.0.17 "GET /v2.0/subnetpools HTTP/1.1" status: 200 len: 193 time: 0.0063491
2026-04-28 18:20:29.356 10 INFO neutron.api.wsgi [None req-3f56308b-44d1-4e8a-8a0d-fee46b766bcf d96e52cac3b2466886195e5b55f7629c 289be8de81ae4719a101d91082ea35aa - - default default] 10.0.0.17 "GET /v2.0/security-groups HTTP/1.1" status: 200 len: 17578 time: 0.0292532
2026-04-28 18:20:29.379 10 INFO neutron.api.wsgi [None req-5f4c0861-b656-46ae-af52-1d22ae647587 d96e52cac3b2466886195e5b55f7629c 289be8de81ae4719a101d91082ea35aa - - default default] 10.0.0.17 "GET /v2.0/subnets HTTP/1.1" status: 200 len: 1484 time: 0.0174246
2026-04-28 18:20:29.392 10 INFO neutron.api.wsgi [None req-9e4fe8c5-8891-41d8-b162-c1a7da1fbd2f d96e52cac3b2466886195e5b55f7629c 289be8de81ae4719a101d91082ea35aa - - default default] 10.0.0.17 "GET /v2.0/routers HTTP/1.1" status: 200 len: 189 time: 0.0111797
2026-04-28 18:20:29.410 10 INFO neutron.api.wsgi [None req-2e80b73b-621c-4fa1-84a4-8802ecbd447e d96e52cac3b2466886195e5b55f7629c 289be8de81ae4719a101d91082ea35aa - - default default] 10.0.0.17 "GET /v2.0/agents?binary=ovn-controller HTTP/1.1" status: 200 len: 591 time: 0.0178657
2026-04-28 18:20:29.420 10 INFO neutron.api.wsgi [None req-6e3a1bd0-8481-49c4-887c-69f75e268e9f d96e52cac3b2466886195e5b55f7629c 289be8de81ae4719a101d91082ea35aa - - default default] 10.0.0.17 "GET /v2.0/network-ip-availabilities HTTP/1.1" status: 200 len: 1280 time: 0.0082774
2026-04-28 18:20:29.432 10 INFO neutron.api.wsgi [None req-51ef4442-88a1-4b0a-8321-d4c7e8100180 d96e52cac3b2466886195e5b55f7629c 289be8de81ae4719a101d91082ea35aa - - default default] 10.0.0.17 "GET /v2.0/floatingips HTTP/1.1" status: 200 len: 193 time: 0.0105262
2026-04-28 18:20:29.465 10 INFO neutron.api.wsgi [None req-ea199548-04e6-48e3-b8bf-bd3151803b9c d96e52cac3b2466886195e5b55f7629c 289be8de81ae4719a101d91082ea35aa - - default default] 10.0.0.17 "GET /v2.0/networks HTTP/1.1" status: 200 len: 2350 time: 0.0324247
2026-04-28 18:20:29.476 10 INFO neutron.api.wsgi [None req-b3b8e12a-06c4-47af-989e-0cb5dadb4b1b d96e52cac3b2466886195e5b55f7629c 289be8de81ae4719a101d91082ea35aa - - default default] 10.0.0.17 "GET /v2.0/agents HTTP/1.1" status: 200 len: 1390 time: 0.0080416
2026-04-28 18:20:38.403 9 INFO neutron.api.wsgi [-] 10.0.0.22 "GET / HTTP/1.1" status: 200 len: 247 time: 0.0013642
2026-04-28 18:20:38.403 10 INFO neutron.api.wsgi [-] 10.0.0.22 "GET / HTTP/1.1" status: 200 len: 247 time: 0.0013630
2026-04-28 18:20:40.380 15 INFO neutron.db.ovn_revision_numbers_db [None req-0c8dda38-f454-4fe2-8355-8d39d2b40fb8 - - - - - -] Successfully bumped revision number for resource d1c57e6b-dbad-4189-9af9-1441b671d11a (type: security_groups) to 5
2026-04-28 18:20:40.380 15 INFO neutron.plugins.ml2.drivers.ovn.mech_driver.ovsdb.maintenance [None req-0c8dda38-f454-4fe2-8355-8d39d2b40fb8 - - - - - -] OVN maintenance task check_for_inconsistencies finished in 0.066 seconds
2026-04-28 18:20:53.404 10 INFO neutron.api.wsgi [-] 10.0.0.22 "GET / HTTP/1.1" status: 200 len: 247 time: 0.0025361
2026-04-28 18:20:53.406 9 INFO neutron.api.wsgi [-] 10.0.0.22 "GET / HTTP/1.1" status: 200 len: 247 time: 0.0037284
2026-04-28 18:21:08.405 9 INFO neutron.api.wsgi [-] 10.0.0.22 "GET / HTTP/1.1" status: 200 len: 247 time: 0.0032921
2026-04-28 18:21:08.405 10 INFO neutron.api.wsgi [-] 10.0.0.22 "GET / HTTP/1.1" status: 200 len: 247 time: 0.0038197
2026-04-28 18:21:23.405 9 INFO neutron.api.wsgi [-] 10.0.0.22 "GET / HTTP/1.1" status: 200 len: 247 time: 0.0021107
2026-04-28 18:21:23.405 10 INFO neutron.api.wsgi [-] 10.0.0.22 "GET / HTTP/1.1" status: 200 len: 247 time: 0.0027857
2026-04-28 18:21:29.259 10 INFO neutron.api.wsgi [None req-5fe10be0-0419-4375-a0f8-d42cfdb05329 d96e52cac3b2466886195e5b55f7629c 289be8de81ae4719a101d91082ea35aa - - default default] 10.0.0.17 "GET /v2.0/routers HTTP/1.1" status: 200 len: 189 time: 0.0627520
2026-04-28 18:21:29.284 10 INFO neutron.api.wsgi [None req-8be2cfc6-046b-46b3-84ac-a0ac736196a1 d96e52cac3b2466886195e5b55f7629c 289be8de81ae4719a101d91082ea35aa - - default default] 10.0.0.17 "GET /v2.0/agents?binary=ovn-controller HTTP/1.1" status: 200 len: 591 time: 0.0246067
2026-04-28 18:21:29.294 10 INFO neutron.api.wsgi [None req-4adbeb63-228a-4666-b55c-97c56d610bce d96e52cac3b2466886195e5b55f7629c 289be8de81ae4719a101d91082ea35aa - - default default] 10.0.0.17 "GET /v2.0/agents HTTP/1.1" status: 200 len: 1390 time: 0.0081065
2026-04-28 18:21:29.305 10 INFO neutron.api.wsgi [None req-de8a7f41-8655-4488-8c1e-4901c592edc7 d96e52cac3b2466886195e5b55f7629c 289be8de81ae4719a101d91082ea35aa - - default default] 10.0.0.17 "GET /v2.0/floatingips HTTP/1.1" status: 200 len: 193 time: 0.0099509
2026-04-28 18:21:29.326 10 INFO neutron.api.wsgi [None req-79ebe16c-2e8a-4cc2-a143-13f28efe0673 d96e52cac3b2466886195e5b55f7629c 289be8de81ae4719a101d91082ea35aa - - default default] 10.0.0.17 "GET /v2.0/subnets HTTP/1.1" status: 200 len: 1484 time: 0.0205979
2026-04-28 18:21:29.336 10 INFO neutron.api.wsgi [None req-8224b164-1e52-4c7a-ac86-ec797b12cf76 d96e52cac3b2466886195e5b55f7629c 289be8de81ae4719a101d91082ea35aa - - default default] 10.0.0.17 "GET /v2.0/network-ip-availabilities HTTP/1.1" status: 200 len: 1280 time: 0.0086923
2026-04-28 18:21:29.357 10 INFO neutron.api.wsgi [None req-b4bd8a3e-a53e-42f2-86d5-79aabe387bf5 d96e52cac3b2466886195e5b55f7629c 289be8de81ae4719a101d91082ea35aa - - default default] 10.0.0.17 "GET /v2.0/subnets HTTP/1.1" status: 200 len: 1484 time: 0.0203655
2026-04-28 18:21:29.363 10 INFO neutron.api.wsgi [None req-f264a419-fcf0-4a90-a1e7-0d9544d492b9 d96e52cac3b2466886195e5b55f7629c 289be8de81ae4719a101d91082ea35aa - - default default] 10.0.0.17 "GET /v2.0/subnetpools HTTP/1.1" status: 200 len: 193 time: 0.0056942
2026-04-28 18:21:29.398 10 INFO neutron.api.wsgi [None req-75115e34-6179-472d-b27a-7da91f256294 d96e52cac3b2466886195e5b55f7629c 289be8de81ae4719a101d91082ea35aa - - default default] 10.0.0.17 "GET /v2.0/ports HTTP/1.1" status: 200 len: 5351 time: 0.0342469
2026-04-28 18:21:29.442 10 INFO neutron.api.wsgi [None req-38ec78f7-c462-497e-8bd1-62ac2a03aa57 d96e52cac3b2466886195e5b55f7629c 289be8de81ae4719a101d91082ea35aa - - default default] 10.0.0.17 "GET /v2.0/networks HTTP/1.1" status: 200 len: 2350 time: 0.0410957
2026-04-28 18:21:29.478 10 INFO neutron.api.wsgi [None req-3b46538e-3ce9-4c54-b2f3-80b79aea29de d96e52cac3b2466886195e5b55f7629c 289be8de81ae4719a101d91082ea35aa - - default default] 10.0.0.17 "GET /v2.0/security-groups HTTP/1.1" status: 200 len: 17578 time: 0.0320935
2026-04-28 18:21:38.404 9 INFO neutron.api.wsgi [-] 10.0.0.22 "GET / HTTP/1.1" status: 200 len: 247 time: 0.0024860
2026-04-28 18:21:38.404 10 INFO neutron.api.wsgi [-] 10.0.0.22 "GET / HTTP/1.1" status: 200 len: 247 time: 0.0023277
2026-04-28 18:21:53.404 10 INFO neutron.api.wsgi [-] 10.0.0.22 "GET / HTTP/1.1" status: 200 len: 247 time: 0.0015080
2026-04-28 18:21:53.406 9 INFO neutron.api.wsgi [-] 10.0.0.22 "GET / HTTP/1.1" status: 200 len: 247 time: 0.0032015
2026-04-28 18:22:08.404 9 INFO neutron.api.wsgi [-] 10.0.0.22 "GET / HTTP/1.1" status: 200 len: 247 time: 0.0024550
2026-04-28 18:22:08.404 10 INFO neutron.api.wsgi [-] 10.0.0.22 "GET / HTTP/1.1" status: 200 len: 247 time: 0.0027552
2026-04-28 18:22:23.404 10 INFO neutron.api.wsgi [-] 10.0.0.22 "GET / HTTP/1.1" status: 200 len: 247 time: 0.0015361
2026-04-28 18:22:23.405 10 INFO neutron.api.wsgi [-] 10.0.0.22 "GET / HTTP/1.1" status: 200 len: 247 time: 0.0008993
2026-04-28 18:22:29.325 10 INFO neutron.api.wsgi [None req-9e4243f5-1cc3-4ddd-a790-1c54cd3d3e1a d96e52cac3b2466886195e5b55f7629c 289be8de81ae4719a101d91082ea35aa - - default default] 10.0.0.17 "GET /v2.0/routers HTTP/1.1" status: 200 len: 189 time: 0.0496693
2026-04-28 18:22:29.347 10 INFO neutron.api.wsgi [None req-ebdd1344-cb6c-4baf-a5c6-c3f57706c2b1 d96e52cac3b2466886195e5b55f7629c 289be8de81ae4719a101d91082ea35aa - - default default] 10.0.0.17 "GET /v2.0/agents?binary=ovn-controller HTTP/1.1" status: 200 len: 591 time: 0.0215604
2026-04-28 18:22:29.361 10 INFO neutron.api.wsgi [None req-5ad6a949-1e4d-4a8e-8394-238aafd70e4f d96e52cac3b2466886195e5b55f7629c 289be8de81ae4719a101d91082ea35aa - - default default] 10.0.0.17 "GET /v2.0/network-ip-availabilities HTTP/1.1" status: 200 len: 1280 time: 0.0126922
2026-04-28 18:22:29.378 10 INFO neutron.api.wsgi [None req-e7f96da1-69b0-44cf-950e-d3f6ab70d8e6 d96e52cac3b2466886195e5b55f7629c 289be8de81ae4719a101d91082ea35aa - - default default] 10.0.0.17 "GET /v2.0/floatingips HTTP/1.1" status: 200 len: 193 time: 0.0169404
2026-04-28 18:22:29.419 10 INFO neutron.api.wsgi [None req-6509f7a5-6241-48f8-8863-0f40901e9e72 d96e52cac3b2466886195e5b55f7629c 289be8de81ae4719a101d91082ea35aa - - default default] 10.0.0.17 "GET /v2.0/ports HTTP/1.1" status: 200 len: 5351 time: 0.0399003
2026-04-28 18:22:29.455 10 INFO neutron.api.wsgi [None req-91e3cd97-03bf-43f8-9294-7e7669659e02 d96e52cac3b2466886195e5b55f7629c 289be8de81ae4719a101d91082ea35aa - - default default] 10.0.0.17 "GET /v2.0/security-groups HTTP/1.1" status: 200 len: 17578 time: 0.0336981
2026-04-28 18:22:29.490 10 INFO neutron.api.wsgi [None req-b15dbf41-8fcc-4545-bbaf-5541a4337f37 d96e52cac3b2466886195e5b55f7629c 289be8de81ae4719a101d91082ea35aa - - default default] 10.0.0.17 "GET /v2.0/subnets HTTP/1.1" status: 200 len: 1484 time: 0.0253341
2026-04-28 18:22:29.502 10 INFO neutron.api.wsgi [None req-6b9d0dff-dfc0-48ff-a384-ecb0abded19b d96e52cac3b2466886195e5b55f7629c 289be8de81ae4719a101d91082ea35aa - - default default] 10.0.0.17 "GET /v2.0/agents HTTP/1.1" status: 200 len: 1390 time: 0.0109057
2026-04-28 18:22:29.527 10 INFO neutron.api.wsgi [None req-10ce6873-be13-4404-9053-83fcb0b4e52e d96e52cac3b2466886195e5b55f7629c 289be8de81ae4719a101d91082ea35aa - - default default] 10.0.0.17 "GET /v2.0/subnets HTTP/1.1" status: 200 len: 1484 time: 0.0233200
2026-04-28 18:22:29.535 10 INFO neutron.api.wsgi [None req-9903cc85-7306-4ba7-8841-9017b234bfd9 d96e52cac3b2466886195e5b55f7629c 289be8de81ae4719a101d91082ea35aa - - default default] 10.0.0.17 "GET /v2.0/subnetpools HTTP/1.1" status: 200 len: 193 time: 0.0069721
2026-04-28 18:22:29.586 10 INFO neutron.api.wsgi [None req-52c1a2f5-0778-4788-8e22-3017ec22f0da d96e52cac3b2466886195e5b55f7629c 289be8de81ae4719a101d91082ea35aa - - default default] 10.0.0.17 "GET /v2.0/networks HTTP/1.1" status: 200 len: 2350 time: 0.0503647
2026-04-28 18:22:38.403 10 INFO neutron.api.wsgi [-] 10.0.0.22 "GET / HTTP/1.1" status: 200 len: 247 time: 0.0016093
2026-04-28 18:22:38.403 9 INFO neutron.api.wsgi [-] 10.0.0.22 "GET / HTTP/1.1" status: 200 len: 247 time: 0.0016859
2026-04-28 18:22:53.404 10 INFO neutron.api.wsgi [-] 10.0.0.22 "GET / HTTP/1.1" status: 200 len: 247 time: 0.0016103
2026-04-28 18:22:53.406 9 INFO neutron.api.wsgi [-] 10.0.0.22 "GET / HTTP/1.1" status: 200 len: 247 time: 0.0029619
2026-04-28 18:23:08.405 9 INFO neutron.api.wsgi [-] 10.0.0.22 "GET / HTTP/1.1" status: 200 len: 247 time: 0.0022376
2026-04-28 18:23:08.406 10 INFO neutron.api.wsgi [-] 10.0.0.22 "GET / HTTP/1.1" status: 200 len: 247 time: 0.0033317
2026-04-28 18:23:23.404 9 INFO neutron.api.wsgi [-] 10.0.0.22 "GET / HTTP/1.1" status: 200 len: 247 time: 0.0013092
2026-04-28 18:23:23.407 10 INFO neutron.api.wsgi [-] 10.0.0.22 "GET / HTTP/1.1" status: 200 len: 247 time: 0.0036831
2026-04-28 18:23:29.279 10 INFO neutron.api.wsgi [None req-ce48d56b-c753-41cc-bd94-822cb192de5f d96e52cac3b2466886195e5b55f7629c 289be8de81ae4719a101d91082ea35aa - - default default] 10.0.0.17 "GET /v2.0/network-ip-availabilities HTTP/1.1" status: 200 len: 1280 time: 0.0570612
2026-04-28 18:23:29.318 10 INFO neutron.api.wsgi [None req-f95d99ae-a066-4255-b2ae-76e6f7a71435 d96e52cac3b2466886195e5b55f7629c 289be8de81ae4719a101d91082ea35aa - - default default] 10.0.0.17 "GET /v2.0/security-groups HTTP/1.1" status: 200 len: 17578 time: 0.0375936
2026-04-28 18:23:29.349 10 INFO neutron.api.wsgi [None req-6086b1be-2649-4a34-a45d-1abb7eb94959 d96e52cac3b2466886195e5b55f7629c 289be8de81ae4719a101d91082ea35aa - - default default] 10.0.0.17 "GET /v2.0/agents HTTP/1.1" status: 200 len: 1390 time: 0.0271316
2026-04-28 18:23:29.381 10 INFO neutron.api.wsgi [None req-57ebea06-962e-445b-828b-fdd24cb991e9 d96e52cac3b2466886195e5b55f7629c 289be8de81ae4719a101d91082ea35aa - - default default] 10.0.0.17 "GET /v2.0/routers HTTP/1.1" status: 200 len: 189 time: 0.0314879
2026-04-28 18:23:29.392 10 INFO neutron.api.wsgi [None req-1b500690-34fd-424f-b262-faf82f5f332e d96e52cac3b2466886195e5b55f7629c 289be8de81ae4719a101d91082ea35aa - - default default] 10.0.0.17 "GET /v2.0/agents?binary=ovn-controller HTTP/1.1" status: 200 len: 591 time: 0.0101185
2026-04-28 18:23:29.434 10 INFO neutron.api.wsgi [None req-71c8dead-5f68-4f45-9e8b-86eb304672bb d96e52cac3b2466886195e5b55f7629c 289be8de81ae4719a101d91082ea35aa - - default default] 10.0.0.17 "GET /v2.0/ports HTTP/1.1" status: 200 len: 5351 time: 0.0413671
2026-04-28 18:23:29.451 10 INFO neutron.api.wsgi [None req-c457becb-73a6-41fc-b7b4-53c33bfb420e d96e52cac3b2466886195e5b55f7629c 289be8de81ae4719a101d91082ea35aa - - default default] 10.0.0.17 "GET /v2.0/floatingips HTTP/1.1" status: 200 len: 193 time: 0.0129616
2026-04-28 18:23:29.504 10 INFO neutron.api.wsgi [None req-23e2b158-41be-4960-baec-84cce08c803c d96e52cac3b2466886195e5b55f7629c 289be8de81ae4719a101d91082ea35aa - - default default] 10.0.0.17 "GET /v2.0/networks HTTP/1.1" status: 200 len: 2350 time: 0.0522549
2026-04-28 18:23:29.527 10 INFO neutron.api.wsgi [None req-d5c57948-a270-42c7-8076-413e4cb60911 d96e52cac3b2466886195e5b55f7629c 289be8de81ae4719a101d91082ea35aa - - default default] 10.0.0.17 "GET /v2.0/subnets HTTP/1.1" status: 200 len: 1484 time: 0.0215609
2026-04-28 18:23:29.550 10 INFO neutron.api.wsgi [None req-89c536ef-8337-4ebb-ad1c-23e545df79d8 d96e52cac3b2466886195e5b55f7629c 289be8de81ae4719a101d91082ea35aa - - default default] 10.0.0.17 "GET /v2.0/subnets HTTP/1.1" status: 200 len: 1484 time: 0.0212317
2026-04-28 18:23:29.557 10 INFO neutron.api.wsgi [None req-fc35d662-21e4-465c-83a6-576484676175 d96e52cac3b2466886195e5b55f7629c 289be8de81ae4719a101d91082ea35aa - - default default] 10.0.0.17 "GET /v2.0/subnetpools HTTP/1.1" status: 200 len: 193 time: 0.0059340
2026-04-28 18:23:38.403 9 INFO neutron.api.wsgi [-] 10.0.0.22 "GET / HTTP/1.1" status: 200 len: 247 time: 0.0011997
2026-04-28 18:23:38.404 10 INFO neutron.api.wsgi [-] 10.0.0.22 "GET / HTTP/1.1" status: 200 len: 247 time: 0.0023222
2026-04-28 18:23:53.405 9 INFO neutron.api.wsgi [-] 10.0.0.22 "GET / HTTP/1.1" status: 200 len: 247 time: 0.0024359
2026-04-28 18:23:53.407 10 INFO neutron.api.wsgi [-] 10.0.0.22 "GET / HTTP/1.1" status: 200 len: 247 time: 0.0033824
2026-04-28 18:24:08.403 9 INFO neutron.api.wsgi [-] 10.0.0.22 "GET / HTTP/1.1" status: 200 len: 247 time: 0.0011945
2026-04-28 18:24:08.406 10 INFO neutron.api.wsgi [-] 10.0.0.22 "GET / HTTP/1.1" status: 200 len: 247 time: 0.0037739
2026-04-28 18:24:23.406 10 INFO neutron.api.wsgi [-] 10.0.0.22 "GET / HTTP/1.1" status: 200 len: 247 time: 0.0029426
2026-04-28 18:24:23.408 10 INFO neutron.api.wsgi [-] 10.0.0.22 "GET / HTTP/1.1" status: 200 len: 247 time: 0.0012164
2026-04-28 18:24:29.316 10 INFO neutron.api.wsgi [None req-f4e68ef2-a11d-4b78-9ea6-e6b6d2b37915 d96e52cac3b2466886195e5b55f7629c 289be8de81ae4719a101d91082ea35aa - - default default] 10.0.0.17 "GET /v2.0/subnets HTTP/1.1" status: 200 len: 1484 time: 0.0831125
2026-04-28 18:24:29.329 10 INFO neutron.api.wsgi [None req-941012cf-ebd4-4296-9ae4-4e58f77d8154 d96e52cac3b2466886195e5b55f7629c 289be8de81ae4719a101d91082ea35aa - - default default] 10.0.0.17 "GET /v2.0/floatingips HTTP/1.1" status: 200 len: 193 time: 0.0122914
2026-04-28 18:24:29.373 10 INFO neutron.api.wsgi [None req-11b9ec71-3adb-4dc5-9d35-066e3ad1e0ab d96e52cac3b2466886195e5b55f7629c 289be8de81ae4719a101d91082ea35aa - - default default] 10.0.0.17 "GET /v2.0/networks HTTP/1.1" status: 200 len: 2350 time: 0.0436199
2026-04-28 18:24:29.391 10 INFO neutron.api.wsgi [None req-ce8a47ed-288b-4568-b5d4-e441be79a5e9 d96e52cac3b2466886195e5b55f7629c 289be8de81ae4719a101d91082ea35aa - - default default] 10.0.0.17 "GET /v2.0/routers HTTP/1.1" status: 200 len: 189 time: 0.0150480
2026-04-28 18:24:29.419 10 INFO neutron.api.wsgi [None req-1a655d52-5622-495c-8843-3e882c532af8 d96e52cac3b2466886195e5b55f7629c 289be8de81ae4719a101d91082ea35aa - - default default] 10.0.0.17 "GET /v2.0/agents?binary=ovn-controller HTTP/1.1" status: 200 len: 591 time: 0.0277784
2026-04-28 18:24:29.430 10 INFO neutron.api.wsgi [None req-9080a56b-76a8-4f63-8dc0-705f316a01a9 d96e52cac3b2466886195e5b55f7629c 289be8de81ae4719a101d91082ea35aa - - default default] 10.0.0.17 "GET /v2.0/network-ip-availabilities HTTP/1.1" status: 200 len: 1280 time: 0.0097146
2026-04-28 18:24:29.466 10 INFO neutron.api.wsgi [None req-b9160440-8eaa-43a7-aa34-55de2b7108c6 d96e52cac3b2466886195e5b55f7629c 289be8de81ae4719a101d91082ea35aa - - default default] 10.0.0.17 "GET /v2.0/security-groups HTTP/1.1" status: 200 len: 17578 time: 0.0351048
2026-04-28 18:24:29.515 10 INFO neutron.api.wsgi [None req-e51b5ee1-3221-4a8d-9388-3bd1f06f9097 d96e52cac3b2466886195e5b55f7629c 289be8de81ae4719a101d91082ea35aa - - default default] 10.0.0.17 "GET /v2.0/ports HTTP/1.1" status: 200 len: 5351 time: 0.0409451
2026-04-28 18:24:29.529 10 INFO neutron.api.wsgi [None req-a5359625-913c-44b4-aef4-4546b837552e d96e52cac3b2466886195e5b55f7629c 289be8de81ae4719a101d91082ea35aa - - default default] 10.0.0.17 "GET /v2.0/agents HTTP/1.1" status: 200 len: 1390 time: 0.0103698
2026-04-28 18:24:29.553 10 INFO neutron.api.wsgi [None req-09037f03-a728-4958-a64b-99e8755dc204 d96e52cac3b2466886195e5b55f7629c 289be8de81ae4719a101d91082ea35aa - - default default] 10.0.0.17 "GET /v2.0/subnets HTTP/1.1" status: 200 len: 1484 time: 0.0230191
