2026-04-28 18:34:09.489 10 INFO neutron.pecan_wsgi.hooks.translation [None req-a11e5c44-60b1-475c-a58c-e015bb890dbb 0b956ff956ad4f7a9c831f2752e9b7d0 bb0c31560acf409cb317ff510469f12d - - default default] DELETE failed (client error): The resource could not be found.
2026-04-28 18:34:09.492 10 INFO neutron.api.wsgi [None req-a11e5c44-60b1-475c-a58c-e015bb890dbb 0b956ff956ad4f7a9c831f2752e9b7d0 bb0c31560acf409cb317ff510469f12d - - default default] 10.0.0.252 "DELETE /v2.0/ports/8df977d7-f6a3-42c4-ab53-5768e5cc660f HTTP/1.1" status: 404 len: 333 time: 0.0163872
2026-04-28 18:34:09.500 10 INFO neutron.api.wsgi [req-e1cc5b5d-e2d7-4fb9-ad6f-23091cddeed6 req-99749e1c-318c-4915-b787-4eeed0203496 405ad96c045f4d3a8bfa9bcb44e15b0c eacfd4c761ed415f90f0c59893434903 - - default default] 10.0.0.184 "GET /v2.0/ports?device_id=b3563711-778d-4e43-8631-6b4719d2127a HTTP/1.1" status: 200 len: 1174 time: 0.0509834
2026-04-28 18:34:09.506 10 INFO neutron.pecan_wsgi.hooks.translation [None req-8b971ce0-cdfc-4892-8a25-db7a5a6f970b 0b956ff956ad4f7a9c831f2752e9b7d0 bb0c31560acf409cb317ff510469f12d - - default default] DELETE failed (client error): The resource could not be found.
2026-04-28 18:34:09.508 10 INFO neutron.api.wsgi [None req-8b971ce0-cdfc-4892-8a25-db7a5a6f970b 0b956ff956ad4f7a9c831f2752e9b7d0 bb0c31560acf409cb317ff510469f12d - - default default] 10.0.0.252 "DELETE /v2.0/subnets/b542be6d-9ce4-46a9-8a8b-e3eecbb4396c HTTP/1.1" status: 404 len: 337 time: 0.0118170
2026-04-28 18:34:09.519 10 INFO neutron.pecan_wsgi.hooks.translation [None req-c3173108-af0d-4b8a-b7da-a043361676aa 0b956ff956ad4f7a9c831f2752e9b7d0 bb0c31560acf409cb317ff510469f12d - - default default] DELETE failed (client error): The resource could not be found.
2026-04-28 18:34:09.520 10 INFO neutron.api.wsgi [None req-c3173108-af0d-4b8a-b7da-a043361676aa 0b956ff956ad4f7a9c831f2752e9b7d0 bb0c31560acf409cb317ff510469f12d - - default default] 10.0.0.252 "DELETE /v2.0/subnets/99da54ea-d436-46b1-8c84-40b8fc4371d3 HTTP/1.1" status: 404 len: 337 time: 0.0094171
2026-04-28 18:34:09.547 10 INFO neutron.api.wsgi [req-e1cc5b5d-e2d7-4fb9-ad6f-23091cddeed6 req-ee03f1b3-b54d-4627-8220-39c74f2dc82e 405ad96c045f4d3a8bfa9bcb44e15b0c eacfd4c761ed415f90f0c59893434903 - - default default] 10.0.0.184 "GET /v2.0/security-groups?id=a8d582f4-d385-41ea-8d45-34e9c1b0f13f&fields=id&fields=name HTTP/1.1" status: 200 len: 312 time: 0.0417156
2026-04-28 18:34:09.746 9 INFO neutron.api.wsgi [None req-c8a49d3b-468f-4b09-971a-89852e1f0e57 0b956ff956ad4f7a9c831f2752e9b7d0 bb0c31560acf409cb317ff510469f12d - - default default] 10.0.0.252 "DELETE /v2.0/ports/7b239c07-1629-4c75-9b0c-6f43534af3eb HTTP/1.1" status: 204 len: 168 time: 0.2215807
2026-04-28 18:34:09.822 9 INFO neutron.api.wsgi [req-db08ddb5-06ca-425f-8023-8629ff52033f req-5a6328ad-10dc-408f-a3e5-5590c8012073 405ad96c045f4d3a8bfa9bcb44e15b0c eacfd4c761ed415f90f0c59893434903 - - default default] 10.0.0.184 "GET /v2.0/ports?device_id=b3563711-778d-4e43-8631-6b4719d2127a HTTP/1.1" status: 200 len: 1174 time: 0.0333049
2026-04-28 18:34:09.862 9 INFO neutron.api.wsgi [req-db08ddb5-06ca-425f-8023-8629ff52033f req-9273e135-1e78-41a5-afdc-25771e1ac58e 405ad96c045f4d3a8bfa9bcb44e15b0c eacfd4c761ed415f90f0c59893434903 - - default default] 10.0.0.184 "GET /v2.0/security-groups?id=a8d582f4-d385-41ea-8d45-34e9c1b0f13f&fields=id&fields=name HTTP/1.1" status: 200 len: 312 time: 0.0329268
2026-04-28 18:34:09.990 9 INFO neutron.api.wsgi [req-214d6243-4d04-4fe7-a10e-a112fbb61396 req-1dfad91c-ef0d-4160-ba46-7c772a98336e 2b21086211fc44e58990c25ff47f3fef 24ea4a403c04467cb0e7aec3d57c681c - - a57b547b83f4419d96d463529006276e a57b547b83f4419d96d463529006276e] 199.19.213.114 "GET /v2.0/ports?tenant_id=eacfd4c761ed415f90f0c59893434903&device_id=b3563711-778d-4e43-8631-6b4719d2127a HTTP/1.1" status: 200 len: 1413 time: 0.0334554
2026-04-28 18:34:10.057 9 INFO neutron.api.wsgi [req-214d6243-4d04-4fe7-a10e-a112fbb61396 req-52e745fe-ba59-4871-96f3-7aa7527d87ac 2b21086211fc44e58990c25ff47f3fef 24ea4a403c04467cb0e7aec3d57c681c - - a57b547b83f4419d96d463529006276e a57b547b83f4419d96d463529006276e] 199.19.213.114 "GET /v2.0/networks?id=a21c2dfc-b2f8-4235-835f-1aef518ba80c HTTP/1.1" status: 200 len: 978 time: 0.0562840
2026-04-28 18:34:10.073 9 INFO neutron.services.segments.plugin [-] Segment c347464a-a1b4-4616-b6ea-3cb7e0a77a4c resource provider aggregate not found
2026-04-28 18:34:10.077 9 INFO neutron.services.segments.plugin [-] Segment c347464a-a1b4-4616-b6ea-3cb7e0a77a4c resource provider aggregate not found
2026-04-28 18:34:10.092 9 INFO neutron.services.segments.plugin [-] Segment c347464a-a1b4-4616-b6ea-3cb7e0a77a4c resource provider not found; error: Placement Client Error (4xx): {"errors": [{"status": 404, "title": "Not Found", "detail": "The resource could not be found.\n\n No resource provider with uuid c347464a-a1b4-4616-b6ea-3cb7e0a77a4c found for delete ", "request_id": "req-cdb3f1e8-389b-4f87-9a77-9e9ee81abf0b"}]}
2026-04-28 18:34:10.094 9 INFO neutron.services.segments.plugin [-] Segment c347464a-a1b4-4616-b6ea-3cb7e0a77a4c resource provider not found; error: Placement Client Error (4xx): {"errors": [{"status": 404, "title": "Not Found", "detail": "The resource could not be found.\n\n No resource provider with uuid c347464a-a1b4-4616-b6ea-3cb7e0a77a4c found for delete ", "request_id": "req-703678ea-ef8d-4f50-a3f9-47a160e7b6bc"}]}
2026-04-28 18:34:10.111 9 INFO neutron.api.wsgi [None req-04c09eb7-a045-4520-8767-b0553951a725 0b956ff956ad4f7a9c831f2752e9b7d0 bb0c31560acf409cb317ff510469f12d - - default default] 10.0.0.252 "DELETE /v2.0/networks/07cb3a74-947c-4fad-b541-70bbabf02110 HTTP/1.1" status: 204 len: 168 time: 0.3569896
2026-04-28 18:34:10.114 9 INFO neutron.api.wsgi [req-214d6243-4d04-4fe7-a10e-a112fbb61396 req-ac0cc2fd-67d2-47aa-8f24-e21797d98dff 2b21086211fc44e58990c25ff47f3fef 24ea4a403c04467cb0e7aec3d57c681c - - a57b547b83f4419d96d463529006276e a57b547b83f4419d96d463529006276e] 199.19.213.114 "GET /v2.0/floatingips?fixed_ip_address=10.100.0.12&port_id=2c21074a-a6b1-47a1-b85f-8b0d2254d628 HTTP/1.1" status: 200 len: 1060 time: 0.0436506
2026-04-28 18:34:10.147 9 INFO neutron.api.wsgi [req-214d6243-4d04-4fe7-a10e-a112fbb61396 req-28096aba-f01c-4867-bebb-db0e07d73be8 2b21086211fc44e58990c25ff47f3fef 24ea4a403c04467cb0e7aec3d57c681c - - a57b547b83f4419d96d463529006276e a57b547b83f4419d96d463529006276e] 199.19.213.114 "GET /v2.0/subnets?id=d0d984dc-3429-4253-93e4-a1c337722033 HTTP/1.1" status: 200 len: 897 time: 0.0237248
2026-04-28 18:34:10.166 9 INFO neutron.api.wsgi [req-214d6243-4d04-4fe7-a10e-a112fbb61396 req-471deebf-c992-48aa-bebf-f6b3980b73fd 2b21086211fc44e58990c25ff47f3fef 24ea4a403c04467cb0e7aec3d57c681c - - a57b547b83f4419d96d463529006276e a57b547b83f4419d96d463529006276e] 199.19.213.114 "GET /v2.0/ports?network_id=a21c2dfc-b2f8-4235-835f-1aef518ba80c&device_owner=network%3Adhcp HTTP/1.1" status: 200 len: 210 time: 0.0138757
2026-04-28 18:34:10.207 9 INFO neutron.api.wsgi [req-214d6243-4d04-4fe7-a10e-a112fbb61396 req-44f5a09d-d908-44f0-9ced-9cfeb2fe603d 2b21086211fc44e58990c25ff47f3fef 24ea4a403c04467cb0e7aec3d57c681c - - a57b547b83f4419d96d463529006276e a57b547b83f4419d96d463529006276e] 199.19.213.114 "GET /v2.0/networks/a21c2dfc-b2f8-4235-835f-1aef518ba80c?fields=segments HTTP/1.1" status: 200 len: 212 time: 0.0343812
2026-04-28 18:34:10.290 9 INFO neutron.api.wsgi [req-214d6243-4d04-4fe7-a10e-a112fbb61396 req-b84a288f-8105-447d-8ee3-988736f1af36 2b21086211fc44e58990c25ff47f3fef 24ea4a403c04467cb0e7aec3d57c681c - - a57b547b83f4419d96d463529006276e a57b547b83f4419d96d463529006276e] 199.19.213.114 "GET /v2.0/networks/a21c2dfc-b2f8-4235-835f-1aef518ba80c?fields=provider%3Aphysical_network&fields=provider%3Anetwork_type HTTP/1.1" status: 200 len: 277 time: 0.0789156
2026-04-28 18:34:10.329 10 INFO neutron.api.wsgi [req-d78a26c6-3df3-44e3-8acc-14883ec1a401 req-2fecafee-e308-4654-b7bb-b23afd3204b4 4e5d5a9a8bc349519bdb13729356bb0c b50531dd6ae94f26ab369af12fd55577 - - default default] 10.0.0.184 "GET /v2.0/ports?device_id=cf6e3981-cb1f-4a46-921c-819fe29c2280 HTTP/1.1" status: 200 len: 1174 time: 0.0716522
2026-04-28 18:34:10.338 9 INFO neutron.plugins.ml2.drivers.ovn.mech_driver.mech_driver [None req-b5e6c922-ed0f-47ad-8bc4-b9e513dd9311 - - - - - -] OVN reports status down for port: 2c21074a-a6b1-47a1-b85f-8b0d2254d628
2026-04-28 18:34:10.373 10 INFO neutron.api.wsgi [req-d78a26c6-3df3-44e3-8acc-14883ec1a401 req-fe523f53-cc7a-4766-8aa7-ee40027cefe9 4e5d5a9a8bc349519bdb13729356bb0c b50531dd6ae94f26ab369af12fd55577 - - default default] 10.0.0.184 "GET /v2.0/security-groups?id=6671f5e1-05b7-42d4-a4be-b712ce475501&fields=id&fields=name HTTP/1.1" status: 200 len: 313 time: 0.0369325
2026-04-28 18:34:10.509 9 INFO neutron.notifiers.nova [-] Nova event matching ['req-cb5c27be-6333-4272-bf49-3b683c9e7fe9'] response: {'server_uuid': 'b3563711-778d-4e43-8631-6b4719d2127a', 'name': 'network-vif-unplugged', 'status': 'completed', 'tag': '2c21074a-a6b1-47a1-b85f-8b0d2254d628', 'code': 200}
2026-04-28 18:34:10.542 9 INFO neutron.api.wsgi [req-9376decc-54aa-4c35-9a42-107311703f7d req-0acdd5ed-a7f7-46a3-a0c2-51ad0dd2f8e7 4e5d5a9a8bc349519bdb13729356bb0c b50531dd6ae94f26ab369af12fd55577 - - default default] 10.0.0.184 "GET /v2.0/ports?device_id=cf6e3981-cb1f-4a46-921c-819fe29c2280 HTTP/1.1" status: 200 len: 1174 time: 0.1007891
2026-04-28 18:34:10.582 9 INFO neutron.api.wsgi [req-9376decc-54aa-4c35-9a42-107311703f7d req-212adb92-5e81-43c4-abf2-9f4c217c4807 4e5d5a9a8bc349519bdb13729356bb0c b50531dd6ae94f26ab369af12fd55577 - - default default] 10.0.0.184 "GET /v2.0/security-groups?id=6671f5e1-05b7-42d4-a4be-b712ce475501&fields=id&fields=name HTTP/1.1" status: 200 len: 313 time: 0.0339234
2026-04-28 18:34:10.618 9 INFO neutron.db.ovn_revision_numbers_db [None req-b5e6c922-ed0f-47ad-8bc4-b9e513dd9311 - - - - - -] Successfully bumped revision number for resource 2c21074a-a6b1-47a1-b85f-8b0d2254d628 (type: ports) to 6
2026-04-28 18:34:10.733 10 INFO neutron.api.wsgi [None req-17b6af8f-7e26-49df-8561-6444e4470032 d96e52cac3b2466886195e5b55f7629c 289be8de81ae4719a101d91082ea35aa - - default default] 10.0.0.252 "GET /v2.0/security-groups?tenant_id=bb0c31560acf409cb317ff510469f12d&name=default HTTP/1.1" status: 200 len: 3120 time: 0.1433182 /var/lib/openstack/lib/python3.12/site-packages/pycadf/identifier.py:71: UserWarning: Invalid uuid: neutron. To ensure interoperability, identifiers should be a valid uuid. warnings.warn(('Invalid uuid: %s. To ensure interoperability, '
2026-04-28 18:34:10.957 10 INFO neutron.api.wsgi [req-72a6716c-8ca0-42a1-8937-ba048a03ed90 req-c01f1a09-46bc-41ae-a98f-002b3ecfdd25 4e5d5a9a8bc349519bdb13729356bb0c b50531dd6ae94f26ab369af12fd55577 - - default default] 10.0.0.184 "GET /v2.0/ports?device_id=cf6e3981-cb1f-4a46-921c-819fe29c2280 HTTP/1.1" status: 200 len: 1174 time: 0.0370865
2026-04-28 18:34:10.963 9 INFO neutron.api.wsgi [req-ca7d414e-3aab-4bf6-91a1-7acf39a4e6f6 req-c0d180d7-5dbe-4c3d-bb38-bb0ce3c1c29b 405ad96c045f4d3a8bfa9bcb44e15b0c eacfd4c761ed415f90f0c59893434903 - - default default] 10.0.0.184 "GET /v2.0/ports?device_id=b3563711-778d-4e43-8631-6b4719d2127a HTTP/1.1" status: 200 len: 1172 time: 0.0416050
2026-04-28 18:34:10.976 10 INFO neutron.api.wsgi [None req-548833f1-7d90-4055-a2ac-74a24596eee3 d96e52cac3b2466886195e5b55f7629c 289be8de81ae4719a101d91082ea35aa - - default default] 10.0.0.252 "DELETE /v2.0/security-groups/ba769f30-afdf-4f37-9877-f39406dc1c85 HTTP/1.1" status: 204 len: 168 time: 0.2378154
2026-04-28 18:34:10.995 9 INFO neutron.api.wsgi [req-ca7d414e-3aab-4bf6-91a1-7acf39a4e6f6 req-705137a3-71d5-43cc-886a-62f8fa4b3540 405ad96c045f4d3a8bfa9bcb44e15b0c eacfd4c761ed415f90f0c59893434903 - - default default] 10.0.0.184 "GET /v2.0/security-groups?id=a8d582f4-d385-41ea-8d45-34e9c1b0f13f&fields=id&fields=name HTTP/1.1" status: 200 len: 312 time: 0.0292823
2026-04-28 18:34:11.000 10 INFO neutron.api.wsgi [req-72a6716c-8ca0-42a1-8937-ba048a03ed90 req-b0cddbda-d20d-4248-a43b-07705e83c806 4e5d5a9a8bc349519bdb13729356bb0c b50531dd6ae94f26ab369af12fd55577 - - default default] 10.0.0.184 "GET /v2.0/security-groups?id=6671f5e1-05b7-42d4-a4be-b712ce475501&fields=id&fields=name HTTP/1.1" status: 200 len: 313 time: 0.0373902
2026-04-28 18:34:11.578 9 INFO neutron.api.wsgi [req-8969446f-c0a7-47c9-a733-c7de95a69e86 req-535356da-4586-44c9-92e1-9c020a4cdeb0 405ad96c045f4d3a8bfa9bcb44e15b0c eacfd4c761ed415f90f0c59893434903 - - default default] 199.19.213.114 "GET /v2.0/ports?device_id=b3563711-778d-4e43-8631-6b4719d2127a HTTP/1.1" status: 200 len: 1172 time: 0.0301032
2026-04-28 18:34:11.926 9 INFO neutron.db.l3_db [req-8969446f-c0a7-47c9-a733-c7de95a69e86 req-e751606e-3ba9-4616-af66-8f8cfab1b76a 405ad96c045f4d3a8bfa9bcb44e15b0c eacfd4c761ed415f90f0c59893434903 - - default default] Floating IP d894502f-b049-4294-b300-3018f33fcd3d disassociated. External IP: 10.96.250.215, port: 2c21074a-a6b1-47a1-b85f-8b0d2254d628.
2026-04-28 18:34:12.037 9 INFO neutron.api.wsgi [req-8969446f-c0a7-47c9-a733-c7de95a69e86 req-e751606e-3ba9-4616-af66-8f8cfab1b76a 405ad96c045f4d3a8bfa9bcb44e15b0c eacfd4c761ed415f90f0c59893434903 - - default default] 199.19.213.114 "DELETE /v2.0/ports/2c21074a-a6b1-47a1-b85f-8b0d2254d628 HTTP/1.1" status: 204 len: 173 time: 0.4556684 /var/lib/openstack/lib/python3.12/site-packages/pycadf/identifier.py:71: UserWarning: Invalid uuid: neutron. To ensure interoperability, identifiers should be a valid uuid. warnings.warn(('Invalid uuid: %s. To ensure interoperability, '
2026-04-28 18:34:12.097 9 INFO neutron.api.wsgi [req-8e3a4056-d3bc-44fa-b749-66115e7cbd70 req-59d36491-4ba9-40b6-acf7-946f837c8ea4 405ad96c045f4d3a8bfa9bcb44e15b0c eacfd4c761ed415f90f0c59893434903 - - default default] 10.0.0.184 "GET /v2.0/ports?device_id=b3563711-778d-4e43-8631-6b4719d2127a HTTP/1.1" status: 200 len: 210 time: 0.0204556
2026-04-28 18:34:12.112 10 INFO neutron.api.wsgi [req-9ac0bf3e-0444-457c-9fd8-a2c7578ac20d req-b93000a4-d0df-4bd1-9826-f860e4242a1e 4e5d5a9a8bc349519bdb13729356bb0c b50531dd6ae94f26ab369af12fd55577 - - default default] 10.0.0.184 "GET /v2.0/ports?device_id=cf6e3981-cb1f-4a46-921c-819fe29c2280 HTTP/1.1" status: 200 len: 1174 time: 0.0383675
2026-04-28 18:34:12.153 10 INFO neutron.api.wsgi [req-9ac0bf3e-0444-457c-9fd8-a2c7578ac20d req-1400ad95-ef89-4805-bca7-24dd9d4f6091 4e5d5a9a8bc349519bdb13729356bb0c b50531dd6ae94f26ab369af12fd55577 - - default default] 10.0.0.184 "GET /v2.0/security-groups?id=6671f5e1-05b7-42d4-a4be-b712ce475501&fields=id&fields=name HTTP/1.1" status: 200 len: 313 time: 0.0311577
2026-04-28 18:34:12.477 9 INFO neutron.api.wsgi [req-cf471df4-d290-4175-a863-baa702df7365 req-e5d330ea-a128-48c0-a7c6-599d3bcb5752 2b21086211fc44e58990c25ff47f3fef 24ea4a403c04467cb0e7aec3d57c681c - - a57b547b83f4419d96d463529006276e a57b547b83f4419d96d463529006276e] 199.19.213.114 "GET /v2.0/ports?tenant_id=b50531dd6ae94f26ab369af12fd55577&device_id=cf6e3981-cb1f-4a46-921c-819fe29c2280 HTTP/1.1" status: 200 len: 1413 time: 0.0386081
2026-04-28 18:34:12.521 9 INFO neutron.api.wsgi [req-cf471df4-d290-4175-a863-baa702df7365 req-1e76431f-733a-4ae4-8a0a-8815ae8b9a93 2b21086211fc44e58990c25ff47f3fef 24ea4a403c04467cb0e7aec3d57c681c - - a57b547b83f4419d96d463529006276e a57b547b83f4419d96d463529006276e] 199.19.213.114 "GET /v2.0/networks?id=fe6e90a9-29f5-4964-8b4a-6b4893cf3dcc HTTP/1.1" status: 200 len: 974 time: 0.0383716
2026-04-28 18:34:12.546 9 INFO neutron.notifiers.nova [-] Nova event matching ['req-23c4e2e1-e079-4211-aae6-2421e19e8e2e'] response: {'server_uuid': 'b3563711-778d-4e43-8631-6b4719d2127a', 'name': 'network-vif-unplugged', 'status': 'completed', 'tag': '2c21074a-a6b1-47a1-b85f-8b0d2254d628', 'code': 200}
2026-04-28 18:34:12.546 9 INFO neutron.notifiers.nova [-] Nova event matching ['req-23c4e2e1-e079-4211-aae6-2421e19e8e2e'] response: {'server_uuid': 'b3563711-778d-4e43-8631-6b4719d2127a', 'name': 'network-vif-deleted', 'tag': '2c21074a-a6b1-47a1-b85f-8b0d2254d628', 'status': 'completed', 'code': 200}
2026-04-28 18:34:12.569 9 INFO neutron.api.wsgi [req-cf471df4-d290-4175-a863-baa702df7365 req-f52d2fca-3649-4f21-8d60-a372d1ea88c7 2b21086211fc44e58990c25ff47f3fef 24ea4a403c04467cb0e7aec3d57c681c - - a57b547b83f4419d96d463529006276e a57b547b83f4419d96d463529006276e] 199.19.213.114 "GET /v2.0/floatingips?fixed_ip_address=10.100.0.11&port_id=a06cc622-2d81-4bc1-bb0a-0b48cbf8d44d HTTP/1.1" status: 200 len: 1060 time: 0.0428348
2026-04-28 18:34:12.600 9 INFO neutron.api.wsgi [req-cf471df4-d290-4175-a863-baa702df7365 req-7a1c3d82-de0a-42f1-863b-29919851933d 2b21086211fc44e58990c25ff47f3fef 24ea4a403c04467cb0e7aec3d57c681c - - a57b547b83f4419d96d463529006276e a57b547b83f4419d96d463529006276e] 199.19.213.114 "GET /v2.0/subnets?id=1230c026-42ea-483c-acb6-0ef900b0b7a5 HTTP/1.1" status: 200 len: 893 time: 0.0269611
2026-04-28 18:34:12.621 9 INFO neutron.api.wsgi [req-cf471df4-d290-4175-a863-baa702df7365 req-9cdeec4c-cceb-4014-86f1-347a597def8d 2b21086211fc44e58990c25ff47f3fef 24ea4a403c04467cb0e7aec3d57c681c - - a57b547b83f4419d96d463529006276e a57b547b83f4419d96d463529006276e] 199.19.213.114 "GET /v2.0/ports?network_id=fe6e90a9-29f5-4964-8b4a-6b4893cf3dcc&device_owner=network%3Adhcp HTTP/1.1" status: 200 len: 210 time: 0.0154750
2026-04-28 18:34:12.665 9 INFO neutron.api.wsgi [req-cf471df4-d290-4175-a863-baa702df7365 req-95828f46-244b-4667-8ad9-288f8c32f8af 2b21086211fc44e58990c25ff47f3fef 24ea4a403c04467cb0e7aec3d57c681c - - a57b547b83f4419d96d463529006276e a57b547b83f4419d96d463529006276e] 199.19.213.114 "GET /v2.0/networks/fe6e90a9-29f5-4964-8b4a-6b4893cf3dcc?fields=segments HTTP/1.1" status: 200 len: 212 time: 0.0395851
2026-04-28 18:34:12.710 9 INFO neutron.api.wsgi [req-cf471df4-d290-4175-a863-baa702df7365 req-4fc4524e-3fac-4bdc-a953-dce8e08d015d 2b21086211fc44e58990c25ff47f3fef 24ea4a403c04467cb0e7aec3d57c681c - - a57b547b83f4419d96d463529006276e a57b547b83f4419d96d463529006276e] 199.19.213.114 "GET /v2.0/networks/fe6e90a9-29f5-4964-8b4a-6b4893cf3dcc?fields=provider%3Aphysical_network&fields=provider%3Anetwork_type HTTP/1.1" status: 200 len: 277 time: 0.0386441
2026-04-28 18:34:12.926 10 WARNING neutron_lib.context [None req-65503a01-4a74-4bf9-bb45-e9b53059a33b 5c8b65cc625849ee80944d6d2e235e62 a6efc343388c4814a6022f405c782b2b - - default default] Method 'is_advsvc' is deprecated since 2023.2 release (neutron-lib 3.8.0) and will be removed once support for the old RBAC API policies will be removed from Neutron. Please use method 'is_service_role' instead.
2026-04-28 18:34:13.039 10 INFO neutron.db.ovn_revision_numbers_db [None req-65503a01-4a74-4bf9-bb45-e9b53059a33b 5c8b65cc625849ee80944d6d2e235e62 a6efc343388c4814a6022f405c782b2b - - default default] Successfully bumped revision number for resource 68df881c-40d2-4988-876a-9480d2b2981f (type: security_groups) to 1
2026-04-28 18:34:13.054 10 INFO neutron.db.ovn_revision_numbers_db [None req-65503a01-4a74-4bf9-bb45-e9b53059a33b 5c8b65cc625849ee80944d6d2e235e62 a6efc343388c4814a6022f405c782b2b - - default default] Successfully bumped revision number for resource 09c71f5e-8f43-42cb-b8d2-a63670573221 (type: security_group_rules) to 0
2026-04-28 18:34:13.066 10 INFO neutron.db.ovn_revision_numbers_db [None req-65503a01-4a74-4bf9-bb45-e9b53059a33b 5c8b65cc625849ee80944d6d2e235e62 a6efc343388c4814a6022f405c782b2b - - default default] Successfully bumped revision number for resource b7a7f2d8-27a6-4744-9096-4163abb35ac8 (type: security_group_rules) to 0
2026-04-28 18:34:13.081 10 INFO neutron.db.ovn_revision_numbers_db [None req-65503a01-4a74-4bf9-bb45-e9b53059a33b 5c8b65cc625849ee80944d6d2e235e62 a6efc343388c4814a6022f405c782b2b - - default default] Successfully bumped revision number for resource c4e889ab-ab0a-4901-a775-0f7b6c989847 (type: security_group_rules) to 0
2026-04-28 18:34:13.101 10 INFO neutron.db.ovn_revision_numbers_db [None req-65503a01-4a74-4bf9-bb45-e9b53059a33b 5c8b65cc625849ee80944d6d2e235e62 a6efc343388c4814a6022f405c782b2b - - default default] Successfully bumped revision number for resource c67e3975-0242-4fda-bedc-171ca1917b0a (type: security_group_rules) to 0
2026-04-28 18:34:13.179 10 INFO neutron.db.segments_db [None req-65503a01-4a74-4bf9-bb45-e9b53059a33b 5c8b65cc625849ee80944d6d2e235e62 a6efc343388c4814a6022f405c782b2b - - default default] Added segment 12a22feb-835a-43ed-baf4-5c42d75a3208 of type geneve for network 719b873d-284f-4202-b73c-55ec5235629b
2026-04-28 18:34:13.181 10 INFO neutron.api.wsgi [req-d0fe80dd-46a2-4735-a333-4dd4e8a0c256 req-8fd09e7f-34c8-4890-9446-1f5ae8f22c9a 405ad96c045f4d3a8bfa9bcb44e15b0c eacfd4c761ed415f90f0c59893434903 - - default default] 10.0.0.184 "GET /v2.0/ports?device_id=b3563711-778d-4e43-8631-6b4719d2127a HTTP/1.1" status: 200 len: 210 time: 0.0226095
2026-04-28 18:34:13.249 9 INFO neutron.api.wsgi [req-e31a24d3-4f2c-473e-9fe9-857b0b8ab843 req-7807f470-6965-4a6a-8cdd-1b1ca53b87cc 4e5d5a9a8bc349519bdb13729356bb0c b50531dd6ae94f26ab369af12fd55577 - - default default] 10.0.0.184 "GET /v2.0/ports?device_id=cf6e3981-cb1f-4a46-921c-819fe29c2280 HTTP/1.1" status: 200 len: 1174 time: 0.0319552
2026-04-28 18:34:13.286 9 INFO neutron.api.wsgi [req-e31a24d3-4f2c-473e-9fe9-857b0b8ab843 req-3aa0e9d5-8356-4f27-9739-a9bc086c7a22 4e5d5a9a8bc349519bdb13729356bb0c b50531dd6ae94f26ab369af12fd55577 - - default default] 10.0.0.184 "GET /v2.0/security-groups?id=6671f5e1-05b7-42d4-a4be-b712ce475501&fields=id&fields=name HTTP/1.1" status: 200 len: 313 time: 0.0311670
2026-04-28 18:34:13.295 10 INFO neutron.db.ovn_revision_numbers_db [None req-65503a01-4a74-4bf9-bb45-e9b53059a33b 5c8b65cc625849ee80944d6d2e235e62 a6efc343388c4814a6022f405c782b2b - - default default] Successfully bumped revision number for resource 719b873d-284f-4202-b73c-55ec5235629b (type: networks) to 1
2026-04-28 18:34:13.314 10 INFO neutron.db.ovn_revision_numbers_db [None req-11181d82-0c42-41a1-8159-0e44adb11553 64691e3de09b48b99881b2c38c7148ce 5122a10ce44141868b8078d535510428 - - default default] Successfully bumped revision number for resource 61a9043b-84db-4004-ba60-dfd3b79bea0e (type: security_groups) to 1
2026-04-28 18:34:13.329 10 INFO neutron.db.ovn_revision_numbers_db [None req-11181d82-0c42-41a1-8159-0e44adb11553 64691e3de09b48b99881b2c38c7148ce 5122a10ce44141868b8078d535510428 - - default default] Successfully bumped revision number for resource 231fb897-84bf-493d-83f2-b854871942bf (type: security_group_rules) to 0
2026-04-28 18:34:13.345 10 INFO neutron.db.ovn_revision_numbers_db [None req-11181d82-0c42-41a1-8159-0e44adb11553 64691e3de09b48b99881b2c38c7148ce 5122a10ce44141868b8078d535510428 - - default default] Successfully bumped revision number for resource 962b3fb4-b46d-461c-aeb1-faada9c99ecb (type: security_group_rules) to 0
2026-04-28 18:34:13.363 10 INFO neutron.db.ovn_revision_numbers_db [None req-11181d82-0c42-41a1-8159-0e44adb11553 64691e3de09b48b99881b2c38c7148ce 5122a10ce44141868b8078d535510428 - - default default] Successfully bumped revision number for resource ad968a5c-a187-4d75-8113-bac42f151ef6 (type: security_group_rules) to 0
2026-04-28 18:34:13.380 10 INFO neutron.db.ovn_revision_numbers_db [None req-11181d82-0c42-41a1-8159-0e44adb11553 64691e3de09b48b99881b2c38c7148ce 5122a10ce44141868b8078d535510428 - - default default] Successfully bumped revision number for resource ff7aa7bd-43a0-402c-84d2-7a03cb8ac53c (type: security_group_rules) to 0
2026-04-28 18:34:13.454 10 INFO neutron.db.segments_db [None req-11181d82-0c42-41a1-8159-0e44adb11553 64691e3de09b48b99881b2c38c7148ce 5122a10ce44141868b8078d535510428 - - default default] Added segment 0dce004d-5806-429a-9cce-37479329a873 of type geneve for network 4b84ef0d-517d-4536-af80-46a50477afb0
2026-04-28 18:34:13.459 10 WARNING neutron.scheduler.dhcp_agent_scheduler [None req-65503a01-4a74-4bf9-bb45-e9b53059a33b 5c8b65cc625849ee80944d6d2e235e62 a6efc343388c4814a6022f405c782b2b - - default default] No more DHCP agents
2026-04-28 18:34:13.461 10 WARNING neutron.api.rpc.agentnotifiers.dhcp_rpc_agent_api [None req-65503a01-4a74-4bf9-bb45-e9b53059a33b 5c8b65cc625849ee80944d6d2e235e62 a6efc343388c4814a6022f405c782b2b - - default default] Unable to schedule network 719b873d-284f-4202-b73c-55ec5235629b: no agents available; will retry on subsequent port and subnet creation events.
2026-04-28 18:34:13.545 10 INFO neutron.db.ovn_revision_numbers_db [None req-65503a01-4a74-4bf9-bb45-e9b53059a33b 5c8b65cc625849ee80944d6d2e235e62 a6efc343388c4814a6022f405c782b2b - - default default] Successfully bumped revision number for resource bcf737fb-ef10-42d5-95b1-1cdabe6d8005 (type: ports) to 1
2026-04-28 18:34:13.568 10 INFO neutron.api.wsgi [None req-65503a01-4a74-4bf9-bb45-e9b53059a33b 5c8b65cc625849ee80944d6d2e235e62 a6efc343388c4814a6022f405c782b2b - - default default] 10.0.0.252 "POST /v2.0/networks HTTP/1.1" status: 201 len: 843 time: 0.7735989
2026-04-28 18:34:13.579 10 WARNING neutron_lib.context [None req-e98def46-48a8-4f67-8cf6-99a6c7f02d2b 5c8b65cc625849ee80944d6d2e235e62 a6efc343388c4814a6022f405c782b2b - - default default] Method 'is_advsvc' is deprecated since 2023.2 release (neutron-lib 3.8.0) and will be removed once support for the old RBAC API policies will be removed from Neutron. Please use method 'is_service_role' instead.
2026-04-28 18:34:13.590 10 INFO neutron.db.ovn_revision_numbers_db [None req-11181d82-0c42-41a1-8159-0e44adb11553 64691e3de09b48b99881b2c38c7148ce 5122a10ce44141868b8078d535510428 - - default default] Successfully bumped revision number for resource 4b84ef0d-517d-4536-af80-46a50477afb0 (type: networks) to 1
2026-04-28 18:34:13.745 10 WARNING neutron.scheduler.dhcp_agent_scheduler [None req-11181d82-0c42-41a1-8159-0e44adb11553 64691e3de09b48b99881b2c38c7148ce 5122a10ce44141868b8078d535510428 - - default default] No more DHCP agents
2026-04-28 18:34:13.746 10 WARNING neutron.api.rpc.agentnotifiers.dhcp_rpc_agent_api [None req-11181d82-0c42-41a1-8159-0e44adb11553 64691e3de09b48b99881b2c38c7148ce 5122a10ce44141868b8078d535510428 - - default default] Unable to schedule network 4b84ef0d-517d-4536-af80-46a50477afb0: no agents available; will retry on subsequent port and subnet creation events.
2026-04-28 18:34:13.823 10 WARNING neutron.scheduler.dhcp_agent_scheduler [None req-e98def46-48a8-4f67-8cf6-99a6c7f02d2b 5c8b65cc625849ee80944d6d2e235e62 a6efc343388c4814a6022f405c782b2b - - default default] No more DHCP agents
2026-04-28 18:34:13.823 10 WARNING neutron.api.rpc.agentnotifiers.dhcp_rpc_agent_api [None req-e98def46-48a8-4f67-8cf6-99a6c7f02d2b 5c8b65cc625849ee80944d6d2e235e62 a6efc343388c4814a6022f405c782b2b - - default default] Unable to schedule network 719b873d-284f-4202-b73c-55ec5235629b: no agents available; will retry on subsequent port and subnet creation events.
2026-04-28 18:34:13.825 10 INFO neutron.db.ovn_revision_numbers_db [None req-11181d82-0c42-41a1-8159-0e44adb11553 64691e3de09b48b99881b2c38c7148ce 5122a10ce44141868b8078d535510428 - - default default] Successfully bumped revision number for resource cd5bd695-3fa3-4219-b68e-63c1a2b769a6 (type: ports) to 1
2026-04-28 18:34:13.846 10 INFO neutron.api.wsgi [None req-11181d82-0c42-41a1-8159-0e44adb11553 64691e3de09b48b99881b2c38c7148ce 5122a10ce44141868b8078d535510428 - - default default] 10.0.0.252 "POST /v2.0/networks HTTP/1.1" status: 201 len: 928 time: 0.7063780
2026-04-28 18:34:13.883 10 INFO neutron.db.ovn_revision_numbers_db [None req-e98def46-48a8-4f67-8cf6-99a6c7f02d2b 5c8b65cc625849ee80944d6d2e235e62 a6efc343388c4814a6022f405c782b2b - - default default] Successfully bumped revision number for resource 52ed5c6e-ac39-4cdf-8fc2-3c214376db8d (type: ports) to 1
2026-04-28 18:34:13.905 10 INFO neutron.api.wsgi [None req-e98def46-48a8-4f67-8cf6-99a6c7f02d2b 5c8b65cc625849ee80944d6d2e235e62 a6efc343388c4814a6022f405c782b2b - - default default] 10.0.0.252 "POST /v2.0/ports HTTP/1.1" status: 201 len: 973 time: 0.3310735 /var/lib/openstack/lib/python3.12/site-packages/pycadf/identifier.py:71: UserWarning: Invalid uuid: neutron. To ensure interoperability, identifiers should be a valid uuid. warnings.warn(('Invalid uuid: %s. To ensure interoperability, '
2026-04-28 18:34:13.914 10 WARNING neutron_lib.context [None req-930bcbc3-5e5c-45c1-89cb-1a63aa73eba7 5c8b65cc625849ee80944d6d2e235e62 a6efc343388c4814a6022f405c782b2b - - default default] Method 'is_advsvc' is deprecated since 2023.2 release (neutron-lib 3.8.0) and will be removed once support for the old RBAC API policies will be removed from Neutron. Please use method 'is_service_role' instead.
2026-04-28 18:34:13.983 9 WARNING neutron.scheduler.dhcp_agent_scheduler [None req-23a1ea46-685b-4f8f-ad63-21696713f2fc 64691e3de09b48b99881b2c38c7148ce 5122a10ce44141868b8078d535510428 - - default default] No more DHCP agents
2026-04-28 18:34:13.985 9 WARNING neutron.api.rpc.agentnotifiers.dhcp_rpc_agent_api [None req-23a1ea46-685b-4f8f-ad63-21696713f2fc 64691e3de09b48b99881b2c38c7148ce 5122a10ce44141868b8078d535510428 - - default default] Unable to schedule network 4b84ef0d-517d-4536-af80-46a50477afb0: no agents available; will retry on subsequent port and subnet creation events.
2026-04-28 18:34:13.991 10 INFO neutron.db.segments_db [None req-930bcbc3-5e5c-45c1-89cb-1a63aa73eba7 5c8b65cc625849ee80944d6d2e235e62 a6efc343388c4814a6022f405c782b2b - - default default] Added segment 11030c0c-0bab-44f0-a950-39db41db3a9a of type geneve for network 17cf306a-f61d-40c9-8c31-7ed8709b33ce
2026-04-28 18:34:14.100 10 INFO neutron.db.ovn_revision_numbers_db [None req-930bcbc3-5e5c-45c1-89cb-1a63aa73eba7 5c8b65cc625849ee80944d6d2e235e62 a6efc343388c4814a6022f405c782b2b - - default default] Successfully bumped revision number for resource 17cf306a-f61d-40c9-8c31-7ed8709b33ce (type: networks) to 1
2026-04-28 18:34:14.263 10 INFO neutron.api.wsgi [req-611d670e-e3a1-4610-a940-5dfb920302db req-4d4b0d6e-2870-452c-b9de-61a86ad27953 405ad96c045f4d3a8bfa9bcb44e15b0c eacfd4c761ed415f90f0c59893434903 - - default default] 10.0.0.184 "GET /v2.0/ports?device_id=b3563711-778d-4e43-8631-6b4719d2127a HTTP/1.1" status: 200 len: 210 time: 0.0141187
2026-04-28 18:34:14.263 10 WARNING neutron.scheduler.dhcp_agent_scheduler [None req-930bcbc3-5e5c-45c1-89cb-1a63aa73eba7 5c8b65cc625849ee80944d6d2e235e62 a6efc343388c4814a6022f405c782b2b - - default default] No more DHCP agents
2026-04-28 18:34:14.265 10 WARNING neutron.api.rpc.agentnotifiers.dhcp_rpc_agent_api [None req-930bcbc3-5e5c-45c1-89cb-1a63aa73eba7 5c8b65cc625849ee80944d6d2e235e62 a6efc343388c4814a6022f405c782b2b - - default default] Unable to schedule network 17cf306a-f61d-40c9-8c31-7ed8709b33ce: no agents available; will retry on subsequent port and subnet creation events.
2026-04-28 18:34:14.351 9 INFO neutron.plugins.ml2.drivers.ovn.mech_driver.mech_driver [None req-af818479-8bdc-4fab-a7f9-f111582194e7 - - - - - -] OVN reports status down for port: a06cc622-2d81-4bc1-bb0a-0b48cbf8d44d
2026-04-28 18:34:14.353 10 INFO neutron.db.ovn_revision_numbers_db [None req-930bcbc3-5e5c-45c1-89cb-1a63aa73eba7 5c8b65cc625849ee80944d6d2e235e62 a6efc343388c4814a6022f405c782b2b - - default default] Successfully bumped revision number for resource dfcf94bc-ac30-453f-8df8-e743a4e1b9e2 (type: ports) to 1
2026-04-28 18:34:14.385 10 INFO neutron.api.wsgi [None req-930bcbc3-5e5c-45c1-89cb-1a63aa73eba7 5c8b65cc625849ee80944d6d2e235e62 a6efc343388c4814a6022f405c782b2b - - default default] 10.0.0.252 "POST /v2.0/networks HTTP/1.1" status: 201 len: 831 time: 0.4761689
2026-04-28 18:34:14.404 10 WARNING neutron_lib.context [None req-b29d93b0-f7c2-48fe-8dc1-ecdffc5e79d5 5c8b65cc625849ee80944d6d2e235e62 a6efc343388c4814a6022f405c782b2b - - default default] Method 'is_advsvc' is deprecated since 2023.2 release (neutron-lib 3.8.0) and will be removed once support for the old RBAC API policies will be removed from Neutron. Please use method 'is_service_role' instead.
2026-04-28 18:34:14.415 9 INFO neutron.api.wsgi [req-1ed41418-f870-4c49-9b7f-a2756d53f4ee req-d3e02b23-2c1f-42ed-90b3-d4b007265222 4e5d5a9a8bc349519bdb13729356bb0c b50531dd6ae94f26ab369af12fd55577 - - default default] 10.0.0.184 "GET /v2.0/ports?device_id=cf6e3981-cb1f-4a46-921c-819fe29c2280 HTTP/1.1" status: 200 len: 1174 time: 0.0512102
2026-04-28 18:34:14.479 9 INFO neutron.api.wsgi [req-1ed41418-f870-4c49-9b7f-a2756d53f4ee req-c63397ce-637d-4cfd-b94b-e7770cb3336f 4e5d5a9a8bc349519bdb13729356bb0c b50531dd6ae94f26ab369af12fd55577 - - default default] 10.0.0.184 "GET /v2.0/security-groups?id=6671f5e1-05b7-42d4-a4be-b712ce475501&fields=id&fields=name HTTP/1.1" status: 200 len: 313 time: 0.0581412
2026-04-28 18:34:14.511 9 INFO neutron.db.ovn_revision_numbers_db [None req-33c81c6d-c63a-4687-ade6-3d6d3f324c21 - - - - - -] Successfully bumped revision number for resource cd5bd695-3fa3-4219-b68e-63c1a2b769a6 (type: ports) to 2
2026-04-28 18:34:14.560 9 INFO neutron.db.ovn_revision_numbers_db [None req-33c81c6d-c63a-4687-ade6-3d6d3f324c21 - - - - - -] Successfully bumped revision number for resource 65bf0b87-985c-4e58-829e-dabece34c8b8 (type: subnets) to 0
2026-04-28 18:34:14.585 9 INFO neutron.api.wsgi [None req-23a1ea46-685b-4f8f-ad63-21696713f2fc 64691e3de09b48b99881b2c38c7148ce 5122a10ce44141868b8078d535510428 - - default default] 10.0.0.252 "POST /v2.0/subnets HTTP/1.1" status: 201 len: 843 time: 0.7334814
2026-04-28 18:34:14.588 9 INFO neutron.notifiers.nova [-] Nova event matching ['req-23539e64-dc87-4541-bebf-08709eff9d7c'] response: {'server_uuid': 'cf6e3981-cb1f-4a46-921c-819fe29c2280', 'name': 'network-vif-unplugged', 'status': 'completed', 'tag': 'a06cc622-2d81-4bc1-bb0a-0b48cbf8d44d', 'code': 200}
2026-04-28 18:34:14.593 9 WARNING neutron.api.v2.base [None req-2578d565-4f9f-4cbd-847d-b1bf38d7a45e 64691e3de09b48b99881b2c38c7148ce 5122a10ce44141868b8078d535510428 - - default default] An exception happened while processing the request body. The exception message is [Invalid input for target_tenant. Reason: 'None' is not a valid string.].: webob.exc.HTTPBadRequest: Invalid input for target_tenant. Reason: 'None' is not a valid string.
2026-04-28 18:34:14.594 9 INFO neutron.api.v2.resource [None req-2578d565-4f9f-4cbd-847d-b1bf38d7a45e 64691e3de09b48b99881b2c38c7148ce 5122a10ce44141868b8078d535510428 - - default default] create failed (client error): Invalid input for target_tenant. Reason: 'None' is not a valid string.
2026-04-28 18:34:14.594 9 INFO neutron.api.wsgi [None req-2578d565-4f9f-4cbd-847d-b1bf38d7a45e 64691e3de09b48b99881b2c38c7148ce 5122a10ce44141868b8078d535510428 - - default default] 10.0.0.252 "POST /v2.0/rbac-policies HTTP/1.1" status: 400 len: 346 time: 0.0048556
2026-04-28 18:34:14.667 9 INFO neutron.db.ovn_revision_numbers_db [None req-af818479-8bdc-4fab-a7f9-f111582194e7 - - - - - -] Successfully bumped revision number for resource a06cc622-2d81-4bc1-bb0a-0b48cbf8d44d (type: ports) to 6
2026-04-28 18:34:14.793 10 WARNING neutron.scheduler.dhcp_agent_scheduler [None req-b29d93b0-f7c2-48fe-8dc1-ecdffc5e79d5 5c8b65cc625849ee80944d6d2e235e62 a6efc343388c4814a6022f405c782b2b - - default default] No more DHCP agents
2026-04-28 18:34:14.794 10 WARNING neutron.api.rpc.agentnotifiers.dhcp_rpc_agent_api [None req-b29d93b0-f7c2-48fe-8dc1-ecdffc5e79d5 5c8b65cc625849ee80944d6d2e235e62 a6efc343388c4814a6022f405c782b2b - - default default] Unable to schedule network 17cf306a-f61d-40c9-8c31-7ed8709b33ce: no agents available; will retry on subsequent port and subnet creation events.
2026-04-28 18:34:14.996 9 INFO neutron.services.segments.plugin [-] Segment 0dce004d-5806-429a-9cce-37479329a873 resource provider aggregate not found
2026-04-28 18:34:14.999 9 INFO neutron.services.segments.plugin [-] Segment 0dce004d-5806-429a-9cce-37479329a873 resource provider aggregate not found
2026-04-28 18:34:15.007 9 INFO neutron.services.segments.plugin [-] Segment 0dce004d-5806-429a-9cce-37479329a873 resource provider not found; error: Placement Client Error (4xx): {"errors": [{"status": 404, "title": "Not Found", "detail": "The resource could not be found.\n\n No resource provider with uuid 0dce004d-5806-429a-9cce-37479329a873 found for delete ", "request_id": "req-acdcd1e7-15e2-45f6-9dca-2647565d176d"}]}
2026-04-28 18:34:15.010 9 INFO neutron.services.segments.plugin [-] Segment 0dce004d-5806-429a-9cce-37479329a873 resource provider not found; error: Placement Client Error (4xx): {"errors": [{"status": 404, "title": "Not Found", "detail": "The resource could not be found.\n\n No resource provider with uuid 0dce004d-5806-429a-9cce-37479329a873 found for delete ", "request_id": "req-a803e4b6-79db-4b35-83f5-a914b1375257"}]}
2026-04-28 18:34:15.020 9 INFO neutron.api.wsgi [None req-ac101d98-e05d-42a9-990c-55ee709fda06 64691e3de09b48b99881b2c38c7148ce 5122a10ce44141868b8078d535510428 - - default default] 10.0.0.252 "DELETE /v2.0/networks/4b84ef0d-517d-4536-af80-46a50477afb0 HTTP/1.1" status: 204 len: 168 time: 0.4225702 /var/lib/openstack/lib/python3.12/site-packages/pycadf/identifier.py:71: UserWarning: Invalid uuid: neutron. To ensure interoperability, identifiers should be a valid uuid. warnings.warn(('Invalid uuid: %s. To ensure interoperability, '
2026-04-28 18:34:15.111 9 INFO neutron.db.segments_db [None req-51b0ec07-8f01-471c-98b2-fb8c7d7c283f 64691e3de09b48b99881b2c38c7148ce 5122a10ce44141868b8078d535510428 - - default default] Added segment 0e507750-8f81-4dc3-ba4c-8df84b031789 of type geneve for network 49bd1a3c-3e17-4988-9369-ca0bb5a0793a
2026-04-28 18:34:15.165 10 INFO neutron.db.ovn_revision_numbers_db [None req-9b102ba8-be36-4e98-8034-247f6c3d5f6b - - - - - -] Successfully bumped revision number for resource dfcf94bc-ac30-453f-8df8-e743a4e1b9e2 (type: ports) to 2
2026-04-28 18:34:15.191 10 INFO neutron.db.ovn_revision_numbers_db [None req-9b102ba8-be36-4e98-8034-247f6c3d5f6b - - - - - -] Successfully bumped revision number for resource 4819485c-a960-4bb5-81de-9b0af4f61450 (type: subnets) to 0
2026-04-28 18:34:15.205 10 INFO neutron.api.wsgi [None req-b29d93b0-f7c2-48fe-8dc1-ecdffc5e79d5 5c8b65cc625849ee80944d6d2e235e62 a6efc343388c4814a6022f405c782b2b - - default default] 10.0.0.252 "POST /v2.0/subnets HTTP/1.1" status: 201 len: 825 time: 0.8091893
2026-04-28 18:34:15.213 10 WARNING neutron_lib.context [None req-617fb661-0fb3-4f0d-96f4-0645e007a57e 5c8b65cc625849ee80944d6d2e235e62 a6efc343388c4814a6022f405c782b2b - - default default] Method 'is_advsvc' is deprecated since 2023.2 release (neutron-lib 3.8.0) and will be removed once support for the old RBAC API policies will be removed from Neutron. Please use method 'is_service_role' instead.
2026-04-28 18:34:15.230 9 INFO neutron.db.ovn_revision_numbers_db [None req-51b0ec07-8f01-471c-98b2-fb8c7d7c283f 64691e3de09b48b99881b2c38c7148ce 5122a10ce44141868b8078d535510428 - - default default] Successfully bumped revision number for resource 49bd1a3c-3e17-4988-9369-ca0bb5a0793a (type: networks) to 1
2026-04-28 18:34:15.354 9 INFO neutron.api.wsgi [req-f7e2150c-d1f8-4105-b7f7-ee0bb169b36f req-49429fe1-5042-4a39-a3a1-a8f4db4d08b0 405ad96c045f4d3a8bfa9bcb44e15b0c eacfd4c761ed415f90f0c59893434903 - - default default] 10.0.0.184 "GET /v2.0/ports?device_id=b3563711-778d-4e43-8631-6b4719d2127a HTTP/1.1" status: 200 len: 210 time: 0.0232677
2026-04-28 18:34:15.385 9 WARNING neutron.scheduler.dhcp_agent_scheduler [None req-51b0ec07-8f01-471c-98b2-fb8c7d7c283f 64691e3de09b48b99881b2c38c7148ce 5122a10ce44141868b8078d535510428 - - default default] No more DHCP agents
2026-04-28 18:34:15.386 9 WARNING neutron.api.rpc.agentnotifiers.dhcp_rpc_agent_api [None req-51b0ec07-8f01-471c-98b2-fb8c7d7c283f 64691e3de09b48b99881b2c38c7148ce 5122a10ce44141868b8078d535510428 - - default default] Unable to schedule network 49bd1a3c-3e17-4988-9369-ca0bb5a0793a: no agents available; will retry on subsequent port and subnet creation events.
2026-04-28 18:34:15.443 9 INFO neutron.db.ovn_revision_numbers_db [None req-51b0ec07-8f01-471c-98b2-fb8c7d7c283f 64691e3de09b48b99881b2c38c7148ce 5122a10ce44141868b8078d535510428 - - default default] Successfully bumped revision number for resource 01c5aee5-5f74-4848-a96d-22eeddd7b24d (type: ports) to 1
2026-04-28 18:34:15.465 9 INFO neutron.api.wsgi [None req-51b0ec07-8f01-471c-98b2-fb8c7d7c283f 64691e3de09b48b99881b2c38c7148ce 5122a10ce44141868b8078d535510428 - - default default] 10.0.0.252 "POST /v2.0/networks HTTP/1.1" status: 201 len: 929 time: 0.4392126 /var/lib/openstack/lib/python3.12/site-packages/pycadf/identifier.py:71: UserWarning: Invalid uuid: neutron. To ensure interoperability, identifiers should be a valid uuid. warnings.warn(('Invalid uuid: %s. To ensure interoperability, '
2026-04-28 18:34:15.498 10 WARNING neutron.scheduler.dhcp_agent_scheduler [None req-617fb661-0fb3-4f0d-96f4-0645e007a57e 5c8b65cc625849ee80944d6d2e235e62 a6efc343388c4814a6022f405c782b2b - - default default] No more DHCP agents
2026-04-28 18:34:15.500 10 WARNING neutron.api.rpc.agentnotifiers.dhcp_rpc_agent_api [None req-617fb661-0fb3-4f0d-96f4-0645e007a57e 5c8b65cc625849ee80944d6d2e235e62 a6efc343388c4814a6022f405c782b2b - - default default] Unable to schedule network 17cf306a-f61d-40c9-8c31-7ed8709b33ce: no agents available; will retry on subsequent port and subnet creation events. /var/lib/openstack/lib/python3.12/site-packages/pycadf/identifier.py:71: UserWarning: Invalid uuid: neutron. To ensure interoperability, identifiers should be a valid uuid. warnings.warn(('Invalid uuid: %s. To ensure interoperability, '
2026-04-28 18:34:15.635 10 INFO neutron.api.wsgi [req-16de0f54-ac33-49a3-96ba-9b4f781ce3ef req-6a8aa6f6-8686-4531-9c3b-26a62e33002a 4e5d5a9a8bc349519bdb13729356bb0c b50531dd6ae94f26ab369af12fd55577 - - default default] 10.0.0.184 "GET /v2.0/ports?device_id=cf6e3981-cb1f-4a46-921c-819fe29c2280 HTTP/1.1" status: 200 len: 1172 time: 0.1010516
2026-04-28 18:34:15.642 10 WARNING neutron.scheduler.dhcp_agent_scheduler [None req-5e54fce9-9aa4-4812-a87b-260fe2b13bdd 64691e3de09b48b99881b2c38c7148ce 5122a10ce44141868b8078d535510428 - - default default] No more DHCP agents
2026-04-28 18:34:15.646 10 WARNING neutron.api.rpc.agentnotifiers.dhcp_rpc_agent_api [None req-5e54fce9-9aa4-4812-a87b-260fe2b13bdd 64691e3de09b48b99881b2c38c7148ce 5122a10ce44141868b8078d535510428 - - default default] Unable to schedule network 49bd1a3c-3e17-4988-9369-ca0bb5a0793a: no agents available; will retry on subsequent port and subnet creation events.
2026-04-28 18:34:15.660 10 INFO neutron.db.ovn_revision_numbers_db [None req-617fb661-0fb3-4f0d-96f4-0645e007a57e 5c8b65cc625849ee80944d6d2e235e62 a6efc343388c4814a6022f405c782b2b - - default default] Successfully bumped revision number for resource 93c784ff-dfb8-4bbf-ae6d-7897c6d8565d (type: ports) to 1
2026-04-28 18:34:15.682 10 INFO neutron.api.wsgi [req-16de0f54-ac33-49a3-96ba-9b4f781ce3ef req-0a208575-95c2-4728-a7c7-8420837794c9 4e5d5a9a8bc349519bdb13729356bb0c b50531dd6ae94f26ab369af12fd55577 - - default default] 10.0.0.184 "GET /v2.0/security-groups?id=6671f5e1-05b7-42d4-a4be-b712ce475501&fields=id&fields=name HTTP/1.1" status: 200 len: 313 time: 0.0432963
2026-04-28 18:34:15.687 10 INFO neutron.api.wsgi [None req-617fb661-0fb3-4f0d-96f4-0645e007a57e 5c8b65cc625849ee80944d6d2e235e62 a6efc343388c4814a6022f405c782b2b - - default default] 10.0.0.252 "POST /v2.0/ports HTTP/1.1" status: 201 len: 1149 time: 0.4774463
2026-04-28 18:34:15.988 10 INFO neutron.api.wsgi [None req-f425f44a-a971-4d29-ad27-d5ed0ea086cb 5c8b65cc625849ee80944d6d2e235e62 a6efc343388c4814a6022f405c782b2b - - default default] 10.0.0.252 "DELETE /v2.0/ports/93c784ff-dfb8-4bbf-ae6d-7897c6d8565d HTTP/1.1" status: 204 len: 168 time: 0.2954538
2026-04-28 18:34:16.016 9 INFO neutron.pecan_wsgi.hooks.translation [None req-70fa3d0d-5057-4d92-b524-c9755ded4846 5c8b65cc625849ee80944d6d2e235e62 a6efc343388c4814a6022f405c782b2b - - default default] DELETE failed (client error): The resource could not be found.
2026-04-28 18:34:16.019 9 INFO neutron.api.wsgi [None req-70fa3d0d-5057-4d92-b524-c9755ded4846 5c8b65cc625849ee80944d6d2e235e62 a6efc343388c4814a6022f405c782b2b - - default default] 10.0.0.252 "DELETE /v2.0/ports/93c784ff-dfb8-4bbf-ae6d-7897c6d8565d HTTP/1.1" status: 404 len: 333 time: 0.0259225
2026-04-28 18:34:16.034 10 INFO neutron.pecan_wsgi.hooks.translation [None req-07e7aa35-6835-4639-857f-edc8ab29c79d 5c8b65cc625849ee80944d6d2e235e62 a6efc343388c4814a6022f405c782b2b - - default default] GET failed (client error): The resource could not be found.
2026-04-28 18:34:16.036 10 INFO neutron.api.wsgi [None req-07e7aa35-6835-4639-857f-edc8ab29c79d 5c8b65cc625849ee80944d6d2e235e62 a6efc343388c4814a6022f405c782b2b - - default default] 10.0.0.252 "GET /v2.0/ports/93c784ff-dfb8-4bbf-ae6d-7897c6d8565d HTTP/1.1" status: 404 len: 333 time: 0.0137668
2026-04-28 18:34:16.119 10 INFO neutron.db.ovn_revision_numbers_db [None req-1bbb07c2-5d7b-450d-814d-a922f9a1b46a - - - - - -] Successfully bumped revision number for resource 01c5aee5-5f74-4848-a96d-22eeddd7b24d (type: ports) to 2
2026-04-28 18:34:16.149 10 INFO neutron.db.ovn_revision_numbers_db [None req-1bbb07c2-5d7b-450d-814d-a922f9a1b46a - - - - - -] Successfully bumped revision number for resource bd805c6e-6a95-4a86-b581-0b9b79215303 (type: subnets) to 0
2026-04-28 18:34:16.163 10 INFO neutron.api.wsgi [None req-5e54fce9-9aa4-4812-a87b-260fe2b13bdd 64691e3de09b48b99881b2c38c7148ce 5122a10ce44141868b8078d535510428 - - default default] 10.0.0.252 "POST /v2.0/subnets HTTP/1.1" status: 201 len: 846 time: 0.6927991
2026-04-28 18:34:16.172 10 WARNING neutron.api.v2.base [None req-b5f2aa39-649f-4e70-9b2a-0916e7da113e 64691e3de09b48b99881b2c38c7148ce 5122a10ce44141868b8078d535510428 - - default default] An exception happened while processing the request body. The exception message is [Invalid input for target_tenant. Reason: '1234123412341234123412341234123412341234123412341234123412341234123412341234123412341234123412341234123412341234123412341234123412341234123412341234123412341234123412341234123412341234123412341234123412341234123412341234123412341234123412341234123412341234123412341234123412341234123412341234123412341234123412341234123412341234123412341234123412341234123412341234123412341234123412341234123412341234' exceeds maximum length of 255.].: webob.exc.HTTPBadRequest: Invalid input for target_tenant. Reason: '1234123412341234123412341234123412341234123412341234123412341234123412341234123412341234123412341234123412341234123412341234123412341234123412341234123412341234123412341234123412341234123412341234123412341234123412341234123412341234123412341234123412341234123412341234123412341234123412341234123412341234123412341234123412341234123412341234123412341234123412341234123412341234123412341234123412341234' exceeds maximum length of 255.
2026-04-28 18:34:16.172 10 INFO neutron.api.v2.resource [None req-b5f2aa39-649f-4e70-9b2a-0916e7da113e 64691e3de09b48b99881b2c38c7148ce 5122a10ce44141868b8078d535510428 - - default default] create failed (client error): Invalid input for target_tenant. Reason: '1234123412341234123412341234123412341234123412341234123412341234123412341234123412341234123412341234123412341234123412341234123412341234123412341234123412341234123412341234123412341234123412341234123412341234123412341234123412341234123412341234123412341234123412341234123412341234123412341234123412341234123412341234123412341234123412341234123412341234123412341234123412341234123412341234123412341234' exceeds maximum length of 255.
2026-04-28 18:34:16.173 10 INFO neutron.api.wsgi [None req-b5f2aa39-649f-4e70-9b2a-0916e7da113e 64691e3de09b48b99881b2c38c7148ce 5122a10ce44141868b8078d535510428 - - default default] 10.0.0.252 "POST /v2.0/rbac-policies HTTP/1.1" status: 400 len: 750 time: 0.0045474
2026-04-28 18:34:16.209 10 INFO neutron.api.wsgi [None req-462c7b8a-28dc-4b75-beba-977046cdbf08 5c8b65cc625849ee80944d6d2e235e62 a6efc343388c4814a6022f405c782b2b - - default default] 10.0.0.252 "DELETE /v2.0/subnets/4819485c-a960-4bb5-81de-9b0af4f61450 HTTP/1.1" status: 204 len: 168 time: 0.1682110
2026-04-28 18:34:16.536 10 INFO neutron.services.segments.plugin [-] Segment 11030c0c-0bab-44f0-a950-39db41db3a9a resource provider aggregate not found
2026-04-28 18:34:16.539 10 INFO neutron.services.segments.plugin [-] Segment 11030c0c-0bab-44f0-a950-39db41db3a9a resource provider aggregate not found
2026-04-28 18:34:16.545 10 INFO neutron.services.segments.plugin [-] Segment 11030c0c-0bab-44f0-a950-39db41db3a9a resource provider not found; error: Placement Client Error (4xx): {"errors": [{"status": 404, "title": "Not Found", "detail": "The resource could not be found.\n\n No resource provider with uuid 11030c0c-0bab-44f0-a950-39db41db3a9a found for delete ", "request_id": "req-e8099cb0-21c2-44d7-a99d-0dcf34c55c20"}]}
2026-04-28 18:34:16.548 10 INFO neutron.services.segments.plugin [-] Segment 11030c0c-0bab-44f0-a950-39db41db3a9a resource provider not found; error: Placement Client Error (4xx): {"errors": [{"status": 404, "title": "Not Found", "detail": "The resource could not be found.\n\n No resource provider with uuid 11030c0c-0bab-44f0-a950-39db41db3a9a found for delete ", "request_id": "req-b09628d8-45a6-4c49-a360-86e4805e8d93"}]}
2026-04-28 18:34:16.566 10 INFO neutron.api.wsgi [None req-bc842aae-16ec-4808-ab44-3c52f21d7ea6 5c8b65cc625849ee80944d6d2e235e62 a6efc343388c4814a6022f405c782b2b - - default default] 10.0.0.252 "DELETE /v2.0/networks/17cf306a-f61d-40c9-8c31-7ed8709b33ce HTTP/1.1" status: 204 len: 168 time: 0.3525379
2026-04-28 18:34:16.573 10 WARNING neutron_lib.context [None req-cb1d2ccf-2ce5-4a95-acc8-8db8647b36b2 5c8b65cc625849ee80944d6d2e235e62 a6efc343388c4814a6022f405c782b2b - - default default] Method 'is_advsvc' is deprecated since 2023.2 release (neutron-lib 3.8.0) and will be removed once support for the old RBAC API policies will be removed from Neutron. Please use method 'is_service_role' instead.
