2026-04-28 18:37:13.678 9 INFO neutron.db.ovn_revision_numbers_db [None req-aec81944-5286-4cdf-aca7-ff6b49b27ef8 7b0457798ace4786bc28cc1843466f02 762d1dbb154e49dbb9f92594c5d7a221 - - default default] Successfully bumped revision number for resource 8c454b7b-e8be-4de7-825a-e5f4aa736581 (type: security_groups) to 1
2026-04-28 18:37:13.680 10 INFO neutron.api.wsgi [None req-a113bbd8-9c2f-42e7-94ac-9c5f980d8480 71c31325a8794109a8beffa66542445f 955714c1301a45268f631fe8b5ed1d3d - - default default] 10.0.0.252 "PUT /v2.0/ports/77da815e-5276-4a61-9794-11ce61bb180a/tags HTTP/1.1" status: 200 len: 210 time: 0.0401433
2026-04-28 18:37:13.691 9 INFO neutron.db.ovn_revision_numbers_db [None req-aec81944-5286-4cdf-aca7-ff6b49b27ef8 7b0457798ace4786bc28cc1843466f02 762d1dbb154e49dbb9f92594c5d7a221 - - default default] Successfully bumped revision number for resource 3747fd2c-ca96-43b3-8ef2-a3fac9b91581 (type: security_group_rules) to 0
2026-04-28 18:37:13.703 9 INFO neutron.db.ovn_revision_numbers_db [None req-aec81944-5286-4cdf-aca7-ff6b49b27ef8 7b0457798ace4786bc28cc1843466f02 762d1dbb154e49dbb9f92594c5d7a221 - - default default] Successfully bumped revision number for resource 695dff4a-280c-47da-a53b-bd7a23cbb8ee (type: security_group_rules) to 0
2026-04-28 18:37:13.716 9 INFO neutron.db.ovn_revision_numbers_db [None req-aec81944-5286-4cdf-aca7-ff6b49b27ef8 7b0457798ace4786bc28cc1843466f02 762d1dbb154e49dbb9f92594c5d7a221 - - default default] Successfully bumped revision number for resource 7f5e5f96-6577-4fad-b4d0-01e32d8a9ad7 (type: security_group_rules) to 0
2026-04-28 18:37:13.721 10 INFO neutron.api.wsgi [None req-f6702ebb-1565-4bae-8608-2fdb6ae58926 71c31325a8794109a8beffa66542445f 955714c1301a45268f631fe8b5ed1d3d - - default default] 10.0.0.252 "PUT /v2.0/ports/6c093e40-f549-44ed-a2e9-2c3736ba6d59/tags HTTP/1.1" status: 200 len: 218 time: 0.0357299
2026-04-28 18:37:13.727 9 INFO neutron.db.ovn_revision_numbers_db [None req-aec81944-5286-4cdf-aca7-ff6b49b27ef8 7b0457798ace4786bc28cc1843466f02 762d1dbb154e49dbb9f92594c5d7a221 - - default default] Successfully bumped revision number for resource ba51b0ae-a8af-4911-95d6-13dcdf02cdec (type: security_group_rules) to 0
2026-04-28 18:37:13.764 10 INFO neutron.api.wsgi [None req-b8f95ba0-ab91-4801-802d-7572d494c298 71c31325a8794109a8beffa66542445f 955714c1301a45268f631fe8b5ed1d3d - - default default] 10.0.0.252 "PUT /v2.0/ports/46d6b3cb-e118-458c-88ae-4699cfbf93bc/tags HTTP/1.1" status: 200 len: 227 time: 0.0396490
2026-04-28 18:37:13.794 9 INFO neutron.db.segments_db [None req-aec81944-5286-4cdf-aca7-ff6b49b27ef8 7b0457798ace4786bc28cc1843466f02 762d1dbb154e49dbb9f92594c5d7a221 - - default default] Added segment 26467607-1ad6-4bd4-b5fe-bebb76f6b076 of type geneve for network aee2ada2-971f-49f6-988c-381d7bcb626d
2026-04-28 18:37:13.802 10 INFO neutron.api.wsgi [None req-9e64530e-196d-4213-96f0-3ba27cdbb5b6 71c31325a8794109a8beffa66542445f 955714c1301a45268f631fe8b5ed1d3d - - default default] 10.0.0.252 "PUT /v2.0/ports/8be07722-8fa3-416d-8bd6-f392f0d9a8b0/tags HTTP/1.1" status: 200 len: 212 time: 0.0335634
2026-04-28 18:37:13.905 9 INFO neutron.db.ovn_revision_numbers_db [None req-aec81944-5286-4cdf-aca7-ff6b49b27ef8 7b0457798ace4786bc28cc1843466f02 762d1dbb154e49dbb9f92594c5d7a221 - - default default] Successfully bumped revision number for resource aee2ada2-971f-49f6-988c-381d7bcb626d (type: networks) to 1
2026-04-28 18:37:13.937 10 INFO neutron.api.wsgi [None req-bfe0c404-1ae9-4351-a300-b4b8f7906260 71c31325a8794109a8beffa66542445f 955714c1301a45268f631fe8b5ed1d3d - - default default] 10.0.0.252 "GET /v2.0/ports?tags=red HTTP/1.1" status: 200 len: 2448 time: 0.1293452
2026-04-28 18:37:13.992 10 INFO neutron.api.wsgi [None req-dce0df86-9ca8-4be8-851a-ad9b74aa7eb3 71c31325a8794109a8beffa66542445f 955714c1301a45268f631fe8b5ed1d3d - - default default] 10.0.0.252 "GET /v2.0/ports?tags=red%2Cblue HTTP/1.1" status: 200 len: 1708 time: 0.0495510
2026-04-28 18:37:14.041 10 INFO neutron.api.wsgi [None req-50c02b69-8b3c-4a61-8eb5-c9bda03045c6 71c31325a8794109a8beffa66542445f 955714c1301a45268f631fe8b5ed1d3d - - default default] 10.0.0.252 "GET /v2.0/ports?tags-any=blue HTTP/1.1" status: 200 len: 1708 time: 0.0446072
2026-04-28 18:37:14.047 9 WARNING neutron.scheduler.dhcp_agent_scheduler [None req-aec81944-5286-4cdf-aca7-ff6b49b27ef8 7b0457798ace4786bc28cc1843466f02 762d1dbb154e49dbb9f92594c5d7a221 - - default default] No more DHCP agents
2026-04-28 18:37:14.048 9 WARNING neutron.api.rpc.agentnotifiers.dhcp_rpc_agent_api [None req-aec81944-5286-4cdf-aca7-ff6b49b27ef8 7b0457798ace4786bc28cc1843466f02 762d1dbb154e49dbb9f92594c5d7a221 - - default default] Unable to schedule network aee2ada2-971f-49f6-988c-381d7bcb626d: no agents available; will retry on subsequent port and subnet creation events.
2026-04-28 18:37:14.074 10 INFO neutron.api.wsgi [None req-7eab6b88-e55c-44c2-87f6-94bbee047454 71c31325a8794109a8beffa66542445f 955714c1301a45268f631fe8b5ed1d3d - - default default] 10.0.0.252 "GET /v2.0/ports?tags-any=red%2Cblue HTTP/1.1" status: 200 len: 2448 time: 0.0279508
2026-04-28 18:37:14.109 9 INFO neutron.db.ovn_revision_numbers_db [None req-aec81944-5286-4cdf-aca7-ff6b49b27ef8 7b0457798ace4786bc28cc1843466f02 762d1dbb154e49dbb9f92594c5d7a221 - - default default] Successfully bumped revision number for resource b4067841-0932-435f-94c4-ec2913eb5c15 (type: ports) to 1
2026-04-28 18:37:14.127 9 INFO neutron.api.wsgi [None req-aec81944-5286-4cdf-aca7-ff6b49b27ef8 7b0457798ace4786bc28cc1843466f02 762d1dbb154e49dbb9f92594c5d7a221 - - default default] 10.0.0.252 "POST /v2.0/networks HTTP/1.1" status: 201 len: 830 time: 0.7045162
2026-04-28 18:37:14.136 9 WARNING neutron_lib.context [None req-fd1989db-4817-472d-ad14-2f52f9042fee 7b0457798ace4786bc28cc1843466f02 762d1dbb154e49dbb9f92594c5d7a221 - - default default] Method 'is_advsvc' is deprecated since 2023.2 release (neutron-lib 3.8.0) and will be removed once support for the old RBAC API policies will be removed from Neutron. Please use method 'is_service_role' instead.
2026-04-28 18:37:14.172 10 INFO neutron.api.wsgi [None req-68b1c818-f8a7-4c86-b6cc-f5673a480401 71c31325a8794109a8beffa66542445f 955714c1301a45268f631fe8b5ed1d3d - - default default] 10.0.0.252 "GET /v2.0/ports?not-tags=red HTTP/1.1" status: 200 len: 5463 time: 0.0943773
2026-04-28 18:37:14.406 9 INFO neutron.api.wsgi [None req-bca78501-57b8-43ec-8223-815068e4b77e 71c31325a8794109a8beffa66542445f 955714c1301a45268f631fe8b5ed1d3d - - default default] 10.0.0.252 "GET /v2.0/ports?not-tags=red%2Cblue HTTP/1.1" status: 200 len: 6203 time: 0.2270563 /var/lib/openstack/lib/python3.12/site-packages/pycadf/identifier.py:71: UserWarning: Invalid uuid: neutron. To ensure interoperability, identifiers should be a valid uuid. warnings.warn(('Invalid uuid: %s. To ensure interoperability, '
2026-04-28 18:37:14.440 9 WARNING neutron.scheduler.dhcp_agent_scheduler [None req-fd1989db-4817-472d-ad14-2f52f9042fee 7b0457798ace4786bc28cc1843466f02 762d1dbb154e49dbb9f92594c5d7a221 - - default default] No more DHCP agents
2026-04-28 18:37:14.443 9 WARNING neutron.api.rpc.agentnotifiers.dhcp_rpc_agent_api [None req-fd1989db-4817-472d-ad14-2f52f9042fee 7b0457798ace4786bc28cc1843466f02 762d1dbb154e49dbb9f92594c5d7a221 - - default default] Unable to schedule network aee2ada2-971f-49f6-988c-381d7bcb626d: no agents available; will retry on subsequent port and subnet creation events.
2026-04-28 18:37:14.473 9 INFO neutron.api.wsgi [None req-e8de18ce-059c-4dff-a80c-9bc05a472579 71c31325a8794109a8beffa66542445f 955714c1301a45268f631fe8b5ed1d3d - - default default] 10.0.0.252 "GET /v2.0/ports?not-tags-any=blue HTTP/1.1" status: 200 len: 6203 time: 0.0624514
2026-04-28 18:37:14.531 9 INFO neutron.api.wsgi [None req-ac827a4d-872c-4948-8cf8-844c70bf842e 71c31325a8794109a8beffa66542445f 955714c1301a45268f631fe8b5ed1d3d - - default default] 10.0.0.252 "GET /v2.0/ports?not-tags-any=red%2Cblue HTTP/1.1" status: 200 len: 5463 time: 0.0508976
2026-04-28 18:37:14.581 9 INFO neutron.db.ovn_revision_numbers_db [None req-fd1989db-4817-472d-ad14-2f52f9042fee 7b0457798ace4786bc28cc1843466f02 762d1dbb154e49dbb9f92594c5d7a221 - - default default] Successfully bumped revision number for resource 4b55e364-9a56-4a14-84aa-dc9a9eaff29c (type: ports) to 1
2026-04-28 18:37:14.617 9 INFO neutron.api.wsgi [None req-fd1989db-4817-472d-ad14-2f52f9042fee 7b0457798ace4786bc28cc1843466f02 762d1dbb154e49dbb9f92594c5d7a221 - - default default] 10.0.0.252 "POST /v2.0/ports HTTP/1.1" status: 201 len: 942 time: 0.4858277
2026-04-28 18:37:14.671 10 INFO neutron.api.wsgi [None req-86c6111a-2b5c-45d9-be1c-4962da9aede9 7b0457798ace4786bc28cc1843466f02 762d1dbb154e49dbb9f92594c5d7a221 - - default default] 10.0.0.252 "PUT /v2.0/ports/4b55e364-9a56-4a14-84aa-dc9a9eaff29c/tags HTTP/1.1" status: 200 len: 218 time: 0.0473428
2026-04-28 18:37:14.701 10 INFO neutron.api.wsgi [None req-99410d03-0ab0-4cb8-9d19-f8a61b20b960 7b0457798ace4786bc28cc1843466f02 762d1dbb154e49dbb9f92594c5d7a221 - - default default] 10.0.0.252 "GET /v2.0/ports/4b55e364-9a56-4a14-84aa-dc9a9eaff29c/tags HTTP/1.1" status: 200 len: 218 time: 0.0255134
2026-04-28 18:37:14.745 10 INFO neutron.api.wsgi [None req-cbf66c58-81cc-4a62-af8e-e0d157518977 7b0457798ace4786bc28cc1843466f02 762d1dbb154e49dbb9f92594c5d7a221 - - default default] 10.0.0.252 "PUT /v2.0/ports/4b55e364-9a56-4a14-84aa-dc9a9eaff29c/tags/green HTTP/1.1" status: 201 len: 201 time: 0.0387371
2026-04-28 18:37:14.767 9 INFO neutron.api.wsgi [None req-20ed0bb2-7836-4be0-8ca7-c4d2a75050a8 71c31325a8794109a8beffa66542445f 955714c1301a45268f631fe8b5ed1d3d - - default default] 10.0.0.252 "DELETE /v2.0/ports/77da815e-5276-4a61-9794-11ce61bb180a HTTP/1.1" status: 204 len: 168 time: 0.2252004
2026-04-28 18:37:14.779 10 INFO neutron.api.wsgi [None req-f4b5e500-1a95-450b-a7bb-13e39cfb65e3 7b0457798ace4786bc28cc1843466f02 762d1dbb154e49dbb9f92594c5d7a221 - - default default] 10.0.0.252 "GET /v2.0/ports/4b55e364-9a56-4a14-84aa-dc9a9eaff29c/tags HTTP/1.1" status: 200 len: 227 time: 0.0281889
2026-04-28 18:37:14.809 10 INFO neutron.api.wsgi [None req-fde44766-12b2-411a-bdf8-39dcacda31fd 7b0457798ace4786bc28cc1843466f02 762d1dbb154e49dbb9f92594c5d7a221 - - default default] 10.0.0.252 "PUT /v2.0/ports/4b55e364-9a56-4a14-84aa-dc9a9eaff29c/tags/red HTTP/1.1" status: 201 len: 201 time: 0.0255382
2026-04-28 18:37:14.847 10 INFO neutron.api.wsgi [None req-9b269f16-9da7-4bd8-b04c-ceaa255b87ef 7b0457798ace4786bc28cc1843466f02 762d1dbb154e49dbb9f92594c5d7a221 - - default default] 10.0.0.252 "GET /v2.0/ports/4b55e364-9a56-4a14-84aa-dc9a9eaff29c/tags HTTP/1.1" status: 200 len: 227 time: 0.0321019
2026-04-28 18:37:14.900 10 INFO neutron.api.wsgi [None req-cbc23954-5d47-4b9a-8658-1567b551437f 7b0457798ace4786bc28cc1843466f02 762d1dbb154e49dbb9f92594c5d7a221 - - default default] 10.0.0.252 "PUT /v2.0/ports/4b55e364-9a56-4a14-84aa-dc9a9eaff29c/tags/black.or.white HTTP/1.1" status: 201 len: 201 time: 0.0475335
2026-04-28 18:37:14.934 10 INFO neutron.api.wsgi [None req-d2ffba1e-5a12-4476-ac25-ac49ea1ceb03 7b0457798ace4786bc28cc1843466f02 762d1dbb154e49dbb9f92594c5d7a221 - - default default] 10.0.0.252 "GET /v2.0/ports/4b55e364-9a56-4a14-84aa-dc9a9eaff29c/tags HTTP/1.1" status: 200 len: 245 time: 0.0290444
2026-04-28 18:37:14.964 9 INFO neutron.api.wsgi [None req-d9a3a048-5e0d-47b6-b518-896647467dff 71c31325a8794109a8beffa66542445f 955714c1301a45268f631fe8b5ed1d3d - - default default] 10.0.0.252 "DELETE /v2.0/ports/6c093e40-f549-44ed-a2e9-2c3736ba6d59 HTTP/1.1" status: 204 len: 168 time: 0.1922004
2026-04-28 18:37:14.993 10 INFO neutron.api.wsgi [None req-d7e84327-f54a-4251-b3c4-8098d0be9b55 7b0457798ace4786bc28cc1843466f02 762d1dbb154e49dbb9f92594c5d7a221 - - default default] 10.0.0.252 "PUT /v2.0/ports/4b55e364-9a56-4a14-84aa-dc9a9eaff29c/tags HTTP/1.1" status: 200 len: 230 time: 0.0539558
2026-04-28 18:37:15.028 9 INFO neutron.api.wsgi [None req-1579daf2-ddf6-44b0-98da-ffa898b4b211 7b0457798ace4786bc28cc1843466f02 762d1dbb154e49dbb9f92594c5d7a221 - - default default] 10.0.0.252 "GET /v2.0/ports/4b55e364-9a56-4a14-84aa-dc9a9eaff29c/tags HTTP/1.1" status: 200 len: 230 time: 0.0302162
2026-04-28 18:37:15.062 9 INFO neutron.api.wsgi [None req-e71c72b4-d099-48d1-8a43-b256608ff1fd 7b0457798ace4786bc28cc1843466f02 762d1dbb154e49dbb9f92594c5d7a221 - - default default] 10.0.0.252 "GET /v2.0/ports/4b55e364-9a56-4a14-84aa-dc9a9eaff29c/tags/red HTTP/1.1" status: 204 len: 168 time: 0.0289850
2026-04-28 18:37:15.094 9 INFO neutron.api.v2.resource [None req-e68b025b-9aa3-4a52-83d1-3c7c0a93cb80 7b0457798ace4786bc28cc1843466f02 762d1dbb154e49dbb9f92594c5d7a221 - - default default] show failed (client error): The resource could not be found.
2026-04-28 18:37:15.096 9 INFO neutron.api.wsgi [None req-e68b025b-9aa3-4a52-83d1-3c7c0a93cb80 7b0457798ace4786bc28cc1843466f02 762d1dbb154e49dbb9f92594c5d7a221 - - default default] 10.0.0.252 "GET /v2.0/ports/4b55e364-9a56-4a14-84aa-dc9a9eaff29c/tags/green HTTP/1.1" status: 404 len: 299 time: 0.0285473
2026-04-28 18:37:15.144 9 INFO neutron.api.wsgi [None req-d5dff1a6-0efa-4a43-bc6d-f092da7744ae 7b0457798ace4786bc28cc1843466f02 762d1dbb154e49dbb9f92594c5d7a221 - - default default] 10.0.0.252 "DELETE /v2.0/ports/4b55e364-9a56-4a14-84aa-dc9a9eaff29c/tags/red HTTP/1.1" status: 204 len: 168 time: 0.0418990
2026-04-28 18:37:15.160 10 INFO neutron.api.wsgi [None req-042258d1-bfcd-43f9-8854-c6f4915724ba 71c31325a8794109a8beffa66542445f 955714c1301a45268f631fe8b5ed1d3d - - default default] 10.0.0.252 "DELETE /v2.0/ports/46d6b3cb-e118-458c-88ae-4699cfbf93bc HTTP/1.1" status: 204 len: 168 time: 0.1911323
2026-04-28 18:37:15.175 9 INFO neutron.api.wsgi [None req-acec8f45-edc1-4602-859f-1e35d293fa1a 7b0457798ace4786bc28cc1843466f02 762d1dbb154e49dbb9f92594c5d7a221 - - default default] 10.0.0.252 "GET /v2.0/ports/4b55e364-9a56-4a14-84aa-dc9a9eaff29c/tags HTTP/1.1" status: 200 len: 223 time: 0.0281663
2026-04-28 18:37:15.209 9 INFO neutron.api.v2.resource [None req-62dcf51b-2263-450e-aac3-f00f109e4392 7b0457798ace4786bc28cc1843466f02 762d1dbb154e49dbb9f92594c5d7a221 - - default default] delete failed (client error): The resource could not be found.
2026-04-28 18:37:15.211 9 INFO neutron.api.wsgi [None req-62dcf51b-2263-450e-aac3-f00f109e4392 7b0457798ace4786bc28cc1843466f02 762d1dbb154e49dbb9f92594c5d7a221 - - default default] 10.0.0.252 "DELETE /v2.0/ports/4b55e364-9a56-4a14-84aa-dc9a9eaff29c/tags/green HTTP/1.1" status: 404 len: 299 time: 0.0317500
2026-04-28 18:37:15.252 9 INFO neutron.api.wsgi [None req-dd21a6cc-0c0d-4881-bd61-3134148c5125 7b0457798ace4786bc28cc1843466f02 762d1dbb154e49dbb9f92594c5d7a221 - - default default] 10.0.0.252 "DELETE /v2.0/ports/4b55e364-9a56-4a14-84aa-dc9a9eaff29c/tags HTTP/1.1" status: 204 len: 168 time: 0.0378335
2026-04-28 18:37:15.282 9 INFO neutron.api.wsgi [None req-195cb3a2-d94b-43db-9232-42257b959503 7b0457798ace4786bc28cc1843466f02 762d1dbb154e49dbb9f92594c5d7a221 - - default default] 10.0.0.252 "GET /v2.0/ports/4b55e364-9a56-4a14-84aa-dc9a9eaff29c/tags HTTP/1.1" status: 200 len: 205 time: 0.0252721
2026-04-28 18:37:15.341 10 INFO neutron.api.wsgi [None req-092aa741-b532-4cc7-87dc-be2541fcd5d3 71c31325a8794109a8beffa66542445f 955714c1301a45268f631fe8b5ed1d3d - - default default] 10.0.0.252 "DELETE /v2.0/ports/8be07722-8fa3-416d-8bd6-f392f0d9a8b0 HTTP/1.1" status: 204 len: 168 time: 0.1766949
2026-04-28 18:37:15.549 9 INFO neutron.api.wsgi [None req-b9a62900-91d6-43f7-b7e9-76e5ba1e16e7 7b0457798ace4786bc28cc1843466f02 762d1dbb154e49dbb9f92594c5d7a221 - - default default] 10.0.0.252 "DELETE /v2.0/ports/4b55e364-9a56-4a14-84aa-dc9a9eaff29c HTTP/1.1" status: 204 len: 168 time: 0.2553856
2026-04-28 18:37:15.564 9 INFO neutron.api.wsgi [None req-7daa4a91-2ccc-4495-a531-7b8bb1fe5883 71c31325a8794109a8beffa66542445f 955714c1301a45268f631fe8b5ed1d3d - - default default] 10.0.0.252 "DELETE /v2.0/ports/ed3cf423-7234-4879-a24b-ec5011673d5f HTTP/1.1" status: 204 len: 168 time: 0.2183895
2026-04-28 18:37:15.824 9 INFO neutron.services.segments.plugin [-] Segment 26467607-1ad6-4bd4-b5fe-bebb76f6b076 resource provider aggregate not found
2026-04-28 18:37:15.829 9 INFO neutron.services.segments.plugin [-] Segment 26467607-1ad6-4bd4-b5fe-bebb76f6b076 resource provider aggregate not found
2026-04-28 18:37:15.832 10 INFO neutron.services.segments.plugin [-] Segment 8a4eb5f4-ce0a-419e-8cbb-583e581dcd01 resource provider aggregate not found
2026-04-28 18:37:15.835 9 INFO neutron.services.segments.plugin [-] Segment 26467607-1ad6-4bd4-b5fe-bebb76f6b076 resource provider not found; error: Placement Client Error (4xx): {"errors": [{"status": 404, "title": "Not Found", "detail": "The resource could not be found.\n\n No resource provider with uuid 26467607-1ad6-4bd4-b5fe-bebb76f6b076 found for delete ", "request_id": "req-ad7c5a53-dabd-4046-9ed6-fb3fd391883d"}]}
2026-04-28 18:37:15.835 10 INFO neutron.services.segments.plugin [-] Segment 8a4eb5f4-ce0a-419e-8cbb-583e581dcd01 resource provider aggregate not found
2026-04-28 18:37:15.841 9 INFO neutron.services.segments.plugin [-] Segment 26467607-1ad6-4bd4-b5fe-bebb76f6b076 resource provider not found; error: Placement Client Error (4xx): {"errors": [{"status": 404, "title": "Not Found", "detail": "The resource could not be found.\n\n No resource provider with uuid 26467607-1ad6-4bd4-b5fe-bebb76f6b076 found for delete ", "request_id": "req-96e1603f-196c-4856-8f6b-d5156b4c7194"}]}
2026-04-28 18:37:15.847 10 INFO neutron.services.segments.plugin [-] Segment 8a4eb5f4-ce0a-419e-8cbb-583e581dcd01 resource provider not found; error: Placement Client Error (4xx): {"errors": [{"status": 404, "title": "Not Found", "detail": "The resource could not be found.\n\n No resource provider with uuid 8a4eb5f4-ce0a-419e-8cbb-583e581dcd01 found for delete ", "request_id": "req-db1cf550-a434-4b35-81c9-a393c6e54225"}]}
2026-04-28 18:37:15.849 10 INFO neutron.services.segments.plugin [-] Segment 8a4eb5f4-ce0a-419e-8cbb-583e581dcd01 resource provider not found; error: Placement Client Error (4xx): {"errors": [{"status": 404, "title": "Not Found", "detail": "The resource could not be found.\n\n No resource provider with uuid 8a4eb5f4-ce0a-419e-8cbb-583e581dcd01 found for delete ", "request_id": "req-b15ca5c0-3ca3-441a-b0b0-afe663b4fcd4"}]}
2026-04-28 18:37:15.851 9 INFO neutron.api.wsgi [None req-3af016ce-7b75-4711-9d5d-ac2f647c0b8a 7b0457798ace4786bc28cc1843466f02 762d1dbb154e49dbb9f92594c5d7a221 - - default default] 10.0.0.252 "DELETE /v2.0/networks/aee2ada2-971f-49f6-988c-381d7bcb626d HTTP/1.1" status: 204 len: 168 time: 0.2973549
2026-04-28 18:37:15.871 10 INFO neutron.api.wsgi [None req-0b065a38-e604-49a7-9a4c-b91ecdcd7500 71c31325a8794109a8beffa66542445f 955714c1301a45268f631fe8b5ed1d3d - - default default] 10.0.0.252 "DELETE /v2.0/networks/e00f55ff-d1d1-4f3d-9720-2426543dc1ed HTTP/1.1" status: 204 len: 168 time: 0.3025684
2026-04-28 18:37:16.149 10 INFO neutron.api.wsgi [None req-83a8f68a-7488-47ef-9814-7c393d6e2a7b 71c31325a8794109a8beffa66542445f 955714c1301a45268f631fe8b5ed1d3d - - default default] 10.0.0.252 "DELETE /v2.0/networks/57d999f7-cc73-4dd4-b9eb-af3f2c180307 HTTP/1.1" status: 204 len: 168 time: 0.2728770
2026-04-28 18:37:16.415 10 INFO neutron.api.wsgi [None req-6eb98127-de9e-4f3e-b6a6-87285878fdbe 71c31325a8794109a8beffa66542445f 955714c1301a45268f631fe8b5ed1d3d - - default default] 10.0.0.252 "DELETE /v2.0/networks/ba0f21ab-65da-4c70-9f66-7dd17a6a8496 HTTP/1.1" status: 204 len: 168 time: 0.2622685
2026-04-28 18:37:16.540 9 INFO neutron.api.wsgi [None req-544b12ca-486b-4799-9da3-9ce875fa5ce8 d96e52cac3b2466886195e5b55f7629c 289be8de81ae4719a101d91082ea35aa - - default default] 10.0.0.252 "GET /v2.0/security-groups?tenant_id=762d1dbb154e49dbb9f92594c5d7a221&name=default HTTP/1.1" status: 200 len: 3124 time: 0.0968981
2026-04-28 18:37:17.052 10 INFO neutron.api.wsgi [None req-3534d729-e0f8-481c-acac-5d5ced8c1be4 71c31325a8794109a8beffa66542445f 955714c1301a45268f631fe8b5ed1d3d - - default default] 10.0.0.252 "DELETE /v2.0/networks/6a6bc1db-cbc8-45da-9ade-20be2e51b9f2 HTTP/1.1" status: 204 len: 168 time: 0.6282897
2026-04-28 18:37:17.137 9 INFO neutron.api.wsgi [None req-929c7d15-9ed2-4f64-8253-31ab5703bed3 d96e52cac3b2466886195e5b55f7629c 289be8de81ae4719a101d91082ea35aa - - default default] 10.0.0.252 "DELETE /v2.0/security-groups/8c454b7b-e8be-4de7-825a-e5f4aa736581 HTTP/1.1" status: 204 len: 168 time: 0.5928886
2026-04-28 18:37:17.332 10 INFO neutron.db.ovn_revision_numbers_db [None req-ed892e7f-77fa-4478-a527-a779049d6a4b d96e52cac3b2466886195e5b55f7629c 289be8de81ae4719a101d91082ea35aa - - default default] Successfully bumped revision number for resource 606d8adb-4c7e-4eb7-92d9-76d8edc770e2 (type: security_groups) to 1
2026-04-28 18:37:17.344 10 INFO neutron.api.wsgi [None req-8617a136-9f18-42a5-a7b4-1245f8d804f4 71c31325a8794109a8beffa66542445f 955714c1301a45268f631fe8b5ed1d3d - - default default] 10.0.0.252 "DELETE /v2.0/networks/62b347da-c4d1-424e-922e-0f3727ce8b52 HTTP/1.1" status: 204 len: 168 time: 0.2868137
2026-04-28 18:37:17.351 10 INFO neutron.db.ovn_revision_numbers_db [None req-ed892e7f-77fa-4478-a527-a779049d6a4b d96e52cac3b2466886195e5b55f7629c 289be8de81ae4719a101d91082ea35aa - - default default] Successfully bumped revision number for resource 206e249c-f0df-4842-ac57-ada791e0cbd3 (type: security_group_rules) to 0
2026-04-28 18:37:17.366 10 INFO neutron.db.ovn_revision_numbers_db [None req-ed892e7f-77fa-4478-a527-a779049d6a4b d96e52cac3b2466886195e5b55f7629c 289be8de81ae4719a101d91082ea35aa - - default default] Successfully bumped revision number for resource 3b40e433-12e0-4a37-9c0a-8eb201928e71 (type: security_group_rules) to 0
2026-04-28 18:37:17.377 10 INFO neutron.db.ovn_revision_numbers_db [None req-ed892e7f-77fa-4478-a527-a779049d6a4b d96e52cac3b2466886195e5b55f7629c 289be8de81ae4719a101d91082ea35aa - - default default] Successfully bumped revision number for resource f0d689f5-cf26-4e72-b891-bf3472645466 (type: security_group_rules) to 0
2026-04-28 18:37:17.391 10 INFO neutron.db.ovn_revision_numbers_db [None req-ed892e7f-77fa-4478-a527-a779049d6a4b d96e52cac3b2466886195e5b55f7629c 289be8de81ae4719a101d91082ea35aa - - default default] Successfully bumped revision number for resource f98b7007-5ac8-4e23-8fe4-ffe231c006d5 (type: security_group_rules) to 0
2026-04-28 18:37:17.428 10 INFO neutron.api.wsgi [None req-ed892e7f-77fa-4478-a527-a779049d6a4b d96e52cac3b2466886195e5b55f7629c 289be8de81ae4719a101d91082ea35aa - - default default] 10.0.0.252 "GET /v2.0/security-groups?tenant_id=867d03ecdd91498d9170f973d083d8d8&name=default HTTP/1.1" status: 200 len: 3124 time: 0.2074394
2026-04-28 18:37:17.614 10 INFO neutron.api.wsgi [None req-dbf19ed0-b430-4ef0-990b-74197df68b55 d96e52cac3b2466886195e5b55f7629c 289be8de81ae4719a101d91082ea35aa - - default default] 10.0.0.252 "DELETE /v2.0/security-groups/606d8adb-4c7e-4eb7-92d9-76d8edc770e2 HTTP/1.1" status: 204 len: 168 time: 0.1804681
2026-04-28 18:37:17.864 10 INFO neutron.services.segments.plugin [-] Segment 77a012fc-4d0c-44da-bd6d-d3e77f54199b resource provider aggregate not found
2026-04-28 18:37:17.870 10 INFO neutron.services.segments.plugin [-] Segment 77a012fc-4d0c-44da-bd6d-d3e77f54199b resource provider aggregate not found
2026-04-28 18:37:17.875 10 INFO neutron.services.segments.plugin [-] Segment 77a012fc-4d0c-44da-bd6d-d3e77f54199b resource provider not found; error: Placement Client Error (4xx): {"errors": [{"status": 404, "title": "Not Found", "detail": "The resource could not be found.\n\n No resource provider with uuid 77a012fc-4d0c-44da-bd6d-d3e77f54199b found for delete ", "request_id": "req-0e1de1aa-13a5-4af9-a7e3-a45bcf2594f4"}]}
2026-04-28 18:37:17.884 10 INFO neutron.services.segments.plugin [-] Segment 77a012fc-4d0c-44da-bd6d-d3e77f54199b resource provider not found; error: Placement Client Error (4xx): {"errors": [{"status": 404, "title": "Not Found", "detail": "The resource could not be found.\n\n No resource provider with uuid 77a012fc-4d0c-44da-bd6d-d3e77f54199b found for delete ", "request_id": "req-ab9f71de-3d10-43fc-9a25-28eb77c59a91"}]}
2026-04-28 18:37:17.887 10 INFO neutron.services.segments.plugin [-] Segment 5bf77b1c-f489-4785-ae13-001db4480f35 resource provider aggregate not found
2026-04-28 18:37:17.895 10 INFO neutron.services.segments.plugin [-] Segment 5bf77b1c-f489-4785-ae13-001db4480f35 resource provider aggregate not found
2026-04-28 18:37:17.900 10 INFO neutron.services.segments.plugin [-] Segment 5bf77b1c-f489-4785-ae13-001db4480f35 resource provider not found; error: Placement Client Error (4xx): {"errors": [{"status": 404, "title": "Not Found", "detail": "The resource could not be found.\n\n No resource provider with uuid 5bf77b1c-f489-4785-ae13-001db4480f35 found for delete ", "request_id": "req-3979ae71-cee7-44d2-9908-ed524b1b668f"}]}
2026-04-28 18:37:17.908 10 INFO neutron.services.segments.plugin [-] Segment 5bf77b1c-f489-4785-ae13-001db4480f35 resource provider not found; error: Placement Client Error (4xx): {"errors": [{"status": 404, "title": "Not Found", "detail": "The resource could not be found.\n\n No resource provider with uuid 5bf77b1c-f489-4785-ae13-001db4480f35 found for delete ", "request_id": "req-d602df1f-763c-4e90-a1e3-d4ceb7ba6595"}]}
2026-04-28 18:37:17.912 10 INFO neutron.services.segments.plugin [-] Segment 14242916-ac52-4dac-93ec-4c7243434a49 resource provider aggregate not found
2026-04-28 18:37:17.918 10 INFO neutron.services.segments.plugin [-] Segment 14242916-ac52-4dac-93ec-4c7243434a49 resource provider aggregate not found
2026-04-28 18:37:17.922 10 INFO neutron.services.segments.plugin [-] Segment 14242916-ac52-4dac-93ec-4c7243434a49 resource provider not found; error: Placement Client Error (4xx): {"errors": [{"status": 404, "title": "Not Found", "detail": "The resource could not be found.\n\n No resource provider with uuid 14242916-ac52-4dac-93ec-4c7243434a49 found for delete ", "request_id": "req-674edaed-1781-4d13-8d7d-e0e79a14faf7"}]}
2026-04-28 18:37:17.929 10 INFO neutron.services.segments.plugin [-] Segment 14242916-ac52-4dac-93ec-4c7243434a49 resource provider not found; error: Placement Client Error (4xx): {"errors": [{"status": 404, "title": "Not Found", "detail": "The resource could not be found.\n\n No resource provider with uuid 14242916-ac52-4dac-93ec-4c7243434a49 found for delete ", "request_id": "req-10a9c31f-7a96-4ad4-af9c-91c8dd837027"}]}
2026-04-28 18:37:17.933 10 INFO neutron.services.segments.plugin [-] Segment 7d66d01f-c4c4-4d04-bd39-bcad27045978 resource provider aggregate not found
2026-04-28 18:37:17.938 10 INFO neutron.services.segments.plugin [-] Segment 7d66d01f-c4c4-4d04-bd39-bcad27045978 resource provider aggregate not found
2026-04-28 18:37:17.943 10 INFO neutron.services.segments.plugin [-] Segment 7d66d01f-c4c4-4d04-bd39-bcad27045978 resource provider not found; error: Placement Client Error (4xx): {"errors": [{"status": 404, "title": "Not Found", "detail": "The resource could not be found.\n\n No resource provider with uuid 7d66d01f-c4c4-4d04-bd39-bcad27045978 found for delete ", "request_id": "req-a0cb94b3-a466-4243-8247-fbb216be1f0d"}]}
2026-04-28 18:37:17.949 10 INFO neutron.services.segments.plugin [-] Segment 7d66d01f-c4c4-4d04-bd39-bcad27045978 resource provider not found; error: Placement Client Error (4xx): {"errors": [{"status": 404, "title": "Not Found", "detail": "The resource could not be found.\n\n No resource provider with uuid 7d66d01f-c4c4-4d04-bd39-bcad27045978 found for delete ", "request_id": "req-eb621155-da11-415d-956c-3ee60f0dc51b"}]}
2026-04-28 18:37:18.182 10 INFO neutron.api.wsgi [None req-1f4630b6-33e5-4158-b30b-d1badbe59018 d96e52cac3b2466886195e5b55f7629c 289be8de81ae4719a101d91082ea35aa - - default default] 10.0.0.252 "GET /v2.0/security-groups?tenant_id=955714c1301a45268f631fe8b5ed1d3d&name=default HTTP/1.1" status: 200 len: 3124 time: 0.1077943
2026-04-28 18:37:18.383 10 INFO neutron.api.wsgi [None req-e6aa8f17-2970-4180-b492-c747fb67e544 d96e52cac3b2466886195e5b55f7629c 289be8de81ae4719a101d91082ea35aa - - default default] 10.0.0.252 "DELETE /v2.0/security-groups/c402368b-5106-4d0e-93ee-890d95c2c514 HTTP/1.1" status: 204 len: 168 time: 0.1962578
2026-04-28 18:37:18.580 10 INFO neutron.db.ovn_revision_numbers_db [None req-5dc31c6d-3c6e-4361-841e-4f5437c9fb28 d96e52cac3b2466886195e5b55f7629c 289be8de81ae4719a101d91082ea35aa - - default default] Successfully bumped revision number for resource fa87f73a-8792-4853-a90a-42c4614e668f (type: security_groups) to 1
2026-04-28 18:37:18.593 10 INFO neutron.db.ovn_revision_numbers_db [None req-5dc31c6d-3c6e-4361-841e-4f5437c9fb28 d96e52cac3b2466886195e5b55f7629c 289be8de81ae4719a101d91082ea35aa - - default default] Successfully bumped revision number for resource 1a2e4e8e-f485-4243-8d26-034bda8eb949 (type: security_group_rules) to 0
2026-04-28 18:37:18.604 10 INFO neutron.db.ovn_revision_numbers_db [None req-5dc31c6d-3c6e-4361-841e-4f5437c9fb28 d96e52cac3b2466886195e5b55f7629c 289be8de81ae4719a101d91082ea35aa - - default default] Successfully bumped revision number for resource 2898868f-eafb-4a57-b799-a47de68d6406 (type: security_group_rules) to 0
2026-04-28 18:37:18.617 10 INFO neutron.db.ovn_revision_numbers_db [None req-5dc31c6d-3c6e-4361-841e-4f5437c9fb28 d96e52cac3b2466886195e5b55f7629c 289be8de81ae4719a101d91082ea35aa - - default default] Successfully bumped revision number for resource 824a5afa-6668-442e-bfe6-03711d1f5248 (type: security_group_rules) to 0
2026-04-28 18:37:18.629 10 INFO neutron.db.ovn_revision_numbers_db [None req-5dc31c6d-3c6e-4361-841e-4f5437c9fb28 d96e52cac3b2466886195e5b55f7629c 289be8de81ae4719a101d91082ea35aa - - default default] Successfully bumped revision number for resource f13d8316-28c9-4514-821d-bf40b211c8f8 (type: security_group_rules) to 0
2026-04-28 18:37:18.666 10 INFO neutron.api.wsgi [None req-5dc31c6d-3c6e-4361-841e-4f5437c9fb28 d96e52cac3b2466886195e5b55f7629c 289be8de81ae4719a101d91082ea35aa - - default default] 10.0.0.252 "GET /v2.0/security-groups?tenant_id=feaa8cdc8f68418d9ce721b1e1f98e42&name=default HTTP/1.1" status: 200 len: 3124 time: 0.1962228
2026-04-28 18:37:18.884 10 INFO neutron.api.wsgi [None req-0b12a503-6bc5-46e8-8e9d-92d9595a8484 d96e52cac3b2466886195e5b55f7629c 289be8de81ae4719a101d91082ea35aa - - default default] 10.0.0.252 "DELETE /v2.0/security-groups/fa87f73a-8792-4853-a90a-42c4614e668f HTTP/1.1" status: 204 len: 168 time: 0.2136517
2026-04-28 18:37:19.093 9 INFO neutron.db.ovn_revision_numbers_db [None req-9ac9a353-07e8-48d5-9841-8780ceafe3fb d96e52cac3b2466886195e5b55f7629c 289be8de81ae4719a101d91082ea35aa - - default default] Successfully bumped revision number for resource 0768dd91-e12b-4548-a2a8-a644c27ddebd (type: security_groups) to 1
2026-04-28 18:37:19.120 9 INFO neutron.db.ovn_revision_numbers_db [None req-9ac9a353-07e8-48d5-9841-8780ceafe3fb d96e52cac3b2466886195e5b55f7629c 289be8de81ae4719a101d91082ea35aa - - default default] Successfully bumped revision number for resource 2b119f1e-a4a0-49ab-8a3e-db901809fefa (type: security_group_rules) to 0
2026-04-28 18:37:19.136 9 INFO neutron.db.ovn_revision_numbers_db [None req-9ac9a353-07e8-48d5-9841-8780ceafe3fb d96e52cac3b2466886195e5b55f7629c 289be8de81ae4719a101d91082ea35aa - - default default] Successfully bumped revision number for resource 8a26db7b-8d52-442d-8411-15377c6c05b8 (type: security_group_rules) to 0
2026-04-28 18:37:19.150 9 INFO neutron.db.ovn_revision_numbers_db [None req-9ac9a353-07e8-48d5-9841-8780ceafe3fb d96e52cac3b2466886195e5b55f7629c 289be8de81ae4719a101d91082ea35aa - - default default] Successfully bumped revision number for resource a987eecd-c99d-4d60-99ff-63cb5fac25a2 (type: security_group_rules) to 0
2026-04-28 18:37:19.163 9 INFO neutron.db.ovn_revision_numbers_db [None req-9ac9a353-07e8-48d5-9841-8780ceafe3fb d96e52cac3b2466886195e5b55f7629c 289be8de81ae4719a101d91082ea35aa - - default default] Successfully bumped revision number for resource e96612ab-f0ce-4591-a447-fe3b46249ef6 (type: security_group_rules) to 0
2026-04-28 18:37:19.215 9 INFO neutron.api.wsgi [None req-9ac9a353-07e8-48d5-9841-8780ceafe3fb d96e52cac3b2466886195e5b55f7629c 289be8de81ae4719a101d91082ea35aa - - default default] 10.0.0.252 "GET /v2.0/security-groups?tenant_id=7b2b4c487362446b8995aba0e797b3fb&name=default HTTP/1.1" status: 200 len: 3124 time: 0.2301624
2026-04-28 18:37:19.421 9 INFO neutron.api.wsgi [None req-6ec955ba-e670-4852-be1c-2aae4f68c731 d96e52cac3b2466886195e5b55f7629c 289be8de81ae4719a101d91082ea35aa - - default default] 10.0.0.252 "DELETE /v2.0/security-groups/0768dd91-e12b-4548-a2a8-a644c27ddebd HTTP/1.1" status: 204 len: 168 time: 0.2015247
2026-04-28 18:37:20.868 9 WARNING neutron_lib.context [None req-95bb9b44-cd97-4262-9841-54f84f16223e 71d621932e4d494ba04d567f54cdddc4 9722fe5f9f2840afbf67f88c55eb3589 - - default default] Method 'is_advsvc' is deprecated since 2023.2 release (neutron-lib 3.8.0) and will be removed once support for the old RBAC API policies will be removed from Neutron. Please use method 'is_service_role' instead.
2026-04-28 18:37:21.003 9 INFO neutron.db.ovn_revision_numbers_db [None req-95bb9b44-cd97-4262-9841-54f84f16223e 71d621932e4d494ba04d567f54cdddc4 9722fe5f9f2840afbf67f88c55eb3589 - - default default] Successfully bumped revision number for resource e12a64d2-c673-425f-948a-eb6434793a2c (type: security_groups) to 1
2026-04-28 18:37:21.014 9 INFO neutron.db.ovn_revision_numbers_db [None req-95bb9b44-cd97-4262-9841-54f84f16223e 71d621932e4d494ba04d567f54cdddc4 9722fe5f9f2840afbf67f88c55eb3589 - - default default] Successfully bumped revision number for resource 161541f3-0265-4310-b861-9c9a3b417d38 (type: security_group_rules) to 0
2026-04-28 18:37:21.030 9 INFO neutron.db.ovn_revision_numbers_db [None req-95bb9b44-cd97-4262-9841-54f84f16223e 71d621932e4d494ba04d567f54cdddc4 9722fe5f9f2840afbf67f88c55eb3589 - - default default] Successfully bumped revision number for resource 20227bdc-8969-4585-a109-e100fb95d0c8 (type: security_group_rules) to 0
2026-04-28 18:37:21.042 9 INFO neutron.db.ovn_revision_numbers_db [None req-95bb9b44-cd97-4262-9841-54f84f16223e 71d621932e4d494ba04d567f54cdddc4 9722fe5f9f2840afbf67f88c55eb3589 - - default default] Successfully bumped revision number for resource 8d621178-73f0-4dfc-8da6-d20041677fd6 (type: security_group_rules) to 0
2026-04-28 18:37:21.055 9 INFO neutron.db.ovn_revision_numbers_db [None req-95bb9b44-cd97-4262-9841-54f84f16223e 71d621932e4d494ba04d567f54cdddc4 9722fe5f9f2840afbf67f88c55eb3589 - - default default] Successfully bumped revision number for resource e51e25f9-1755-4f54-ada3-7ba855d4a682 (type: security_group_rules) to 0
2026-04-28 18:37:21.123 9 INFO neutron.db.segments_db [None req-95bb9b44-cd97-4262-9841-54f84f16223e 71d621932e4d494ba04d567f54cdddc4 9722fe5f9f2840afbf67f88c55eb3589 - - default default] Added segment 60bcfb78-83d8-4f57-b492-4a7c87ca081b of type geneve for network 57d432c9-004c-4378-b6d6-650cdce403e7
2026-04-28 18:37:21.241 9 INFO neutron.db.ovn_revision_numbers_db [None req-95bb9b44-cd97-4262-9841-54f84f16223e 71d621932e4d494ba04d567f54cdddc4 9722fe5f9f2840afbf67f88c55eb3589 - - default default] Successfully bumped revision number for resource 57d432c9-004c-4378-b6d6-650cdce403e7 (type: networks) to 1
2026-04-28 18:37:21.383 9 WARNING neutron.scheduler.dhcp_agent_scheduler [None req-95bb9b44-cd97-4262-9841-54f84f16223e 71d621932e4d494ba04d567f54cdddc4 9722fe5f9f2840afbf67f88c55eb3589 - - default default] No more DHCP agents
2026-04-28 18:37:21.384 9 WARNING neutron.api.rpc.agentnotifiers.dhcp_rpc_agent_api [None req-95bb9b44-cd97-4262-9841-54f84f16223e 71d621932e4d494ba04d567f54cdddc4 9722fe5f9f2840afbf67f88c55eb3589 - - default default] Unable to schedule network 57d432c9-004c-4378-b6d6-650cdce403e7: no agents available; will retry on subsequent port and subnet creation events.
2026-04-28 18:37:21.450 9 INFO neutron.db.ovn_revision_numbers_db [None req-95bb9b44-cd97-4262-9841-54f84f16223e 71d621932e4d494ba04d567f54cdddc4 9722fe5f9f2840afbf67f88c55eb3589 - - default default] Successfully bumped revision number for resource 83c7d132-748b-4850-ad39-4e49c56b6657 (type: ports) to 1
2026-04-28 18:37:21.477 9 INFO neutron.api.wsgi [None req-95bb9b44-cd97-4262-9841-54f84f16223e 71d621932e4d494ba04d567f54cdddc4 9722fe5f9f2840afbf67f88c55eb3589 - - default default] 10.0.0.252 "POST /v2.0/networks HTTP/1.1" status: 201 len: 826 time: 0.7468541
2026-04-28 18:37:21.490 9 WARNING neutron_lib.context [None req-65a3563c-8885-46d9-85ad-444e49976f52 71d621932e4d494ba04d567f54cdddc4 9722fe5f9f2840afbf67f88c55eb3589 - - default default] Method 'is_advsvc' is deprecated since 2023.2 release (neutron-lib 3.8.0) and will be removed once support for the old RBAC API policies will be removed from Neutron. Please use method 'is_service_role' instead.
2026-04-28 18:37:21.678 9 WARNING neutron.scheduler.dhcp_agent_scheduler [None req-65a3563c-8885-46d9-85ad-444e49976f52 71d621932e4d494ba04d567f54cdddc4 9722fe5f9f2840afbf67f88c55eb3589 - - default default] No more DHCP agents
2026-04-28 18:37:21.679 9 WARNING neutron.api.rpc.agentnotifiers.dhcp_rpc_agent_api [None req-65a3563c-8885-46d9-85ad-444e49976f52 71d621932e4d494ba04d567f54cdddc4 9722fe5f9f2840afbf67f88c55eb3589 - - default default] Unable to schedule network 57d432c9-004c-4378-b6d6-650cdce403e7: no agents available; will retry on subsequent port and subnet creation events.
2026-04-28 18:37:22.058 9 INFO neutron.db.ovn_revision_numbers_db [None req-108997b9-63e6-4625-b42b-a64eaaaa4cf8 - - - - - -] Successfully bumped revision number for resource 83c7d132-748b-4850-ad39-4e49c56b6657 (type: ports) to 2
2026-04-28 18:37:22.085 9 INFO neutron.db.ovn_revision_numbers_db [None req-108997b9-63e6-4625-b42b-a64eaaaa4cf8 - - - - - -] Successfully bumped revision number for resource b798518d-acfc-44a2-870f-68f74b703512 (type: subnets) to 0
2026-04-28 18:37:22.098 9 INFO neutron.api.wsgi [None req-65a3563c-8885-46d9-85ad-444e49976f52 71d621932e4d494ba04d567f54cdddc4 9722fe5f9f2840afbf67f88c55eb3589 - - default default] 10.0.0.252 "POST /v2.0/subnets HTTP/1.1" status: 201 len: 825 time: 0.6142755
2026-04-28 18:37:22.107 9 WARNING neutron_lib.context [None req-00deb38b-dfbe-4306-8f76-60f8d14f41da 71d621932e4d494ba04d567f54cdddc4 9722fe5f9f2840afbf67f88c55eb3589 - - default default] Method 'is_advsvc' is deprecated since 2023.2 release (neutron-lib 3.8.0) and will be removed once support for the old RBAC API policies will be removed from Neutron. Please use method 'is_service_role' instead.
2026-04-28 18:37:22.443 9 WARNING neutron.scheduler.dhcp_agent_scheduler [None req-00deb38b-dfbe-4306-8f76-60f8d14f41da 71d621932e4d494ba04d567f54cdddc4 9722fe5f9f2840afbf67f88c55eb3589 - - default default] No more DHCP agents
2026-04-28 18:37:22.444 9 WARNING neutron.api.rpc.agentnotifiers.dhcp_rpc_agent_api [None req-00deb38b-dfbe-4306-8f76-60f8d14f41da 71d621932e4d494ba04d567f54cdddc4 9722fe5f9f2840afbf67f88c55eb3589 - - default default] Unable to schedule network 9e705714-b02a-48d8-89d5-7fe4e4d0fe0a: no agents available; will retry on subsequent port and subnet creation events.
2026-04-28 18:37:22.546 9 INFO neutron.db.ovn_revision_numbers_db [None req-00deb38b-dfbe-4306-8f76-60f8d14f41da 71d621932e4d494ba04d567f54cdddc4 9722fe5f9f2840afbf67f88c55eb3589 - - default default] Successfully bumped revision number for resource 692b1e6e-4bf8-4467-a111-e201c3ef0845 (type: ports) to 1
2026-04-28 18:37:23.007 9 INFO neutron.plugins.ml2.drivers.ovn.mech_driver.ovsdb.commands [None req-44cbfdd8-b9b9-4232-b537-a4d61cd527ed - - - - - -] Schedule LRP lrp-692b1e6e-4bf8-4467-a111-e201c3ef0845 on gateway 9db5f80a-0c01-46db-9847-81c9d222b3b2 with priority 1
2026-04-28 18:37:23.013 9 INFO neutron.plugins.ml2.drivers.ovn.mech_driver.mech_driver [None req-2fc9b893-4f2c-4e3f-8a82-3ad1690e40ba - - - - - -] OVN reports status up for port: 692b1e6e-4bf8-4467-a111-e201c3ef0845
2026-04-28 18:37:23.025 9 INFO neutron.plugins.ml2.plugin [None req-2fc9b893-4f2c-4e3f-8a82-3ad1690e40ba - - - - - -] Attempt 1 to provision port 692b1e6e-4bf8-4467-a111-e201c3ef0845
2026-04-28 18:37:23.280 9 INFO neutron.db.ovn_revision_numbers_db [None req-00deb38b-dfbe-4306-8f76-60f8d14f41da 71d621932e4d494ba04d567f54cdddc4 9722fe5f9f2840afbf67f88c55eb3589 - - default default] Successfully bumped revision number for resource 692b1e6e-4bf8-4467-a111-e201c3ef0845 (type: router_ports) to 1
2026-04-28 18:37:23.341 9 INFO neutron.db.ovn_revision_numbers_db [None req-00deb38b-dfbe-4306-8f76-60f8d14f41da 71d621932e4d494ba04d567f54cdddc4 9722fe5f9f2840afbf67f88c55eb3589 - - default default] Successfully bumped revision number for resource c76e43a4-4e35-415e-a849-e77390714d49 (type: routers) to 2
2026-04-28 18:37:23.356 9 INFO neutron.api.wsgi [None req-00deb38b-dfbe-4306-8f76-60f8d14f41da 71d621932e4d494ba04d567f54cdddc4 9722fe5f9f2840afbf67f88c55eb3589 - - default default] 10.0.0.252 "POST /v2.0/routers HTTP/1.1" status: 201 len: 1135 time: 1.2523453
2026-04-28 18:37:23.398 10 INFO neutron.api.wsgi [None req-dcbc6148-cb10-4bb5-b7a7-858eac688a2a 4d4f1a08ab2745c68e0c4f91d9c5bd29 7abfa3f976fe4d209aaf607b87b834d2 - - default default] 10.0.0.252 "POST /v2.0/qos/policies HTTP/1.1" status: 201 len: 558 time: 0.1852529
2026-04-28 18:37:23.403 9 INFO neutron.api.wsgi [-] 10.0.0.22 "GET / HTTP/1.1" status: 200 len: 247 time: 0.0015867
2026-04-28 18:37:23.406 9 INFO neutron.api.wsgi [-] 10.0.0.22 "GET / HTTP/1.1" status: 200 len: 247 time: 0.0015442
2026-04-28 18:37:23.431 10 INFO neutron.api.wsgi [None req-8aebc60b-a144-4073-a563-f4311db92c09 4d4f1a08ab2745c68e0c4f91d9c5bd29 7abfa3f976fe4d209aaf607b87b834d2 - - default default] 10.0.0.252 "POST /v2.0/qos/policies HTTP/1.1" status: 201 len: 558 time: 0.0275993
2026-04-28 18:37:23.477 9 INFO neutron.api.wsgi [None req-8105aaed-27c5-445f-9b8b-3942160be209 4d4f1a08ab2745c68e0c4f91d9c5bd29 7abfa3f976fe4d209aaf607b87b834d2 - - default default] 10.0.0.252 "POST /v2.0/qos/policies HTTP/1.1" status: 201 len: 558 time: 0.0420449
2026-04-28 18:37:23.518 9 INFO neutron.api.wsgi [None req-960eb15b-5e23-44c8-b8fe-6f0be0ab5ff8 4d4f1a08ab2745c68e0c4f91d9c5bd29 7abfa3f976fe4d209aaf607b87b834d2 - - default default] 10.0.0.252 "POST /v2.0/qos/policies HTTP/1.1" status: 201 len: 558 time: 0.0351527
2026-04-28 18:37:23.561 9 INFO neutron.api.wsgi [None req-ad6ced3e-64de-4c10-8034-b447be170532 4d4f1a08ab2745c68e0c4f91d9c5bd29 7abfa3f976fe4d209aaf607b87b834d2 - - default default] 10.0.0.252 "POST /v2.0/qos/policies HTTP/1.1" status: 201 len: 558 time: 0.0370426
2026-04-28 18:37:23.589 9 INFO neutron.api.wsgi [None req-2bdb5715-2ccf-46d9-8f3a-c4bd687a1ef2 4d4f1a08ab2745c68e0c4f91d9c5bd29 7abfa3f976fe4d209aaf607b87b834d2 - - default default] 10.0.0.252 "PUT /v2.0/policies/1e74e402-43c7-4303-b9f9-6e4bef4e10a6/tags HTTP/1.1" status: 200 len: 210 time: 0.0210986
2026-04-28 18:37:23.622 9 INFO neutron.api.wsgi [None req-5a91292f-1fe4-495e-a4c4-22a9f4d64eff 4d4f1a08ab2745c68e0c4f91d9c5bd29 7abfa3f976fe4d209aaf607b87b834d2 - - default default] 10.0.0.252 "PUT /v2.0/policies/f83d2c75-f5ef-4519-a7ce-be3f22c46e36/tags HTTP/1.1" status: 200 len: 218 time: 0.0293090
2026-04-28 18:37:23.657 9 INFO neutron.api.wsgi [None req-1d33e814-b978-47dc-a9ae-be29478780e2 4d4f1a08ab2745c68e0c4f91d9c5bd29 7abfa3f976fe4d209aaf607b87b834d2 - - default default] 10.0.0.252 "PUT /v2.0/policies/507302cc-a389-479b-9ffa-9cdadc4e8a0b/tags HTTP/1.1" status: 200 len: 227 time: 0.0304604
2026-04-28 18:37:23.687 10 INFO neutron.api.wsgi [None req-af67fcbd-bcfd-4408-83d7-64accc570901 4d4f1a08ab2745c68e0c4f91d9c5bd29 7abfa3f976fe4d209aaf607b87b834d2 - - default default] 10.0.0.252 "PUT /v2.0/policies/c2ab2ebd-b97a-4c5e-ab57-a3e84088d65e/tags HTTP/1.1" status: 200 len: 212 time: 0.0232527
2026-04-28 18:37:23.820 9 WARNING neutron.scheduler.dhcp_agent_scheduler [None req-5b523386-fcef-4285-a470-045fb6975f2e 71d621932e4d494ba04d567f54cdddc4 9722fe5f9f2840afbf67f88c55eb3589 - - default default] No more DHCP agents
2026-04-28 18:37:23.821 9 WARNING neutron.api.rpc.agentnotifiers.dhcp_rpc_agent_api [None req-5b523386-fcef-4285-a470-045fb6975f2e 71d621932e4d494ba04d567f54cdddc4 9722fe5f9f2840afbf67f88c55eb3589 - - default default] Unable to schedule network 57d432c9-004c-4378-b6d6-650cdce403e7: no agents available; will retry on subsequent port and subnet creation events.
2026-04-28 18:37:23.942 9 INFO neutron.db.ovn_revision_numbers_db [None req-5b523386-fcef-4285-a470-045fb6975f2e 71d621932e4d494ba04d567f54cdddc4 9722fe5f9f2840afbf67f88c55eb3589 - - default default] Successfully bumped revision number for resource f4a622e0-0814-4faf-a807-b2666867afbb (type: ports) to 1
2026-04-28 18:37:24.116 9 INFO neutron.api.wsgi [None req-99d13a05-76e5-4422-8a47-05ef8cd132f0 fe570533fb5a453aa6adc20c1aef23dc 66be9fb73af5453cb37927edb8a606b8 - - default default] 10.0.0.252 "GET /v2.0/qos/policies?tags=red HTTP/1.1" status: 200 len: 1296 time: 0.1046798
2026-04-28 18:37:24.170 10 INFO neutron.api.wsgi [None req-75590bc9-81a9-4c79-8d19-a171e077bc77 fe570533fb5a453aa6adc20c1aef23dc 66be9fb73af5453cb37927edb8a606b8 - - default default] 10.0.0.252 "GET /v2.0/qos/policies?tags=red%2Cblue HTTP/1.1" status: 200 len: 941 time: 0.0488198
2026-04-28 18:37:24.219 10 INFO neutron.api.wsgi [None req-f27fa0cc-8b55-4d7b-8f59-9f031d651856 fe570533fb5a453aa6adc20c1aef23dc 66be9fb73af5453cb37927edb8a606b8 - - default default] 10.0.0.252 "GET /v2.0/qos/policies?tags-any=blue HTTP/1.1" status: 200 len: 941 time: 0.0454988
2026-04-28 18:37:24.282 10 INFO neutron.api.wsgi [None req-20921a86-55a5-4b53-9b1d-0318b2b92a69 fe570533fb5a453aa6adc20c1aef23dc 66be9fb73af5453cb37927edb8a606b8 - - default default] 10.0.0.252 "GET /v2.0/qos/policies?tags-any=red%2Cblue HTTP/1.1" status: 200 len: 1296 time: 0.0583200
2026-04-28 18:37:24.328 10 INFO neutron.api.wsgi [None req-602a3233-619e-4e18-a322-1e859039e1fc fe570533fb5a453aa6adc20c1aef23dc 66be9fb73af5453cb37927edb8a606b8 - - default default] 10.0.0.252 "GET /v2.0/qos/policies?not-tags=red HTTP/1.1" status: 200 len: 913 time: 0.0420892
2026-04-28 18:37:24.407 9 INFO neutron.api.wsgi [None req-3783bb01-610b-4884-b8cf-b7d97af8647d fe570533fb5a453aa6adc20c1aef23dc 66be9fb73af5453cb37927edb8a606b8 - - default default] 10.0.0.252 "GET /v2.0/qos/policies?not-tags=red%2Cblue HTTP/1.1" status: 200 len: 1268 time: 0.0753851
2026-04-28 18:37:24.466 9 INFO neutron.db.ovn_revision_numbers_db [None req-5b523386-fcef-4285-a470-045fb6975f2e 71d621932e4d494ba04d567f54cdddc4 9722fe5f9f2840afbf67f88c55eb3589 - - default default] Successfully bumped revision number for resource f4a622e0-0814-4faf-a807-b2666867afbb (type: ports) to 1
2026-04-28 18:37:24.493 9 INFO neutron.api.wsgi [None req-58fe2498-ae12-4ff9-903c-ca8aac54f3de fe570533fb5a453aa6adc20c1aef23dc 66be9fb73af5453cb37927edb8a606b8 - - default default] 10.0.0.252 "GET /v2.0/qos/policies?not-tags-any=blue HTTP/1.1" status: 200 len: 1268 time: 0.0799077
2026-04-28 18:37:24.511 9 WARNING neutron.scheduler.dhcp_agent_scheduler [None req-5b523386-fcef-4285-a470-045fb6975f2e 71d621932e4d494ba04d567f54cdddc4 9722fe5f9f2840afbf67f88c55eb3589 - - default default] No more DHCP agents
2026-04-28 18:37:24.512 9 WARNING neutron.api.rpc.agentnotifiers.dhcp_rpc_agent_api [None req-5b523386-fcef-4285-a470-045fb6975f2e 71d621932e4d494ba04d567f54cdddc4 9722fe5f9f2840afbf67f88c55eb3589 - - default default] Unable to schedule network 57d432c9-004c-4378-b6d6-650cdce403e7: no agents available; will retry on subsequent port and subnet creation events.
2026-04-28 18:37:24.558 10 INFO neutron.api.wsgi [None req-34c9c0ee-6660-43e6-b462-64d4af4a5ff2 fe570533fb5a453aa6adc20c1aef23dc 66be9fb73af5453cb37927edb8a606b8 - - default default] 10.0.0.252 "GET /v2.0/qos/policies?not-tags-any=red%2Cblue HTTP/1.1" status: 200 len: 913 time: 0.0574253
2026-04-28 18:37:24.610 10 INFO neutron.api.wsgi [None req-7206848e-9244-41c2-b057-ba4590531311 4d4f1a08ab2745c68e0c4f91d9c5bd29 7abfa3f976fe4d209aaf607b87b834d2 - - default default] 10.0.0.252 "DELETE /v2.0/qos/policies/1e74e402-43c7-4303-b9f9-6e4bef4e10a6 HTTP/1.1" status: 204 len: 168 time: 0.0445950
2026-04-28 18:37:24.659 10 INFO neutron.api.wsgi [None req-38909c3f-07a9-448b-b8bc-e30dd291b9ff 4d4f1a08ab2745c68e0c4f91d9c5bd29 7abfa3f976fe4d209aaf607b87b834d2 - - default default] 10.0.0.252 "DELETE /v2.0/qos/policies/f83d2c75-f5ef-4519-a7ce-be3f22c46e36 HTTP/1.1" status: 204 len: 168 time: 0.0414946
2026-04-28 18:37:24.704 10 INFO neutron.api.wsgi [None req-6fb1cdbd-73e8-4d90-9fd3-8772cd6041e8 4d4f1a08ab2745c68e0c4f91d9c5bd29 7abfa3f976fe4d209aaf607b87b834d2 - - default default] 10.0.0.252 "DELETE /v2.0/qos/policies/507302cc-a389-479b-9ffa-9cdadc4e8a0b HTTP/1.1" status: 204 len: 168 time: 0.0397553
2026-04-28 18:37:24.751 10 INFO neutron.api.wsgi [None req-d77b5f11-4c44-416e-808b-0cc98319929d 4d4f1a08ab2745c68e0c4f91d9c5bd29 7abfa3f976fe4d209aaf607b87b834d2 - - default default] 10.0.0.252 "DELETE /v2.0/qos/policies/c2ab2ebd-b97a-4c5e-ab57-a3e84088d65e HTTP/1.1" status: 204 len: 168 time: 0.0417747
2026-04-28 18:37:24.813 10 INFO neutron.api.wsgi [None req-b65e2cdf-89bd-4196-b8de-5a66ea769135 4d4f1a08ab2745c68e0c4f91d9c5bd29 7abfa3f976fe4d209aaf607b87b834d2 - - default default] 10.0.0.252 "DELETE /v2.0/qos/policies/ce0ceb37-f76c-4133-bb22-9784d5ace0d3 HTTP/1.1" status: 204 len: 168 time: 0.0579474
2026-04-28 18:37:24.842 9 INFO neutron.db.ovn_revision_numbers_db [None req-5b523386-fcef-4285-a470-045fb6975f2e 71d621932e4d494ba04d567f54cdddc4 9722fe5f9f2840afbf67f88c55eb3589 - - default default] Successfully bumped revision number for resource f4a622e0-0814-4faf-a807-b2666867afbb (type: router_ports) to 1
2026-04-28 18:37:24.848 9 INFO neutron.api.wsgi [None req-5b523386-fcef-4285-a470-045fb6975f2e 71d621932e4d494ba04d567f54cdddc4 9722fe5f9f2840afbf67f88c55eb3589 - - default default] 10.0.0.252 "PUT /v2.0/routers/c76e43a4-4e35-415e-a849-e77390714d49/add_router_interface HTTP/1.1" status: 200 len: 503 time: 1.4887466
