2026-04-28 18:00:40.363 15 INFO neutron.plugins.ml2.drivers.ovn.mech_driver.ovsdb.maintenance [None req-0c8dda38-f454-4fe2-8355-8d39d2b40fb8 - - - - - -] OVN maintenance task set_network_type finished in 0.004 seconds
2026-04-28 18:00:40.364 15 INFO neutron.plugins.ml2.drivers.ovn.mech_driver.ovsdb.maintenance [None req-0c8dda38-f454-4fe2-8355-8d39d2b40fb8 - - - - - -] OVN maintenance task update_mac_aging_settings finished in 0.001 seconds
2026-04-28 18:00:40.368 15 INFO neutron.plugins.ml2.drivers.ovn.mech_driver.ovsdb.maintenance [None req-0c8dda38-f454-4fe2-8355-8d39d2b40fb8 - - - - - -] OVN maintenance task update_router_distributed_flag finished in 0.003 seconds
2026-04-28 18:00:40.369 15 INFO neutron.plugins.ml2.drivers.ovn.mech_driver.ovsdb.maintenance [None req-0c8dda38-f454-4fe2-8355-8d39d2b40fb8 - - - - - -] OVN maintenance task update_router_static_routes finished in 0.000 seconds
2026-04-28 18:00:40.378 15 INFO neutron.plugins.ml2.drivers.ovn.mech_driver.ovsdb.maintenance [None req-0c8dda38-f454-4fe2-8355-8d39d2b40fb8 - - - - - -] OVN maintenance task update_security_group_with_address_group finished in 0.009 seconds
2026-04-28 18:00:43.416 9 INFO neutron.api.wsgi [-] 10.0.0.22 "GET / HTTP/1.1" status: 200 len: 247 time: 0.0066082 /var/lib/openstack/lib/python3.12/site-packages/pycadf/identifier.py:71: UserWarning: Invalid uuid: unknown. To ensure interoperability, identifiers should be a valid uuid. warnings.warn(('Invalid uuid: %s. To ensure interoperability, '
2026-04-28 18:00:48.555 10 INFO neutron.pecan_wsgi.hooks.translation [None req-d2f08101-78ff-45b2-8a91-e01bd4611db3 d96e52cac3b2466886195e5b55f7629c 289be8de81ae4719a101d91082ea35aa - - default default] GET failed (client error): The resource could not be found.
2026-04-28 18:00:48.556 10 INFO neutron.api.wsgi [None req-d2f08101-78ff-45b2-8a91-e01bd4611db3 d96e52cac3b2466886195e5b55f7629c 289be8de81ae4719a101d91082ea35aa - - default default] 199.19.213.114,10.0.0.22 "GET /v2.0/networks/public HTTP/1.1" status: 404 len: 290 time: 0.6267347
2026-04-28 18:00:48.577 10 INFO neutron.api.wsgi [None req-30ef0d8a-cc77-498e-a55a-e6e8a17c04dd d96e52cac3b2466886195e5b55f7629c 289be8de81ae4719a101d91082ea35aa - - default default] 199.19.213.114,10.0.0.22 "GET /v2.0/networks?name=public HTTP/1.1" status: 200 len: 189 time: 0.0167565
2026-04-28 18:00:48.860 10 INFO neutron.plugins.ml2.drivers.ovn.mech_driver.ovsdb.extensions.qos [None req-ae296656-7d91-4c3b-9410-c1f1d8e364f3 d96e52cac3b2466886195e5b55f7629c 289be8de81ae4719a101d91082ea35aa - - default default] Starting OVNClientQosExtension
2026-04-28 18:00:48.860 10 INFO neutron.plugins.ml2.drivers.ovn.mech_driver.ovsdb.extensions.placement [None req-ae296656-7d91-4c3b-9410-c1f1d8e364f3 d96e52cac3b2466886195e5b55f7629c 289be8de81ae4719a101d91082ea35aa - - default default] Starting OVNClientPlacementExtension
2026-04-28 18:00:48.896 10 INFO neutron.db.ovn_revision_numbers_db [None req-ae296656-7d91-4c3b-9410-c1f1d8e364f3 d96e52cac3b2466886195e5b55f7629c 289be8de81ae4719a101d91082ea35aa - - default default] Successfully bumped revision number for resource a2490358-802b-4adc-8da8-d2991f7d85f4 (type: security_groups) to 1
2026-04-28 18:00:48.909 10 INFO neutron.db.ovn_revision_numbers_db [None req-ae296656-7d91-4c3b-9410-c1f1d8e364f3 d96e52cac3b2466886195e5b55f7629c 289be8de81ae4719a101d91082ea35aa - - default default] Successfully bumped revision number for resource 0871e631-92a4-4ac4-9535-dd46fa0345fa (type: security_group_rules) to 0
2026-04-28 18:00:48.920 10 INFO neutron.db.ovn_revision_numbers_db [None req-ae296656-7d91-4c3b-9410-c1f1d8e364f3 d96e52cac3b2466886195e5b55f7629c 289be8de81ae4719a101d91082ea35aa - - default default] Successfully bumped revision number for resource 79139466-b819-4d69-8090-37543b9088cb (type: security_group_rules) to 0
2026-04-28 18:00:48.932 10 INFO neutron.db.ovn_revision_numbers_db [None req-ae296656-7d91-4c3b-9410-c1f1d8e364f3 d96e52cac3b2466886195e5b55f7629c 289be8de81ae4719a101d91082ea35aa - - default default] Successfully bumped revision number for resource c066fcb5-0797-4845-beb9-e33890eb39ee (type: security_group_rules) to 0
2026-04-28 18:00:48.944 10 INFO neutron.db.ovn_revision_numbers_db [None req-ae296656-7d91-4c3b-9410-c1f1d8e364f3 d96e52cac3b2466886195e5b55f7629c 289be8de81ae4719a101d91082ea35aa - - default default] Successfully bumped revision number for resource e8ea3a7a-3927-48cc-834f-c8097a53fdce (type: security_group_rules) to 0
2026-04-28 18:00:49.015 10 WARNING neutron.services.revisions.revision_plugin [None req-ae296656-7d91-4c3b-9410-c1f1d8e364f3 d96e52cac3b2466886195e5b55f7629c 289be8de81ae4719a101d91082ea35aa - - default default] Could not find related network for resource to bump revision.
2026-04-28 18:00:49.042 10 INFO neutron.db.segments_db [None req-ae296656-7d91-4c3b-9410-c1f1d8e364f3 d96e52cac3b2466886195e5b55f7629c 289be8de81ae4719a101d91082ea35aa - - default default] Added segment cc57a3af-892a-4018-b58e-15e7c34fa424 of type flat for network 9e705714-b02a-48d8-89d5-7fe4e4d0fe0a
2026-04-28 18:00:49.185 10 INFO neutron.db.ovn_revision_numbers_db [None req-ae296656-7d91-4c3b-9410-c1f1d8e364f3 d96e52cac3b2466886195e5b55f7629c 289be8de81ae4719a101d91082ea35aa - - default default] Successfully bumped revision number for resource 9e705714-b02a-48d8-89d5-7fe4e4d0fe0a (type: networks) to 1
2026-04-28 18:00:49.430 10 WARNING neutron.scheduler.dhcp_agent_scheduler [None req-ae296656-7d91-4c3b-9410-c1f1d8e364f3 d96e52cac3b2466886195e5b55f7629c 289be8de81ae4719a101d91082ea35aa - - default default] No more DHCP agents
2026-04-28 18:00:49.431 10 WARNING neutron.api.rpc.agentnotifiers.dhcp_rpc_agent_api [None req-ae296656-7d91-4c3b-9410-c1f1d8e364f3 d96e52cac3b2466886195e5b55f7629c 289be8de81ae4719a101d91082ea35aa - - default default] Unable to schedule network 9e705714-b02a-48d8-89d5-7fe4e4d0fe0a: no agents available; will retry on subsequent port and subnet creation events.
2026-04-28 18:00:49.514 10 INFO neutron.db.ovn_revision_numbers_db [None req-ae296656-7d91-4c3b-9410-c1f1d8e364f3 d96e52cac3b2466886195e5b55f7629c 289be8de81ae4719a101d91082ea35aa - - default default] Successfully bumped revision number for resource ae8d8bcb-a29f-499c-8301-f7960612572b (type: ports) to 1
2026-04-28 18:00:49.537 10 INFO neutron.api.wsgi [None req-ae296656-7d91-4c3b-9410-c1f1d8e364f3 d96e52cac3b2466886195e5b55f7629c 289be8de81ae4719a101d91082ea35aa - - default default] 199.19.213.114,10.0.0.22 "POST /v2.0/networks HTTP/1.1" status: 201 len: 886 time: 0.9536424
2026-04-28 18:00:50.176 15 WARNING neutron.plugins.ml2.drivers.ovn.mech_driver.ovsdb.ovn_db_sync [None req-e9687319-d47a-4825-909e-56418dcb3dfd - - - - - -] New host instance found in OVN SB DB, but not in Neutron. Add its SegmentHostMapping in Neutron
2026-04-28 18:00:50.434 15 INFO neutron.plugins.ml2.drivers.ovn.mech_driver.ovsdb.extensions.qos [None req-0a06e9a3-8744-407f-ab53-ad10557c01e4 - - - - - -] Starting OVNClientQosExtension
2026-04-28 18:00:50.465 15 INFO neutron.plugins.ml2.drivers.ovn.mech_driver.ovsdb.extensions.qos [None req-0a06e9a3-8744-407f-ab53-ad10557c01e4 - - - - - -] Starting OVNClientQosExtension
2026-04-28 18:00:50.699 10 INFO neutron.pecan_wsgi.hooks.translation [None req-b92cf8f3-82c7-4e5b-88a1-801d9b121784 d96e52cac3b2466886195e5b55f7629c 289be8de81ae4719a101d91082ea35aa - - default default] GET failed (client error): The resource could not be found.
2026-04-28 18:00:50.700 10 INFO neutron.api.wsgi [None req-b92cf8f3-82c7-4e5b-88a1-801d9b121784 d96e52cac3b2466886195e5b55f7629c 289be8de81ae4719a101d91082ea35aa - - default default] 199.19.213.114,10.0.0.22 "GET /v2.0/networks/public HTTP/1.1" status: 404 len: 290 time: 0.0489767
2026-04-28 18:00:50.730 10 INFO neutron.api.wsgi [None req-f88de1fc-6f27-4e46-8620-85887f6d7ce4 d96e52cac3b2466886195e5b55f7629c 289be8de81ae4719a101d91082ea35aa - - default default] 199.19.213.114,10.0.0.22 "GET /v2.0/networks?name=public HTTP/1.1" status: 200 len: 890 time: 0.0259306
2026-04-28 18:00:50.753 10 INFO neutron.pecan_wsgi.hooks.translation [None req-456a05c1-7067-4d0c-907e-2609687d47d9 d96e52cac3b2466886195e5b55f7629c 289be8de81ae4719a101d91082ea35aa - - default default] GET failed (client error): The resource could not be found.
2026-04-28 18:00:50.754 10 INFO neutron.api.wsgi [None req-456a05c1-7067-4d0c-907e-2609687d47d9 d96e52cac3b2466886195e5b55f7629c 289be8de81ae4719a101d91082ea35aa - - default default] 199.19.213.114,10.0.0.22 "GET /v2.0/subnets/public-subnet?network_id=9e705714-b02a-48d8-89d5-7fe4e4d0fe0a HTTP/1.1" status: 404 len: 295 time: 0.0176313
2026-04-28 18:00:50.777 10 INFO neutron.api.wsgi [None req-34aef407-5aba-42a4-a5e2-a8ab6600a731 d96e52cac3b2466886195e5b55f7629c 289be8de81ae4719a101d91082ea35aa - - default default] 199.19.213.114,10.0.0.22 "GET /v2.0/subnets?name=public-subnet&network_id=9e705714-b02a-48d8-89d5-7fe4e4d0fe0a HTTP/1.1" status: 200 len: 188 time: 0.0176594
2026-04-28 18:00:50.997 10 WARNING neutron.scheduler.dhcp_agent_scheduler [None req-1c5acf6c-4b98-40b2-96b8-9b212d80d7a1 d96e52cac3b2466886195e5b55f7629c 289be8de81ae4719a101d91082ea35aa - - default default] No more DHCP agents
2026-04-28 18:00:50.998 10 WARNING neutron.api.rpc.agentnotifiers.dhcp_rpc_agent_api [None req-1c5acf6c-4b98-40b2-96b8-9b212d80d7a1 d96e52cac3b2466886195e5b55f7629c 289be8de81ae4719a101d91082ea35aa - - default default] Unable to schedule network 9e705714-b02a-48d8-89d5-7fe4e4d0fe0a: no agents available; will retry on subsequent port and subnet creation events.
2026-04-28 18:00:51.439 10 INFO neutron.db.ovn_revision_numbers_db [None req-22dd2433-5691-4218-a34a-828074c68471 - - - - - -] Successfully bumped revision number for resource ae8d8bcb-a29f-499c-8301-f7960612572b (type: ports) to 2
2026-04-28 18:00:51.470 10 INFO neutron.db.ovn_revision_numbers_db [None req-22dd2433-5691-4218-a34a-828074c68471 - - - - - -] Successfully bumped revision number for resource f4f78ec6-a3e7-441c-831e-7cd9c7fc95ce (type: subnets) to 0
2026-04-28 18:00:51.483 10 INFO neutron.api.wsgi [None req-1c5acf6c-4b98-40b2-96b8-9b212d80d7a1 d96e52cac3b2466886195e5b55f7629c 289be8de81ae4719a101d91082ea35aa - - default default] 199.19.213.114,10.0.0.22 "POST /v2.0/subnets HTTP/1.1" status: 201 len: 844 time: 0.6987460
2026-04-28 18:00:53.404 9 INFO neutron.api.wsgi [-] 10.0.0.22 "GET / HTTP/1.1" status: 200 len: 247 time: 0.0020077
2026-04-28 18:01:08.403 9 INFO neutron.api.wsgi [-] 10.0.0.22 "GET / HTTP/1.1" status: 200 len: 247 time: 0.0011640
2026-04-28 18:01:23.405 10 INFO neutron.api.wsgi [-] 10.0.0.22 "GET / HTTP/1.1" status: 200 len: 247 time: 0.0020101
2026-04-28 18:01:38.405 9 INFO neutron.api.wsgi [-] 10.0.0.22 "GET / HTTP/1.1" status: 200 len: 247 time: 0.0025396
2026-04-28 18:01:38.405 10 INFO neutron.api.wsgi [-] 10.0.0.22 "GET / HTTP/1.1" status: 200 len: 247 time: 0.0025899
2026-04-28 18:01:53.404 9 INFO neutron.api.wsgi [-] 10.0.0.22 "GET / HTTP/1.1" status: 200 len: 247 time: 0.0022597
2026-04-28 18:01:53.406 10 INFO neutron.api.wsgi [-] 10.0.0.22 "GET / HTTP/1.1" status: 200 len: 247 time: 0.0033906
2026-04-28 18:02:08.404 9 INFO neutron.api.wsgi [-] 10.0.0.22 "GET / HTTP/1.1" status: 200 len: 247 time: 0.0018868
2026-04-28 18:02:08.406 9 INFO neutron.api.wsgi [-] 10.0.0.22 "GET / HTTP/1.1" status: 200 len: 247 time: 0.0010927
2026-04-28 18:02:23.404 9 INFO neutron.api.wsgi [-] 10.0.0.22 "GET / HTTP/1.1" status: 200 len: 247 time: 0.0016589
2026-04-28 18:02:23.406 9 INFO neutron.api.wsgi [-] 10.0.0.22 "GET / HTTP/1.1" status: 200 len: 247 time: 0.0011349
2026-04-28 18:02:38.404 10 INFO neutron.api.wsgi [-] 10.0.0.22 "GET / HTTP/1.1" status: 200 len: 247 time: 0.0017223
2026-04-28 18:02:38.405 9 INFO neutron.api.wsgi [-] 10.0.0.22 "GET / HTTP/1.1" status: 200 len: 247 time: 0.0029559
2026-04-28 18:02:53.403 9 INFO neutron.api.wsgi [-] 10.0.0.22 "GET / HTTP/1.1" status: 200 len: 247 time: 0.0012388
2026-04-28 18:02:53.405 10 INFO neutron.api.wsgi [-] 10.0.0.22 "GET / HTTP/1.1" status: 200 len: 247 time: 0.0024495
2026-04-28 18:03:08.403 9 INFO neutron.api.wsgi [-] 10.0.0.22 "GET / HTTP/1.1" status: 200 len: 247 time: 0.0015647
2026-04-28 18:03:08.404 10 INFO neutron.api.wsgi [-] 10.0.0.22 "GET / HTTP/1.1" status: 200 len: 247 time: 0.0022376
2026-04-28 18:03:23.404 10 INFO neutron.api.wsgi [-] 10.0.0.22 "GET / HTTP/1.1" status: 200 len: 247 time: 0.0022593
2026-04-28 18:03:23.406 9 INFO neutron.api.wsgi [-] 10.0.0.22 "GET / HTTP/1.1" status: 200 len: 247 time: 0.0034146
2026-04-28 18:03:38.404 10 INFO neutron.api.wsgi [-] 10.0.0.22 "GET / HTTP/1.1" status: 200 len: 247 time: 0.0014160
2026-04-28 18:03:38.405 9 INFO neutron.api.wsgi [-] 10.0.0.22 "GET / HTTP/1.1" status: 200 len: 247 time: 0.0025759
2026-04-28 18:03:53.406 10 INFO neutron.api.wsgi [-] 10.0.0.22 "GET / HTTP/1.1" status: 200 len: 247 time: 0.0031495
2026-04-28 18:03:53.408 10 INFO neutron.api.wsgi [-] 10.0.0.22 "GET / HTTP/1.1" status: 200 len: 247 time: 0.0015843
2026-04-28 18:04:08.412 9 INFO neutron.api.wsgi [-] 10.0.0.22 "GET / HTTP/1.1" status: 200 len: 247 time: 0.0030658
2026-04-28 18:04:08.420 9 INFO neutron.api.wsgi [-] 10.0.0.22 "GET / HTTP/1.1" status: 200 len: 247 time: 0.0073290
2026-04-28 18:04:23.405 10 INFO neutron.api.wsgi [-] 10.0.0.22 "GET / HTTP/1.1" status: 200 len: 247 time: 0.0024619
2026-04-28 18:04:23.405 9 INFO neutron.api.wsgi [-] 10.0.0.22 "GET / HTTP/1.1" status: 200 len: 247 time: 0.0024455
2026-04-28 18:04:38.406 10 INFO neutron.api.wsgi [-] 10.0.0.22 "GET / HTTP/1.1" status: 200 len: 247 time: 0.0033138
2026-04-28 18:04:38.418 10 INFO neutron.api.wsgi [-] 10.0.0.22 "GET / HTTP/1.1" status: 200 len: 247 time: 0.0014834
2026-04-28 18:04:53.403 9 INFO neutron.api.wsgi [-] 10.0.0.22 "GET / HTTP/1.1" status: 200 len: 247 time: 0.0011964
2026-04-28 18:04:53.403 10 INFO neutron.api.wsgi [-] 10.0.0.22 "GET / HTTP/1.1" status: 200 len: 247 time: 0.0016484
2026-04-28 18:05:08.405 10 INFO neutron.api.wsgi [-] 10.0.0.22 "GET / HTTP/1.1" status: 200 len: 247 time: 0.0027983
2026-04-28 18:05:08.407 10 INFO neutron.api.wsgi [-] 10.0.0.22 "GET / HTTP/1.1" status: 200 len: 247 time: 0.0013738
2026-04-28 18:05:23.404 9 INFO neutron.api.wsgi [-] 10.0.0.22 "GET / HTTP/1.1" status: 200 len: 247 time: 0.0015740
2026-04-28 18:05:23.404 10 INFO neutron.api.wsgi [-] 10.0.0.22 "GET / HTTP/1.1" status: 200 len: 247 time: 0.0017092 /var/lib/openstack/lib/python3.12/site-packages/pycadf/identifier.py:71: UserWarning: Invalid uuid: unknown. To ensure interoperability, identifiers should be a valid uuid. warnings.warn(('Invalid uuid: %s. To ensure interoperability, '
2026-04-28 18:05:31.141 9 INFO neutron.pecan_wsgi.hooks.translation [None req-1948cf49-118c-4174-b02f-3585d6b7dc2d d96e52cac3b2466886195e5b55f7629c 289be8de81ae4719a101d91082ea35aa - - default default] GET failed (client error): The resource could not be found.
2026-04-28 18:05:31.143 9 INFO neutron.api.wsgi [None req-1948cf49-118c-4174-b02f-3585d6b7dc2d d96e52cac3b2466886195e5b55f7629c 289be8de81ae4719a101d91082ea35aa - - default default] 199.19.213.114,10.0.0.22 "GET /v2.0/networks/lb-mgmt-net HTTP/1.1" status: 404 len: 295 time: 0.5710640
2026-04-28 18:05:31.165 9 INFO neutron.api.wsgi [None req-154c8148-1820-421e-bc6b-16d6c094cda4 d96e52cac3b2466886195e5b55f7629c 289be8de81ae4719a101d91082ea35aa - - default default] 199.19.213.114,10.0.0.22 "GET /v2.0/networks?name=lb-mgmt-net HTTP/1.1" status: 200 len: 189 time: 0.0176265
2026-04-28 18:05:31.398 9 INFO neutron.db.segments_db [None req-e76f3b8e-50f9-4a0b-bf61-6be4b99550a4 d96e52cac3b2466886195e5b55f7629c 289be8de81ae4719a101d91082ea35aa - - default default] Added segment 01f801f2-dd28-468e-9619-506c2bb095e8 of type geneve for network 01497188-24b8-4c97-9b55-fbd2b9dda937
2026-04-28 18:05:31.558 9 INFO neutron.plugins.ml2.drivers.ovn.mech_driver.ovsdb.extensions.qos [None req-e76f3b8e-50f9-4a0b-bf61-6be4b99550a4 d96e52cac3b2466886195e5b55f7629c 289be8de81ae4719a101d91082ea35aa - - default default] Starting OVNClientQosExtension
2026-04-28 18:05:31.558 9 INFO neutron.plugins.ml2.drivers.ovn.mech_driver.ovsdb.extensions.placement [None req-e76f3b8e-50f9-4a0b-bf61-6be4b99550a4 d96e52cac3b2466886195e5b55f7629c 289be8de81ae4719a101d91082ea35aa - - default default] Starting OVNClientPlacementExtension
2026-04-28 18:05:31.599 9 INFO neutron.db.ovn_revision_numbers_db [None req-e76f3b8e-50f9-4a0b-bf61-6be4b99550a4 d96e52cac3b2466886195e5b55f7629c 289be8de81ae4719a101d91082ea35aa - - default default] Successfully bumped revision number for resource 01497188-24b8-4c97-9b55-fbd2b9dda937 (type: networks) to 1
2026-04-28 18:05:31.831 9 WARNING neutron.scheduler.dhcp_agent_scheduler [None req-e76f3b8e-50f9-4a0b-bf61-6be4b99550a4 d96e52cac3b2466886195e5b55f7629c 289be8de81ae4719a101d91082ea35aa - - default default] No more DHCP agents
2026-04-28 18:05:31.837 9 WARNING neutron.api.rpc.agentnotifiers.dhcp_rpc_agent_api [None req-e76f3b8e-50f9-4a0b-bf61-6be4b99550a4 d96e52cac3b2466886195e5b55f7629c 289be8de81ae4719a101d91082ea35aa - - default default] Unable to schedule network 01497188-24b8-4c97-9b55-fbd2b9dda937: no agents available; will retry on subsequent port and subnet creation events.
2026-04-28 18:05:31.937 9 INFO neutron.db.ovn_revision_numbers_db [None req-e76f3b8e-50f9-4a0b-bf61-6be4b99550a4 d96e52cac3b2466886195e5b55f7629c 289be8de81ae4719a101d91082ea35aa - - default default] Successfully bumped revision number for resource aae1285d-4e1a-4762-a658-e32212f4b8de (type: ports) to 1
2026-04-28 18:05:31.961 9 INFO neutron.api.wsgi [None req-e76f3b8e-50f9-4a0b-bf61-6be4b99550a4 d96e52cac3b2466886195e5b55f7629c 289be8de81ae4719a101d91082ea35aa - - default default] 199.19.213.114,10.0.0.22 "POST /v2.0/networks HTTP/1.1" status: 201 len: 890 time: 0.7899890
2026-04-28 18:05:32.859 9 INFO neutron.pecan_wsgi.hooks.translation [None req-e0bf8179-daff-4e46-b787-322a9c74deec d96e52cac3b2466886195e5b55f7629c 289be8de81ae4719a101d91082ea35aa - - default default] GET failed (client error): The resource could not be found.
2026-04-28 18:05:32.861 9 INFO neutron.api.wsgi [None req-e0bf8179-daff-4e46-b787-322a9c74deec d96e52cac3b2466886195e5b55f7629c 289be8de81ae4719a101d91082ea35aa - - default default] 199.19.213.114,10.0.0.22 "GET /v2.0/networks/lb-mgmt-net HTTP/1.1" status: 404 len: 295 time: 0.0369020
2026-04-28 18:05:32.896 9 INFO neutron.api.wsgi [None req-4f963c1b-7e80-44b4-a4ea-f97b1bbf79bd d96e52cac3b2466886195e5b55f7629c 289be8de81ae4719a101d91082ea35aa - - default default] 199.19.213.114,10.0.0.22 "GET /v2.0/networks?name=lb-mgmt-net HTTP/1.1" status: 200 len: 875 time: 0.0319080
2026-04-28 18:05:32.922 9 INFO neutron.pecan_wsgi.hooks.translation [None req-3f997501-e9a7-481e-b1ff-03fa27cc8bfb d96e52cac3b2466886195e5b55f7629c 289be8de81ae4719a101d91082ea35aa - - default default] GET failed (client error): The resource could not be found.
2026-04-28 18:05:32.924 9 INFO neutron.api.wsgi [None req-3f997501-e9a7-481e-b1ff-03fa27cc8bfb d96e52cac3b2466886195e5b55f7629c 289be8de81ae4719a101d91082ea35aa - - default default] 199.19.213.114,10.0.0.22 "GET /v2.0/subnets/lb-mgmt-subnet?network_id=01497188-24b8-4c97-9b55-fbd2b9dda937 HTTP/1.1" status: 404 len: 296 time: 0.0180709
2026-04-28 18:05:32.941 9 INFO neutron.api.wsgi [None req-8c333b49-2572-4be0-8364-35104c3e4630 d96e52cac3b2466886195e5b55f7629c 289be8de81ae4719a101d91082ea35aa - - default default] 199.19.213.114,10.0.0.22 "GET /v2.0/subnets?name=lb-mgmt-subnet&network_id=01497188-24b8-4c97-9b55-fbd2b9dda937 HTTP/1.1" status: 200 len: 188 time: 0.0156529
2026-04-28 18:05:33.103 9 WARNING neutron.scheduler.dhcp_agent_scheduler [None req-f3c4ec0e-112a-41ef-bf59-7b13108783dd d96e52cac3b2466886195e5b55f7629c 289be8de81ae4719a101d91082ea35aa - - default default] No more DHCP agents
2026-04-28 18:05:33.104 9 WARNING neutron.api.rpc.agentnotifiers.dhcp_rpc_agent_api [None req-f3c4ec0e-112a-41ef-bf59-7b13108783dd d96e52cac3b2466886195e5b55f7629c 289be8de81ae4719a101d91082ea35aa - - default default] Unable to schedule network 01497188-24b8-4c97-9b55-fbd2b9dda937: no agents available; will retry on subsequent port and subnet creation events.
2026-04-28 18:05:33.538 9 INFO neutron.db.ovn_revision_numbers_db [None req-17ca8df2-b5cc-44c4-84d2-45589c827b00 - - - - - -] Successfully bumped revision number for resource aae1285d-4e1a-4762-a658-e32212f4b8de (type: ports) to 2
2026-04-28 18:05:33.570 9 INFO neutron.db.ovn_revision_numbers_db [None req-17ca8df2-b5cc-44c4-84d2-45589c827b00 - - - - - -] Successfully bumped revision number for resource 9b2c5b4f-5d00-4c18-ba95-e8f3193db3ff (type: subnets) to 0
2026-04-28 18:05:33.583 9 INFO neutron.api.wsgi [None req-f3c4ec0e-112a-41ef-bf59-7b13108783dd d96e52cac3b2466886195e5b55f7629c 289be8de81ae4719a101d91082ea35aa - - default default] 199.19.213.114,10.0.0.22 "POST /v2.0/subnets HTTP/1.1" status: 201 len: 831 time: 0.6363914
2026-04-28 18:05:34.712 9 INFO neutron.api.v2.resource [None req-9adb4c23-3b79-46a4-878e-d79c608917b3 d96e52cac3b2466886195e5b55f7629c 289be8de81ae4719a101d91082ea35aa - - default default] show failed (client error): The resource could not be found.
2026-04-28 18:05:34.713 9 INFO neutron.api.wsgi [None req-9adb4c23-3b79-46a4-878e-d79c608917b3 d96e52cac3b2466886195e5b55f7629c 289be8de81ae4719a101d91082ea35aa - - default default] 199.19.213.114,10.0.0.22 "GET /v2.0/security-groups/lb-health-mgr-sec-grp HTTP/1.1" status: 404 len: 313 time: 0.0407608
2026-04-28 18:05:34.745 9 INFO neutron.api.wsgi [None req-da8340b0-db99-4187-972e-1b0768712774 d96e52cac3b2466886195e5b55f7629c 289be8de81ae4719a101d91082ea35aa - - default default] 199.19.213.114,10.0.0.22 "GET /v2.0/security-groups?name=lb-health-mgr-sec-grp HTTP/1.1" status: 200 len: 197 time: 0.0270083
2026-04-28 18:05:34.891 9 INFO neutron.db.ovn_revision_numbers_db [None req-76057e6e-e413-460f-b3ad-80772f307d1c d96e52cac3b2466886195e5b55f7629c 289be8de81ae4719a101d91082ea35aa - - default default] Successfully bumped revision number for resource e052f51b-db24-4e9f-be3b-0fc7337b0847 (type: security_groups) to 1
2026-04-28 18:05:34.907 9 INFO neutron.db.ovn_revision_numbers_db [None req-76057e6e-e413-460f-b3ad-80772f307d1c d96e52cac3b2466886195e5b55f7629c 289be8de81ae4719a101d91082ea35aa - - default default] Successfully bumped revision number for resource 90254097-0e58-42c4-86e7-ffefba171bc0 (type: security_group_rules) to 0
2026-04-28 18:05:34.928 9 INFO neutron.db.ovn_revision_numbers_db [None req-76057e6e-e413-460f-b3ad-80772f307d1c d96e52cac3b2466886195e5b55f7629c 289be8de81ae4719a101d91082ea35aa - - default default] Successfully bumped revision number for resource c050eb67-8004-43bb-8896-b1f18d7690dd (type: security_group_rules) to 0
2026-04-28 18:05:34.962 9 INFO neutron.api.wsgi [None req-76057e6e-e413-460f-b3ad-80772f307d1c d96e52cac3b2466886195e5b55f7629c 289be8de81ae4719a101d91082ea35aa - - default default] 199.19.213.114,10.0.0.22 "POST /v2.0/security-groups HTTP/1.1" status: 201 len: 1797 time: 0.2115173
2026-04-28 18:05:36.065 9 INFO neutron.api.wsgi [None req-4ea7aea3-ddfa-430f-9bc4-165a8847e612 d96e52cac3b2466886195e5b55f7629c 289be8de81ae4719a101d91082ea35aa - - default default] 199.19.213.114,10.0.0.22 "GET /v2.0/security-groups/e052f51b-db24-4e9f-be3b-0fc7337b0847 HTTP/1.1" status: 200 len: 1792 time: 0.0482335
2026-04-28 18:05:36.092 9 INFO neutron.api.wsgi [None req-cb54cba6-7f78-4af5-b7bd-e9ae20f822e5 d96e52cac3b2466886195e5b55f7629c 289be8de81ae4719a101d91082ea35aa - - default default] 199.19.213.114,10.0.0.22 "GET /v2.0/security-groups/e052f51b-db24-4e9f-be3b-0fc7337b0847 HTTP/1.1" status: 200 len: 1792 time: 0.0207708
2026-04-28 18:05:36.120 9 INFO neutron.api.wsgi [None req-936d6549-8aa4-4b80-a294-f0423149eaf4 d96e52cac3b2466886195e5b55f7629c 289be8de81ae4719a101d91082ea35aa - - default default] 199.19.213.114,10.0.0.22 "GET /v2.0/security-groups/e052f51b-db24-4e9f-be3b-0fc7337b0847 HTTP/1.1" status: 200 len: 1792 time: 0.0212908
2026-04-28 18:05:36.228 9 INFO neutron.db.ovn_revision_numbers_db [None req-f3f6fce5-f55b-40a6-84a2-d5de3e6c9024 d96e52cac3b2466886195e5b55f7629c 289be8de81ae4719a101d91082ea35aa - - default default] Successfully bumped revision number for resource 97b40e7f-b4a7-4608-9e1e-040f62ee12f6 (type: security_group_rules) to 0
2026-04-28 18:05:36.260 9 INFO neutron.api.wsgi [None req-f3f6fce5-f55b-40a6-84a2-d5de3e6c9024 d96e52cac3b2466886195e5b55f7629c 289be8de81ae4719a101d91082ea35aa - - default default] 199.19.213.114,10.0.0.22 "POST /v2.0/security-group-rules HTTP/1.1" status: 201 len: 781 time: 0.1347260
2026-04-28 18:05:37.095 9 INFO neutron.api.wsgi [None req-a5192ce9-472b-457b-a0f5-540636212d6e d96e52cac3b2466886195e5b55f7629c 289be8de81ae4719a101d91082ea35aa - - default default] 199.19.213.114,10.0.0.22 "GET /v2.0/security-groups/e052f51b-db24-4e9f-be3b-0fc7337b0847 HTTP/1.1" status: 200 len: 2406 time: 0.0456750
2026-04-28 18:05:37.128 9 INFO neutron.api.wsgi [None req-7d82c627-2ef9-4db9-a994-6d48fe299c95 d96e52cac3b2466886195e5b55f7629c 289be8de81ae4719a101d91082ea35aa - - default default] 199.19.213.114,10.0.0.22 "GET /v2.0/security-groups/e052f51b-db24-4e9f-be3b-0fc7337b0847 HTTP/1.1" status: 200 len: 2406 time: 0.0243814
2026-04-28 18:05:37.165 9 INFO neutron.api.wsgi [None req-5d68c2e2-4aa3-4151-9ce9-788426f45ff4 d96e52cac3b2466886195e5b55f7629c 289be8de81ae4719a101d91082ea35aa - - default default] 199.19.213.114,10.0.0.22 "GET /v2.0/security-groups/e052f51b-db24-4e9f-be3b-0fc7337b0847 HTTP/1.1" status: 200 len: 2406 time: 0.0307524
2026-04-28 18:05:37.285 9 INFO neutron.db.ovn_revision_numbers_db [None req-49b8e814-00f5-43cf-b06f-e96969721b85 d96e52cac3b2466886195e5b55f7629c 289be8de81ae4719a101d91082ea35aa - - default default] Successfully bumped revision number for resource b1e8e42f-3ad9-4849-acf5-b9a24c1b8a33 (type: security_group_rules) to 0
2026-04-28 18:05:37.312 9 INFO neutron.api.wsgi [None req-49b8e814-00f5-43cf-b06f-e96969721b85 d96e52cac3b2466886195e5b55f7629c 289be8de81ae4719a101d91082ea35aa - - default default] 199.19.213.114,10.0.0.22 "POST /v2.0/security-group-rules HTTP/1.1" status: 201 len: 783 time: 0.1388612
2026-04-28 18:05:38.124 9 INFO neutron.api.wsgi [None req-f8d54863-9be4-4e92-a8cd-50609ec35754 d96e52cac3b2466886195e5b55f7629c 289be8de81ae4719a101d91082ea35aa - - default default] 199.19.213.114,10.0.0.22 "GET /v2.0/security-groups/e052f51b-db24-4e9f-be3b-0fc7337b0847 HTTP/1.1" status: 200 len: 3022 time: 0.0441372
2026-04-28 18:05:38.152 9 INFO neutron.api.wsgi [None req-7d1363a4-865f-44e2-9bc5-0b9f815f7524 d96e52cac3b2466886195e5b55f7629c 289be8de81ae4719a101d91082ea35aa - - default default] 199.19.213.114,10.0.0.22 "GET /v2.0/security-groups/e052f51b-db24-4e9f-be3b-0fc7337b0847 HTTP/1.1" status: 200 len: 3022 time: 0.0224590
2026-04-28 18:05:38.187 9 INFO neutron.api.wsgi [None req-417402a3-83d7-4226-99a8-818188549e78 d96e52cac3b2466886195e5b55f7629c 289be8de81ae4719a101d91082ea35aa - - default default] 199.19.213.114,10.0.0.22 "GET /v2.0/security-groups/e052f51b-db24-4e9f-be3b-0fc7337b0847 HTTP/1.1" status: 200 len: 3022 time: 0.0285828
2026-04-28 18:05:38.327 9 INFO neutron.db.ovn_revision_numbers_db [None req-8133cc0c-63b3-46c5-9fbe-a281fa8646ec d96e52cac3b2466886195e5b55f7629c 289be8de81ae4719a101d91082ea35aa - - default default] Successfully bumped revision number for resource 265ef029-edd6-48bf-8740-2a572bee9f1e (type: security_group_rules) to 0
2026-04-28 18:05:38.354 9 INFO neutron.api.wsgi [None req-8133cc0c-63b3-46c5-9fbe-a281fa8646ec d96e52cac3b2466886195e5b55f7629c 289be8de81ae4719a101d91082ea35aa - - default default] 199.19.213.114,10.0.0.22 "POST /v2.0/security-group-rules HTTP/1.1" status: 201 len: 783 time: 0.1624899
2026-04-28 18:05:38.405 10 INFO neutron.api.wsgi [-] 10.0.0.22 "GET / HTTP/1.1" status: 200 len: 247 time: 0.0032547
2026-04-28 18:05:38.405 9 INFO neutron.api.wsgi [-] 10.0.0.22 "GET / HTTP/1.1" status: 200 len: 247 time: 0.0033216
2026-04-28 18:05:39.208 9 INFO neutron.api.wsgi [None req-7657ce75-edc7-4434-b86b-cb44df690654 d96e52cac3b2466886195e5b55f7629c 289be8de81ae4719a101d91082ea35aa - - default default] 199.19.213.114,10.0.0.22 "GET /v2.0/security-groups/e052f51b-db24-4e9f-be3b-0fc7337b0847 HTTP/1.1" status: 200 len: 3638 time: 0.0524693
2026-04-28 18:05:39.248 9 INFO neutron.api.wsgi [None req-7e8f6107-2daf-437b-bf24-b933d1baf08b d96e52cac3b2466886195e5b55f7629c 289be8de81ae4719a101d91082ea35aa - - default default] 199.19.213.114,10.0.0.22 "GET /v2.0/security-groups/e052f51b-db24-4e9f-be3b-0fc7337b0847 HTTP/1.1" status: 200 len: 3638 time: 0.0320404
2026-04-28 18:05:39.276 9 INFO neutron.api.wsgi [None req-8a06fa30-225b-403f-9ad5-020c78db7c3f d96e52cac3b2466886195e5b55f7629c 289be8de81ae4719a101d91082ea35aa - - default default] 199.19.213.114,10.0.0.22 "GET /v2.0/security-groups/e052f51b-db24-4e9f-be3b-0fc7337b0847 HTTP/1.1" status: 200 len: 3638 time: 0.0234771
2026-04-28 18:05:39.396 9 INFO neutron.db.ovn_revision_numbers_db [None req-be0fbb21-7ce0-44c9-b310-4c39362cb683 d96e52cac3b2466886195e5b55f7629c 289be8de81ae4719a101d91082ea35aa - - default default] Successfully bumped revision number for resource 0c2d8d6c-a77e-4c06-bd1c-08848c73d630 (type: security_group_rules) to 0
2026-04-28 18:05:39.418 9 INFO neutron.api.wsgi [None req-be0fbb21-7ce0-44c9-b310-4c39362cb683 d96e52cac3b2466886195e5b55f7629c 289be8de81ae4719a101d91082ea35aa - - default default] 199.19.213.114,10.0.0.22 "POST /v2.0/security-group-rules HTTP/1.1" status: 201 len: 783 time: 0.1371603
2026-04-28 18:05:40.267 9 INFO neutron.api.wsgi [None req-d68c92c3-74ee-4d83-bd63-9a2c6de01051 d96e52cac3b2466886195e5b55f7629c 289be8de81ae4719a101d91082ea35aa - - default default] 199.19.213.114,10.0.0.22 "GET /v2.0/security-groups/e052f51b-db24-4e9f-be3b-0fc7337b0847 HTTP/1.1" status: 200 len: 4254 time: 0.0559502
2026-04-28 18:05:40.299 9 INFO neutron.api.wsgi [None req-8885a3db-2771-496c-8fd6-5ca6f542ae61 d96e52cac3b2466886195e5b55f7629c 289be8de81ae4719a101d91082ea35aa - - default default] 199.19.213.114,10.0.0.22 "GET /v2.0/security-groups/e052f51b-db24-4e9f-be3b-0fc7337b0847 HTTP/1.1" status: 200 len: 4254 time: 0.0278406
2026-04-28 18:05:40.370 15 INFO neutron.db.ovn_revision_numbers_db [None req-0c8dda38-f454-4fe2-8355-8d39d2b40fb8 - - - - - -] Successfully bumped revision number for resource 9e705714-b02a-48d8-89d5-7fe4e4d0fe0a (type: networks) to 2
2026-04-28 18:05:40.370 15 INFO neutron.plugins.ml2.drivers.ovn.mech_driver.ovsdb.maintenance [None req-0c8dda38-f454-4fe2-8355-8d39d2b40fb8 - - - - - -] OVN maintenance task check_for_inconsistencies finished in 0.097 seconds
2026-04-28 18:05:40.381 9 INFO neutron.api.wsgi [None req-3bcaec65-24fc-46ba-ae63-a761416a1183 d96e52cac3b2466886195e5b55f7629c 289be8de81ae4719a101d91082ea35aa - - default default] 199.19.213.114,10.0.0.22 "GET /v2.0/security-groups/e052f51b-db24-4e9f-be3b-0fc7337b0847 HTTP/1.1" status: 200 len: 4254 time: 0.0746529
2026-04-28 18:05:40.484 9 INFO neutron.db.ovn_revision_numbers_db [None req-87f935e8-7f6c-4c7d-87a2-41ebd1a41ce0 d96e52cac3b2466886195e5b55f7629c 289be8de81ae4719a101d91082ea35aa - - default default] Successfully bumped revision number for resource a96b4648-9775-4860-a9a0-224b7ca874de (type: security_group_rules) to 0
2026-04-28 18:05:40.503 9 INFO neutron.api.wsgi [None req-87f935e8-7f6c-4c7d-87a2-41ebd1a41ce0 d96e52cac3b2466886195e5b55f7629c 289be8de81ae4719a101d91082ea35aa - - default default] 199.19.213.114,10.0.0.22 "POST /v2.0/security-group-rules HTTP/1.1" status: 201 len: 783 time: 0.1169703
2026-04-28 18:05:41.738 10 INFO neutron.api.wsgi [None req-cbfe2d8e-26e4-47bf-9d52-adea055f2b63 d96e52cac3b2466886195e5b55f7629c 289be8de81ae4719a101d91082ea35aa - - default default] 199.19.213.114,10.0.0.22 "GET /v2.0/networks/01497188-24b8-4c97-9b55-fbd2b9dda937 HTTP/1.1" status: 200 len: 910 time: 0.0940571
2026-04-28 18:05:41.771 10 INFO neutron.pecan_wsgi.hooks.translation [None req-4a912dac-6f34-4c15-81ee-960a81927a7a d96e52cac3b2466886195e5b55f7629c 289be8de81ae4719a101d91082ea35aa - - default default] GET failed (client error): The resource could not be found.
2026-04-28 18:05:41.773 10 INFO neutron.api.wsgi [None req-4a912dac-6f34-4c15-81ee-960a81927a7a d96e52cac3b2466886195e5b55f7629c 289be8de81ae4719a101d91082ea35aa - - default default] 199.19.213.114,10.0.0.22 "GET /v2.0/ports/octavia-health-manager-port-instance?network_id=01497188-24b8-4c97-9b55-fbd2b9dda937 HTTP/1.1" status: 404 len: 314 time: 0.0307479
2026-04-28 18:05:41.818 10 INFO neutron.api.wsgi [None req-2b048def-3b4d-40ed-89a1-db6470b910d9 d96e52cac3b2466886195e5b55f7629c 289be8de81ae4719a101d91082ea35aa - - default default] 199.19.213.114,10.0.0.22 "GET /v2.0/ports?name=octavia-health-manager-port-instance&network_id=01497188-24b8-4c97-9b55-fbd2b9dda937 HTTP/1.1" status: 200 len: 186 time: 0.0356002
2026-04-28 18:05:41.849 10 INFO neutron.api.wsgi [None req-73eab75f-0b62-4f21-9a97-cb86f9458dff d96e52cac3b2466886195e5b55f7629c 289be8de81ae4719a101d91082ea35aa - - default default] 199.19.213.114,10.0.0.22 "GET /v2.0/security-groups/e052f51b-db24-4e9f-be3b-0fc7337b0847 HTTP/1.1" status: 200 len: 4870 time: 0.0278938
2026-04-28 18:05:42.206 10 WARNING neutron.scheduler.dhcp_agent_scheduler [None req-6240b13c-57c8-4cfc-9d19-ac68915e8985 d96e52cac3b2466886195e5b55f7629c 289be8de81ae4719a101d91082ea35aa - - default default] No more DHCP agents
2026-04-28 18:05:42.207 10 WARNING neutron.api.rpc.agentnotifiers.dhcp_rpc_agent_api [None req-6240b13c-57c8-4cfc-9d19-ac68915e8985 d96e52cac3b2466886195e5b55f7629c 289be8de81ae4719a101d91082ea35aa - - default default] Unable to schedule network 01497188-24b8-4c97-9b55-fbd2b9dda937: no agents available; will retry on subsequent port and subnet creation events.
2026-04-28 18:05:42.313 10 INFO neutron.db.ovn_revision_numbers_db [None req-6240b13c-57c8-4cfc-9d19-ac68915e8985 d96e52cac3b2466886195e5b55f7629c 289be8de81ae4719a101d91082ea35aa - - default default] Successfully bumped revision number for resource e60d1add-f144-4246-b43c-f83ef1fbe278 (type: ports) to 1
2026-04-28 18:05:42.332 10 INFO neutron.api.wsgi [None req-6240b13c-57c8-4cfc-9d19-ac68915e8985 d96e52cac3b2466886195e5b55f7629c 289be8de81ae4719a101d91082ea35aa - - default default] 199.19.213.114,10.0.0.22 "POST /v2.0/ports HTTP/1.1" status: 201 len: 1281 time: 0.4777048 /var/lib/openstack/lib/python3.12/site-packages/pycadf/identifier.py:71: UserWarning: Invalid uuid: unknown. To ensure interoperability, identifiers should be a valid uuid. warnings.warn(('Invalid uuid: %s. To ensure interoperability, '
2026-04-28 18:05:48.291 10 INFO neutron.pecan_wsgi.hooks.translation [None req-92297ec3-b76d-4c0d-8f25-1126b148d185 d96e52cac3b2466886195e5b55f7629c 289be8de81ae4719a101d91082ea35aa - - default default] GET failed (client error): The resource could not be found.
2026-04-28 18:05:48.292 10 INFO neutron.api.wsgi [None req-92297ec3-b76d-4c0d-8f25-1126b148d185 d96e52cac3b2466886195e5b55f7629c 289be8de81ae4719a101d91082ea35aa - - default default] 199.19.213.114,10.0.0.22 "GET /v2.0/ports/octavia-health-manager-port-instance HTTP/1.1" status: 404 len: 314 time: 0.0404541
2026-04-28 18:05:48.342 10 INFO neutron.api.wsgi [None req-c8c0b9e0-a3bb-4044-88b1-7fa54edd4c09 d96e52cac3b2466886195e5b55f7629c 289be8de81ae4719a101d91082ea35aa - - default default] 199.19.213.114,10.0.0.22 "GET /v2.0/ports?name=octavia-health-manager-port-instance HTTP/1.1" status: 200 len: 1279 time: 0.0459259
2026-04-28 18:05:48.687 10 INFO neutron.db.ovn_revision_numbers_db [None req-269028e6-eee4-4f5c-bd16-0d1c23f266e6 d96e52cac3b2466886195e5b55f7629c 289be8de81ae4719a101d91082ea35aa - - default default] Successfully bumped revision number for resource e60d1add-f144-4246-b43c-f83ef1fbe278 (type: ports) to 1
2026-04-28 18:05:48.884 10 INFO neutron.db.ovn_revision_numbers_db [None req-269028e6-eee4-4f5c-bd16-0d1c23f266e6 d96e52cac3b2466886195e5b55f7629c 289be8de81ae4719a101d91082ea35aa - - default default] Successfully bumped revision number for resource e60d1add-f144-4246-b43c-f83ef1fbe278 (type: ports) to 4
2026-04-28 18:05:48.901 10 INFO neutron.api.wsgi [None req-269028e6-eee4-4f5c-bd16-0d1c23f266e6 d96e52cac3b2466886195e5b55f7629c 289be8de81ae4719a101d91082ea35aa - - default default] 199.19.213.114,10.0.0.22 "PUT /v2.0/ports/e60d1add-f144-4246-b43c-f83ef1fbe278 HTTP/1.1" status: 200 len: 1394 time: 0.5510094
2026-04-28 18:05:50.279 9 INFO neutron.api.wsgi [None req-a2a93dfb-a6fd-4ada-a88f-a02a0664b7fb d96e52cac3b2466886195e5b55f7629c 289be8de81ae4719a101d91082ea35aa - - default default] 199.19.213.114,10.0.0.22 "GET /v2.0/ports HTTP/1.1" status: 200 len: 3511 time: 0.0781775 /var/lib/openstack/lib/python3.12/site-packages/pycadf/identifier.py:71: UserWarning: Invalid uuid: unknown. To ensure interoperability, identifiers should be a valid uuid. warnings.warn(('Invalid uuid: %s. To ensure interoperability, '
2026-04-28 18:05:51.241 10 INFO neutron.api.v2.resource [None req-ec14b8ef-34be-4dd4-8f14-68db3a587346 d96e52cac3b2466886195e5b55f7629c 289be8de81ae4719a101d91082ea35aa - - default default] show failed (client error): The resource could not be found.
2026-04-28 18:05:51.242 10 INFO neutron.api.wsgi [None req-ec14b8ef-34be-4dd4-8f14-68db3a587346 d96e52cac3b2466886195e5b55f7629c 289be8de81ae4719a101d91082ea35aa - - default default] 199.19.213.114,10.0.0.22 "GET /v2.0/security-groups/lb-mgmt-sec-grp HTTP/1.1" status: 404 len: 307 time: 0.0368545
2026-04-28 18:05:51.289 10 INFO neutron.api.wsgi [None req-955ea26e-6b28-478e-bad8-1e72b9f5620e d96e52cac3b2466886195e5b55f7629c 289be8de81ae4719a101d91082ea35aa - - default default] 199.19.213.114,10.0.0.22 "GET /v2.0/security-groups?name=lb-mgmt-sec-grp HTTP/1.1" status: 200 len: 197 time: 0.0417345
2026-04-28 18:05:51.397 10 INFO neutron.db.ovn_revision_numbers_db [None req-4dc57e5a-a3b2-4514-9f4c-8b2e284680ca d96e52cac3b2466886195e5b55f7629c 289be8de81ae4719a101d91082ea35aa - - default default] Successfully bumped revision number for resource 55eba502-6a41-47a2-a5c7-3cbd43e00929 (type: security_groups) to 1
2026-04-28 18:05:51.408 10 INFO neutron.db.ovn_revision_numbers_db [None req-4dc57e5a-a3b2-4514-9f4c-8b2e284680ca d96e52cac3b2466886195e5b55f7629c 289be8de81ae4719a101d91082ea35aa - - default default] Successfully bumped revision number for resource 1b3e9322-465f-4679-b1f2-11f2c8fac92f (type: security_group_rules) to 0
2026-04-28 18:05:51.419 10 INFO neutron.db.ovn_revision_numbers_db [None req-4dc57e5a-a3b2-4514-9f4c-8b2e284680ca d96e52cac3b2466886195e5b55f7629c 289be8de81ae4719a101d91082ea35aa - - default default] Successfully bumped revision number for resource 1dcbbdf4-e589-4a2f-b47f-bae6a8b9ae63 (type: security_group_rules) to 0
2026-04-28 18:05:51.450 10 INFO neutron.api.wsgi [None req-4dc57e5a-a3b2-4514-9f4c-8b2e284680ca d96e52cac3b2466886195e5b55f7629c 289be8de81ae4719a101d91082ea35aa - - default default] 199.19.213.114,10.0.0.22 "POST /v2.0/security-groups HTTP/1.1" status: 201 len: 1791 time: 0.1555634
2026-04-28 18:05:52.356 10 INFO neutron.api.wsgi [None req-8b821901-8b5f-49a1-86d4-3d8eda30d504 d96e52cac3b2466886195e5b55f7629c 289be8de81ae4719a101d91082ea35aa - - default default] 199.19.213.114,10.0.0.22 "GET /v2.0/security-groups/55eba502-6a41-47a2-a5c7-3cbd43e00929 HTTP/1.1" status: 200 len: 1786 time: 0.0468640
2026-04-28 18:05:52.386 10 INFO neutron.api.wsgi [None req-88f2e230-f9d6-489f-ba28-fd2abf444fa1 d96e52cac3b2466886195e5b55f7629c 289be8de81ae4719a101d91082ea35aa - - default default] 199.19.213.114,10.0.0.22 "GET /v2.0/security-groups/55eba502-6a41-47a2-a5c7-3cbd43e00929 HTTP/1.1" status: 200 len: 1786 time: 0.0211155
2026-04-28 18:05:52.410 10 INFO neutron.api.wsgi [None req-ce4fe620-3db2-4ce5-844d-e14f8aba4e6a d96e52cac3b2466886195e5b55f7629c 289be8de81ae4719a101d91082ea35aa - - default default] 199.19.213.114,10.0.0.22 "GET /v2.0/security-groups/55eba502-6a41-47a2-a5c7-3cbd43e00929 HTTP/1.1" status: 200 len: 1786 time: 0.0181198
2026-04-28 18:05:52.515 10 INFO neutron.db.ovn_revision_numbers_db [None req-4687c524-1b97-4410-8a5c-995f42b46a8f d96e52cac3b2466886195e5b55f7629c 289be8de81ae4719a101d91082ea35aa - - default default] Successfully bumped revision number for resource e417b7ca-8ca4-4d75-a564-b3b46be7162f (type: security_group_rules) to 0
2026-04-28 18:05:52.543 10 INFO neutron.api.wsgi [None req-4687c524-1b97-4410-8a5c-995f42b46a8f d96e52cac3b2466886195e5b55f7629c 289be8de81ae4719a101d91082ea35aa - - default default] 199.19.213.114,10.0.0.22 "POST /v2.0/security-group-rules HTTP/1.1" status: 201 len: 803 time: 0.1259241
2026-04-28 18:05:53.398 10 INFO neutron.api.wsgi [None req-8d8424e9-e332-4b80-8b4f-a83ccdf50e06 d96e52cac3b2466886195e5b55f7629c 289be8de81ae4719a101d91082ea35aa - - default default] 199.19.213.114,10.0.0.22 "GET /v2.0/security-groups/55eba502-6a41-47a2-a5c7-3cbd43e00929 HTTP/1.1" status: 200 len: 2422 time: 0.0504498
2026-04-28 18:05:53.403 10 INFO neutron.api.wsgi [-] 10.0.0.22 "GET / HTTP/1.1" status: 200 len: 247 time: 0.0013242
2026-04-28 18:05:53.405 9 INFO neutron.api.wsgi [-] 10.0.0.22 "GET / HTTP/1.1" status: 200 len: 247 time: 0.0027120
2026-04-28 18:05:53.424 10 INFO neutron.api.wsgi [None req-c96cb010-1770-4944-8ceb-56c8de87fdd0 d96e52cac3b2466886195e5b55f7629c 289be8de81ae4719a101d91082ea35aa - - default default] 199.19.213.114,10.0.0.22 "GET /v2.0/security-groups/55eba502-6a41-47a2-a5c7-3cbd43e00929 HTTP/1.1" status: 200 len: 2422 time: 0.0190084
2026-04-28 18:05:53.443 10 INFO neutron.api.wsgi [None req-ce790eca-be54-4d43-b78d-3ea2c5727f4e d96e52cac3b2466886195e5b55f7629c 289be8de81ae4719a101d91082ea35aa - - default default] 199.19.213.114,10.0.0.22 "GET /v2.0/security-groups/55eba502-6a41-47a2-a5c7-3cbd43e00929 HTTP/1.1" status: 200 len: 2422 time: 0.0152161
2026-04-28 18:05:53.544 10 INFO neutron.db.ovn_revision_numbers_db [None req-9047298e-cffb-413b-832b-bf6bc1f30421 d96e52cac3b2466886195e5b55f7629c 289be8de81ae4719a101d91082ea35aa - - default default] Successfully bumped revision number for resource 19b871af-85d6-4447-b4da-3bc006821386 (type: security_group_rules) to 0
2026-04-28 18:05:53.572 10 INFO neutron.api.wsgi [None req-9047298e-cffb-413b-832b-bf6bc1f30421 d96e52cac3b2466886195e5b55f7629c 289be8de81ae4719a101d91082ea35aa - - default default] 199.19.213.114,10.0.0.22 "POST /v2.0/security-group-rules HTTP/1.1" status: 201 len: 807 time: 0.1238711
2026-04-28 18:06:08.405 9 INFO neutron.api.wsgi [-] 10.0.0.22 "GET / HTTP/1.1" status: 200 len: 247 time: 0.0025625
2026-04-28 18:06:08.405 10 INFO neutron.api.wsgi [-] 10.0.0.22 "GET / HTTP/1.1" status: 200 len: 247 time: 0.0028422
2026-04-28 18:06:23.405 10 INFO neutron.api.wsgi [-] 10.0.0.22 "GET / HTTP/1.1" status: 200 len: 247 time: 0.0022044
2026-04-28 18:06:23.407 9 INFO neutron.api.wsgi [-] 10.0.0.22 "GET / HTTP/1.1" status: 200 len: 247 time: 0.0037508
2026-04-28 18:06:38.404 10 INFO neutron.api.wsgi [-] 10.0.0.22 "GET / HTTP/1.1" status: 200 len: 247 time: 0.0016067
2026-04-28 18:06:38.405 10 INFO neutron.api.wsgi [-] 10.0.0.22 "GET / HTTP/1.1" status: 200 len: 247 time: 0.0010610
2026-04-28 18:06:53.404 9 INFO neutron.api.wsgi [-] 10.0.0.22 "GET / HTTP/1.1" status: 200 len: 247 time: 0.0021675
2026-04-28 18:06:53.404 10 INFO neutron.api.wsgi [-] 10.0.0.22 "GET / HTTP/1.1" status: 200 len: 247 time: 0.0022221
2026-04-28 18:07:03.661 10 INFO neutron.api.wsgi [None req-77e3cb5f-d44c-41dc-93ae-8404040c1607 d96e52cac3b2466886195e5b55f7629c 289be8de81ae4719a101d91082ea35aa - - default default] 199.19.213.114,10.0.0.22 "GET /v2.0/quotas/289be8de81ae4719a101d91082ea35aa HTTP/1.1" status: 200 len: 467 time: 0.0131686 /var/lib/openstack/lib/python3.12/site-packages/neutron/extensions/quotasv2.py:139: UserWarning: Neutron quota engine will require "--force" parameter to set a quota limit without checking the resource usage. warnings.warn('Neutron quota engine will require "--force" '
2026-04-28 18:07:04.316 10 INFO neutron.api.wsgi [None req-167a4660-a537-4c43-8dc9-dddbaae1dd06 d96e52cac3b2466886195e5b55f7629c 289be8de81ae4719a101d91082ea35aa - - default default] 199.19.213.114,10.0.0.22 "PUT /v2.0/quotas/289be8de81ae4719a101d91082ea35aa HTTP/1.1" status: 200 len: 466 time: 0.0284598
2026-04-28 18:07:08.404 9 INFO neutron.api.wsgi [-] 10.0.0.22 "GET / HTTP/1.1" status: 200 len: 247 time: 0.0019960
2026-04-28 18:07:08.405 10 INFO neutron.api.wsgi [-] 10.0.0.22 "GET / HTTP/1.1" status: 200 len: 247 time: 0.0026915
2026-04-28 18:07:23.405 10 INFO neutron.api.wsgi [-] 10.0.0.22 "GET / HTTP/1.1" status: 200 len: 247 time: 0.0023630
2026-04-28 18:07:23.405 9 INFO neutron.api.wsgi [-] 10.0.0.22 "GET / HTTP/1.1" status: 200 len: 247 time: 0.0029008
2026-04-28 18:07:38.404 9 INFO neutron.api.wsgi [-] 10.0.0.22 "GET / HTTP/1.1" status: 200 len: 247 time: 0.0022910
2026-04-28 18:07:38.405 10 INFO neutron.api.wsgi [-] 10.0.0.22 "GET / HTTP/1.1" status: 200 len: 247 time: 0.0027077
2026-04-28 18:07:53.406 9 INFO neutron.api.wsgi [-] 10.0.0.22 "GET / HTTP/1.1" status: 200 len: 247 time: 0.0029614
2026-04-28 18:07:53.406 10 INFO neutron.api.wsgi [-] 10.0.0.22 "GET / HTTP/1.1" status: 200 len: 247 time: 0.0026855
2026-04-28 18:08:08.405 9 INFO neutron.api.wsgi [-] 10.0.0.22 "GET / HTTP/1.1" status: 200 len: 247 time: 0.0022919
2026-04-28 18:08:08.405 10 INFO neutron.api.wsgi [-] 10.0.0.22 "GET / HTTP/1.1" status: 200 len: 247 time: 0.0024443
2026-04-28 18:08:23.405 9 INFO neutron.api.wsgi [-] 10.0.0.22 "GET / HTTP/1.1" status: 200 len: 247 time: 0.0023673
2026-04-28 18:08:23.409 9 INFO neutron.api.wsgi [-] 10.0.0.22 "GET / HTTP/1.1" status: 200 len: 247 time: 0.0031171
2026-04-28 18:08:38.404 9 INFO neutron.api.wsgi [-] 10.0.0.22 "GET / HTTP/1.1" status: 200 len: 247 time: 0.0023293
2026-04-28 18:08:38.405 10 INFO neutron.api.wsgi [-] 10.0.0.22 "GET / HTTP/1.1" status: 200 len: 247 time: 0.0033941
2026-04-28 18:08:53.404 9 INFO neutron.api.wsgi [-] 10.0.0.22 "GET / HTTP/1.1" status: 200 len: 247 time: 0.0023406
2026-04-28 18:08:53.404 10 INFO neutron.api.wsgi [-] 10.0.0.22 "GET / HTTP/1.1" status: 200 len: 247 time: 0.0024915
2026-04-28 18:09:08.404 10 INFO neutron.api.wsgi [-] 10.0.0.22 "GET / HTTP/1.1" status: 200 len: 247 time: 0.0014813
2026-04-28 18:09:08.406 9 INFO neutron.api.wsgi [-] 10.0.0.22 "GET / HTTP/1.1" status: 200 len: 247 time: 0.0034385 /var/lib/openstack/lib/python3.12/site-packages/pycadf/identifier.py:71: UserWarning: Invalid uuid: neutron. To ensure interoperability, identifiers should be a valid uuid. warnings.warn(('Invalid uuid: %s. To ensure interoperability, '
2026-04-28 18:09:14.321 9 INFO neutron.pecan_wsgi.hooks.translation [None req-af7a5ec6-b820-4e1f-90d1-d3680c641597 d96e52cac3b2466886195e5b55f7629c 289be8de81ae4719a101d91082ea35aa - - default default] GET failed (client error): The resource could not be found.
2026-04-28 18:09:14.323 9 INFO neutron.api.wsgi [None req-af7a5ec6-b820-4e1f-90d1-d3680c641597 d96e52cac3b2466886195e5b55f7629c 289be8de81ae4719a101d91082ea35aa - - default default] 199.19.213.114 "GET /v2.0/ports/octavia-health-manager-port-instance HTTP/1.1" status: 404 len: 338 time: 0.1663589
2026-04-28 18:09:14.369 9 INFO neutron.api.wsgi [None req-1df15b10-c42a-4916-9ff1-d18f943d9ad3 d96e52cac3b2466886195e5b55f7629c 289be8de81ae4719a101d91082ea35aa - - default default] 199.19.213.114 "GET /v2.0/ports?name=octavia-health-manager-port-instance HTTP/1.1" status: 200 len: 1421 time: 0.0426822
2026-04-28 18:09:15.992 9 INFO neutron.pecan_wsgi.hooks.translation [None req-b40fd331-a849-427c-9a61-876c3dd22ba1 d96e52cac3b2466886195e5b55f7629c 289be8de81ae4719a101d91082ea35aa - - default default] GET failed (client error): The resource could not be found.
2026-04-28 18:09:15.993 9 INFO neutron.api.wsgi [None req-b40fd331-a849-427c-9a61-876c3dd22ba1 d96e52cac3b2466886195e5b55f7629c 289be8de81ae4719a101d91082ea35aa - - default default] 199.19.213.114 "GET /v2.0/ports/octavia-health-manager-port-instance HTTP/1.1" status: 404 len: 338 time: 0.0384929
2026-04-28 18:09:16.028 9 INFO neutron.api.wsgi [None req-ba91ab9e-14cf-49b2-858d-58c96abeed09 d96e52cac3b2466886195e5b55f7629c 289be8de81ae4719a101d91082ea35aa - - default default] 199.19.213.114 "GET /v2.0/ports?name=octavia-health-manager-port-instance HTTP/1.1" status: 200 len: 1421 time: 0.0303230
2026-04-28 18:09:16.782 9 INFO neutron.plugins.ml2.drivers.ovn.mech_driver.mech_driver [-] OVN reports status up for port: e60d1add-f144-4246-b43c-f83ef1fbe278
2026-04-28 18:09:16.795 9 INFO neutron.plugins.ml2.plugin [None req-36ac8f5f-fece-4183-9dde-89690e3aae05 - - - - - -] Attempt 1 to provision port e60d1add-f144-4246-b43c-f83ef1fbe278
2026-04-28 18:09:17.023 9 INFO neutron.db.ovn_revision_numbers_db [None req-36ac8f5f-fece-4183-9dde-89690e3aae05 - - - - - -] Successfully bumped revision number for resource e60d1add-f144-4246-b43c-f83ef1fbe278 (type: ports) to 5
2026-04-28 18:09:23.405 10 INFO neutron.api.wsgi [-] 10.0.0.22 "GET / HTTP/1.1" status: 200 len: 247 time: 0.0029378
2026-04-28 18:09:23.407 9 INFO neutron.api.wsgi [-] 10.0.0.22 "GET / HTTP/1.1" status: 200 len: 247 time: 0.0026455
2026-04-28 18:09:38.405 10 INFO neutron.api.wsgi [-] 10.0.0.22 "GET / HTTP/1.1" status: 200 len: 247 time: 0.0024171
2026-04-28 18:09:38.405 9 INFO neutron.api.wsgi [-] 10.0.0.22 "GET / HTTP/1.1" status: 200 len: 247 time: 0.0026238
2026-04-28 18:09:53.405 10 INFO neutron.api.wsgi [-] 10.0.0.22 "GET / HTTP/1.1" status: 200 len: 247 time: 0.0018919
2026-04-28 18:09:53.406 9 INFO neutron.api.wsgi [-] 10.0.0.22 "GET / HTTP/1.1" status: 200 len: 247 time: 0.0035098
2026-04-28 18:10:08.406 9 INFO neutron.api.wsgi [-] 10.0.0.22 "GET / HTTP/1.1" status: 200 len: 247 time: 0.0037920
2026-04-28 18:10:08.406 10 INFO neutron.api.wsgi [-] 10.0.0.22 "GET / HTTP/1.1" status: 200 len: 247 time: 0.0036929
2026-04-28 18:10:23.405 9 INFO neutron.api.wsgi [-] 10.0.0.22 "GET / HTTP/1.1" status: 200 len: 247 time: 0.0022981
2026-04-28 18:10:23.408 10 INFO neutron.api.wsgi [-] 10.0.0.22 "GET / HTTP/1.1" status: 200 len: 247 time: 0.0052071
2026-04-28 18:10:38.404 9 INFO neutron.api.wsgi [-] 10.0.0.22 "GET / HTTP/1.1" status: 200 len: 247 time: 0.0022004
