Apr 10 18:49:51.209674 np0000164920 nova-scheduler[109919]: DEBUG cotyledon.oslo_config_glue [-] vnc.novncproxy_host = 0.0.0.0 {{(pid=109919) log_opt_values /opt/stack/data/venv/lib/python3.12/site-packages/oslo_config/cfg.py:3006}}
Apr 10 18:49:51.209674 np0000164920 nova-scheduler[109919]: DEBUG cotyledon.oslo_config_glue [-] vnc.novncproxy_port = 6080 {{(pid=109919) log_opt_values /opt/stack/data/venv/lib/python3.12/site-packages/oslo_config/cfg.py:3006}}
Apr 10 18:49:51.209674 np0000164920 nova-scheduler[109919]: DEBUG cotyledon.oslo_config_glue [-] vnc.server_listen = 127.0.0.1 {{(pid=109919) log_opt_values /opt/stack/data/venv/lib/python3.12/site-packages/oslo_config/cfg.py:3006}}
Apr 10 18:49:51.209674 np0000164920 nova-scheduler[109919]: DEBUG cotyledon.oslo_config_glue [-] vnc.server_proxyclient_address = 127.0.0.1 {{(pid=109919) log_opt_values /opt/stack/data/venv/lib/python3.12/site-packages/oslo_config/cfg.py:3006}}
Apr 10 18:49:51.209674 np0000164920 nova-scheduler[109919]: DEBUG cotyledon.oslo_config_glue [-] vnc.vencrypt_ca_certs = None {{(pid=109919) log_opt_values /opt/stack/data/venv/lib/python3.12/site-packages/oslo_config/cfg.py:3006}}
Apr 10 18:49:51.209908 np0000164920 nova-scheduler[109919]: DEBUG cotyledon.oslo_config_glue [-] vnc.vencrypt_client_cert = None {{(pid=109919) log_opt_values /opt/stack/data/venv/lib/python3.12/site-packages/oslo_config/cfg.py:3006}}
Apr 10 18:49:51.209908 np0000164920 nova-scheduler[109919]: DEBUG cotyledon.oslo_config_glue [-] vnc.vencrypt_client_key = None {{(pid=109919) log_opt_values /opt/stack/data/venv/lib/python3.12/site-packages/oslo_config/cfg.py:3006}}
Apr 10 18:49:51.209908 np0000164920 nova-scheduler[109919]: DEBUG cotyledon.oslo_config_glue [-] workarounds.disable_compute_service_check_for_ffu = False {{(pid=109919) log_opt_values /opt/stack/data/venv/lib/python3.12/site-packages/oslo_config/cfg.py:3006}}
Apr 10 18:49:51.209908 np0000164920 nova-scheduler[109919]: DEBUG cotyledon.oslo_config_glue [-] workarounds.disable_deep_image_inspection = False {{(pid=109919) log_opt_values /opt/stack/data/venv/lib/python3.12/site-packages/oslo_config/cfg.py:3006}}
Apr 10 18:49:51.209908 np0000164920 nova-scheduler[109919]: DEBUG cotyledon.oslo_config_glue [-] workarounds.disable_fallback_pcpu_query = False {{(pid=109919) log_opt_values /opt/stack/data/venv/lib/python3.12/site-packages/oslo_config/cfg.py:3006}}
Apr 10 18:49:51.209908 np0000164920 nova-scheduler[109919]: DEBUG cotyledon.oslo_config_glue [-] workarounds.disable_group_policy_check_upcall = False {{(pid=109919) log_opt_values /opt/stack/data/venv/lib/python3.12/site-packages/oslo_config/cfg.py:3006}}
Apr 10 18:49:51.209908 np0000164920 nova-scheduler[109919]: DEBUG cotyledon.oslo_config_glue [-] workarounds.disable_libvirt_livesnapshot = False {{(pid=109919) log_opt_values /opt/stack/data/venv/lib/python3.12/site-packages/oslo_config/cfg.py:3006}}
Apr 10 18:49:51.209908 np0000164920 nova-scheduler[109919]: DEBUG cotyledon.oslo_config_glue [-] workarounds.disable_rootwrap = False {{(pid=109919) log_opt_values /opt/stack/data/venv/lib/python3.12/site-packages/oslo_config/cfg.py:3006}}
Apr 10 18:49:51.209908 np0000164920 nova-scheduler[109919]: DEBUG cotyledon.oslo_config_glue [-] workarounds.enable_numa_live_migration = False {{(pid=109919) log_opt_values /opt/stack/data/venv/lib/python3.12/site-packages/oslo_config/cfg.py:3006}}
Apr 10 18:49:51.210149 np0000164920 nova-scheduler[109919]: DEBUG cotyledon.oslo_config_glue [-] workarounds.enable_qemu_monitor_announce_self = False {{(pid=109919) log_opt_values /opt/stack/data/venv/lib/python3.12/site-packages/oslo_config/cfg.py:3006}}
Apr 10 18:49:51.210149 np0000164920 nova-scheduler[109919]: DEBUG cotyledon.oslo_config_glue [-] workarounds.ensure_libvirt_rbd_instance_dir_cleanup = False {{(pid=109919) log_opt_values /opt/stack/data/venv/lib/python3.12/site-packages/oslo_config/cfg.py:3006}}
Apr 10 18:49:51.210149 np0000164920 nova-scheduler[109919]: DEBUG cotyledon.oslo_config_glue [-] workarounds.handle_virt_lifecycle_events = True {{(pid=109919) log_opt_values /opt/stack/data/venv/lib/python3.12/site-packages/oslo_config/cfg.py:3006}}
Apr 10 18:49:51.210149 np0000164920 nova-scheduler[109919]: DEBUG cotyledon.oslo_config_glue [-] workarounds.libvirt_disable_apic = False {{(pid=109919) log_opt_values /opt/stack/data/venv/lib/python3.12/site-packages/oslo_config/cfg.py:3006}}
Apr 10 18:49:51.210149 np0000164920 nova-scheduler[109919]: DEBUG cotyledon.oslo_config_glue [-] workarounds.never_download_image_if_on_rbd = False {{(pid=109919) log_opt_values /opt/stack/data/venv/lib/python3.12/site-packages/oslo_config/cfg.py:3006}}
Apr 10 18:49:51.210149 np0000164920 nova-scheduler[109919]: DEBUG cotyledon.oslo_config_glue [-] workarounds.qemu_monitor_announce_self_count = 3 {{(pid=109919) log_opt_values /opt/stack/data/venv/lib/python3.12/site-packages/oslo_config/cfg.py:3006}}
Apr 10 18:49:51.210149 np0000164920 nova-scheduler[109919]: DEBUG cotyledon.oslo_config_glue [-] workarounds.qemu_monitor_announce_self_interval = 1 {{(pid=109919) log_opt_values /opt/stack/data/venv/lib/python3.12/site-packages/oslo_config/cfg.py:3006}}
Apr 10 18:49:51.210149 np0000164920 nova-scheduler[109919]: DEBUG cotyledon.oslo_config_glue [-] workarounds.reserve_disk_resource_for_image_cache = False {{(pid=109919) log_opt_values /opt/stack/data/venv/lib/python3.12/site-packages/oslo_config/cfg.py:3006}}
Apr 10 18:49:51.210149 np0000164920 nova-scheduler[109919]: DEBUG cotyledon.oslo_config_glue [-] workarounds.skip_cpu_compare_at_startup = False {{(pid=109919) log_opt_values /opt/stack/data/venv/lib/python3.12/site-packages/oslo_config/cfg.py:3006}}
Apr 10 18:49:51.210402 np0000164920 nova-scheduler[109919]: DEBUG cotyledon.oslo_config_glue [-] workarounds.skip_cpu_compare_on_dest = False {{(pid=109919) log_opt_values /opt/stack/data/venv/lib/python3.12/site-packages/oslo_config/cfg.py:3006}}
Apr 10 18:49:51.210402 np0000164920 nova-scheduler[109919]: DEBUG cotyledon.oslo_config_glue [-] workarounds.skip_hypervisor_version_check_on_lm = False {{(pid=109919) log_opt_values /opt/stack/data/venv/lib/python3.12/site-packages/oslo_config/cfg.py:3006}}
Apr 10 18:49:51.210402 np0000164920 nova-scheduler[109919]: DEBUG cotyledon.oslo_config_glue [-] workarounds.skip_reserve_in_use_ironic_nodes = False {{(pid=109919) log_opt_values /opt/stack/data/venv/lib/python3.12/site-packages/oslo_config/cfg.py:3006}}
Apr 10 18:49:51.210402 np0000164920 nova-scheduler[109919]: DEBUG cotyledon.oslo_config_glue [-] workarounds.unified_limits_count_pcpu_as_vcpu = False {{(pid=109919) log_opt_values /opt/stack/data/venv/lib/python3.12/site-packages/oslo_config/cfg.py:3006}}
Apr 10 18:49:51.210402 np0000164920 nova-scheduler[109919]: DEBUG cotyledon.oslo_config_glue [-] workarounds.wait_for_vif_plugged_event_during_hard_reboot = [] {{(pid=109919) log_opt_values /opt/stack/data/venv/lib/python3.12/site-packages/oslo_config/cfg.py:3006}}
Apr 10 18:49:51.210402 np0000164920 nova-scheduler[109919]: DEBUG cotyledon.oslo_config_glue [-] wsgi.api_paste_config = /etc/nova/api-paste.ini {{(pid=109919) log_opt_values /opt/stack/data/venv/lib/python3.12/site-packages/oslo_config/cfg.py:3006}}
Apr 10 18:49:51.210402 np0000164920 nova-scheduler[109919]: DEBUG cotyledon.oslo_config_glue [-] wsgi.secure_proxy_ssl_header = None {{(pid=109919) log_opt_values /opt/stack/data/venv/lib/python3.12/site-packages/oslo_config/cfg.py:3006}}
Apr 10 18:49:51.210402 np0000164920 nova-scheduler[109919]: DEBUG cotyledon.oslo_config_glue [-] zvm.ca_file = None {{(pid=109919) log_opt_values /opt/stack/data/venv/lib/python3.12/site-packages/oslo_config/cfg.py:3006}}
Apr 10 18:49:51.210402 np0000164920 nova-scheduler[109919]: DEBUG cotyledon.oslo_config_glue [-] zvm.cloud_connector_url = None {{(pid=109919) log_opt_values /opt/stack/data/venv/lib/python3.12/site-packages/oslo_config/cfg.py:3006}}
Apr 10 18:49:51.210716 np0000164920 nova-scheduler[109919]: DEBUG cotyledon.oslo_config_glue [-] zvm.image_tmp_path = /opt/stack/data/nova/images {{(pid=109919) log_opt_values /opt/stack/data/venv/lib/python3.12/site-packages/oslo_config/cfg.py:3006}}
Apr 10 18:49:51.210716 np0000164920 nova-scheduler[109919]: DEBUG cotyledon.oslo_config_glue [-] zvm.reachable_timeout = 300 {{(pid=109919) log_opt_values /opt/stack/data/venv/lib/python3.12/site-packages/oslo_config/cfg.py:3006}}
Apr 10 18:49:51.210716 np0000164920 nova-scheduler[109919]: DEBUG cotyledon.oslo_config_glue [-] oslo_versionedobjects.fatal_exception_format_errors = False {{(pid=109919) log_opt_values /opt/stack/data/venv/lib/python3.12/site-packages/oslo_config/cfg.py:3006}}
Apr 10 18:49:51.210716 np0000164920 nova-scheduler[109919]: DEBUG cotyledon.oslo_config_glue [-] oslo_middleware.http_basic_auth_user_file = /etc/htpasswd {{(pid=109919) log_opt_values /opt/stack/data/venv/lib/python3.12/site-packages/oslo_config/cfg.py:3006}}
Apr 10 18:49:51.210716 np0000164920 nova-scheduler[109919]: DEBUG cotyledon.oslo_config_glue [-] oslo_messaging_metrics.metrics_buffer_size = 1000 {{(pid=109919) log_opt_values /opt/stack/data/venv/lib/python3.12/site-packages/oslo_config/cfg.py:3006}}
Apr 10 18:49:51.210716 np0000164920 nova-scheduler[109919]: DEBUG cotyledon.oslo_config_glue [-] oslo_messaging_metrics.metrics_enabled = False {{(pid=109919) log_opt_values /opt/stack/data/venv/lib/python3.12/site-packages/oslo_config/cfg.py:3006}}
Apr 10 18:49:51.210716 np0000164920 nova-scheduler[109919]: DEBUG cotyledon.oslo_config_glue [-] oslo_messaging_metrics.metrics_process_name = {{(pid=109919) log_opt_values /opt/stack/data/venv/lib/python3.12/site-packages/oslo_config/cfg.py:3006}}
Apr 10 18:49:51.210716 np0000164920 nova-scheduler[109919]: DEBUG cotyledon.oslo_config_glue [-] oslo_messaging_metrics.metrics_socket_file = /var/tmp/metrics_collector.sock {{(pid=109919) log_opt_values /opt/stack/data/venv/lib/python3.12/site-packages/oslo_config/cfg.py:3006}}
Apr 10 18:49:51.210934 np0000164920 nova-scheduler[109919]: DEBUG cotyledon.oslo_config_glue [-] oslo_messaging_metrics.metrics_thread_stop_timeout = 10 {{(pid=109919) log_opt_values /opt/stack/data/venv/lib/python3.12/site-packages/oslo_config/cfg.py:3006}}
Apr 10 18:49:51.210934 np0000164920 nova-scheduler[109919]: DEBUG cotyledon.oslo_config_glue [-] profiler.connection_string = messaging:// {{(pid=109919) log_opt_values /opt/stack/data/venv/lib/python3.12/site-packages/oslo_config/cfg.py:3006}}
Apr 10 18:49:51.210934 np0000164920 nova-scheduler[109919]: DEBUG cotyledon.oslo_config_glue [-] profiler.enabled = False {{(pid=109919) log_opt_values /opt/stack/data/venv/lib/python3.12/site-packages/oslo_config/cfg.py:3006}}
Apr 10 18:49:51.210934 np0000164920 nova-scheduler[109919]: DEBUG cotyledon.oslo_config_glue [-] profiler.es_doc_type = notification {{(pid=109919) log_opt_values /opt/stack/data/venv/lib/python3.12/site-packages/oslo_config/cfg.py:3006}}
Apr 10 18:49:51.210934 np0000164920 nova-scheduler[109919]: DEBUG cotyledon.oslo_config_glue [-] profiler.es_scroll_size = 10000 {{(pid=109919) log_opt_values /opt/stack/data/venv/lib/python3.12/site-packages/oslo_config/cfg.py:3006}}
Apr 10 18:49:51.210934 np0000164920 nova-scheduler[109919]: DEBUG cotyledon.oslo_config_glue [-] profiler.es_scroll_time = 2m {{(pid=109919) log_opt_values /opt/stack/data/venv/lib/python3.12/site-packages/oslo_config/cfg.py:3006}}
Apr 10 18:49:51.210934 np0000164920 nova-scheduler[109919]: DEBUG cotyledon.oslo_config_glue [-] profiler.filter_error_trace = False {{(pid=109919) log_opt_values /opt/stack/data/venv/lib/python3.12/site-packages/oslo_config/cfg.py:3006}}
Apr 10 18:49:51.210934 np0000164920 nova-scheduler[109919]: DEBUG cotyledon.oslo_config_glue [-] profiler.hmac_keys = **** {{(pid=109919) log_opt_values /opt/stack/data/venv/lib/python3.12/site-packages/oslo_config/cfg.py:3006}}
Apr 10 18:49:51.210934 np0000164920 nova-scheduler[109919]: DEBUG cotyledon.oslo_config_glue [-] profiler.sentinel_service_name = mymaster {{(pid=109919) log_opt_values /opt/stack/data/venv/lib/python3.12/site-packages/oslo_config/cfg.py:3006}}
Apr 10 18:49:51.211188 np0000164920 nova-scheduler[109919]: DEBUG cotyledon.oslo_config_glue [-] profiler.socket_timeout = 0.1 {{(pid=109919) log_opt_values /opt/stack/data/venv/lib/python3.12/site-packages/oslo_config/cfg.py:3006}}
Apr 10 18:49:51.211188 np0000164920 nova-scheduler[109919]: DEBUG cotyledon.oslo_config_glue [-] profiler.trace_requests = False {{(pid=109919) log_opt_values /opt/stack/data/venv/lib/python3.12/site-packages/oslo_config/cfg.py:3006}}
Apr 10 18:49:51.211188 np0000164920 nova-scheduler[109919]: DEBUG cotyledon.oslo_config_glue [-] profiler.trace_sqlalchemy = False {{(pid=109919) log_opt_values /opt/stack/data/venv/lib/python3.12/site-packages/oslo_config/cfg.py:3006}}
Apr 10 18:49:51.211188 np0000164920 nova-scheduler[109919]: DEBUG cotyledon.oslo_config_glue [-] profiler_jaeger.process_tags = {} {{(pid=109919) log_opt_values /opt/stack/data/venv/lib/python3.12/site-packages/oslo_config/cfg.py:3006}}
Apr 10 18:49:51.211188 np0000164920 nova-scheduler[109919]: DEBUG cotyledon.oslo_config_glue [-] profiler_jaeger.service_name_prefix = None {{(pid=109919) log_opt_values /opt/stack/data/venv/lib/python3.12/site-packages/oslo_config/cfg.py:3006}}
Apr 10 18:49:51.211188 np0000164920 nova-scheduler[109919]: DEBUG cotyledon.oslo_config_glue [-] profiler_otlp.service_name_prefix = None {{(pid=109919) log_opt_values /opt/stack/data/venv/lib/python3.12/site-packages/oslo_config/cfg.py:3006}}
Apr 10 18:49:51.211188 np0000164920 nova-scheduler[109919]: DEBUG cotyledon.oslo_config_glue [-] oslo_messaging_rabbit.amqp_auto_delete = False {{(pid=109919) log_opt_values /opt/stack/data/venv/lib/python3.12/site-packages/oslo_config/cfg.py:3006}}
Apr 10 18:49:51.211188 np0000164920 nova-scheduler[109919]: DEBUG cotyledon.oslo_config_glue [-] oslo_messaging_rabbit.amqp_durable_queues = False {{(pid=109919) log_opt_values /opt/stack/data/venv/lib/python3.12/site-packages/oslo_config/cfg.py:3006}}
Apr 10 18:49:51.211188 np0000164920 nova-scheduler[109919]: DEBUG cotyledon.oslo_config_glue [-] oslo_messaging_rabbit.conn_pool_min_size = 2 {{(pid=109919) log_opt_values /opt/stack/data/venv/lib/python3.12/site-packages/oslo_config/cfg.py:3006}}
Apr 10 18:49:51.211389 np0000164920 nova-scheduler[109919]: DEBUG cotyledon.oslo_config_glue [-] oslo_messaging_rabbit.conn_pool_ttl = 1200 {{(pid=109919) log_opt_values /opt/stack/data/venv/lib/python3.12/site-packages/oslo_config/cfg.py:3006}}
Apr 10 18:49:51.211389 np0000164920 nova-scheduler[109919]: DEBUG cotyledon.oslo_config_glue [-] oslo_messaging_rabbit.direct_mandatory_flag = True {{(pid=109919) log_opt_values /opt/stack/data/venv/lib/python3.12/site-packages/oslo_config/cfg.py:3006}}
Apr 10 18:49:51.211389 np0000164920 nova-scheduler[109919]: DEBUG cotyledon.oslo_config_glue [-] oslo_messaging_rabbit.enable_cancel_on_failover = False {{(pid=109919) log_opt_values /opt/stack/data/venv/lib/python3.12/site-packages/oslo_config/cfg.py:3006}}
Apr 10 18:49:51.211389 np0000164920 nova-scheduler[109919]: DEBUG cotyledon.oslo_config_glue [-] oslo_messaging_rabbit.heartbeat_in_pthread = False {{(pid=109919) log_opt_values /opt/stack/data/venv/lib/python3.12/site-packages/oslo_config/cfg.py:3006}}
Apr 10 18:49:51.211389 np0000164920 nova-scheduler[109919]: DEBUG cotyledon.oslo_config_glue [-] oslo_messaging_rabbit.heartbeat_rate = 3 {{(pid=109919) log_opt_values /opt/stack/data/venv/lib/python3.12/site-packages/oslo_config/cfg.py:3006}}
Apr 10 18:49:51.211389 np0000164920 nova-scheduler[109919]: DEBUG cotyledon.oslo_config_glue [-] oslo_messaging_rabbit.heartbeat_timeout_threshold = 60 {{(pid=109919) log_opt_values /opt/stack/data/venv/lib/python3.12/site-packages/oslo_config/cfg.py:3006}}
Apr 10 18:49:51.211389 np0000164920 nova-scheduler[109919]: DEBUG cotyledon.oslo_config_glue [-] oslo_messaging_rabbit.hostname = np0000164920 {{(pid=109919) log_opt_values /opt/stack/data/venv/lib/python3.12/site-packages/oslo_config/cfg.py:3006}}
Apr 10 18:49:51.211389 np0000164920 nova-scheduler[109919]: DEBUG cotyledon.oslo_config_glue [-] oslo_messaging_rabbit.kombu_compression = None {{(pid=109919) log_opt_values /opt/stack/data/venv/lib/python3.12/site-packages/oslo_config/cfg.py:3006}}
Apr 10 18:49:51.211389 np0000164920 nova-scheduler[109919]: DEBUG cotyledon.oslo_config_glue [-] oslo_messaging_rabbit.kombu_failover_strategy = round-robin {{(pid=109919) log_opt_values /opt/stack/data/venv/lib/python3.12/site-packages/oslo_config/cfg.py:3006}}
Apr 10 18:49:51.211580 np0000164920 nova-scheduler[109919]: DEBUG cotyledon.oslo_config_glue [-] oslo_messaging_rabbit.kombu_missing_consumer_retry_timeout = 60 {{(pid=109919) log_opt_values /opt/stack/data/venv/lib/python3.12/site-packages/oslo_config/cfg.py:3006}}
Apr 10 18:49:51.211580 np0000164920 nova-scheduler[109919]: DEBUG cotyledon.oslo_config_glue [-] oslo_messaging_rabbit.kombu_reconnect_delay = 1.0 {{(pid=109919) log_opt_values /opt/stack/data/venv/lib/python3.12/site-packages/oslo_config/cfg.py:3006}}
Apr 10 18:49:51.211580 np0000164920 nova-scheduler[109919]: DEBUG cotyledon.oslo_config_glue [-] oslo_messaging_rabbit.kombu_reconnect_splay = 0.0 {{(pid=109919) log_opt_values /opt/stack/data/venv/lib/python3.12/site-packages/oslo_config/cfg.py:3006}}
Apr 10 18:49:51.211580 np0000164920 nova-scheduler[109919]: DEBUG cotyledon.oslo_config_glue [-] oslo_messaging_rabbit.processname = nova-scheduler {{(pid=109919) log_opt_values /opt/stack/data/venv/lib/python3.12/site-packages/oslo_config/cfg.py:3006}}
Apr 10 18:49:51.211580 np0000164920 nova-scheduler[109919]: DEBUG cotyledon.oslo_config_glue [-] oslo_messaging_rabbit.rabbit_ha_queues = False {{(pid=109919) log_opt_values /opt/stack/data/venv/lib/python3.12/site-packages/oslo_config/cfg.py:3006}}
Apr 10 18:49:51.211580 np0000164920 nova-scheduler[109919]: DEBUG cotyledon.oslo_config_glue [-] oslo_messaging_rabbit.rabbit_interval_max = 30 {{(pid=109919) log_opt_values /opt/stack/data/venv/lib/python3.12/site-packages/oslo_config/cfg.py:3006}}
Apr 10 18:49:51.211580 np0000164920 nova-scheduler[109919]: DEBUG cotyledon.oslo_config_glue [-] oslo_messaging_rabbit.rabbit_login_method = AMQPLAIN {{(pid=109919) log_opt_values /opt/stack/data/venv/lib/python3.12/site-packages/oslo_config/cfg.py:3006}}
Apr 10 18:49:51.211580 np0000164920 nova-scheduler[109919]: DEBUG cotyledon.oslo_config_glue [-] oslo_messaging_rabbit.rabbit_qos_prefetch_count = 0 {{(pid=109919) log_opt_values /opt/stack/data/venv/lib/python3.12/site-packages/oslo_config/cfg.py:3006}}
Apr 10 18:49:51.211762 np0000164920 nova-scheduler[109919]: DEBUG cotyledon.oslo_config_glue [-] oslo_messaging_rabbit.rabbit_quorum_delivery_limit = 0 {{(pid=109919) log_opt_values /opt/stack/data/venv/lib/python3.12/site-packages/oslo_config/cfg.py:3006}}
Apr 10 18:49:51.211762 np0000164920 nova-scheduler[109919]: DEBUG cotyledon.oslo_config_glue [-] oslo_messaging_rabbit.rabbit_quorum_max_memory_bytes = 0 {{(pid=109919) log_opt_values /opt/stack/data/venv/lib/python3.12/site-packages/oslo_config/cfg.py:3006}}
Apr 10 18:49:51.211762 np0000164920 nova-scheduler[109919]: DEBUG cotyledon.oslo_config_glue [-] oslo_messaging_rabbit.rabbit_quorum_max_memory_length = 0 {{(pid=109919) log_opt_values /opt/stack/data/venv/lib/python3.12/site-packages/oslo_config/cfg.py:3006}}
Apr 10 18:49:51.211762 np0000164920 nova-scheduler[109919]: DEBUG cotyledon.oslo_config_glue [-] oslo_messaging_rabbit.rabbit_quorum_queue = False {{(pid=109919) log_opt_values /opt/stack/data/venv/lib/python3.12/site-packages/oslo_config/cfg.py:3006}}
Apr 10 18:49:51.211762 np0000164920 nova-scheduler[109919]: DEBUG cotyledon.oslo_config_glue [-] oslo_messaging_rabbit.rabbit_retry_backoff = 2 {{(pid=109919) log_opt_values /opt/stack/data/venv/lib/python3.12/site-packages/oslo_config/cfg.py:3006}}
Apr 10 18:49:51.211762 np0000164920 nova-scheduler[109919]: DEBUG cotyledon.oslo_config_glue [-] oslo_messaging_rabbit.rabbit_retry_interval = 1 {{(pid=109919) log_opt_values /opt/stack/data/venv/lib/python3.12/site-packages/oslo_config/cfg.py:3006}}
Apr 10 18:49:51.211762 np0000164920 nova-scheduler[109919]: DEBUG cotyledon.oslo_config_glue [-] oslo_messaging_rabbit.rabbit_stream_fanout = False {{(pid=109919) log_opt_values /opt/stack/data/venv/lib/python3.12/site-packages/oslo_config/cfg.py:3006}}
Apr 10 18:49:51.211762 np0000164920 nova-scheduler[109919]: DEBUG cotyledon.oslo_config_glue [-] oslo_messaging_rabbit.rabbit_transient_queues_ttl = 1800 {{(pid=109919) log_opt_values /opt/stack/data/venv/lib/python3.12/site-packages/oslo_config/cfg.py:3006}}
Apr 10 18:49:51.211989 np0000164920 nova-scheduler[109919]: DEBUG cotyledon.oslo_config_glue [-] oslo_messaging_rabbit.rabbit_transient_quorum_queue = False {{(pid=109919) log_opt_values /opt/stack/data/venv/lib/python3.12/site-packages/oslo_config/cfg.py:3006}}
Apr 10 18:49:51.211989 np0000164920 nova-scheduler[109919]: DEBUG cotyledon.oslo_config_glue [-] oslo_messaging_rabbit.rpc_conn_pool_size = 30 {{(pid=109919) log_opt_values /opt/stack/data/venv/lib/python3.12/site-packages/oslo_config/cfg.py:3006}}
Apr 10 18:49:51.211989 np0000164920 nova-scheduler[109919]: DEBUG cotyledon.oslo_config_glue [-] oslo_messaging_rabbit.ssl = False {{(pid=109919) log_opt_values /opt/stack/data/venv/lib/python3.12/site-packages/oslo_config/cfg.py:3006}}
Apr 10 18:49:51.211989 np0000164920 nova-scheduler[109919]: DEBUG cotyledon.oslo_config_glue [-] oslo_messaging_rabbit.ssl_ca_file = {{(pid=109919) log_opt_values /opt/stack/data/venv/lib/python3.12/site-packages/oslo_config/cfg.py:3006}}
Apr 10 18:49:51.211989 np0000164920 nova-scheduler[109919]: DEBUG cotyledon.oslo_config_glue [-] oslo_messaging_rabbit.ssl_cert_file = {{(pid=109919) log_opt_values /opt/stack/data/venv/lib/python3.12/site-packages/oslo_config/cfg.py:3006}}
Apr 10 18:49:51.211989 np0000164920 nova-scheduler[109919]: DEBUG cotyledon.oslo_config_glue [-] oslo_messaging_rabbit.ssl_enforce_fips_mode = False {{(pid=109919) log_opt_values /opt/stack/data/venv/lib/python3.12/site-packages/oslo_config/cfg.py:3006}}
Apr 10 18:49:51.211989 np0000164920 nova-scheduler[109919]: DEBUG cotyledon.oslo_config_glue [-] oslo_messaging_rabbit.ssl_key_file = {{(pid=109919) log_opt_values /opt/stack/data/venv/lib/python3.12/site-packages/oslo_config/cfg.py:3006}}
Apr 10 18:49:51.211989 np0000164920 nova-scheduler[109919]: DEBUG cotyledon.oslo_config_glue [-] oslo_messaging_rabbit.ssl_version = {{(pid=109919) log_opt_values /opt/stack/data/venv/lib/python3.12/site-packages/oslo_config/cfg.py:3006}}
Apr 10 18:49:51.211989 np0000164920 nova-scheduler[109919]: DEBUG cotyledon.oslo_config_glue [-] oslo_messaging_rabbit.use_queue_manager = False {{(pid=109919) log_opt_values /opt/stack/data/venv/lib/python3.12/site-packages/oslo_config/cfg.py:3006}}
Apr 10 18:49:51.212187 np0000164920 nova-scheduler[109919]: DEBUG cotyledon.oslo_config_glue [-] oslo_messaging_notifications.driver = ['messagingv2'] {{(pid=109919) log_opt_values /opt/stack/data/venv/lib/python3.12/site-packages/oslo_config/cfg.py:3006}}
Apr 10 18:49:51.212187 np0000164920 nova-scheduler[109919]: DEBUG cotyledon.oslo_config_glue [-] oslo_messaging_notifications.retry = -1 {{(pid=109919) log_opt_values /opt/stack/data/venv/lib/python3.12/site-packages/oslo_config/cfg.py:3006}}
Apr 10 18:49:51.212187 np0000164920 nova-scheduler[109919]: DEBUG cotyledon.oslo_config_glue [-] oslo_messaging_notifications.topics = ['notifications'] {{(pid=109919) log_opt_values /opt/stack/data/venv/lib/python3.12/site-packages/oslo_config/cfg.py:3006}}
Apr 10 18:49:51.212187 np0000164920 nova-scheduler[109919]: DEBUG cotyledon.oslo_config_glue [-] oslo_messaging_notifications.transport_url = **** {{(pid=109919) log_opt_values /opt/stack/data/venv/lib/python3.12/site-packages/oslo_config/cfg.py:3006}}
Apr 10 18:49:51.212187 np0000164920 nova-scheduler[109919]: DEBUG cotyledon.oslo_config_glue [-] oslo_limit.auth_section = None {{(pid=109919) log_opt_values /opt/stack/data/venv/lib/python3.12/site-packages/oslo_config/cfg.py:3006}}
Apr 10 18:49:51.212187 np0000164920 nova-scheduler[109919]: DEBUG cotyledon.oslo_config_glue [-] oslo_limit.auth_type = None {{(pid=109919) log_opt_values /opt/stack/data/venv/lib/python3.12/site-packages/oslo_config/cfg.py:3006}}
Apr 10 18:49:51.212187 np0000164920 nova-scheduler[109919]: DEBUG cotyledon.oslo_config_glue [-] oslo_limit.cafile = None {{(pid=109919) log_opt_values /opt/stack/data/venv/lib/python3.12/site-packages/oslo_config/cfg.py:3006}}
Apr 10 18:49:51.212187 np0000164920 nova-scheduler[109919]: DEBUG cotyledon.oslo_config_glue [-] oslo_limit.certfile = None {{(pid=109919) log_opt_values /opt/stack/data/venv/lib/python3.12/site-packages/oslo_config/cfg.py:3006}}
Apr 10 18:49:51.212187 np0000164920 nova-scheduler[109919]: DEBUG cotyledon.oslo_config_glue [-] oslo_limit.collect_timing = False {{(pid=109919) log_opt_values /opt/stack/data/venv/lib/python3.12/site-packages/oslo_config/cfg.py:3006}}
Apr 10 18:49:51.212385 np0000164920 nova-scheduler[109919]: DEBUG cotyledon.oslo_config_glue [-] oslo_limit.connect_retries = None {{(pid=109919) log_opt_values /opt/stack/data/venv/lib/python3.12/site-packages/oslo_config/cfg.py:3006}}
Apr 10 18:49:51.212421 np0000164920 nova-scheduler[109913]: DEBUG oslo_db.sqlalchemy.engines [None req-2d2de09c-bac4-4358-b4b0-ea2409e159ad None None] MySQL server mode set to STRICT_TRANS_TABLES,STRICT_ALL_TABLES,NO_ZERO_IN_DATE,NO_ZERO_DATE,ERROR_FOR_DIVISION_BY_ZERO,TRADITIONAL,NO_ENGINE_SUBSTITUTION {{(pid=109913) _check_effective_sql_mode /opt/stack/data/venv/lib/python3.12/site-packages/oslo_db/sqlalchemy/engines.py:325}}
Apr 10 18:49:51.212449 np0000164920 nova-scheduler[109919]: DEBUG cotyledon.oslo_config_glue [-] oslo_limit.connect_retry_delay = None {{(pid=109919) log_opt_values /opt/stack/data/venv/lib/python3.12/site-packages/oslo_config/cfg.py:3006}}
Apr 10 18:49:51.212449 np0000164920 nova-scheduler[109919]: DEBUG cotyledon.oslo_config_glue [-] oslo_limit.endpoint_id = None {{(pid=109919) log_opt_values /opt/stack/data/venv/lib/python3.12/site-packages/oslo_config/cfg.py:3006}}
Apr 10 18:49:51.212449 np0000164920 nova-scheduler[109919]: DEBUG cotyledon.oslo_config_glue [-] oslo_limit.endpoint_interface = public {{(pid=109919) log_opt_values /opt/stack/data/venv/lib/python3.12/site-packages/oslo_config/cfg.py:3006}}
Apr 10 18:49:51.212449 np0000164920 nova-scheduler[109919]: DEBUG cotyledon.oslo_config_glue [-] oslo_limit.endpoint_override = None {{(pid=109919) log_opt_values /opt/stack/data/venv/lib/python3.12/site-packages/oslo_config/cfg.py:3006}}
Apr 10 18:49:51.212449 np0000164920 nova-scheduler[109919]: DEBUG cotyledon.oslo_config_glue [-] oslo_limit.endpoint_region_name = None {{(pid=109919) log_opt_values /opt/stack/data/venv/lib/python3.12/site-packages/oslo_config/cfg.py:3006}}
Apr 10 18:49:51.212449 np0000164920 nova-scheduler[109919]: DEBUG cotyledon.oslo_config_glue [-] oslo_limit.endpoint_service_name = None {{(pid=109919) log_opt_values /opt/stack/data/venv/lib/python3.12/site-packages/oslo_config/cfg.py:3006}}
Apr 10 18:49:51.212449 np0000164920 nova-scheduler[109919]: DEBUG cotyledon.oslo_config_glue [-] oslo_limit.endpoint_service_type = None {{(pid=109919) log_opt_values /opt/stack/data/venv/lib/python3.12/site-packages/oslo_config/cfg.py:3006}}
Apr 10 18:49:51.212449 np0000164920 nova-scheduler[109919]: DEBUG cotyledon.oslo_config_glue [-] oslo_limit.insecure = False {{(pid=109919) log_opt_values /opt/stack/data/venv/lib/python3.12/site-packages/oslo_config/cfg.py:3006}}
Apr 10 18:49:51.212449 np0000164920 nova-scheduler[109919]: DEBUG cotyledon.oslo_config_glue [-] oslo_limit.keyfile = None {{(pid=109919) log_opt_values /opt/stack/data/venv/lib/python3.12/site-packages/oslo_config/cfg.py:3006}}
Apr 10 18:49:51.212760 np0000164920 nova-scheduler[109919]: DEBUG cotyledon.oslo_config_glue [-] oslo_limit.max_version = None {{(pid=109919) log_opt_values /opt/stack/data/venv/lib/python3.12/site-packages/oslo_config/cfg.py:3006}}
Apr 10 18:49:51.212760 np0000164920 nova-scheduler[109919]: DEBUG cotyledon.oslo_config_glue [-] oslo_limit.min_version = None {{(pid=109919) log_opt_values /opt/stack/data/venv/lib/python3.12/site-packages/oslo_config/cfg.py:3006}}
Apr 10 18:49:51.212760 np0000164920 nova-scheduler[109919]: DEBUG cotyledon.oslo_config_glue [-] oslo_limit.region_name = None {{(pid=109919) log_opt_values /opt/stack/data/venv/lib/python3.12/site-packages/oslo_config/cfg.py:3006}}
Apr 10 18:49:51.212760 np0000164920 nova-scheduler[109919]: DEBUG cotyledon.oslo_config_glue [-] oslo_limit.retriable_status_codes = None {{(pid=109919) log_opt_values /opt/stack/data/venv/lib/python3.12/site-packages/oslo_config/cfg.py:3006}}
Apr 10 18:49:51.212760 np0000164920 nova-scheduler[109919]: DEBUG cotyledon.oslo_config_glue [-] oslo_limit.service_name = None {{(pid=109919) log_opt_values /opt/stack/data/venv/lib/python3.12/site-packages/oslo_config/cfg.py:3006}}
Apr 10 18:49:51.212760 np0000164920 nova-scheduler[109919]: DEBUG cotyledon.oslo_config_glue [-] oslo_limit.service_type = None {{(pid=109919) log_opt_values /opt/stack/data/venv/lib/python3.12/site-packages/oslo_config/cfg.py:3006}}
Apr 10 18:49:51.212760 np0000164920 nova-scheduler[109919]: DEBUG cotyledon.oslo_config_glue [-] oslo_limit.split_loggers = False {{(pid=109919) log_opt_values /opt/stack/data/venv/lib/python3.12/site-packages/oslo_config/cfg.py:3006}}
Apr 10 18:49:51.212760 np0000164920 nova-scheduler[109919]: DEBUG cotyledon.oslo_config_glue [-] oslo_limit.status_code_retries = None {{(pid=109919) log_opt_values /opt/stack/data/venv/lib/python3.12/site-packages/oslo_config/cfg.py:3006}}
Apr 10 18:49:51.212760 np0000164920 nova-scheduler[109919]: DEBUG cotyledon.oslo_config_glue [-] oslo_limit.status_code_retry_delay = None {{(pid=109919) log_opt_values /opt/stack/data/venv/lib/python3.12/site-packages/oslo_config/cfg.py:3006}}
Apr 10 18:49:51.212977 np0000164920 nova-scheduler[109919]: DEBUG cotyledon.oslo_config_glue [-] oslo_limit.timeout = None {{(pid=109919) log_opt_values /opt/stack/data/venv/lib/python3.12/site-packages/oslo_config/cfg.py:3006}}
Apr 10 18:49:51.212977 np0000164920 nova-scheduler[109919]: DEBUG cotyledon.oslo_config_glue [-] oslo_limit.valid_interfaces = None {{(pid=109919) log_opt_values /opt/stack/data/venv/lib/python3.12/site-packages/oslo_config/cfg.py:3006}}
Apr 10 18:49:51.212977 np0000164920 nova-scheduler[109919]: DEBUG cotyledon.oslo_config_glue [-] oslo_limit.version = None {{(pid=109919) log_opt_values /opt/stack/data/venv/lib/python3.12/site-packages/oslo_config/cfg.py:3006}}
Apr 10 18:49:51.212977 np0000164920 nova-scheduler[109919]: DEBUG cotyledon.oslo_config_glue [-] oslo_reports.file_event_handler = None {{(pid=109919) log_opt_values /opt/stack/data/venv/lib/python3.12/site-packages/oslo_config/cfg.py:3006}}
Apr 10 18:49:51.212977 np0000164920 nova-scheduler[109919]: DEBUG cotyledon.oslo_config_glue [-] oslo_reports.file_event_handler_interval = 1 {{(pid=109919) log_opt_values /opt/stack/data/venv/lib/python3.12/site-packages/oslo_config/cfg.py:3006}}
Apr 10 18:49:51.212977 np0000164920 nova-scheduler[109919]: DEBUG cotyledon.oslo_config_glue [-] oslo_reports.log_dir = None {{(pid=109919) log_opt_values /opt/stack/data/venv/lib/python3.12/site-packages/oslo_config/cfg.py:3006}}
Apr 10 18:49:51.212977 np0000164920 nova-scheduler[109919]: DEBUG cotyledon.oslo_config_glue [-] ******************************************************************************** {{(pid=109919) log_opt_values /opt/stack/data/venv/lib/python3.12/site-packages/oslo_config/cfg.py:3013}}
Apr 10 18:49:51.212977 np0000164920 nova-scheduler[109919]: DEBUG cotyledon._service_worker [-] Run service ServiceWrapper(3) [109919] {{(pid=109919) wait_forever /opt/stack/data/venv/lib/python3.12/site-packages/cotyledon/_service_worker.py:218}}
Apr 10 18:49:51.212977 np0000164920 nova-scheduler[109919]: INFO nova.service [-] Starting scheduler node (version 33.1.0)
Apr 10 18:49:51.212977 np0000164920 nova-scheduler[109919]: INFO dbcounter [None req-cda57f33-f16a-4ae4-a683-032064253165 None None] Registered counter for database nova_cell0
Apr 10 18:49:51.213225 np0000164920 nova-scheduler[109913]: DEBUG dbcounter [-] [109913] Writer thread running {{(pid=109913) stat_writer /opt/stack/data/venv/lib/python3.12/site-packages/dbcounter.py:102}}
Apr 10 18:49:51.213263 np0000164920 nova-scheduler[109905]: DEBUG dbcounter [-] [109905] Writer thread running {{(pid=109905) stat_writer /opt/stack/data/venv/lib/python3.12/site-packages/dbcounter.py:102}}
Apr 10 18:49:51.213651 np0000164920 nova-scheduler[109913]: DEBUG nova.service [None req-2d2de09c-bac4-4358-b4b0-ea2409e159ad None None] Creating RPC server for service: nova-scheduler on topic: scheduler {{(pid=109913) start /opt/stack/nova/nova/service.py:195}}
Apr 10 18:49:51.216392 np0000164920 nova-scheduler[109905]: DEBUG nova.service [None req-9cf623e5-6e0b-48b0-9e3f-28c6cb80f807 None None] Creating RPC server for service: nova-scheduler on topic: scheduler {{(pid=109905) start /opt/stack/nova/nova/service.py:195}}
Apr 10 18:49:51.219064 np0000164920 nova-scheduler[109899]: DEBUG nova.service [None req-6489be33-e1c7-4404-a8c3-284a363a7417 None None] Join ServiceGroup membership for this service scheduler {{(pid=109899) start /opt/stack/nova/nova/service.py:221}}
Apr 10 18:49:51.219306 np0000164920 nova-scheduler[109899]: DEBUG nova.servicegroup.drivers.db [None req-6489be33-e1c7-4404-a8c3-284a363a7417 None None] DB_Driver: join new ServiceGroup member np0000164920 to the scheduler group, service = {{(pid=109899) join /opt/stack/nova/nova/servicegroup/drivers/db.py:44}}
Apr 10 18:49:51.219347 np0000164920 nova-scheduler[109919]: DEBUG oslo_db.sqlalchemy.engines [None req-cda57f33-f16a-4ae4-a683-032064253165 None None] MySQL server mode set to STRICT_TRANS_TABLES,STRICT_ALL_TABLES,NO_ZERO_IN_DATE,NO_ZERO_DATE,ERROR_FOR_DIVISION_BY_ZERO,TRADITIONAL,NO_ENGINE_SUBSTITUTION {{(pid=109919) _check_effective_sql_mode /opt/stack/data/venv/lib/python3.12/site-packages/oslo_db/sqlalchemy/engines.py:325}}
Apr 10 18:49:51.232130 np0000164920 nova-scheduler[109919]: DEBUG dbcounter [-] [109919] Writer thread running {{(pid=109919) stat_writer /opt/stack/data/venv/lib/python3.12/site-packages/dbcounter.py:102}}
Apr 10 18:49:51.235401 np0000164920 nova-scheduler[109905]: DEBUG nova.service [None req-9cf623e5-6e0b-48b0-9e3f-28c6cb80f807 None None] Join ServiceGroup membership for this service scheduler {{(pid=109905) start /opt/stack/nova/nova/service.py:221}}
Apr 10 18:49:51.235534 np0000164920 nova-scheduler[109913]: DEBUG nova.service [None req-2d2de09c-bac4-4358-b4b0-ea2409e159ad None None] Join ServiceGroup membership for this service scheduler {{(pid=109913) start /opt/stack/nova/nova/service.py:221}}
Apr 10 18:49:51.235613 np0000164920 nova-scheduler[109919]: DEBUG nova.service [None req-cda57f33-f16a-4ae4-a683-032064253165 None None] Creating RPC server for service: nova-scheduler on topic: scheduler {{(pid=109919) start /opt/stack/nova/nova/service.py:195}}
Apr 10 18:49:51.235702 np0000164920 nova-scheduler[109905]: DEBUG nova.servicegroup.drivers.db [None req-9cf623e5-6e0b-48b0-9e3f-28c6cb80f807 None None] DB_Driver: join new ServiceGroup member np0000164920 to the scheduler group, service = {{(pid=109905) join /opt/stack/nova/nova/servicegroup/drivers/db.py:44}}
Apr 10 18:49:51.235772 np0000164920 nova-scheduler[109913]: DEBUG nova.servicegroup.drivers.db [None req-2d2de09c-bac4-4358-b4b0-ea2409e159ad None None] DB_Driver: join new ServiceGroup member np0000164920 to the scheduler group, service = {{(pid=109913) join /opt/stack/nova/nova/servicegroup/drivers/db.py:44}}
Apr 10 18:49:51.256365 np0000164920 nova-scheduler[109919]: DEBUG nova.service [None req-cda57f33-f16a-4ae4-a683-032064253165 None None] Join ServiceGroup membership for this service scheduler {{(pid=109919) start /opt/stack/nova/nova/service.py:221}}
Apr 10 18:49:51.256934 np0000164920 nova-scheduler[109919]: DEBUG nova.servicegroup.drivers.db [None req-cda57f33-f16a-4ae4-a683-032064253165 None None] DB_Driver: join new ServiceGroup member np0000164920 to the scheduler group, service = {{(pid=109919) join /opt/stack/nova/nova/servicegroup/drivers/db.py:44}}
Apr 10 18:49:56.241866 np0000164920 nova-scheduler[109899]: DEBUG oslo.service.backend._threading.loopingcall [-] Fixed interval looping call 'nova.servicegroup.drivers.db.DbDriver._report_state' sleeping for 119.98 seconds {{(pid=109899) _run_loop /opt/stack/data/venv/lib/python3.12/site-packages/oslo_service/backend/_threading/loopingcall.py:125}}
Apr 10 18:49:56.249718 np0000164920 nova-scheduler[109905]: DEBUG oslo.service.backend._threading.loopingcall [-] Fixed interval looping call 'nova.servicegroup.drivers.db.DbDriver._report_state' sleeping for 119.99 seconds {{(pid=109905) _run_loop /opt/stack/data/venv/lib/python3.12/site-packages/oslo_service/backend/_threading/loopingcall.py:125}}
Apr 10 18:49:56.250801 np0000164920 nova-scheduler[109913]: DEBUG oslo.service.backend._threading.loopingcall [-] Fixed interval looping call 'nova.servicegroup.drivers.db.DbDriver._report_state' sleeping for 119.99 seconds {{(pid=109913) _run_loop /opt/stack/data/venv/lib/python3.12/site-packages/oslo_service/backend/_threading/loopingcall.py:125}}
Apr 10 18:49:56.272875 np0000164920 nova-scheduler[109919]: DEBUG oslo.service.backend._threading.loopingcall [-] Fixed interval looping call 'nova.servicegroup.drivers.db.DbDriver._report_state' sleeping for 119.99 seconds {{(pid=109919) _run_loop /opt/stack/data/venv/lib/python3.12/site-packages/oslo_service/backend/_threading/loopingcall.py:125}}
Apr 10 18:49:58.260338 np0000164920 nova-scheduler[109919]: DEBUG oslo.service.backend._threading.loopingcall [None req-000a3614-71e4-4ae5-a8f2-9f67c857e55f None None] Dynamic interval looping call 'nova.service.Service.periodic_tasks' sleeping for 60.00 seconds {{(pid=109919) _run_loop /opt/stack/data/venv/lib/python3.12/site-packages/oslo_service/backend/_threading/loopingcall.py:125}}
Apr 10 18:49:59.825262 np0000164920 nova-scheduler[109137]: DEBUG dbcounter [-] [109137] Writing DB stats nova_api:SELECT=3 {{(pid=109137) stat_writer /opt/stack/data/venv/lib/python3.12/site-packages/dbcounter.py:115}}
Apr 10 18:49:59.939041 np0000164920 nova-scheduler[109137]: DEBUG dbcounter [-] [109137] Writing DB stats nova_cell0:SELECT=1 {{(pid=109137) stat_writer /opt/stack/data/venv/lib/python3.12/site-packages/dbcounter.py:115}}
Apr 10 18:49:59.944611 np0000164920 nova-scheduler[109137]: DEBUG dbcounter [-] [109137] Writing DB stats nova_cell1:SELECT=1 {{(pid=109137) stat_writer /opt/stack/data/venv/lib/python3.12/site-packages/dbcounter.py:115}}
Apr 10 18:50:06.235761 np0000164920 nova-scheduler[109899]: DEBUG dbcounter [-] [109899] Writing DB stats nova_cell0:SELECT=4,nova_cell0:INSERT=1,nova_cell0:UPDATE=1 {{(pid=109899) stat_writer /opt/stack/data/venv/lib/python3.12/site-packages/dbcounter.py:115}}
Apr 10 18:50:06.245192 np0000164920 nova-scheduler[109905]: DEBUG dbcounter [-] [109905] Writing DB stats nova_cell0:SELECT=3 {{(pid=109905) stat_writer /opt/stack/data/venv/lib/python3.12/site-packages/dbcounter.py:115}}
Apr 10 18:50:06.248101 np0000164920 nova-scheduler[109913]: DEBUG dbcounter [-] [109913] Writing DB stats nova_cell0:SELECT=3 {{(pid=109913) stat_writer /opt/stack/data/venv/lib/python3.12/site-packages/dbcounter.py:115}}
Apr 10 18:50:06.269797 np0000164920 nova-scheduler[109919]: DEBUG dbcounter [-] [109919] Writing DB stats nova_cell0:SELECT=3 {{(pid=109919) stat_writer /opt/stack/data/venv/lib/python3.12/site-packages/dbcounter.py:115}}
Apr 10 18:50:13.238365 np0000164920 nova-scheduler[109905]: DEBUG oslo.service.backend._threading.loopingcall [None req-54400649-4775-47ec-9453-ac08a6934208 None None] Dynamic interval looping call 'nova.service.Service.periodic_tasks' sleeping for 60.00 seconds {{(pid=109905) _run_loop /opt/stack/data/venv/lib/python3.12/site-packages/oslo_service/backend/_threading/loopingcall.py:125}}
Apr 10 18:50:15.222848 np0000164920 nova-scheduler[109899]: DEBUG oslo.service.backend._threading.loopingcall [None req-9e6d0bc5-ad85-4b99-ad18-69bc09d2092f None None] Dynamic interval looping call 'nova.service.Service.periodic_tasks' sleeping for 60.00 seconds {{(pid=109899) _run_loop /opt/stack/data/venv/lib/python3.12/site-packages/oslo_service/backend/_threading/loopingcall.py:125}}
Apr 10 18:50:18.238707 np0000164920 nova-scheduler[109913]: DEBUG oslo.service.backend._threading.loopingcall [None req-2ddff975-ce9b-42bf-ab55-317991869af6 None None] Dynamic interval looping call 'nova.service.Service.periodic_tasks' sleeping for 60.00 seconds {{(pid=109913) _run_loop /opt/stack/data/venv/lib/python3.12/site-packages/oslo_service/backend/_threading/loopingcall.py:125}}
Apr 10 18:50:58.261185 np0000164920 nova-scheduler[109919]: DEBUG oslo.service.backend._threading.loopingcall [None req-000a3614-71e4-4ae5-a8f2-9f67c857e55f None None] Dynamic interval looping call 'nova.service.Service.periodic_tasks' sleeping for 60.00 seconds {{(pid=109919) _run_loop /opt/stack/data/venv/lib/python3.12/site-packages/oslo_service/backend/_threading/loopingcall.py:125}}
Apr 10 18:51:13.239524 np0000164920 nova-scheduler[109905]: DEBUG oslo.service.backend._threading.loopingcall [None req-54400649-4775-47ec-9453-ac08a6934208 None None] Dynamic interval looping call 'nova.service.Service.periodic_tasks' sleeping for 60.00 seconds {{(pid=109905) _run_loop /opt/stack/data/venv/lib/python3.12/site-packages/oslo_service/backend/_threading/loopingcall.py:125}}
Apr 10 18:51:15.226584 np0000164920 nova-scheduler[109899]: DEBUG oslo.service.backend._threading.loopingcall [None req-9e6d0bc5-ad85-4b99-ad18-69bc09d2092f None None] Dynamic interval looping call 'nova.service.Service.periodic_tasks' sleeping for 60.00 seconds {{(pid=109899) _run_loop /opt/stack/data/venv/lib/python3.12/site-packages/oslo_service/backend/_threading/loopingcall.py:125}}
Apr 10 18:51:18.239831 np0000164920 nova-scheduler[109913]: DEBUG oslo.service.backend._threading.loopingcall [None req-2ddff975-ce9b-42bf-ab55-317991869af6 None None] Dynamic interval looping call 'nova.service.Service.periodic_tasks' sleeping for 60.00 seconds {{(pid=109913) _run_loop /opt/stack/data/venv/lib/python3.12/site-packages/oslo_service/backend/_threading/loopingcall.py:125}}
Apr 10 18:51:56.236907 np0000164920 nova-scheduler[109899]: DEBUG oslo.service.backend._threading.loopingcall [-] Fixed interval looping call 'nova.servicegroup.drivers.db.DbDriver._report_state' sleeping for 119.99 seconds {{(pid=109899) _run_loop /opt/stack/data/venv/lib/python3.12/site-packages/oslo_service/backend/_threading/loopingcall.py:125}}
Apr 10 18:51:56.245951 np0000164920 nova-scheduler[109905]: DEBUG oslo.service.backend._threading.loopingcall [-] Fixed interval looping call 'nova.servicegroup.drivers.db.DbDriver._report_state' sleeping for 119.99 seconds {{(pid=109905) _run_loop /opt/stack/data/venv/lib/python3.12/site-packages/oslo_service/backend/_threading/loopingcall.py:125}}
Apr 10 18:51:56.249798 np0000164920 nova-scheduler[109913]: DEBUG oslo.service.backend._threading.loopingcall [-] Fixed interval looping call 'nova.servicegroup.drivers.db.DbDriver._report_state' sleeping for 119.99 seconds {{(pid=109913) _run_loop /opt/stack/data/venv/lib/python3.12/site-packages/oslo_service/backend/_threading/loopingcall.py:125}}
Apr 10 18:51:56.272172 np0000164920 nova-scheduler[109919]: DEBUG oslo.service.backend._threading.loopingcall [-] Fixed interval looping call 'nova.servicegroup.drivers.db.DbDriver._report_state' sleeping for 119.99 seconds {{(pid=109919) _run_loop /opt/stack/data/venv/lib/python3.12/site-packages/oslo_service/backend/_threading/loopingcall.py:125}}
Apr 10 18:51:58.261950 np0000164920 nova-scheduler[109919]: DEBUG oslo.service.backend._threading.loopingcall [None req-000a3614-71e4-4ae5-a8f2-9f67c857e55f None None] Dynamic interval looping call 'nova.service.Service.periodic_tasks' sleeping for 60.00 seconds {{(pid=109919) _run_loop /opt/stack/data/venv/lib/python3.12/site-packages/oslo_service/backend/_threading/loopingcall.py:125}}
Apr 10 18:52:06.230866 np0000164920 nova-scheduler[109899]: DEBUG dbcounter [-] [109899] Writing DB stats nova_cell0:SELECT=1,nova_cell0:UPDATE=1 {{(pid=109899) stat_writer /opt/stack/data/venv/lib/python3.12/site-packages/dbcounter.py:115}}
Apr 10 18:52:06.244093 np0000164920 nova-scheduler[109905]: DEBUG dbcounter [-] [109905] Writing DB stats nova_cell0:SELECT=1 {{(pid=109905) stat_writer /opt/stack/data/venv/lib/python3.12/site-packages/dbcounter.py:115}}
Apr 10 18:52:06.422084 np0000164920 nova-scheduler[109913]: DEBUG dbcounter [-] [109913] Writing DB stats nova_cell0:SELECT=1 {{(pid=109913) stat_writer /opt/stack/data/venv/lib/python3.12/site-packages/dbcounter.py:115}}
Apr 10 18:52:06.422698 np0000164920 nova-scheduler[109919]: DEBUG dbcounter [-] [109919] Writing DB stats nova_cell0:SELECT=1 {{(pid=109919) stat_writer /opt/stack/data/venv/lib/python3.12/site-packages/dbcounter.py:115}}
Apr 10 18:52:13.240308 np0000164920 nova-scheduler[109905]: DEBUG oslo.service.backend._threading.loopingcall [None req-54400649-4775-47ec-9453-ac08a6934208 None None] Dynamic interval looping call 'nova.service.Service.periodic_tasks' sleeping for 60.00 seconds {{(pid=109905) _run_loop /opt/stack/data/venv/lib/python3.12/site-packages/oslo_service/backend/_threading/loopingcall.py:125}}
Apr 10 18:52:15.227269 np0000164920 nova-scheduler[109899]: DEBUG oslo.service.backend._threading.loopingcall [None req-9e6d0bc5-ad85-4b99-ad18-69bc09d2092f None None] Dynamic interval looping call 'nova.service.Service.periodic_tasks' sleeping for 60.00 seconds {{(pid=109899) _run_loop /opt/stack/data/venv/lib/python3.12/site-packages/oslo_service/backend/_threading/loopingcall.py:125}}
Apr 10 18:52:18.240821 np0000164920 nova-scheduler[109913]: DEBUG oslo.service.backend._threading.loopingcall [None req-2ddff975-ce9b-42bf-ab55-317991869af6 None None] Dynamic interval looping call 'nova.service.Service.periodic_tasks' sleeping for 60.00 seconds {{(pid=109913) _run_loop /opt/stack/data/venv/lib/python3.12/site-packages/oslo_service/backend/_threading/loopingcall.py:125}}
Apr 10 18:52:58.262562 np0000164920 nova-scheduler[109919]: DEBUG oslo.service.backend._threading.loopingcall [None req-000a3614-71e4-4ae5-a8f2-9f67c857e55f None None] Dynamic interval looping call 'nova.service.Service.periodic_tasks' sleeping for 60.00 seconds {{(pid=109919) _run_loop /opt/stack/data/venv/lib/python3.12/site-packages/oslo_service/backend/_threading/loopingcall.py:125}}
Apr 10 18:53:13.241188 np0000164920 nova-scheduler[109905]: DEBUG oslo.service.backend._threading.loopingcall [None req-54400649-4775-47ec-9453-ac08a6934208 None None] Dynamic interval looping call 'nova.service.Service.periodic_tasks' sleeping for 60.00 seconds {{(pid=109905) _run_loop /opt/stack/data/venv/lib/python3.12/site-packages/oslo_service/backend/_threading/loopingcall.py:125}}
Apr 10 18:53:15.228129 np0000164920 nova-scheduler[109899]: DEBUG oslo.service.backend._threading.loopingcall [None req-9e6d0bc5-ad85-4b99-ad18-69bc09d2092f None None] Dynamic interval looping call 'nova.service.Service.periodic_tasks' sleeping for 60.00 seconds {{(pid=109899) _run_loop /opt/stack/data/venv/lib/python3.12/site-packages/oslo_service/backend/_threading/loopingcall.py:125}}
Apr 10 18:53:18.241526 np0000164920 nova-scheduler[109913]: DEBUG oslo.service.backend._threading.loopingcall [None req-2ddff975-ce9b-42bf-ab55-317991869af6 None None] Dynamic interval looping call 'nova.service.Service.periodic_tasks' sleeping for 60.00 seconds {{(pid=109913) _run_loop /opt/stack/data/venv/lib/python3.12/site-packages/oslo_service/backend/_threading/loopingcall.py:125}}