2026-09-12 07:10:48.473 15 INFO neutron.plugins.ml2.drivers.ovn.mech_driver.ovsdb.maintenance [None req-5a95351c-4158-4038-9aec-6a5e5a8e3976 - - - - - -] OVN maintenance task set_network_type finished in 0.004 seconds
2026-09-12 07:10:48.474 15 INFO neutron.plugins.ml2.drivers.ovn.mech_driver.ovsdb.maintenance [None req-5a95351c-4158-4038-9aec-6a5e5a8e3976 - - - - - -] OVN maintenance task update_mac_aging_settings finished in 0.000 seconds
2026-09-12 07:10:48.478 15 INFO neutron.plugins.ml2.drivers.ovn.mech_driver.ovsdb.maintenance [None req-5a95351c-4158-4038-9aec-6a5e5a8e3976 - - - - - -] OVN maintenance task update_router_distributed_flag finished in 0.004 seconds
2026-09-12 07:10:48.478 15 INFO neutron.plugins.ml2.drivers.ovn.mech_driver.ovsdb.maintenance [None req-5a95351c-4158-4038-9aec-6a5e5a8e3976 - - - - - -] OVN maintenance task update_router_static_routes finished in 0.000 seconds
2026-09-12 07:10:48.489 15 INFO neutron.plugins.ml2.drivers.ovn.mech_driver.ovsdb.maintenance [None req-5a95351c-4158-4038-9aec-6a5e5a8e3976 - - - - - -] OVN maintenance task update_security_group_with_address_group finished in 0.011 seconds
2026-09-12 07:10:49.899 10 INFO neutron.api.wsgi [-] 10.0.0.251 "GET / HTTP/1.1" status: 200 len: 246 time: 0.0066633
2026-09-12 07:10:49.908 9 INFO neutron.api.wsgi [-] 10.0.0.251 "GET / HTTP/1.1" status: 200 len: 246 time: 0.0071163 /var/lib/openstack/lib/python3.12/site-packages/pycadf/identifier.py:71: UserWarning: Invalid uuid: unknown. To ensure interoperability, identifiers should be a valid uuid. warnings.warn(('Invalid uuid: %s. To ensure interoperability, '
2026-09-12 07:10:55.183 9 INFO neutron.pecan_wsgi.hooks.translation [None req-830b39f9-19ec-4d11-b689-a1d6daf0ed4c eab1ec329aeb4a84945fccea9c378294 494eec967bd94616aea910a91f8dd82b - - default default] GET failed (client error): The resource could not be found.
2026-09-12 07:10:55.184 9 INFO neutron.api.wsgi [None req-830b39f9-19ec-4d11-b689-a1d6daf0ed4c eab1ec329aeb4a84945fccea9c378294 494eec967bd94616aea910a91f8dd82b - - default default] 162.253.55.179,10.0.0.251 "GET /v2.0/networks/public HTTP/1.1" status: 404 len: 290 time: 0.6263888
2026-09-12 07:10:55.199 9 INFO neutron.api.wsgi [None req-c810edc5-eefe-48d4-84f4-a5adf2d77003 eab1ec329aeb4a84945fccea9c378294 494eec967bd94616aea910a91f8dd82b - - default default] 162.253.55.179,10.0.0.251 "GET /v2.0/networks?name=public HTTP/1.1" status: 200 len: 189 time: 0.0121379
2026-09-12 07:10:55.488 9 INFO neutron.plugins.ml2.drivers.ovn.mech_driver.ovsdb.extensions.qos [None req-aaed40b4-af91-4447-80f5-49785f414f60 eab1ec329aeb4a84945fccea9c378294 494eec967bd94616aea910a91f8dd82b - - default default] Starting OVNClientQosExtension
2026-09-12 07:10:55.489 9 INFO neutron.plugins.ml2.drivers.ovn.mech_driver.ovsdb.extensions.placement [None req-aaed40b4-af91-4447-80f5-49785f414f60 eab1ec329aeb4a84945fccea9c378294 494eec967bd94616aea910a91f8dd82b - - default default] Starting OVNClientPlacementExtension
2026-09-12 07:10:55.521 9 INFO neutron.db.ovn_revision_numbers_db [None req-aaed40b4-af91-4447-80f5-49785f414f60 eab1ec329aeb4a84945fccea9c378294 494eec967bd94616aea910a91f8dd82b - - default default] Successfully bumped revision number for resource 75734b52-9769-4cd2-b7bb-bcd6e713f159 (type: security_groups) to 1
2026-09-12 07:10:55.534 9 INFO neutron.db.ovn_revision_numbers_db [None req-aaed40b4-af91-4447-80f5-49785f414f60 eab1ec329aeb4a84945fccea9c378294 494eec967bd94616aea910a91f8dd82b - - default default] Successfully bumped revision number for resource 063c5829-f1a3-4ba5-a50c-02c518fcadb0 (type: security_group_rules) to 0
2026-09-12 07:10:55.544 9 INFO neutron.db.ovn_revision_numbers_db [None req-aaed40b4-af91-4447-80f5-49785f414f60 eab1ec329aeb4a84945fccea9c378294 494eec967bd94616aea910a91f8dd82b - - default default] Successfully bumped revision number for resource 64ed1910-111e-4ddd-883f-14e6880f6026 (type: security_group_rules) to 0
2026-09-12 07:10:55.554 9 INFO neutron.db.ovn_revision_numbers_db [None req-aaed40b4-af91-4447-80f5-49785f414f60 eab1ec329aeb4a84945fccea9c378294 494eec967bd94616aea910a91f8dd82b - - default default] Successfully bumped revision number for resource 97369451-568e-4c43-8e7d-d142764972cc (type: security_group_rules) to 0
2026-09-12 07:10:55.564 9 INFO neutron.db.ovn_revision_numbers_db [None req-aaed40b4-af91-4447-80f5-49785f414f60 eab1ec329aeb4a84945fccea9c378294 494eec967bd94616aea910a91f8dd82b - - default default] Successfully bumped revision number for resource cf569e60-3fb7-4472-9c84-d7960ed8b512 (type: security_group_rules) to 0
2026-09-12 07:10:55.652 9 WARNING neutron.services.revisions.revision_plugin [None req-aaed40b4-af91-4447-80f5-49785f414f60 eab1ec329aeb4a84945fccea9c378294 494eec967bd94616aea910a91f8dd82b - - default default] Could not find related network for resource to bump revision.
2026-09-12 07:10:55.687 9 INFO neutron.db.segments_db [None req-aaed40b4-af91-4447-80f5-49785f414f60 eab1ec329aeb4a84945fccea9c378294 494eec967bd94616aea910a91f8dd82b - - default default] Added segment 69de4688-ad00-4aa4-97f0-e7c137e6774b of type flat for network 5dcc1c9a-d19d-4278-826f-f353a8014b25
2026-09-12 07:10:55.831 9 INFO neutron.db.ovn_revision_numbers_db [None req-aaed40b4-af91-4447-80f5-49785f414f60 eab1ec329aeb4a84945fccea9c378294 494eec967bd94616aea910a91f8dd82b - - default default] Successfully bumped revision number for resource 5dcc1c9a-d19d-4278-826f-f353a8014b25 (type: networks) to 1
2026-09-12 07:10:56.038 9 WARNING neutron.scheduler.dhcp_agent_scheduler [None req-aaed40b4-af91-4447-80f5-49785f414f60 eab1ec329aeb4a84945fccea9c378294 494eec967bd94616aea910a91f8dd82b - - default default] No more DHCP agents
2026-09-12 07:10:56.041 9 WARNING neutron.api.rpc.agentnotifiers.dhcp_rpc_agent_api [None req-aaed40b4-af91-4447-80f5-49785f414f60 eab1ec329aeb4a84945fccea9c378294 494eec967bd94616aea910a91f8dd82b - - default default] Unable to schedule network 5dcc1c9a-d19d-4278-826f-f353a8014b25: no agents available; will retry on subsequent port and subnet creation events.
2026-09-12 07:10:56.193 9 INFO neutron.db.ovn_revision_numbers_db [None req-aaed40b4-af91-4447-80f5-49785f414f60 eab1ec329aeb4a84945fccea9c378294 494eec967bd94616aea910a91f8dd82b - - default default] Successfully bumped revision number for resource ed8af9b3-caae-4f25-a1b2-2acc0ad64792 (type: ports) to 1
2026-09-12 07:10:56.217 9 INFO neutron.api.wsgi [None req-aaed40b4-af91-4447-80f5-49785f414f60 eab1ec329aeb4a84945fccea9c378294 494eec967bd94616aea910a91f8dd82b - - default default] 162.253.55.179,10.0.0.251 "POST /v2.0/networks HTTP/1.1" status: 201 len: 886 time: 1.0146675 /var/lib/openstack/lib/python3.12/site-packages/pycadf/identifier.py:71: UserWarning: Invalid uuid: unknown. To ensure interoperability, identifiers should be a valid uuid. warnings.warn(('Invalid uuid: %s. To ensure interoperability, '
2026-09-12 07:10:57.963 10 INFO neutron.pecan_wsgi.hooks.translation [None req-f790eb06-9434-4802-bdf8-5a72fb697537 eab1ec329aeb4a84945fccea9c378294 494eec967bd94616aea910a91f8dd82b - - default default] GET failed (client error): The resource could not be found.
2026-09-12 07:10:57.964 10 INFO neutron.api.wsgi [None req-f790eb06-9434-4802-bdf8-5a72fb697537 eab1ec329aeb4a84945fccea9c378294 494eec967bd94616aea910a91f8dd82b - - default default] 162.253.55.179,10.0.0.251 "GET /v2.0/networks/public HTTP/1.1" status: 404 len: 290 time: 0.5877738
2026-09-12 07:10:58.194 10 INFO neutron.api.wsgi [None req-351485a1-fc2e-49bb-a5db-d287b0bb4ba6 eab1ec329aeb4a84945fccea9c378294 494eec967bd94616aea910a91f8dd82b - - default default] 162.253.55.179,10.0.0.251 "GET /v2.0/networks?name=public HTTP/1.1" status: 200 len: 890 time: 0.2255275
2026-09-12 07:10:58.228 10 INFO neutron.pecan_wsgi.hooks.translation [None req-66688fe6-bbe5-4929-ba3d-bdd8374a9ed7 eab1ec329aeb4a84945fccea9c378294 494eec967bd94616aea910a91f8dd82b - - default default] GET failed (client error): The resource could not be found.
2026-09-12 07:10:58.229 10 INFO neutron.api.wsgi [None req-66688fe6-bbe5-4929-ba3d-bdd8374a9ed7 eab1ec329aeb4a84945fccea9c378294 494eec967bd94616aea910a91f8dd82b - - default default] 162.253.55.179,10.0.0.251 "GET /v2.0/subnets/public-subnet?network_id=5dcc1c9a-d19d-4278-826f-f353a8014b25 HTTP/1.1" status: 404 len: 295 time: 0.0263460
2026-09-12 07:10:58.254 10 INFO neutron.api.wsgi [None req-d823b28a-7647-4dd1-bfbd-2197206e0f2d eab1ec329aeb4a84945fccea9c378294 494eec967bd94616aea910a91f8dd82b - - default default] 162.253.55.179,10.0.0.251 "GET /v2.0/subnets?name=public-subnet&network_id=5dcc1c9a-d19d-4278-826f-f353a8014b25 HTTP/1.1" status: 200 len: 188 time: 0.0212581
2026-09-12 07:10:58.321 15 WARNING neutron.plugins.ml2.drivers.ovn.mech_driver.ovsdb.ovn_db_sync [None req-5e5d4942-0a74-4817-b75d-a928c4c05c6e - - - - - -] New host instance found in OVN SB DB, but not in Neutron. Add its SegmentHostMapping in Neutron
2026-09-12 07:10:58.508 15 WARNING neutron.plugins.ml2.drivers.ovn.mech_driver.ovsdb.ovn_db_sync [None req-18587b1c-9a5c-4313-961a-0f3025f6cf0a - - - - - -] DHCP options for subnet f72a08a0-daa4-4955-9c29-ed55e3b624ab present in Neutron but out of sync with OVN NB DB
2026-09-12 07:10:58.581 15 INFO neutron.plugins.ml2.drivers.ovn.mech_driver.ovsdb.extensions.qos [None req-18587b1c-9a5c-4313-961a-0f3025f6cf0a - - - - - -] Starting OVNClientQosExtension
2026-09-12 07:10:58.597 15 INFO neutron.plugins.ml2.drivers.ovn.mech_driver.ovsdb.extensions.qos [None req-18587b1c-9a5c-4313-961a-0f3025f6cf0a - - - - - -] Starting OVNClientQosExtension
2026-09-12 07:10:58.628 10 WARNING neutron.scheduler.dhcp_agent_scheduler [None req-8291190e-0fa8-4eeb-a5fe-cd555a9aaef2 eab1ec329aeb4a84945fccea9c378294 494eec967bd94616aea910a91f8dd82b - - default default] No more DHCP agents
2026-09-12 07:10:58.629 10 WARNING neutron.api.rpc.agentnotifiers.dhcp_rpc_agent_api [None req-8291190e-0fa8-4eeb-a5fe-cd555a9aaef2 eab1ec329aeb4a84945fccea9c378294 494eec967bd94616aea910a91f8dd82b - - default default] Unable to schedule network 5dcc1c9a-d19d-4278-826f-f353a8014b25: no agents available; will retry on subsequent port and subnet creation events.
2026-09-12 07:10:58.629 10 INFO neutron.plugins.ml2.drivers.ovn.mech_driver.ovsdb.extensions.qos [None req-8291190e-0fa8-4eeb-a5fe-cd555a9aaef2 eab1ec329aeb4a84945fccea9c378294 494eec967bd94616aea910a91f8dd82b - - default default] Starting OVNClientQosExtension
2026-09-12 07:10:58.629 10 INFO neutron.plugins.ml2.drivers.ovn.mech_driver.ovsdb.extensions.placement [None req-8291190e-0fa8-4eeb-a5fe-cd555a9aaef2 eab1ec329aeb4a84945fccea9c378294 494eec967bd94616aea910a91f8dd82b - - default default] Starting OVNClientPlacementExtension
2026-09-12 07:10:59.243 10 INFO neutron.db.ovn_revision_numbers_db [None req-205f7efb-12f3-43fb-a12e-a58c8057566b - - - - - -] Successfully bumped revision number for resource ed8af9b3-caae-4f25-a1b2-2acc0ad64792 (type: ports) to 2
2026-09-12 07:10:59.277 10 INFO neutron.db.ovn_revision_numbers_db [None req-205f7efb-12f3-43fb-a12e-a58c8057566b - - - - - -] Successfully bumped revision number for resource f72a08a0-daa4-4955-9c29-ed55e3b624ab (type: subnets) to 0
2026-09-12 07:10:59.293 10 INFO neutron.api.wsgi [None req-8291190e-0fa8-4eeb-a5fe-cd555a9aaef2 eab1ec329aeb4a84945fccea9c378294 494eec967bd94616aea910a91f8dd82b - - default default] 162.253.55.179,10.0.0.251 "POST /v2.0/subnets HTTP/1.1" status: 201 len: 844 time: 1.0343258
2026-09-12 07:11:04.893 9 INFO neutron.api.wsgi [-] 10.0.0.251 "GET / HTTP/1.1" status: 200 len: 246 time: 0.0017097
2026-09-12 07:11:19.895 9 INFO neutron.api.wsgi [-] 10.0.0.251 "GET / HTTP/1.1" status: 200 len: 246 time: 0.0033762
2026-09-12 07:11:34.895 10 INFO neutron.api.wsgi [-] 10.0.0.251 "GET / HTTP/1.1" status: 200 len: 246 time: 0.0025034
2026-09-12 07:11:49.894 10 INFO neutron.api.wsgi [-] 10.0.0.251 "GET / HTTP/1.1" status: 200 len: 246 time: 0.0026171
2026-09-12 07:11:49.895 9 INFO neutron.api.wsgi [-] 10.0.0.251 "GET / HTTP/1.1" status: 200 len: 246 time: 0.0034349
2026-09-12 07:12:04.894 9 INFO neutron.api.wsgi [-] 10.0.0.251 "GET / HTTP/1.1" status: 200 len: 246 time: 0.0023646
2026-09-12 07:12:04.895 10 INFO neutron.api.wsgi [-] 10.0.0.251 "GET / HTTP/1.1" status: 200 len: 246 time: 0.0029373
2026-09-12 07:12:19.895 10 INFO neutron.api.wsgi [-] 10.0.0.251 "GET / HTTP/1.1" status: 200 len: 246 time: 0.0023673
2026-09-12 07:12:19.896 9 INFO neutron.api.wsgi [-] 10.0.0.251 "GET / HTTP/1.1" status: 200 len: 246 time: 0.0037930
2026-09-12 07:12:34.895 10 INFO neutron.api.wsgi [-] 10.0.0.251 "GET / HTTP/1.1" status: 200 len: 246 time: 0.0023444
2026-09-12 07:12:34.898 10 INFO neutron.api.wsgi [-] 10.0.0.251 "GET / HTTP/1.1" status: 200 len: 246 time: 0.0025849
2026-09-12 07:12:49.894 9 INFO neutron.api.wsgi [-] 10.0.0.251 "GET / HTTP/1.1" status: 200 len: 246 time: 0.0023682
2026-09-12 07:12:49.897 9 INFO neutron.api.wsgi [-] 10.0.0.251 "GET / HTTP/1.1" status: 200 len: 246 time: 0.0020187
2026-09-12 07:13:04.894 10 INFO neutron.api.wsgi [-] 10.0.0.251 "GET / HTTP/1.1" status: 200 len: 246 time: 0.0026736
2026-09-12 07:13:04.895 9 INFO neutron.api.wsgi [-] 10.0.0.251 "GET / HTTP/1.1" status: 200 len: 246 time: 0.0033820
2026-09-12 07:13:19.893 10 INFO neutron.api.wsgi [-] 10.0.0.251 "GET / HTTP/1.1" status: 200 len: 246 time: 0.0021179
2026-09-12 07:13:19.894 9 INFO neutron.api.wsgi [-] 10.0.0.251 "GET / HTTP/1.1" status: 200 len: 246 time: 0.0023746
2026-09-12 07:13:34.894 9 INFO neutron.api.wsgi [-] 10.0.0.251 "GET / HTTP/1.1" status: 200 len: 246 time: 0.0021927
2026-09-12 07:13:34.897 9 INFO neutron.api.wsgi [-] 10.0.0.251 "GET / HTTP/1.1" status: 200 len: 246 time: 0.0023251
2026-09-12 07:13:49.893 10 INFO neutron.api.wsgi [-] 10.0.0.251 "GET / HTTP/1.1" status: 200 len: 246 time: 0.0018504
2026-09-12 07:13:49.894 9 INFO neutron.api.wsgi [-] 10.0.0.251 "GET / HTTP/1.1" status: 200 len: 246 time: 0.0023022
2026-09-12 07:14:04.893 9 INFO neutron.api.wsgi [-] 10.0.0.251 "GET / HTTP/1.1" status: 200 len: 246 time: 0.0015066
2026-09-12 07:14:04.895 9 INFO neutron.api.wsgi [-] 10.0.0.251 "GET / HTTP/1.1" status: 200 len: 246 time: 0.0014539
2026-09-12 07:14:19.895 9 INFO neutron.api.wsgi [-] 10.0.0.251 "GET / HTTP/1.1" status: 200 len: 246 time: 0.0028822
2026-09-12 07:14:19.895 10 INFO neutron.api.wsgi [-] 10.0.0.251 "GET / HTTP/1.1" status: 200 len: 246 time: 0.0032754
2026-09-12 07:14:34.895 9 INFO neutron.api.wsgi [-] 10.0.0.251 "GET / HTTP/1.1" status: 200 len: 246 time: 0.0031393
2026-09-12 07:14:34.900 10 INFO neutron.api.wsgi [-] 10.0.0.251 "GET / HTTP/1.1" status: 200 len: 246 time: 0.0078368
2026-09-12 07:14:49.894 10 INFO neutron.api.wsgi [-] 10.0.0.251 "GET / HTTP/1.1" status: 200 len: 246 time: 0.0023649
2026-09-12 07:14:49.896 10 INFO neutron.api.wsgi [-] 10.0.0.251 "GET / HTTP/1.1" status: 200 len: 246 time: 0.0018044
2026-09-12 07:15:04.894 9 INFO neutron.api.wsgi [-] 10.0.0.251 "GET / HTTP/1.1" status: 200 len: 246 time: 0.0025795
2026-09-12 07:15:04.895 10 INFO neutron.api.wsgi [-] 10.0.0.251 "GET / HTTP/1.1" status: 200 len: 246 time: 0.0034940
2026-09-12 07:15:19.894 9 INFO neutron.api.wsgi [-] 10.0.0.251 "GET / HTTP/1.1" status: 200 len: 246 time: 0.0022418
2026-09-12 07:15:19.897 9 INFO neutron.api.wsgi [-] 10.0.0.251 "GET / HTTP/1.1" status: 200 len: 246 time: 0.0022821
2026-09-12 07:15:34.894 10 INFO neutron.api.wsgi [-] 10.0.0.251 "GET / HTTP/1.1" status: 200 len: 246 time: 0.0025420
2026-09-12 07:15:34.894 9 INFO neutron.api.wsgi [-] 10.0.0.251 "GET / HTTP/1.1" status: 200 len: 246 time: 0.0030899
2026-09-12 07:15:47.659 9 INFO neutron.pecan_wsgi.hooks.translation [None req-44551b64-2514-422e-896a-8ca2cd53b516 eab1ec329aeb4a84945fccea9c378294 494eec967bd94616aea910a91f8dd82b - - default default] GET failed (client error): The resource could not be found.
2026-09-12 07:15:47.661 9 INFO neutron.api.wsgi [None req-44551b64-2514-422e-896a-8ca2cd53b516 eab1ec329aeb4a84945fccea9c378294 494eec967bd94616aea910a91f8dd82b - - default default] 162.253.55.179,10.0.0.251 "GET /v2.0/networks/lb-mgmt-net HTTP/1.1" status: 404 len: 295 time: 0.1231613
2026-09-12 07:15:47.680 9 INFO neutron.api.wsgi [None req-b19429a9-e71d-4679-93f6-0a0e5767e5eb eab1ec329aeb4a84945fccea9c378294 494eec967bd94616aea910a91f8dd82b - - default default] 162.253.55.179,10.0.0.251 "GET /v2.0/networks?name=lb-mgmt-net HTTP/1.1" status: 200 len: 189 time: 0.0141952
2026-09-12 07:15:47.801 9 INFO neutron.db.segments_db [None req-0b8f5b9c-2017-4591-ada9-1de9e1d0dcd9 eab1ec329aeb4a84945fccea9c378294 494eec967bd94616aea910a91f8dd82b - - default default] Added segment aa7180ca-a21e-438b-8ca1-226653d9dbf0 of type geneve for network 76062f57-bfa8-4281-bf11-aea3d7ad7759
2026-09-12 07:15:47.983 9 INFO neutron.db.ovn_revision_numbers_db [None req-0b8f5b9c-2017-4591-ada9-1de9e1d0dcd9 eab1ec329aeb4a84945fccea9c378294 494eec967bd94616aea910a91f8dd82b - - default default] Successfully bumped revision number for resource 76062f57-bfa8-4281-bf11-aea3d7ad7759 (type: networks) to 1
2026-09-12 07:15:48.199 9 WARNING neutron.scheduler.dhcp_agent_scheduler [None req-0b8f5b9c-2017-4591-ada9-1de9e1d0dcd9 eab1ec329aeb4a84945fccea9c378294 494eec967bd94616aea910a91f8dd82b - - default default] No more DHCP agents
2026-09-12 07:15:48.201 9 WARNING neutron.api.rpc.agentnotifiers.dhcp_rpc_agent_api [None req-0b8f5b9c-2017-4591-ada9-1de9e1d0dcd9 eab1ec329aeb4a84945fccea9c378294 494eec967bd94616aea910a91f8dd82b - - default default] Unable to schedule network 76062f57-bfa8-4281-bf11-aea3d7ad7759: no agents available; will retry on subsequent port and subnet creation events.
2026-09-12 07:15:48.275 9 INFO neutron.db.ovn_revision_numbers_db [None req-0b8f5b9c-2017-4591-ada9-1de9e1d0dcd9 eab1ec329aeb4a84945fccea9c378294 494eec967bd94616aea910a91f8dd82b - - default default] Successfully bumped revision number for resource f574d01c-2436-45cc-a2dd-30f55b3b5d5f (type: ports) to 1
2026-09-12 07:15:48.302 9 INFO neutron.api.wsgi [None req-0b8f5b9c-2017-4591-ada9-1de9e1d0dcd9 eab1ec329aeb4a84945fccea9c378294 494eec967bd94616aea910a91f8dd82b - - default default] 162.253.55.179,10.0.0.251 "POST /v2.0/networks HTTP/1.1" status: 201 len: 890 time: 0.6154342
2026-09-12 07:15:48.516 15 INFO neutron.db.ovn_revision_numbers_db [None req-5a95351c-4158-4038-9aec-6a5e5a8e3976 - - - - - -] Successfully bumped revision number for resource 5dcc1c9a-d19d-4278-826f-f353a8014b25 (type: networks) to 2
2026-09-12 07:15:48.517 15 INFO neutron.plugins.ml2.drivers.ovn.mech_driver.ovsdb.maintenance [None req-5a95351c-4158-4038-9aec-6a5e5a8e3976 - - - - - -] OVN maintenance task check_for_inconsistencies finished in 0.131 seconds
2026-09-12 07:15:49.282 9 INFO neutron.pecan_wsgi.hooks.translation [None req-ddf6a074-b824-4644-903e-240709e91062 eab1ec329aeb4a84945fccea9c378294 494eec967bd94616aea910a91f8dd82b - - default default] GET failed (client error): The resource could not be found.
2026-09-12 07:15:49.284 9 INFO neutron.api.wsgi [None req-ddf6a074-b824-4644-903e-240709e91062 eab1ec329aeb4a84945fccea9c378294 494eec967bd94616aea910a91f8dd82b - - default default] 162.253.55.179,10.0.0.251 "GET /v2.0/networks/lb-mgmt-net HTTP/1.1" status: 404 len: 295 time: 0.0499473
2026-09-12 07:15:49.334 9 INFO neutron.api.wsgi [None req-b1d23852-994c-4541-be13-92ae2a52b2c6 eab1ec329aeb4a84945fccea9c378294 494eec967bd94616aea910a91f8dd82b - - default default] 162.253.55.179,10.0.0.251 "GET /v2.0/networks?name=lb-mgmt-net HTTP/1.1" status: 200 len: 875 time: 0.0454309
2026-09-12 07:15:49.362 9 INFO neutron.pecan_wsgi.hooks.translation [None req-4008081f-5121-4603-967e-ff223ce18f86 eab1ec329aeb4a84945fccea9c378294 494eec967bd94616aea910a91f8dd82b - - default default] GET failed (client error): The resource could not be found.
2026-09-12 07:15:49.363 9 INFO neutron.api.wsgi [None req-4008081f-5121-4603-967e-ff223ce18f86 eab1ec329aeb4a84945fccea9c378294 494eec967bd94616aea910a91f8dd82b - - default default] 162.253.55.179,10.0.0.251 "GET /v2.0/subnets/lb-mgmt-subnet?network_id=76062f57-bfa8-4281-bf11-aea3d7ad7759 HTTP/1.1" status: 404 len: 296 time: 0.0221252
2026-09-12 07:15:49.382 9 INFO neutron.api.wsgi [None req-a3005c75-49bd-4c32-968a-d25b70651ac8 eab1ec329aeb4a84945fccea9c378294 494eec967bd94616aea910a91f8dd82b - - default default] 162.253.55.179,10.0.0.251 "GET /v2.0/subnets?name=lb-mgmt-subnet&network_id=76062f57-bfa8-4281-bf11-aea3d7ad7759 HTTP/1.1" status: 200 len: 188 time: 0.0164049
2026-09-12 07:15:49.577 9 WARNING neutron.scheduler.dhcp_agent_scheduler [None req-a021359f-c463-42fd-99cc-e0fa77c27154 eab1ec329aeb4a84945fccea9c378294 494eec967bd94616aea910a91f8dd82b - - default default] No more DHCP agents
2026-09-12 07:15:49.578 9 WARNING neutron.api.rpc.agentnotifiers.dhcp_rpc_agent_api [None req-a021359f-c463-42fd-99cc-e0fa77c27154 eab1ec329aeb4a84945fccea9c378294 494eec967bd94616aea910a91f8dd82b - - default default] Unable to schedule network 76062f57-bfa8-4281-bf11-aea3d7ad7759: no agents available; will retry on subsequent port and subnet creation events.
2026-09-12 07:15:49.893 10 INFO neutron.api.wsgi [-] 10.0.0.251 "GET / HTTP/1.1" status: 200 len: 246 time: 0.0017157
2026-09-12 07:15:49.895 10 INFO neutron.api.wsgi [-] 10.0.0.251 "GET / HTTP/1.1" status: 200 len: 246 time: 0.0012231
2026-09-12 07:15:49.979 9 INFO neutron.db.ovn_revision_numbers_db [None req-63332e80-b0ad-4141-9b41-0b6323729930 - - - - - -] Successfully bumped revision number for resource f574d01c-2436-45cc-a2dd-30f55b3b5d5f (type: ports) to 2
2026-09-12 07:15:50.006 9 INFO neutron.db.ovn_revision_numbers_db [None req-63332e80-b0ad-4141-9b41-0b6323729930 - - - - - -] Successfully bumped revision number for resource 8fd09d66-b1dd-460e-b1e4-c50aa2cbede4 (type: subnets) to 0
2026-09-12 07:15:50.027 9 INFO neutron.api.wsgi [None req-a021359f-c463-42fd-99cc-e0fa77c27154 eab1ec329aeb4a84945fccea9c378294 494eec967bd94616aea910a91f8dd82b - - default default] 162.253.55.179,10.0.0.251 "POST /v2.0/subnets HTTP/1.1" status: 201 len: 831 time: 0.6416175
2026-09-12 07:15:51.247 9 INFO neutron.api.v2.resource [None req-42342060-0d09-4a78-8955-97fa474799c6 eab1ec329aeb4a84945fccea9c378294 494eec967bd94616aea910a91f8dd82b - - default default] show failed (client error): The resource could not be found.
2026-09-12 07:15:51.249 9 INFO neutron.api.wsgi [None req-42342060-0d09-4a78-8955-97fa474799c6 eab1ec329aeb4a84945fccea9c378294 494eec967bd94616aea910a91f8dd82b - - default default] 162.253.55.179,10.0.0.251 "GET /v2.0/security-groups/lb-health-mgr-sec-grp HTTP/1.1" status: 404 len: 313 time: 0.0481136
2026-09-12 07:15:51.291 9 INFO neutron.api.wsgi [None req-ad26fb7e-d9ac-4334-9ad3-b5633ef6069d eab1ec329aeb4a84945fccea9c378294 494eec967bd94616aea910a91f8dd82b - - default default] 162.253.55.179,10.0.0.251 "GET /v2.0/security-groups?name=lb-health-mgr-sec-grp HTTP/1.1" status: 200 len: 197 time: 0.0386362
2026-09-12 07:15:51.449 9 INFO neutron.db.ovn_revision_numbers_db [None req-ceeae7a4-e982-419f-83b5-943771f02753 eab1ec329aeb4a84945fccea9c378294 494eec967bd94616aea910a91f8dd82b - - default default] Successfully bumped revision number for resource 5ad0dbd1-6bee-4de6-ac61-99267a0c6fb6 (type: security_groups) to 1
2026-09-12 07:15:51.462 9 INFO neutron.db.ovn_revision_numbers_db [None req-ceeae7a4-e982-419f-83b5-943771f02753 eab1ec329aeb4a84945fccea9c378294 494eec967bd94616aea910a91f8dd82b - - default default] Successfully bumped revision number for resource 613a0a38-f0ab-4193-80a5-6c0da2634ae5 (type: security_group_rules) to 0
2026-09-12 07:15:51.476 9 INFO neutron.db.ovn_revision_numbers_db [None req-ceeae7a4-e982-419f-83b5-943771f02753 eab1ec329aeb4a84945fccea9c378294 494eec967bd94616aea910a91f8dd82b - - default default] Successfully bumped revision number for resource 7a772fc6-2032-4f9e-a896-875739107d23 (type: security_group_rules) to 0
2026-09-12 07:15:51.508 9 INFO neutron.api.wsgi [None req-ceeae7a4-e982-419f-83b5-943771f02753 eab1ec329aeb4a84945fccea9c378294 494eec967bd94616aea910a91f8dd82b - - default default] 162.253.55.179,10.0.0.251 "POST /v2.0/security-groups HTTP/1.1" status: 201 len: 1797 time: 0.2094345
2026-09-12 07:15:52.686 9 INFO neutron.api.wsgi [None req-04636f9b-8a4b-47c4-9409-b8c870fbea54 eab1ec329aeb4a84945fccea9c378294 494eec967bd94616aea910a91f8dd82b - - default default] 162.253.55.179,10.0.0.251 "GET /v2.0/security-groups/5ad0dbd1-6bee-4de6-ac61-99267a0c6fb6 HTTP/1.1" status: 200 len: 1792 time: 0.0601127
2026-09-12 07:15:52.724 9 INFO neutron.api.wsgi [None req-3ca457e1-e60c-44b2-a791-99b09c4eeba7 eab1ec329aeb4a84945fccea9c378294 494eec967bd94616aea910a91f8dd82b - - default default] 162.253.55.179,10.0.0.251 "GET /v2.0/security-groups/5ad0dbd1-6bee-4de6-ac61-99267a0c6fb6 HTTP/1.1" status: 200 len: 1792 time: 0.0301633
2026-09-12 07:15:52.754 9 INFO neutron.api.wsgi [None req-d3ef0961-40af-437b-bd64-ab09d9321e37 eab1ec329aeb4a84945fccea9c378294 494eec967bd94616aea910a91f8dd82b - - default default] 162.253.55.179,10.0.0.251 "GET /v2.0/security-groups/5ad0dbd1-6bee-4de6-ac61-99267a0c6fb6 HTTP/1.1" status: 200 len: 1792 time: 0.0229006
2026-09-12 07:15:52.882 9 INFO neutron.db.ovn_revision_numbers_db [None req-f06d21fc-90b5-48ed-bacc-cd52dbac1613 eab1ec329aeb4a84945fccea9c378294 494eec967bd94616aea910a91f8dd82b - - default default] Successfully bumped revision number for resource 2bf82364-689a-43bf-8c40-6c4d75e8c78d (type: security_group_rules) to 0
2026-09-12 07:15:52.913 9 INFO neutron.api.wsgi [None req-f06d21fc-90b5-48ed-bacc-cd52dbac1613 eab1ec329aeb4a84945fccea9c378294 494eec967bd94616aea910a91f8dd82b - - default default] 162.253.55.179,10.0.0.251 "POST /v2.0/security-group-rules HTTP/1.1" status: 201 len: 781 time: 0.1524277
2026-09-12 07:15:53.784 9 INFO neutron.api.wsgi [None req-39de90b7-dece-4537-93a1-6bc2a4471b83 eab1ec329aeb4a84945fccea9c378294 494eec967bd94616aea910a91f8dd82b - - default default] 162.253.55.179,10.0.0.251 "GET /v2.0/security-groups/5ad0dbd1-6bee-4de6-ac61-99267a0c6fb6 HTTP/1.1" status: 200 len: 2406 time: 0.0634198
2026-09-12 07:15:53.818 9 INFO neutron.api.wsgi [None req-d3dc0565-b616-4bca-9d78-3861e28a516e eab1ec329aeb4a84945fccea9c378294 494eec967bd94616aea910a91f8dd82b - - default default] 162.253.55.179,10.0.0.251 "GET /v2.0/security-groups/5ad0dbd1-6bee-4de6-ac61-99267a0c6fb6 HTTP/1.1" status: 200 len: 2406 time: 0.0281007
2026-09-12 07:15:53.854 9 INFO neutron.api.wsgi [None req-3b459f62-a2c4-485c-ac00-6bf7c567b242 eab1ec329aeb4a84945fccea9c378294 494eec967bd94616aea910a91f8dd82b - - default default] 162.253.55.179,10.0.0.251 "GET /v2.0/security-groups/5ad0dbd1-6bee-4de6-ac61-99267a0c6fb6 HTTP/1.1" status: 200 len: 2406 time: 0.0295846
2026-09-12 07:15:53.972 9 INFO neutron.db.ovn_revision_numbers_db [None req-3899c9ea-6d7a-45bf-9c62-ea4662732e1f eab1ec329aeb4a84945fccea9c378294 494eec967bd94616aea910a91f8dd82b - - default default] Successfully bumped revision number for resource e88206db-c903-4bcb-9427-07a4dfb7a3e8 (type: security_group_rules) to 0
2026-09-12 07:15:53.993 9 INFO neutron.api.wsgi [None req-3899c9ea-6d7a-45bf-9c62-ea4662732e1f eab1ec329aeb4a84945fccea9c378294 494eec967bd94616aea910a91f8dd82b - - default default] 162.253.55.179,10.0.0.251 "POST /v2.0/security-group-rules HTTP/1.1" status: 201 len: 783 time: 0.1335447
2026-09-12 07:15:55.036 9 INFO neutron.api.wsgi [None req-960d3902-fa49-4cf2-bd67-3be233a15c47 eab1ec329aeb4a84945fccea9c378294 494eec967bd94616aea910a91f8dd82b - - default default] 162.253.55.179,10.0.0.251 "GET /v2.0/security-groups/5ad0dbd1-6bee-4de6-ac61-99267a0c6fb6 HTTP/1.1" status: 200 len: 3022 time: 0.0788951
2026-09-12 07:15:55.089 9 INFO neutron.api.wsgi [None req-67eb9cba-6636-4ba7-afe6-02a472677dcf eab1ec329aeb4a84945fccea9c378294 494eec967bd94616aea910a91f8dd82b - - default default] 162.253.55.179,10.0.0.251 "GET /v2.0/security-groups/5ad0dbd1-6bee-4de6-ac61-99267a0c6fb6 HTTP/1.1" status: 200 len: 3022 time: 0.0443244
2026-09-12 07:15:55.141 9 INFO neutron.api.wsgi [None req-c26370ad-c9e1-4653-be41-2d76535c8cd0 eab1ec329aeb4a84945fccea9c378294 494eec967bd94616aea910a91f8dd82b - - default default] 162.253.55.179,10.0.0.251 "GET /v2.0/security-groups/5ad0dbd1-6bee-4de6-ac61-99267a0c6fb6 HTTP/1.1" status: 200 len: 3022 time: 0.0430777
2026-09-12 07:15:55.271 9 INFO neutron.db.ovn_revision_numbers_db [None req-97843aa6-efbe-4ed8-b612-258091ad3e8a eab1ec329aeb4a84945fccea9c378294 494eec967bd94616aea910a91f8dd82b - - default default] Successfully bumped revision number for resource 5edcf95d-42bf-4b48-9643-2c670b4faefe (type: security_group_rules) to 0
2026-09-12 07:15:55.318 9 INFO neutron.api.wsgi [None req-97843aa6-efbe-4ed8-b612-258091ad3e8a eab1ec329aeb4a84945fccea9c378294 494eec967bd94616aea910a91f8dd82b - - default default] 162.253.55.179,10.0.0.251 "POST /v2.0/security-group-rules HTTP/1.1" status: 201 len: 783 time: 0.1703196
2026-09-12 07:15:56.250 9 INFO neutron.api.wsgi [None req-e8fc4506-64d7-4688-a9ff-4a11890da13d eab1ec329aeb4a84945fccea9c378294 494eec967bd94616aea910a91f8dd82b - - default default] 162.253.55.179,10.0.0.251 "GET /v2.0/security-groups/5ad0dbd1-6bee-4de6-ac61-99267a0c6fb6 HTTP/1.1" status: 200 len: 3638 time: 0.0752296
2026-09-12 07:15:56.292 9 INFO neutron.api.wsgi [None req-b11c4b74-d6ec-4f96-b356-565df97c6844 eab1ec329aeb4a84945fccea9c378294 494eec967bd94616aea910a91f8dd82b - - default default] 162.253.55.179,10.0.0.251 "GET /v2.0/security-groups/5ad0dbd1-6bee-4de6-ac61-99267a0c6fb6 HTTP/1.1" status: 200 len: 3638 time: 0.0350051
2026-09-12 07:15:56.331 9 INFO neutron.api.wsgi [None req-48d4de89-be79-46b0-a665-af3746fce078 eab1ec329aeb4a84945fccea9c378294 494eec967bd94616aea910a91f8dd82b - - default default] 162.253.55.179,10.0.0.251 "GET /v2.0/security-groups/5ad0dbd1-6bee-4de6-ac61-99267a0c6fb6 HTTP/1.1" status: 200 len: 3638 time: 0.0332975
2026-09-12 07:15:56.466 9 INFO neutron.db.ovn_revision_numbers_db [None req-6cfe5b50-297c-42ae-a2f6-1d70f74ee330 eab1ec329aeb4a84945fccea9c378294 494eec967bd94616aea910a91f8dd82b - - default default] Successfully bumped revision number for resource 97926220-a67d-4cf9-9987-c8eda5276743 (type: security_group_rules) to 0
2026-09-12 07:15:56.496 9 INFO neutron.api.wsgi [None req-6cfe5b50-297c-42ae-a2f6-1d70f74ee330 eab1ec329aeb4a84945fccea9c378294 494eec967bd94616aea910a91f8dd82b - - default default] 162.253.55.179,10.0.0.251 "POST /v2.0/security-group-rules HTTP/1.1" status: 201 len: 783 time: 0.1575277
2026-09-12 07:15:57.465 9 INFO neutron.api.wsgi [None req-29e8fab7-7496-4888-b2d0-50793cef9e3e eab1ec329aeb4a84945fccea9c378294 494eec967bd94616aea910a91f8dd82b - - default default] 162.253.55.179,10.0.0.251 "GET /v2.0/security-groups/5ad0dbd1-6bee-4de6-ac61-99267a0c6fb6 HTTP/1.1" status: 200 len: 4254 time: 0.0771070
2026-09-12 07:15:57.512 9 INFO neutron.api.wsgi [None req-d537a3c6-896f-4d85-899b-4104f7d0434f eab1ec329aeb4a84945fccea9c378294 494eec967bd94616aea910a91f8dd82b - - default default] 162.253.55.179,10.0.0.251 "GET /v2.0/security-groups/5ad0dbd1-6bee-4de6-ac61-99267a0c6fb6 HTTP/1.1" status: 200 len: 4254 time: 0.0387998
2026-09-12 07:15:57.545 9 INFO neutron.api.wsgi [None req-24077de8-4f68-44aa-afe7-4a2accbb6bbb eab1ec329aeb4a84945fccea9c378294 494eec967bd94616aea910a91f8dd82b - - default default] 162.253.55.179,10.0.0.251 "GET /v2.0/security-groups/5ad0dbd1-6bee-4de6-ac61-99267a0c6fb6 HTTP/1.1" status: 200 len: 4254 time: 0.0268719
2026-09-12 07:15:57.699 9 INFO neutron.db.ovn_revision_numbers_db [None req-ef1cc78d-04d5-4dd0-91ed-90b71e435f19 eab1ec329aeb4a84945fccea9c378294 494eec967bd94616aea910a91f8dd82b - - default default] Successfully bumped revision number for resource 7dae06f4-4d09-44f3-a83a-03f23a7e8e1b (type: security_group_rules) to 0
2026-09-12 07:15:57.726 9 INFO neutron.api.wsgi [None req-ef1cc78d-04d5-4dd0-91ed-90b71e435f19 eab1ec329aeb4a84945fccea9c378294 494eec967bd94616aea910a91f8dd82b - - default default] 162.253.55.179,10.0.0.251 "POST /v2.0/security-group-rules HTTP/1.1" status: 201 len: 783 time: 0.1742854
2026-09-12 07:15:58.966 9 INFO neutron.api.wsgi [None req-3bd80436-9409-4976-9a34-9ef5d988804d eab1ec329aeb4a84945fccea9c378294 494eec967bd94616aea910a91f8dd82b - - default default] 162.253.55.179,10.0.0.251 "GET /v2.0/networks/76062f57-bfa8-4281-bf11-aea3d7ad7759 HTTP/1.1" status: 200 len: 910 time: 0.0945723
2026-09-12 07:15:58.991 9 INFO neutron.pecan_wsgi.hooks.translation [None req-1d90401d-f759-45b6-8a4a-dc03fb331777 eab1ec329aeb4a84945fccea9c378294 494eec967bd94616aea910a91f8dd82b - - default default] GET failed (client error): The resource could not be found.
2026-09-12 07:15:58.993 9 INFO neutron.api.wsgi [None req-1d90401d-f759-45b6-8a4a-dc03fb331777 eab1ec329aeb4a84945fccea9c378294 494eec967bd94616aea910a91f8dd82b - - default default] 162.253.55.179,10.0.0.251 "GET /v2.0/ports/octavia-health-manager-port-instance?network_id=76062f57-bfa8-4281-bf11-aea3d7ad7759 HTTP/1.1" status: 404 len: 314 time: 0.0190537
2026-09-12 07:15:59.033 9 INFO neutron.api.wsgi [None req-e3b980fa-6556-4f5d-800f-d22788dfad08 eab1ec329aeb4a84945fccea9c378294 494eec967bd94616aea910a91f8dd82b - - default default] 162.253.55.179,10.0.0.251 "GET /v2.0/ports?name=octavia-health-manager-port-instance&network_id=76062f57-bfa8-4281-bf11-aea3d7ad7759 HTTP/1.1" status: 200 len: 186 time: 0.0366006
2026-09-12 07:15:59.083 9 INFO neutron.api.wsgi [None req-1f2a058c-5d14-4ec1-8146-2552bb8b0a0f eab1ec329aeb4a84945fccea9c378294 494eec967bd94616aea910a91f8dd82b - - default default] 162.253.55.179,10.0.0.251 "GET /v2.0/security-groups/5ad0dbd1-6bee-4de6-ac61-99267a0c6fb6 HTTP/1.1" status: 200 len: 4870 time: 0.0444832
2026-09-12 07:15:59.404 9 WARNING neutron.scheduler.dhcp_agent_scheduler [None req-13e993ad-7e4e-411b-bd89-0c9a0d6138c5 eab1ec329aeb4a84945fccea9c378294 494eec967bd94616aea910a91f8dd82b - - default default] No more DHCP agents
2026-09-12 07:15:59.405 9 WARNING neutron.api.rpc.agentnotifiers.dhcp_rpc_agent_api [None req-13e993ad-7e4e-411b-bd89-0c9a0d6138c5 eab1ec329aeb4a84945fccea9c378294 494eec967bd94616aea910a91f8dd82b - - default default] Unable to schedule network 76062f57-bfa8-4281-bf11-aea3d7ad7759: no agents available; will retry on subsequent port and subnet creation events.
2026-09-12 07:15:59.500 9 INFO neutron.db.ovn_revision_numbers_db [None req-13e993ad-7e4e-411b-bd89-0c9a0d6138c5 eab1ec329aeb4a84945fccea9c378294 494eec967bd94616aea910a91f8dd82b - - default default] Successfully bumped revision number for resource 6dfde0e8-8f1c-481a-bdcb-8695eb0fc787 (type: ports) to 1
2026-09-12 07:15:59.516 9 INFO neutron.api.wsgi [None req-13e993ad-7e4e-411b-bd89-0c9a0d6138c5 eab1ec329aeb4a84945fccea9c378294 494eec967bd94616aea910a91f8dd82b - - default default] 162.253.55.179,10.0.0.251 "POST /v2.0/ports HTTP/1.1" status: 201 len: 1281 time: 0.4217603
2026-09-12 07:16:04.894 10 INFO neutron.api.wsgi [-] 10.0.0.251 "GET / HTTP/1.1" status: 200 len: 246 time: 0.0021515
2026-09-12 07:16:04.897 10 INFO neutron.api.wsgi [-] 10.0.0.251 "GET / HTTP/1.1" status: 200 len: 246 time: 0.0017984 /var/lib/openstack/lib/python3.12/site-packages/pycadf/identifier.py:71: UserWarning: Invalid uuid: unknown. To ensure interoperability, identifiers should be a valid uuid. warnings.warn(('Invalid uuid: %s. To ensure interoperability, '
2026-09-12 07:16:06.217 9 INFO neutron.pecan_wsgi.hooks.translation [None req-5dacc85f-f311-4cf5-bafd-c9a06acb2aee eab1ec329aeb4a84945fccea9c378294 494eec967bd94616aea910a91f8dd82b - - default default] GET failed (client error): The resource could not be found.
2026-09-12 07:16:06.219 9 INFO neutron.api.wsgi [None req-5dacc85f-f311-4cf5-bafd-c9a06acb2aee eab1ec329aeb4a84945fccea9c378294 494eec967bd94616aea910a91f8dd82b - - default default] 162.253.55.179,10.0.0.251 "GET /v2.0/ports/octavia-health-manager-port-instance HTTP/1.1" status: 404 len: 314 time: 0.0607290
2026-09-12 07:16:06.280 9 INFO neutron.api.wsgi [None req-49cf276a-9d24-4f8f-8413-31bb56ddd19b eab1ec329aeb4a84945fccea9c378294 494eec967bd94616aea910a91f8dd82b - - default default] 162.253.55.179,10.0.0.251 "GET /v2.0/ports?name=octavia-health-manager-port-instance HTTP/1.1" status: 200 len: 1279 time: 0.0559912
2026-09-12 07:16:06.696 9 INFO neutron.db.ovn_revision_numbers_db [None req-9be3e5c1-0b76-48ab-bcce-87c41eedf921 eab1ec329aeb4a84945fccea9c378294 494eec967bd94616aea910a91f8dd82b - - default default] Successfully bumped revision number for resource 6dfde0e8-8f1c-481a-bdcb-8695eb0fc787 (type: ports) to 1
2026-09-12 07:16:06.910 9 INFO neutron.db.ovn_revision_numbers_db [None req-9be3e5c1-0b76-48ab-bcce-87c41eedf921 eab1ec329aeb4a84945fccea9c378294 494eec967bd94616aea910a91f8dd82b - - default default] Successfully bumped revision number for resource 6dfde0e8-8f1c-481a-bdcb-8695eb0fc787 (type: ports) to 4
2026-09-12 07:16:06.925 9 INFO neutron.api.wsgi [None req-9be3e5c1-0b76-48ab-bcce-87c41eedf921 eab1ec329aeb4a84945fccea9c378294 494eec967bd94616aea910a91f8dd82b - - default default] 162.253.55.179,10.0.0.251 "PUT /v2.0/ports/6dfde0e8-8f1c-481a-bdcb-8695eb0fc787 HTTP/1.1" status: 200 len: 1394 time: 0.6389861 /var/lib/openstack/lib/python3.12/site-packages/pycadf/identifier.py:71: UserWarning: Invalid uuid: unknown. To ensure interoperability, identifiers should be a valid uuid. warnings.warn(('Invalid uuid: %s. To ensure interoperability, '
2026-09-12 07:16:08.530 9 INFO neutron.api.wsgi [None req-c4a4892c-9d06-4b60-9e9c-9f29aa10553e eab1ec329aeb4a84945fccea9c378294 494eec967bd94616aea910a91f8dd82b - - default default] 162.253.55.179,10.0.0.251 "GET /v2.0/ports HTTP/1.1" status: 200 len: 3511 time: 0.1114254
2026-09-12 07:16:09.608 9 INFO neutron.api.v2.resource [None req-df0d37aa-3960-4d80-b9c2-8922c8fbf8d4 eab1ec329aeb4a84945fccea9c378294 494eec967bd94616aea910a91f8dd82b - - default default] show failed (client error): The resource could not be found.
2026-09-12 07:16:09.610 9 INFO neutron.api.wsgi [None req-df0d37aa-3960-4d80-b9c2-8922c8fbf8d4 eab1ec329aeb4a84945fccea9c378294 494eec967bd94616aea910a91f8dd82b - - default default] 162.253.55.179,10.0.0.251 "GET /v2.0/security-groups/lb-mgmt-sec-grp HTTP/1.1" status: 404 len: 307 time: 0.0461895
2026-09-12 07:16:09.644 9 INFO neutron.api.wsgi [None req-147c35b0-dd6b-4f94-9081-e656691e91f8 eab1ec329aeb4a84945fccea9c378294 494eec967bd94616aea910a91f8dd82b - - default default] 162.253.55.179,10.0.0.251 "GET /v2.0/security-groups?name=lb-mgmt-sec-grp HTTP/1.1" status: 200 len: 197 time: 0.0300348
2026-09-12 07:16:09.797 9 INFO neutron.db.ovn_revision_numbers_db [None req-6722a8d5-aa7d-4d7c-a33f-6ec88858f069 eab1ec329aeb4a84945fccea9c378294 494eec967bd94616aea910a91f8dd82b - - default default] Successfully bumped revision number for resource d029ed4f-4ca9-4ab5-88ed-edc3eb693b52 (type: security_groups) to 1
2026-09-12 07:16:09.813 9 INFO neutron.db.ovn_revision_numbers_db [None req-6722a8d5-aa7d-4d7c-a33f-6ec88858f069 eab1ec329aeb4a84945fccea9c378294 494eec967bd94616aea910a91f8dd82b - - default default] Successfully bumped revision number for resource 69412493-3c4d-41d6-a149-9cb9917b4972 (type: security_group_rules) to 0
2026-09-12 07:16:09.829 9 INFO neutron.db.ovn_revision_numbers_db [None req-6722a8d5-aa7d-4d7c-a33f-6ec88858f069 eab1ec329aeb4a84945fccea9c378294 494eec967bd94616aea910a91f8dd82b - - default default] Successfully bumped revision number for resource 9534cb05-cdd0-4619-a167-2f32a1fa59d1 (type: security_group_rules) to 0
2026-09-12 07:16:09.872 9 INFO neutron.api.wsgi [None req-6722a8d5-aa7d-4d7c-a33f-6ec88858f069 eab1ec329aeb4a84945fccea9c378294 494eec967bd94616aea910a91f8dd82b - - default default] 162.253.55.179,10.0.0.251 "POST /v2.0/security-groups HTTP/1.1" status: 201 len: 1791 time: 0.2209432
2026-09-12 07:16:10.929 9 INFO neutron.api.wsgi [None req-25472ffd-f32c-4956-8069-7652f141f9db eab1ec329aeb4a84945fccea9c378294 494eec967bd94616aea910a91f8dd82b - - default default] 162.253.55.179,10.0.0.251 "GET /v2.0/security-groups/d029ed4f-4ca9-4ab5-88ed-edc3eb693b52 HTTP/1.1" status: 200 len: 1786 time: 0.0622947
2026-09-12 07:16:10.961 9 INFO neutron.api.wsgi [None req-4b73e395-e91e-4f1f-9357-8cc4eb76f088 eab1ec329aeb4a84945fccea9c378294 494eec967bd94616aea910a91f8dd82b - - default default] 162.253.55.179,10.0.0.251 "GET /v2.0/security-groups/d029ed4f-4ca9-4ab5-88ed-edc3eb693b52 HTTP/1.1" status: 200 len: 1786 time: 0.0264189
2026-09-12 07:16:10.994 9 INFO neutron.api.wsgi [None req-165f8aa3-34b8-4cc4-b027-6b681b73d29a eab1ec329aeb4a84945fccea9c378294 494eec967bd94616aea910a91f8dd82b - - default default] 162.253.55.179,10.0.0.251 "GET /v2.0/security-groups/d029ed4f-4ca9-4ab5-88ed-edc3eb693b52 HTTP/1.1" status: 200 len: 1786 time: 0.0264828
2026-09-12 07:16:11.178 9 INFO neutron.db.ovn_revision_numbers_db [None req-ec35047e-e07a-4c5b-8ccd-f3fc3f8095ff eab1ec329aeb4a84945fccea9c378294 494eec967bd94616aea910a91f8dd82b - - default default] Successfully bumped revision number for resource 21277fd2-bc68-4ae0-a54f-84ab2a15af80 (type: security_group_rules) to 0
2026-09-12 07:16:11.217 9 INFO neutron.api.wsgi [None req-ec35047e-e07a-4c5b-8ccd-f3fc3f8095ff eab1ec329aeb4a84945fccea9c378294 494eec967bd94616aea910a91f8dd82b - - default default] 162.253.55.179,10.0.0.251 "POST /v2.0/security-group-rules HTTP/1.1" status: 201 len: 803 time: 0.2153378
2026-09-12 07:16:12.185 9 INFO neutron.api.wsgi [None req-e1222b2c-01a7-4e12-a1d3-d0574f508f10 eab1ec329aeb4a84945fccea9c378294 494eec967bd94616aea910a91f8dd82b - - default default] 162.253.55.179,10.0.0.251 "GET /v2.0/security-groups/d029ed4f-4ca9-4ab5-88ed-edc3eb693b52 HTTP/1.1" status: 200 len: 2422 time: 0.1016695
2026-09-12 07:16:12.219 9 INFO neutron.api.wsgi [None req-4e652381-22ae-46f4-980a-9d2f815316ca eab1ec329aeb4a84945fccea9c378294 494eec967bd94616aea910a91f8dd82b - - default default] 162.253.55.179,10.0.0.251 "GET /v2.0/security-groups/d029ed4f-4ca9-4ab5-88ed-edc3eb693b52 HTTP/1.1" status: 200 len: 2422 time: 0.0255809
2026-09-12 07:16:12.246 9 INFO neutron.api.wsgi [None req-53ef0dae-f70a-4ee6-bda9-cdab7e3a5877 eab1ec329aeb4a84945fccea9c378294 494eec967bd94616aea910a91f8dd82b - - default default] 162.253.55.179,10.0.0.251 "GET /v2.0/security-groups/d029ed4f-4ca9-4ab5-88ed-edc3eb693b52 HTTP/1.1" status: 200 len: 2422 time: 0.0203381
2026-09-12 07:16:12.352 9 INFO neutron.db.ovn_revision_numbers_db [None req-b03e3d14-d8cc-4140-b621-385fdc5934b6 eab1ec329aeb4a84945fccea9c378294 494eec967bd94616aea910a91f8dd82b - - default default] Successfully bumped revision number for resource 14e79692-cd5a-43e8-9162-4fa00f0a5c68 (type: security_group_rules) to 0
2026-09-12 07:16:12.372 9 INFO neutron.api.wsgi [None req-b03e3d14-d8cc-4140-b621-385fdc5934b6 eab1ec329aeb4a84945fccea9c378294 494eec967bd94616aea910a91f8dd82b - - default default] 162.253.55.179,10.0.0.251 "POST /v2.0/security-group-rules HTTP/1.1" status: 201 len: 807 time: 0.1199057
2026-09-12 07:16:19.894 9 INFO neutron.api.wsgi [-] 10.0.0.251 "GET / HTTP/1.1" status: 200 len: 246 time: 0.0025096
2026-09-12 07:16:19.894 10 INFO neutron.api.wsgi [-] 10.0.0.251 "GET / HTTP/1.1" status: 200 len: 246 time: 0.0031068
2026-09-12 07:16:34.892 9 INFO neutron.api.wsgi [-] 10.0.0.251 "GET / HTTP/1.1" status: 200 len: 246 time: 0.0012460
2026-09-12 07:16:34.893 10 INFO neutron.api.wsgi [-] 10.0.0.251 "GET / HTTP/1.1" status: 200 len: 246 time: 0.0022290
2026-09-12 07:16:49.894 10 INFO neutron.api.wsgi [-] 10.0.0.251 "GET / HTTP/1.1" status: 200 len: 246 time: 0.0023046
2026-09-12 07:16:49.895 9 INFO neutron.api.wsgi [-] 10.0.0.251 "GET / HTTP/1.1" status: 200 len: 246 time: 0.0034957
2026-09-12 07:17:04.894 10 INFO neutron.api.wsgi [-] 10.0.0.251 "GET / HTTP/1.1" status: 200 len: 246 time: 0.0022361
2026-09-12 07:17:04.896 9 INFO neutron.api.wsgi [-] 10.0.0.251 "GET / HTTP/1.1" status: 200 len: 246 time: 0.0030124
2026-09-12 07:17:19.893 9 INFO neutron.api.wsgi [-] 10.0.0.251 "GET / HTTP/1.1" status: 200 len: 246 time: 0.0023313
2026-09-12 07:17:19.894 10 INFO neutron.api.wsgi [-] 10.0.0.251 "GET / HTTP/1.1" status: 200 len: 246 time: 0.0029154
2026-09-12 07:17:23.342 9 INFO neutron.api.wsgi [None req-dd787a05-0943-4e0b-bec9-3fc5db3356e7 eab1ec329aeb4a84945fccea9c378294 494eec967bd94616aea910a91f8dd82b - - default default] 162.253.55.179,10.0.0.251 "GET /v2.0/quotas/494eec967bd94616aea910a91f8dd82b HTTP/1.1" status: 200 len: 467 time: 0.0157859 /var/lib/openstack/lib/python3.12/site-packages/neutron/extensions/quotasv2.py:139: UserWarning: Neutron quota engine will require "--force" parameter to set a quota limit without checking the resource usage. warnings.warn('Neutron quota engine will require "--force" '
2026-09-12 07:17:23.827 9 INFO neutron.api.wsgi [None req-cd568778-7180-423e-b1a5-cb06c907f0c0 eab1ec329aeb4a84945fccea9c378294 494eec967bd94616aea910a91f8dd82b - - default default] 162.253.55.179,10.0.0.251 "PUT /v2.0/quotas/494eec967bd94616aea910a91f8dd82b HTTP/1.1" status: 200 len: 466 time: 0.0404322
2026-09-12 07:17:34.894 9 INFO neutron.api.wsgi [-] 10.0.0.251 "GET / HTTP/1.1" status: 200 len: 246 time: 0.0024197
2026-09-12 07:17:34.894 10 INFO neutron.api.wsgi [-] 10.0.0.251 "GET / HTTP/1.1" status: 200 len: 246 time: 0.0024626
2026-09-12 07:17:49.894 9 INFO neutron.api.wsgi [-] 10.0.0.251 "GET / HTTP/1.1" status: 200 len: 246 time: 0.0023179
2026-09-12 07:17:49.895 10 INFO neutron.api.wsgi [-] 10.0.0.251 "GET / HTTP/1.1" status: 200 len: 246 time: 0.0029409
2026-09-12 07:18:04.895 9 INFO neutron.api.wsgi [-] 10.0.0.251 "GET / HTTP/1.1" status: 200 len: 246 time: 0.0029445
2026-09-12 07:18:04.898 9 INFO neutron.api.wsgi [-] 10.0.0.251 "GET / HTTP/1.1" status: 200 len: 246 time: 0.0019410
2026-09-12 07:18:19.894 9 INFO neutron.api.wsgi [-] 10.0.0.251 "GET / HTTP/1.1" status: 200 len: 246 time: 0.0022514
2026-09-12 07:18:19.895 10 INFO neutron.api.wsgi [-] 10.0.0.251 "GET / HTTP/1.1" status: 200 len: 246 time: 0.0030096
2026-09-12 07:18:34.894 10 INFO neutron.api.wsgi [-] 10.0.0.251 "GET / HTTP/1.1" status: 200 len: 246 time: 0.0023084
2026-09-12 07:18:34.896 9 INFO neutron.api.wsgi [-] 10.0.0.251 "GET / HTTP/1.1" status: 200 len: 246 time: 0.0042353
2026-09-12 07:18:49.895 9 INFO neutron.api.wsgi [-] 10.0.0.251 "GET / HTTP/1.1" status: 200 len: 246 time: 0.0036957
2026-09-12 07:18:49.896 10 INFO neutron.api.wsgi [-] 10.0.0.251 "GET / HTTP/1.1" status: 200 len: 246 time: 0.0043170
2026-09-12 07:19:04.894 9 INFO neutron.api.wsgi [-] 10.0.0.251 "GET / HTTP/1.1" status: 200 len: 246 time: 0.0025067
2026-09-12 07:19:04.897 9 INFO neutron.api.wsgi [-] 10.0.0.251 "GET / HTTP/1.1" status: 200 len: 246 time: 0.0020337
2026-09-12 07:19:19.895 10 INFO neutron.api.wsgi [-] 10.0.0.251 "GET / HTTP/1.1" status: 200 len: 246 time: 0.0030422
2026-09-12 07:19:19.897 9 INFO neutron.api.wsgi [-] 10.0.0.251 "GET / HTTP/1.1" status: 200 len: 246 time: 0.0048420
2026-09-12 07:19:34.894 9 INFO neutron.api.wsgi [-] 10.0.0.251 "GET / HTTP/1.1" status: 200 len: 246 time: 0.0022483
2026-09-12 07:19:34.894 10 INFO neutron.api.wsgi [-] 10.0.0.251 "GET / HTTP/1.1" status: 200 len: 246 time: 0.0025322
2026-09-12 07:19:49.894 9 INFO neutron.api.wsgi [-] 10.0.0.251 "GET / HTTP/1.1" status: 200 len: 246 time: 0.0020249
2026-09-12 07:19:49.896 10 INFO neutron.api.wsgi [-] 10.0.0.251 "GET / HTTP/1.1" status: 200 len: 246 time: 0.0027010
2026-09-12 07:20:04.894 10 INFO neutron.api.wsgi [-] 10.0.0.251 "GET / HTTP/1.1" status: 200 len: 246 time: 0.0024765
2026-09-12 07:20:04.895 9 INFO neutron.api.wsgi [-] 10.0.0.251 "GET / HTTP/1.1" status: 200 len: 246 time: 0.0031071
2026-09-12 07:20:19.894 9 INFO neutron.api.wsgi [-] 10.0.0.251 "GET / HTTP/1.1" status: 200 len: 246 time: 0.0025170
2026-09-12 07:20:19.894 10 INFO neutron.api.wsgi [-] 10.0.0.251 "GET / HTTP/1.1" status: 200 len: 246 time: 0.0028393
2026-09-12 07:20:34.896 10 INFO neutron.api.wsgi [-] 10.0.0.251 "GET / HTTP/1.1" status: 200 len: 246 time: 0.0045083
2026-09-12 07:20:34.900 10 INFO neutron.api.wsgi [-] 10.0.0.251 "GET / HTTP/1.1" status: 200 len: 246 time: 0.0022147
2026-09-12 07:20:48.566 15 INFO neutron.db.ovn_revision_numbers_db [None req-5a95351c-4158-4038-9aec-6a5e5a8e3976 - - - - - -] Successfully bumped revision number for resource 76062f57-bfa8-4281-bf11-aea3d7ad7759 (type: networks) to 2
2026-09-12 07:20:48.661 15 INFO neutron.db.ovn_revision_numbers_db [None req-5a95351c-4158-4038-9aec-6a5e5a8e3976 - - - - - -] Successfully bumped revision number for resource 5ad0dbd1-6bee-4de6-ac61-99267a0c6fb6 (type: security_groups) to 6
2026-09-12 07:20:48.690 15 INFO neutron.db.ovn_revision_numbers_db [None req-5a95351c-4158-4038-9aec-6a5e5a8e3976 - - - - - -] Successfully bumped revision number for resource d029ed4f-4ca9-4ab5-88ed-edc3eb693b52 (type: security_groups) to 3
2026-09-12 07:20:48.690 15 INFO neutron.plugins.ml2.drivers.ovn.mech_driver.ovsdb.maintenance [None req-5a95351c-4158-4038-9aec-6a5e5a8e3976 - - - - - -] OVN maintenance task check_for_inconsistencies finished in 0.274 seconds
2026-09-12 07:20:49.894 10 INFO neutron.api.wsgi [-] 10.0.0.251 "GET / HTTP/1.1" status: 200 len: 246 time: 0.0022125
2026-09-12 07:20:49.894 9 INFO neutron.api.wsgi [-] 10.0.0.251 "GET / HTTP/1.1" status: 200 len: 246 time: 0.0025606
2026-09-12 07:21:04.894 10 INFO neutron.api.wsgi [-] 10.0.0.251 "GET / HTTP/1.1" status: 200 len: 246 time: 0.0027966
2026-09-12 07:21:04.895 9 INFO neutron.api.wsgi [-] 10.0.0.251 "GET / HTTP/1.1" status: 200 len: 246 time: 0.0038731
2026-09-12 07:21:19.895 10 INFO neutron.api.wsgi [-] 10.0.0.251 "GET / HTTP/1.1" status: 200 len: 246 time: 0.0035384
2026-09-12 07:21:19.899 10 INFO neutron.api.wsgi [-] 10.0.0.251 "GET / HTTP/1.1" status: 200 len: 246 time: 0.0018971
2026-09-12 07:21:34.894 10 INFO neutron.api.wsgi [-] 10.0.0.251 "GET / HTTP/1.1" status: 200 len: 246 time: 0.0024621
2026-09-12 07:21:34.895 9 INFO neutron.api.wsgi [-] 10.0.0.251 "GET / HTTP/1.1" status: 200 len: 246 time: 0.0033598
2026-09-12 07:21:49.895 10 INFO neutron.api.wsgi [-] 10.0.0.251 "GET / HTTP/1.1" status: 200 len: 246 time: 0.0029311
2026-09-12 07:21:49.898 9 INFO neutron.api.wsgi [-] 10.0.0.251 "GET / HTTP/1.1" status: 200 len: 246 time: 0.0045130
