Apr 13 15:37:01.580723 np0000165514 devstack@neutron-api.service[103840]: DEBUG neutron.plugins.ml2.drivers.ovn.mech_driver.ovsdb.maintenance [-] Touching Hash Ring node "22dd7efabfee5be3beae49f473e5d186" from periodic health check thread {{(pid=103840) touch_hash_ring_node /opt/stack/neutron/neutron/plugins/ml2/drivers/ovn/mech_driver/ovsdb/maintenance.py:1364}}
Apr 13 15:37:02.437993 np0000165514 devstack@neutron-api.service[103837]: DEBUG futurist.periodics [-] Submitting periodic callback 'neutron.plugins.ml2.drivers.ovn.mech_driver.ovsdb.maintenance.HashRingHealthCheckPeriodics.touch_hash_ring_node' {{(pid=103837) _process_scheduled /opt/stack/data/venv/lib/python3.12/site-packages/futurist/periodics.py:784}}
Apr 13 15:37:02.439333 np0000165514 devstack@neutron-api.service[103837]: DEBUG neutron.plugins.ml2.drivers.ovn.mech_driver.ovsdb.maintenance [-] Touching Hash Ring node "a89ac005c7165d06b8f61ca530cf59ac" from periodic health check thread {{(pid=103837) touch_hash_ring_node /opt/stack/neutron/neutron/plugins/ml2/drivers/ovn/mech_driver/ovsdb/maintenance.py:1364}}
Apr 13 15:37:02.463708 np0000165514 devstack@neutron-api.service[103839]: DEBUG futurist.periodics [-] Submitting periodic callback 'neutron.plugins.ml2.drivers.ovn.mech_driver.ovsdb.maintenance.HashRingHealthCheckPeriodics.touch_hash_ring_node' {{(pid=103839) _process_scheduled /opt/stack/data/venv/lib/python3.12/site-packages/futurist/periodics.py:784}}
Apr 13 15:37:02.464790 np0000165514 devstack@neutron-api.service[103839]: DEBUG neutron.plugins.ml2.drivers.ovn.mech_driver.ovsdb.maintenance [-] Touching Hash Ring node "ab50b0c8976d517fbd99b75d9e86a143" from periodic health check thread {{(pid=103839) touch_hash_ring_node /opt/stack/neutron/neutron/plugins/ml2/drivers/ovn/mech_driver/ovsdb/maintenance.py:1364}}
Apr 13 15:37:02.563058 np0000165514 devstack@neutron-api.service[103838]: DEBUG futurist.periodics [-] Submitting periodic callback 'neutron.plugins.ml2.drivers.ovn.mech_driver.ovsdb.maintenance.HashRingHealthCheckPeriodics.touch_hash_ring_node' {{(pid=103838) _process_scheduled /opt/stack/data/venv/lib/python3.12/site-packages/futurist/periodics.py:784}}
Apr 13 15:37:02.564428 np0000165514 devstack@neutron-api.service[103838]: DEBUG neutron.plugins.ml2.drivers.ovn.mech_driver.ovsdb.maintenance [-] Touching Hash Ring node "371ade8f08135f6485bf855eb9022f81" from periodic health check thread {{(pid=103838) touch_hash_ring_node /opt/stack/neutron/neutron/plugins/ml2/drivers/ovn/mech_driver/ovsdb/maintenance.py:1364}}
Apr 13 15:37:11.593663 np0000165514 devstack@neutron-api.service[103840]: DEBUG dbcounter [-] [103840] Writing DB stats neutron:UPDATE=1,neutron:SELECT=1 {{(pid=103840) stat_writer /opt/stack/data/venv/lib/python3.12/site-packages/dbcounter.py:115}}
Apr 13 15:37:12.449178 np0000165514 devstack@neutron-api.service[103837]: DEBUG dbcounter [-] [103837] Writing DB stats neutron:UPDATE=1,neutron:SELECT=1 {{(pid=103837) stat_writer /opt/stack/data/venv/lib/python3.12/site-packages/dbcounter.py:115}}
Apr 13 15:37:12.475578 np0000165514 devstack@neutron-api.service[103839]: DEBUG dbcounter [-] [103839] Writing DB stats neutron:UPDATE=1,neutron:SELECT=1 {{(pid=103839) stat_writer /opt/stack/data/venv/lib/python3.12/site-packages/dbcounter.py:115}}
Apr 13 15:37:12.574128 np0000165514 devstack@neutron-api.service[103838]: DEBUG dbcounter [-] [103838] Writing DB stats neutron:UPDATE=1,neutron:SELECT=1 {{(pid=103838) stat_writer /opt/stack/data/venv/lib/python3.12/site-packages/dbcounter.py:115}}
Apr 13 15:37:16.580878 np0000165514 devstack@neutron-api.service[103840]: DEBUG futurist.periodics [-] Submitting periodic callback 'neutron.plugins.ml2.drivers.ovn.mech_driver.ovsdb.maintenance.HashRingHealthCheckPeriodics.touch_hash_ring_node' {{(pid=103840) _process_scheduled /opt/stack/data/venv/lib/python3.12/site-packages/futurist/periodics.py:784}}
Apr 13 15:37:16.582266 np0000165514 devstack@neutron-api.service[103840]: DEBUG neutron.plugins.ml2.drivers.ovn.mech_driver.ovsdb.maintenance [-] Touching Hash Ring node "22dd7efabfee5be3beae49f473e5d186" from periodic health check thread {{(pid=103840) touch_hash_ring_node /opt/stack/neutron/neutron/plugins/ml2/drivers/ovn/mech_driver/ovsdb/maintenance.py:1364}}
Apr 13 15:37:17.439751 np0000165514 devstack@neutron-api.service[103837]: DEBUG futurist.periodics [-] Submitting periodic callback 'neutron.plugins.ml2.drivers.ovn.mech_driver.ovsdb.maintenance.HashRingHealthCheckPeriodics.touch_hash_ring_node' {{(pid=103837) _process_scheduled /opt/stack/data/venv/lib/python3.12/site-packages/futurist/periodics.py:784}}
Apr 13 15:37:17.441110 np0000165514 devstack@neutron-api.service[103837]: DEBUG neutron.plugins.ml2.drivers.ovn.mech_driver.ovsdb.maintenance [-] Touching Hash Ring node "a89ac005c7165d06b8f61ca530cf59ac" from periodic health check thread {{(pid=103837) touch_hash_ring_node /opt/stack/neutron/neutron/plugins/ml2/drivers/ovn/mech_driver/ovsdb/maintenance.py:1364}}
Apr 13 15:37:17.465669 np0000165514 devstack@neutron-api.service[103839]: DEBUG futurist.periodics [-] Submitting periodic callback 'neutron.plugins.ml2.drivers.ovn.mech_driver.ovsdb.maintenance.HashRingHealthCheckPeriodics.touch_hash_ring_node' {{(pid=103839) _process_scheduled /opt/stack/data/venv/lib/python3.12/site-packages/futurist/periodics.py:784}}
Apr 13 15:37:17.466589 np0000165514 devstack@neutron-api.service[103839]: DEBUG neutron.plugins.ml2.drivers.ovn.mech_driver.ovsdb.maintenance [-] Touching Hash Ring node "ab50b0c8976d517fbd99b75d9e86a143" from periodic health check thread {{(pid=103839) touch_hash_ring_node /opt/stack/neutron/neutron/plugins/ml2/drivers/ovn/mech_driver/ovsdb/maintenance.py:1364}}
Apr 13 15:37:17.564268 np0000165514 devstack@neutron-api.service[103838]: DEBUG futurist.periodics [-] Submitting periodic callback 'neutron.plugins.ml2.drivers.ovn.mech_driver.ovsdb.maintenance.HashRingHealthCheckPeriodics.touch_hash_ring_node' {{(pid=103838) _process_scheduled /opt/stack/data/venv/lib/python3.12/site-packages/futurist/periodics.py:784}}
Apr 13 15:37:17.565414 np0000165514 devstack@neutron-api.service[103838]: DEBUG neutron.plugins.ml2.drivers.ovn.mech_driver.ovsdb.maintenance [-] Touching Hash Ring node "371ade8f08135f6485bf855eb9022f81" from periodic health check thread {{(pid=103838) touch_hash_ring_node /opt/stack/neutron/neutron/plugins/ml2/drivers/ovn/mech_driver/ovsdb/maintenance.py:1364}}
Apr 13 15:37:26.612239 np0000165514 devstack@neutron-api.service[103840]: DEBUG dbcounter [-] [103840] Writing DB stats neutron:UPDATE=1,neutron:SELECT=1 {{(pid=103840) stat_writer /opt/stack/data/venv/lib/python3.12/site-packages/dbcounter.py:115}}
Apr 13 15:37:27.452105 np0000165514 devstack@neutron-api.service[103837]: DEBUG dbcounter [-] [103837] Writing DB stats neutron:UPDATE=1,neutron:SELECT=1 {{(pid=103837) stat_writer /opt/stack/data/venv/lib/python3.12/site-packages/dbcounter.py:115}}
Apr 13 15:37:27.476909 np0000165514 devstack@neutron-api.service[103839]: DEBUG dbcounter [-] [103839] Writing DB stats neutron:UPDATE=1,neutron:SELECT=1 {{(pid=103839) stat_writer /opt/stack/data/venv/lib/python3.12/site-packages/dbcounter.py:115}}
Apr 13 15:37:27.574915 np0000165514 devstack@neutron-api.service[103838]: DEBUG dbcounter [-] [103838] Writing DB stats neutron:UPDATE=1,neutron:SELECT=1 {{(pid=103838) stat_writer /opt/stack/data/venv/lib/python3.12/site-packages/dbcounter.py:115}}
Apr 13 15:37:27.575836 np0000165514 devstack@neutron-api.service[103837]: INFO neutron.pecan_wsgi.hooks.translation [None req-552a3c31-201a-4603-9e6a-4b054ff0ea2c admin admin] GET failed (client error): The resource could not be found.
Apr 13 15:37:27.576499 np0000165514 devstack@neutron-api.service[103837]: [pid: 103837|app: 0|req: 23/91] 199.204.45.138 () {64 vars in 1334 bytes} [Mon Apr 13 15:37:27 2026] GET /networking/v2.0/networks/admin_net => generated 111 bytes in 13 msecs (HTTP/1.1 404) 4 headers in 164 bytes (1 switches on core 0)
Apr 13 15:37:27.613328 np0000165514 devstack@neutron-api.service[103839]: [pid: 103839|app: 0|req: 23/92] 199.204.45.138 () {64 vars in 1346 bytes} [Mon Apr 13 15:37:27 2026] GET /networking/v2.0/networks?name=admin_net => generated 15 bytes in 25 msecs (HTTP/1.1 200) 4 headers in 156 bytes (1 switches on core 0)
Apr 13 15:37:27.864685 np0000165514 devstack@neutron-api.service[103838]: DEBUG neutron.api.v2.base [None req-cf9e928e-998f-4c68-876e-366b1a4fa54b admin admin] Request body: {'network': {'name': 'admin_net', 'admin_state_up': True, 'project_id': '3f094f6d7f874670baccfa8fc2718343'}} {{(pid=103838) prepare_request_body /opt/stack/neutron/neutron/api/v2/base.py:729}}
Apr 13 15:37:27.880864 np0000165514 devstack@neutron-api.service[103838]: DEBUG neutron.pecan_wsgi.hooks.quota_enforcement [None req-cf9e928e-998f-4c68-876e-366b1a4fa54b admin admin] Made reservation on behalf of 3f094f6d7f874670baccfa8fc2718343 for: {'network': 1} {{(pid=103838) before /opt/stack/neutron/neutron/pecan_wsgi/hooks/quota_enforcement.py:66}}
Apr 13 15:37:27.884713 np0000165514 devstack@neutron-api.service[103838]: DEBUG neutron_lib.callbacks.manager [None req-cf9e928e-998f-4c68-876e-366b1a4fa54b admin admin] Publish callbacks ['neutron.plugins.ml2.plugin.SecurityGroupDbMixin._ensure_default_security_group_handler-1486505'] for network (None), before_create {{(pid=103838) _notify_loop /opt/stack/data/venv/lib/python3.12/site-packages/neutron_lib/callbacks/manager.py:184}}
Apr 13 15:37:27.890754 np0000165514 devstack@neutron-api.service[103838]: DEBUG neutron_lib.callbacks.manager [None req-cf9e928e-998f-4c68-876e-366b1a4fa54b admin admin] Publish callbacks [] for security_group (None), before_create {{(pid=103838) _notify_loop /opt/stack/data/venv/lib/python3.12/site-packages/neutron_lib/callbacks/manager.py:184}}
Apr 13 15:37:27.953051 np0000165514 devstack@neutron-api.service[103838]: DEBUG neutron_lib.callbacks.manager [None req-cf9e928e-998f-4c68-876e-366b1a4fa54b admin admin] Publish callbacks ['neutron.plugins.ml2.drivers.ovn.mech_driver.mech_driver.OVNMechanismDriver._create_security_group_precommit-841038'] for security_group (a37de1de-483a-410b-a5ca-c4531aeed973), precommit_create {{(pid=103838) _notify_loop /opt/stack/data/venv/lib/python3.12/site-packages/neutron_lib/callbacks/manager.py:184}}
Apr 13 15:37:27.953251 np0000165514 devstack@neutron-api.service[103838]: DEBUG neutron.db.ovn_revision_numbers_db [None req-cf9e928e-998f-4c68-876e-366b1a4fa54b admin admin] create_initial_revision uuid=a37de1de-483a-410b-a5ca-c4531aeed973, type=security_groups, rev=-1 {{(pid=103838) create_initial_revision /opt/stack/neutron/neutron/db/ovn_revision_numbers_db.py:98}}
Apr 13 15:37:27.954246 np0000165514 devstack@neutron-api.service[103838]: DEBUG neutron.db.ovn_revision_numbers_db [None req-cf9e928e-998f-4c68-876e-366b1a4fa54b admin admin] create_initial_revision uuid=4e8a27bf-8050-426e-b84f-775a50d99ef3, type=security_group_rules, rev=-1 {{(pid=103838) create_initial_revision /opt/stack/neutron/neutron/db/ovn_revision_numbers_db.py:98}}
Apr 13 15:37:27.955285 np0000165514 devstack@neutron-api.service[103838]: DEBUG neutron.db.ovn_revision_numbers_db [None req-cf9e928e-998f-4c68-876e-366b1a4fa54b admin admin] create_initial_revision uuid=53c00e35-3a1c-4c19-a431-f3fd9ab62c82, type=security_group_rules, rev=-1 {{(pid=103838) create_initial_revision /opt/stack/neutron/neutron/db/ovn_revision_numbers_db.py:98}}
Apr 13 15:37:27.956264 np0000165514 devstack@neutron-api.service[103838]: DEBUG neutron.db.ovn_revision_numbers_db [None req-cf9e928e-998f-4c68-876e-366b1a4fa54b admin admin] create_initial_revision uuid=9764f497-a2d7-4e02-9b2b-e68916970bad, type=security_group_rules, rev=-1 {{(pid=103838) create_initial_revision /opt/stack/neutron/neutron/db/ovn_revision_numbers_db.py:98}}
Apr 13 15:37:27.957197 np0000165514 devstack@neutron-api.service[103838]: DEBUG neutron.db.ovn_revision_numbers_db [None req-cf9e928e-998f-4c68-876e-366b1a4fa54b admin admin] create_initial_revision uuid=d4629752-f8f2-4ad1-9207-6e64147c2d5e, type=security_group_rules, rev=-1 {{(pid=103838) create_initial_revision /opt/stack/neutron/neutron/db/ovn_revision_numbers_db.py:98}}
Apr 13 15:37:27.963562 np0000165514 devstack@neutron-api.service[103838]: DEBUG neutron_lib.callbacks.manager [None req-cf9e928e-998f-4c68-876e-366b1a4fa54b admin admin] Publish callbacks ['neutron.plugins.ml2.drivers.ovn.mech_driver.mech_driver.OVNMechanismDriver._create_security_group-841012', 'neutron.plugins.ml2.ovo_rpc._ObjectChangeHandler.handle_event-3359270'] for security_group (a37de1de-483a-410b-a5ca-c4531aeed973), after_create {{(pid=103838) _notify_loop /opt/stack/data/venv/lib/python3.12/site-packages/neutron_lib/callbacks/manager.py:184}}
Apr 13 15:37:27.964597 np0000165514 devstack@neutron-api.service[103838]: DEBUG ovsdbapp.backend.ovs_idl.transaction [None req-227bd685-de84-43a1-897c-1546ef6a67e2 None None] Running txn n=1 command(idx=0): PgAddCommand(_result=None, name=pg_a37de1de_483a_410b_a5ca_c4531aeed973, may_exist=False, columns={'acls': [], 'external_ids': {'neutron:security_group_id': 'a37de1de-483a-410b-a5ca-c4531aeed973'}}) {{(pid=103838) do_commit /opt/stack/data/venv/lib/python3.12/site-packages/ovsdbapp/backend/ovs_idl/transaction.py:89}}
Apr 13 15:37:27.965214 np0000165514 devstack@neutron-api.service[103838]: DEBUG ovsdbapp.backend.ovs_idl.transaction [None req-227bd685-de84-43a1-897c-1546ef6a67e2 None None] Running txn n=1 command(idx=1): PgAclAddCommand(_result=None, entity=pg_a37de1de_483a_410b_a5ca_c4531aeed973, direction=from-lport, priority=1002, match=inport == @pg_a37de1de_483a_410b_a5ca_c4531aeed973 && ip4, action=allow-related, log=False, may_exist=True, severity=[], name=[], meter=[], external_ids={'neutron:security_group_rule_id': '4e8a27bf-8050-426e-b84f-775a50d99ef3'}) {{(pid=103838) do_commit /opt/stack/data/venv/lib/python3.12/site-packages/ovsdbapp/backend/ovs_idl/transaction.py:89}}
Apr 13 15:37:27.965790 np0000165514 devstack@neutron-api.service[103838]: DEBUG ovsdbapp.backend.ovs_idl.transaction [None req-227bd685-de84-43a1-897c-1546ef6a67e2 None None] Running txn n=1 command(idx=2): PgAclAddCommand(_result=None, entity=pg_a37de1de_483a_410b_a5ca_c4531aeed973, direction=from-lport, priority=1002, match=inport == @pg_a37de1de_483a_410b_a5ca_c4531aeed973 && ip6, action=allow-related, log=False, may_exist=True, severity=[], name=[], meter=[], external_ids={'neutron:security_group_rule_id': '53c00e35-3a1c-4c19-a431-f3fd9ab62c82'}) {{(pid=103838) do_commit /opt/stack/data/venv/lib/python3.12/site-packages/ovsdbapp/backend/ovs_idl/transaction.py:89}}
Apr 13 15:37:27.966330 np0000165514 devstack@neutron-api.service[103838]: DEBUG ovsdbapp.backend.ovs_idl.transaction [None req-227bd685-de84-43a1-897c-1546ef6a67e2 None None] Running txn n=1 command(idx=3): PgAclAddCommand(_result=None, entity=pg_a37de1de_483a_410b_a5ca_c4531aeed973, direction=to-lport, priority=1002, match=outport == @pg_a37de1de_483a_410b_a5ca_c4531aeed973 && ip6 && ip6.src == $pg_a37de1de_483a_410b_a5ca_c4531aeed973_ip6, action=allow-related, log=False, may_exist=True, severity=[], name=[], meter=[], external_ids={'neutron:security_group_rule_id': '9764f497-a2d7-4e02-9b2b-e68916970bad'}) {{(pid=103838) do_commit /opt/stack/data/venv/lib/python3.12/site-packages/ovsdbapp/backend/ovs_idl/transaction.py:89}}
Apr 13 15:37:27.966911 np0000165514 devstack@neutron-api.service[103838]: DEBUG ovsdbapp.backend.ovs_idl.transaction [None req-227bd685-de84-43a1-897c-1546ef6a67e2 None None] Running txn n=1 command(idx=4): PgAclAddCommand(_result=None, entity=pg_a37de1de_483a_410b_a5ca_c4531aeed973, direction=to-lport, priority=1002, match=outport == @pg_a37de1de_483a_410b_a5ca_c4531aeed973 && ip4 && ip4.src == $pg_a37de1de_483a_410b_a5ca_c4531aeed973_ip4, action=allow-related, log=False, may_exist=True, severity=[], name=[], meter=[], external_ids={'neutron:security_group_rule_id': 'd4629752-f8f2-4ad1-9207-6e64147c2d5e'}) {{(pid=103838) do_commit /opt/stack/data/venv/lib/python3.12/site-packages/ovsdbapp/backend/ovs_idl/transaction.py:89}}
Apr 13 15:37:27.979333 np0000165514 devstack@neutron-api.service[103839]: DEBUG neutron.common.ovn.hash_ring_manager [None req-887f1138-5379-41a0-b213-ca17e13d2c2d None None] Hash Ring loaded. 4 active nodes. 0 offline nodes {{(pid=103839) _load_hash_ring /opt/stack/neutron/neutron/common/ovn/hash_ring_manager.py:102}}
Apr 13 15:37:27.979509 np0000165514 devstack@neutron-api.service[103838]: DEBUG neutron.common.ovn.hash_ring_manager [None req-227bd685-de84-43a1-897c-1546ef6a67e2 None None] Hash Ring loaded. 4 active nodes. 0 offline nodes {{(pid=103838) _load_hash_ring /opt/stack/neutron/neutron/common/ovn/hash_ring_manager.py:102}}
Apr 13 15:37:27.979582 np0000165514 devstack@neutron-api.service[103839]: DEBUG neutron.plugins.ml2.drivers.ovn.mech_driver.ovsdb.ovsdb_monitor [None req-887f1138-5379-41a0-b213-ca17e13d2c2d None None] Hash Ring: Node ab50b0c8976d517fbd99b75d9e86a143 (host: np0000165514) handling event "create" for row 281c73b0-a8e6-4b91-8bd7-e866d7afdd3d (table: ACL) {{(pid=103839) notify /opt/stack/neutron/neutron/plugins/ml2/drivers/ovn/mech_driver/ovsdb/ovsdb_monitor.py:914}}
Apr 13 15:37:27.979658 np0000165514 devstack@neutron-api.service[103838]: DEBUG neutron.plugins.ml2.drivers.ovn.mech_driver.ovsdb.ovsdb_monitor [None req-227bd685-de84-43a1-897c-1546ef6a67e2 None None] Hash Ring: Node 371ade8f08135f6485bf855eb9022f81 (host: np0000165514) handling event "create" for row 3432ba26-f447-4205-852e-88def806225f (table: ACL) {{(pid=103838) notify /opt/stack/neutron/neutron/plugins/ml2/drivers/ovn/mech_driver/ovsdb/ovsdb_monitor.py:914}}
Apr 13 15:37:27.980377 np0000165514 devstack@neutron-api.service[103839]: DEBUG neutron.plugins.ml2.drivers.ovn.mech_driver.ovsdb.ovsdb_monitor [None req-887f1138-5379-41a0-b213-ca17e13d2c2d None None] Hash Ring: Node ab50b0c8976d517fbd99b75d9e86a143 (host: np0000165514) handling event "create" for row 4fdca380-2ec7-493c-bc83-d09a99e369f2 (table: ACL) {{(pid=103839) notify /opt/stack/neutron/neutron/plugins/ml2/drivers/ovn/mech_driver/ovsdb/ovsdb_monitor.py:914}}
Apr 13 15:37:27.980477 np0000165514 devstack@neutron-api.service[103838]: DEBUG neutron.plugins.ml2.drivers.ovn.mech_driver.ovsdb.ovsdb_monitor [None req-227bd685-de84-43a1-897c-1546ef6a67e2 None None] Hash Ring: Node 371ade8f08135f6485bf855eb9022f81 (host: np0000165514) handling event "create" for row 3a8e1ffd-9253-4932-b8eb-127e3b24b218 (table: Port_Group) {{(pid=103838) notify /opt/stack/neutron/neutron/plugins/ml2/drivers/ovn/mech_driver/ovsdb/ovsdb_monitor.py:914}}
Apr 13 15:37:27.981452 np0000165514 devstack@neutron-api.service[103840]: DEBUG neutron.common.ovn.hash_ring_manager [None req-d18e463b-27b1-4985-afe8-90aa0491d6db None None] Hash Ring loaded. 4 active nodes. 0 offline nodes {{(pid=103840) _load_hash_ring /opt/stack/neutron/neutron/common/ovn/hash_ring_manager.py:102}}
Apr 13 15:37:27.981847 np0000165514 devstack@neutron-api.service[103837]: DEBUG neutron.common.ovn.hash_ring_manager [None req-23ae6b73-7c99-4058-8037-6b2e5a549449 None None] Hash Ring loaded. 4 active nodes. 0 offline nodes {{(pid=103837) _load_hash_ring /opt/stack/neutron/neutron/common/ovn/hash_ring_manager.py:102}}
Apr 13 15:37:27.981847 np0000165514 devstack@neutron-api.service[103837]: DEBUG neutron.plugins.ml2.drivers.ovn.mech_driver.ovsdb.ovsdb_monitor [None req-23ae6b73-7c99-4058-8037-6b2e5a549449 None None] Hash Ring: Node a89ac005c7165d06b8f61ca530cf59ac (host: np0000165514) handling event "create" for row b2462a26-17b2-45c9-9817-544cd8c35c41 (table: ACL) {{(pid=103837) notify /opt/stack/neutron/neutron/plugins/ml2/drivers/ovn/mech_driver/ovsdb/ovsdb_monitor.py:914}}
Apr 13 15:37:27.998316 np0000165514 devstack@neutron-api.service[103838]: INFO neutron.db.ovn_revision_numbers_db [None req-cf9e928e-998f-4c68-876e-366b1a4fa54b admin admin] Successfully bumped revision number for resource a37de1de-483a-410b-a5ca-c4531aeed973 (type: security_groups) to 1
Apr 13 15:37:28.016016 np0000165514 devstack@neutron-api.service[103838]: INFO neutron.db.ovn_revision_numbers_db [None req-cf9e928e-998f-4c68-876e-366b1a4fa54b admin admin] Successfully bumped revision number for resource 4e8a27bf-8050-426e-b84f-775a50d99ef3 (type: security_group_rules) to 0
Apr 13 15:37:28.032087 np0000165514 devstack@neutron-api.service[103838]: INFO neutron.db.ovn_revision_numbers_db [None req-cf9e928e-998f-4c68-876e-366b1a4fa54b admin admin] Successfully bumped revision number for resource 53c00e35-3a1c-4c19-a431-f3fd9ab62c82 (type: security_group_rules) to 0
Apr 13 15:37:28.045309 np0000165514 devstack@neutron-api.service[103838]: INFO neutron.db.ovn_revision_numbers_db [None req-cf9e928e-998f-4c68-876e-366b1a4fa54b admin admin] Successfully bumped revision number for resource 9764f497-a2d7-4e02-9b2b-e68916970bad (type: security_group_rules) to 0
Apr 13 15:37:28.057791 np0000165514 devstack@neutron-api.service[103838]: INFO neutron.db.ovn_revision_numbers_db [None req-cf9e928e-998f-4c68-876e-366b1a4fa54b admin admin] Successfully bumped revision number for resource d4629752-f8f2-4ad1-9207-6e64147c2d5e (type: security_group_rules) to 0
Apr 13 15:37:28.080576 np0000165514 devstack@neutron-api.service[103838]: DEBUG neutron.api.rpc.handlers.resources_rpc [None req-cf9e928e-998f-4c68-876e-366b1a4fa54b admin admin] Pushing event updated for resources: {'SecurityGroup': ['ID=a37de1de-483a-410b-a5ca-c4531aeed973,revision_number=1']} {{(pid=103838) push /opt/stack/neutron/neutron/api/rpc/handlers/resources_rpc.py:237}}
Apr 13 15:37:28.086029 np0000165514 devstack@neutron-api.service[103838]: DEBUG ovsdbapp.backend.ovs_idl.transaction [None req-227bd685-de84-43a1-897c-1546ef6a67e2 None None] Running txn n=1 command(idx=0): CheckLivenessCommand(_result=None) {{(pid=103838) do_commit /opt/stack/data/venv/lib/python3.12/site-packages/ovsdbapp/backend/ovs_idl/transaction.py:89}}
Apr 13 15:37:28.092181 np0000165514 devstack@neutron-api.service[103837]: DEBUG neutron.plugins.ml2.drivers.ovn.mech_driver.ovsdb.ovsdb_monitor [None req-23ae6b73-7c99-4058-8037-6b2e5a549449 None None] Hash Ring: Node a89ac005c7165d06b8f61ca530cf59ac (host: np0000165514) handling event "update" for row 30637fd7-082e-4603-af88-9419eabcecfe (table: NB_Global) {{(pid=103837) notify /opt/stack/neutron/neutron/plugins/ml2/drivers/ovn/mech_driver/ovsdb/ovsdb_monitor.py:914}}
Apr 13 15:37:28.092336 np0000165514 devstack@neutron-api.service[103838]: DEBUG neutron.api.rpc.callbacks.version_manager [None req-cf9e928e-998f-4c68-876e-366b1a4fa54b admin admin] Tracked resource versions report:
Apr 13 15:37:28.092336 np0000165514 devstack@neutron-api.service[103838]: pushed versions:
Apr 13 15:37:28.092336 np0000165514 devstack@neutron-api.service[103838]: { 'AddressGroup': {'1.2'},
Apr 13 15:37:28.092336 np0000165514 devstack@neutron-api.service[103838]: 'Agent': {'1.1'},
Apr 13 15:37:28.092336 np0000165514 devstack@neutron-api.service[103838]: 'ConntrackHelper': {'1.0'},
Apr 13 15:37:28.092336 np0000165514 devstack@neutron-api.service[103838]: 'LocalIPAssociation': {'1.0'},
Apr 13 15:37:28.092336 np0000165514 devstack@neutron-api.service[103838]: 'Log': {'1.0'},
Apr 13 15:37:28.092336 np0000165514 devstack@neutron-api.service[103838]: 'NDPProxy': {'1.0'},
Apr 13 15:37:28.092336 np0000165514 devstack@neutron-api.service[103838]: 'Network': {'1.2'},
Apr 13 15:37:28.092336 np0000165514 devstack@neutron-api.service[103838]: 'Port': {'1.10'},
Apr 13 15:37:28.092336 np0000165514 devstack@neutron-api.service[103838]: 'PortForwarding': {'1.3'},
Apr 13 15:37:28.092336 np0000165514 devstack@neutron-api.service[103838]: 'QosPolicy': {'1.10'},
Apr 13 15:37:28.092336 np0000165514 devstack@neutron-api.service[103838]: 'SecurityGroup': {'1.6'},
Apr 13 15:37:28.092336 np0000165514 devstack@neutron-api.service[103838]: 'SecurityGroupRule': {'1.3'},
Apr 13 15:37:28.092336 np0000165514 devstack@neutron-api.service[103838]: 'SubPort': {'1.0'},
Apr 13 15:37:28.092336 np0000165514 devstack@neutron-api.service[103838]: 'Subnet': {'1.2'},
Apr 13 15:37:28.092336 np0000165514 devstack@neutron-api.service[103838]: 'Trunk': {'1.1'}}
Apr 13 15:37:28.092336 np0000165514 devstack@neutron-api.service[103838]: consumer versions:
Apr 13 15:37:28.092336 np0000165514 devstack@neutron-api.service[103838]: { OVN Controller Gateway agent@np0000165514: {},
Apr 13 15:37:28.092336 np0000165514 devstack@neutron-api.service[103838]: OVN Neutron agent@np0000165514: {}}
Apr 13 15:37:28.092336 np0000165514 devstack@neutron-api.service[103838]: {{(pid=103838) report /opt/stack/neutron/neutron/api/rpc/callbacks/version_manager.py:183}}
Apr 13 15:37:28.093103 np0000165514 devstack@neutron-api.service[103837]: DEBUG neutron.plugins.ml2.drivers.ovn.mech_driver.ovsdb.ovsdb_monitor [None req-23ae6b73-7c99-4058-8037-6b2e5a549449 None None] Hash Ring: Node a89ac005c7165d06b8f61ca530cf59ac (host: np0000165514) handling event "update" for row 30637fd7-082e-4603-af88-9419eabcecfe (table: NB_Global) {{(pid=103837) notify /opt/stack/neutron/neutron/plugins/ml2/drivers/ovn/mech_driver/ovsdb/ovsdb_monitor.py:914}}
Apr 13 15:37:28.093253 np0000165514 devstack@neutron-api.service[103839]: DEBUG neutron.plugins.ml2.drivers.ovn.mech_driver.ovsdb.ovsdb_monitor [None req-6136cdbf-a631-4951-a7c4-c702ca4dd053 None None] ChassisAgentWriteEvent : Matched Chassis_Private, update, None None {{(pid=103839) matches /opt/stack/neutron/neutron/plugins/ml2/drivers/ovn/mech_driver/ovsdb/ovsdb_monitor.py:64}}
Apr 13 15:37:28.094666 np0000165514 devstack@neutron-api.service[103837]: DEBUG neutron.plugins.ml2.drivers.ovn.mech_driver.ovsdb.ovsdb_monitor [None req-9f0c061c-967c-433d-9285-256d47e67d93 None None] ChassisAgentWriteEvent : Matched Chassis_Private, update, None None {{(pid=103837) matches /opt/stack/neutron/neutron/plugins/ml2/drivers/ovn/mech_driver/ovsdb/ovsdb_monitor.py:64}}
Apr 13 15:37:28.095614 np0000165514 devstack@neutron-api.service[103840]: DEBUG neutron.plugins.ml2.drivers.ovn.mech_driver.ovsdb.ovsdb_monitor [None req-1f0736e1-2f13-4e1e-b511-076e50aae21c None None] ChassisAgentWriteEvent : Matched Chassis_Private, update, None None {{(pid=103840) matches /opt/stack/neutron/neutron/plugins/ml2/drivers/ovn/mech_driver/ovsdb/ovsdb_monitor.py:64}}
Apr 13 15:37:28.096928 np0000165514 devstack@neutron-api.service[103837]: DEBUG neutron.plugins.ml2.drivers.ovn.mech_driver.ovsdb.ovsdb_monitor [None req-23ae6b73-7c99-4058-8037-6b2e5a549449 None None] Hash Ring: Node a89ac005c7165d06b8f61ca530cf59ac (host: np0000165514) handling event "update" for row 30637fd7-082e-4603-af88-9419eabcecfe (table: NB_Global) {{(pid=103837) notify /opt/stack/neutron/neutron/plugins/ml2/drivers/ovn/mech_driver/ovsdb/ovsdb_monitor.py:914}}
Apr 13 15:37:28.099797 np0000165514 devstack@neutron-api.service[103837]: DEBUG neutron.plugins.ml2.drivers.ovn.mech_driver.ovsdb.ovsdb_monitor [None req-23ae6b73-7c99-4058-8037-6b2e5a549449 None None] Hash Ring: Node a89ac005c7165d06b8f61ca530cf59ac (host: np0000165514) handling event "update" for row 30637fd7-082e-4603-af88-9419eabcecfe (table: NB_Global) {{(pid=103837) notify /opt/stack/neutron/neutron/plugins/ml2/drivers/ovn/mech_driver/ovsdb/ovsdb_monitor.py:914}}
Apr 13 15:37:28.100183 np0000165514 devstack@neutron-api.service[103838]: DEBUG neutron.plugins.ml2.drivers.ovn.mech_driver.ovsdb.ovsdb_monitor [None req-0a7b2515-e67b-4089-8682-2d6591662f19 None None] ChassisAgentWriteEvent : Matched Chassis_Private, update, None None {{(pid=103838) matches /opt/stack/neutron/neutron/plugins/ml2/drivers/ovn/mech_driver/ovsdb/ovsdb_monitor.py:64}}
Apr 13 15:37:28.101350 np0000165514 devstack@neutron-api.service[103839]: DEBUG neutron.common.ovn.hash_ring_manager [None req-6136cdbf-a631-4951-a7c4-c702ca4dd053 None None] Hash Ring loaded. 4 active nodes. 0 offline nodes {{(pid=103839) _load_hash_ring /opt/stack/neutron/neutron/common/ovn/hash_ring_manager.py:102}}
Apr 13 15:37:28.102563 np0000165514 devstack@neutron-api.service[103840]: DEBUG neutron.common.ovn.hash_ring_manager [None req-1f0736e1-2f13-4e1e-b511-076e50aae21c None None] Hash Ring loaded. 4 active nodes. 0 offline nodes {{(pid=103840) _load_hash_ring /opt/stack/neutron/neutron/common/ovn/hash_ring_manager.py:102}}
Apr 13 15:37:28.103453 np0000165514 devstack@neutron-api.service[103837]: DEBUG neutron.common.ovn.hash_ring_manager [None req-9f0c061c-967c-433d-9285-256d47e67d93 None None] Hash Ring loaded. 4 active nodes. 0 offline nodes {{(pid=103837) _load_hash_ring /opt/stack/neutron/neutron/common/ovn/hash_ring_manager.py:102}}
Apr 13 15:37:28.103629 np0000165514 devstack@neutron-api.service[103837]: DEBUG neutron.plugins.ml2.drivers.ovn.mech_driver.ovsdb.ovsdb_monitor [None req-9f0c061c-967c-433d-9285-256d47e67d93 None None] Hash Ring: Node a89ac005c7165d06b8f61ca530cf59ac (host: np0000165514) handling event "update" for row 19711a38-0d03-4b1c-88ff-0280dfaf1df3 (table: Chassis_Private) {{(pid=103837) notify /opt/stack/neutron/neutron/plugins/ml2/drivers/ovn/mech_driver/ovsdb/ovsdb_monitor.py:914}}
Apr 13 15:37:28.111789 np0000165514 devstack@neutron-api.service[103838]: DEBUG neutron.common.ovn.hash_ring_manager [None req-0a7b2515-e67b-4089-8682-2d6591662f19 None None] Hash Ring loaded. 4 active nodes. 0 offline nodes {{(pid=103838) _load_hash_ring /opt/stack/neutron/neutron/common/ovn/hash_ring_manager.py:102}}
Apr 13 15:37:28.144805 np0000165514 devstack@neutron-api.service[103838]: DEBUG neutron.plugins.ml2.drivers.helpers [None req-cf9e928e-998f-4c68-876e-366b1a4fa54b admin admin] geneve segment allocate from pool success with {'geneve_vni': 59096} {{(pid=103838) allocate_partially_specified_segment /opt/stack/neutron/neutron/plugins/ml2/drivers/helpers.py:142}}
Apr 13 15:37:28.157647 np0000165514 devstack@neutron-api.service[103838]: DEBUG neutron_lib.callbacks.manager [None req-cf9e928e-998f-4c68-876e-366b1a4fa54b admin admin] Publish callbacks ['neutron.services.segments.db._add_segment_host_mapping_for_segment-7766155172154', 'neutron.plugins.ml2.plugin.Ml2Plugin._handle_segment_change-1200359'] for segment (3b94dea5-ea11-4b50-b466-a0e986c56e96), precommit_create {{(pid=103838) _notify_loop /opt/stack/data/venv/lib/python3.12/site-packages/neutron_lib/callbacks/manager.py:184}}
Apr 13 15:37:28.158031 np0000165514 devstack@neutron-api.service[103838]: INFO neutron.db.segments_db [None req-cf9e928e-998f-4c68-876e-366b1a4fa54b admin admin] Added segment 3b94dea5-ea11-4b50-b466-a0e986c56e96 of type geneve for network 9fa2d584-a0a1-4ed7-afb3-fcfa3c4f4ce0
Apr 13 15:37:28.174107 np0000165514 devstack@neutron-api.service[103838]: DEBUG neutron_lib.callbacks.manager [None req-cf9e928e-998f-4c68-876e-366b1a4fa54b admin admin] Publish callbacks ['neutron.services.auto_allocate.db._ensure_external_network_default_value_callback-7766153972276'] for network (9fa2d584-a0a1-4ed7-afb3-fcfa3c4f4ce0), precommit_create {{(pid=103838) _notify_loop /opt/stack/data/venv/lib/python3.12/site-packages/neutron_lib/callbacks/manager.py:184}}
Apr 13 15:37:28.187945 np0000165514 devstack@neutron-api.service[103838]: DEBUG neutron.plugins.ml2.drivers.ovn.mech_driver.mech_driver [None req-cf9e928e-998f-4c68-876e-366b1a4fa54b admin admin] Validating network segment with type geneve, segmentation ID 59096, physical network None {{(pid=103838) _validate_network_segments /opt/stack/neutron/neutron/plugins/ml2/drivers/ovn/mech_driver/mech_driver.py:631}}
Apr 13 15:37:28.188135 np0000165514 devstack@neutron-api.service[103838]: DEBUG neutron.db.ovn_revision_numbers_db [None req-cf9e928e-998f-4c68-876e-366b1a4fa54b admin admin] create_initial_revision uuid=9fa2d584-a0a1-4ed7-afb3-fcfa3c4f4ce0, type=networks, rev=-1 {{(pid=103838) create_initial_revision /opt/stack/neutron/neutron/db/ovn_revision_numbers_db.py:98}}
Apr 13 15:37:28.197252 np0000165514 devstack@neutron-api.service[103838]: DEBUG neutron_lib.callbacks.manager [None req-cf9e928e-998f-4c68-876e-366b1a4fa54b admin admin] Publish callbacks ['neutron.plugins.ml2.ovo_rpc._ObjectChangeHandler.handle_event-3359273'] for network (9fa2d584-a0a1-4ed7-afb3-fcfa3c4f4ce0), after_create {{(pid=103838) _notify_loop /opt/stack/data/venv/lib/python3.12/site-packages/neutron_lib/callbacks/manager.py:184}}
Apr 13 15:37:28.214040 np0000165514 devstack@neutron-api.service[103838]: DEBUG neutron.api.rpc.handlers.resources_rpc [None req-cf9e928e-998f-4c68-876e-366b1a4fa54b admin admin] Pushing event updated for resources: {'Network': ['ID=9fa2d584-a0a1-4ed7-afb3-fcfa3c4f4ce0,revision_number=1']} {{(pid=103838) push /opt/stack/neutron/neutron/api/rpc/handlers/resources_rpc.py:237}}
Apr 13 15:37:28.225178 np0000165514 devstack@neutron-api.service[103838]: DEBUG ovsdbapp.backend.ovs_idl.transaction [None req-227bd685-de84-43a1-897c-1546ef6a67e2 None None] Running txn n=1 command(idx=0): AddNetworkCommand(_result=None, network_uuid=9fa2d584-a0a1-4ed7-afb3-fcfa3c4f4ce0, may_exist=True, columns={'external_ids': {'neutron:network_name': 'admin_net', 'neutron:mtu': '1372', 'neutron:revision_number': '1', 'neutron:availability_zone_hints': '', 'neutron:provnet-network-type': 'geneve'}, 'other_config': {'mcast_snoop': 'false', 'mcast_flood_unregistered': 'false', 'vlan-passthru': 'false'}}) {{(pid=103838) do_commit /opt/stack/data/venv/lib/python3.12/site-packages/ovsdbapp/backend/ovs_idl/transaction.py:89}}
Apr 13 15:37:28.259851 np0000165514 devstack@neutron-api.service[103837]: DEBUG neutron.plugins.ml2.drivers.ovn.mech_driver.ovsdb.ovsdb_monitor [None req-23ae6b73-7c99-4058-8037-6b2e5a549449 None None] Hash Ring: Node a89ac005c7165d06b8f61ca530cf59ac (host: np0000165514) handling event "create" for row 9fa2d584-a0a1-4ed7-afb3-fcfa3c4f4ce0 (table: Logical_Switch) {{(pid=103837) notify /opt/stack/neutron/neutron/plugins/ml2/drivers/ovn/mech_driver/ovsdb/ovsdb_monitor.py:914}}
Apr 13 15:37:28.267459 np0000165514 devstack@neutron-api.service[103838]: DEBUG neutron.plugins.ml2.drivers.ovn.mech_driver.ovsdb.ovsdb_monitor [None req-0a7b2515-e67b-4089-8682-2d6591662f19 None None] Hash Ring: Node 371ade8f08135f6485bf855eb9022f81 (host: np0000165514) handling event "create" for row 01233e8d-de60-4950-b0ce-2346281f9242 (table: Datapath_Binding) {{(pid=103838) notify /opt/stack/neutron/neutron/plugins/ml2/drivers/ovn/mech_driver/ovsdb/ovsdb_monitor.py:914}}
Apr 13 15:37:28.285180 np0000165514 devstack@neutron-api.service[103838]: INFO neutron.db.ovn_revision_numbers_db [None req-cf9e928e-998f-4c68-876e-366b1a4fa54b admin admin] Successfully bumped revision number for resource 9fa2d584-a0a1-4ed7-afb3-fcfa3c4f4ce0 (type: networks) to 1
Apr 13 15:37:28.300499 np0000165514 devstack@neutron-api.service[103838]: DEBUG neutron_lib.callbacks.manager [None req-cf9e928e-998f-4c68-876e-366b1a4fa54b admin admin] Publish callbacks ['neutron.plugins.ml2.plugin.SecurityGroupDbMixin._ensure_default_security_group_handler-1486505'] for port (None), before_create {{(pid=103838) _notify_loop /opt/stack/data/venv/lib/python3.12/site-packages/neutron_lib/callbacks/manager.py:184}}
Apr 13 15:37:28.364401 np0000165514 devstack@neutron-api.service[103838]: DEBUG neutron_lib.callbacks.manager [None req-cf9e928e-998f-4c68-876e-366b1a4fa54b admin admin] Publish callbacks ['neutron.plugins.ml2.drivers.ovn.mech_driver.mech_driver.OVNMechanismDriver._validate_allowed_address_pairs-841414'] for allowed_address_pair (1ca4f02f-b4f7-4486-a4d4-e4b805e902da), before_create {{(pid=103838) _notify_loop /opt/stack/data/venv/lib/python3.12/site-packages/neutron_lib/callbacks/manager.py:184}}
Apr 13 15:37:28.364731 np0000165514 devstack@neutron-api.service[103838]: DEBUG neutron_lib.callbacks.manager [None req-cf9e928e-998f-4c68-876e-366b1a4fa54b admin admin] Publish callbacks [] for port (1ca4f02f-b4f7-4486-a4d4-e4b805e902da), precommit_create {{(pid=103838) _notify_loop /opt/stack/data/venv/lib/python3.12/site-packages/neutron_lib/callbacks/manager.py:184}}
Apr 13 15:37:28.364866 np0000165514 devstack@neutron-api.service[103838]: DEBUG neutron.plugins.ml2.drivers.ovn.mech_driver.mech_driver [None req-cf9e928e-998f-4c68-876e-366b1a4fa54b admin admin] No provisioning block for port 1ca4f02f-b4f7-4486-a4d4-e4b805e902da since it does not have a host {{(pid=103838) _is_port_provisioning_required /opt/stack/neutron/neutron/plugins/ml2/drivers/ovn/mech_driver/mech_driver.py:884}}
Apr 13 15:37:28.365015 np0000165514 devstack@neutron-api.service[103838]: DEBUG neutron.db.ovn_revision_numbers_db [None req-cf9e928e-998f-4c68-876e-366b1a4fa54b admin admin] create_initial_revision uuid=1ca4f02f-b4f7-4486-a4d4-e4b805e902da, type=ports, rev=-1 {{(pid=103838) create_initial_revision /opt/stack/neutron/neutron/db/ovn_revision_numbers_db.py:98}}
Apr 13 15:37:28.399413 np0000165514 devstack@neutron-api.service[103838]: DEBUG neutron_lib.callbacks.manager [None req-cf9e928e-998f-4c68-876e-366b1a4fa54b admin admin] Publish callbacks ['neutron.plugins.ml2.ovo_rpc._ObjectChangeHandler.handle_event-3359294'] for port (1ca4f02f-b4f7-4486-a4d4-e4b805e902da), after_create {{(pid=103838) _notify_loop /opt/stack/data/venv/lib/python3.12/site-packages/neutron_lib/callbacks/manager.py:184}}
Apr 13 15:37:28.431356 np0000165514 devstack@neutron-api.service[103838]: DEBUG neutron.api.rpc.handlers.resources_rpc [None req-cf9e928e-998f-4c68-876e-366b1a4fa54b admin admin] Pushing event updated for resources: {'Port': ['ID=1ca4f02f-b4f7-4486-a4d4-e4b805e902da,revision_number=1']} {{(pid=103838) push /opt/stack/neutron/neutron/api/rpc/handlers/resources_rpc.py:237}}
Apr 13 15:37:28.439123 np0000165514 devstack@neutron-api.service[103838]: DEBUG ovsdbapp.backend.ovs_idl.transaction [None req-227bd685-de84-43a1-897c-1546ef6a67e2 None None] Running txn n=1 command(idx=0): AddLSwitchPortCommand(_result=None, lport=1ca4f02f-b4f7-4486-a4d4-e4b805e902da, lswitch=neutron-9fa2d584-a0a1-4ed7-afb3-fcfa3c4f4ce0, may_exist=True, network_uuid=9fa2d584-a0a1-4ed7-afb3-fcfa3c4f4ce0, columns={'addresses': ['fa:16:3e:64:f6:e6'], 'external_ids': {'neutron:port_name': '', 'neutron:device_id': 'ovnmeta-9fa2d584-a0a1-4ed7-afb3-fcfa3c4f4ce0', 'neutron:project_id': '3f094f6d7f874670baccfa8fc2718343', 'neutron:cidrs': '', 'neutron:device_owner': 'network:distributed', 'neutron:subnet_pool_addr_scope4': '', 'neutron:subnet_pool_addr_scope6': '', 'neutron:network_name': 'neutron-9fa2d584-a0a1-4ed7-afb3-fcfa3c4f4ce0', 'neutron:security_group_ids': '', 'neutron:revision_number': '1', 'neutron:vnic_type': 'normal', 'neutron:port_capabilities': '', 'neutron:mtu': ''}, 'parent_name': [], 'tag': [], 'enabled': True, 'options': {}, 'type': 'localport', 'port_security': [], 'dhcpv4_options': [], 'dhcpv6_options': []}) {{(pid=103838) do_commit /opt/stack/data/venv/lib/python3.12/site-packages/ovsdbapp/backend/ovs_idl/transaction.py:89}}
Apr 13 15:37:28.440240 np0000165514 devstack@neutron-api.service[103838]: DEBUG ovsdbapp.backend.ovs_idl.transaction [None req-227bd685-de84-43a1-897c-1546ef6a67e2 None None] Running txn n=1 command(idx=1): QoSDelCommand(_result=None, switch=neutron-9fa2d584-a0a1-4ed7-afb3-fcfa3c4f4ce0, conditions=[('direction', '=', 'to-lport'), ('priority', '=', 2002), ('match', '=', 'outport == "1ca4f02f-b4f7-4486-a4d4-e4b805e902da"')], if_exists=True) {{(pid=103838) do_commit /opt/stack/data/venv/lib/python3.12/site-packages/ovsdbapp/backend/ovs_idl/transaction.py:89}}
Apr 13 15:37:28.440777 np0000165514 devstack@neutron-api.service[103838]: DEBUG ovsdbapp.backend.ovs_idl.transaction [None req-227bd685-de84-43a1-897c-1546ef6a67e2 None None] Running txn n=1 command(idx=2): QoSDelCommand(_result=None, switch=neutron-9fa2d584-a0a1-4ed7-afb3-fcfa3c4f4ce0, conditions=[('direction', '=', 'from-lport'), ('priority', '=', 2002), ('match', '=', 'inport == "1ca4f02f-b4f7-4486-a4d4-e4b805e902da"')], if_exists=True) {{(pid=103838) do_commit /opt/stack/data/venv/lib/python3.12/site-packages/ovsdbapp/backend/ovs_idl/transaction.py:89}}
Apr 13 15:37:28.448393 np0000165514 devstack@neutron-api.service[103837]: DEBUG neutron.plugins.ml2.drivers.ovn.mech_driver.ovsdb.ovsdb_monitor [None req-23ae6b73-7c99-4058-8037-6b2e5a549449 None None] Hash Ring: Node a89ac005c7165d06b8f61ca530cf59ac (host: np0000165514) handling event "update" for row 9fa2d584-a0a1-4ed7-afb3-fcfa3c4f4ce0 (table: Logical_Switch) {{(pid=103837) notify /opt/stack/neutron/neutron/plugins/ml2/drivers/ovn/mech_driver/ovsdb/ovsdb_monitor.py:914}}
Apr 13 15:37:28.449969 np0000165514 devstack@neutron-api.service[103839]: DEBUG neutron.plugins.ml2.drivers.ovn.mech_driver.ovsdb.ovsdb_monitor [None req-887f1138-5379-41a0-b213-ca17e13d2c2d None None] Hash Ring: Node ab50b0c8976d517fbd99b75d9e86a143 (host: np0000165514) handling event "create" for row 51f78461-4832-43d7-b5e2-4ed10e2a5e1d (table: Logical_Switch_Port) {{(pid=103839) notify /opt/stack/neutron/neutron/plugins/ml2/drivers/ovn/mech_driver/ovsdb/ovsdb_monitor.py:914}}
Apr 13 15:37:28.451021 np0000165514 devstack@neutron-api.service[103839]: DEBUG ovsdbapp.backend.ovs_idl.event [None req-887f1138-5379-41a0-b213-ca17e13d2c2d None None] Matched CREATE: LogicalSwitchPortCreateEvent(events=('create',), table='Logical_Switch_Port', conditions=[], old_conditions=None), priority=20 to row=Logical_Switch_Port(uuid=51f78461-4832-43d7-b5e2-4ed10e2a5e1d, addresses=['fa:16:3e:64:f6:e6'], dhcpv4_options=[], dhcpv6_options=[], dynamic_addresses=[], enabled=True, external_ids={'neutron:cidrs': '', 'neutron:device_id': 'ovnmeta-9fa2d584-a0a1-4ed7-afb3-fcfa3c4f4ce0', 'neutron:device_owner': 'network:distributed', 'neutron:mtu': '', 'neutron:network_name': 'neutron-9fa2d584-a0a1-4ed7-afb3-fcfa3c4f4ce0', 'neutron:port_capabilities': '', 'neutron:port_name': '', 'neutron:project_id': '3f094f6d7f874670baccfa8fc2718343', 'neutron:revision_number': '1', 'neutron:security_group_ids': '', 'neutron:subnet_pool_addr_scope4': '', 'neutron:subnet_pool_addr_scope6': '', 'neutron:vnic_type': 'normal'}, ha_chassis_group=[], mirror_rules=[], name='1ca4f02f-b4f7-4486-a4d4-e4b805e902da', options={}, parent_name=[], port_security=[], tag=[], tag_request=[], type='localport', up=[]) old= {{(pid=103839) matches /opt/stack/data/venv/lib/python3.12/site-packages/ovsdbapp/backend/ovs_idl/event.py:55}}
Apr 13 15:37:28.452408 np0000165514 devstack@neutron-api.service[103839]: INFO neutron.plugins.ml2.drivers.ovn.mech_driver.mech_driver [-] OVN reports status down for port: 1ca4f02f-b4f7-4486-a4d4-e4b805e902da
Apr 13 15:37:28.454593 np0000165514 devstack@neutron-api.service[103839]: DEBUG neutron.plugins.ml2.drivers.ovn.mech_driver.ovsdb.ovsdb_monitor [None req-887f1138-5379-41a0-b213-ca17e13d2c2d None None] Hash Ring: Node ab50b0c8976d517fbd99b75d9e86a143 (host: np0000165514) handling event "update" for row 51f78461-4832-43d7-b5e2-4ed10e2a5e1d (table: Logical_Switch_Port) {{(pid=103839) notify /opt/stack/neutron/neutron/plugins/ml2/drivers/ovn/mech_driver/ovsdb/ovsdb_monitor.py:914}}
Apr 13 15:37:28.455759 np0000165514 devstack@neutron-api.service[103839]: DEBUG neutron.plugins.ml2.drivers.ovn.mech_driver.ovsdb.ovsdb_monitor [None req-6136cdbf-a631-4951-a7c4-c702ca4dd053 None None] Hash Ring: Node ab50b0c8976d517fbd99b75d9e86a143 (host: np0000165514) handling event "create" for row cd5a0b1a-94ce-4a6a-82af-81ccea06802b (table: Port_Binding) {{(pid=103839) notify /opt/stack/neutron/neutron/plugins/ml2/drivers/ovn/mech_driver/ovsdb/ovsdb_monitor.py:914}}
Apr 13 15:37:28.500112 np0000165514 devstack@neutron-api.service[103839]: DEBUG neutron.db.provisioning_blocks [None req-f54536be-3159-41fa-bc6d-5be053bc80c7 None None] Transition to ACTIVE for port object 1ca4f02f-b4f7-4486-a4d4-e4b805e902da will not be triggered until provisioned by entity L2. {{(pid=103839) add_provisioning_component /opt/stack/neutron/neutron/db/provisioning_blocks.py:74}}
Apr 13 15:37:28.501186 np0000165514 devstack@neutron-api.service[103838]: INFO neutron.db.ovn_revision_numbers_db [None req-cf9e928e-998f-4c68-876e-366b1a4fa54b admin admin] Successfully bumped revision number for resource 1ca4f02f-b4f7-4486-a4d4-e4b805e902da (type: ports) to 1
Apr 13 15:37:28.509079 np0000165514 devstack@neutron-api.service[103838]: DEBUG neutron.pecan_wsgi.hooks.policy_enforcement [None req-cf9e928e-998f-4c68-876e-366b1a4fa54b admin admin] Attributes excluded by policy engine: ['standard_attr_id'] {{(pid=103838) _exclude_attributes_by_policy /opt/stack/neutron/neutron/pecan_wsgi/hooks/policy_enforcement.py:258}}
Apr 13 15:37:28.509438 np0000165514 devstack@neutron-api.service[103838]: DEBUG neutron_lib.callbacks.manager [None req-cf9e928e-998f-4c68-876e-366b1a4fa54b admin admin] Publish callbacks [] for network (None), before_response {{(pid=103838) _notify_loop /opt/stack/data/venv/lib/python3.12/site-packages/neutron_lib/callbacks/manager.py:184}}
Apr 13 15:37:28.529699 np0000165514 devstack@neutron-api.service[103838]: [pid: 103838|app: 0|req: 23/93] 199.204.45.138 () {68 vars in 1358 bytes} [Mon Apr 13 15:37:27 2026] POST /networking/v2.0/networks => generated 683 bytes in 671 msecs (HTTP/1.1 201) 4 headers in 162 bytes (1 switches on core 0)
Apr 13 15:37:28.547440 np0000165514 devstack@neutron-api.service[103839]: DEBUG neutron.plugins.ml2.plugin [None req-f54536be-3159-41fa-bc6d-5be053bc80c7 None None] Current status of the port 1ca4f02f-b4f7-4486-a4d4-e4b805e902da is: DOWN; New status is: DOWN {{(pid=103839) _update_individual_port_db_status /opt/stack/neutron/neutron/plugins/ml2/plugin.py:2468}}
Apr 13 15:37:28.550359 np0000165514 devstack@neutron-api.service[103839]: DEBUG ovsdbapp.backend.ovs_idl.transaction [None req-887f1138-5379-41a0-b213-ca17e13d2c2d None None] Running txn n=1 command(idx=0): DbRemoveCommand(_result=None, table=Logical_Switch_Port, record=1ca4f02f-b4f7-4486-a4d4-e4b805e902da, column=external_ids, values=('neutron:host_id',), keyvalues={}, if_exists=True) {{(pid=103839) do_commit /opt/stack/data/venv/lib/python3.12/site-packages/ovsdbapp/backend/ovs_idl/transaction.py:89}}
Apr 13 15:37:28.730867 np0000165514 devstack@neutron-api.service[103840]: INFO neutron.pecan_wsgi.hooks.translation [None req-57dab7c0-afee-45ff-870b-5fba1620d3bf admin admin] GET failed (client error): The resource could not be found.
Apr 13 15:37:28.731064 np0000165514 devstack@neutron-api.service[103840]: [pid: 103840|app: 0|req: 25/94] 199.204.45.138 () {64 vars in 1334 bytes} [Mon Apr 13 15:37:28 2026] GET /networking/v2.0/networks/admin_net => generated 111 bytes in 14 msecs (HTTP/1.1 404) 4 headers in 164 bytes (1 switches on core 0)
Apr 13 15:37:28.780755 np0000165514 devstack@neutron-api.service[103837]: DEBUG neutron.pecan_wsgi.hooks.policy_enforcement [None req-b77dd3cb-92a7-45f4-b065-499ccefec7b3 admin admin] Attributes excluded by policy engine: ['standard_attr_id'] {{(pid=103837) _exclude_attributes_by_policy /opt/stack/neutron/neutron/pecan_wsgi/hooks/policy_enforcement.py:258}}
Apr 13 15:37:28.781645 np0000165514 devstack@neutron-api.service[103837]: [pid: 103837|app: 0|req: 24/95] 199.204.45.138 () {64 vars in 1346 bytes} [Mon Apr 13 15:37:28 2026] GET /networking/v2.0/networks?name=admin_net => generated 667 bytes in 38 msecs (HTTP/1.1 200) 4 headers in 157 bytes (1 switches on core 0)
Apr 13 15:37:28.987278 np0000165514 devstack@neutron-api.service[103839]: INFO neutron.pecan_wsgi.hooks.translation [None req-f15e12b0-4c44-4465-b2fe-1b8401139bb2 admin admin] GET failed (client error): The resource could not be found.
Apr 13 15:37:28.988073 np0000165514 devstack@neutron-api.service[103839]: [pid: 103839|app: 0|req: 24/96] 199.204.45.138 () {64 vars in 1340 bytes} [Mon Apr 13 15:37:28 2026] GET /networking/v2.0/subnets/admin_subnet => generated 112 bytes in 10 msecs (HTTP/1.1 404) 4 headers in 164 bytes (1 switches on core 0)
Apr 13 15:37:29.018595 np0000165514 devstack@neutron-api.service[103838]: [pid: 103838|app: 0|req: 24/97] 199.204.45.138 () {64 vars in 1349 bytes} [Mon Apr 13 15:37:28 2026] GET /networking/v2.0/subnets?name=admin_subnet => generated 14 bytes in 22 msecs (HTTP/1.1 200) 4 headers in 156 bytes (1 switches on core 0)
Apr 13 15:37:29.273076 np0000165514 devstack@neutron-api.service[103840]: DEBUG neutron.pecan_wsgi.hooks.policy_enforcement [None req-d0d897e5-f4c5-4606-b7d5-9c9f7e3bb215 admin admin] Attributes excluded by policy engine: ['standard_attr_id'] {{(pid=103840) _exclude_attributes_by_policy /opt/stack/neutron/neutron/pecan_wsgi/hooks/policy_enforcement.py:258}}
Apr 13 15:37:29.273671 np0000165514 devstack@neutron-api.service[103840]: [pid: 103840|app: 0|req: 26/98] 199.204.45.138 () {64 vars in 1415 bytes} [Mon Apr 13 15:37:29 2026] GET /networking/v2.0/networks/9fa2d584-a0a1-4ed7-afb3-fcfa3c4f4ce0 => generated 664 bytes in 32 msecs (HTTP/1.1 200) 4 headers in 157 bytes (1 switches on core 0)
Apr 13 15:37:29.298077 np0000165514 devstack@neutron-api.service[103837]: DEBUG neutron.api.v2.base [None req-adf676c7-0e10-4a27-9fd9-d40db8660905 admin admin] Request body: {'subnet': {'ip_version': 4, 'cidr': '10.2.5.0/24', 'gateway_ip': None, 'project_id': '3f094f6d7f874670baccfa8fc2718343', 'network_id': '9fa2d584-a0a1-4ed7-afb3-fcfa3c4f4ce0', 'name': 'admin_subnet'}} {{(pid=103837) prepare_request_body /opt/stack/neutron/neutron/api/v2/base.py:729}}
Apr 13 15:37:29.315947 np0000165514 devstack@neutron-api.service[103837]: DEBUG neutron.pecan_wsgi.hooks.quota_enforcement [None req-adf676c7-0e10-4a27-9fd9-d40db8660905 admin admin] Made reservation on behalf of 3f094f6d7f874670baccfa8fc2718343 for: {'subnet': 1} {{(pid=103837) before /opt/stack/neutron/neutron/pecan_wsgi/hooks/quota_enforcement.py:66}}
Apr 13 15:37:29.319266 np0000165514 devstack@neutron-api.service[103837]: DEBUG neutron_lib.callbacks.manager [None req-adf676c7-0e10-4a27-9fd9-d40db8660905 admin admin] Publish callbacks [] for subnet (None), before_create {{(pid=103837) _notify_loop /opt/stack/data/venv/lib/python3.12/site-packages/neutron_lib/callbacks/manager.py:184}}
