2026-08-11 09:37:00.658 8 INFO placement.requestlog [req-e752893a-4335-4717-b0b8-1e6a68895057 req-3f125bb3-5cfe-40fb-ac75-5c2a6fe74764 7174470d2b784304914249083fae6c3f b34d8177a39a4a2c97168cb35d0062b7 - - 62e55b68e2ed498bac27fcec3a3e0b61 62e55b68e2ed498bac27fcec3a3e0b61] 199.204.45.162 "GET /resource_providers/1f2d733c-0c82-488e-ba15-480913b81fd1/allocations" status: 200 len: 153 microversion: 1.0 [pid: 8|app: 0|req: 517/1025] 199.204.45.162 () {32 vars in 856 bytes} [Tue Aug 11 09:37:00 2026] GET /resource_providers/1f2d733c-0c82-488e-ba15-480913b81fd1/allocations => generated 153 bytes in 14 msecs (HTTP/1.1 200) 6 headers in 224 bytes (1 switches on core 0)
2026-08-11 09:37:00.676 7 INFO placement.requestlog [req-e752893a-4335-4717-b0b8-1e6a68895057 req-de450091-168f-4bdb-9216-90f57a1a73cd 7174470d2b784304914249083fae6c3f b34d8177a39a4a2c97168cb35d0062b7 - - 62e55b68e2ed498bac27fcec3a3e0b61 62e55b68e2ed498bac27fcec3a3e0b61] 199.204.45.162 "GET /allocations/2a14cb19-3311-4dd1-aadb-63738c3a2830" status: 200 len: 258 microversion: 1.28 [pid: 7|app: 0|req: 509/1026] 199.204.45.162 () {34 vars in 862 bytes} [Tue Aug 11 09:37:00 2026] GET /allocations/2a14cb19-3311-4dd1-aadb-63738c3a2830 => generated 258 bytes in 13 msecs (HTTP/1.1 200) 8 headers in 296 bytes (1 switches on core 0)
2026-08-11 09:37:10.288 7 INFO placement.requestlog [None req-f4871e0c-6df1-4f17-bbf7-cd7465a54ba3 - - - - - -] 10.0.0.8 "GET /" status: 200 len: 136 microversion: 1.0
2026-08-11 09:37:10.288 8 INFO placement.requestlog [None req-b31b5882-e5e8-47e8-bc73-cf1d61423c22 - - - - - -] 10.0.0.8 "GET /" status: 200 len: 136 microversion: 1.0
2026-08-11 09:37:12.960 8 INFO placement.requestlog [None req-3716ad11-e79b-4085-9f89-da72853017da e9c53c6df92741fa8e490a04c7260b52 b34d8177a39a4a2c97168cb35d0062b7 - - 62e55b68e2ed498bac27fcec3a3e0b61 62e55b68e2ed498bac27fcec3a3e0b61] 10.0.0.247 "GET /resource_providers/c03075a7-e5ad-4110-b170-2a9dd80e30f6/aggregates" status: 404 len: 235 microversion: 1.1
2026-08-11 09:37:12.960 7 INFO placement.requestlog [None req-08961bf5-0ada-44cd-8d26-e4083ae21caa e9c53c6df92741fa8e490a04c7260b52 b34d8177a39a4a2c97168cb35d0062b7 - - 62e55b68e2ed498bac27fcec3a3e0b61 62e55b68e2ed498bac27fcec3a3e0b61] 10.0.0.247 "GET /resource_providers/c03075a7-e5ad-4110-b170-2a9dd80e30f6/aggregates" status: 404 len: 235 microversion: 1.1 [pid: 8|app: 0|req: 519/1029] 10.0.0.247 () {32 vars in 815 bytes} [Tue Aug 11 09:37:12 2026] GET /resource_providers/c03075a7-e5ad-4110-b170-2a9dd80e30f6/aggregates => generated 235 bytes in 13 msecs (HTTP/1.1 404) 5 headers in 202 bytes (1 switches on core 0) [pid: 7|app: 0|req: 511/1030] 10.0.0.247 () {32 vars in 815 bytes} [Tue Aug 11 09:37:12 2026] GET /resource_providers/c03075a7-e5ad-4110-b170-2a9dd80e30f6/aggregates => generated 235 bytes in 18 msecs (HTTP/1.1 404) 5 headers in 202 bytes (1 switches on core 0)
2026-08-11 09:37:12.997 8 INFO placement.requestlog [None req-7e17931b-196a-4cc1-9f57-7483a83a2054 e9c53c6df92741fa8e490a04c7260b52 b34d8177a39a4a2c97168cb35d0062b7 - - 62e55b68e2ed498bac27fcec3a3e0b61 62e55b68e2ed498bac27fcec3a3e0b61] 10.0.0.247 "DELETE /resource_providers/c03075a7-e5ad-4110-b170-2a9dd80e30f6" status: 404 len: 246 microversion: 1.1 [pid: 8|app: 0|req: 520/1031] 10.0.0.247 () {34 vars in 815 bytes} [Tue Aug 11 09:37:12 2026] DELETE /resource_providers/c03075a7-e5ad-4110-b170-2a9dd80e30f6 => generated 246 bytes in 12 msecs (HTTP/1.1 404) 6 headers in 231 bytes (1 switches on core 0)
2026-08-11 09:37:12.998 7 INFO placement.requestlog [None req-9336531f-b19b-40ca-aec8-c2bfad7d2982 e9c53c6df92741fa8e490a04c7260b52 b34d8177a39a4a2c97168cb35d0062b7 - - 62e55b68e2ed498bac27fcec3a3e0b61 62e55b68e2ed498bac27fcec3a3e0b61] 10.0.0.247 "DELETE /resource_providers/c03075a7-e5ad-4110-b170-2a9dd80e30f6" status: 404 len: 246 microversion: 1.1 [pid: 7|app: 0|req: 512/1032] 10.0.0.247 () {34 vars in 815 bytes} [Tue Aug 11 09:37:12 2026] DELETE /resource_providers/c03075a7-e5ad-4110-b170-2a9dd80e30f6 => generated 246 bytes in 13 msecs (HTTP/1.1 404) 6 headers in 231 bytes (1 switches on core 0)
2026-08-11 09:37:20.286 8 INFO placement.requestlog [None req-cd25c5bb-755a-41b3-b3b0-b5341e5ce9f4 - - - - - -] 10.0.0.8 "GET /" status: 200 len: 136 microversion: 1.0
2026-08-11 09:37:20.287 7 INFO placement.requestlog [None req-d2913c6f-cdb7-4db5-a956-43cd08f57c66 - - - - - -] 10.0.0.8 "GET /" status: 200 len: 136 microversion: 1.0
2026-08-11 09:37:30.287 8 INFO placement.requestlog [None req-dc903046-196e-4f40-815d-71a16e080155 - - - - - -] 10.0.0.8 "GET /" status: 200 len: 136 microversion: 1.0
2026-08-11 09:37:30.287 7 INFO placement.requestlog [None req-0e09c3b7-8dd7-4216-a6d1-ca3b427869b5 - - - - - -] 10.0.0.8 "GET /" status: 200 len: 136 microversion: 1.0
2026-08-11 09:37:34.506 7 INFO placement.requestlog [req-8070ad40-9d0c-4887-826d-d276ee814897 req-795a8455-d7a9-4ed4-b417-33e9571a81c8 7174470d2b784304914249083fae6c3f b34d8177a39a4a2c97168cb35d0062b7 - - 62e55b68e2ed498bac27fcec3a3e0b61 62e55b68e2ed498bac27fcec3a3e0b61] 199.204.45.162 "GET /resource_providers/1f2d733c-0c82-488e-ba15-480913b81fd1/allocations" status: 200 len: 153 microversion: 1.0 [pid: 7|app: 0|req: 515/1037] 199.204.45.162 () {32 vars in 856 bytes} [Tue Aug 11 09:37:34 2026] GET /resource_providers/1f2d733c-0c82-488e-ba15-480913b81fd1/allocations => generated 153 bytes in 19 msecs (HTTP/1.1 200) 6 headers in 224 bytes (1 switches on core 0)
2026-08-11 09:37:34.522 8 INFO placement.requestlog [req-8070ad40-9d0c-4887-826d-d276ee814897 req-09da6f2d-8ba8-4da4-8dfb-81d183b79005 7174470d2b784304914249083fae6c3f b34d8177a39a4a2c97168cb35d0062b7 - - 62e55b68e2ed498bac27fcec3a3e0b61 62e55b68e2ed498bac27fcec3a3e0b61] 199.204.45.162 "GET /allocations/2a14cb19-3311-4dd1-aadb-63738c3a2830" status: 200 len: 258 microversion: 1.28 [pid: 8|app: 0|req: 523/1038] 199.204.45.162 () {34 vars in 862 bytes} [Tue Aug 11 09:37:34 2026] GET /allocations/2a14cb19-3311-4dd1-aadb-63738c3a2830 => generated 258 bytes in 9 msecs (HTTP/1.1 200) 8 headers in 296 bytes (1 switches on core 0)
2026-08-11 09:37:35.572 7 INFO placement.requestlog [req-8070ad40-9d0c-4887-826d-d276ee814897 req-bf7f1048-9ca5-486c-b255-5d468e2ff2f5 7174470d2b784304914249083fae6c3f b34d8177a39a4a2c97168cb35d0062b7 - - 62e55b68e2ed498bac27fcec3a3e0b61 62e55b68e2ed498bac27fcec3a3e0b61] 199.204.45.162 "DELETE /allocations/2a14cb19-3311-4dd1-aadb-63738c3a2830" status: 204 len: 0 microversion: 1.0 [pid: 7|app: 0|req: 516/1039] 199.204.45.162 () {34 vars in 840 bytes} [Tue Aug 11 09:37:35 2026] DELETE /allocations/2a14cb19-3311-4dd1-aadb-63738c3a2830 => generated 0 bytes in 24 msecs (HTTP/1.1 204) 5 headers in 198 bytes (1 switches on core 0)
2026-08-11 09:37:40.251 8 INFO placement.requestlog [None req-a579414c-cac1-400f-aecc-2c03544493db e9c53c6df92741fa8e490a04c7260b52 b34d8177a39a4a2c97168cb35d0062b7 - - 62e55b68e2ed498bac27fcec3a3e0b61 62e55b68e2ed498bac27fcec3a3e0b61] 10.0.0.247 "GET /resource_providers/c285bf70-df40-4e03-a4f1-f3896c4e7a96/aggregates" status: 404 len: 235 microversion: 1.1 [pid: 8|app: 0|req: 524/1040] 10.0.0.247 () {32 vars in 815 bytes} [Tue Aug 11 09:37:40 2026] GET /resource_providers/c285bf70-df40-4e03-a4f1-f3896c4e7a96/aggregates => generated 235 bytes in 12 msecs (HTTP/1.1 404) 5 headers in 202 bytes (1 switches on core 0)
2026-08-11 09:37:40.252 7 INFO placement.requestlog [None req-0b2a01ab-34b0-40f8-b974-36c834bc0d50 e9c53c6df92741fa8e490a04c7260b52 b34d8177a39a4a2c97168cb35d0062b7 - - 62e55b68e2ed498bac27fcec3a3e0b61 62e55b68e2ed498bac27fcec3a3e0b61] 10.0.0.247 "GET /resource_providers/c285bf70-df40-4e03-a4f1-f3896c4e7a96/aggregates" status: 404 len: 235 microversion: 1.1 [pid: 7|app: 0|req: 517/1041] 10.0.0.247 () {32 vars in 815 bytes} [Tue Aug 11 09:37:40 2026] GET /resource_providers/c285bf70-df40-4e03-a4f1-f3896c4e7a96/aggregates => generated 235 bytes in 12 msecs (HTTP/1.1 404) 5 headers in 202 bytes (1 switches on core 0)
2026-08-11 09:37:40.282 8 INFO placement.requestlog [None req-0411b672-6bb6-4f48-91f1-9b673f39dd78 e9c53c6df92741fa8e490a04c7260b52 b34d8177a39a4a2c97168cb35d0062b7 - - 62e55b68e2ed498bac27fcec3a3e0b61 62e55b68e2ed498bac27fcec3a3e0b61] 10.0.0.247 "DELETE /resource_providers/c285bf70-df40-4e03-a4f1-f3896c4e7a96" status: 404 len: 246 microversion: 1.1 [pid: 8|app: 0|req: 525/1042] 10.0.0.247 () {34 vars in 815 bytes} [Tue Aug 11 09:37:40 2026] DELETE /resource_providers/c285bf70-df40-4e03-a4f1-f3896c4e7a96 => generated 246 bytes in 18 msecs (HTTP/1.1 404) 6 headers in 231 bytes (1 switches on core 0)
2026-08-11 09:37:40.286 8 INFO placement.requestlog [None req-01e9e7fe-270b-43df-8f29-3506f8efc539 - - - - - -] 10.0.0.8 "GET /" status: 200 len: 136 microversion: 1.0
2026-08-11 09:37:40.286 7 INFO placement.requestlog [None req-147896c2-2c2d-4360-91ef-3021e19283cd e9c53c6df92741fa8e490a04c7260b52 b34d8177a39a4a2c97168cb35d0062b7 - - 62e55b68e2ed498bac27fcec3a3e0b61 62e55b68e2ed498bac27fcec3a3e0b61] 10.0.0.247 "DELETE /resource_providers/c285bf70-df40-4e03-a4f1-f3896c4e7a96" status: 404 len: 246 microversion: 1.1 [pid: 7|app: 0|req: 518/1044] 10.0.0.247 () {34 vars in 815 bytes} [Tue Aug 11 09:37:40 2026] DELETE /resource_providers/c285bf70-df40-4e03-a4f1-f3896c4e7a96 => generated 246 bytes in 17 msecs (HTTP/1.1 404) 6 headers in 231 bytes (1 switches on core 0)
2026-08-11 09:37:40.288 8 INFO placement.requestlog [None req-f91df243-68fc-4c13-b8c8-2fbd12e6dcda - - - - - -] 10.0.0.8 "GET /" status: 200 len: 136 microversion: 1.0
2026-08-11 09:37:42.782 8 INFO placement.requestlog [None req-ef6e62bf-52ed-4476-912d-b7e513481b9c e9c53c6df92741fa8e490a04c7260b52 b34d8177a39a4a2c97168cb35d0062b7 - - 62e55b68e2ed498bac27fcec3a3e0b61 62e55b68e2ed498bac27fcec3a3e0b61] 10.0.0.247 "GET /resource_providers/b643d060-e440-481b-9dc0-bb078a28e7f1/aggregates" status: 404 len: 235 microversion: 1.1 [pid: 8|app: 0|req: 528/1046] 10.0.0.247 () {32 vars in 815 bytes} [Tue Aug 11 09:37:42 2026] GET /resource_providers/b643d060-e440-481b-9dc0-bb078a28e7f1/aggregates => generated 235 bytes in 10 msecs (HTTP/1.1 404) 5 headers in 202 bytes (1 switches on core 0)
2026-08-11 09:37:42.783 7 INFO placement.requestlog [None req-8d792d86-01ad-4eed-a020-a8fed2c3282e e9c53c6df92741fa8e490a04c7260b52 b34d8177a39a4a2c97168cb35d0062b7 - - 62e55b68e2ed498bac27fcec3a3e0b61 62e55b68e2ed498bac27fcec3a3e0b61] 10.0.0.247 "GET /resource_providers/b643d060-e440-481b-9dc0-bb078a28e7f1/aggregates" status: 404 len: 235 microversion: 1.1 [pid: 7|app: 0|req: 519/1047] 10.0.0.247 () {32 vars in 815 bytes} [Tue Aug 11 09:37:42 2026] GET /resource_providers/b643d060-e440-481b-9dc0-bb078a28e7f1/aggregates => generated 235 bytes in 11 msecs (HTTP/1.1 404) 5 headers in 202 bytes (1 switches on core 0)
2026-08-11 09:37:42.807 7 INFO placement.requestlog [None req-040bddb2-6681-42ec-aba4-d4814476c32a e9c53c6df92741fa8e490a04c7260b52 b34d8177a39a4a2c97168cb35d0062b7 - - 62e55b68e2ed498bac27fcec3a3e0b61 62e55b68e2ed498bac27fcec3a3e0b61] 10.0.0.247 "DELETE /resource_providers/b643d060-e440-481b-9dc0-bb078a28e7f1" status: 404 len: 246 microversion: 1.1
2026-08-11 09:37:42.807 8 INFO placement.requestlog [None req-b9820f25-ced4-4e1d-ac5e-aa4b44bca536 e9c53c6df92741fa8e490a04c7260b52 b34d8177a39a4a2c97168cb35d0062b7 - - 62e55b68e2ed498bac27fcec3a3e0b61 62e55b68e2ed498bac27fcec3a3e0b61] 10.0.0.247 "DELETE /resource_providers/b643d060-e440-481b-9dc0-bb078a28e7f1" status: 404 len: 246 microversion: 1.1 [pid: 7|app: 0|req: 520/1048] 10.0.0.247 () {34 vars in 815 bytes} [Tue Aug 11 09:37:42 2026] DELETE /resource_providers/b643d060-e440-481b-9dc0-bb078a28e7f1 => generated 246 bytes in 11 msecs (HTTP/1.1 404) 6 headers in 231 bytes (1 switches on core 0) [pid: 8|app: 0|req: 529/1049] 10.0.0.247 () {34 vars in 815 bytes} [Tue Aug 11 09:37:42 2026] DELETE /resource_providers/b643d060-e440-481b-9dc0-bb078a28e7f1 => generated 246 bytes in 12 msecs (HTTP/1.1 404) 6 headers in 231 bytes (1 switches on core 0)
2026-08-11 09:37:50.287 7 INFO placement.requestlog [None req-28d5cedd-81d5-4523-98c7-6c2356446975 - - - - - -] 10.0.0.8 "GET /" status: 200 len: 136 microversion: 1.0
2026-08-11 09:37:50.288 8 INFO placement.requestlog [None req-6ab9e79e-34d8-4fe4-a10b-1ebc29a132b2 - - - - - -] 10.0.0.8 "GET /" status: 200 len: 136 microversion: 1.0
2026-08-11 09:37:57.745 7 INFO placement.requestlog [req-218b941b-1c67-42af-9f26-eb7fc1c6eab9 req-a178f797-9568-4d4b-a842-d4f89f790d63 7174470d2b784304914249083fae6c3f b34d8177a39a4a2c97168cb35d0062b7 - - 62e55b68e2ed498bac27fcec3a3e0b61 62e55b68e2ed498bac27fcec3a3e0b61] 199.204.45.162 "GET /resource_providers/1f2d733c-0c82-488e-ba15-480913b81fd1/allocations" status: 200 len: 55 microversion: 1.0 [pid: 7|app: 0|req: 522/1052] 199.204.45.162 () {32 vars in 856 bytes} [Tue Aug 11 09:37:57 2026] GET /resource_providers/1f2d733c-0c82-488e-ba15-480913b81fd1/allocations => generated 55 bytes in 15 msecs (HTTP/1.1 200) 6 headers in 223 bytes (1 switches on core 0)
2026-08-11 09:37:57.765 8 INFO placement.requestlog [req-218b941b-1c67-42af-9f26-eb7fc1c6eab9 req-f44083f4-49bf-4134-b993-44a99b0c2267 7174470d2b784304914249083fae6c3f b34d8177a39a4a2c97168cb35d0062b7 - - 62e55b68e2ed498bac27fcec3a3e0b61 62e55b68e2ed498bac27fcec3a3e0b61] 199.204.45.162 "GET /resource_providers/1f2d733c-0c82-488e-ba15-480913b81fd1/allocations" status: 200 len: 55 microversion: 1.0 [pid: 8|app: 0|req: 531/1053] 199.204.45.162 () {32 vars in 856 bytes} [Tue Aug 11 09:37:57 2026] GET /resource_providers/1f2d733c-0c82-488e-ba15-480913b81fd1/allocations => generated 55 bytes in 14 msecs (HTTP/1.1 200) 6 headers in 223 bytes (1 switches on core 0)
2026-08-11 09:38:00.286 7 INFO placement.requestlog [None req-12f1b6b9-5349-4092-9ed7-9c73a7cb2998 - - - - - -] 10.0.0.8 "GET /" status: 200 len: 136 microversion: 1.0
2026-08-11 09:38:00.286 8 INFO placement.requestlog [None req-fcf49ce3-56b9-4bf6-8bb3-d62de74771ed - - - - - -] 10.0.0.8 "GET /" status: 200 len: 136 microversion: 1.0
2026-08-11 09:38:10.287 7 INFO placement.requestlog [None req-aa7a9755-00a8-4cc1-8f57-c4170334a23b - - - - - -] 10.0.0.8 "GET /" status: 200 len: 136 microversion: 1.0
2026-08-11 09:38:10.287 8 INFO placement.requestlog [None req-40a491b6-08e0-4612-ba76-7cb12ff98a66 - - - - - -] 10.0.0.8 "GET /" status: 200 len: 136 microversion: 1.0
2026-08-11 09:38:11.110 7 INFO placement.requestlog [req-8e01d06c-88b9-43f2-862d-515c75db6863 req-7ef635ec-0cd3-4dd3-aff5-4ced99c326cf 7174470d2b784304914249083fae6c3f b34d8177a39a4a2c97168cb35d0062b7 - - 62e55b68e2ed498bac27fcec3a3e0b61 62e55b68e2ed498bac27fcec3a3e0b61] 10.0.0.26 "GET /allocation_candidates?limit=1000&resources=DISK_GB%3A1%2CMEMORY_MB%3A512%2CVCPU%3A1&root_required=%21COMPUTE_STATUS_DISABLED" status: 200 len: 2781 microversion: 1.36 [pid: 7|app: 0|req: 525/1058] 10.0.0.26 () {34 vars in 1010 bytes} [Tue Aug 11 09:38:10 2026] GET /allocation_candidates?limit=1000&resources=DISK_GB%3A1%2CMEMORY_MB%3A512%2CVCPU%3A1&root_required=%21COMPUTE_STATUS_DISABLED => generated 2781 bytes in 152 msecs (HTTP/1.1 200) 8 headers in 297 bytes (1 switches on core 0)
2026-08-11 09:38:11.151 8 INFO placement.requestlog [req-8e01d06c-88b9-43f2-862d-515c75db6863 req-74571d20-20d0-4c86-83cb-61e5a47da73d 7174470d2b784304914249083fae6c3f b34d8177a39a4a2c97168cb35d0062b7 - - 62e55b68e2ed498bac27fcec3a3e0b61 62e55b68e2ed498bac27fcec3a3e0b61] 10.0.0.26 "GET /allocations/9d06d82b-8f30-4b43-9ae8-f93da068c439" status: 200 len: 19 microversion: 1.28 [pid: 8|app: 0|req: 534/1059] 10.0.0.26 () {34 vars in 859 bytes} [Tue Aug 11 09:38:11 2026] GET /allocations/9d06d82b-8f30-4b43-9ae8-f93da068c439 => generated 19 bytes in 11 msecs (HTTP/1.1 200) 8 headers in 295 bytes (1 switches on core 0)
2026-08-11 09:38:11.226 7 INFO placement.requestlog [req-8e01d06c-88b9-43f2-862d-515c75db6863 req-d71a2062-544b-47c6-990d-8483c1d37267 7174470d2b784304914249083fae6c3f b34d8177a39a4a2c97168cb35d0062b7 - - 62e55b68e2ed498bac27fcec3a3e0b61 62e55b68e2ed498bac27fcec3a3e0b61] 10.0.0.26 "PUT /allocations/9d06d82b-8f30-4b43-9ae8-f93da068c439" status: 204 len: 0 microversion: 1.36 [pid: 7|app: 0|req: 526/1060] 10.0.0.26 () {38 vars in 912 bytes} [Tue Aug 11 09:38:11 2026] PUT /allocations/9d06d82b-8f30-4b43-9ae8-f93da068c439 => generated 0 bytes in 70 msecs (HTTP/1.1 204) 5 headers in 199 bytes (1 switches on core 0)
2026-08-11 09:38:12.610 8 INFO placement.requestlog [req-8e01d06c-88b9-43f2-862d-515c75db6863 req-08a2cfaa-31c5-4255-9704-a46ea3d20251 7174470d2b784304914249083fae6c3f b34d8177a39a4a2c97168cb35d0062b7 - - 62e55b68e2ed498bac27fcec3a3e0b61 62e55b68e2ed498bac27fcec3a3e0b61] 199.204.45.162 "GET /allocations/9d06d82b-8f30-4b43-9ae8-f93da068c439" status: 200 len: 258 microversion: 1.28 [pid: 8|app: 0|req: 535/1061] 199.204.45.162 () {34 vars in 862 bytes} [Tue Aug 11 09:38:12 2026] GET /allocations/9d06d82b-8f30-4b43-9ae8-f93da068c439 => generated 258 bytes in 13 msecs (HTTP/1.1 200) 8 headers in 296 bytes (1 switches on core 0)
2026-08-11 09:38:13.649 7 INFO placement.requestlog [req-8e01d06c-88b9-43f2-862d-515c75db6863 req-db0248e3-0026-4bfb-8c73-5b084e38d059 7174470d2b784304914249083fae6c3f b34d8177a39a4a2c97168cb35d0062b7 - - 62e55b68e2ed498bac27fcec3a3e0b61 62e55b68e2ed498bac27fcec3a3e0b61] 199.204.45.162 "GET /resource_providers/1f2d733c-0c82-488e-ba15-480913b81fd1/allocations" status: 200 len: 153 microversion: 1.0 [pid: 7|app: 0|req: 527/1062] 199.204.45.162 () {32 vars in 856 bytes} [Tue Aug 11 09:38:13 2026] GET /resource_providers/1f2d733c-0c82-488e-ba15-480913b81fd1/allocations => generated 153 bytes in 15 msecs (HTTP/1.1 200) 6 headers in 224 bytes (1 switches on core 0)
2026-08-11 09:38:13.666 8 INFO placement.requestlog [req-8e01d06c-88b9-43f2-862d-515c75db6863 req-ca475b9d-2f08-4358-b90e-5ac315044bc4 7174470d2b784304914249083fae6c3f b34d8177a39a4a2c97168cb35d0062b7 - - 62e55b68e2ed498bac27fcec3a3e0b61 62e55b68e2ed498bac27fcec3a3e0b61] 199.204.45.162 "GET /allocations/9d06d82b-8f30-4b43-9ae8-f93da068c439" status: 200 len: 258 microversion: 1.28 [pid: 8|app: 0|req: 536/1063] 199.204.45.162 () {34 vars in 862 bytes} [Tue Aug 11 09:38:13 2026] GET /allocations/9d06d82b-8f30-4b43-9ae8-f93da068c439 => generated 258 bytes in 10 msecs (HTTP/1.1 200) 8 headers in 296 bytes (1 switches on core 0)
2026-08-11 09:38:20.287 7 INFO placement.requestlog [None req-c24b93da-4d41-4edf-87e0-fcbadb3b46b5 - - - - - -] 10.0.0.8 "GET /" status: 200 len: 136 microversion: 1.0
2026-08-11 09:38:20.287 8 INFO placement.requestlog [None req-bdba8af9-7ac6-45b6-bd2d-9b1da28de344 - - - - - -] 10.0.0.8 "GET /" status: 200 len: 136 microversion: 1.0
2026-08-11 09:38:28.613 7 INFO placement.requestlog [req-32d991a3-9527-437b-946f-9ed718ae1ddc req-3c5b2a48-6b7f-4067-a05b-77a9c4a6c39d 7174470d2b784304914249083fae6c3f b34d8177a39a4a2c97168cb35d0062b7 - - 62e55b68e2ed498bac27fcec3a3e0b61 62e55b68e2ed498bac27fcec3a3e0b61] 10.0.0.26 "GET /allocation_candidates?limit=1000&resources=DISK_GB%3A1%2CMEMORY_MB%3A512%2CVCPU%3A1&root_required=%21COMPUTE_STATUS_DISABLED" status: 200 len: 2783 microversion: 1.36 [pid: 7|app: 0|req: 529/1066] 10.0.0.26 () {34 vars in 1010 bytes} [Tue Aug 11 09:38:28 2026] GET /allocation_candidates?limit=1000&resources=DISK_GB%3A1%2CMEMORY_MB%3A512%2CVCPU%3A1&root_required=%21COMPUTE_STATUS_DISABLED => generated 2783 bytes in 48 msecs (HTTP/1.1 200) 8 headers in 297 bytes (1 switches on core 0)
2026-08-11 09:38:28.645 8 INFO placement.requestlog [req-32d991a3-9527-437b-946f-9ed718ae1ddc req-19df92b2-bf38-43b3-ac24-f2f064e9f057 7174470d2b784304914249083fae6c3f b34d8177a39a4a2c97168cb35d0062b7 - - 62e55b68e2ed498bac27fcec3a3e0b61 62e55b68e2ed498bac27fcec3a3e0b61] 10.0.0.26 "GET /allocations/3d15e254-0dc4-46b0-9576-35fe26f19e19" status: 200 len: 19 microversion: 1.28 [pid: 8|app: 0|req: 538/1067] 10.0.0.26 () {34 vars in 859 bytes} [Tue Aug 11 09:38:28 2026] GET /allocations/3d15e254-0dc4-46b0-9576-35fe26f19e19 => generated 19 bytes in 10 msecs (HTTP/1.1 200) 8 headers in 295 bytes (1 switches on core 0)
2026-08-11 09:38:28.700 7 INFO placement.requestlog [req-32d991a3-9527-437b-946f-9ed718ae1ddc req-713a2393-6041-4e44-8084-ed2c4098d440 7174470d2b784304914249083fae6c3f b34d8177a39a4a2c97168cb35d0062b7 - - 62e55b68e2ed498bac27fcec3a3e0b61 62e55b68e2ed498bac27fcec3a3e0b61] 10.0.0.26 "PUT /allocations/3d15e254-0dc4-46b0-9576-35fe26f19e19" status: 204 len: 0 microversion: 1.36 [pid: 7|app: 0|req: 530/1068] 10.0.0.26 () {38 vars in 912 bytes} [Tue Aug 11 09:38:28 2026] PUT /allocations/3d15e254-0dc4-46b0-9576-35fe26f19e19 => generated 0 bytes in 49 msecs (HTTP/1.1 204) 5 headers in 199 bytes (1 switches on core 0)
2026-08-11 09:38:30.210 8 INFO placement.requestlog [req-32d991a3-9527-437b-946f-9ed718ae1ddc req-db2bcba6-8174-4f1a-ad00-a07a641fba5c 7174470d2b784304914249083fae6c3f b34d8177a39a4a2c97168cb35d0062b7 - - 62e55b68e2ed498bac27fcec3a3e0b61 62e55b68e2ed498bac27fcec3a3e0b61] 199.204.45.162 "GET /allocations/3d15e254-0dc4-46b0-9576-35fe26f19e19" status: 200 len: 258 microversion: 1.28 [pid: 8|app: 0|req: 539/1069] 199.204.45.162 () {34 vars in 862 bytes} [Tue Aug 11 09:38:30 2026] GET /allocations/3d15e254-0dc4-46b0-9576-35fe26f19e19 => generated 258 bytes in 9 msecs (HTTP/1.1 200) 8 headers in 296 bytes (1 switches on core 0)
2026-08-11 09:38:30.286 7 INFO placement.requestlog [None req-0ebd6db6-d3cc-4911-b69a-ea0488a6306d - - - - - -] 10.0.0.8 "GET /" status: 200 len: 136 microversion: 1.0
2026-08-11 09:38:30.287 8 INFO placement.requestlog [None req-42246c83-0cb7-477e-823e-7205f661b2e9 - - - - - -] 10.0.0.8 "GET /" status: 200 len: 136 microversion: 1.0
2026-08-11 09:38:31.259 7 INFO placement.requestlog [req-32d991a3-9527-437b-946f-9ed718ae1ddc req-d0c96bae-31ae-4f7a-a7bf-ad25ae3b3888 7174470d2b784304914249083fae6c3f b34d8177a39a4a2c97168cb35d0062b7 - - 62e55b68e2ed498bac27fcec3a3e0b61 62e55b68e2ed498bac27fcec3a3e0b61] 199.204.45.162 "GET /resource_providers/1f2d733c-0c82-488e-ba15-480913b81fd1/allocations" status: 200 len: 253 microversion: 1.0 [pid: 7|app: 0|req: 532/1072] 199.204.45.162 () {32 vars in 856 bytes} [Tue Aug 11 09:38:31 2026] GET /resource_providers/1f2d733c-0c82-488e-ba15-480913b81fd1/allocations => generated 253 bytes in 23 msecs (HTTP/1.1 200) 6 headers in 224 bytes (1 switches on core 0)
2026-08-11 09:38:31.279 8 INFO placement.requestlog [req-32d991a3-9527-437b-946f-9ed718ae1ddc req-3e9a280b-4eb5-40ff-ad6a-e66070c05fa4 7174470d2b784304914249083fae6c3f b34d8177a39a4a2c97168cb35d0062b7 - - 62e55b68e2ed498bac27fcec3a3e0b61 62e55b68e2ed498bac27fcec3a3e0b61] 199.204.45.162 "GET /allocations/3d15e254-0dc4-46b0-9576-35fe26f19e19" status: 200 len: 258 microversion: 1.28 [pid: 8|app: 0|req: 541/1073] 199.204.45.162 () {34 vars in 862 bytes} [Tue Aug 11 09:38:31 2026] GET /allocations/3d15e254-0dc4-46b0-9576-35fe26f19e19 => generated 258 bytes in 13 msecs (HTTP/1.1 200) 8 headers in 296 bytes (1 switches on core 0)
2026-08-11 09:38:31.299 7 INFO placement.requestlog [req-32d991a3-9527-437b-946f-9ed718ae1ddc req-4ac95a43-d618-4bd0-b643-9f0af739c706 7174470d2b784304914249083fae6c3f b34d8177a39a4a2c97168cb35d0062b7 - - 62e55b68e2ed498bac27fcec3a3e0b61 62e55b68e2ed498bac27fcec3a3e0b61] 199.204.45.162 "GET /allocations/9d06d82b-8f30-4b43-9ae8-f93da068c439" status: 200 len: 258 microversion: 1.28 [pid: 7|app: 0|req: 533/1074] 199.204.45.162 () {34 vars in 862 bytes} [Tue Aug 11 09:38:31 2026] GET /allocations/9d06d82b-8f30-4b43-9ae8-f93da068c439 => generated 258 bytes in 15 msecs (HTTP/1.1 200) 8 headers in 296 bytes (1 switches on core 0)
2026-08-11 09:38:40.288 8 INFO placement.requestlog [None req-8e299b12-7148-4b6e-a4dd-c00fcd5748c7 - - - - - -] 10.0.0.8 "GET /" status: 200 len: 136 microversion: 1.0
2026-08-11 09:38:40.288 7 INFO placement.requestlog [None req-5cff8508-0afe-4e99-8c2f-ca940daf799a - - - - - -] 10.0.0.8 "GET /" status: 200 len: 136 microversion: 1.0
2026-08-11 09:38:50.286 7 INFO placement.requestlog [None req-495bca42-82a6-4d6f-a56c-72f048596335 - - - - - -] 10.0.0.8 "GET /" status: 200 len: 136 microversion: 1.0
2026-08-11 09:38:50.287 8 INFO placement.requestlog [None req-8f9f43ee-65da-43d2-b4f7-25c1b0252040 - - - - - -] 10.0.0.8 "GET /" status: 200 len: 136 microversion: 1.0
2026-08-11 09:39:00.287 8 INFO placement.requestlog [None req-a9d05f4c-d3e2-4e5e-a960-da844dd91d1f - - - - - -] 10.0.0.8 "GET /" status: 200 len: 136 microversion: 1.0
2026-08-11 09:39:00.289 7 INFO placement.requestlog [None req-73218b7a-fe88-4a21-aede-0017882aa4d1 - - - - - -] 10.0.0.8 "GET /" status: 200 len: 136 microversion: 1.0
2026-08-11 09:39:00.686 8 INFO placement.requestlog [req-34ae7d9e-f164-4324-9b03-28698ca344dd req-c0ba9e9d-75cd-4f4f-bdbf-343e49be8d0d 7174470d2b784304914249083fae6c3f b34d8177a39a4a2c97168cb35d0062b7 - - 62e55b68e2ed498bac27fcec3a3e0b61 62e55b68e2ed498bac27fcec3a3e0b61] 199.204.45.162 "GET /resource_providers/1f2d733c-0c82-488e-ba15-480913b81fd1/allocations" status: 200 len: 253 microversion: 1.0 [pid: 8|app: 0|req: 545/1081] 199.204.45.162 () {32 vars in 856 bytes} [Tue Aug 11 09:39:00 2026] GET /resource_providers/1f2d733c-0c82-488e-ba15-480913b81fd1/allocations => generated 253 bytes in 15 msecs (HTTP/1.1 200) 6 headers in 224 bytes (1 switches on core 0)
2026-08-11 09:39:00.706 7 INFO placement.requestlog [req-34ae7d9e-f164-4324-9b03-28698ca344dd req-3604abea-d943-4a00-b31a-3751653c0ff4 7174470d2b784304914249083fae6c3f b34d8177a39a4a2c97168cb35d0062b7 - - 62e55b68e2ed498bac27fcec3a3e0b61 62e55b68e2ed498bac27fcec3a3e0b61] 199.204.45.162 "GET /resource_providers/1f2d733c-0c82-488e-ba15-480913b81fd1/allocations" status: 200 len: 253 microversion: 1.0 [pid: 7|app: 0|req: 537/1082] 199.204.45.162 () {32 vars in 856 bytes} [Tue Aug 11 09:39:00 2026] GET /resource_providers/1f2d733c-0c82-488e-ba15-480913b81fd1/allocations => generated 253 bytes in 13 msecs (HTTP/1.1 200) 6 headers in 224 bytes (1 switches on core 0)
2026-08-11 09:39:00.724 8 INFO placement.requestlog [req-34ae7d9e-f164-4324-9b03-28698ca344dd req-f94751dd-26ab-4d55-8d60-a2301a5054c9 7174470d2b784304914249083fae6c3f b34d8177a39a4a2c97168cb35d0062b7 - - 62e55b68e2ed498bac27fcec3a3e0b61 62e55b68e2ed498bac27fcec3a3e0b61] 199.204.45.162 "GET /allocations/3d15e254-0dc4-46b0-9576-35fe26f19e19" status: 200 len: 258 microversion: 1.28 [pid: 8|app: 0|req: 546/1083] 199.204.45.162 () {34 vars in 862 bytes} [Tue Aug 11 09:39:00 2026] GET /allocations/3d15e254-0dc4-46b0-9576-35fe26f19e19 => generated 258 bytes in 12 msecs (HTTP/1.1 200) 8 headers in 296 bytes (1 switches on core 0)
2026-08-11 09:39:00.743 7 INFO placement.requestlog [req-34ae7d9e-f164-4324-9b03-28698ca344dd req-64abc4e7-ea15-4737-80c0-a8198deb2ddd 7174470d2b784304914249083fae6c3f b34d8177a39a4a2c97168cb35d0062b7 - - 62e55b68e2ed498bac27fcec3a3e0b61 62e55b68e2ed498bac27fcec3a3e0b61] 199.204.45.162 "GET /allocations/9d06d82b-8f30-4b43-9ae8-f93da068c439" status: 200 len: 258 microversion: 1.28 [pid: 7|app: 0|req: 538/1084] 199.204.45.162 () {34 vars in 862 bytes} [Tue Aug 11 09:39:00 2026] GET /allocations/9d06d82b-8f30-4b43-9ae8-f93da068c439 => generated 258 bytes in 12 msecs (HTTP/1.1 200) 8 headers in 296 bytes (1 switches on core 0)
2026-08-11 09:39:09.505 8 INFO placement.requestlog [req-2232c32c-8550-4f97-bb79-101038f6501c req-7a7d5e4a-3213-49bd-95db-4be4e7e427c1 7174470d2b784304914249083fae6c3f b34d8177a39a4a2c97168cb35d0062b7 - - 62e55b68e2ed498bac27fcec3a3e0b61 62e55b68e2ed498bac27fcec3a3e0b61] 10.0.0.26 "GET /allocation_candidates?limit=1000&resources=MEMORY_MB%3A2048%2CVCPU%3A2&root_required=%21COMPUTE_STATUS_DISABLED" status: 200 len: 2771 microversion: 1.36 [pid: 8|app: 0|req: 547/1085] 10.0.0.26 () {34 vars in 984 bytes} [Tue Aug 11 09:39:09 2026] GET /allocation_candidates?limit=1000&resources=MEMORY_MB%3A2048%2CVCPU%3A2&root_required=%21COMPUTE_STATUS_DISABLED => generated 2771 bytes in 47 msecs (HTTP/1.1 200) 8 headers in 297 bytes (1 switches on core 0)
2026-08-11 09:39:09.544 7 INFO placement.requestlog [req-2232c32c-8550-4f97-bb79-101038f6501c req-80d07b09-a9db-4e0e-bf44-5667ed8e076d 7174470d2b784304914249083fae6c3f b34d8177a39a4a2c97168cb35d0062b7 - - 62e55b68e2ed498bac27fcec3a3e0b61 62e55b68e2ed498bac27fcec3a3e0b61] 10.0.0.26 "GET /allocations/881e5625-9e7b-410e-be3d-0962f9ad2d84" status: 200 len: 19 microversion: 1.28 [pid: 7|app: 0|req: 539/1086] 10.0.0.26 () {34 vars in 859 bytes} [Tue Aug 11 09:39:09 2026] GET /allocations/881e5625-9e7b-410e-be3d-0962f9ad2d84 => generated 19 bytes in 10 msecs (HTTP/1.1 200) 8 headers in 295 bytes (1 switches on core 0)
2026-08-11 09:39:09.618 8 INFO placement.requestlog [req-2232c32c-8550-4f97-bb79-101038f6501c req-3bff4d56-1e2c-4a5f-97e6-072d23a37afc 7174470d2b784304914249083fae6c3f b34d8177a39a4a2c97168cb35d0062b7 - - 62e55b68e2ed498bac27fcec3a3e0b61 62e55b68e2ed498bac27fcec3a3e0b61] 10.0.0.26 "PUT /allocations/881e5625-9e7b-410e-be3d-0962f9ad2d84" status: 204 len: 0 microversion: 1.36 [pid: 8|app: 0|req: 548/1087] 10.0.0.26 () {38 vars in 912 bytes} [Tue Aug 11 09:39:09 2026] PUT /allocations/881e5625-9e7b-410e-be3d-0962f9ad2d84 => generated 0 bytes in 66 msecs (HTTP/1.1 204) 5 headers in 199 bytes (1 switches on core 0)
2026-08-11 09:39:10.287 7 INFO placement.requestlog [None req-33f7c638-a5d1-4328-82c7-85782eb0ad22 - - - - - -] 10.0.0.8 "GET /" status: 200 len: 136 microversion: 1.0
2026-08-11 09:39:10.287 8 INFO placement.requestlog [None req-2c3ad04a-cfb6-430d-adba-061e316839d0 - - - - - -] 10.0.0.8 "GET /" status: 200 len: 136 microversion: 1.0
2026-08-11 09:39:11.119 7 INFO placement.requestlog [req-2232c32c-8550-4f97-bb79-101038f6501c req-7bc07b1c-520f-4ded-9447-e0d799024a4d 7174470d2b784304914249083fae6c3f b34d8177a39a4a2c97168cb35d0062b7 - - 62e55b68e2ed498bac27fcec3a3e0b61 62e55b68e2ed498bac27fcec3a3e0b61] 199.204.45.162 "GET /allocations/881e5625-9e7b-410e-be3d-0962f9ad2d84" status: 200 len: 245 microversion: 1.28 [pid: 7|app: 0|req: 541/1090] 199.204.45.162 () {34 vars in 862 bytes} [Tue Aug 11 09:39:11 2026] GET /allocations/881e5625-9e7b-410e-be3d-0962f9ad2d84 => generated 245 bytes in 13 msecs (HTTP/1.1 200) 8 headers in 296 bytes (1 switches on core 0)
2026-08-11 09:39:12.166 8 INFO placement.requestlog [req-2232c32c-8550-4f97-bb79-101038f6501c req-af85e191-fb5b-4746-8f4a-88e3e56e4c73 7174470d2b784304914249083fae6c3f b34d8177a39a4a2c97168cb35d0062b7 - - 62e55b68e2ed498bac27fcec3a3e0b61 62e55b68e2ed498bac27fcec3a3e0b61] 199.204.45.162 "GET /resource_providers/1f2d733c-0c82-488e-ba15-480913b81fd1/allocations" status: 200 len: 340 microversion: 1.0 [pid: 8|app: 0|req: 550/1091] 199.204.45.162 () {32 vars in 856 bytes} [Tue Aug 11 09:39:12 2026] GET /resource_providers/1f2d733c-0c82-488e-ba15-480913b81fd1/allocations => generated 340 bytes in 19 msecs (HTTP/1.1 200) 6 headers in 224 bytes (1 switches on core 0)
2026-08-11 09:39:12.186 7 INFO placement.requestlog [req-2232c32c-8550-4f97-bb79-101038f6501c req-9a071877-124f-4447-880c-e9b5edc7596e 7174470d2b784304914249083fae6c3f b34d8177a39a4a2c97168cb35d0062b7 - - 62e55b68e2ed498bac27fcec3a3e0b61 62e55b68e2ed498bac27fcec3a3e0b61] 199.204.45.162 "GET /allocations/3d15e254-0dc4-46b0-9576-35fe26f19e19" status: 200 len: 258 microversion: 1.28 [pid: 7|app: 0|req: 542/1092] 199.204.45.162 () {34 vars in 862 bytes} [Tue Aug 11 09:39:12 2026] GET /allocations/3d15e254-0dc4-46b0-9576-35fe26f19e19 => generated 258 bytes in 16 msecs (HTTP/1.1 200) 8 headers in 296 bytes (1 switches on core 0)
2026-08-11 09:39:12.204 8 INFO placement.requestlog [req-2232c32c-8550-4f97-bb79-101038f6501c req-be4d6d6c-d24a-4596-8625-72ee742feed2 7174470d2b784304914249083fae6c3f b34d8177a39a4a2c97168cb35d0062b7 - - 62e55b68e2ed498bac27fcec3a3e0b61 62e55b68e2ed498bac27fcec3a3e0b61] 199.204.45.162 "GET /allocations/9d06d82b-8f30-4b43-9ae8-f93da068c439" status: 200 len: 258 microversion: 1.28 [pid: 8|app: 0|req: 551/1093] 199.204.45.162 () {34 vars in 862 bytes} [Tue Aug 11 09:39:12 2026] GET /allocations/9d06d82b-8f30-4b43-9ae8-f93da068c439 => generated 258 bytes in 12 msecs (HTTP/1.1 200) 8 headers in 296 bytes (1 switches on core 0)
2026-08-11 09:39:12.226 7 INFO placement.requestlog [req-2232c32c-8550-4f97-bb79-101038f6501c req-98b24793-c1ac-4fa4-b473-2db5d2b6f935 7174470d2b784304914249083fae6c3f b34d8177a39a4a2c97168cb35d0062b7 - - 62e55b68e2ed498bac27fcec3a3e0b61 62e55b68e2ed498bac27fcec3a3e0b61] 199.204.45.162 "GET /allocations/881e5625-9e7b-410e-be3d-0962f9ad2d84" status: 200 len: 245 microversion: 1.28 [pid: 7|app: 0|req: 543/1094] 199.204.45.162 () {34 vars in 862 bytes} [Tue Aug 11 09:39:12 2026] GET /allocations/881e5625-9e7b-410e-be3d-0962f9ad2d84 => generated 245 bytes in 15 msecs (HTTP/1.1 200) 8 headers in 296 bytes (1 switches on core 0)
2026-08-11 09:39:20.287 7 INFO placement.requestlog [None req-2afc97ea-9bbb-41be-9dcb-182e65e39352 - - - - - -] 10.0.0.8 "GET /" status: 200 len: 136 microversion: 1.0
2026-08-11 09:39:20.287 8 INFO placement.requestlog [None req-4c9bbbdc-11ee-45d5-af3d-8f88b5dcaee3 - - - - - -] 10.0.0.8 "GET /" status: 200 len: 136 microversion: 1.0
2026-08-11 09:39:30.288 7 INFO placement.requestlog [None req-7ff08052-1e7a-4455-a240-0d0fa7427a77 - - - - - -] 10.0.0.8 "GET /" status: 200 len: 136 microversion: 1.0
2026-08-11 09:39:30.291 8 INFO placement.requestlog [None req-89f15594-6272-4138-a65b-b3cd8361ee74 - - - - - -] 10.0.0.8 "GET /" status: 200 len: 136 microversion: 1.0
2026-08-11 09:39:40.287 8 INFO placement.requestlog [None req-2ddbacf6-fcf9-444e-a703-53a9da2e13af - - - - - -] 10.0.0.8 "GET /" status: 200 len: 136 microversion: 1.0
2026-08-11 09:39:40.287 7 INFO placement.requestlog [None req-d612c0dc-17fe-4510-8030-537e5e55d44c - - - - - -] 10.0.0.8 "GET /" status: 200 len: 136 microversion: 1.0
2026-08-11 09:39:50.287 8 INFO placement.requestlog [None req-40dfbbda-f136-441b-a9a9-62214f7b3b0b - - - - - -] 10.0.0.8 "GET /" status: 200 len: 136 microversion: 1.0
2026-08-11 09:39:50.287 7 INFO placement.requestlog [None req-20037e5e-0ee5-4a1e-a2cf-9cfacf503958 - - - - - -] 10.0.0.8 "GET /" status: 200 len: 136 microversion: 1.0
2026-08-11 09:40:00.286 7 INFO placement.requestlog [None req-b7865a58-0dbe-47a5-ad37-0140dd5ae73b - - - - - -] 10.0.0.8 "GET /" status: 200 len: 136 microversion: 1.0
2026-08-11 09:40:00.286 8 INFO placement.requestlog [None req-d07f1455-3e70-454a-b414-e334233ee4ab - - - - - -] 10.0.0.8 "GET /" status: 200 len: 136 microversion: 1.0
2026-08-11 09:40:02.576 7 INFO placement.requestlog [req-63264288-eb79-400f-8c82-b9abe27a098a req-f19f1d18-f114-4975-80b2-82053c89e1a5 7174470d2b784304914249083fae6c3f b34d8177a39a4a2c97168cb35d0062b7 - - 62e55b68e2ed498bac27fcec3a3e0b61 62e55b68e2ed498bac27fcec3a3e0b61] 199.204.45.162 "GET /resource_providers/1f2d733c-0c82-488e-ba15-480913b81fd1/allocations" status: 200 len: 340 microversion: 1.0 [pid: 7|app: 0|req: 549/1105] 199.204.45.162 () {32 vars in 856 bytes} [Tue Aug 11 09:40:02 2026] GET /resource_providers/1f2d733c-0c82-488e-ba15-480913b81fd1/allocations => generated 340 bytes in 20 msecs (HTTP/1.1 200) 6 headers in 224 bytes (1 switches on core 0)
2026-08-11 09:40:02.608 8 INFO placement.requestlog [req-63264288-eb79-400f-8c82-b9abe27a098a req-2d2f31de-1012-4fd1-8b45-de6f519a95cd 7174470d2b784304914249083fae6c3f b34d8177a39a4a2c97168cb35d0062b7 - - 62e55b68e2ed498bac27fcec3a3e0b61 62e55b68e2ed498bac27fcec3a3e0b61] 199.204.45.162 "GET /resource_providers/1f2d733c-0c82-488e-ba15-480913b81fd1/allocations" status: 200 len: 340 microversion: 1.0 [pid: 8|app: 0|req: 557/1106] 199.204.45.162 () {32 vars in 856 bytes} [Tue Aug 11 09:40:02 2026] GET /resource_providers/1f2d733c-0c82-488e-ba15-480913b81fd1/allocations => generated 340 bytes in 24 msecs (HTTP/1.1 200) 6 headers in 224 bytes (1 switches on core 0)
2026-08-11 09:40:02.631 7 INFO placement.requestlog [req-63264288-eb79-400f-8c82-b9abe27a098a req-14fe2f51-856d-4e88-aa82-fb50bf4c948f 7174470d2b784304914249083fae6c3f b34d8177a39a4a2c97168cb35d0062b7 - - 62e55b68e2ed498bac27fcec3a3e0b61 62e55b68e2ed498bac27fcec3a3e0b61] 199.204.45.162 "GET /allocations/3d15e254-0dc4-46b0-9576-35fe26f19e19" status: 200 len: 258 microversion: 1.28 [pid: 7|app: 0|req: 550/1107] 199.204.45.162 () {34 vars in 862 bytes} [Tue Aug 11 09:40:02 2026] GET /allocations/3d15e254-0dc4-46b0-9576-35fe26f19e19 => generated 258 bytes in 18 msecs (HTTP/1.1 200) 8 headers in 296 bytes (1 switches on core 0)
2026-08-11 09:40:02.647 8 INFO placement.requestlog [req-63264288-eb79-400f-8c82-b9abe27a098a req-a9f766e9-b487-416d-b830-a16b77a88261 7174470d2b784304914249083fae6c3f b34d8177a39a4a2c97168cb35d0062b7 - - 62e55b68e2ed498bac27fcec3a3e0b61 62e55b68e2ed498bac27fcec3a3e0b61] 199.204.45.162 "GET /allocations/9d06d82b-8f30-4b43-9ae8-f93da068c439" status: 200 len: 258 microversion: 1.28 [pid: 8|app: 0|req: 558/1108] 199.204.45.162 () {34 vars in 862 bytes} [Tue Aug 11 09:40:02 2026] GET /allocations/9d06d82b-8f30-4b43-9ae8-f93da068c439 => generated 258 bytes in 11 msecs (HTTP/1.1 200) 8 headers in 296 bytes (1 switches on core 0)
2026-08-11 09:40:02.667 7 INFO placement.requestlog [req-63264288-eb79-400f-8c82-b9abe27a098a req-3f14d945-c774-4f39-a3d7-2a86bd15e30a 7174470d2b784304914249083fae6c3f b34d8177a39a4a2c97168cb35d0062b7 - - 62e55b68e2ed498bac27fcec3a3e0b61 62e55b68e2ed498bac27fcec3a3e0b61] 199.204.45.162 "GET /allocations/881e5625-9e7b-410e-be3d-0962f9ad2d84" status: 200 len: 245 microversion: 1.28 [pid: 7|app: 0|req: 551/1109] 199.204.45.162 () {34 vars in 862 bytes} [Tue Aug 11 09:40:02 2026] GET /allocations/881e5625-9e7b-410e-be3d-0962f9ad2d84 => generated 245 bytes in 12 msecs (HTTP/1.1 200) 8 headers in 296 bytes (1 switches on core 0)
2026-08-11 09:40:10.287 8 INFO placement.requestlog [None req-4947f6af-fdd7-4d31-98fb-5a47bab54650 - - - - - -] 10.0.0.8 "GET /" status: 200 len: 136 microversion: 1.0
2026-08-11 09:40:10.287 7 INFO placement.requestlog [None req-0f364035-4d96-4a54-baba-8d20466d6588 - - - - - -] 10.0.0.8 "GET /" status: 200 len: 136 microversion: 1.0
2026-08-11 09:40:20.287 8 INFO placement.requestlog [None req-f596d025-6646-4370-8865-3784d4099d27 - - - - - -] 10.0.0.8 "GET /" status: 200 len: 136 microversion: 1.0
2026-08-11 09:40:20.288 7 INFO placement.requestlog [None req-a8972adc-235a-4988-b89b-e85885533cd2 - - - - - -] 10.0.0.8 "GET /" status: 200 len: 136 microversion: 1.0
2026-08-11 09:40:30.287 8 INFO placement.requestlog [None req-bbe4ee64-56ea-492c-90db-944bda6915ed - - - - - -] 10.0.0.8 "GET /" status: 200 len: 136 microversion: 1.0
2026-08-11 09:40:30.289 7 INFO placement.requestlog [None req-d4e1e826-723b-40b6-abeb-ddbdb1719610 - - - - - -] 10.0.0.8 "GET /" status: 200 len: 136 microversion: 1.0
2026-08-11 09:40:40.287 8 INFO placement.requestlog [None req-a8b32293-51ec-4f4a-a0da-0e884cef2585 - - - - - -] 10.0.0.8 "GET /" status: 200 len: 136 microversion: 1.0
2026-08-11 09:40:40.288 7 INFO placement.requestlog [None req-d7ebeb95-3603-4c55-98eb-65df2fd7aa52 - - - - - -] 10.0.0.8 "GET /" status: 200 len: 136 microversion: 1.0
2026-08-11 09:40:50.286 8 INFO placement.requestlog [None req-07cb1d50-b487-4646-82a7-8ca9e469ee3e - - - - - -] 10.0.0.8 "GET /" status: 200 len: 136 microversion: 1.0
2026-08-11 09:40:50.289 7 INFO placement.requestlog [None req-5751f53c-da48-4877-b675-cd7785e65dde - - - - - -] 10.0.0.8 "GET /" status: 200 len: 136 microversion: 1.0
2026-08-11 09:41:00.286 8 INFO placement.requestlog [None req-41fe61ff-5331-4eca-b058-ef52f1fb99ab - - - - - -] 10.0.0.8 "GET /" status: 200 len: 136 microversion: 1.0
2026-08-11 09:41:00.287 7 INFO placement.requestlog [None req-1a620d14-cd07-4970-b6b8-8076d2930937 - - - - - -] 10.0.0.8 "GET /" status: 200 len: 136 microversion: 1.0
2026-08-11 09:41:04.525 8 INFO placement.requestlog [req-ff0a5d45-37b6-4520-8d56-ba5348a4b958 req-f9027d73-d5ea-4c8f-b912-11b1f99e7b46 7174470d2b784304914249083fae6c3f b34d8177a39a4a2c97168cb35d0062b7 - - 62e55b68e2ed498bac27fcec3a3e0b61 62e55b68e2ed498bac27fcec3a3e0b61] 199.204.45.162 "GET /resource_providers/1f2d733c-0c82-488e-ba15-480913b81fd1/allocations" status: 200 len: 340 microversion: 1.0 [pid: 8|app: 0|req: 565/1122] 199.204.45.162 () {32 vars in 856 bytes} [Tue Aug 11 09:41:04 2026] GET /resource_providers/1f2d733c-0c82-488e-ba15-480913b81fd1/allocations => generated 340 bytes in 17 msecs (HTTP/1.1 200) 6 headers in 224 bytes (1 switches on core 0)
2026-08-11 09:41:04.562 7 INFO placement.requestlog [req-ff0a5d45-37b6-4520-8d56-ba5348a4b958 req-d6115584-fecc-4ae1-9907-a0bbab31c9da 7174470d2b784304914249083fae6c3f b34d8177a39a4a2c97168cb35d0062b7 - - 62e55b68e2ed498bac27fcec3a3e0b61 62e55b68e2ed498bac27fcec3a3e0b61] 199.204.45.162 "GET /resource_providers/1f2d733c-0c82-488e-ba15-480913b81fd1/allocations" status: 200 len: 340 microversion: 1.0 [pid: 7|app: 0|req: 558/1123] 199.204.45.162 () {32 vars in 856 bytes} [Tue Aug 11 09:41:04 2026] GET /resource_providers/1f2d733c-0c82-488e-ba15-480913b81fd1/allocations => generated 340 bytes in 31 msecs (HTTP/1.1 200) 6 headers in 224 bytes (1 switches on core 0)
2026-08-11 09:41:04.580 8 INFO placement.requestlog [req-ff0a5d45-37b6-4520-8d56-ba5348a4b958 req-de707ea3-a0ab-410a-bcfc-263fb0767b98 7174470d2b784304914249083fae6c3f b34d8177a39a4a2c97168cb35d0062b7 - - 62e55b68e2ed498bac27fcec3a3e0b61 62e55b68e2ed498bac27fcec3a3e0b61] 199.204.45.162 "GET /allocations/3d15e254-0dc4-46b0-9576-35fe26f19e19" status: 200 len: 258 microversion: 1.28 [pid: 8|app: 0|req: 566/1124] 199.204.45.162 () {34 vars in 862 bytes} [Tue Aug 11 09:41:04 2026] GET /allocations/3d15e254-0dc4-46b0-9576-35fe26f19e19 => generated 258 bytes in 13 msecs (HTTP/1.1 200) 8 headers in 296 bytes (1 switches on core 0)
2026-08-11 09:41:04.600 7 INFO placement.requestlog [req-ff0a5d45-37b6-4520-8d56-ba5348a4b958 req-1279ed9a-0232-42da-a3fc-83520d53827b 7174470d2b784304914249083fae6c3f b34d8177a39a4a2c97168cb35d0062b7 - - 62e55b68e2ed498bac27fcec3a3e0b61 62e55b68e2ed498bac27fcec3a3e0b61] 199.204.45.162 "GET /allocations/9d06d82b-8f30-4b43-9ae8-f93da068c439" status: 200 len: 258 microversion: 1.28 [pid: 7|app: 0|req: 559/1125] 199.204.45.162 () {34 vars in 862 bytes} [Tue Aug 11 09:41:04 2026] GET /allocations/9d06d82b-8f30-4b43-9ae8-f93da068c439 => generated 258 bytes in 14 msecs (HTTP/1.1 200) 8 headers in 296 bytes (1 switches on core 0)
2026-08-11 09:41:04.620 8 INFO placement.requestlog [req-ff0a5d45-37b6-4520-8d56-ba5348a4b958 req-e8cd7107-bc59-49cc-8481-99218fd96f34 7174470d2b784304914249083fae6c3f b34d8177a39a4a2c97168cb35d0062b7 - - 62e55b68e2ed498bac27fcec3a3e0b61 62e55b68e2ed498bac27fcec3a3e0b61] 199.204.45.162 "GET /allocations/881e5625-9e7b-410e-be3d-0962f9ad2d84" status: 200 len: 245 microversion: 1.28 [pid: 8|app: 0|req: 567/1126] 199.204.45.162 () {34 vars in 862 bytes} [Tue Aug 11 09:41:04 2026] GET /allocations/881e5625-9e7b-410e-be3d-0962f9ad2d84 => generated 245 bytes in 12 msecs (HTTP/1.1 200) 8 headers in 296 bytes (1 switches on core 0)
2026-08-11 09:41:10.287 7 INFO placement.requestlog [None req-da22eb39-fb9b-47dd-99e8-3a2f7e560dee - - - - - -] 10.0.0.8 "GET /" status: 200 len: 136 microversion: 1.0
2026-08-11 09:41:10.287 8 INFO placement.requestlog [None req-4e247a19-16f4-4b68-a9ce-70f4345c29ae - - - - - -] 10.0.0.8 "GET /" status: 200 len: 136 microversion: 1.0
2026-08-11 09:41:20.287 7 INFO placement.requestlog [None req-04508ae9-17aa-4291-8c88-4ae832e6db86 - - - - - -] 10.0.0.8 "GET /" status: 200 len: 136 microversion: 1.0
2026-08-11 09:41:20.287 8 INFO placement.requestlog [None req-97bafda8-7ebf-459a-8303-39be1d17515f - - - - - -] 10.0.0.8 "GET /" status: 200 len: 136 microversion: 1.0
2026-08-11 09:41:30.286 7 INFO placement.requestlog [None req-1f3fb2d3-7071-42a2-bf4b-5a7450cc3526 - - - - - -] 10.0.0.8 "GET /" status: 200 len: 136 microversion: 1.0
2026-08-11 09:41:30.287 8 INFO placement.requestlog [None req-85a60de2-fa2b-43a1-877d-6e8e5cd8b6e4 - - - - - -] 10.0.0.8 "GET /" status: 200 len: 136 microversion: 1.0
2026-08-11 09:41:40.286 7 INFO placement.requestlog [None req-e57d5d50-1e6a-43e9-a3e8-406958e5d81e - - - - - -] 10.0.0.8 "GET /" status: 200 len: 136 microversion: 1.0
2026-08-11 09:41:40.287 8 INFO placement.requestlog [None req-d61818a5-d4af-4615-b5b4-8a7fa6174b12 - - - - - -] 10.0.0.8 "GET /" status: 200 len: 136 microversion: 1.0
2026-08-11 09:41:50.286 7 INFO placement.requestlog [None req-48075350-5280-4c3c-8c2a-2b5fe50c02d1 - - - - - -] 10.0.0.8 "GET /" status: 200 len: 136 microversion: 1.0
2026-08-11 09:41:50.287 8 INFO placement.requestlog [None req-252c277c-3cea-419f-b971-b19a74141e84 - - - - - -] 10.0.0.8 "GET /" status: 200 len: 136 microversion: 1.0
2026-08-11 09:41:59.287 8 INFO placement.requestlog [req-827b40e2-218c-4868-a723-2dfff99c6cab req-6b2dafa1-49be-404c-8438-cf7ea50569ef 7174470d2b784304914249083fae6c3f b34d8177a39a4a2c97168cb35d0062b7 - - 62e55b68e2ed498bac27fcec3a3e0b61 62e55b68e2ed498bac27fcec3a3e0b61] 199.204.45.162 "GET /resource_providers?in_tree=1f2d733c-0c82-488e-ba15-480913b81fd1" status: 200 len: 798 microversion: 1.14 [pid: 8|app: 0|req: 573/1137] 199.204.45.162 () {34 vars in 891 bytes} [Tue Aug 11 09:41:59 2026] GET /resource_providers?in_tree=1f2d733c-0c82-488e-ba15-480913b81fd1 => generated 798 bytes in 156 msecs (HTTP/1.1 200) 6 headers in 225 bytes (1 switches on core 0)
2026-08-11 09:41:59.316 7 INFO placement.requestlog [req-827b40e2-218c-4868-a723-2dfff99c6cab req-f633eccf-9747-45d7-847f-790e6d3aab09 7174470d2b784304914249083fae6c3f b34d8177a39a4a2c97168cb35d0062b7 - - 62e55b68e2ed498bac27fcec3a3e0b61 62e55b68e2ed498bac27fcec3a3e0b61] 199.204.45.162 "GET /resource_providers/1f2d733c-0c82-488e-ba15-480913b81fd1/inventories" status: 200 len: 401 microversion: 1.0 [pid: 7|app: 0|req: 565/1138] 199.204.45.162 () {32 vars in 856 bytes} [Tue Aug 11 09:41:59 2026] GET /resource_providers/1f2d733c-0c82-488e-ba15-480913b81fd1/inventories => generated 401 bytes in 23 msecs (HTTP/1.1 200) 6 headers in 224 bytes (1 switches on core 0)
2026-08-11 09:41:59.337 8 INFO placement.requestlog [req-827b40e2-218c-4868-a723-2dfff99c6cab req-93e40e09-4202-48cf-b108-51f125f9818a 7174470d2b784304914249083fae6c3f b34d8177a39a4a2c97168cb35d0062b7 - - 62e55b68e2ed498bac27fcec3a3e0b61 62e55b68e2ed498bac27fcec3a3e0b61] 199.204.45.162 "GET /resource_providers/1f2d733c-0c82-488e-ba15-480913b81fd1/aggregates" status: 200 len: 54 microversion: 1.19 [pid: 8|app: 0|req: 574/1139] 199.204.45.162 () {34 vars in 898 bytes} [Tue Aug 11 09:41:59 2026] GET /resource_providers/1f2d733c-0c82-488e-ba15-480913b81fd1/aggregates => generated 54 bytes in 13 msecs (HTTP/1.1 200) 8 headers in 295 bytes (1 switches on core 0)
2026-08-11 09:41:59.364 7 INFO placement.requestlog [req-827b40e2-218c-4868-a723-2dfff99c6cab req-87ca25f8-2562-4995-af15-0647d0272850 7174470d2b784304914249083fae6c3f b34d8177a39a4a2c97168cb35d0062b7 - - 62e55b68e2ed498bac27fcec3a3e0b61 62e55b68e2ed498bac27fcec3a3e0b61] 199.204.45.162 "GET /resource_providers/1f2d733c-0c82-488e-ba15-480913b81fd1/traits" status: 200 len: 2317 microversion: 1.6 [pid: 7|app: 0|req: 566/1140] 199.204.45.162 () {34 vars in 889 bytes} [Tue Aug 11 09:41:59 2026] GET /resource_providers/1f2d733c-0c82-488e-ba15-480913b81fd1/traits => generated 2317 bytes in 22 msecs (HTTP/1.1 200) 6 headers in 225 bytes (1 switches on core 0)
2026-08-11 09:41:59.393 8 INFO placement.requestlog [req-827b40e2-218c-4868-a723-2dfff99c6cab req-8bae3127-bb09-4b34-a6eb-cfe33cb04589 7174470d2b784304914249083fae6c3f b34d8177a39a4a2c97168cb35d0062b7 - - 62e55b68e2ed498bac27fcec3a3e0b61 62e55b68e2ed498bac27fcec3a3e0b61] 199.204.45.162 "GET /resource_providers/1f2d733c-0c82-488e-ba15-480913b81fd1/allocations" status: 200 len: 340 microversion: 1.0 [pid: 8|app: 0|req: 575/1141] 199.204.45.162 () {32 vars in 856 bytes} [Tue Aug 11 09:41:59 2026] GET /resource_providers/1f2d733c-0c82-488e-ba15-480913b81fd1/allocations => generated 340 bytes in 20 msecs (HTTP/1.1 200) 6 headers in 224 bytes (1 switches on core 0)
2026-08-11 09:41:59.416 7 INFO placement.requestlog [req-827b40e2-218c-4868-a723-2dfff99c6cab req-fe42d9f6-080e-4d02-a707-d3de5a4919bd 7174470d2b784304914249083fae6c3f b34d8177a39a4a2c97168cb35d0062b7 - - 62e55b68e2ed498bac27fcec3a3e0b61 62e55b68e2ed498bac27fcec3a3e0b61] 199.204.45.162 "GET /allocations/3d15e254-0dc4-46b0-9576-35fe26f19e19" status: 200 len: 258 microversion: 1.28 [pid: 7|app: 0|req: 567/1142] 199.204.45.162 () {34 vars in 862 bytes} [Tue Aug 11 09:41:59 2026] GET /allocations/3d15e254-0dc4-46b0-9576-35fe26f19e19 => generated 258 bytes in 17 msecs (HTTP/1.1 200) 8 headers in 296 bytes (1 switches on core 0)
2026-08-11 09:41:59.434 8 INFO placement.requestlog [req-827b40e2-218c-4868-a723-2dfff99c6cab req-2bc9144c-c1c5-40fb-bcfc-f46dbc2a76f4 7174470d2b784304914249083fae6c3f b34d8177a39a4a2c97168cb35d0062b7 - - 62e55b68e2ed498bac27fcec3a3e0b61 62e55b68e2ed498bac27fcec3a3e0b61] 199.204.45.162 "GET /allocations/9d06d82b-8f30-4b43-9ae8-f93da068c439" status: 200 len: 258 microversion: 1.28 [pid: 8|app: 0|req: 576/1143] 199.204.45.162 () {34 vars in 862 bytes} [Tue Aug 11 09:41:59 2026] GET /allocations/9d06d82b-8f30-4b43-9ae8-f93da068c439 => generated 258 bytes in 11 msecs (HTTP/1.1 200) 8 headers in 296 bytes (1 switches on core 0)
2026-08-11 09:41:59.456 7 INFO placement.requestlog [req-827b40e2-218c-4868-a723-2dfff99c6cab req-97d616f7-f4f0-47e5-a83b-74988bd3366d 7174470d2b784304914249083fae6c3f b34d8177a39a4a2c97168cb35d0062b7 - - 62e55b68e2ed498bac27fcec3a3e0b61 62e55b68e2ed498bac27fcec3a3e0b61] 199.204.45.162 "GET /allocations/881e5625-9e7b-410e-be3d-0962f9ad2d84" status: 200 len: 245 microversion: 1.28 [pid: 7|app: 0|req: 568/1144] 199.204.45.162 () {34 vars in 862 bytes} [Tue Aug 11 09:41:59 2026] GET /allocations/881e5625-9e7b-410e-be3d-0962f9ad2d84 => generated 245 bytes in 13 msecs (HTTP/1.1 200) 8 headers in 296 bytes (1 switches on core 0)
2026-08-11 09:42:00.287 8 INFO placement.requestlog [None req-d92e1ef9-21f2-4728-97dc-e97111415d57 - - - - - -] 10.0.0.8 "GET /" status: 200 len: 136 microversion: 1.0
2026-08-11 09:42:00.287 7 INFO placement.requestlog [None req-8546d28a-ba8e-4a84-ba3f-59031673aae4 - - - - - -] 10.0.0.8 "GET /" status: 200 len: 136 microversion: 1.0
