May 09 09:04:50.080155 np0000173049 devstack@n-api-meta.service[109091]: DEBUG nova.api.openstack.wsgi_app [None req-c0cba83b-a0cc-4cde-aabc-97344938d390 None None] oslo_limit.endpoint_service_name = None {{(pid=109091) log_opt_values /opt/stack/data/venv/lib/python3.12/site-packages/oslo_config/cfg.py:3006}}
May 09 09:04:50.080278 np0000173049 devstack@n-api-meta.service[109091]: DEBUG nova.api.openstack.wsgi_app [None req-c0cba83b-a0cc-4cde-aabc-97344938d390 None None] oslo_limit.endpoint_service_type = None {{(pid=109091) log_opt_values /opt/stack/data/venv/lib/python3.12/site-packages/oslo_config/cfg.py:3006}}
May 09 09:04:50.080401 np0000173049 devstack@n-api-meta.service[109091]: DEBUG nova.api.openstack.wsgi_app [None req-c0cba83b-a0cc-4cde-aabc-97344938d390 None None] oslo_limit.insecure = False {{(pid=109091) log_opt_values /opt/stack/data/venv/lib/python3.12/site-packages/oslo_config/cfg.py:3006}}
May 09 09:04:50.080524 np0000173049 devstack@n-api-meta.service[109091]: DEBUG nova.api.openstack.wsgi_app [None req-c0cba83b-a0cc-4cde-aabc-97344938d390 None None] oslo_limit.keyfile = None {{(pid=109091) log_opt_values /opt/stack/data/venv/lib/python3.12/site-packages/oslo_config/cfg.py:3006}}
May 09 09:04:50.080647 np0000173049 devstack@n-api-meta.service[109091]: DEBUG nova.api.openstack.wsgi_app [None req-c0cba83b-a0cc-4cde-aabc-97344938d390 None None] oslo_limit.max_version = None {{(pid=109091) log_opt_values /opt/stack/data/venv/lib/python3.12/site-packages/oslo_config/cfg.py:3006}}
May 09 09:04:50.080769 np0000173049 devstack@n-api-meta.service[109091]: DEBUG nova.api.openstack.wsgi_app [None req-c0cba83b-a0cc-4cde-aabc-97344938d390 None None] oslo_limit.min_version = None {{(pid=109091) log_opt_values /opt/stack/data/venv/lib/python3.12/site-packages/oslo_config/cfg.py:3006}}
May 09 09:04:50.080891 np0000173049 devstack@n-api-meta.service[109091]: DEBUG nova.api.openstack.wsgi_app [None req-c0cba83b-a0cc-4cde-aabc-97344938d390 None None] oslo_limit.region_name = None {{(pid=109091) log_opt_values /opt/stack/data/venv/lib/python3.12/site-packages/oslo_config/cfg.py:3006}}
May 09 09:04:50.081029 np0000173049 devstack@n-api-meta.service[109091]: DEBUG nova.api.openstack.wsgi_app [None req-c0cba83b-a0cc-4cde-aabc-97344938d390 None None] oslo_limit.retriable_status_codes = None {{(pid=109091) log_opt_values /opt/stack/data/venv/lib/python3.12/site-packages/oslo_config/cfg.py:3006}}
May 09 09:04:50.081150 np0000173049 devstack@n-api-meta.service[109091]: DEBUG nova.api.openstack.wsgi_app [None req-c0cba83b-a0cc-4cde-aabc-97344938d390 None None] oslo_limit.service_name = None {{(pid=109091) log_opt_values /opt/stack/data/venv/lib/python3.12/site-packages/oslo_config/cfg.py:3006}}
May 09 09:04:50.081278 np0000173049 devstack@n-api-meta.service[109091]: DEBUG nova.api.openstack.wsgi_app [None req-c0cba83b-a0cc-4cde-aabc-97344938d390 None None] oslo_limit.service_type = None {{(pid=109091) log_opt_values /opt/stack/data/venv/lib/python3.12/site-packages/oslo_config/cfg.py:3006}}
May 09 09:04:50.081397 np0000173049 devstack@n-api-meta.service[109091]: DEBUG nova.api.openstack.wsgi_app [None req-c0cba83b-a0cc-4cde-aabc-97344938d390 None None] oslo_limit.split_loggers = False {{(pid=109091) log_opt_values /opt/stack/data/venv/lib/python3.12/site-packages/oslo_config/cfg.py:3006}}
May 09 09:04:50.081520 np0000173049 devstack@n-api-meta.service[109091]: DEBUG nova.api.openstack.wsgi_app [None req-c0cba83b-a0cc-4cde-aabc-97344938d390 None None] oslo_limit.status_code_retries = None {{(pid=109091) log_opt_values /opt/stack/data/venv/lib/python3.12/site-packages/oslo_config/cfg.py:3006}}
May 09 09:04:50.081655 np0000173049 devstack@n-api-meta.service[109091]: DEBUG nova.api.openstack.wsgi_app [None req-c0cba83b-a0cc-4cde-aabc-97344938d390 None None] oslo_limit.status_code_retry_delay = None {{(pid=109091) log_opt_values /opt/stack/data/venv/lib/python3.12/site-packages/oslo_config/cfg.py:3006}}
May 09 09:04:50.081767 np0000173049 devstack@n-api-meta.service[109091]: DEBUG nova.api.openstack.wsgi_app [None req-c0cba83b-a0cc-4cde-aabc-97344938d390 None None] oslo_limit.timeout = None {{(pid=109091) log_opt_values /opt/stack/data/venv/lib/python3.12/site-packages/oslo_config/cfg.py:3006}}
May 09 09:04:50.081889 np0000173049 devstack@n-api-meta.service[109091]: DEBUG nova.api.openstack.wsgi_app [None req-c0cba83b-a0cc-4cde-aabc-97344938d390 None None] oslo_limit.valid_interfaces = None {{(pid=109091) log_opt_values /opt/stack/data/venv/lib/python3.12/site-packages/oslo_config/cfg.py:3006}}
May 09 09:04:50.082030 np0000173049 devstack@n-api-meta.service[109091]: DEBUG nova.api.openstack.wsgi_app [None req-c0cba83b-a0cc-4cde-aabc-97344938d390 None None] oslo_limit.version = None {{(pid=109091) log_opt_values /opt/stack/data/venv/lib/python3.12/site-packages/oslo_config/cfg.py:3006}}
May 09 09:04:50.082165 np0000173049 devstack@n-api-meta.service[109091]: DEBUG nova.api.openstack.wsgi_app [None req-c0cba83b-a0cc-4cde-aabc-97344938d390 None None] oslo_messaging_rabbit.amqp_auto_delete = False {{(pid=109091) log_opt_values /opt/stack/data/venv/lib/python3.12/site-packages/oslo_config/cfg.py:3006}}
May 09 09:04:50.082290 np0000173049 devstack@n-api-meta.service[109091]: DEBUG nova.api.openstack.wsgi_app [None req-c0cba83b-a0cc-4cde-aabc-97344938d390 None None] oslo_messaging_rabbit.amqp_durable_queues = False {{(pid=109091) log_opt_values /opt/stack/data/venv/lib/python3.12/site-packages/oslo_config/cfg.py:3006}}
May 09 09:04:50.082415 np0000173049 devstack@n-api-meta.service[109091]: DEBUG nova.api.openstack.wsgi_app [None req-c0cba83b-a0cc-4cde-aabc-97344938d390 None None] oslo_messaging_rabbit.conn_pool_min_size = 2 {{(pid=109091) log_opt_values /opt/stack/data/venv/lib/python3.12/site-packages/oslo_config/cfg.py:3006}}
May 09 09:04:50.082540 np0000173049 devstack@n-api-meta.service[109091]: DEBUG nova.api.openstack.wsgi_app [None req-c0cba83b-a0cc-4cde-aabc-97344938d390 None None] oslo_messaging_rabbit.conn_pool_ttl = 1200 {{(pid=109091) log_opt_values /opt/stack/data/venv/lib/python3.12/site-packages/oslo_config/cfg.py:3006}}
May 09 09:04:50.082665 np0000173049 devstack@n-api-meta.service[109091]: DEBUG nova.api.openstack.wsgi_app [None req-c0cba83b-a0cc-4cde-aabc-97344938d390 None None] oslo_messaging_rabbit.direct_mandatory_flag = True {{(pid=109091) log_opt_values /opt/stack/data/venv/lib/python3.12/site-packages/oslo_config/cfg.py:3006}}
May 09 09:04:50.082789 np0000173049 devstack@n-api-meta.service[109091]: DEBUG nova.api.openstack.wsgi_app [None req-c0cba83b-a0cc-4cde-aabc-97344938d390 None None] oslo_messaging_rabbit.enable_cancel_on_failover = False {{(pid=109091) log_opt_values /opt/stack/data/venv/lib/python3.12/site-packages/oslo_config/cfg.py:3006}}
May 09 09:04:50.082932 np0000173049 devstack@n-api-meta.service[109091]: DEBUG nova.api.openstack.wsgi_app [None req-c0cba83b-a0cc-4cde-aabc-97344938d390 None None] oslo_messaging_rabbit.heartbeat_in_pthread = False {{(pid=109091) log_opt_values /opt/stack/data/venv/lib/python3.12/site-packages/oslo_config/cfg.py:3006}}
May 09 09:04:50.083058 np0000173049 devstack@n-api-meta.service[109091]: DEBUG nova.api.openstack.wsgi_app [None req-c0cba83b-a0cc-4cde-aabc-97344938d390 None None] oslo_messaging_rabbit.heartbeat_rate = 3 {{(pid=109091) log_opt_values /opt/stack/data/venv/lib/python3.12/site-packages/oslo_config/cfg.py:3006}}
May 09 09:04:50.083181 np0000173049 devstack@n-api-meta.service[109091]: DEBUG nova.api.openstack.wsgi_app [None req-c0cba83b-a0cc-4cde-aabc-97344938d390 None None] oslo_messaging_rabbit.heartbeat_timeout_threshold = 60 {{(pid=109091) log_opt_values /opt/stack/data/venv/lib/python3.12/site-packages/oslo_config/cfg.py:3006}}
May 09 09:04:50.083311 np0000173049 devstack@n-api-meta.service[109091]: DEBUG nova.api.openstack.wsgi_app [None req-c0cba83b-a0cc-4cde-aabc-97344938d390 None None] oslo_messaging_rabbit.hostname = np0000173049 {{(pid=109091) log_opt_values /opt/stack/data/venv/lib/python3.12/site-packages/oslo_config/cfg.py:3006}}
May 09 09:04:50.083435 np0000173049 devstack@n-api-meta.service[109091]: DEBUG nova.api.openstack.wsgi_app [None req-c0cba83b-a0cc-4cde-aabc-97344938d390 None None] oslo_messaging_rabbit.kombu_compression = None {{(pid=109091) log_opt_values /opt/stack/data/venv/lib/python3.12/site-packages/oslo_config/cfg.py:3006}}
May 09 09:04:50.083566 np0000173049 devstack@n-api-meta.service[109091]: DEBUG nova.api.openstack.wsgi_app [None req-c0cba83b-a0cc-4cde-aabc-97344938d390 None None] oslo_messaging_rabbit.kombu_failover_strategy = round-robin {{(pid=109091) log_opt_values /opt/stack/data/venv/lib/python3.12/site-packages/oslo_config/cfg.py:3006}}
May 09 09:04:50.083697 np0000173049 devstack@n-api-meta.service[109091]: DEBUG nova.api.openstack.wsgi_app [None req-c0cba83b-a0cc-4cde-aabc-97344938d390 None None] oslo_messaging_rabbit.kombu_missing_consumer_retry_timeout = 60 {{(pid=109091) log_opt_values /opt/stack/data/venv/lib/python3.12/site-packages/oslo_config/cfg.py:3006}}
May 09 09:04:50.083822 np0000173049 devstack@n-api-meta.service[109091]: DEBUG nova.api.openstack.wsgi_app [None req-c0cba83b-a0cc-4cde-aabc-97344938d390 None None] oslo_messaging_rabbit.kombu_reconnect_delay = 1.0 {{(pid=109091) log_opt_values /opt/stack/data/venv/lib/python3.12/site-packages/oslo_config/cfg.py:3006}}
May 09 09:04:50.084002 np0000173049 devstack@n-api-meta.service[109091]: DEBUG nova.api.openstack.wsgi_app [None req-c0cba83b-a0cc-4cde-aabc-97344938d390 None None] oslo_messaging_rabbit.kombu_reconnect_splay = 0.0 {{(pid=109091) log_opt_values /opt/stack/data/venv/lib/python3.12/site-packages/oslo_config/cfg.py:3006}}
May 09 09:04:50.084126 np0000173049 devstack@n-api-meta.service[109091]: DEBUG nova.api.openstack.wsgi_app [None req-c0cba83b-a0cc-4cde-aabc-97344938d390 None None] oslo_messaging_rabbit.processname = uwsgi {{(pid=109091) log_opt_values /opt/stack/data/venv/lib/python3.12/site-packages/oslo_config/cfg.py:3006}}
May 09 09:04:50.084252 np0000173049 devstack@n-api-meta.service[109091]: DEBUG nova.api.openstack.wsgi_app [None req-c0cba83b-a0cc-4cde-aabc-97344938d390 None None] oslo_messaging_rabbit.rabbit_ha_queues = False {{(pid=109091) log_opt_values /opt/stack/data/venv/lib/python3.12/site-packages/oslo_config/cfg.py:3006}}
May 09 09:04:50.084376 np0000173049 devstack@n-api-meta.service[109091]: DEBUG nova.api.openstack.wsgi_app [None req-c0cba83b-a0cc-4cde-aabc-97344938d390 None None] oslo_messaging_rabbit.rabbit_interval_max = 30 {{(pid=109091) log_opt_values /opt/stack/data/venv/lib/python3.12/site-packages/oslo_config/cfg.py:3006}}
May 09 09:04:50.084506 np0000173049 devstack@n-api-meta.service[109091]: DEBUG nova.api.openstack.wsgi_app [None req-c0cba83b-a0cc-4cde-aabc-97344938d390 None None] oslo_messaging_rabbit.rabbit_login_method = AMQPLAIN {{(pid=109091) log_opt_values /opt/stack/data/venv/lib/python3.12/site-packages/oslo_config/cfg.py:3006}}
May 09 09:04:50.084631 np0000173049 devstack@n-api-meta.service[109091]: DEBUG nova.api.openstack.wsgi_app [None req-c0cba83b-a0cc-4cde-aabc-97344938d390 None None] oslo_messaging_rabbit.rabbit_qos_prefetch_count = 0 {{(pid=109091) log_opt_values /opt/stack/data/venv/lib/python3.12/site-packages/oslo_config/cfg.py:3006}}
May 09 09:04:50.084754 np0000173049 devstack@n-api-meta.service[109091]: DEBUG nova.api.openstack.wsgi_app [None req-c0cba83b-a0cc-4cde-aabc-97344938d390 None None] oslo_messaging_rabbit.rabbit_quorum_delivery_limit = 0 {{(pid=109091) log_opt_values /opt/stack/data/venv/lib/python3.12/site-packages/oslo_config/cfg.py:3006}}
May 09 09:04:50.084878 np0000173049 devstack@n-api-meta.service[109091]: DEBUG nova.api.openstack.wsgi_app [None req-c0cba83b-a0cc-4cde-aabc-97344938d390 None None] oslo_messaging_rabbit.rabbit_quorum_max_memory_bytes = 0 {{(pid=109091) log_opt_values /opt/stack/data/venv/lib/python3.12/site-packages/oslo_config/cfg.py:3006}}
May 09 09:04:50.085019 np0000173049 devstack@n-api-meta.service[109091]: DEBUG nova.api.openstack.wsgi_app [None req-c0cba83b-a0cc-4cde-aabc-97344938d390 None None] oslo_messaging_rabbit.rabbit_quorum_max_memory_length = 0 {{(pid=109091) log_opt_values /opt/stack/data/venv/lib/python3.12/site-packages/oslo_config/cfg.py:3006}}
May 09 09:04:50.085142 np0000173049 devstack@n-api-meta.service[109091]: DEBUG nova.api.openstack.wsgi_app [None req-c0cba83b-a0cc-4cde-aabc-97344938d390 None None] oslo_messaging_rabbit.rabbit_quorum_queue = False {{(pid=109091) log_opt_values /opt/stack/data/venv/lib/python3.12/site-packages/oslo_config/cfg.py:3006}}
May 09 09:04:50.085265 np0000173049 devstack@n-api-meta.service[109091]: DEBUG nova.api.openstack.wsgi_app [None req-c0cba83b-a0cc-4cde-aabc-97344938d390 None None] oslo_messaging_rabbit.rabbit_retry_backoff = 2 {{(pid=109091) log_opt_values /opt/stack/data/venv/lib/python3.12/site-packages/oslo_config/cfg.py:3006}}
May 09 09:04:50.085393 np0000173049 devstack@n-api-meta.service[109091]: DEBUG nova.api.openstack.wsgi_app [None req-c0cba83b-a0cc-4cde-aabc-97344938d390 None None] oslo_messaging_rabbit.rabbit_retry_interval = 1 {{(pid=109091) log_opt_values /opt/stack/data/venv/lib/python3.12/site-packages/oslo_config/cfg.py:3006}}
May 09 09:04:50.085513 np0000173049 devstack@n-api-meta.service[109091]: DEBUG nova.api.openstack.wsgi_app [None req-c0cba83b-a0cc-4cde-aabc-97344938d390 None None] oslo_messaging_rabbit.rabbit_stream_fanout = False {{(pid=109091) log_opt_values /opt/stack/data/venv/lib/python3.12/site-packages/oslo_config/cfg.py:3006}}
May 09 09:04:50.085636 np0000173049 devstack@n-api-meta.service[109091]: DEBUG nova.api.openstack.wsgi_app [None req-c0cba83b-a0cc-4cde-aabc-97344938d390 None None] oslo_messaging_rabbit.rabbit_transient_queues_ttl = 1800 {{(pid=109091) log_opt_values /opt/stack/data/venv/lib/python3.12/site-packages/oslo_config/cfg.py:3006}}
May 09 09:04:50.085760 np0000173049 devstack@n-api-meta.service[109091]: DEBUG nova.api.openstack.wsgi_app [None req-c0cba83b-a0cc-4cde-aabc-97344938d390 None None] oslo_messaging_rabbit.rabbit_transient_quorum_queue = False {{(pid=109091) log_opt_values /opt/stack/data/venv/lib/python3.12/site-packages/oslo_config/cfg.py:3006}}
May 09 09:04:50.085884 np0000173049 devstack@n-api-meta.service[109091]: DEBUG nova.api.openstack.wsgi_app [None req-c0cba83b-a0cc-4cde-aabc-97344938d390 None None] oslo_messaging_rabbit.rpc_conn_pool_size = 30 {{(pid=109091) log_opt_values /opt/stack/data/venv/lib/python3.12/site-packages/oslo_config/cfg.py:3006}}
May 09 09:04:50.086030 np0000173049 devstack@n-api-meta.service[109091]: DEBUG nova.api.openstack.wsgi_app [None req-c0cba83b-a0cc-4cde-aabc-97344938d390 None None] oslo_messaging_rabbit.ssl = False {{(pid=109091) log_opt_values /opt/stack/data/venv/lib/python3.12/site-packages/oslo_config/cfg.py:3006}}
May 09 09:04:50.086161 np0000173049 devstack@n-api-meta.service[109091]: DEBUG nova.api.openstack.wsgi_app [None req-c0cba83b-a0cc-4cde-aabc-97344938d390 None None] oslo_messaging_rabbit.ssl_ca_file = {{(pid=109091) log_opt_values /opt/stack/data/venv/lib/python3.12/site-packages/oslo_config/cfg.py:3006}}
May 09 09:04:50.086289 np0000173049 devstack@n-api-meta.service[109091]: DEBUG nova.api.openstack.wsgi_app [None req-c0cba83b-a0cc-4cde-aabc-97344938d390 None None] oslo_messaging_rabbit.ssl_cert_file = {{(pid=109091) log_opt_values /opt/stack/data/venv/lib/python3.12/site-packages/oslo_config/cfg.py:3006}}
May 09 09:04:50.086412 np0000173049 devstack@n-api-meta.service[109091]: DEBUG nova.api.openstack.wsgi_app [None req-c0cba83b-a0cc-4cde-aabc-97344938d390 None None] oslo_messaging_rabbit.ssl_enforce_fips_mode = False {{(pid=109091) log_opt_values /opt/stack/data/venv/lib/python3.12/site-packages/oslo_config/cfg.py:3006}}
May 09 09:04:50.086541 np0000173049 devstack@n-api-meta.service[109091]: DEBUG nova.api.openstack.wsgi_app [None req-c0cba83b-a0cc-4cde-aabc-97344938d390 None None] oslo_messaging_rabbit.ssl_key_file = {{(pid=109091) log_opt_values /opt/stack/data/venv/lib/python3.12/site-packages/oslo_config/cfg.py:3006}}
May 09 09:04:50.086672 np0000173049 devstack@n-api-meta.service[109091]: DEBUG nova.api.openstack.wsgi_app [None req-c0cba83b-a0cc-4cde-aabc-97344938d390 None None] oslo_messaging_rabbit.ssl_version = {{(pid=109091) log_opt_values /opt/stack/data/venv/lib/python3.12/site-packages/oslo_config/cfg.py:3006}}
May 09 09:04:50.086794 np0000173049 devstack@n-api-meta.service[109091]: DEBUG nova.api.openstack.wsgi_app [None req-c0cba83b-a0cc-4cde-aabc-97344938d390 None None] oslo_messaging_rabbit.use_queue_manager = False {{(pid=109091) log_opt_values /opt/stack/data/venv/lib/python3.12/site-packages/oslo_config/cfg.py:3006}}
May 09 09:04:50.086958 np0000173049 devstack@n-api-meta.service[109091]: DEBUG nova.api.openstack.wsgi_app [None req-c0cba83b-a0cc-4cde-aabc-97344938d390 None None] oslo_messaging_notifications.driver = ['messagingv2'] {{(pid=109091) log_opt_values /opt/stack/data/venv/lib/python3.12/site-packages/oslo_config/cfg.py:3006}}
May 09 09:04:50.087084 np0000173049 devstack@n-api-meta.service[109091]: DEBUG nova.api.openstack.wsgi_app [None req-c0cba83b-a0cc-4cde-aabc-97344938d390 None None] oslo_messaging_notifications.retry = -1 {{(pid=109091) log_opt_values /opt/stack/data/venv/lib/python3.12/site-packages/oslo_config/cfg.py:3006}}
May 09 09:04:50.087219 np0000173049 devstack@n-api-meta.service[109091]: DEBUG nova.api.openstack.wsgi_app [None req-c0cba83b-a0cc-4cde-aabc-97344938d390 None None] oslo_messaging_notifications.topics = ['notifications'] {{(pid=109091) log_opt_values /opt/stack/data/venv/lib/python3.12/site-packages/oslo_config/cfg.py:3006}}
May 09 09:04:50.087349 np0000173049 devstack@n-api-meta.service[109091]: DEBUG nova.api.openstack.wsgi_app [None req-c0cba83b-a0cc-4cde-aabc-97344938d390 None None] oslo_messaging_notifications.transport_url = **** {{(pid=109091) log_opt_values /opt/stack/data/venv/lib/python3.12/site-packages/oslo_config/cfg.py:3006}}
May 09 09:04:50.087477 np0000173049 devstack@n-api-meta.service[109091]: DEBUG nova.api.openstack.wsgi_app [None req-c0cba83b-a0cc-4cde-aabc-97344938d390 None None] oslo_reports.file_event_handler = None {{(pid=109091) log_opt_values /opt/stack/data/venv/lib/python3.12/site-packages/oslo_config/cfg.py:3006}}
May 09 09:04:50.087602 np0000173049 devstack@n-api-meta.service[109091]: DEBUG nova.api.openstack.wsgi_app [None req-c0cba83b-a0cc-4cde-aabc-97344938d390 None None] oslo_reports.file_event_handler_interval = 1 {{(pid=109091) log_opt_values /opt/stack/data/venv/lib/python3.12/site-packages/oslo_config/cfg.py:3006}}
May 09 09:04:50.087727 np0000173049 devstack@n-api-meta.service[109091]: DEBUG nova.api.openstack.wsgi_app [None req-c0cba83b-a0cc-4cde-aabc-97344938d390 None None] oslo_reports.log_dir = None {{(pid=109091) log_opt_values /opt/stack/data/venv/lib/python3.12/site-packages/oslo_config/cfg.py:3006}}
May 09 09:04:50.087828 np0000173049 devstack@n-api-meta.service[109091]: DEBUG nova.api.openstack.wsgi_app [None req-c0cba83b-a0cc-4cde-aabc-97344938d390 None None] ******************************************************************************** {{(pid=109091) log_opt_values /opt/stack/data/venv/lib/python3.12/site-packages/oslo_config/cfg.py:3013}}
May 09 09:04:50.087948 np0000173049 devstack@n-api-meta.service[109091]: WSGI app 0 (mountpoint='') ready in 3 seconds on interpreter 0x719b750a3668 pid: 109091 (default app)
May 09 09:04:59.729826 np0000173049 devstack@n-api-meta.service[109093]: DEBUG dbcounter [-] [109093] Writing DB stats nova_api:SELECT=1 {{(pid=109093) stat_writer /opt/stack/data/venv/lib/python3.12/site-packages/dbcounter.py:115}}
May 09 09:04:59.749805 np0000173049 devstack@n-api-meta.service[109090]: DEBUG dbcounter [-] [109090] Writing DB stats nova_api:SELECT=1 {{(pid=109090) stat_writer /opt/stack/data/venv/lib/python3.12/site-packages/dbcounter.py:115}}
May 09 09:04:59.751067 np0000173049 devstack@n-api-meta.service[109092]: DEBUG dbcounter [-] [109092] Writing DB stats nova_api:SELECT=1 {{(pid=109092) stat_writer /opt/stack/data/venv/lib/python3.12/site-packages/dbcounter.py:115}}
May 09 09:04:59.758481 np0000173049 devstack@n-api-meta.service[109091]: DEBUG dbcounter [-] [109091] Writing DB stats nova_api:SELECT=1 {{(pid=109091) stat_writer /opt/stack/data/venv/lib/python3.12/site-packages/dbcounter.py:115}}
May 09 09:04:59.842323 np0000173049 devstack@n-api-meta.service[109093]: DEBUG dbcounter [-] [109093] Writing DB stats nova_cell0:SELECT=1 {{(pid=109093) stat_writer /opt/stack/data/venv/lib/python3.12/site-packages/dbcounter.py:115}}
May 09 09:04:59.849296 np0000173049 devstack@n-api-meta.service[109093]: DEBUG dbcounter [-] [109093] Writing DB stats nova_cell1:SELECT=1 {{(pid=109093) stat_writer /opt/stack/data/venv/lib/python3.12/site-packages/dbcounter.py:115}}
May 09 09:04:59.870339 np0000173049 devstack@n-api-meta.service[109090]: DEBUG dbcounter [-] [109090] Writing DB stats nova_cell0:SELECT=1 {{(pid=109090) stat_writer /opt/stack/data/venv/lib/python3.12/site-packages/dbcounter.py:115}}
May 09 09:04:59.872627 np0000173049 devstack@n-api-meta.service[109093]: DEBUG dbcounter [-] [109093] Writing DB stats nova_cell0:SELECT=2,nova_cell0:INSERT=1 {{(pid=109093) stat_writer /opt/stack/data/venv/lib/python3.12/site-packages/dbcounter.py:115}}
May 09 09:04:59.877113 np0000173049 devstack@n-api-meta.service[109090]: DEBUG dbcounter [-] [109090] Writing DB stats nova_cell1:SELECT=1 {{(pid=109090) stat_writer /opt/stack/data/venv/lib/python3.12/site-packages/dbcounter.py:115}}
May 09 09:04:59.896442 np0000173049 devstack@n-api-meta.service[109092]: DEBUG dbcounter [-] [109092] Writing DB stats nova_cell0:SELECT=1 {{(pid=109092) stat_writer /opt/stack/data/venv/lib/python3.12/site-packages/dbcounter.py:115}}
May 09 09:04:59.896585 np0000173049 devstack@n-api-meta.service[109091]: DEBUG dbcounter [-] [109091] Writing DB stats nova_cell1:SELECT=1 {{(pid=109091) stat_writer /opt/stack/data/venv/lib/python3.12/site-packages/dbcounter.py:115}}
May 09 09:04:59.897655 np0000173049 devstack@n-api-meta.service[109092]: DEBUG dbcounter [-] [109092] Writing DB stats nova_cell1:SELECT=1 {{(pid=109092) stat_writer /opt/stack/data/venv/lib/python3.12/site-packages/dbcounter.py:115}}
May 09 09:04:59.899611 np0000173049 devstack@n-api-meta.service[109090]: DEBUG dbcounter [-] [109090] Writing DB stats nova_cell0:SELECT=1 {{(pid=109090) stat_writer /opt/stack/data/venv/lib/python3.12/site-packages/dbcounter.py:115}}
May 09 09:04:59.904381 np0000173049 devstack@n-api-meta.service[109091]: DEBUG dbcounter [-] [109091] Writing DB stats nova_cell0:SELECT=1 {{(pid=109091) stat_writer /opt/stack/data/venv/lib/python3.12/site-packages/dbcounter.py:115}}
May 09 09:04:59.924754 np0000173049 devstack@n-api-meta.service[109092]: DEBUG dbcounter [-] [109092] Writing DB stats nova_cell0:SELECT=1 {{(pid=109092) stat_writer /opt/stack/data/venv/lib/python3.12/site-packages/dbcounter.py:115}}
May 09 09:04:59.929328 np0000173049 devstack@n-api-meta.service[109091]: DEBUG dbcounter [-] [109091] Writing DB stats nova_cell0:SELECT=1 {{(pid=109091) stat_writer /opt/stack/data/venv/lib/python3.12/site-packages/dbcounter.py:115}}
May 09 09:12:13.554456 np0000173049 devstack@n-api-meta.service[109093]: DEBUG nova.api.metadata.handler [None req-195143f5-4f84-4e39-a6af-38fa71b42d93 None None] Metadata request headers: {'Host': '199.204.45.113:8775', 'User-Agent': 'python-requests/2.33.1', 'Accept-Encoding': 'gzip, deflate', 'Accept': '*/*', 'Connection': 'keep-alive', 'X-Forwarded-For': '192.168.24.183', 'X-Instance-Id': '3bf3d3f9-8996-41c5-a22c-4365f0e782b8', 'X-Tenant-Id': '007d71d8faa84181ab5e938c3579f653', 'X-Instance-Id-Signature': '6d5ca8dec2ad6545b16be3c3d6b4cd64f23737c324df61e7b8f8c32a1be94da5'} {{(pid=109093) __call__ /opt/stack/nova/nova/api/metadata/handler.py:109}}
May 09 09:12:13.569130 np0000173049 devstack@n-api-meta.service[109093]: DEBUG oslo_concurrency.lockutils [None req-aadf1150-3956-4bbb-87c1-bd7a2cfe8202 None None] Acquiring lock "24d89082-2d9e-40d7-86e7-8bbeefdc9ce9" by "nova.context.set_target_cell..get_or_set_cached_cell_and_set_connections" {{(pid=109093) inner /opt/stack/data/venv/lib/python3.12/site-packages/oslo_concurrency/lockutils.py:506}}
May 09 09:12:13.569274 np0000173049 devstack@n-api-meta.service[109093]: DEBUG oslo_concurrency.lockutils [None req-aadf1150-3956-4bbb-87c1-bd7a2cfe8202 None None] Lock "24d89082-2d9e-40d7-86e7-8bbeefdc9ce9" acquired by "nova.context.set_target_cell..get_or_set_cached_cell_and_set_connections" :: waited 0.000s {{(pid=109093) inner /opt/stack/data/venv/lib/python3.12/site-packages/oslo_concurrency/lockutils.py:519}}
May 09 09:12:13.569434 np0000173049 devstack@n-api-meta.service[109093]: DEBUG oslo_concurrency.lockutils [None req-aadf1150-3956-4bbb-87c1-bd7a2cfe8202 None None] Lock "24d89082-2d9e-40d7-86e7-8bbeefdc9ce9" "released" by "nova.context.set_target_cell..get_or_set_cached_cell_and_set_connections" :: held 0.000s {{(pid=109093) inner /opt/stack/data/venv/lib/python3.12/site-packages/oslo_concurrency/lockutils.py:538}}
May 09 09:12:13.623059 np0000173049 devstack@n-api-meta.service[109093]: WARNING neutronclient.v2_0.client [None req-aadf1150-3956-4bbb-87c1-bd7a2cfe8202 None None] The python binding code in neutronclient is deprecated in favor of OpenstackSDK, please use that as this will be removed in a future release.
May 09 09:12:14.053126 np0000173049 devstack@n-api-meta.service[109093]: [pid: 109093|app: 0|req: 1/1] 199.204.45.113 () {40 vars in 643 bytes} [Sat May 9 09:12:13 2026] GET /openstack => generated 116 bytes in 500 msecs (HTTP/1.1 200) 3 headers in 100 bytes (1 switches on core 0)
May 09 09:12:14.068122 np0000173049 devstack@n-api-meta.service[109092]: DEBUG nova.api.metadata.handler [None req-f748485d-a8de-4865-b00c-db26c8fb5a1e None None] Metadata request headers: {'Host': '199.204.45.113:8775', 'User-Agent': 'python-requests/2.33.1', 'Accept-Encoding': 'gzip, deflate', 'Accept': '*/*', 'Connection': 'keep-alive', 'X-Forwarded-For': '192.168.24.183', 'X-Instance-Id': '3bf3d3f9-8996-41c5-a22c-4365f0e782b8', 'X-Tenant-Id': '007d71d8faa84181ab5e938c3579f653', 'X-Instance-Id-Signature': '6d5ca8dec2ad6545b16be3c3d6b4cd64f23737c324df61e7b8f8c32a1be94da5'} {{(pid=109092) __call__ /opt/stack/nova/nova/api/metadata/handler.py:109}}
May 09 09:12:14.071676 np0000173049 devstack@n-api-meta.service[109092]: DEBUG nova.api.metadata.handler [None req-f748485d-a8de-4865-b00c-db26c8fb5a1e None None] Using cached metadata for instance 3bf3d3f9-8996-41c5-a22c-4365f0e782b8 {{(pid=109092) get_metadata_by_instance_id /opt/stack/nova/nova/api/metadata/handler.py:84}}
May 09 09:12:14.072141 np0000173049 devstack@n-api-meta.service[109092]: [pid: 109092|app: 0|req: 1/2] 199.204.45.113 () {40 vars in 643 bytes} [Sat May 9 09:12:14 2026] GET /openstack => generated 116 bytes in 5 msecs (HTTP/1.1 200) 3 headers in 100 bytes (1 switches on core 0)
May 09 09:12:14.081140 np0000173049 devstack@n-api-meta.service[109090]: DEBUG nova.api.metadata.handler [None req-999a4995-a80b-4986-b12e-b11e14fcfe7c None None] Metadata request headers: {'Host': '199.204.45.113:8775', 'User-Agent': 'python-requests/2.33.1', 'Accept-Encoding': 'gzip, deflate', 'Accept': '*/*', 'Connection': 'keep-alive', 'X-Forwarded-For': '192.168.24.183', 'X-Instance-Id': '3bf3d3f9-8996-41c5-a22c-4365f0e782b8', 'X-Tenant-Id': '007d71d8faa84181ab5e938c3579f653', 'X-Instance-Id-Signature': '6d5ca8dec2ad6545b16be3c3d6b4cd64f23737c324df61e7b8f8c32a1be94da5'} {{(pid=109090) __call__ /opt/stack/nova/nova/api/metadata/handler.py:109}}
May 09 09:12:14.086652 np0000173049 devstack@n-api-meta.service[109090]: DEBUG nova.api.metadata.handler [None req-999a4995-a80b-4986-b12e-b11e14fcfe7c None None] Using cached metadata for instance 3bf3d3f9-8996-41c5-a22c-4365f0e782b8 {{(pid=109090) get_metadata_by_instance_id /opt/stack/nova/nova/api/metadata/handler.py:84}}
May 09 09:12:14.087628 np0000173049 devstack@n-api-meta.service[109090]: [pid: 109090|app: 0|req: 1/3] 199.204.45.113 () {40 vars in 695 bytes} [Sat May 9 09:12:14 2026] GET /openstack/2018-08-27/meta_data.json => generated 946 bytes in 7 msecs (HTTP/1.1 200) 3 headers in 91 bytes (1 switches on core 0)
May 09 09:12:14.094278 np0000173049 devstack@n-api-meta.service[109091]: DEBUG nova.api.metadata.handler [None req-c0cba83b-a0cc-4cde-aabc-97344938d390 None None] Metadata request headers: {'Host': '199.204.45.113:8775', 'User-Agent': 'python-requests/2.33.1', 'Accept-Encoding': 'gzip, deflate', 'Accept': '*/*', 'Connection': 'keep-alive', 'X-Forwarded-For': '192.168.24.183', 'X-Instance-Id': '3bf3d3f9-8996-41c5-a22c-4365f0e782b8', 'X-Tenant-Id': '007d71d8faa84181ab5e938c3579f653', 'X-Instance-Id-Signature': '6d5ca8dec2ad6545b16be3c3d6b4cd64f23737c324df61e7b8f8c32a1be94da5'} {{(pid=109091) __call__ /opt/stack/nova/nova/api/metadata/handler.py:109}}
May 09 09:12:14.098647 np0000173049 devstack@n-api-meta.service[109091]: DEBUG nova.api.metadata.handler [None req-c0cba83b-a0cc-4cde-aabc-97344938d390 None None] Using cached metadata for instance 3bf3d3f9-8996-41c5-a22c-4365f0e782b8 {{(pid=109091) get_metadata_by_instance_id /opt/stack/nova/nova/api/metadata/handler.py:84}}
May 09 09:12:14.099097 np0000173049 devstack@n-api-meta.service[109091]: [pid: 109091|app: 0|req: 1/4] 199.204.45.113 () {40 vars in 685 bytes} [Sat May 9 09:12:14 2026] GET /openstack/2018-08-27/user_data => generated 26430 bytes in 6 msecs (HTTP/1.1 200) 3 headers in 102 bytes (1 switches on core 0)
May 09 09:12:14.108621 np0000173049 devstack@n-api-meta.service[109093]: DEBUG nova.api.metadata.handler [None req-aadf1150-3956-4bbb-87c1-bd7a2cfe8202 None None] Metadata request headers: {'Host': '199.204.45.113:8775', 'User-Agent': 'python-requests/2.33.1', 'Accept-Encoding': 'gzip, deflate', 'Accept': '*/*', 'Connection': 'keep-alive', 'X-Forwarded-For': '192.168.24.183', 'X-Instance-Id': '3bf3d3f9-8996-41c5-a22c-4365f0e782b8', 'X-Tenant-Id': '007d71d8faa84181ab5e938c3579f653', 'X-Instance-Id-Signature': '6d5ca8dec2ad6545b16be3c3d6b4cd64f23737c324df61e7b8f8c32a1be94da5'} {{(pid=109093) __call__ /opt/stack/nova/nova/api/metadata/handler.py:109}}
May 09 09:12:14.111443 np0000173049 devstack@n-api-meta.service[109093]: DEBUG nova.api.metadata.handler [None req-aadf1150-3956-4bbb-87c1-bd7a2cfe8202 None None] Using cached metadata for instance 3bf3d3f9-8996-41c5-a22c-4365f0e782b8 {{(pid=109093) get_metadata_by_instance_id /opt/stack/nova/nova/api/metadata/handler.py:84}}
May 09 09:12:14.112237 np0000173049 devstack@n-api-meta.service[109093]: [pid: 109093|app: 0|req: 2/5] 199.204.45.113 () {40 vars in 699 bytes} [Sat May 9 09:12:14 2026] GET /openstack/2018-08-27/vendor_data.json => generated 2 bytes in 4 msecs (HTTP/1.1 200) 3 headers in 89 bytes (1 switches on core 0)
May 09 09:12:14.117257 np0000173049 devstack@n-api-meta.service[109092]: DEBUG nova.api.metadata.handler [None req-f748485d-a8de-4865-b00c-db26c8fb5a1e None None] Metadata request headers: {'Host': '199.204.45.113:8775', 'User-Agent': 'python-requests/2.33.1', 'Accept-Encoding': 'gzip, deflate', 'Accept': '*/*', 'Connection': 'keep-alive', 'X-Forwarded-For': '192.168.24.183', 'X-Instance-Id': '3bf3d3f9-8996-41c5-a22c-4365f0e782b8', 'X-Tenant-Id': '007d71d8faa84181ab5e938c3579f653', 'X-Instance-Id-Signature': '6d5ca8dec2ad6545b16be3c3d6b4cd64f23737c324df61e7b8f8c32a1be94da5'} {{(pid=109092) __call__ /opt/stack/nova/nova/api/metadata/handler.py:109}}
May 09 09:12:14.118891 np0000173049 devstack@n-api-meta.service[109092]: DEBUG nova.api.metadata.handler [None req-f748485d-a8de-4865-b00c-db26c8fb5a1e None None] Using cached metadata for instance 3bf3d3f9-8996-41c5-a22c-4365f0e782b8 {{(pid=109092) get_metadata_by_instance_id /opt/stack/nova/nova/api/metadata/handler.py:84}}
May 09 09:12:14.119390 np0000173049 devstack@n-api-meta.service[109092]: [pid: 109092|app: 0|req: 2/6] 199.204.45.113 () {40 vars in 701 bytes} [Sat May 9 09:12:14 2026] GET /openstack/2018-08-27/vendor_data2.json => generated 14 bytes in 2 msecs (HTTP/1.1 200) 3 headers in 90 bytes (1 switches on core 0)
May 09 09:12:14.127328 np0000173049 devstack@n-api-meta.service[109090]: DEBUG nova.api.metadata.handler [None req-999a4995-a80b-4986-b12e-b11e14fcfe7c None None] Metadata request headers: {'Host': '199.204.45.113:8775', 'User-Agent': 'python-requests/2.33.1', 'Accept-Encoding': 'gzip, deflate', 'Accept': '*/*', 'Connection': 'keep-alive', 'X-Forwarded-For': '192.168.24.183', 'X-Instance-Id': '3bf3d3f9-8996-41c5-a22c-4365f0e782b8', 'X-Tenant-Id': '007d71d8faa84181ab5e938c3579f653', 'X-Instance-Id-Signature': '6d5ca8dec2ad6545b16be3c3d6b4cd64f23737c324df61e7b8f8c32a1be94da5'} {{(pid=109090) __call__ /opt/stack/nova/nova/api/metadata/handler.py:109}}
May 09 09:12:14.130175 np0000173049 devstack@n-api-meta.service[109090]: DEBUG nova.api.metadata.handler [None req-999a4995-a80b-4986-b12e-b11e14fcfe7c None None] Using cached metadata for instance 3bf3d3f9-8996-41c5-a22c-4365f0e782b8 {{(pid=109090) get_metadata_by_instance_id /opt/stack/nova/nova/api/metadata/handler.py:84}}
May 09 09:12:14.130782 np0000173049 devstack@n-api-meta.service[109090]: [pid: 109090|app: 0|req: 2/7] 199.204.45.113 () {40 vars in 701 bytes} [Sat May 9 09:12:14 2026] GET /openstack/2018-08-27/network_data.json => generated 348 bytes in 4 msecs (HTTP/1.1 200) 3 headers in 100 bytes (1 switches on core 0)
May 09 09:12:14.139016 np0000173049 devstack@n-api-meta.service[109091]: DEBUG nova.api.metadata.handler [None req-c0cba83b-a0cc-4cde-aabc-97344938d390 None None] Metadata request headers: {'Host': '199.204.45.113:8775', 'User-Agent': 'python-requests/2.33.1', 'Accept-Encoding': 'gzip, deflate', 'Accept': '*/*', 'Connection': 'keep-alive', 'X-Forwarded-For': '192.168.24.183', 'X-Instance-Id': '3bf3d3f9-8996-41c5-a22c-4365f0e782b8', 'X-Tenant-Id': '007d71d8faa84181ab5e938c3579f653', 'X-Instance-Id-Signature': '6d5ca8dec2ad6545b16be3c3d6b4cd64f23737c324df61e7b8f8c32a1be94da5'} {{(pid=109091) __call__ /opt/stack/nova/nova/api/metadata/handler.py:109}}
May 09 09:12:14.141443 np0000173049 devstack@n-api-meta.service[109091]: DEBUG nova.api.metadata.handler [None req-c0cba83b-a0cc-4cde-aabc-97344938d390 None None] Using cached metadata for instance 3bf3d3f9-8996-41c5-a22c-4365f0e782b8 {{(pid=109091) get_metadata_by_instance_id /opt/stack/nova/nova/api/metadata/handler.py:84}}
May 09 09:12:14.141963 np0000173049 devstack@n-api-meta.service[109091]: [pid: 109091|app: 0|req: 2/8] 199.204.45.113 () {40 vars in 659 bytes} [Sat May 9 09:12:14 2026] GET /latest/meta-data/ => generated 210 bytes in 3 msecs (HTTP/1.1 200) 3 headers in 100 bytes (1 switches on core 0)
May 09 09:12:14.148440 np0000173049 devstack@n-api-meta.service[109093]: DEBUG nova.api.metadata.handler [None req-aadf1150-3956-4bbb-87c1-bd7a2cfe8202 None None] Metadata request headers: {'Host': '199.204.45.113:8775', 'User-Agent': 'python-requests/2.33.1', 'Accept-Encoding': 'gzip, deflate', 'Accept': '*/*', 'Connection': 'keep-alive', 'X-Forwarded-For': '192.168.24.183', 'X-Instance-Id': '3bf3d3f9-8996-41c5-a22c-4365f0e782b8', 'X-Tenant-Id': '007d71d8faa84181ab5e938c3579f653', 'X-Instance-Id-Signature': '6d5ca8dec2ad6545b16be3c3d6b4cd64f23737c324df61e7b8f8c32a1be94da5'} {{(pid=109093) __call__ /opt/stack/nova/nova/api/metadata/handler.py:109}}
May 09 09:12:14.151057 np0000173049 devstack@n-api-meta.service[109093]: DEBUG nova.api.metadata.handler [None req-aadf1150-3956-4bbb-87c1-bd7a2cfe8202 None None] Using cached metadata for instance 3bf3d3f9-8996-41c5-a22c-4365f0e782b8 {{(pid=109093) get_metadata_by_instance_id /opt/stack/nova/nova/api/metadata/handler.py:84}}
May 09 09:12:14.151734 np0000173049 devstack@n-api-meta.service[109093]: [pid: 109093|app: 0|req: 3/9] 199.204.45.113 () {40 vars in 701 bytes} [Sat May 9 09:12:14 2026] GET /latest/meta-data/block-device-mapping/ => generated 8 bytes in 4 msecs (HTTP/1.1 200) 3 headers in 98 bytes (1 switches on core 0)
May 09 09:12:14.158723 np0000173049 devstack@n-api-meta.service[109092]: DEBUG nova.api.metadata.handler [None req-f748485d-a8de-4865-b00c-db26c8fb5a1e None None] Metadata request headers: {'Host': '199.204.45.113:8775', 'User-Agent': 'python-requests/2.33.1', 'Accept-Encoding': 'gzip, deflate', 'Accept': '*/*', 'Connection': 'keep-alive', 'X-Forwarded-For': '192.168.24.183', 'X-Instance-Id': '3bf3d3f9-8996-41c5-a22c-4365f0e782b8', 'X-Tenant-Id': '007d71d8faa84181ab5e938c3579f653', 'X-Instance-Id-Signature': '6d5ca8dec2ad6545b16be3c3d6b4cd64f23737c324df61e7b8f8c32a1be94da5'} {{(pid=109092) __call__ /opt/stack/nova/nova/api/metadata/handler.py:109}}
May 09 09:12:14.161395 np0000173049 devstack@n-api-meta.service[109092]: DEBUG nova.api.metadata.handler [None req-f748485d-a8de-4865-b00c-db26c8fb5a1e None None] Using cached metadata for instance 3bf3d3f9-8996-41c5-a22c-4365f0e782b8 {{(pid=109092) get_metadata_by_instance_id /opt/stack/nova/nova/api/metadata/handler.py:84}}
May 09 09:12:14.162005 np0000173049 devstack@n-api-meta.service[109092]: [pid: 109092|app: 0|req: 3/10] 199.204.45.113 () {40 vars in 707 bytes} [Sat May 9 09:12:14 2026] GET /latest/meta-data/block-device-mapping/ami => generated 3 bytes in 4 msecs (HTTP/1.1 200) 3 headers in 98 bytes (1 switches on core 0)
May 09 09:12:14.168521 np0000173049 devstack@n-api-meta.service[109090]: DEBUG nova.api.metadata.handler [None req-999a4995-a80b-4986-b12e-b11e14fcfe7c None None] Metadata request headers: {'Host': '199.204.45.113:8775', 'User-Agent': 'python-requests/2.33.1', 'Accept-Encoding': 'gzip, deflate', 'Accept': '*/*', 'Connection': 'keep-alive', 'X-Forwarded-For': '192.168.24.183', 'X-Instance-Id': '3bf3d3f9-8996-41c5-a22c-4365f0e782b8', 'X-Tenant-Id': '007d71d8faa84181ab5e938c3579f653', 'X-Instance-Id-Signature': '6d5ca8dec2ad6545b16be3c3d6b4cd64f23737c324df61e7b8f8c32a1be94da5'} {{(pid=109090) __call__ /opt/stack/nova/nova/api/metadata/handler.py:109}}
May 09 09:12:14.171217 np0000173049 devstack@n-api-meta.service[109090]: DEBUG nova.api.metadata.handler [None req-999a4995-a80b-4986-b12e-b11e14fcfe7c None None] Using cached metadata for instance 3bf3d3f9-8996-41c5-a22c-4365f0e782b8 {{(pid=109090) get_metadata_by_instance_id /opt/stack/nova/nova/api/metadata/handler.py:84}}
May 09 09:12:14.171837 np0000173049 devstack@n-api-meta.service[109090]: [pid: 109090|app: 0|req: 3/11] 199.204.45.113 () {40 vars in 709 bytes} [Sat May 9 09:12:14 2026] GET /latest/meta-data/block-device-mapping/root => generated 8 bytes in 4 msecs (HTTP/1.1 200) 3 headers in 98 bytes (1 switches on core 0)
May 09 09:12:14.179377 np0000173049 devstack@n-api-meta.service[109091]: DEBUG nova.api.metadata.handler [None req-c0cba83b-a0cc-4cde-aabc-97344938d390 None None] Metadata request headers: {'Host': '199.204.45.113:8775', 'User-Agent': 'python-requests/2.33.1', 'Accept-Encoding': 'gzip, deflate', 'Accept': '*/*', 'Connection': 'keep-alive', 'X-Forwarded-For': '192.168.24.183', 'X-Instance-Id': '3bf3d3f9-8996-41c5-a22c-4365f0e782b8', 'X-Tenant-Id': '007d71d8faa84181ab5e938c3579f653', 'X-Instance-Id-Signature': '6d5ca8dec2ad6545b16be3c3d6b4cd64f23737c324df61e7b8f8c32a1be94da5'} {{(pid=109091) __call__ /opt/stack/nova/nova/api/metadata/handler.py:109}}
May 09 09:12:14.181820 np0000173049 devstack@n-api-meta.service[109091]: DEBUG nova.api.metadata.handler [None req-c0cba83b-a0cc-4cde-aabc-97344938d390 None None] Using cached metadata for instance 3bf3d3f9-8996-41c5-a22c-4365f0e782b8 {{(pid=109091) get_metadata_by_instance_id /opt/stack/nova/nova/api/metadata/handler.py:84}}
May 09 09:12:14.182428 np0000173049 devstack@n-api-meta.service[109091]: [pid: 109091|app: 0|req: 3/12] 199.204.45.113 () {40 vars in 679 bytes} [Sat May 9 09:12:14 2026] GET /latest/meta-data/placement/ => generated 17 bytes in 3 msecs (HTTP/1.1 200) 3 headers in 99 bytes (1 switches on core 0)
May 09 09:12:14.188068 np0000173049 devstack@n-api-meta.service[109093]: DEBUG nova.api.metadata.handler [None req-aadf1150-3956-4bbb-87c1-bd7a2cfe8202 None None] Metadata request headers: {'Host': '199.204.45.113:8775', 'User-Agent': 'python-requests/2.33.1', 'Accept-Encoding': 'gzip, deflate', 'Accept': '*/*', 'Connection': 'keep-alive', 'X-Forwarded-For': '192.168.24.183', 'X-Instance-Id': '3bf3d3f9-8996-41c5-a22c-4365f0e782b8', 'X-Tenant-Id': '007d71d8faa84181ab5e938c3579f653', 'X-Instance-Id-Signature': '6d5ca8dec2ad6545b16be3c3d6b4cd64f23737c324df61e7b8f8c32a1be94da5'} {{(pid=109093) __call__ /opt/stack/nova/nova/api/metadata/handler.py:109}}
May 09 09:12:14.190468 np0000173049 devstack@n-api-meta.service[109093]: DEBUG nova.api.metadata.handler [None req-aadf1150-3956-4bbb-87c1-bd7a2cfe8202 None None] Using cached metadata for instance 3bf3d3f9-8996-41c5-a22c-4365f0e782b8 {{(pid=109093) get_metadata_by_instance_id /opt/stack/nova/nova/api/metadata/handler.py:84}}
May 09 09:12:14.191083 np0000173049 devstack@n-api-meta.service[109093]: [pid: 109093|app: 0|req: 4/13] 199.204.45.113 () {40 vars in 713 bytes} [Sat May 9 09:12:14 2026] GET /latest/meta-data/placement/availability-zone => generated 4 bytes in 3 msecs (HTTP/1.1 200) 3 headers in 98 bytes (1 switches on core 0)
May 09 09:12:14.199601 np0000173049 devstack@n-api-meta.service[109092]: DEBUG nova.api.metadata.handler [None req-f748485d-a8de-4865-b00c-db26c8fb5a1e None None] Metadata request headers: {'Host': '199.204.45.113:8775', 'User-Agent': 'python-requests/2.33.1', 'Accept-Encoding': 'gzip, deflate', 'Accept': '*/*', 'Connection': 'keep-alive', 'X-Forwarded-For': '192.168.24.183', 'X-Instance-Id': '3bf3d3f9-8996-41c5-a22c-4365f0e782b8', 'X-Tenant-Id': '007d71d8faa84181ab5e938c3579f653', 'X-Instance-Id-Signature': '6d5ca8dec2ad6545b16be3c3d6b4cd64f23737c324df61e7b8f8c32a1be94da5'} {{(pid=109092) __call__ /opt/stack/nova/nova/api/metadata/handler.py:109}}
May 09 09:12:14.200924 np0000173049 devstack@n-api-meta.service[109092]: DEBUG nova.api.metadata.handler [None req-f748485d-a8de-4865-b00c-db26c8fb5a1e None None] Using cached metadata for instance 3bf3d3f9-8996-41c5-a22c-4365f0e782b8 {{(pid=109092) get_metadata_by_instance_id /opt/stack/nova/nova/api/metadata/handler.py:84}}
May 09 09:12:14.201607 np0000173049 devstack@n-api-meta.service[109092]: [pid: 109092|app: 0|req: 4/14] 199.204.45.113 () {40 vars in 671 bytes} [Sat May 9 09:12:14 2026] GET /latest/meta-data/ami-id => generated 12 bytes in 3 msecs (HTTP/1.1 200) 3 headers in 99 bytes (1 switches on core 0)
May 09 09:12:14.208000 np0000173049 devstack@n-api-meta.service[109090]: DEBUG nova.api.metadata.handler [None req-999a4995-a80b-4986-b12e-b11e14fcfe7c None None] Metadata request headers: {'Host': '199.204.45.113:8775', 'User-Agent': 'python-requests/2.33.1', 'Accept-Encoding': 'gzip, deflate', 'Accept': '*/*', 'Connection': 'keep-alive', 'X-Forwarded-For': '192.168.24.183', 'X-Instance-Id': '3bf3d3f9-8996-41c5-a22c-4365f0e782b8', 'X-Tenant-Id': '007d71d8faa84181ab5e938c3579f653', 'X-Instance-Id-Signature': '6d5ca8dec2ad6545b16be3c3d6b4cd64f23737c324df61e7b8f8c32a1be94da5'} {{(pid=109090) __call__ /opt/stack/nova/nova/api/metadata/handler.py:109}}
May 09 09:12:14.210508 np0000173049 devstack@n-api-meta.service[109090]: DEBUG nova.api.metadata.handler [None req-999a4995-a80b-4986-b12e-b11e14fcfe7c None None] Using cached metadata for instance 3bf3d3f9-8996-41c5-a22c-4365f0e782b8 {{(pid=109090) get_metadata_by_instance_id /opt/stack/nova/nova/api/metadata/handler.py:84}}
May 09 09:12:14.211102 np0000173049 devstack@n-api-meta.service[109090]: [pid: 109090|app: 0|req: 4/15] 199.204.45.113 () {40 vars in 691 bytes} [Sat May 9 09:12:14 2026] GET /latest/meta-data/ami-launch-index => generated 1 bytes in 3 msecs (HTTP/1.1 200) 3 headers in 98 bytes (1 switches on core 0)
May 09 09:12:14.220968 np0000173049 devstack@n-api-meta.service[109091]: DEBUG nova.api.metadata.handler [None req-c0cba83b-a0cc-4cde-aabc-97344938d390 None None] Metadata request headers: {'Host': '199.204.45.113:8775', 'User-Agent': 'python-requests/2.33.1', 'Accept-Encoding': 'gzip, deflate', 'Accept': '*/*', 'Connection': 'keep-alive', 'X-Forwarded-For': '192.168.24.183', 'X-Instance-Id': '3bf3d3f9-8996-41c5-a22c-4365f0e782b8', 'X-Tenant-Id': '007d71d8faa84181ab5e938c3579f653', 'X-Instance-Id-Signature': '6d5ca8dec2ad6545b16be3c3d6b4cd64f23737c324df61e7b8f8c32a1be94da5'} {{(pid=109091) __call__ /opt/stack/nova/nova/api/metadata/handler.py:109}}
May 09 09:12:14.223441 np0000173049 devstack@n-api-meta.service[109091]: DEBUG nova.api.metadata.handler [None req-c0cba83b-a0cc-4cde-aabc-97344938d390 None None] Using cached metadata for instance 3bf3d3f9-8996-41c5-a22c-4365f0e782b8 {{(pid=109091) get_metadata_by_instance_id /opt/stack/nova/nova/api/metadata/handler.py:84}}
May 09 09:12:14.224047 np0000173049 devstack@n-api-meta.service[109091]: [pid: 109091|app: 0|req: 4/16] 199.204.45.113 () {40 vars in 693 bytes} [Sat May 9 09:12:14 2026] GET /latest/meta-data/ami-manifest-path => generated 5 bytes in 3 msecs (HTTP/1.1 200) 3 headers in 98 bytes (1 switches on core 0)
May 09 09:12:14.232925 np0000173049 devstack@n-api-meta.service[109093]: DEBUG nova.api.metadata.handler [None req-aadf1150-3956-4bbb-87c1-bd7a2cfe8202 None None] Metadata request headers: {'Host': '199.204.45.113:8775', 'User-Agent': 'python-requests/2.33.1', 'Accept-Encoding': 'gzip, deflate', 'Accept': '*/*', 'Connection': 'keep-alive', 'X-Forwarded-For': '192.168.24.183', 'X-Instance-Id': '3bf3d3f9-8996-41c5-a22c-4365f0e782b8', 'X-Tenant-Id': '007d71d8faa84181ab5e938c3579f653', 'X-Instance-Id-Signature': '6d5ca8dec2ad6545b16be3c3d6b4cd64f23737c324df61e7b8f8c32a1be94da5'} {{(pid=109093) __call__ /opt/stack/nova/nova/api/metadata/handler.py:109}}
May 09 09:12:14.235578 np0000173049 devstack@n-api-meta.service[109093]: DEBUG nova.api.metadata.handler [None req-aadf1150-3956-4bbb-87c1-bd7a2cfe8202 None None] Using cached metadata for instance 3bf3d3f9-8996-41c5-a22c-4365f0e782b8 {{(pid=109093) get_metadata_by_instance_id /opt/stack/nova/nova/api/metadata/handler.py:84}}
May 09 09:12:14.236236 np0000173049 devstack@n-api-meta.service[109093]: [pid: 109093|app: 0|req: 5/17] 199.204.45.113 () {40 vars in 675 bytes} [Sat May 9 09:12:14 2026] GET /latest/meta-data/hostname => generated 32 bytes in 3 msecs (HTTP/1.1 200) 3 headers in 99 bytes (1 switches on core 0)
May 09 09:12:14.242938 np0000173049 devstack@n-api-meta.service[109092]: DEBUG nova.api.metadata.handler [None req-f748485d-a8de-4865-b00c-db26c8fb5a1e None None] Metadata request headers: {'Host': '199.204.45.113:8775', 'User-Agent': 'python-requests/2.33.1', 'Accept-Encoding': 'gzip, deflate', 'Accept': '*/*', 'Connection': 'keep-alive', 'X-Forwarded-For': '192.168.24.183', 'X-Instance-Id': '3bf3d3f9-8996-41c5-a22c-4365f0e782b8', 'X-Tenant-Id': '007d71d8faa84181ab5e938c3579f653', 'X-Instance-Id-Signature': '6d5ca8dec2ad6545b16be3c3d6b4cd64f23737c324df61e7b8f8c32a1be94da5'} {{(pid=109092) __call__ /opt/stack/nova/nova/api/metadata/handler.py:109}}
May 09 09:12:14.245272 np0000173049 devstack@n-api-meta.service[109092]: DEBUG nova.api.metadata.handler [None req-f748485d-a8de-4865-b00c-db26c8fb5a1e None None] Using cached metadata for instance 3bf3d3f9-8996-41c5-a22c-4365f0e782b8 {{(pid=109092) get_metadata_by_instance_id /opt/stack/nova/nova/api/metadata/handler.py:84}}
May 09 09:12:14.245618 np0000173049 devstack@n-api-meta.service[109092]: [pid: 109092|app: 0|req: 5/18] 199.204.45.113 () {40 vars in 689 bytes} [Sat May 9 09:12:14 2026] GET /latest/meta-data/instance-action => generated 4 bytes in 3 msecs (HTTP/1.1 200) 3 headers in 98 bytes (1 switches on core 0)
May 09 09:12:14.252124 np0000173049 devstack@n-api-meta.service[109090]: DEBUG nova.api.metadata.handler [None req-999a4995-a80b-4986-b12e-b11e14fcfe7c None None] Metadata request headers: {'Host': '199.204.45.113:8775', 'User-Agent': 'python-requests/2.33.1', 'Accept-Encoding': 'gzip, deflate', 'Accept': '*/*', 'Connection': 'keep-alive', 'X-Forwarded-For': '192.168.24.183', 'X-Instance-Id': '3bf3d3f9-8996-41c5-a22c-4365f0e782b8', 'X-Tenant-Id': '007d71d8faa84181ab5e938c3579f653', 'X-Instance-Id-Signature': '6d5ca8dec2ad6545b16be3c3d6b4cd64f23737c324df61e7b8f8c32a1be94da5'} {{(pid=109090) __call__ /opt/stack/nova/nova/api/metadata/handler.py:109}}
May 09 09:12:14.254639 np0000173049 devstack@n-api-meta.service[109090]: DEBUG nova.api.metadata.handler [None req-999a4995-a80b-4986-b12e-b11e14fcfe7c None None] Using cached metadata for instance 3bf3d3f9-8996-41c5-a22c-4365f0e782b8 {{(pid=109090) get_metadata_by_instance_id /opt/stack/nova/nova/api/metadata/handler.py:84}}
May 09 09:12:14.255228 np0000173049 devstack@n-api-meta.service[109090]: [pid: 109090|app: 0|req: 5/19] 199.204.45.113 () {40 vars in 681 bytes} [Sat May 9 09:12:14 2026] GET /latest/meta-data/instance-id => generated 10 bytes in 3 msecs (HTTP/1.1 200) 3 headers in 99 bytes (1 switches on core 0)
May 09 09:12:14.262251 np0000173049 devstack@n-api-meta.service[109091]: DEBUG nova.api.metadata.handler [None req-c0cba83b-a0cc-4cde-aabc-97344938d390 None None] Metadata request headers: {'Host': '199.204.45.113:8775', 'User-Agent': 'python-requests/2.33.1', 'Accept-Encoding': 'gzip, deflate', 'Accept': '*/*', 'Connection': 'keep-alive', 'X-Forwarded-For': '192.168.24.183', 'X-Instance-Id': '3bf3d3f9-8996-41c5-a22c-4365f0e782b8', 'X-Tenant-Id': '007d71d8faa84181ab5e938c3579f653', 'X-Instance-Id-Signature': '6d5ca8dec2ad6545b16be3c3d6b4cd64f23737c324df61e7b8f8c32a1be94da5'} {{(pid=109091) __call__ /opt/stack/nova/nova/api/metadata/handler.py:109}}
May 09 09:12:14.264696 np0000173049 devstack@n-api-meta.service[109091]: DEBUG nova.api.metadata.handler [None req-c0cba83b-a0cc-4cde-aabc-97344938d390 None None] Using cached metadata for instance 3bf3d3f9-8996-41c5-a22c-4365f0e782b8 {{(pid=109091) get_metadata_by_instance_id /opt/stack/nova/nova/api/metadata/handler.py:84}}
