May 09 09:04:47.871246 np0000173049 systemd[1]: Starting devstack@n-api-meta.service - Devstack devstack@n-api-meta.service...
May 09 09:04:47.879878 np0000173049 devstack@n-api-meta.service[109089]: [uWSGI] getting INI configuration from /etc/nova/nova-metadata-uwsgi.ini
May 09 09:04:47.882947 np0000173049 devstack@n-api-meta.service[109089]: *** Starting uWSGI 2.0.24-debian (64bit) on [Sat May 9 09:04:47 2026] ***
May 09 09:04:47.882947 np0000173049 devstack@n-api-meta.service[109089]: compiled with version: 13.2.0 on 17 April 2024 16:23:48
May 09 09:04:47.882947 np0000173049 devstack@n-api-meta.service[109089]: os: Linux-6.8.0-111-generic #111-Ubuntu SMP PREEMPT_DYNAMIC Sat Apr 11 23:16:02 UTC 2026
May 09 09:04:47.882947 np0000173049 devstack@n-api-meta.service[109089]: nodename: np0000173049
May 09 09:04:47.882947 np0000173049 devstack@n-api-meta.service[109089]: machine: x86_64
May 09 09:04:47.882947 np0000173049 devstack@n-api-meta.service[109089]: clock source: unix
May 09 09:04:47.882947 np0000173049 devstack@n-api-meta.service[109089]: pcre jit disabled
May 09 09:04:47.882947 np0000173049 devstack@n-api-meta.service[109089]: detected number of CPU cores: 16
May 09 09:04:47.882947 np0000173049 devstack@n-api-meta.service[109089]: current working directory: /
May 09 09:04:47.882947 np0000173049 devstack@n-api-meta.service[109089]: detected binary path: /usr/bin/uwsgi-core
May 09 09:04:47.882947 np0000173049 devstack@n-api-meta.service[109089]: your processes number limit is 256917
May 09 09:04:47.882947 np0000173049 devstack@n-api-meta.service[109089]: your memory page size is 4096 bytes
May 09 09:04:47.882947 np0000173049 devstack@n-api-meta.service[109089]: detected max file descriptor number: 2048
May 09 09:04:47.882947 np0000173049 devstack@n-api-meta.service[109089]: lock engine: pthread robust mutexes
May 09 09:04:47.883997 np0000173049 devstack@n-api-meta.service[109089]: thunder lock: enabled
May 09 09:04:47.883997 np0000173049 devstack@n-api-meta.service[109089]: uWSGI http bound on 0.0.0.0:8775 fd 5
May 09 09:04:47.883997 np0000173049 devstack@n-api-meta.service[109089]: uwsgi socket 0 bound to TCP address 127.0.0.1:33125 (port auto-assigned) fd 4
May 09 09:04:47.883997 np0000173049 devstack@n-api-meta.service[109089]: Python version: 3.12.3 (main, Mar 23 2026, 19:04:32) [GCC 13.3.0]
May 09 09:04:47.883997 np0000173049 devstack@n-api-meta.service[109089]: PEP 405 virtualenv detected: /opt/stack/data/venv
May 09 09:04:47.883997 np0000173049 devstack@n-api-meta.service[109089]: Set PythonHome to /opt/stack/data/venv
May 09 09:04:47.918806 np0000173049 devstack@n-api-meta.service[109089]: Python main interpreter initialized at 0x719b750a3668
May 09 09:04:47.918806 np0000173049 devstack@n-api-meta.service[109089]: python threads support enabled
May 09 09:04:47.918806 np0000173049 devstack@n-api-meta.service[109089]: your server socket listen backlog is limited to 100 connections
May 09 09:04:47.918806 np0000173049 devstack@n-api-meta.service[109089]: your mercy for graceful operations on workers is 80 seconds
May 09 09:04:47.919475 np0000173049 devstack@n-api-meta.service[109089]: mapped 671795 bytes (656 KB) for 4 cores
May 09 09:04:47.919656 np0000173049 devstack@n-api-meta.service[109089]: *** Operational MODE: preforking ***
May 09 09:04:47.919910 np0000173049 devstack@n-api-meta.service[109089]: *** uWSGI is running in multiple interpreter mode ***
May 09 09:04:47.919910 np0000173049 devstack@n-api-meta.service[109089]: spawned uWSGI master process (pid: 109089)
May 09 09:04:47.920044 np0000173049 systemd[1]: Started devstack@n-api-meta.service - Devstack devstack@n-api-meta.service.
May 09 09:04:47.920747 np0000173049 devstack@n-api-meta.service[109089]: spawned uWSGI worker 1 (pid: 109090, cores: 1)
May 09 09:04:47.921303 np0000173049 devstack@n-api-meta.service[109089]: spawned uWSGI worker 2 (pid: 109091, cores: 1)
May 09 09:04:47.921809 np0000173049 devstack@n-api-meta.service[109089]: spawned uWSGI worker 3 (pid: 109092, cores: 1)
May 09 09:04:47.922324 np0000173049 devstack@n-api-meta.service[109089]: spawned uWSGI worker 4 (pid: 109093, cores: 1)
May 09 09:04:47.922829 np0000173049 devstack@n-api-meta.service[109089]: spawned uWSGI http 1 (pid: 109094)
May 09 09:04:47.922829 np0000173049 devstack@n-api-meta.service[109089]: running "unix_signal:15 gracefully_kill_them_all" (master-start)...
May 09 09:04:48.229937 np0000173049 devstack@n-api-meta.service[109090]: /opt/stack/data/venv/lib/python3.12/site-packages/oslo_concurrency/lockutils.py:41: EventletDeprecationWarning:
May 09 09:04:48.229937 np0000173049 devstack@n-api-meta.service[109090]: Eventlet is deprecated. It is currently being maintained in bugfix mode, and
May 09 09:04:48.229937 np0000173049 devstack@n-api-meta.service[109090]: we strongly recommend against using it for new projects.
May 09 09:04:48.229937 np0000173049 devstack@n-api-meta.service[109090]: If you are already using Eventlet, we recommend migrating to a different
May 09 09:04:48.229937 np0000173049 devstack@n-api-meta.service[109090]: framework. For more detail see
May 09 09:04:48.229937 np0000173049 devstack@n-api-meta.service[109090]: https://eventlet.readthedocs.io/en/latest/asyncio/migration.html
May 09 09:04:48.229937 np0000173049 devstack@n-api-meta.service[109090]: import eventlet
May 09 09:04:48.234300 np0000173049 devstack@n-api-meta.service[109092]: /opt/stack/data/venv/lib/python3.12/site-packages/oslo_concurrency/lockutils.py:41: EventletDeprecationWarning:
May 09 09:04:48.234300 np0000173049 devstack@n-api-meta.service[109092]: Eventlet is deprecated. It is currently being maintained in bugfix mode, and
May 09 09:04:48.234300 np0000173049 devstack@n-api-meta.service[109092]: we strongly recommend against using it for new projects.
May 09 09:04:48.234300 np0000173049 devstack@n-api-meta.service[109092]: If you are already using Eventlet, we recommend migrating to a different
May 09 09:04:48.234300 np0000173049 devstack@n-api-meta.service[109092]: framework. For more detail see
May 09 09:04:48.234300 np0000173049 devstack@n-api-meta.service[109092]: https://eventlet.readthedocs.io/en/latest/asyncio/migration.html
May 09 09:04:48.234300 np0000173049 devstack@n-api-meta.service[109092]: import eventlet
May 09 09:04:48.238814 np0000173049 devstack@n-api-meta.service[109093]: /opt/stack/data/venv/lib/python3.12/site-packages/oslo_concurrency/lockutils.py:41: EventletDeprecationWarning:
May 09 09:04:48.238814 np0000173049 devstack@n-api-meta.service[109093]: Eventlet is deprecated. It is currently being maintained in bugfix mode, and
May 09 09:04:48.238814 np0000173049 devstack@n-api-meta.service[109093]: we strongly recommend against using it for new projects.
May 09 09:04:48.238814 np0000173049 devstack@n-api-meta.service[109093]: If you are already using Eventlet, we recommend migrating to a different
May 09 09:04:48.238814 np0000173049 devstack@n-api-meta.service[109093]: framework. For more detail see
May 09 09:04:48.238814 np0000173049 devstack@n-api-meta.service[109093]: https://eventlet.readthedocs.io/en/latest/asyncio/migration.html
May 09 09:04:48.238814 np0000173049 devstack@n-api-meta.service[109093]: import eventlet
May 09 09:04:48.248735 np0000173049 devstack@n-api-meta.service[109091]: /opt/stack/data/venv/lib/python3.12/site-packages/oslo_concurrency/lockutils.py:41: EventletDeprecationWarning:
May 09 09:04:48.248735 np0000173049 devstack@n-api-meta.service[109091]: Eventlet is deprecated. It is currently being maintained in bugfix mode, and
May 09 09:04:48.248735 np0000173049 devstack@n-api-meta.service[109091]: we strongly recommend against using it for new projects.
May 09 09:04:48.248735 np0000173049 devstack@n-api-meta.service[109091]: If you are already using Eventlet, we recommend migrating to a different
May 09 09:04:48.248735 np0000173049 devstack@n-api-meta.service[109091]: framework. For more detail see
May 09 09:04:48.248735 np0000173049 devstack@n-api-meta.service[109091]: https://eventlet.readthedocs.io/en/latest/asyncio/migration.html
May 09 09:04:48.248735 np0000173049 devstack@n-api-meta.service[109091]: import eventlet
May 09 09:04:48.276160 np0000173049 devstack@n-api-meta.service[109090]: Service is starting with native threading. This is currently experimental. Do not use it in production without first testing it in pre-production.
May 09 09:04:48.282678 np0000173049 devstack@n-api-meta.service[109092]: Service is starting with native threading. This is currently experimental. Do not use it in production without first testing it in pre-production.
May 09 09:04:48.284652 np0000173049 devstack@n-api-meta.service[109093]: Service is starting with native threading. This is currently experimental. Do not use it in production without first testing it in pre-production.
May 09 09:04:48.294774 np0000173049 devstack@n-api-meta.service[109091]: Service is starting with native threading. This is currently experimental. Do not use it in production without first testing it in pre-production.
May 09 09:04:49.684017 np0000173049 devstack@n-api-meta.service[109093]: INFO dbcounter [None req-195143f5-4f84-4e39-a6af-38fa71b42d93 None None] Registered counter for database nova_api
May 09 09:04:49.691026 np0000173049 devstack@n-api-meta.service[109090]: INFO dbcounter [None req-999a4995-a80b-4986-b12e-b11e14fcfe7c None None] Registered counter for database nova_api
May 09 09:04:49.697292 np0000173049 devstack@n-api-meta.service[109093]: DEBUG oslo_db.sqlalchemy.engines [None req-195143f5-4f84-4e39-a6af-38fa71b42d93 None None] MySQL server mode set to STRICT_TRANS_TABLES,STRICT_ALL_TABLES,NO_ZERO_IN_DATE,NO_ZERO_DATE,ERROR_FOR_DIVISION_BY_ZERO,TRADITIONAL,NO_ENGINE_SUBSTITUTION {{(pid=109093) _check_effective_sql_mode /opt/stack/data/venv/lib/python3.12/site-packages/oslo_db/sqlalchemy/engines.py:325}}
May 09 09:04:49.702296 np0000173049 devstack@n-api-meta.service[109091]: INFO dbcounter [None req-c0cba83b-a0cc-4cde-aabc-97344938d390 None None] Registered counter for database nova_api
May 09 09:04:49.703575 np0000173049 devstack@n-api-meta.service[109092]: INFO dbcounter [None req-f748485d-a8de-4865-b00c-db26c8fb5a1e None None] Registered counter for database nova_api
May 09 09:04:49.713091 np0000173049 devstack@n-api-meta.service[109090]: DEBUG oslo_db.sqlalchemy.engines [None req-999a4995-a80b-4986-b12e-b11e14fcfe7c None None] MySQL server mode set to STRICT_TRANS_TABLES,STRICT_ALL_TABLES,NO_ZERO_IN_DATE,NO_ZERO_DATE,ERROR_FOR_DIVISION_BY_ZERO,TRADITIONAL,NO_ENGINE_SUBSTITUTION {{(pid=109090) _check_effective_sql_mode /opt/stack/data/venv/lib/python3.12/site-packages/oslo_db/sqlalchemy/engines.py:325}}
May 09 09:04:49.721790 np0000173049 devstack@n-api-meta.service[109092]: DEBUG oslo_db.sqlalchemy.engines [None req-f748485d-a8de-4865-b00c-db26c8fb5a1e None None] MySQL server mode set to STRICT_TRANS_TABLES,STRICT_ALL_TABLES,NO_ZERO_IN_DATE,NO_ZERO_DATE,ERROR_FOR_DIVISION_BY_ZERO,TRADITIONAL,NO_ENGINE_SUBSTITUTION {{(pid=109092) _check_effective_sql_mode /opt/stack/data/venv/lib/python3.12/site-packages/oslo_db/sqlalchemy/engines.py:325}}
May 09 09:04:49.726352 np0000173049 devstack@n-api-meta.service[109091]: DEBUG oslo_db.sqlalchemy.engines [None req-c0cba83b-a0cc-4cde-aabc-97344938d390 None None] MySQL server mode set to STRICT_TRANS_TABLES,STRICT_ALL_TABLES,NO_ZERO_IN_DATE,NO_ZERO_DATE,ERROR_FOR_DIVISION_BY_ZERO,TRADITIONAL,NO_ENGINE_SUBSTITUTION {{(pid=109091) _check_effective_sql_mode /opt/stack/data/venv/lib/python3.12/site-packages/oslo_db/sqlalchemy/engines.py:325}}
May 09 09:04:49.729118 np0000173049 devstack@n-api-meta.service[109093]: DEBUG dbcounter [-] [109093] Writer thread running {{(pid=109093) stat_writer /opt/stack/data/venv/lib/python3.12/site-packages/dbcounter.py:102}}
May 09 09:04:49.731054 np0000173049 devstack@n-api-meta.service[109093]: DEBUG nova.context [None req-195143f5-4f84-4e39-a6af-38fa71b42d93 None None] Found 2 cells: 00000000-0000-0000-0000-000000000000(cell0),24d89082-2d9e-40d7-86e7-8bbeefdc9ce9(cell1) {{(pid=109093) load_cells /opt/stack/nova/nova/context.py:509}}
May 09 09:04:49.731271 np0000173049 devstack@n-api-meta.service[109093]: INFO nova.utils [None req-195143f5-4f84-4e39-a6af-38fa71b42d93 None None] The cell worker thread pool MainProcess.cell_worker is initialized
May 09 09:04:49.732974 np0000173049 devstack@n-api-meta.service[109093]: DEBUG oslo_concurrency.lockutils [None req-195143f5-4f84-4e39-a6af-38fa71b42d93 None None] Acquiring lock "00000000-0000-0000-0000-000000000000" by "nova.context.set_target_cell..get_or_set_cached_cell_and_set_connections" {{(pid=109093) inner /opt/stack/data/venv/lib/python3.12/site-packages/oslo_concurrency/lockutils.py:506}}
May 09 09:04:49.733137 np0000173049 devstack@n-api-meta.service[109093]: DEBUG oslo_concurrency.lockutils [None req-195143f5-4f84-4e39-a6af-38fa71b42d93 None None] Lock "00000000-0000-0000-0000-000000000000" acquired by "nova.context.set_target_cell..get_or_set_cached_cell_and_set_connections" :: waited 0.000s {{(pid=109093) inner /opt/stack/data/venv/lib/python3.12/site-packages/oslo_concurrency/lockutils.py:519}}
May 09 09:04:49.733475 np0000173049 devstack@n-api-meta.service[109093]: DEBUG oslo_concurrency.lockutils [None req-195143f5-4f84-4e39-a6af-38fa71b42d93 None None] Lock "00000000-0000-0000-0000-000000000000" "released" by "nova.context.set_target_cell..get_or_set_cached_cell_and_set_connections" :: held 0.000s {{(pid=109093) inner /opt/stack/data/venv/lib/python3.12/site-packages/oslo_concurrency/lockutils.py:538}}
May 09 09:04:49.734144 np0000173049 devstack@n-api-meta.service[109093]: DEBUG oslo_concurrency.lockutils [None req-195143f5-4f84-4e39-a6af-38fa71b42d93 None None] Acquiring lock "24d89082-2d9e-40d7-86e7-8bbeefdc9ce9" by "nova.context.set_target_cell..get_or_set_cached_cell_and_set_connections" {{(pid=109093) inner /opt/stack/data/venv/lib/python3.12/site-packages/oslo_concurrency/lockutils.py:506}}
May 09 09:04:49.734291 np0000173049 devstack@n-api-meta.service[109093]: DEBUG oslo_concurrency.lockutils [None req-195143f5-4f84-4e39-a6af-38fa71b42d93 None None] Lock "24d89082-2d9e-40d7-86e7-8bbeefdc9ce9" acquired by "nova.context.set_target_cell..get_or_set_cached_cell_and_set_connections" :: waited 0.000s {{(pid=109093) inner /opt/stack/data/venv/lib/python3.12/site-packages/oslo_concurrency/lockutils.py:519}}
May 09 09:04:49.735081 np0000173049 devstack@n-api-meta.service[109093]: DEBUG oslo_concurrency.lockutils [None req-195143f5-4f84-4e39-a6af-38fa71b42d93 None None] Lock "24d89082-2d9e-40d7-86e7-8bbeefdc9ce9" "released" by "nova.context.set_target_cell..get_or_set_cached_cell_and_set_connections" :: held 0.001s {{(pid=109093) inner /opt/stack/data/venv/lib/python3.12/site-packages/oslo_concurrency/lockutils.py:538}}
May 09 09:04:49.737453 np0000173049 devstack@n-api-meta.service[109093]: INFO dbcounter [None req-195143f5-4f84-4e39-a6af-38fa71b42d93 None None] Registered counter for database nova_cell0
May 09 09:04:49.744093 np0000173049 devstack@n-api-meta.service[109093]: INFO dbcounter [None req-195143f5-4f84-4e39-a6af-38fa71b42d93 None None] Registered counter for database nova_cell1
May 09 09:04:49.749051 np0000173049 devstack@n-api-meta.service[109090]: DEBUG dbcounter [-] [109090] Writer thread running {{(pid=109090) stat_writer /opt/stack/data/venv/lib/python3.12/site-packages/dbcounter.py:102}}
May 09 09:04:49.750255 np0000173049 devstack@n-api-meta.service[109092]: DEBUG dbcounter [-] [109092] Writer thread running {{(pid=109092) stat_writer /opt/stack/data/venv/lib/python3.12/site-packages/dbcounter.py:102}}
May 09 09:04:49.751326 np0000173049 devstack@n-api-meta.service[109090]: DEBUG nova.context [None req-999a4995-a80b-4986-b12e-b11e14fcfe7c None None] Found 2 cells: 00000000-0000-0000-0000-000000000000(cell0),24d89082-2d9e-40d7-86e7-8bbeefdc9ce9(cell1) {{(pid=109090) load_cells /opt/stack/nova/nova/context.py:509}}
May 09 09:04:49.751538 np0000173049 devstack@n-api-meta.service[109090]: INFO nova.utils [None req-999a4995-a80b-4986-b12e-b11e14fcfe7c None None] The cell worker thread pool MainProcess.cell_worker is initialized
May 09 09:04:49.752470 np0000173049 devstack@n-api-meta.service[109092]: DEBUG nova.context [None req-f748485d-a8de-4865-b00c-db26c8fb5a1e None None] Found 2 cells: 00000000-0000-0000-0000-000000000000(cell0),24d89082-2d9e-40d7-86e7-8bbeefdc9ce9(cell1) {{(pid=109092) load_cells /opt/stack/nova/nova/context.py:509}}
May 09 09:04:49.752681 np0000173049 devstack@n-api-meta.service[109092]: INFO nova.utils [None req-f748485d-a8de-4865-b00c-db26c8fb5a1e None None] The cell worker thread pool MainProcess.cell_worker is initialized
May 09 09:04:49.752802 np0000173049 devstack@n-api-meta.service[109093]: DEBUG oslo_db.sqlalchemy.engines [None req-195143f5-4f84-4e39-a6af-38fa71b42d93 None None] MySQL server mode set to STRICT_TRANS_TABLES,STRICT_ALL_TABLES,NO_ZERO_IN_DATE,NO_ZERO_DATE,ERROR_FOR_DIVISION_BY_ZERO,TRADITIONAL,NO_ENGINE_SUBSTITUTION {{(pid=109093) _check_effective_sql_mode /opt/stack/data/venv/lib/python3.12/site-packages/oslo_db/sqlalchemy/engines.py:325}}
May 09 09:04:49.753595 np0000173049 devstack@n-api-meta.service[109090]: DEBUG oslo_concurrency.lockutils [None req-999a4995-a80b-4986-b12e-b11e14fcfe7c None None] Acquiring lock "00000000-0000-0000-0000-000000000000" by "nova.context.set_target_cell..get_or_set_cached_cell_and_set_connections" {{(pid=109090) inner /opt/stack/data/venv/lib/python3.12/site-packages/oslo_concurrency/lockutils.py:506}}
May 09 09:04:49.753820 np0000173049 devstack@n-api-meta.service[109090]: DEBUG oslo_concurrency.lockutils [None req-999a4995-a80b-4986-b12e-b11e14fcfe7c None None] Lock "00000000-0000-0000-0000-000000000000" acquired by "nova.context.set_target_cell..get_or_set_cached_cell_and_set_connections" :: waited 0.000s {{(pid=109090) inner /opt/stack/data/venv/lib/python3.12/site-packages/oslo_concurrency/lockutils.py:519}}
May 09 09:04:49.754313 np0000173049 devstack@n-api-meta.service[109090]: DEBUG oslo_concurrency.lockutils [None req-999a4995-a80b-4986-b12e-b11e14fcfe7c None None] Lock "00000000-0000-0000-0000-000000000000" "released" by "nova.context.set_target_cell..get_or_set_cached_cell_and_set_connections" :: held 0.000s {{(pid=109090) inner /opt/stack/data/venv/lib/python3.12/site-packages/oslo_concurrency/lockutils.py:538}}
May 09 09:04:49.754388 np0000173049 devstack@n-api-meta.service[109092]: DEBUG oslo_concurrency.lockutils [None req-f748485d-a8de-4865-b00c-db26c8fb5a1e None None] Acquiring lock "00000000-0000-0000-0000-000000000000" by "nova.context.set_target_cell..get_or_set_cached_cell_and_set_connections" {{(pid=109092) inner /opt/stack/data/venv/lib/python3.12/site-packages/oslo_concurrency/lockutils.py:506}}
May 09 09:04:49.754458 np0000173049 devstack@n-api-meta.service[109092]: DEBUG oslo_concurrency.lockutils [None req-f748485d-a8de-4865-b00c-db26c8fb5a1e None None] Lock "00000000-0000-0000-0000-000000000000" acquired by "nova.context.set_target_cell..get_or_set_cached_cell_and_set_connections" :: waited 0.000s {{(pid=109092) inner /opt/stack/data/venv/lib/python3.12/site-packages/oslo_concurrency/lockutils.py:519}}
May 09 09:04:49.754810 np0000173049 devstack@n-api-meta.service[109092]: DEBUG oslo_concurrency.lockutils [None req-f748485d-a8de-4865-b00c-db26c8fb5a1e None None] Lock "00000000-0000-0000-0000-000000000000" "released" by "nova.context.set_target_cell..get_or_set_cached_cell_and_set_connections" :: held 0.000s {{(pid=109092) inner /opt/stack/data/venv/lib/python3.12/site-packages/oslo_concurrency/lockutils.py:538}}
May 09 09:04:49.755143 np0000173049 devstack@n-api-meta.service[109090]: DEBUG oslo_concurrency.lockutils [None req-999a4995-a80b-4986-b12e-b11e14fcfe7c None None] Acquiring lock "24d89082-2d9e-40d7-86e7-8bbeefdc9ce9" by "nova.context.set_target_cell..get_or_set_cached_cell_and_set_connections" {{(pid=109090) inner /opt/stack/data/venv/lib/python3.12/site-packages/oslo_concurrency/lockutils.py:506}}
May 09 09:04:49.755353 np0000173049 devstack@n-api-meta.service[109090]: DEBUG oslo_concurrency.lockutils [None req-999a4995-a80b-4986-b12e-b11e14fcfe7c None None] Lock "24d89082-2d9e-40d7-86e7-8bbeefdc9ce9" acquired by "nova.context.set_target_cell..get_or_set_cached_cell_and_set_connections" :: waited 0.000s {{(pid=109090) inner /opt/stack/data/venv/lib/python3.12/site-packages/oslo_concurrency/lockutils.py:519}}
May 09 09:04:49.755498 np0000173049 devstack@n-api-meta.service[109092]: DEBUG oslo_concurrency.lockutils [None req-f748485d-a8de-4865-b00c-db26c8fb5a1e None None] Acquiring lock "24d89082-2d9e-40d7-86e7-8bbeefdc9ce9" by "nova.context.set_target_cell..get_or_set_cached_cell_and_set_connections" {{(pid=109092) inner /opt/stack/data/venv/lib/python3.12/site-packages/oslo_concurrency/lockutils.py:506}}
May 09 09:04:49.755645 np0000173049 devstack@n-api-meta.service[109092]: DEBUG oslo_concurrency.lockutils [None req-f748485d-a8de-4865-b00c-db26c8fb5a1e None None] Lock "24d89082-2d9e-40d7-86e7-8bbeefdc9ce9" acquired by "nova.context.set_target_cell..get_or_set_cached_cell_and_set_connections" :: waited 0.000s {{(pid=109092) inner /opt/stack/data/venv/lib/python3.12/site-packages/oslo_concurrency/lockutils.py:519}}
May 09 09:04:49.756474 np0000173049 devstack@n-api-meta.service[109092]: DEBUG oslo_concurrency.lockutils [None req-f748485d-a8de-4865-b00c-db26c8fb5a1e None None] Lock "24d89082-2d9e-40d7-86e7-8bbeefdc9ce9" "released" by "nova.context.set_target_cell..get_or_set_cached_cell_and_set_connections" :: held 0.001s {{(pid=109092) inner /opt/stack/data/venv/lib/python3.12/site-packages/oslo_concurrency/lockutils.py:538}}
May 09 09:04:49.757572 np0000173049 devstack@n-api-meta.service[109093]: DEBUG oslo_db.sqlalchemy.engines [None req-195143f5-4f84-4e39-a6af-38fa71b42d93 None None] MySQL server mode set to STRICT_TRANS_TABLES,STRICT_ALL_TABLES,NO_ZERO_IN_DATE,NO_ZERO_DATE,ERROR_FOR_DIVISION_BY_ZERO,TRADITIONAL,NO_ENGINE_SUBSTITUTION {{(pid=109093) _check_effective_sql_mode /opt/stack/data/venv/lib/python3.12/site-packages/oslo_db/sqlalchemy/engines.py:325}}
May 09 09:04:49.757873 np0000173049 devstack@n-api-meta.service[109091]: DEBUG dbcounter [-] [109091] Writer thread running {{(pid=109091) stat_writer /opt/stack/data/venv/lib/python3.12/site-packages/dbcounter.py:102}}
May 09 09:04:49.759591 np0000173049 devstack@n-api-meta.service[109092]: INFO dbcounter [None req-f748485d-a8de-4865-b00c-db26c8fb5a1e None None] Registered counter for database nova_cell0
May 09 09:04:49.760014 np0000173049 devstack@n-api-meta.service[109090]: INFO dbcounter [None req-999a4995-a80b-4986-b12e-b11e14fcfe7c None None] Registered counter for database nova_cell0
May 09 09:04:49.760355 np0000173049 devstack@n-api-meta.service[109091]: DEBUG nova.context [None req-c0cba83b-a0cc-4cde-aabc-97344938d390 None None] Found 2 cells: 00000000-0000-0000-0000-000000000000(cell0),24d89082-2d9e-40d7-86e7-8bbeefdc9ce9(cell1) {{(pid=109091) load_cells /opt/stack/nova/nova/context.py:509}}
May 09 09:04:49.760565 np0000173049 devstack@n-api-meta.service[109091]: INFO nova.utils [None req-c0cba83b-a0cc-4cde-aabc-97344938d390 None None] The cell worker thread pool MainProcess.cell_worker is initialized
May 09 09:04:49.762259 np0000173049 devstack@n-api-meta.service[109091]: DEBUG oslo_concurrency.lockutils [None req-c0cba83b-a0cc-4cde-aabc-97344938d390 None None] Acquiring lock "00000000-0000-0000-0000-000000000000" by "nova.context.set_target_cell..get_or_set_cached_cell_and_set_connections" {{(pid=109091) inner /opt/stack/data/venv/lib/python3.12/site-packages/oslo_concurrency/lockutils.py:506}}
May 09 09:04:49.762425 np0000173049 devstack@n-api-meta.service[109091]: DEBUG oslo_concurrency.lockutils [None req-c0cba83b-a0cc-4cde-aabc-97344938d390 None None] Lock "00000000-0000-0000-0000-000000000000" acquired by "nova.context.set_target_cell..get_or_set_cached_cell_and_set_connections" :: waited 0.000s {{(pid=109091) inner /opt/stack/data/venv/lib/python3.12/site-packages/oslo_concurrency/lockutils.py:519}}
May 09 09:04:49.762769 np0000173049 devstack@n-api-meta.service[109091]: DEBUG oslo_concurrency.lockutils [None req-c0cba83b-a0cc-4cde-aabc-97344938d390 None None] Lock "00000000-0000-0000-0000-000000000000" "released" by "nova.context.set_target_cell..get_or_set_cached_cell_and_set_connections" :: held 0.000s {{(pid=109091) inner /opt/stack/data/venv/lib/python3.12/site-packages/oslo_concurrency/lockutils.py:538}}
May 09 09:04:49.763141 np0000173049 devstack@n-api-meta.service[109090]: DEBUG oslo_concurrency.lockutils [None req-999a4995-a80b-4986-b12e-b11e14fcfe7c None None] Lock "24d89082-2d9e-40d7-86e7-8bbeefdc9ce9" "released" by "nova.context.set_target_cell..get_or_set_cached_cell_and_set_connections" :: held 0.004s {{(pid=109090) inner /opt/stack/data/venv/lib/python3.12/site-packages/oslo_concurrency/lockutils.py:538}}
May 09 09:04:49.763545 np0000173049 devstack@n-api-meta.service[109091]: DEBUG oslo_concurrency.lockutils [None req-c0cba83b-a0cc-4cde-aabc-97344938d390 None None] Acquiring lock "24d89082-2d9e-40d7-86e7-8bbeefdc9ce9" by "nova.context.set_target_cell..get_or_set_cached_cell_and_set_connections" {{(pid=109091) inner /opt/stack/data/venv/lib/python3.12/site-packages/oslo_concurrency/lockutils.py:506}}
May 09 09:04:49.763695 np0000173049 devstack@n-api-meta.service[109091]: DEBUG oslo_concurrency.lockutils [None req-c0cba83b-a0cc-4cde-aabc-97344938d390 None None] Lock "24d89082-2d9e-40d7-86e7-8bbeefdc9ce9" acquired by "nova.context.set_target_cell..get_or_set_cached_cell_and_set_connections" :: waited 0.000s {{(pid=109091) inner /opt/stack/data/venv/lib/python3.12/site-packages/oslo_concurrency/lockutils.py:519}}
May 09 09:04:49.767153 np0000173049 devstack@n-api-meta.service[109091]: DEBUG oslo_concurrency.lockutils [None req-c0cba83b-a0cc-4cde-aabc-97344938d390 None None] Lock "24d89082-2d9e-40d7-86e7-8bbeefdc9ce9" "released" by "nova.context.set_target_cell..get_or_set_cached_cell_and_set_connections" :: held 0.001s {{(pid=109091) inner /opt/stack/data/venv/lib/python3.12/site-packages/oslo_concurrency/lockutils.py:538}}
May 09 09:04:49.767224 np0000173049 devstack@n-api-meta.service[109092]: INFO dbcounter [None req-f748485d-a8de-4865-b00c-db26c8fb5a1e None None] Registered counter for database nova_cell1
May 09 09:04:49.767285 np0000173049 devstack@n-api-meta.service[109090]: INFO dbcounter [None req-999a4995-a80b-4986-b12e-b11e14fcfe7c None None] Registered counter for database nova_cell1
May 09 09:04:49.768668 np0000173049 devstack@n-api-meta.service[109091]: INFO dbcounter [None req-c0cba83b-a0cc-4cde-aabc-97344938d390 None None] Registered counter for database nova_cell0
May 09 09:04:49.772692 np0000173049 devstack@n-api-meta.service[109090]: DEBUG oslo_db.sqlalchemy.engines [None req-999a4995-a80b-4986-b12e-b11e14fcfe7c None None] MySQL server mode set to STRICT_TRANS_TABLES,STRICT_ALL_TABLES,NO_ZERO_IN_DATE,NO_ZERO_DATE,ERROR_FOR_DIVISION_BY_ZERO,TRADITIONAL,NO_ENGINE_SUBSTITUTION {{(pid=109090) _check_effective_sql_mode /opt/stack/data/venv/lib/python3.12/site-packages/oslo_db/sqlalchemy/engines.py:325}}
May 09 09:04:49.773526 np0000173049 devstack@n-api-meta.service[109091]: INFO dbcounter [None req-c0cba83b-a0cc-4cde-aabc-97344938d390 None None] Registered counter for database nova_cell1
May 09 09:04:49.780391 np0000173049 devstack@n-api-meta.service[109090]: DEBUG oslo_db.sqlalchemy.engines [None req-999a4995-a80b-4986-b12e-b11e14fcfe7c None None] MySQL server mode set to STRICT_TRANS_TABLES,STRICT_ALL_TABLES,NO_ZERO_IN_DATE,NO_ZERO_DATE,ERROR_FOR_DIVISION_BY_ZERO,TRADITIONAL,NO_ENGINE_SUBSTITUTION {{(pid=109090) _check_effective_sql_mode /opt/stack/data/venv/lib/python3.12/site-packages/oslo_db/sqlalchemy/engines.py:325}}
May 09 09:04:49.784709 np0000173049 devstack@n-api-meta.service[109092]: DEBUG oslo_db.sqlalchemy.engines [None req-f748485d-a8de-4865-b00c-db26c8fb5a1e None None] MySQL server mode set to STRICT_TRANS_TABLES,STRICT_ALL_TABLES,NO_ZERO_IN_DATE,NO_ZERO_DATE,ERROR_FOR_DIVISION_BY_ZERO,TRADITIONAL,NO_ENGINE_SUBSTITUTION {{(pid=109092) _check_effective_sql_mode /opt/stack/data/venv/lib/python3.12/site-packages/oslo_db/sqlalchemy/engines.py:325}}
May 09 09:04:49.790687 np0000173049 devstack@n-api-meta.service[109092]: DEBUG oslo_db.sqlalchemy.engines [None req-f748485d-a8de-4865-b00c-db26c8fb5a1e None None] MySQL server mode set to STRICT_TRANS_TABLES,STRICT_ALL_TABLES,NO_ZERO_IN_DATE,NO_ZERO_DATE,ERROR_FOR_DIVISION_BY_ZERO,TRADITIONAL,NO_ENGINE_SUBSTITUTION {{(pid=109092) _check_effective_sql_mode /opt/stack/data/venv/lib/python3.12/site-packages/oslo_db/sqlalchemy/engines.py:325}}
May 09 09:04:49.793743 np0000173049 devstack@n-api-meta.service[109091]: DEBUG oslo_db.sqlalchemy.engines [None req-c0cba83b-a0cc-4cde-aabc-97344938d390 None None] MySQL server mode set to STRICT_TRANS_TABLES,STRICT_ALL_TABLES,NO_ZERO_IN_DATE,NO_ZERO_DATE,ERROR_FOR_DIVISION_BY_ZERO,TRADITIONAL,NO_ENGINE_SUBSTITUTION {{(pid=109091) _check_effective_sql_mode /opt/stack/data/venv/lib/python3.12/site-packages/oslo_db/sqlalchemy/engines.py:325}}
May 09 09:04:49.800296 np0000173049 devstack@n-api-meta.service[109091]: DEBUG oslo_db.sqlalchemy.engines [None req-c0cba83b-a0cc-4cde-aabc-97344938d390 None None] MySQL server mode set to STRICT_TRANS_TABLES,STRICT_ALL_TABLES,NO_ZERO_IN_DATE,NO_ZERO_DATE,ERROR_FOR_DIVISION_BY_ZERO,TRADITIONAL,NO_ENGINE_SUBSTITUTION {{(pid=109091) _check_effective_sql_mode /opt/stack/data/venv/lib/python3.12/site-packages/oslo_db/sqlalchemy/engines.py:325}}
May 09 09:04:49.841743 np0000173049 devstack@n-api-meta.service[109093]: DEBUG dbcounter [-] [109093] Writer thread running {{(pid=109093) stat_writer /opt/stack/data/venv/lib/python3.12/site-packages/dbcounter.py:102}}
May 09 09:04:49.848353 np0000173049 devstack@n-api-meta.service[109093]: DEBUG dbcounter [-] [109093] Writer thread running {{(pid=109093) stat_writer /opt/stack/data/venv/lib/python3.12/site-packages/dbcounter.py:102}}
May 09 09:04:49.853404 np0000173049 devstack@n-api-meta.service[109093]: INFO dbcounter [None req-195143f5-4f84-4e39-a6af-38fa71b42d93 None None] Registered counter for database nova_cell0
May 09 09:04:49.860236 np0000173049 devstack@n-api-meta.service[109093]: DEBUG oslo_db.sqlalchemy.engines [None req-195143f5-4f84-4e39-a6af-38fa71b42d93 None None] MySQL server mode set to STRICT_TRANS_TABLES,STRICT_ALL_TABLES,NO_ZERO_IN_DATE,NO_ZERO_DATE,ERROR_FOR_DIVISION_BY_ZERO,TRADITIONAL,NO_ENGINE_SUBSTITUTION {{(pid=109093) _check_effective_sql_mode /opt/stack/data/venv/lib/python3.12/site-packages/oslo_db/sqlalchemy/engines.py:325}}
May 09 09:04:49.866950 np0000173049 devstack@n-api-meta.service[109093]: DEBUG dbcounter [-] [109093] Writer thread running {{(pid=109093) stat_writer /opt/stack/data/venv/lib/python3.12/site-packages/dbcounter.py:102}}
May 09 09:04:49.869503 np0000173049 devstack@n-api-meta.service[109090]: DEBUG dbcounter [-] [109090] Writer thread running {{(pid=109090) stat_writer /opt/stack/data/venv/lib/python3.12/site-packages/dbcounter.py:102}}
May 09 09:04:49.875578 np0000173049 devstack@n-api-meta.service[109090]: DEBUG dbcounter [-] [109090] Writer thread running {{(pid=109090) stat_writer /opt/stack/data/venv/lib/python3.12/site-packages/dbcounter.py:102}}
May 09 09:04:49.880809 np0000173049 devstack@n-api-meta.service[109090]: INFO dbcounter [None req-999a4995-a80b-4986-b12e-b11e14fcfe7c None None] Registered counter for database nova_cell0
May 09 09:04:49.891502 np0000173049 devstack@n-api-meta.service[109090]: DEBUG oslo_db.sqlalchemy.engines [None req-999a4995-a80b-4986-b12e-b11e14fcfe7c None None] MySQL server mode set to STRICT_TRANS_TABLES,STRICT_ALL_TABLES,NO_ZERO_IN_DATE,NO_ZERO_DATE,ERROR_FOR_DIVISION_BY_ZERO,TRADITIONAL,NO_ENGINE_SUBSTITUTION {{(pid=109090) _check_effective_sql_mode /opt/stack/data/venv/lib/python3.12/site-packages/oslo_db/sqlalchemy/engines.py:325}}
May 09 09:04:49.893281 np0000173049 devstack@n-api-meta.service[109091]: DEBUG dbcounter [-] [109091] Writer thread running {{(pid=109091) stat_writer /opt/stack/data/venv/lib/python3.12/site-packages/dbcounter.py:102}}
May 09 09:04:49.894484 np0000173049 devstack@n-api-meta.service[109092]: DEBUG dbcounter [-] [109092] Writer thread running {{(pid=109092) stat_writer /opt/stack/data/venv/lib/python3.12/site-packages/dbcounter.py:102}}
May 09 09:04:49.895703 np0000173049 devstack@n-api-meta.service[109092]: DEBUG dbcounter [-] [109092] Writer thread running {{(pid=109092) stat_writer /opt/stack/data/venv/lib/python3.12/site-packages/dbcounter.py:102}}
May 09 09:04:49.898953 np0000173049 devstack@n-api-meta.service[109090]: DEBUG dbcounter [-] [109090] Writer thread running {{(pid=109090) stat_writer /opt/stack/data/venv/lib/python3.12/site-packages/dbcounter.py:102}}
May 09 09:04:49.899069 np0000173049 devstack@n-api-meta.service[109091]: DEBUG dbcounter [-] [109091] Writer thread running {{(pid=109091) stat_writer /opt/stack/data/venv/lib/python3.12/site-packages/dbcounter.py:102}}
May 09 09:04:49.902187 np0000173049 devstack@n-api-meta.service[109092]: INFO dbcounter [None req-f748485d-a8de-4865-b00c-db26c8fb5a1e None None] Registered counter for database nova_cell0
May 09 09:04:49.904792 np0000173049 devstack@n-api-meta.service[109093]: WARNING nova.api.metadata.handler [None req-195143f5-4f84-4e39-a6af-38fa71b42d93 None None] metadata_proxy_shared_secret is not configured, the metadata information returned by the proxy cannot be trusted
May 09 09:04:49.905500 np0000173049 devstack@n-api-meta.service[109091]: INFO dbcounter [None req-c0cba83b-a0cc-4cde-aabc-97344938d390 None None] Registered counter for database nova_cell0
May 09 09:04:49.907080 np0000173049 devstack@n-api-meta.service[109093]: DEBUG nova.api.openstack.wsgi_app [None req-195143f5-4f84-4e39-a6af-38fa71b42d93 None None] ******************************************************************************** {{(pid=109093) log_opt_values /opt/stack/data/venv/lib/python3.12/site-packages/oslo_config/cfg.py:2979}}
May 09 09:04:49.907143 np0000173049 devstack@n-api-meta.service[109093]: DEBUG nova.api.openstack.wsgi_app [None req-195143f5-4f84-4e39-a6af-38fa71b42d93 None None] Configuration options gathered from: {{(pid=109093) log_opt_values /opt/stack/data/venv/lib/python3.12/site-packages/oslo_config/cfg.py:2980}}
May 09 09:04:49.907241 np0000173049 devstack@n-api-meta.service[109093]: DEBUG nova.api.openstack.wsgi_app [None req-195143f5-4f84-4e39-a6af-38fa71b42d93 None None] command line args: [] {{(pid=109093) log_opt_values /opt/stack/data/venv/lib/python3.12/site-packages/oslo_config/cfg.py:2981}}
May 09 09:04:49.907385 np0000173049 devstack@n-api-meta.service[109093]: DEBUG nova.api.openstack.wsgi_app [None req-195143f5-4f84-4e39-a6af-38fa71b42d93 None None] config files: ['/etc/nova/api-paste.ini', '/etc/nova/nova.conf'] {{(pid=109093) log_opt_values /opt/stack/data/venv/lib/python3.12/site-packages/oslo_config/cfg.py:2982}}
May 09 09:04:49.907492 np0000173049 devstack@n-api-meta.service[109093]: DEBUG nova.api.openstack.wsgi_app [None req-195143f5-4f84-4e39-a6af-38fa71b42d93 None None] ================================================================================ {{(pid=109093) log_opt_values /opt/stack/data/venv/lib/python3.12/site-packages/oslo_config/cfg.py:2987}}
May 09 09:04:49.907657 np0000173049 devstack@n-api-meta.service[109093]: DEBUG nova.api.openstack.wsgi_app [None req-195143f5-4f84-4e39-a6af-38fa71b42d93 None None] allow_resize_to_same_host = True {{(pid=109093) log_opt_values /opt/stack/data/venv/lib/python3.12/site-packages/oslo_config/cfg.py:2995}}
May 09 09:04:49.907784 np0000173049 devstack@n-api-meta.service[109093]: DEBUG nova.api.openstack.wsgi_app [None req-195143f5-4f84-4e39-a6af-38fa71b42d93 None None] arq_binding_timeout = 300 {{(pid=109093) log_opt_values /opt/stack/data/venv/lib/python3.12/site-packages/oslo_config/cfg.py:2995}}
May 09 09:04:49.907929 np0000173049 devstack@n-api-meta.service[109093]: DEBUG nova.api.openstack.wsgi_app [None req-195143f5-4f84-4e39-a6af-38fa71b42d93 None None] block_device_allocate_retries = 60 {{(pid=109093) log_opt_values /opt/stack/data/venv/lib/python3.12/site-packages/oslo_config/cfg.py:2995}}
May 09 09:04:49.908096 np0000173049 devstack@n-api-meta.service[109093]: DEBUG nova.api.openstack.wsgi_app [None req-195143f5-4f84-4e39-a6af-38fa71b42d93 None None] block_device_allocate_retries_interval = 3 {{(pid=109093) log_opt_values /opt/stack/data/venv/lib/python3.12/site-packages/oslo_config/cfg.py:2995}}
May 09 09:04:49.908252 np0000173049 devstack@n-api-meta.service[109093]: DEBUG nova.api.openstack.wsgi_app [None req-195143f5-4f84-4e39-a6af-38fa71b42d93 None None] cell_worker_thread_pool_size = 5 {{(pid=109093) log_opt_values /opt/stack/data/venv/lib/python3.12/site-packages/oslo_config/cfg.py:2995}}
May 09 09:04:49.908392 np0000173049 devstack@n-api-meta.service[109093]: DEBUG nova.api.openstack.wsgi_app [None req-195143f5-4f84-4e39-a6af-38fa71b42d93 None None] cert = self.pem {{(pid=109093) log_opt_values /opt/stack/data/venv/lib/python3.12/site-packages/oslo_config/cfg.py:2995}}
May 09 09:04:49.908522 np0000173049 devstack@n-api-meta.service[109093]: DEBUG nova.api.openstack.wsgi_app [None req-195143f5-4f84-4e39-a6af-38fa71b42d93 None None] compute_driver = libvirt.LibvirtDriver {{(pid=109093) log_opt_values /opt/stack/data/venv/lib/python3.12/site-packages/oslo_config/cfg.py:2995}}
May 09 09:04:49.908653 np0000173049 devstack@n-api-meta.service[109093]: DEBUG nova.api.openstack.wsgi_app [None req-195143f5-4f84-4e39-a6af-38fa71b42d93 None None] compute_monitors = [] {{(pid=109093) log_opt_values /opt/stack/data/venv/lib/python3.12/site-packages/oslo_config/cfg.py:2995}}
May 09 09:04:49.908788 np0000173049 devstack@n-api-meta.service[109093]: DEBUG nova.api.openstack.wsgi_app [None req-195143f5-4f84-4e39-a6af-38fa71b42d93 None None] config_dir = [] {{(pid=109093) log_opt_values /opt/stack/data/venv/lib/python3.12/site-packages/oslo_config/cfg.py:2995}}
May 09 09:04:49.908942 np0000173049 devstack@n-api-meta.service[109093]: DEBUG nova.api.openstack.wsgi_app [None req-195143f5-4f84-4e39-a6af-38fa71b42d93 None None] config_drive_format = iso9660 {{(pid=109093) log_opt_values /opt/stack/data/venv/lib/python3.12/site-packages/oslo_config/cfg.py:2995}}
May 09 09:04:49.909054 np0000173049 devstack@n-api-meta.service[109093]: DEBUG nova.api.openstack.wsgi_app [None req-195143f5-4f84-4e39-a6af-38fa71b42d93 None None] config_file = ['/etc/nova/api-paste.ini', '/etc/nova/nova.conf'] {{(pid=109093) log_opt_values /opt/stack/data/venv/lib/python3.12/site-packages/oslo_config/cfg.py:2995}}
May 09 09:04:49.909179 np0000173049 devstack@n-api-meta.service[109093]: DEBUG nova.api.openstack.wsgi_app [None req-195143f5-4f84-4e39-a6af-38fa71b42d93 None None] config_source = [] {{(pid=109093) log_opt_values /opt/stack/data/venv/lib/python3.12/site-packages/oslo_config/cfg.py:2995}}
May 09 09:04:49.909309 np0000173049 devstack@n-api-meta.service[109093]: DEBUG nova.api.openstack.wsgi_app [None req-195143f5-4f84-4e39-a6af-38fa71b42d93 None None] console_host = np0000173049 {{(pid=109093) log_opt_values /opt/stack/data/venv/lib/python3.12/site-packages/oslo_config/cfg.py:2995}}
May 09 09:04:49.909438 np0000173049 devstack@n-api-meta.service[109093]: DEBUG nova.api.openstack.wsgi_app [None req-195143f5-4f84-4e39-a6af-38fa71b42d93 None None] control_exchange = nova {{(pid=109093) log_opt_values /opt/stack/data/venv/lib/python3.12/site-packages/oslo_config/cfg.py:2995}}
May 09 09:04:49.909610 np0000173049 devstack@n-api-meta.service[109093]: DEBUG nova.api.openstack.wsgi_app [None req-195143f5-4f84-4e39-a6af-38fa71b42d93 None None] cpu_allocation_ratio = None {{(pid=109093) log_opt_values /opt/stack/data/venv/lib/python3.12/site-packages/oslo_config/cfg.py:2995}}
May 09 09:04:49.909683 np0000173049 devstack@n-api-meta.service[109093]: DEBUG nova.api.openstack.wsgi_app [None req-195143f5-4f84-4e39-a6af-38fa71b42d93 None None] daemon = False {{(pid=109093) log_opt_values /opt/stack/data/venv/lib/python3.12/site-packages/oslo_config/cfg.py:2995}}
May 09 09:04:49.909805 np0000173049 devstack@n-api-meta.service[109093]: DEBUG nova.api.openstack.wsgi_app [None req-195143f5-4f84-4e39-a6af-38fa71b42d93 None None] debug = True {{(pid=109093) log_opt_values /opt/stack/data/venv/lib/python3.12/site-packages/oslo_config/cfg.py:2995}}
May 09 09:04:49.909942 np0000173049 devstack@n-api-meta.service[109093]: DEBUG nova.api.openstack.wsgi_app [None req-195143f5-4f84-4e39-a6af-38fa71b42d93 None None] default_access_ip_network_name = None {{(pid=109093) log_opt_values /opt/stack/data/venv/lib/python3.12/site-packages/oslo_config/cfg.py:2995}}
May 09 09:04:49.910072 np0000173049 devstack@n-api-meta.service[109093]: DEBUG nova.api.openstack.wsgi_app [None req-195143f5-4f84-4e39-a6af-38fa71b42d93 None None] default_availability_zone = nova {{(pid=109093) log_opt_values /opt/stack/data/venv/lib/python3.12/site-packages/oslo_config/cfg.py:2995}}
May 09 09:04:49.910197 np0000173049 devstack@n-api-meta.service[109093]: DEBUG nova.api.openstack.wsgi_app [None req-195143f5-4f84-4e39-a6af-38fa71b42d93 None None] default_ephemeral_format = ext4 {{(pid=109093) log_opt_values /opt/stack/data/venv/lib/python3.12/site-packages/oslo_config/cfg.py:2995}}
May 09 09:04:49.910322 np0000173049 devstack@n-api-meta.service[109093]: DEBUG nova.api.openstack.wsgi_app [None req-195143f5-4f84-4e39-a6af-38fa71b42d93 None None] default_green_pool_size = 1000 {{(pid=109093) log_opt_values /opt/stack/data/venv/lib/python3.12/site-packages/oslo_config/cfg.py:2995}}
May 09 09:04:49.910516 np0000173049 devstack@n-api-meta.service[109093]: DEBUG nova.api.openstack.wsgi_app [None req-195143f5-4f84-4e39-a6af-38fa71b42d93 None None] default_log_levels = ['amqp=WARN', 'boto=WARN', 'sqlalchemy=WARN', 'suds=INFO', 'oslo.messaging=INFO', 'oslo_messaging=INFO', 'iso8601=WARN', 'requests.packages.urllib3.connectionpool=WARN', 'urllib3.connectionpool=WARN', 'websocket=WARN', 'requests.packages.urllib3.util.retry=WARN', 'urllib3.util.retry=WARN', 'keystonemiddleware=WARN', 'routes.middleware=WARN', 'stevedore=WARN', 'taskflow=WARN', 'keystoneauth=WARN', 'oslo.cache=INFO', 'oslo_policy=INFO', 'dogpile.core.dogpile=INFO', 'glanceclient=WARN', 'oslo.privsep.daemon=INFO'] {{(pid=109093) log_opt_values /opt/stack/data/venv/lib/python3.12/site-packages/oslo_config/cfg.py:2995}}
May 09 09:04:49.910646 np0000173049 devstack@n-api-meta.service[109093]: DEBUG nova.api.openstack.wsgi_app [None req-195143f5-4f84-4e39-a6af-38fa71b42d93 None None] default_schedule_zone = None {{(pid=109093) log_opt_values /opt/stack/data/venv/lib/python3.12/site-packages/oslo_config/cfg.py:2995}}
May 09 09:04:49.910767 np0000173049 devstack@n-api-meta.service[109093]: DEBUG nova.api.openstack.wsgi_app [None req-195143f5-4f84-4e39-a6af-38fa71b42d93 None None] default_thread_pool_size = 10 {{(pid=109093) log_opt_values /opt/stack/data/venv/lib/python3.12/site-packages/oslo_config/cfg.py:2995}}
May 09 09:04:49.910886 np0000173049 devstack@n-api-meta.service[109093]: DEBUG nova.api.openstack.wsgi_app [None req-195143f5-4f84-4e39-a6af-38fa71b42d93 None None] disk_allocation_ratio = None {{(pid=109093) log_opt_values /opt/stack/data/venv/lib/python3.12/site-packages/oslo_config/cfg.py:2995}}
May 09 09:04:49.911027 np0000173049 devstack@n-api-meta.service[109093]: DEBUG nova.api.openstack.wsgi_app [None req-195143f5-4f84-4e39-a6af-38fa71b42d93 None None] enable_new_services = True {{(pid=109093) log_opt_values /opt/stack/data/venv/lib/python3.12/site-packages/oslo_config/cfg.py:2995}}
May 09 09:04:49.911149 np0000173049 devstack@n-api-meta.service[109093]: DEBUG nova.api.openstack.wsgi_app [None req-195143f5-4f84-4e39-a6af-38fa71b42d93 None None] flat_injected = False {{(pid=109093) log_opt_values /opt/stack/data/venv/lib/python3.12/site-packages/oslo_config/cfg.py:2995}}
May 09 09:04:49.911272 np0000173049 devstack@n-api-meta.service[109093]: DEBUG nova.api.openstack.wsgi_app [None req-195143f5-4f84-4e39-a6af-38fa71b42d93 None None] force_config_drive = False {{(pid=109093) log_opt_values /opt/stack/data/venv/lib/python3.12/site-packages/oslo_config/cfg.py:2995}}
May 09 09:04:49.911395 np0000173049 devstack@n-api-meta.service[109093]: DEBUG nova.api.openstack.wsgi_app [None req-195143f5-4f84-4e39-a6af-38fa71b42d93 None None] force_raw_images = True {{(pid=109093) log_opt_values /opt/stack/data/venv/lib/python3.12/site-packages/oslo_config/cfg.py:2995}}
May 09 09:04:49.911525 np0000173049 devstack@n-api-meta.service[109093]: DEBUG nova.api.openstack.wsgi_app [None req-195143f5-4f84-4e39-a6af-38fa71b42d93 None None] graceful_shutdown_timeout = 5 {{(pid=109093) log_opt_values /opt/stack/data/venv/lib/python3.12/site-packages/oslo_config/cfg.py:2995}}
May 09 09:04:49.911650 np0000173049 devstack@n-api-meta.service[109093]: DEBUG nova.api.openstack.wsgi_app [None req-195143f5-4f84-4e39-a6af-38fa71b42d93 None None] heal_instance_info_cache_interval = -1 {{(pid=109093) log_opt_values /opt/stack/data/venv/lib/python3.12/site-packages/oslo_config/cfg.py:2995}}
May 09 09:04:49.911818 np0000173049 devstack@n-api-meta.service[109093]: DEBUG nova.api.openstack.wsgi_app [None req-195143f5-4f84-4e39-a6af-38fa71b42d93 None None] host = np0000173049 {{(pid=109093) log_opt_values /opt/stack/data/venv/lib/python3.12/site-packages/oslo_config/cfg.py:2995}}
May 09 09:04:49.911991 np0000173049 devstack@n-api-meta.service[109093]: DEBUG nova.api.openstack.wsgi_app [None req-195143f5-4f84-4e39-a6af-38fa71b42d93 None None] initial_cpu_allocation_ratio = 4.0 {{(pid=109093) log_opt_values /opt/stack/data/venv/lib/python3.12/site-packages/oslo_config/cfg.py:2995}}
May 09 09:04:49.912155 np0000173049 devstack@n-api-meta.service[109093]: DEBUG nova.api.openstack.wsgi_app [None req-195143f5-4f84-4e39-a6af-38fa71b42d93 None None] initial_disk_allocation_ratio = 1.0 {{(pid=109093) log_opt_values /opt/stack/data/venv/lib/python3.12/site-packages/oslo_config/cfg.py:2995}}
May 09 09:04:49.912294 np0000173049 devstack@n-api-meta.service[109093]: DEBUG nova.api.openstack.wsgi_app [None req-195143f5-4f84-4e39-a6af-38fa71b42d93 None None] initial_ram_allocation_ratio = 1.0 {{(pid=109093) log_opt_values /opt/stack/data/venv/lib/python3.12/site-packages/oslo_config/cfg.py:2995}}
May 09 09:04:49.912469 np0000173049 devstack@n-api-meta.service[109093]: DEBUG nova.api.openstack.wsgi_app [None req-195143f5-4f84-4e39-a6af-38fa71b42d93 None None] injected_network_template = /opt/stack/nova/nova/virt/interfaces.template {{(pid=109093) log_opt_values /opt/stack/data/venv/lib/python3.12/site-packages/oslo_config/cfg.py:2995}}
May 09 09:04:49.912596 np0000173049 devstack@n-api-meta.service[109093]: DEBUG nova.api.openstack.wsgi_app [None req-195143f5-4f84-4e39-a6af-38fa71b42d93 None None] instance_build_timeout = 0 {{(pid=109093) log_opt_values /opt/stack/data/venv/lib/python3.12/site-packages/oslo_config/cfg.py:2995}}
May 09 09:04:49.912723 np0000173049 devstack@n-api-meta.service[109093]: DEBUG nova.api.openstack.wsgi_app [None req-195143f5-4f84-4e39-a6af-38fa71b42d93 None None] instance_delete_interval = 300 {{(pid=109093) log_opt_values /opt/stack/data/venv/lib/python3.12/site-packages/oslo_config/cfg.py:2995}}
May 09 09:04:49.912948 np0000173049 devstack@n-api-meta.service[109093]: DEBUG nova.api.openstack.wsgi_app [None req-195143f5-4f84-4e39-a6af-38fa71b42d93 None None] instance_format = [instance: %(uuid)s] {{(pid=109093) log_opt_values /opt/stack/data/venv/lib/python3.12/site-packages/oslo_config/cfg.py:2995}}
May 09 09:04:49.913080 np0000173049 devstack@n-api-meta.service[109093]: DEBUG nova.api.openstack.wsgi_app [None req-195143f5-4f84-4e39-a6af-38fa71b42d93 None None] instance_name_template = instance-%08x {{(pid=109093) log_opt_values /opt/stack/data/venv/lib/python3.12/site-packages/oslo_config/cfg.py:2995}}
May 09 09:04:49.913205 np0000173049 devstack@n-api-meta.service[109093]: DEBUG nova.api.openstack.wsgi_app [None req-195143f5-4f84-4e39-a6af-38fa71b42d93 None None] instance_usage_audit = False {{(pid=109093) log_opt_values /opt/stack/data/venv/lib/python3.12/site-packages/oslo_config/cfg.py:2995}}
May 09 09:04:49.913336 np0000173049 devstack@n-api-meta.service[109093]: DEBUG nova.api.openstack.wsgi_app [None req-195143f5-4f84-4e39-a6af-38fa71b42d93 None None] instance_usage_audit_period = month {{(pid=109093) log_opt_values /opt/stack/data/venv/lib/python3.12/site-packages/oslo_config/cfg.py:2995}}
May 09 09:04:49.913465 np0000173049 devstack@n-api-meta.service[109093]: DEBUG nova.api.openstack.wsgi_app [None req-195143f5-4f84-4e39-a6af-38fa71b42d93 None None] instance_uuid_format = [instance: %(uuid)s] {{(pid=109093) log_opt_values /opt/stack/data/venv/lib/python3.12/site-packages/oslo_config/cfg.py:2995}}
May 09 09:04:49.913594 np0000173049 devstack@n-api-meta.service[109093]: DEBUG nova.api.openstack.wsgi_app [None req-195143f5-4f84-4e39-a6af-38fa71b42d93 None None] instances_path = /opt/stack/data/nova/instances {{(pid=109093) log_opt_values /opt/stack/data/venv/lib/python3.12/site-packages/oslo_config/cfg.py:2995}}
May 09 09:04:49.913723 np0000173049 devstack@n-api-meta.service[109093]: DEBUG nova.api.openstack.wsgi_app [None req-195143f5-4f84-4e39-a6af-38fa71b42d93 None None] internal_service_availability_zone = internal {{(pid=109093) log_opt_values /opt/stack/data/venv/lib/python3.12/site-packages/oslo_config/cfg.py:2995}}
May 09 09:04:49.913846 np0000173049 devstack@n-api-meta.service[109093]: DEBUG nova.api.openstack.wsgi_app [None req-195143f5-4f84-4e39-a6af-38fa71b42d93 None None] key = None {{(pid=109093) log_opt_values /opt/stack/data/venv/lib/python3.12/site-packages/oslo_config/cfg.py:2995}}
