May 09 09:04:17.732831 np0000173049 neutron-periodic-workers[105745]: DEBUG cotyledon.oslo_config_glue [-] network_log.local_output_log_base = None {{(pid=105745) log_opt_values /opt/stack/data/venv/lib/python3.12/site-packages/oslo_config/cfg.py:3006}}
May 09 09:04:17.732887 np0000173049 neutron-periodic-workers[105745]: DEBUG cotyledon.oslo_config_glue [-] network_log.rate_limit = 100 {{(pid=105745) log_opt_values /opt/stack/data/venv/lib/python3.12/site-packages/oslo_config/cfg.py:3006}}
May 09 09:04:17.732964 np0000173049 neutron-periodic-workers[105745]: DEBUG cotyledon.oslo_config_glue [-] database.asyncio_connection = **** {{(pid=105745) log_opt_values /opt/stack/data/venv/lib/python3.12/site-packages/oslo_config/cfg.py:3006}}
May 09 09:04:17.732994 np0000173049 neutron-periodic-workers[105745]: DEBUG cotyledon.oslo_config_glue [-] database.asyncio_slave_connection = **** {{(pid=105745) log_opt_values /opt/stack/data/venv/lib/python3.12/site-packages/oslo_config/cfg.py:3006}}
May 09 09:04:17.733052 np0000173049 neutron-periodic-workers[105745]: DEBUG cotyledon.oslo_config_glue [-] database.backend = sqlalchemy {{(pid=105745) log_opt_values /opt/stack/data/venv/lib/python3.12/site-packages/oslo_config/cfg.py:3006}}
May 09 09:04:17.733132 np0000173049 neutron-periodic-workers[105745]: DEBUG cotyledon.oslo_config_glue [-] database.connection = **** {{(pid=105745) log_opt_values /opt/stack/data/venv/lib/python3.12/site-packages/oslo_config/cfg.py:3006}}
May 09 09:04:17.733163 np0000173049 neutron-periodic-workers[105745]: DEBUG cotyledon.oslo_config_glue [-] database.connection_debug = 0 {{(pid=105745) log_opt_values /opt/stack/data/venv/lib/python3.12/site-packages/oslo_config/cfg.py:3006}}
May 09 09:04:17.733219 np0000173049 neutron-periodic-workers[105745]: DEBUG cotyledon.oslo_config_glue [-] database.connection_parameters = {{(pid=105745) log_opt_values /opt/stack/data/venv/lib/python3.12/site-packages/oslo_config/cfg.py:3006}}
May 09 09:04:17.733273 np0000173049 neutron-periodic-workers[105745]: DEBUG cotyledon.oslo_config_glue [-] database.connection_recycle_time = 3600 {{(pid=105745) log_opt_values /opt/stack/data/venv/lib/python3.12/site-packages/oslo_config/cfg.py:3006}}
May 09 09:04:17.733303 np0000173049 neutron-periodic-workers[105745]: DEBUG cotyledon.oslo_config_glue [-] database.connection_trace = False {{(pid=105745) log_opt_values /opt/stack/data/venv/lib/python3.12/site-packages/oslo_config/cfg.py:3006}}
May 09 09:04:17.733353 np0000173049 neutron-periodic-workers[105745]: DEBUG cotyledon.oslo_config_glue [-] database.db_inc_retry_interval = True {{(pid=105745) log_opt_values /opt/stack/data/venv/lib/python3.12/site-packages/oslo_config/cfg.py:3006}}
May 09 09:04:17.733383 np0000173049 neutron-periodic-workers[105745]: DEBUG cotyledon.oslo_config_glue [-] database.db_max_retries = 20 {{(pid=105745) log_opt_values /opt/stack/data/venv/lib/python3.12/site-packages/oslo_config/cfg.py:3006}}
May 09 09:04:17.733431 np0000173049 neutron-periodic-workers[105745]: DEBUG cotyledon.oslo_config_glue [-] database.db_max_retry_interval = 10 {{(pid=105745) log_opt_values /opt/stack/data/venv/lib/python3.12/site-packages/oslo_config/cfg.py:3006}}
May 09 09:04:17.733461 np0000173049 neutron-periodic-workers[105745]: DEBUG cotyledon.oslo_config_glue [-] database.db_retry_interval = 1 {{(pid=105745) log_opt_values /opt/stack/data/venv/lib/python3.12/site-packages/oslo_config/cfg.py:3006}}
May 09 09:04:17.733496 np0000173049 neutron-periodic-workers[105745]: DEBUG cotyledon.oslo_config_glue [-] database.max_overflow = 50 {{(pid=105745) log_opt_values /opt/stack/data/venv/lib/python3.12/site-packages/oslo_config/cfg.py:3006}}
May 09 09:04:17.733554 np0000173049 neutron-periodic-workers[105745]: DEBUG cotyledon.oslo_config_glue [-] database.max_pool_size = 5 {{(pid=105745) log_opt_values /opt/stack/data/venv/lib/python3.12/site-packages/oslo_config/cfg.py:3006}}
May 09 09:04:17.733587 np0000173049 neutron-periodic-workers[105745]: DEBUG cotyledon.oslo_config_glue [-] database.max_retries = 10 {{(pid=105745) log_opt_values /opt/stack/data/venv/lib/python3.12/site-packages/oslo_config/cfg.py:3006}}
May 09 09:04:17.733640 np0000173049 neutron-periodic-workers[105745]: DEBUG cotyledon.oslo_config_glue [-] database.mysql_sql_mode = TRADITIONAL {{(pid=105745) log_opt_values /opt/stack/data/venv/lib/python3.12/site-packages/oslo_config/cfg.py:3006}}
May 09 09:04:17.733691 np0000173049 neutron-periodic-workers[105745]: DEBUG cotyledon.oslo_config_glue [-] database.mysql_wsrep_sync_wait = None {{(pid=105745) log_opt_values /opt/stack/data/venv/lib/python3.12/site-packages/oslo_config/cfg.py:3006}}
May 09 09:04:17.733721 np0000173049 neutron-periodic-workers[105745]: DEBUG cotyledon.oslo_config_glue [-] database.pool_timeout = None {{(pid=105745) log_opt_values /opt/stack/data/venv/lib/python3.12/site-packages/oslo_config/cfg.py:3006}}
May 09 09:04:17.733769 np0000173049 neutron-periodic-workers[105745]: DEBUG cotyledon.oslo_config_glue [-] database.retry_interval = 10 {{(pid=105745) log_opt_values /opt/stack/data/venv/lib/python3.12/site-packages/oslo_config/cfg.py:3006}}
May 09 09:04:17.733817 np0000173049 neutron-periodic-workers[105745]: DEBUG cotyledon.oslo_config_glue [-] database.slave_connection = **** {{(pid=105745) log_opt_values /opt/stack/data/venv/lib/python3.12/site-packages/oslo_config/cfg.py:3006}}
May 09 09:04:17.734694 np0000173049 neutron-periodic-workers[105745]: DEBUG cotyledon.oslo_config_glue [-] database.sqlite_synchronous = True {{(pid=105745) log_opt_values /opt/stack/data/venv/lib/python3.12/site-packages/oslo_config/cfg.py:3006}}
May 09 09:04:17.734732 np0000173049 neutron-periodic-workers[105745]: DEBUG cotyledon.oslo_config_glue [-] database.synchronous_reader = True {{(pid=105745) log_opt_values /opt/stack/data/venv/lib/python3.12/site-packages/oslo_config/cfg.py:3006}}
May 09 09:04:17.734760 np0000173049 neutron-periodic-workers[105745]: DEBUG cotyledon.oslo_config_glue [-] database.use_db_reconnect = False {{(pid=105745) log_opt_values /opt/stack/data/venv/lib/python3.12/site-packages/oslo_config/cfg.py:3006}}
May 09 09:04:17.734843 np0000173049 neutron-periodic-workers[105745]: DEBUG cotyledon.oslo_config_glue [-] ovn.bfd_min_rx = 1000 {{(pid=105745) log_opt_values /opt/stack/data/venv/lib/python3.12/site-packages/oslo_config/cfg.py:3006}}
May 09 09:04:17.734884 np0000173049 neutron-periodic-workers[105745]: DEBUG cotyledon.oslo_config_glue [-] ovn.bfd_min_tx = 100 {{(pid=105745) log_opt_values /opt/stack/data/venv/lib/python3.12/site-packages/oslo_config/cfg.py:3006}}
May 09 09:04:17.734933 np0000173049 neutron-periodic-workers[105745]: DEBUG cotyledon.oslo_config_glue [-] ovn.bfd_mult = 3 {{(pid=105745) log_opt_values /opt/stack/data/venv/lib/python3.12/site-packages/oslo_config/cfg.py:3006}}
May 09 09:04:17.734979 np0000173049 neutron-periodic-workers[105745]: DEBUG cotyledon.oslo_config_glue [-] ovn.broadcast_arps_to_all_routers = True {{(pid=105745) log_opt_values /opt/stack/data/venv/lib/python3.12/site-packages/oslo_config/cfg.py:3006}}
May 09 09:04:17.735013 np0000173049 neutron-periodic-workers[105745]: DEBUG cotyledon.oslo_config_glue [-] ovn.dhcp_default_lease_time = 43200 {{(pid=105745) log_opt_values /opt/stack/data/venv/lib/python3.12/site-packages/oslo_config/cfg.py:3006}}
May 09 09:04:17.735058 np0000173049 neutron-periodic-workers[105745]: DEBUG cotyledon.oslo_config_glue [-] ovn.disable_ovn_dhcp_for_baremetal_ports = False {{(pid=105745) log_opt_values /opt/stack/data/venv/lib/python3.12/site-packages/oslo_config/cfg.py:3006}}
May 09 09:04:17.735142 np0000173049 neutron-periodic-workers[105745]: DEBUG cotyledon.oslo_config_glue [-] ovn.dns_records_ovn_owned = False {{(pid=105745) log_opt_values /opt/stack/data/venv/lib/python3.12/site-packages/oslo_config/cfg.py:3006}}
May 09 09:04:17.735192 np0000173049 neutron-periodic-workers[105745]: DEBUG cotyledon.oslo_config_glue [-] ovn.dns_servers = [] {{(pid=105745) log_opt_values /opt/stack/data/venv/lib/python3.12/site-packages/oslo_config/cfg.py:3006}}
May 09 09:04:17.735223 np0000173049 neutron-periodic-workers[105745]: DEBUG cotyledon.oslo_config_glue [-] ovn.enable_distributed_floating_ip = False {{(pid=105745) log_opt_values /opt/stack/data/venv/lib/python3.12/site-packages/oslo_config/cfg.py:3006}}
May 09 09:04:17.735278 np0000173049 neutron-periodic-workers[105745]: DEBUG cotyledon.oslo_config_glue [-] ovn.fdb_age_threshold = 300 {{(pid=105745) log_opt_values /opt/stack/data/venv/lib/python3.12/site-packages/oslo_config/cfg.py:3006}}
May 09 09:04:17.735313 np0000173049 neutron-periodic-workers[105745]: DEBUG cotyledon.oslo_config_glue [-] ovn.ha_failover_strategy = normal {{(pid=105745) log_opt_values /opt/stack/data/venv/lib/python3.12/site-packages/oslo_config/cfg.py:3006}}
May 09 09:04:17.735769 np0000173049 neutron-periodic-workers[105745]: DEBUG cotyledon.oslo_config_glue [-] ovn.live_migration_activation_strategy = rarp {{(pid=105745) log_opt_values /opt/stack/data/venv/lib/python3.12/site-packages/oslo_config/cfg.py:3006}}
May 09 09:04:17.735846 np0000173049 neutron-periodic-workers[105745]: DEBUG cotyledon.oslo_config_glue [-] ovn.localnet_learn_fdb = False {{(pid=105745) log_opt_values /opt/stack/data/venv/lib/python3.12/site-packages/oslo_config/cfg.py:3006}}
May 09 09:04:17.735879 np0000173049 neutron-periodic-workers[105745]: DEBUG cotyledon.oslo_config_glue [-] ovn.mac_binding_age_threshold = 300 {{(pid=105745) log_opt_values /opt/stack/data/venv/lib/python3.12/site-packages/oslo_config/cfg.py:3006}}
May 09 09:04:17.735929 np0000173049 neutron-periodic-workers[105745]: DEBUG cotyledon.oslo_config_glue [-] ovn.neutron_sync_mode = log {{(pid=105745) log_opt_values /opt/stack/data/venv/lib/python3.12/site-packages/oslo_config/cfg.py:3006}}
May 09 09:04:17.735989 np0000173049 neutron-periodic-workers[105745]: DEBUG cotyledon.oslo_config_glue [-] ovn.ovn_dhcp4_global_options = {} {{(pid=105745) log_opt_values /opt/stack/data/venv/lib/python3.12/site-packages/oslo_config/cfg.py:3006}}
May 09 09:04:17.736020 np0000173049 neutron-periodic-workers[105745]: DEBUG cotyledon.oslo_config_glue [-] ovn.ovn_dhcp6_global_options = {} {{(pid=105745) log_opt_values /opt/stack/data/venv/lib/python3.12/site-packages/oslo_config/cfg.py:3006}}
May 09 09:04:17.736293 np0000173049 neutron-periodic-workers[105745]: DEBUG cotyledon.oslo_config_glue [-] ovn.ovn_l3_scheduler = leastloaded {{(pid=105745) log_opt_values /opt/stack/data/venv/lib/python3.12/site-packages/oslo_config/cfg.py:3006}}
May 09 09:04:17.736325 np0000173049 neutron-periodic-workers[105745]: DEBUG cotyledon.oslo_config_glue [-] ovn.ovn_metadata_enabled = True {{(pid=105745) log_opt_values /opt/stack/data/venv/lib/python3.12/site-packages/oslo_config/cfg.py:3006}}
May 09 09:04:17.736381 np0000173049 neutron-periodic-workers[105745]: DEBUG cotyledon.oslo_config_glue [-] ovn.ovn_nb_ca_cert = /opt/stack/data/CA/int-ca/ca-chain.pem {{(pid=105745) log_opt_values /opt/stack/data/venv/lib/python3.12/site-packages/oslo_config/cfg.py:3006}}
May 09 09:04:17.736467 np0000173049 neutron-periodic-workers[105745]: DEBUG cotyledon.oslo_config_glue [-] ovn.ovn_nb_certificate = /opt/stack/data/CA/int-ca/devstack-cert.crt {{(pid=105745) log_opt_values /opt/stack/data/venv/lib/python3.12/site-packages/oslo_config/cfg.py:3006}}
May 09 09:04:17.736540 np0000173049 neutron-periodic-workers[105745]: DEBUG cotyledon.oslo_config_glue [-] ovn.ovn_nb_connection = ['ssl:199.204.45.113:6641'] {{(pid=105745) log_opt_values /opt/stack/data/venv/lib/python3.12/site-packages/oslo_config/cfg.py:3006}}
May 09 09:04:17.736576 np0000173049 neutron-periodic-workers[105745]: DEBUG cotyledon.oslo_config_glue [-] ovn.ovn_nb_private_key = /opt/stack/data/CA/int-ca/private/devstack-cert.key {{(pid=105745) log_opt_values /opt/stack/data/venv/lib/python3.12/site-packages/oslo_config/cfg.py:3006}}
May 09 09:04:17.736646 np0000173049 neutron-periodic-workers[105745]: DEBUG cotyledon.oslo_config_glue [-] ovn.ovn_router_indirect_snat = False {{(pid=105745) log_opt_values /opt/stack/data/venv/lib/python3.12/site-packages/oslo_config/cfg.py:3006}}
May 09 09:04:17.736679 np0000173049 neutron-periodic-workers[105745]: DEBUG cotyledon.oslo_config_glue [-] ovn.ovn_sb_ca_cert = /opt/stack/data/CA/int-ca/ca-chain.pem {{(pid=105745) log_opt_values /opt/stack/data/venv/lib/python3.12/site-packages/oslo_config/cfg.py:3006}}
May 09 09:04:17.736724 np0000173049 neutron-periodic-workers[105745]: DEBUG cotyledon.oslo_config_glue [-] ovn.ovn_sb_certificate = /opt/stack/data/CA/int-ca/devstack-cert.crt {{(pid=105745) log_opt_values /opt/stack/data/venv/lib/python3.12/site-packages/oslo_config/cfg.py:3006}}
May 09 09:04:17.736765 np0000173049 neutron-periodic-workers[105745]: DEBUG cotyledon.oslo_config_glue [-] ovn.ovn_sb_connection = ['ssl:199.204.45.113:6642'] {{(pid=105745) log_opt_values /opt/stack/data/venv/lib/python3.12/site-packages/oslo_config/cfg.py:3006}}
May 09 09:04:17.736794 np0000173049 neutron-periodic-workers[105745]: DEBUG cotyledon.oslo_config_glue [-] ovn.ovn_sb_private_key = /opt/stack/data/CA/int-ca/private/devstack-cert.key {{(pid=105745) log_opt_values /opt/stack/data/venv/lib/python3.12/site-packages/oslo_config/cfg.py:3006}}
May 09 09:04:17.736846 np0000173049 neutron-periodic-workers[105745]: DEBUG cotyledon.oslo_config_glue [-] ovn.ovs_create_tap = False {{(pid=105745) log_opt_values /opt/stack/data/venv/lib/python3.12/site-packages/oslo_config/cfg.py:3006}}
May 09 09:04:17.736879 np0000173049 neutron-periodic-workers[105745]: DEBUG cotyledon.oslo_config_glue [-] ovn.ovsdb_connection_timeout = 180 {{(pid=105745) log_opt_values /opt/stack/data/venv/lib/python3.12/site-packages/oslo_config/cfg.py:3006}}
May 09 09:04:17.736943 np0000173049 neutron-periodic-workers[105745]: DEBUG cotyledon.oslo_config_glue [-] ovn.ovsdb_log_level = INFO {{(pid=105745) log_opt_values /opt/stack/data/venv/lib/python3.12/site-packages/oslo_config/cfg.py:3006}}
May 09 09:04:17.736973 np0000173049 neutron-periodic-workers[105745]: DEBUG cotyledon.oslo_config_glue [-] ovn.ovsdb_probe_interval = 60000 {{(pid=105745) log_opt_values /opt/stack/data/venv/lib/python3.12/site-packages/oslo_config/cfg.py:3006}}
May 09 09:04:17.737030 np0000173049 neutron-periodic-workers[105745]: DEBUG cotyledon.oslo_config_glue [-] ovn.ovsdb_retry_max_interval = 180 {{(pid=105745) log_opt_values /opt/stack/data/venv/lib/python3.12/site-packages/oslo_config/cfg.py:3006}}
May 09 09:04:17.737061 np0000173049 neutron-periodic-workers[105745]: DEBUG cotyledon.oslo_config_glue [-] ovn.stateless_nat_enabled = False {{(pid=105745) log_opt_values /opt/stack/data/venv/lib/python3.12/site-packages/oslo_config/cfg.py:3006}}
May 09 09:04:17.737124 np0000173049 neutron-periodic-workers[105745]: DEBUG cotyledon.oslo_config_glue [-] ovn.vhost_sock_dir = /var/run/openvswitch {{(pid=105745) log_opt_values /opt/stack/data/venv/lib/python3.12/site-packages/oslo_config/cfg.py:3006}}
May 09 09:04:17.737221 np0000173049 neutron-periodic-workers[105745]: DEBUG cotyledon.oslo_config_glue [-] OVS.bridge_mac_table_size = 50000 {{(pid=105745) log_opt_values /opt/stack/data/venv/lib/python3.12/site-packages/oslo_config/cfg.py:3006}}
May 09 09:04:17.737366 np0000173049 neutron-periodic-workers[105745]: DEBUG cotyledon.oslo_config_glue [-] OVS.igmp_flood = False {{(pid=105745) log_opt_values /opt/stack/data/venv/lib/python3.12/site-packages/oslo_config/cfg.py:3006}}
May 09 09:04:17.737407 np0000173049 neutron-periodic-workers[105745]: DEBUG cotyledon.oslo_config_glue [-] OVS.igmp_flood_reports = True {{(pid=105745) log_opt_values /opt/stack/data/venv/lib/python3.12/site-packages/oslo_config/cfg.py:3006}}
May 09 09:04:17.737455 np0000173049 neutron-periodic-workers[105745]: DEBUG cotyledon.oslo_config_glue [-] OVS.igmp_flood_unregistered = False {{(pid=105745) log_opt_values /opt/stack/data/venv/lib/python3.12/site-packages/oslo_config/cfg.py:3006}}
May 09 09:04:17.737497 np0000173049 neutron-periodic-workers[105745]: DEBUG cotyledon.oslo_config_glue [-] OVS.igmp_snooping_enable = False {{(pid=105745) log_opt_values /opt/stack/data/venv/lib/python3.12/site-packages/oslo_config/cfg.py:3006}}
May 09 09:04:17.737534 np0000173049 neutron-periodic-workers[105745]: DEBUG cotyledon.oslo_config_glue [-] OVS.ovsdb_timeout = 10 {{(pid=105745) log_opt_values /opt/stack/data/venv/lib/python3.12/site-packages/oslo_config/cfg.py:3006}}
May 09 09:04:17.737588 np0000173049 neutron-periodic-workers[105745]: DEBUG cotyledon.oslo_config_glue [-] ovn_nb_global.fdb_removal_limit = 0 {{(pid=105745) log_opt_values /opt/stack/data/venv/lib/python3.12/site-packages/oslo_config/cfg.py:3006}}
May 09 09:04:17.737635 np0000173049 neutron-periodic-workers[105745]: DEBUG cotyledon.oslo_config_glue [-] ovn_nb_global.ignore_lsp_down = False {{(pid=105745) log_opt_values /opt/stack/data/venv/lib/python3.12/site-packages/oslo_config/cfg.py:3006}}
May 09 09:04:17.737675 np0000173049 neutron-periodic-workers[105745]: DEBUG cotyledon.oslo_config_glue [-] ovn_nb_global.mac_binding_removal_limit = 0 {{(pid=105745) log_opt_values /opt/stack/data/venv/lib/python3.12/site-packages/oslo_config/cfg.py:3006}}
May 09 09:04:17.737771 np0000173049 neutron-periodic-workers[105745]: DEBUG cotyledon.oslo_config_glue [-] ******************************************************************************** {{(pid=105745) log_opt_values /opt/stack/data/venv/lib/python3.12/site-packages/oslo_config/cfg.py:3013}}
May 09 09:04:17.737951 np0000173049 neutron-periodic-workers[105745]: DEBUG cotyledon._service_worker [-] Run service ServiceWrapper(0) [105745] {{(pid=105745) wait_forever /opt/stack/data/venv/lib/python3.12/site-packages/cotyledon/_service_worker.py:218}}
May 09 09:04:27.391003 np0000173049 neutron-periodic-workers[104973]: DEBUG dbcounter [-] [104973] Writing DB stats neutron:SELECT=4 {{(pid=104973) stat_writer /opt/stack/data/venv/lib/python3.12/site-packages/dbcounter.py:115}}
May 09 09:05:24.710640 np0000173049 neutron-periodic-workers[105726]: DEBUG oslo_db.sqlalchemy.engines [None req-45316a07-46fb-4ac9-9869-f7da375e4209 None None] Parent process 104973 forked (105726) with an open database connection, which is being discarded and recreated. {{(pid=105726) checkout /opt/stack/data/venv/lib/python3.12/site-packages/oslo_db/sqlalchemy/engines.py:402}}
May 09 09:05:24.717533 np0000173049 neutron-periodic-workers[105726]: DEBUG dbcounter [-] [105726] Writer thread running {{(pid=105726) stat_writer /opt/stack/data/venv/lib/python3.12/site-packages/dbcounter.py:102}}
May 09 09:05:24.725811 np0000173049 neutron-periodic-workers[105726]: DEBUG oslo.service.backend._threading.loopingcall [None req-45316a07-46fb-4ac9-9869-f7da375e4209 None None] Fixed interval looping call 'neutron.plugins.ml2.plugin.DhcpAgentSchedulerDbMixin.remove_networks_from_down_agents' sleeping for 36.98 seconds {{(pid=105726) _run_loop /opt/stack/data/venv/lib/python3.12/site-packages/oslo_service/backend/_threading/loopingcall.py:125}}
May 09 09:05:28.736493 np0000173049 neutron-periodic-workers[105735]: DEBUG dbcounter [-] [105735] Writer thread running {{(pid=105735) stat_writer /opt/stack/data/venv/lib/python3.12/site-packages/dbcounter.py:102}}
May 09 09:05:28.739747 np0000173049 neutron-periodic-workers[105735]: DEBUG neutron.db.agents_db [None req-be91444d-9a94-4bb4-8330-83003d688586 None None] Agent healthcheck: found 0 active agents {{(pid=105735) agent_health_check /opt/stack/neutron/neutron/db/agents_db.py:322}}
May 09 09:05:28.739927 np0000173049 neutron-periodic-workers[105735]: DEBUG oslo.service.backend._threading.loopingcall [None req-be91444d-9a94-4bb4-8330-83003d688586 None None] Fixed interval looping call 'neutron.plugins.ml2.plugin.AgentDbMixin.agent_health_check' sleeping for 36.98 seconds {{(pid=105735) _run_loop /opt/stack/data/venv/lib/python3.12/site-packages/oslo_service/backend/_threading/loopingcall.py:125}}
May 09 09:05:34.724981 np0000173049 neutron-periodic-workers[105726]: DEBUG dbcounter [-] [105726] Writing DB stats neutron:SELECT=3 {{(pid=105726) stat_writer /opt/stack/data/venv/lib/python3.12/site-packages/dbcounter.py:115}}
May 09 09:05:38.737504 np0000173049 neutron-periodic-workers[105735]: DEBUG dbcounter [-] [105735] Writing DB stats neutron:SELECT=1 {{(pid=105735) stat_writer /opt/stack/data/venv/lib/python3.12/site-packages/dbcounter.py:115}}
May 09 09:06:01.715939 np0000173049 neutron-periodic-workers[105726]: DEBUG oslo.service.backend._threading.loopingcall [None req-45316a07-46fb-4ac9-9869-f7da375e4209 None None] Fixed interval looping call 'neutron.plugins.ml2.plugin.DhcpAgentSchedulerDbMixin.remove_networks_from_down_agents' sleeping for 36.99 seconds {{(pid=105726) _run_loop /opt/stack/data/venv/lib/python3.12/site-packages/oslo_service/backend/_threading/loopingcall.py:125}}
May 09 09:06:05.725394 np0000173049 neutron-periodic-workers[105735]: DEBUG neutron.db.agents_db [None req-be91444d-9a94-4bb4-8330-83003d688586 None None] Agent healthcheck: found 0 active agents {{(pid=105735) agent_health_check /opt/stack/neutron/neutron/db/agents_db.py:322}}
May 09 09:06:05.726355 np0000173049 neutron-periodic-workers[105735]: DEBUG oslo.service.backend._threading.loopingcall [None req-be91444d-9a94-4bb4-8330-83003d688586 None None] Fixed interval looping call 'neutron.plugins.ml2.plugin.AgentDbMixin.agent_health_check' sleeping for 36.99 seconds {{(pid=105735) _run_loop /opt/stack/data/venv/lib/python3.12/site-packages/oslo_service/backend/_threading/loopingcall.py:125}}
May 09 09:06:11.714191 np0000173049 neutron-periodic-workers[105726]: DEBUG dbcounter [-] [105726] Writing DB stats neutron:SELECT=3 {{(pid=105726) stat_writer /opt/stack/data/venv/lib/python3.12/site-packages/dbcounter.py:115}}
May 09 09:06:15.723725 np0000173049 neutron-periodic-workers[105735]: DEBUG dbcounter [-] [105735] Writing DB stats neutron:SELECT=1 {{(pid=105735) stat_writer /opt/stack/data/venv/lib/python3.12/site-packages/dbcounter.py:115}}
May 09 09:06:17.751812 np0000173049 neutron-periodic-workers[105745]: DEBUG dbcounter [-] [105745] Writer thread running {{(pid=105745) stat_writer /opt/stack/data/venv/lib/python3.12/site-packages/dbcounter.py:102}}
May 09 09:06:17.753869 np0000173049 neutron-periodic-workers[105745]: DEBUG oslo.service.backend._threading.loopingcall [None req-1a27484c-0630-45a5-9077-d3ef4f0dd701 None None] Fixed interval looping call 'neutron.db.quota.driver_nolock.DbQuotaNoLockDriver._remove_expired_reservations' sleeping for 119.99 seconds {{(pid=105745) _run_loop /opt/stack/data/venv/lib/python3.12/site-packages/oslo_service/backend/_threading/loopingcall.py:125}}
May 09 09:06:27.752630 np0000173049 neutron-periodic-workers[105745]: DEBUG dbcounter [-] [105745] Writing DB stats neutron:DELETE=1 {{(pid=105745) stat_writer /opt/stack/data/venv/lib/python3.12/site-packages/dbcounter.py:115}}
May 09 09:06:38.717056 np0000173049 neutron-periodic-workers[105726]: DEBUG oslo.service.backend._threading.loopingcall [None req-45316a07-46fb-4ac9-9869-f7da375e4209 None None] Fixed interval looping call 'neutron.plugins.ml2.plugin.DhcpAgentSchedulerDbMixin.remove_networks_from_down_agents' sleeping for 36.99 seconds {{(pid=105726) _run_loop /opt/stack/data/venv/lib/python3.12/site-packages/oslo_service/backend/_threading/loopingcall.py:125}}
May 09 09:06:42.722536 np0000173049 neutron-periodic-workers[105735]: DEBUG neutron.db.agents_db [None req-be91444d-9a94-4bb4-8330-83003d688586 None None] Agent healthcheck: found 0 active agents {{(pid=105735) agent_health_check /opt/stack/neutron/neutron/db/agents_db.py:322}}
May 09 09:06:42.723069 np0000173049 neutron-periodic-workers[105735]: DEBUG oslo.service.backend._threading.loopingcall [None req-be91444d-9a94-4bb4-8330-83003d688586 None None] Fixed interval looping call 'neutron.plugins.ml2.plugin.AgentDbMixin.agent_health_check' sleeping for 36.99 seconds {{(pid=105735) _run_loop /opt/stack/data/venv/lib/python3.12/site-packages/oslo_service/backend/_threading/loopingcall.py:125}}
May 09 09:06:48.715666 np0000173049 neutron-periodic-workers[105726]: DEBUG dbcounter [-] [105726] Writing DB stats neutron:SELECT=3 {{(pid=105726) stat_writer /opt/stack/data/venv/lib/python3.12/site-packages/dbcounter.py:115}}
May 09 09:06:52.720725 np0000173049 neutron-periodic-workers[105735]: DEBUG dbcounter [-] [105735] Writing DB stats neutron:SELECT=1 {{(pid=105735) stat_writer /opt/stack/data/venv/lib/python3.12/site-packages/dbcounter.py:115}}
May 09 09:07:15.716116 np0000173049 neutron-periodic-workers[105726]: DEBUG oslo.service.backend._threading.loopingcall [None req-45316a07-46fb-4ac9-9869-f7da375e4209 None None] Fixed interval looping call 'neutron.plugins.ml2.plugin.DhcpAgentSchedulerDbMixin.remove_networks_from_down_agents' sleeping for 36.99 seconds {{(pid=105726) _run_loop /opt/stack/data/venv/lib/python3.12/site-packages/oslo_service/backend/_threading/loopingcall.py:125}}
May 09 09:07:19.718257 np0000173049 neutron-periodic-workers[105735]: DEBUG neutron.db.agents_db [None req-be91444d-9a94-4bb4-8330-83003d688586 None None] Agent healthcheck: found 0 active agents {{(pid=105735) agent_health_check /opt/stack/neutron/neutron/db/agents_db.py:322}}
May 09 09:07:19.719132 np0000173049 neutron-periodic-workers[105735]: DEBUG oslo.service.backend._threading.loopingcall [None req-be91444d-9a94-4bb4-8330-83003d688586 None None] Fixed interval looping call 'neutron.plugins.ml2.plugin.AgentDbMixin.agent_health_check' sleeping for 36.99 seconds {{(pid=105735) _run_loop /opt/stack/data/venv/lib/python3.12/site-packages/oslo_service/backend/_threading/loopingcall.py:125}}
May 09 09:07:25.715173 np0000173049 neutron-periodic-workers[105726]: DEBUG dbcounter [-] [105726] Writing DB stats neutron:SELECT=3 {{(pid=105726) stat_writer /opt/stack/data/venv/lib/python3.12/site-packages/dbcounter.py:115}}
May 09 09:07:29.716512 np0000173049 neutron-periodic-workers[105735]: DEBUG dbcounter [-] [105735] Writing DB stats neutron:SELECT=1 {{(pid=105735) stat_writer /opt/stack/data/venv/lib/python3.12/site-packages/dbcounter.py:115}}
May 09 09:07:52.716000 np0000173049 neutron-periodic-workers[105726]: DEBUG oslo.service.backend._threading.loopingcall [None req-45316a07-46fb-4ac9-9869-f7da375e4209 None None] Fixed interval looping call 'neutron.plugins.ml2.plugin.DhcpAgentSchedulerDbMixin.remove_networks_from_down_agents' sleeping for 36.99 seconds {{(pid=105726) _run_loop /opt/stack/data/venv/lib/python3.12/site-packages/oslo_service/backend/_threading/loopingcall.py:125}}
May 09 09:07:56.714350 np0000173049 neutron-periodic-workers[105735]: DEBUG neutron.db.agents_db [None req-be91444d-9a94-4bb4-8330-83003d688586 None None] Agent healthcheck: found 0 active agents {{(pid=105735) agent_health_check /opt/stack/neutron/neutron/db/agents_db.py:322}}
May 09 09:07:56.715051 np0000173049 neutron-periodic-workers[105735]: DEBUG oslo.service.backend._threading.loopingcall [None req-be91444d-9a94-4bb4-8330-83003d688586 None None] Fixed interval looping call 'neutron.plugins.ml2.plugin.AgentDbMixin.agent_health_check' sleeping for 36.99 seconds {{(pid=105735) _run_loop /opt/stack/data/venv/lib/python3.12/site-packages/oslo_service/backend/_threading/loopingcall.py:125}}
May 09 09:08:02.715106 np0000173049 neutron-periodic-workers[105726]: DEBUG dbcounter [-] [105726] Writing DB stats neutron:SELECT=3 {{(pid=105726) stat_writer /opt/stack/data/venv/lib/python3.12/site-packages/dbcounter.py:115}}
May 09 09:08:06.712402 np0000173049 neutron-periodic-workers[105735]: DEBUG dbcounter [-] [105735] Writing DB stats neutron:SELECT=1 {{(pid=105735) stat_writer /opt/stack/data/venv/lib/python3.12/site-packages/dbcounter.py:115}}
May 09 09:08:17.749730 np0000173049 neutron-periodic-workers[105745]: DEBUG oslo.service.backend._threading.loopingcall [None req-1a27484c-0630-45a5-9077-d3ef4f0dd701 None None] Fixed interval looping call 'neutron.db.quota.driver_nolock.DbQuotaNoLockDriver._remove_expired_reservations' sleeping for 119.99 seconds {{(pid=105745) _run_loop /opt/stack/data/venv/lib/python3.12/site-packages/oslo_service/backend/_threading/loopingcall.py:125}}
May 09 09:08:27.748779 np0000173049 neutron-periodic-workers[105745]: DEBUG dbcounter [-] [105745] Writing DB stats neutron:DELETE=1 {{(pid=105745) stat_writer /opt/stack/data/venv/lib/python3.12/site-packages/dbcounter.py:115}}
May 09 09:08:29.715945 np0000173049 neutron-periodic-workers[105726]: DEBUG oslo.service.backend._threading.loopingcall [None req-45316a07-46fb-4ac9-9869-f7da375e4209 None None] Fixed interval looping call 'neutron.plugins.ml2.plugin.DhcpAgentSchedulerDbMixin.remove_networks_from_down_agents' sleeping for 36.99 seconds {{(pid=105726) _run_loop /opt/stack/data/venv/lib/python3.12/site-packages/oslo_service/backend/_threading/loopingcall.py:125}}
May 09 09:08:29.720689 np0000173049 neutron-periodic-workers[105720]: DEBUG dbcounter [-] [105720] Writer thread running {{(pid=105720) stat_writer /opt/stack/data/venv/lib/python3.12/site-packages/dbcounter.py:102}}
May 09 09:08:29.732181 np0000173049 neutron-periodic-workers[105720]: DEBUG oslo.service.backend._threading.loopingcall [None req-9deaad50-042f-490d-acd7-4da17ad9a671 None None] Fixed interval looping call 'neutron.services.ovn_l3.plugin.L3_NAT_dbonly_mixin._clean_garbage' sleeping for 299.95 seconds {{(pid=105720) _run_loop /opt/stack/data/venv/lib/python3.12/site-packages/oslo_service/backend/_threading/loopingcall.py:125}}
May 09 09:08:33.708537 np0000173049 neutron-periodic-workers[105735]: DEBUG neutron.db.agents_db [None req-be91444d-9a94-4bb4-8330-83003d688586 None None] Agent healthcheck: found 0 active agents {{(pid=105735) agent_health_check /opt/stack/neutron/neutron/db/agents_db.py:322}}
May 09 09:08:33.709081 np0000173049 neutron-periodic-workers[105735]: DEBUG oslo.service.backend._threading.loopingcall [None req-be91444d-9a94-4bb4-8330-83003d688586 None None] Fixed interval looping call 'neutron.plugins.ml2.plugin.AgentDbMixin.agent_health_check' sleeping for 37.00 seconds {{(pid=105735) _run_loop /opt/stack/data/venv/lib/python3.12/site-packages/oslo_service/backend/_threading/loopingcall.py:125}}
May 09 09:08:39.714250 np0000173049 neutron-periodic-workers[105726]: DEBUG dbcounter [-] [105726] Writing DB stats neutron:SELECT=3 {{(pid=105726) stat_writer /opt/stack/data/venv/lib/python3.12/site-packages/dbcounter.py:115}}
May 09 09:08:39.721297 np0000173049 neutron-periodic-workers[105720]: DEBUG dbcounter [-] [105720] Writing DB stats neutron:SELECT=1 {{(pid=105720) stat_writer /opt/stack/data/venv/lib/python3.12/site-packages/dbcounter.py:115}}
May 09 09:08:43.707662 np0000173049 neutron-periodic-workers[105735]: DEBUG dbcounter [-] [105735] Writing DB stats neutron:SELECT=1 {{(pid=105735) stat_writer /opt/stack/data/venv/lib/python3.12/site-packages/dbcounter.py:115}}
May 09 09:09:06.716204 np0000173049 neutron-periodic-workers[105726]: DEBUG oslo.service.backend._threading.loopingcall [None req-45316a07-46fb-4ac9-9869-f7da375e4209 None None] Fixed interval looping call 'neutron.plugins.ml2.plugin.DhcpAgentSchedulerDbMixin.remove_networks_from_down_agents' sleeping for 36.99 seconds {{(pid=105726) _run_loop /opt/stack/data/venv/lib/python3.12/site-packages/oslo_service/backend/_threading/loopingcall.py:125}}
May 09 09:09:10.714762 np0000173049 neutron-periodic-workers[105735]: DEBUG neutron.db.agents_db [None req-be91444d-9a94-4bb4-8330-83003d688586 None None] Agent healthcheck: found 0 active agents {{(pid=105735) agent_health_check /opt/stack/neutron/neutron/db/agents_db.py:322}}
May 09 09:09:10.714762 np0000173049 neutron-periodic-workers[105735]: DEBUG oslo.service.backend._threading.loopingcall [None req-be91444d-9a94-4bb4-8330-83003d688586 None None] Fixed interval looping call 'neutron.plugins.ml2.plugin.AgentDbMixin.agent_health_check' sleeping for 36.99 seconds {{(pid=105735) _run_loop /opt/stack/data/venv/lib/python3.12/site-packages/oslo_service/backend/_threading/loopingcall.py:125}}
May 09 09:09:16.714711 np0000173049 neutron-periodic-workers[105726]: DEBUG dbcounter [-] [105726] Writing DB stats neutron:SELECT=3 {{(pid=105726) stat_writer /opt/stack/data/venv/lib/python3.12/site-packages/dbcounter.py:115}}
May 09 09:09:20.713286 np0000173049 neutron-periodic-workers[105735]: DEBUG dbcounter [-] [105735] Writing DB stats neutron:SELECT=1 {{(pid=105735) stat_writer /opt/stack/data/venv/lib/python3.12/site-packages/dbcounter.py:115}}
May 09 09:09:43.716457 np0000173049 neutron-periodic-workers[105726]: DEBUG oslo.service.backend._threading.loopingcall [None req-45316a07-46fb-4ac9-9869-f7da375e4209 None None] Fixed interval looping call 'neutron.plugins.ml2.plugin.DhcpAgentSchedulerDbMixin.remove_networks_from_down_agents' sleeping for 36.99 seconds {{(pid=105726) _run_loop /opt/stack/data/venv/lib/python3.12/site-packages/oslo_service/backend/_threading/loopingcall.py:125}}
May 09 09:09:47.710307 np0000173049 neutron-periodic-workers[105735]: DEBUG neutron.db.agents_db [None req-be91444d-9a94-4bb4-8330-83003d688586 None None] Agent healthcheck: found 0 active agents {{(pid=105735) agent_health_check /opt/stack/neutron/neutron/db/agents_db.py:322}}
May 09 09:09:47.710750 np0000173049 neutron-periodic-workers[105735]: DEBUG oslo.service.backend._threading.loopingcall [None req-be91444d-9a94-4bb4-8330-83003d688586 None None] Fixed interval looping call 'neutron.plugins.ml2.plugin.AgentDbMixin.agent_health_check' sleeping for 36.99 seconds {{(pid=105735) _run_loop /opt/stack/data/venv/lib/python3.12/site-packages/oslo_service/backend/_threading/loopingcall.py:125}}
May 09 09:09:53.714576 np0000173049 neutron-periodic-workers[105726]: DEBUG dbcounter [-] [105726] Writing DB stats neutron:SELECT=3 {{(pid=105726) stat_writer /opt/stack/data/venv/lib/python3.12/site-packages/dbcounter.py:115}}
May 09 09:09:57.708704 np0000173049 neutron-periodic-workers[105735]: DEBUG dbcounter [-] [105735] Writing DB stats neutron:SELECT=1 {{(pid=105735) stat_writer /opt/stack/data/venv/lib/python3.12/site-packages/dbcounter.py:115}}
May 09 09:10:17.745531 np0000173049 neutron-periodic-workers[105745]: DEBUG oslo.service.backend._threading.loopingcall [None req-1a27484c-0630-45a5-9077-d3ef4f0dd701 None None] Fixed interval looping call 'neutron.db.quota.driver_nolock.DbQuotaNoLockDriver._remove_expired_reservations' sleeping for 119.99 seconds {{(pid=105745) _run_loop /opt/stack/data/venv/lib/python3.12/site-packages/oslo_service/backend/_threading/loopingcall.py:125}}
May 09 09:10:20.717088 np0000173049 neutron-periodic-workers[105726]: DEBUG oslo.service.backend._threading.loopingcall [None req-45316a07-46fb-4ac9-9869-f7da375e4209 None None] Fixed interval looping call 'neutron.plugins.ml2.plugin.DhcpAgentSchedulerDbMixin.remove_networks_from_down_agents' sleeping for 36.99 seconds {{(pid=105726) _run_loop /opt/stack/data/venv/lib/python3.12/site-packages/oslo_service/backend/_threading/loopingcall.py:125}}
May 09 09:10:24.707521 np0000173049 neutron-periodic-workers[105735]: DEBUG neutron.db.agents_db [None req-be91444d-9a94-4bb4-8330-83003d688586 None None] Agent healthcheck: found 0 active agents {{(pid=105735) agent_health_check /opt/stack/neutron/neutron/db/agents_db.py:322}}
May 09 09:10:24.708196 np0000173049 neutron-periodic-workers[105735]: DEBUG oslo.service.backend._threading.loopingcall [None req-be91444d-9a94-4bb4-8330-83003d688586 None None] Fixed interval looping call 'neutron.plugins.ml2.plugin.AgentDbMixin.agent_health_check' sleeping for 36.99 seconds {{(pid=105735) _run_loop /opt/stack/data/venv/lib/python3.12/site-packages/oslo_service/backend/_threading/loopingcall.py:125}}
May 09 09:10:27.743274 np0000173049 neutron-periodic-workers[105745]: DEBUG dbcounter [-] [105745] Writing DB stats neutron:DELETE=1 {{(pid=105745) stat_writer /opt/stack/data/venv/lib/python3.12/site-packages/dbcounter.py:115}}
May 09 09:10:30.715738 np0000173049 neutron-periodic-workers[105726]: DEBUG dbcounter [-] [105726] Writing DB stats neutron:SELECT=3 {{(pid=105726) stat_writer /opt/stack/data/venv/lib/python3.12/site-packages/dbcounter.py:115}}
May 09 09:10:34.705305 np0000173049 neutron-periodic-workers[105735]: DEBUG dbcounter [-] [105735] Writing DB stats neutron:SELECT=1 {{(pid=105735) stat_writer /opt/stack/data/venv/lib/python3.12/site-packages/dbcounter.py:115}}
May 09 09:10:57.720025 np0000173049 neutron-periodic-workers[105726]: DEBUG oslo.service.backend._threading.loopingcall [None req-45316a07-46fb-4ac9-9869-f7da375e4209 None None] Fixed interval looping call 'neutron.plugins.ml2.plugin.DhcpAgentSchedulerDbMixin.remove_networks_from_down_agents' sleeping for 36.99 seconds {{(pid=105726) _run_loop /opt/stack/data/venv/lib/python3.12/site-packages/oslo_service/backend/_threading/loopingcall.py:125}}
May 09 09:11:01.700813 np0000173049 neutron-periodic-workers[105735]: DEBUG neutron.db.agents_db [None req-be91444d-9a94-4bb4-8330-83003d688586 None None] Agent healthcheck: found 0 active agents {{(pid=105735) agent_health_check /opt/stack/neutron/neutron/db/agents_db.py:322}}
May 09 09:11:01.701362 np0000173049 neutron-periodic-workers[105735]: DEBUG oslo.service.backend._threading.loopingcall [None req-be91444d-9a94-4bb4-8330-83003d688586 None None] Fixed interval looping call 'neutron.plugins.ml2.plugin.AgentDbMixin.agent_health_check' sleeping for 37.00 seconds {{(pid=105735) _run_loop /opt/stack/data/venv/lib/python3.12/site-packages/oslo_service/backend/_threading/loopingcall.py:125}}
May 09 09:11:07.717703 np0000173049 neutron-periodic-workers[105726]: DEBUG dbcounter [-] [105726] Writing DB stats neutron:SELECT=3 {{(pid=105726) stat_writer /opt/stack/data/venv/lib/python3.12/site-packages/dbcounter.py:115}}
May 09 09:11:11.700195 np0000173049 neutron-periodic-workers[105735]: DEBUG dbcounter [-] [105735] Writing DB stats neutron:SELECT=1 {{(pid=105735) stat_writer /opt/stack/data/venv/lib/python3.12/site-packages/dbcounter.py:115}}
May 09 09:11:34.720323 np0000173049 neutron-periodic-workers[105726]: DEBUG oslo.service.backend._threading.loopingcall [None req-45316a07-46fb-4ac9-9869-f7da375e4209 None None] Fixed interval looping call 'neutron.plugins.ml2.plugin.DhcpAgentSchedulerDbMixin.remove_networks_from_down_agents' sleeping for 36.99 seconds {{(pid=105726) _run_loop /opt/stack/data/venv/lib/python3.12/site-packages/oslo_service/backend/_threading/loopingcall.py:125}}
May 09 09:11:38.706754 np0000173049 neutron-periodic-workers[105735]: DEBUG neutron.db.agents_db [None req-be91444d-9a94-4bb4-8330-83003d688586 None None] Agent healthcheck: found 0 active agents {{(pid=105735) agent_health_check /opt/stack/neutron/neutron/db/agents_db.py:322}}
May 09 09:11:38.707321 np0000173049 neutron-periodic-workers[105735]: DEBUG oslo.service.backend._threading.loopingcall [None req-be91444d-9a94-4bb4-8330-83003d688586 None None] Fixed interval looping call 'neutron.plugins.ml2.plugin.AgentDbMixin.agent_health_check' sleeping for 36.99 seconds {{(pid=105735) _run_loop /opt/stack/data/venv/lib/python3.12/site-packages/oslo_service/backend/_threading/loopingcall.py:125}}
May 09 09:11:44.719706 np0000173049 neutron-periodic-workers[105726]: DEBUG dbcounter [-] [105726] Writing DB stats neutron:SELECT=3 {{(pid=105726) stat_writer /opt/stack/data/venv/lib/python3.12/site-packages/dbcounter.py:115}}
May 09 09:11:48.704992 np0000173049 neutron-periodic-workers[105735]: DEBUG dbcounter [-] [105735] Writing DB stats neutron:SELECT=1 {{(pid=105735) stat_writer /opt/stack/data/venv/lib/python3.12/site-packages/dbcounter.py:115}}
May 09 09:12:11.718830 np0000173049 neutron-periodic-workers[105726]: DEBUG oslo.service.backend._threading.loopingcall [None req-45316a07-46fb-4ac9-9869-f7da375e4209 None None] Fixed interval looping call 'neutron.plugins.ml2.plugin.DhcpAgentSchedulerDbMixin.remove_networks_from_down_agents' sleeping for 36.99 seconds {{(pid=105726) _run_loop /opt/stack/data/venv/lib/python3.12/site-packages/oslo_service/backend/_threading/loopingcall.py:125}}
May 09 09:12:15.702380 np0000173049 neutron-periodic-workers[105735]: DEBUG neutron.db.agents_db [None req-be91444d-9a94-4bb4-8330-83003d688586 None None] Agent healthcheck: found 0 active agents {{(pid=105735) agent_health_check /opt/stack/neutron/neutron/db/agents_db.py:322}}
May 09 09:12:15.703163 np0000173049 neutron-periodic-workers[105735]: DEBUG oslo.service.backend._threading.loopingcall [None req-be91444d-9a94-4bb4-8330-83003d688586 None None] Fixed interval looping call 'neutron.plugins.ml2.plugin.AgentDbMixin.agent_health_check' sleeping for 36.99 seconds {{(pid=105735) _run_loop /opt/stack/data/venv/lib/python3.12/site-packages/oslo_service/backend/_threading/loopingcall.py:125}}
May 09 09:12:17.740564 np0000173049 neutron-periodic-workers[105745]: DEBUG oslo.service.backend._threading.loopingcall [None req-1a27484c-0630-45a5-9077-d3ef4f0dd701 None None] Fixed interval looping call 'neutron.db.quota.driver_nolock.DbQuotaNoLockDriver._remove_expired_reservations' sleeping for 120.00 seconds {{(pid=105745) _run_loop /opt/stack/data/venv/lib/python3.12/site-packages/oslo_service/backend/_threading/loopingcall.py:125}}
May 09 09:12:21.718054 np0000173049 neutron-periodic-workers[105726]: DEBUG dbcounter [-] [105726] Writing DB stats neutron:SELECT=3 {{(pid=105726) stat_writer /opt/stack/data/venv/lib/python3.12/site-packages/dbcounter.py:115}}
May 09 09:12:25.700693 np0000173049 neutron-periodic-workers[105735]: DEBUG dbcounter [-] [105735] Writing DB stats neutron:SELECT=1 {{(pid=105735) stat_writer /opt/stack/data/venv/lib/python3.12/site-packages/dbcounter.py:115}}
May 09 09:12:27.739334 np0000173049 neutron-periodic-workers[105745]: DEBUG dbcounter [-] [105745] Writing DB stats neutron:DELETE=1 {{(pid=105745) stat_writer /opt/stack/data/venv/lib/python3.12/site-packages/dbcounter.py:115}}
May 09 09:12:48.718776 np0000173049 neutron-periodic-workers[105726]: DEBUG oslo.service.backend._threading.loopingcall [None req-45316a07-46fb-4ac9-9869-f7da375e4209 None None] Fixed interval looping call 'neutron.plugins.ml2.plugin.DhcpAgentSchedulerDbMixin.remove_networks_from_down_agents' sleeping for 36.99 seconds {{(pid=105726) _run_loop /opt/stack/data/venv/lib/python3.12/site-packages/oslo_service/backend/_threading/loopingcall.py:125}}
May 09 09:12:52.697857 np0000173049 neutron-periodic-workers[105735]: DEBUG neutron.db.agents_db [None req-be91444d-9a94-4bb4-8330-83003d688586 None None] Agent healthcheck: found 0 active agents {{(pid=105735) agent_health_check /opt/stack/neutron/neutron/db/agents_db.py:322}}
May 09 09:12:52.698598 np0000173049 neutron-periodic-workers[105735]: DEBUG oslo.service.backend._threading.loopingcall [None req-be91444d-9a94-4bb4-8330-83003d688586 None None] Fixed interval looping call 'neutron.plugins.ml2.plugin.AgentDbMixin.agent_health_check' sleeping for 36.99 seconds {{(pid=105735) _run_loop /opt/stack/data/venv/lib/python3.12/site-packages/oslo_service/backend/_threading/loopingcall.py:125}}
May 09 09:12:58.719128 np0000173049 neutron-periodic-workers[105726]: DEBUG dbcounter [-] [105726] Writing DB stats neutron:SELECT=3 {{(pid=105726) stat_writer /opt/stack/data/venv/lib/python3.12/site-packages/dbcounter.py:115}}
May 09 09:13:02.696050 np0000173049 neutron-periodic-workers[105735]: DEBUG dbcounter [-] [105735] Writing DB stats neutron:SELECT=1 {{(pid=105735) stat_writer /opt/stack/data/venv/lib/python3.12/site-packages/dbcounter.py:115}}
May 09 09:13:25.718236 np0000173049 neutron-periodic-workers[105726]: DEBUG oslo.service.backend._threading.loopingcall [None req-45316a07-46fb-4ac9-9869-f7da375e4209 None None] Fixed interval looping call 'neutron.plugins.ml2.plugin.DhcpAgentSchedulerDbMixin.remove_networks_from_down_agents' sleeping for 36.99 seconds {{(pid=105726) _run_loop /opt/stack/data/venv/lib/python3.12/site-packages/oslo_service/backend/_threading/loopingcall.py:125}}
May 09 09:13:29.693667 np0000173049 neutron-periodic-workers[105720]: DEBUG oslo.service.backend._threading.loopingcall [None req-9deaad50-042f-490d-acd7-4da17ad9a671 None None] Fixed interval looping call 'neutron.services.ovn_l3.plugin.L3_NAT_dbonly_mixin._clean_garbage' sleeping for 299.99 seconds {{(pid=105720) _run_loop /opt/stack/data/venv/lib/python3.12/site-packages/oslo_service/backend/_threading/loopingcall.py:125}}
May 09 09:13:29.695224 np0000173049 neutron-periodic-workers[105735]: DEBUG neutron.db.agents_db [None req-be91444d-9a94-4bb4-8330-83003d688586 None None] Agent healthcheck: found 0 active agents {{(pid=105735) agent_health_check /opt/stack/neutron/neutron/db/agents_db.py:322}}
May 09 09:13:29.695634 np0000173049 neutron-periodic-workers[105735]: DEBUG oslo.service.backend._threading.loopingcall [None req-be91444d-9a94-4bb4-8330-83003d688586 None None] Fixed interval looping call 'neutron.plugins.ml2.plugin.AgentDbMixin.agent_health_check' sleeping for 36.99 seconds {{(pid=105735) _run_loop /opt/stack/data/venv/lib/python3.12/site-packages/oslo_service/backend/_threading/loopingcall.py:125}}
May 09 09:13:35.717664 np0000173049 neutron-periodic-workers[105726]: DEBUG dbcounter [-] [105726] Writing DB stats neutron:SELECT=3 {{(pid=105726) stat_writer /opt/stack/data/venv/lib/python3.12/site-packages/dbcounter.py:115}}
May 09 09:13:39.693610 np0000173049 neutron-periodic-workers[105735]: DEBUG dbcounter [-] [105735] Writing DB stats neutron:SELECT=1 {{(pid=105735) stat_writer /opt/stack/data/venv/lib/python3.12/site-packages/dbcounter.py:115}}
May 09 09:13:39.695496 np0000173049 neutron-periodic-workers[105720]: DEBUG dbcounter [-] [105720] Writing DB stats neutron:SELECT=1 {{(pid=105720) stat_writer /opt/stack/data/venv/lib/python3.12/site-packages/dbcounter.py:115}}
May 09 09:14:02.717393 np0000173049 neutron-periodic-workers[105726]: DEBUG oslo.service.backend._threading.loopingcall [None req-45316a07-46fb-4ac9-9869-f7da375e4209 None None] Fixed interval looping call 'neutron.plugins.ml2.plugin.DhcpAgentSchedulerDbMixin.remove_networks_from_down_agents' sleeping for 36.99 seconds {{(pid=105726) _run_loop /opt/stack/data/venv/lib/python3.12/site-packages/oslo_service/backend/_threading/loopingcall.py:125}}
May 09 09:14:06.690614 np0000173049 neutron-periodic-workers[105735]: DEBUG neutron.db.agents_db [None req-be91444d-9a94-4bb4-8330-83003d688586 None None] Agent healthcheck: found 0 active agents {{(pid=105735) agent_health_check /opt/stack/neutron/neutron/db/agents_db.py:322}}
May 09 09:14:06.691336 np0000173049 neutron-periodic-workers[105735]: DEBUG oslo.service.backend._threading.loopingcall [None req-be91444d-9a94-4bb4-8330-83003d688586 None None] Fixed interval looping call 'neutron.plugins.ml2.plugin.AgentDbMixin.agent_health_check' sleeping for 37.00 seconds {{(pid=105735) _run_loop /opt/stack/data/venv/lib/python3.12/site-packages/oslo_service/backend/_threading/loopingcall.py:125}}
May 09 09:14:12.716658 np0000173049 neutron-periodic-workers[105726]: DEBUG dbcounter [-] [105726] Writing DB stats neutron:SELECT=3 {{(pid=105726) stat_writer /opt/stack/data/venv/lib/python3.12/site-packages/dbcounter.py:115}}
May 09 09:14:16.689258 np0000173049 neutron-periodic-workers[105735]: DEBUG dbcounter [-] [105735] Writing DB stats neutron:SELECT=1 {{(pid=105735) stat_writer /opt/stack/data/venv/lib/python3.12/site-packages/dbcounter.py:115}}
May 09 09:14:17.746642 np0000173049 neutron-periodic-workers[105745]: DEBUG oslo.service.backend._threading.loopingcall [None req-1a27484c-0630-45a5-9077-d3ef4f0dd701 None None] Fixed interval looping call 'neutron.db.quota.driver_nolock.DbQuotaNoLockDriver._remove_expired_reservations' sleeping for 119.99 seconds {{(pid=105745) _run_loop /opt/stack/data/venv/lib/python3.12/site-packages/oslo_service/backend/_threading/loopingcall.py:125}}
May 09 09:14:27.744150 np0000173049 neutron-periodic-workers[105745]: DEBUG dbcounter [-] [105745] Writing DB stats neutron:DELETE=1 {{(pid=105745) stat_writer /opt/stack/data/venv/lib/python3.12/site-packages/dbcounter.py:115}}
May 09 09:14:39.716102 np0000173049 neutron-periodic-workers[105726]: DEBUG oslo.service.backend._threading.loopingcall [None req-45316a07-46fb-4ac9-9869-f7da375e4209 None None] Fixed interval looping call 'neutron.plugins.ml2.plugin.DhcpAgentSchedulerDbMixin.remove_networks_from_down_agents' sleeping for 36.99 seconds {{(pid=105726) _run_loop /opt/stack/data/venv/lib/python3.12/site-packages/oslo_service/backend/_threading/loopingcall.py:125}}
May 09 09:14:43.698743 np0000173049 neutron-periodic-workers[105735]: DEBUG neutron.db.agents_db [None req-be91444d-9a94-4bb4-8330-83003d688586 None None] Agent healthcheck: found 0 active agents {{(pid=105735) agent_health_check /opt/stack/neutron/neutron/db/agents_db.py:322}}
May 09 09:14:43.699341 np0000173049 neutron-periodic-workers[105735]: DEBUG oslo.service.backend._threading.loopingcall [None req-be91444d-9a94-4bb4-8330-83003d688586 None None] Fixed interval looping call 'neutron.plugins.ml2.plugin.AgentDbMixin.agent_health_check' sleeping for 36.99 seconds {{(pid=105735) _run_loop /opt/stack/data/venv/lib/python3.12/site-packages/oslo_service/backend/_threading/loopingcall.py:125}}
May 09 09:14:49.715796 np0000173049 neutron-periodic-workers[105726]: DEBUG dbcounter [-] [105726] Writing DB stats neutron:SELECT=3 {{(pid=105726) stat_writer /opt/stack/data/venv/lib/python3.12/site-packages/dbcounter.py:115}}
May 09 09:14:53.696687 np0000173049 neutron-periodic-workers[105735]: DEBUG dbcounter [-] [105735] Writing DB stats neutron:SELECT=1 {{(pid=105735) stat_writer /opt/stack/data/venv/lib/python3.12/site-packages/dbcounter.py:115}}
