2026-06-03 01:05:46.244 7 INFO neutron.db.ovn_revision_numbers_db [None req-55bd677a-c68d-4db9-b028-714fcbcb90c0 - - - - - -] Successfully bumped revision number for resource 05f8e821-0eff-469f-bb77-dd8575051dfc (type: ports) to 2
2026-06-03 01:05:46.325 8 INFO neutron.db.ovn_revision_numbers_db [None req-3307a811-3af2-4708-a7f7-47d9d9fd411d f0b32210a0d74994bf125f5efdcf07bb 6c5c14e603194ac39f260b04f1948fa9 - - default default] Successfully bumped revision number for resource 571dbdc2-af4f-480a-aae8-6fd6c40a42c4 (type: ports) to 1 [pid: 7|app: 0|req: 708/1341] 10.0.0.234 () {34 vars in 789 bytes} [Wed Jun 3 01:05:45 2026] PUT /v2.0/routers/ab4551ea-c069-4f43-a306-9ea6ab6b58d3/remove_router_interface => generated 309 bytes in 1304 msecs (HTTP/1.1 200) 4 headers in 157 bytes (1 switches on core 0)
2026-06-03 01:05:46.915 8 WARNING neutron.scheduler.dhcp_agent_scheduler [None req-3307a811-3af2-4708-a7f7-47d9d9fd411d f0b32210a0d74994bf125f5efdcf07bb 6c5c14e603194ac39f260b04f1948fa9 - - default default] No more DHCP agents
2026-06-03 01:05:46.916 8 WARNING neutron.api.rpc.agentnotifiers.dhcp_rpc_agent_api [None req-3307a811-3af2-4708-a7f7-47d9d9fd411d f0b32210a0d74994bf125f5efdcf07bb 6c5c14e603194ac39f260b04f1948fa9 - - default default] Unable to schedule network b6de898e-0e66-4200-b3ab-d5851ae061ff: no agents available; will retry on subsequent port and subnet creation events. /var/lib/openstack/lib/python3.12/site-packages/pycadf/identifier.py:70: UserWarning: Invalid uuid: neutron. To ensure interoperability, identifiers should be a valid uuid. warnings.warn(('Invalid uuid: %s. To ensure interoperability, ' [pid: 7|app: 0|req: 709/1342] 10.0.0.61 () {30 vars in 649 bytes} [Wed Jun 3 01:05:46 2026] GET /v2.0/extensions => generated 20118 bytes in 104 msecs (HTTP/1.1 200) 4 headers in 159 bytes (1 switches on core 0) [pid: 7|app: 0|req: 710/1343] 10.0.0.65 () {34 vars in 989 bytes} [Wed Jun 3 01:05:46 2026] GET /v2.0/ports?device_id=2c9aac6c-06e5-4b2b-8c3f-e059e10916de => generated 12 bytes in 20 msecs (HTTP/1.1 200) 4 headers in 156 bytes (1 switches on core 0)
2026-06-03 01:05:47.162 8 INFO neutron.db.ovn_revision_numbers_db [None req-3307a811-3af2-4708-a7f7-47d9d9fd411d f0b32210a0d74994bf125f5efdcf07bb 6c5c14e603194ac39f260b04f1948fa9 - - default default] Successfully bumped revision number for resource 571dbdc2-af4f-480a-aae8-6fd6c40a42c4 (type: router_ports) to 1 [pid: 8|app: 0|req: 634/1344] 10.0.0.234 () {34 vars in 783 bytes} [Wed Jun 3 01:05:45 2026] PUT /v2.0/routers/e9d55d14-1749-49dc-8cad-678a3faa0902/add_router_interface => generated 309 bytes in 1331 msecs (HTTP/1.1 200) 4 headers in 157 bytes (1 switches on core 0) [pid: 8|app: 0|req: 635/1345] 10.0.0.61 () {30 vars in 723 bytes} [Wed Jun 3 01:05:47 2026] GET /v2.0/quotas/9f303dc829314fe6a0b8a03091370259/details => generated 847 bytes in 95 msecs (HTTP/1.1 200) 4 headers in 157 bytes (1 switches on core 0) [pid: 8|app: 0|req: 636/1346] 10.0.0.234 () {32 vars in 717 bytes} [Wed Jun 3 01:05:47 2026] GET /v2.0/ports/571dbdc2-af4f-480a-aae8-6fd6c40a42c4 => generated 953 bytes in 35 msecs (HTTP/1.1 200) 4 headers in 157 bytes (1 switches on core 0) [pid: 8|app: 0|req: 637/1347] 10.0.0.234 () {32 vars in 717 bytes} [Wed Jun 3 01:05:47 2026] GET /v2.0/ports/571dbdc2-af4f-480a-aae8-6fd6c40a42c4 => generated 953 bytes in 28 msecs (HTTP/1.1 200) 4 headers in 157 bytes (1 switches on core 0)
2026-06-03 01:05:47.355 7 INFO neutron_taas.services.taas.taas_plugin [None req-5e2eb8df-59bc-4d8f-8212-4e72bd5ea3a6 ca274bc63e55412ea214d586ee06d3fc 54b207530b0143cdbbc3ad327e5f5f17 - - default default] TaaS: Handle Delete Port: 7954fa45-a34f-487a-9e3e-6cc212abda2d
2026-06-03 01:05:47.359 7 INFO neutron_taas.services.taas.tap_mirror_plugin [None req-5e2eb8df-59bc-4d8f-8212-4e72bd5ea3a6 ca274bc63e55412ea214d586ee06d3fc 54b207530b0143cdbbc3ad327e5f5f17 - - default default] Tap Mirror: Handle Delete Port: 7954fa45-a34f-487a-9e3e-6cc212abda2d [pid: 7|app: 0|req: 711/1348] 10.0.0.234 () {32 vars in 724 bytes} [Wed Jun 3 01:05:46 2026] DELETE /v2.0/routers/ab4551ea-c069-4f43-a306-9ea6ab6b58d3 => generated 0 bytes in 768 msecs (HTTP/1.1 204) 2 headers in 112 bytes (1 switches on core 0) [pid: 8|app: 0|req: 638/1349] 10.0.0.234 () {32 vars in 724 bytes} [Wed Jun 3 01:05:47 2026] DELETE /v2.0/subnets/e85ef223-1812-45ec-9af2-e83799b545d0 => generated 0 bytes in 120 msecs (HTTP/1.1 204) 3 headers in 131 bytes (1 switches on core 0)
2026-06-03 01:05:47.968 7 INFO neutron_taas.services.taas.taas_plugin [None req-84f20b9d-82ae-43ac-b20d-b9e3da2be9ed ca274bc63e55412ea214d586ee06d3fc 54b207530b0143cdbbc3ad327e5f5f17 - - default default] TaaS: Handle Delete Port: a5e5e255-81af-4f83-99fe-ce6fc0af2158
2026-06-03 01:05:47.971 7 INFO neutron_taas.services.taas.tap_mirror_plugin [None req-84f20b9d-82ae-43ac-b20d-b9e3da2be9ed ca274bc63e55412ea214d586ee06d3fc 54b207530b0143cdbbc3ad327e5f5f17 - - default default] Tap Mirror: Handle Delete Port: a5e5e255-81af-4f83-99fe-ce6fc0af2158
2026-06-03 01:05:48.166 7 INFO neutron.services.segments.plugin [-] Segment 851909a0-4281-4d0e-a7c0-d4303cd7d4ad resource provider aggregate not found
2026-06-03 01:05:48.170 7 INFO neutron.services.segments.plugin [-] Segment 851909a0-4281-4d0e-a7c0-d4303cd7d4ad resource provider aggregate not found
2026-06-03 01:05:48.185 7 INFO neutron.services.segments.plugin [-] Segment 851909a0-4281-4d0e-a7c0-d4303cd7d4ad resource provider not found; error: Placement Client Error (4xx): {"errors": [{"status": 404, "title": "Not Found", "detail": "The resource could not be found.\n\n No resource provider with uuid 851909a0-4281-4d0e-a7c0-d4303cd7d4ad found for delete ", "request_id": "req-9a14fe4f-0a2f-4395-b18c-2d14ce900a7e"}]}
2026-06-03 01:05:48.195 7 INFO neutron.services.segments.plugin [-] Segment 851909a0-4281-4d0e-a7c0-d4303cd7d4ad resource provider not found; error: Placement Client Error (4xx): {"errors": [{"status": 404, "title": "Not Found", "detail": "The resource could not be found.\n\n No resource provider with uuid 851909a0-4281-4d0e-a7c0-d4303cd7d4ad found for delete ", "request_id": "req-fd94adf7-8a7a-4397-9299-33cfd5dc3a21"}]} [pid: 8|app: 0|req: 639/1350] 10.0.0.234 () {32 vars in 740 bytes} [Wed Jun 3 01:05:48 2026] DELETE /v2.0/security-groups/f464e3a2-e0e7-4155-922f-c79010fd0474 => generated 0 bytes in 166 msecs (HTTP/1.1 204) 2 headers in 112 bytes (1 switches on core 0) [pid: 7|app: 0|req: 712/1351] 10.0.0.234 () {32 vars in 726 bytes} [Wed Jun 3 01:05:47 2026] DELETE /v2.0/networks/575be82c-661a-4f46-9cfe-228a2fa001a6 => generated 0 bytes in 355 msecs (HTTP/1.1 204) 3 headers in 131 bytes (1 switches on core 0)
2026-06-03 01:05:48.221 8 INFO neutron.api.v2.resource [None req-5e6585b3-4d20-4a49-ba58-366562923833 7d1b6903c1384fd280c9894c3296bdcb 3741b860a6d64074ba059a3278121aa2 - - default default] show failed (client error): The resource could not be found. [pid: 8|app: 0|req: 640/1352] 10.0.0.234 () {32 vars in 737 bytes} [Wed Jun 3 01:05:48 2026] GET /v2.0/security-groups/f464e3a2-e0e7-4155-922f-c79010fd0474 => generated 146 bytes in 8 msecs (HTTP/1.1 404) 4 headers in 164 bytes (1 switches on core 0)
2026-06-03 01:05:48.354 7 INFO neutron_taas.services.taas.taas_plugin [None req-2e229c09-964c-4777-ae4b-e2abe95d5976 7d1b6903c1384fd280c9894c3296bdcb 3741b860a6d64074ba059a3278121aa2 - - default default] TaaS: Handle Delete Port: 802ab72c-8a28-4b16-9f51-ea401fd576d8
2026-06-03 01:05:48.356 7 INFO neutron_taas.services.taas.tap_mirror_plugin [None req-2e229c09-964c-4777-ae4b-e2abe95d5976 7d1b6903c1384fd280c9894c3296bdcb 3741b860a6d64074ba059a3278121aa2 - - default default] Tap Mirror: Handle Delete Port: 802ab72c-8a28-4b16-9f51-ea401fd576d8 [pid: 8|app: 0|req: 641/1353] 10.0.0.234 () {32 vars in 717 bytes} [Wed Jun 3 01:05:48 2026] GET /v2.0/ports/571dbdc2-af4f-480a-aae8-6fd6c40a42c4 => generated 953 bytes in 86 msecs (HTTP/1.1 200) 4 headers in 157 bytes (1 switches on core 0) [pid: 7|app: 0|req: 713/1354] 10.0.0.234 () {32 vars in 732 bytes} [Wed Jun 3 01:05:48 2026] DELETE /v2.0/floatingips/463aa319-2576-4d3e-aeb5-836e8c4fbb91 => generated 0 bytes in 271 msecs (HTTP/1.1 204) 2 headers in 112 bytes (1 switches on core 0)
2026-06-03 01:05:48.771 8 INFO neutron_taas.services.taas.taas_plugin [None req-6287a324-49d9-4e73-9f41-83b0b64af089 4e163926c88444e290e61d409e9e5aea 6b04a1b0eb02465fb971fe362ec901e4 - - default default] TaaS: Handle Delete Port: 871fa023-5396-4e84-ac88-47dcd330ee88
2026-06-03 01:05:48.774 8 INFO neutron_taas.services.taas.tap_mirror_plugin [None req-6287a324-49d9-4e73-9f41-83b0b64af089 4e163926c88444e290e61d409e9e5aea 6b04a1b0eb02465fb971fe362ec901e4 - - default default] Tap Mirror: Handle Delete Port: 871fa023-5396-4e84-ac88-47dcd330ee88 [pid: 7|app: 0|req: 714/1355] 10.0.0.234 () {32 vars in 774 bytes} [Wed Jun 3 01:05:48 2026] GET /v2.0/security-groups?tenant_id=54b207530b0143cdbbc3ad327e5f5f17&name=default => generated 2925 bytes in 130 msecs (HTTP/1.1 200) 4 headers in 158 bytes (1 switches on core 0) [pid: 7|app: 0|req: 715/1356] 10.0.0.234 () {32 vars in 740 bytes} [Wed Jun 3 01:05:48 2026] DELETE /v2.0/security-groups/9dc90294-5f4e-4e76-a23d-bf464ddef597 => generated 0 bytes in 253 msecs (HTTP/1.1 204) 2 headers in 112 bytes (1 switches on core 0) [pid: 7|app: 0|req: 716/1357] 10.0.0.61 () {30 vars in 649 bytes} [Wed Jun 3 01:05:49 2026] GET /v2.0/extensions => generated 20118 bytes in 9 msecs (HTTP/1.1 200) 4 headers in 159 bytes (1 switches on core 0) [pid: 8|app: 0|req: 642/1358] 10.0.0.234 () {34 vars in 789 bytes} [Wed Jun 3 01:05:48 2026] PUT /v2.0/routers/6773b0c8-6695-4162-a1b1-d8c0a294ef12/remove_router_interface => generated 309 bytes in 938 msecs (HTTP/1.1 200) 4 headers in 157 bytes (1 switches on core 0) /var/lib/openstack/lib/python3.12/site-packages/pycadf/identifier.py:70: UserWarning: Invalid uuid: neutron. To ensure interoperability, identifiers should be a valid uuid. warnings.warn(('Invalid uuid: %s. To ensure interoperability, ' [pid: 8|app: 0|req: 643/1359] 10.0.0.234 () {32 vars in 717 bytes} [Wed Jun 3 01:05:49 2026] GET /v2.0/ports/571dbdc2-af4f-480a-aae8-6fd6c40a42c4 => generated 953 bytes in 33 msecs (HTTP/1.1 200) 4 headers in 157 bytes (1 switches on core 0) [pid: 7|app: 0|req: 717/1360] 10.0.0.61 () {30 vars in 723 bytes} [Wed Jun 3 01:05:49 2026] GET /v2.0/quotas/9f303dc829314fe6a0b8a03091370259/details => generated 847 bytes in 123 msecs (HTTP/1.1 200) 4 headers in 157 bytes (1 switches on core 0)
2026-06-03 01:05:49.795 8 INFO neutron_taas.services.taas.taas_plugin [None req-4cbf7052-e5b9-434a-be08-1a855c5c5ad2 4e163926c88444e290e61d409e9e5aea 6b04a1b0eb02465fb971fe362ec901e4 - - default default] TaaS: Handle Delete Port: 70d42cad-ed1b-458c-a254-091f1b5d8416
2026-06-03 01:05:49.798 8 INFO neutron_taas.services.taas.tap_mirror_plugin [None req-4cbf7052-e5b9-434a-be08-1a855c5c5ad2 4e163926c88444e290e61d409e9e5aea 6b04a1b0eb02465fb971fe362ec901e4 - - default default] Tap Mirror: Handle Delete Port: 70d42cad-ed1b-458c-a254-091f1b5d8416 [pid: 8|app: 0|req: 644/1361] 10.0.0.234 () {32 vars in 724 bytes} [Wed Jun 3 01:05:49 2026] DELETE /v2.0/routers/6773b0c8-6695-4162-a1b1-d8c0a294ef12 => generated 0 bytes in 716 msecs (HTTP/1.1 204) 2 headers in 112 bytes (1 switches on core 0) [pid: 7|app: 0|req: 718/1362] 10.0.0.234 () {32 vars in 724 bytes} [Wed Jun 3 01:05:50 2026] DELETE /v2.0/subnets/a4b6f940-e7eb-4d2a-b138-d26ef7e19e42 => generated 0 bytes in 172 msecs (HTTP/1.1 204) 3 headers in 131 bytes (1 switches on core 0)
2026-06-03 01:05:50.484 8 INFO neutron_taas.services.taas.taas_plugin [None req-ac6f868a-8514-482f-b1cf-bf75bbbd4306 4e163926c88444e290e61d409e9e5aea 6b04a1b0eb02465fb971fe362ec901e4 - - default default] TaaS: Handle Delete Port: 6b64269c-31a6-48df-bc6f-ad9820654632
2026-06-03 01:05:50.486 8 INFO neutron_taas.services.taas.tap_mirror_plugin [None req-ac6f868a-8514-482f-b1cf-bf75bbbd4306 4e163926c88444e290e61d409e9e5aea 6b04a1b0eb02465fb971fe362ec901e4 - - default default] Tap Mirror: Handle Delete Port: 6b64269c-31a6-48df-bc6f-ad9820654632 [pid: 7|app: 0|req: 719/1363] 10.0.0.234 () {32 vars in 717 bytes} [Wed Jun 3 01:05:50 2026] GET /v2.0/ports/571dbdc2-af4f-480a-aae8-6fd6c40a42c4 => generated 953 bytes in 74 msecs (HTTP/1.1 200) 4 headers in 157 bytes (1 switches on core 0)
2026-06-03 01:05:50.743 8 INFO neutron.services.segments.plugin [-] Segment 47e395a9-b680-4e7c-917d-d5b44f3661fd resource provider aggregate not found
2026-06-03 01:05:50.744 8 INFO neutron.services.segments.plugin [-] Segment 47e395a9-b680-4e7c-917d-d5b44f3661fd resource provider aggregate not found
2026-06-03 01:05:50.771 8 INFO neutron.services.segments.plugin [-] Segment 47e395a9-b680-4e7c-917d-d5b44f3661fd resource provider not found; error: Placement Client Error (4xx): {"errors": [{"status": 404, "title": "Not Found", "detail": "The resource could not be found.\n\n No resource provider with uuid 47e395a9-b680-4e7c-917d-d5b44f3661fd found for delete ", "request_id": "req-436503ae-1e04-450c-985c-1d746f7794d9"}]}
2026-06-03 01:05:50.776 8 INFO neutron.services.segments.plugin [-] Segment 47e395a9-b680-4e7c-917d-d5b44f3661fd resource provider not found; error: Placement Client Error (4xx): {"errors": [{"status": 404, "title": "Not Found", "detail": "The resource could not be found.\n\n No resource provider with uuid 47e395a9-b680-4e7c-917d-d5b44f3661fd found for delete ", "request_id": "req-fd86e001-737b-4445-9717-b3738db715df"}]} [pid: 8|app: 0|req: 645/1364] 10.0.0.234 () {32 vars in 726 bytes} [Wed Jun 3 01:05:50 2026] DELETE /v2.0/networks/8a447cd5-d0d3-420c-86e2-2fb0744a93a1 => generated 0 bytes in 417 msecs (HTTP/1.1 204) 3 headers in 131 bytes (1 switches on core 0) [pid: 7|app: 0|req: 720/1365] 10.0.0.234 () {32 vars in 774 bytes} [Wed Jun 3 01:05:50 2026] GET /v2.0/security-groups?tenant_id=3741b860a6d64074ba059a3278121aa2&name=default => generated 2925 bytes in 25 msecs (HTTP/1.1 200) 4 headers in 158 bytes (1 switches on core 0) [pid: 8|app: 0|req: 646/1366] 10.0.0.234 () {32 vars in 740 bytes} [Wed Jun 3 01:05:51 2026] DELETE /v2.0/security-groups/3f4dbbef-1899-4186-8b61-02832dab495f => generated 0 bytes in 267 msecs (HTTP/1.1 204) 2 headers in 112 bytes (1 switches on core 0)
2026-06-03 01:05:51.494 7 WARNING neutron.plugins.ml2.drivers.ovn.mech_driver.ovsdb.ovn_client [None req-fd018d4e-9ddb-4f9e-a20c-2f938a8aea78 - - - - - -] No hosting information found for port 05f8e821-0eff-469f-bb77-dd8575051dfc: RuntimeError: No hosting information found for port 05f8e821-0eff-469f-bb77-dd8575051dfc
2026-06-03 01:05:51.608 7 INFO neutron.db.ovn_revision_numbers_db [None req-fd018d4e-9ddb-4f9e-a20c-2f938a8aea78 - - - - - -] Successfully bumped revision number for resource 05f8e821-0eff-469f-bb77-dd8575051dfc (type: router_ports) to 2 [pid: 7|app: 0|req: 721/1367] 10.0.0.234 () {32 vars in 717 bytes} [Wed Jun 3 01:05:51 2026] GET /v2.0/ports/571dbdc2-af4f-480a-aae8-6fd6c40a42c4 => generated 953 bytes in 65 msecs (HTTP/1.1 200) 4 headers in 157 bytes (1 switches on core 0)
2026-06-03 01:05:51.660 7 INFO neutron.plugins.ml2.drivers.ovn.mech_driver.mech_driver [None req-fd018d4e-9ddb-4f9e-a20c-2f938a8aea78 - - - - - -] OVN reports status down for port: 571dbdc2-af4f-480a-aae8-6fd6c40a42c4
2026-06-03 01:05:51.725 7 WARNING neutron.plugins.ml2.drivers.ovn.mech_driver.ovsdb.ovn_client [None req-fd018d4e-9ddb-4f9e-a20c-2f938a8aea78 - - - - - -] Logical_Switch_Port 571dbdc2-af4f-480a-aae8-6fd6c40a42c4 host information not removed, the port state is up
2026-06-03 01:05:51.725 7 INFO neutron.plugins.ml2.drivers.ovn.mech_driver.mech_driver [None req-fd018d4e-9ddb-4f9e-a20c-2f938a8aea78 - - - - - -] OVN reports status up for port: 571dbdc2-af4f-480a-aae8-6fd6c40a42c4
2026-06-03 01:05:51.734 7 INFO neutron.plugins.ml2.plugin [None req-fd018d4e-9ddb-4f9e-a20c-2f938a8aea78 - - - - - -] Attempt 1 to provision port 571dbdc2-af4f-480a-aae8-6fd6c40a42c4
2026-06-03 01:05:51.858 8 INFO neutron.db.ovn_revision_numbers_db [None req-c237cc27-76c0-4e3b-87ba-cbee3ff90eda 4e163926c88444e290e61d409e9e5aea 6b04a1b0eb02465fb971fe362ec901e4 - - default default] Successfully bumped revision number for resource d819a443-fbf9-4cec-842a-f8ebd2620aeb (type: security_groups) to 1
2026-06-03 01:05:51.872 8 INFO neutron.db.ovn_revision_numbers_db [None req-c237cc27-76c0-4e3b-87ba-cbee3ff90eda 4e163926c88444e290e61d409e9e5aea 6b04a1b0eb02465fb971fe362ec901e4 - - default default] Successfully bumped revision number for resource 23fd1b5a-315f-46b6-b983-5f6926323cfe (type: security_group_rules) to 0
2026-06-03 01:05:51.883 8 INFO neutron.db.ovn_revision_numbers_db [None req-c237cc27-76c0-4e3b-87ba-cbee3ff90eda 4e163926c88444e290e61d409e9e5aea 6b04a1b0eb02465fb971fe362ec901e4 - - default default] Successfully bumped revision number for resource 273de2b1-4766-44cf-8af6-3b87a4112835 (type: security_group_rules) to 0
2026-06-03 01:05:51.895 8 INFO neutron.db.ovn_revision_numbers_db [None req-c237cc27-76c0-4e3b-87ba-cbee3ff90eda 4e163926c88444e290e61d409e9e5aea 6b04a1b0eb02465fb971fe362ec901e4 - - default default] Successfully bumped revision number for resource 6e5491d3-20b4-48d9-8af9-fdff455e5fe9 (type: security_group_rules) to 0
2026-06-03 01:05:51.908 8 INFO neutron.db.ovn_revision_numbers_db [None req-c237cc27-76c0-4e3b-87ba-cbee3ff90eda 4e163926c88444e290e61d409e9e5aea 6b04a1b0eb02465fb971fe362ec901e4 - - default default] Successfully bumped revision number for resource 79386a44-fbcb-46b1-ba24-a1bd814b21f8 (type: security_group_rules) to 0 [pid: 8|app: 0|req: 647/1368] 10.0.0.234 () {32 vars in 774 bytes} [Wed Jun 3 01:05:51 2026] GET /v2.0/security-groups?tenant_id=9f303dc829314fe6a0b8a03091370259&name=default => generated 2925 bytes in 348 msecs (HTTP/1.1 200) 4 headers in 158 bytes (1 switches on core 0)
2026-06-03 01:05:52.210 7 INFO neutron.db.ovn_revision_numbers_db [None req-fd018d4e-9ddb-4f9e-a20c-2f938a8aea78 - - - - - -] Successfully bumped revision number for resource 571dbdc2-af4f-480a-aae8-6fd6c40a42c4 (type: ports) to 2 [pid: 7|app: 0|req: 722/1369] 10.0.0.234 () {32 vars in 740 bytes} [Wed Jun 3 01:05:51 2026] DELETE /v2.0/security-groups/d819a443-fbf9-4cec-842a-f8ebd2620aeb => generated 0 bytes in 420 msecs (HTTP/1.1 204) 2 headers in 112 bytes (1 switches on core 0) [pid: 8|app: 0|req: 648/1370] 10.0.0.234 () {32 vars in 717 bytes} [Wed Jun 3 01:05:52 2026] GET /v2.0/ports/571dbdc2-af4f-480a-aae8-6fd6c40a42c4 => generated 955 bytes in 45 msecs (HTTP/1.1 200) 4 headers in 157 bytes (1 switches on core 0)
2026-06-03 01:05:53.002 7 INFO neutron_taas.services.taas.taas_plugin [None req-d7b51c70-deb7-4335-8828-6b1c7392a1ef f0b32210a0d74994bf125f5efdcf07bb 6c5c14e603194ac39f260b04f1948fa9 - - default default] TaaS: Handle Delete Port: 571dbdc2-af4f-480a-aae8-6fd6c40a42c4
2026-06-03 01:05:53.006 7 INFO neutron_taas.services.taas.tap_mirror_plugin [None req-d7b51c70-deb7-4335-8828-6b1c7392a1ef f0b32210a0d74994bf125f5efdcf07bb 6c5c14e603194ac39f260b04f1948fa9 - - default default] Tap Mirror: Handle Delete Port: 571dbdc2-af4f-480a-aae8-6fd6c40a42c4 [pid: 7|app: 0|req: 723/1371] 10.0.0.234 () {34 vars in 789 bytes} [Wed Jun 3 01:05:52 2026] PUT /v2.0/routers/e9d55d14-1749-49dc-8cad-678a3faa0902/remove_router_interface => generated 309 bytes in 634 msecs (HTTP/1.1 200) 4 headers in 157 bytes (1 switches on core 0) /var/lib/openstack/lib/python3.12/site-packages/pycadf/identifier.py:70: UserWarning: Invalid uuid: neutron. To ensure interoperability, identifiers should be a valid uuid. warnings.warn(('Invalid uuid: %s. To ensure interoperability, ' [pid: 7|app: 0|req: 724/1372] 10.0.0.234 () {32 vars in 717 bytes} [Wed Jun 3 01:05:53 2026] GET /v2.0/ports/05f8e821-0eff-469f-bb77-dd8575051dfc => generated 947 bytes in 80 msecs (HTTP/1.1 200) 4 headers in 157 bytes (1 switches on core 0)
2026-06-03 01:05:53.454 8 INFO neutron.db.ovn_revision_numbers_db [None req-f771a66d-5bbb-4a90-9be6-faf901628233 4e163926c88444e290e61d409e9e5aea 6b04a1b0eb02465fb971fe362ec901e4 - - default default] Successfully bumped revision number for resource c3610016-7185-4b9d-b2b7-d729d66b0beb (type: security_groups) to 1
2026-06-03 01:05:53.465 8 INFO neutron.db.ovn_revision_numbers_db [None req-f771a66d-5bbb-4a90-9be6-faf901628233 4e163926c88444e290e61d409e9e5aea 6b04a1b0eb02465fb971fe362ec901e4 - - default default] Successfully bumped revision number for resource 35faf5ad-84bd-465b-b5a2-9f1510d13a01 (type: security_group_rules) to 0
2026-06-03 01:05:53.479 8 INFO neutron.db.ovn_revision_numbers_db [None req-f771a66d-5bbb-4a90-9be6-faf901628233 4e163926c88444e290e61d409e9e5aea 6b04a1b0eb02465fb971fe362ec901e4 - - default default] Successfully bumped revision number for resource c4d26209-bf3d-4e19-978f-c0d37f99ba3c (type: security_group_rules) to 0
2026-06-03 01:05:53.490 8 INFO neutron.db.ovn_revision_numbers_db [None req-f771a66d-5bbb-4a90-9be6-faf901628233 4e163926c88444e290e61d409e9e5aea 6b04a1b0eb02465fb971fe362ec901e4 - - default default] Successfully bumped revision number for resource ee64a898-1c41-41f1-93b6-c1e42faafc71 (type: security_group_rules) to 0
2026-06-03 01:05:53.502 8 INFO neutron.db.ovn_revision_numbers_db [None req-f771a66d-5bbb-4a90-9be6-faf901628233 4e163926c88444e290e61d409e9e5aea 6b04a1b0eb02465fb971fe362ec901e4 - - default default] Successfully bumped revision number for resource f348a0e3-d137-4591-91f5-b8d9fa3c6752 (type: security_group_rules) to 0
2026-06-03 01:05:53.566 8 INFO neutron.db.segments_db [None req-f771a66d-5bbb-4a90-9be6-faf901628233 4e163926c88444e290e61d409e9e5aea 6b04a1b0eb02465fb971fe362ec901e4 - - default default] Added segment 7e33b94d-3dfa-45e8-b510-8af2f07ce1e9 of type geneve for network 755b39a5-e25b-4bff-8010-fa715091db4c
2026-06-03 01:05:53.666 8 INFO neutron.db.ovn_revision_numbers_db [None req-f771a66d-5bbb-4a90-9be6-faf901628233 4e163926c88444e290e61d409e9e5aea 6b04a1b0eb02465fb971fe362ec901e4 - - default default] Successfully bumped revision number for resource 755b39a5-e25b-4bff-8010-fa715091db4c (type: networks) to 1
2026-06-03 01:05:53.712 7 INFO neutron_taas.services.taas.taas_plugin [None req-2c718bee-e8b5-4a88-9b71-249a5c4c4805 f0b32210a0d74994bf125f5efdcf07bb 6c5c14e603194ac39f260b04f1948fa9 - - default default] TaaS: Handle Delete Port: 05f8e821-0eff-469f-bb77-dd8575051dfc
2026-06-03 01:05:53.715 7 INFO neutron_taas.services.taas.tap_mirror_plugin [None req-2c718bee-e8b5-4a88-9b71-249a5c4c4805 f0b32210a0d74994bf125f5efdcf07bb 6c5c14e603194ac39f260b04f1948fa9 - - default default] Tap Mirror: Handle Delete Port: 05f8e821-0eff-469f-bb77-dd8575051dfc
2026-06-03 01:05:53.819 8 WARNING neutron.scheduler.dhcp_agent_scheduler [None req-f771a66d-5bbb-4a90-9be6-faf901628233 4e163926c88444e290e61d409e9e5aea 6b04a1b0eb02465fb971fe362ec901e4 - - default default] No more DHCP agents
2026-06-03 01:05:53.820 8 WARNING neutron.api.rpc.agentnotifiers.dhcp_rpc_agent_api [None req-f771a66d-5bbb-4a90-9be6-faf901628233 4e163926c88444e290e61d409e9e5aea 6b04a1b0eb02465fb971fe362ec901e4 - - default default] Unable to schedule network 755b39a5-e25b-4bff-8010-fa715091db4c: no agents available; will retry on subsequent port and subnet creation events.
2026-06-03 01:05:53.912 8 INFO neutron.db.ovn_revision_numbers_db [None req-f771a66d-5bbb-4a90-9be6-faf901628233 4e163926c88444e290e61d409e9e5aea 6b04a1b0eb02465fb971fe362ec901e4 - - default default] Successfully bumped revision number for resource bb69ce6a-687b-43bd-a77a-fb992f7102cb (type: ports) to 1 [pid: 8|app: 0|req: 649/1373] 10.0.0.234 () {34 vars in 671 bytes} [Wed Jun 3 01:05:53 2026] POST /v2.0/networks => generated 747 bytes in 842 msecs (HTTP/1.1 201) 4 headers in 162 bytes (1 switches on core 0) [pid: 7|app: 0|req: 725/1374] 10.0.0.234 () {34 vars in 789 bytes} [Wed Jun 3 01:05:53 2026] PUT /v2.0/routers/e9d55d14-1749-49dc-8cad-678a3faa0902/remove_router_interface => generated 309 bytes in 588 msecs (HTTP/1.1 200) 4 headers in 157 bytes (1 switches on core 0) /var/lib/openstack/lib/python3.12/site-packages/pycadf/identifier.py:70: UserWarning: Invalid uuid: neutron. To ensure interoperability, identifiers should be a valid uuid. warnings.warn(('Invalid uuid: %s. To ensure interoperability, '
2026-06-03 01:05:54.137 7 WARNING neutron.scheduler.dhcp_agent_scheduler [None req-a1a70be1-ca22-43ea-a444-6b306c36aeec 4e163926c88444e290e61d409e9e5aea 6b04a1b0eb02465fb971fe362ec901e4 - - default default] No more DHCP agents
2026-06-03 01:05:54.139 7 WARNING neutron.api.rpc.agentnotifiers.dhcp_rpc_agent_api [None req-a1a70be1-ca22-43ea-a444-6b306c36aeec 4e163926c88444e290e61d409e9e5aea 6b04a1b0eb02465fb971fe362ec901e4 - - default default] Unable to schedule network 755b39a5-e25b-4bff-8010-fa715091db4c: no agents available; will retry on subsequent port and subnet creation events.
2026-06-03 01:05:54.284 8 INFO neutron.db.ovn_revision_numbers_db [None req-016febfd-f1c5-4abb-a8e8-b42e527cc54c 4e163926c88444e290e61d409e9e5aea 6b04a1b0eb02465fb971fe362ec901e4 - - default default] Successfully bumped revision number for resource 96407fc0-69ef-40ef-b792-4408bab3a259 (type: security_groups) to 1
2026-06-03 01:05:54.294 8 INFO neutron.db.ovn_revision_numbers_db [None req-016febfd-f1c5-4abb-a8e8-b42e527cc54c 4e163926c88444e290e61d409e9e5aea 6b04a1b0eb02465fb971fe362ec901e4 - - default default] Successfully bumped revision number for resource 08c20a80-5a30-4bfc-9f8b-65f1ea03c866 (type: security_group_rules) to 0
2026-06-03 01:05:54.305 8 INFO neutron.db.ovn_revision_numbers_db [None req-016febfd-f1c5-4abb-a8e8-b42e527cc54c 4e163926c88444e290e61d409e9e5aea 6b04a1b0eb02465fb971fe362ec901e4 - - default default] Successfully bumped revision number for resource 17dedcdc-65a6-4c8f-b54b-118153bb798c (type: security_group_rules) to 0
2026-06-03 01:05:54.316 8 INFO neutron.db.ovn_revision_numbers_db [None req-016febfd-f1c5-4abb-a8e8-b42e527cc54c 4e163926c88444e290e61d409e9e5aea 6b04a1b0eb02465fb971fe362ec901e4 - - default default] Successfully bumped revision number for resource a9c20deb-f685-4176-9c4a-f4067d2ada40 (type: security_group_rules) to 0
2026-06-03 01:05:54.327 8 INFO neutron.db.ovn_revision_numbers_db [None req-016febfd-f1c5-4abb-a8e8-b42e527cc54c 4e163926c88444e290e61d409e9e5aea 6b04a1b0eb02465fb971fe362ec901e4 - - default default] Successfully bumped revision number for resource edc24ae1-dd75-4d07-a133-1d31260737d3 (type: security_group_rules) to 0 [pid: 8|app: 0|req: 650/1375] 10.0.0.234 () {32 vars in 774 bytes} [Wed Jun 3 01:05:53 2026] GET /v2.0/security-groups?tenant_id=4d911930584345eeb606e8840ba6afc5&name=default => generated 2925 bytes in 434 msecs (HTTP/1.1 200) 4 headers in 158 bytes (1 switches on core 0) [pid: 8|app: 0|req: 651/1376] 10.0.0.234 () {32 vars in 736 bytes} [Wed Jun 3 01:05:54 2026] GET /v2.0/ports?device_id=e9d55d14-1749-49dc-8cad-678a3faa0902 => generated 12 bytes in 21 msecs (HTTP/1.1 200) 4 headers in 156 bytes (1 switches on core 0)
2026-06-03 01:05:54.609 7 INFO neutron.db.ovn_revision_numbers_db [None req-c1d78a1f-66c2-419b-a9c3-350cd485328b - - - - - -] Successfully bumped revision number for resource bb69ce6a-687b-43bd-a77a-fb992f7102cb (type: ports) to 2 [pid: 8|app: 0|req: 652/1377] 10.0.0.234 () {32 vars in 740 bytes} [Wed Jun 3 01:05:54 2026] DELETE /v2.0/security-groups/96407fc0-69ef-40ef-b792-4408bab3a259 => generated 0 bytes in 235 msecs (HTTP/1.1 204) 2 headers in 112 bytes (1 switches on core 0)
2026-06-03 01:05:54.638 7 INFO neutron.db.ovn_revision_numbers_db [None req-c1d78a1f-66c2-419b-a9c3-350cd485328b - - - - - -] Successfully bumped revision number for resource 286f5d4d-fb6a-444e-9f8c-a6b64766f2d1 (type: subnets) to 0 [pid: 7|app: 0|req: 726/1378] 10.0.0.234 () {34 vars in 669 bytes} [Wed Jun 3 01:05:54 2026] POST /v2.0/subnets => generated 691 bytes in 641 msecs (HTTP/1.1 201) 4 headers in 162 bytes (1 switches on core 0) [pid: 8|app: 0|req: 653/1379] 10.0.0.234 () {32 vars in 724 bytes} [Wed Jun 3 01:05:54 2026] DELETE /v2.0/routers/e9d55d14-1749-49dc-8cad-678a3faa0902 => generated 0 bytes in 208 msecs (HTTP/1.1 204) 2 headers in 112 bytes (1 switches on core 0)
2026-06-03 01:05:54.959 8 INFO neutron.db.ovn_revision_numbers_db [None req-cf197c11-5fab-42b3-9a91-18b1cace44be 4e163926c88444e290e61d409e9e5aea 6b04a1b0eb02465fb971fe362ec901e4 - - default default] Successfully bumped revision number for resource 382f50bc-ecae-43b8-b48e-b7e0209560eb (type: security_groups) to 1
2026-06-03 01:05:54.972 8 INFO neutron.db.ovn_revision_numbers_db [None req-cf197c11-5fab-42b3-9a91-18b1cace44be 4e163926c88444e290e61d409e9e5aea 6b04a1b0eb02465fb971fe362ec901e4 - - default default] Successfully bumped revision number for resource 5613e5b9-379a-4a1b-9ed0-d15a91a00330 (type: security_group_rules) to 0
2026-06-03 01:05:54.989 8 INFO neutron.db.ovn_revision_numbers_db [None req-cf197c11-5fab-42b3-9a91-18b1cace44be 4e163926c88444e290e61d409e9e5aea 6b04a1b0eb02465fb971fe362ec901e4 - - default default] Successfully bumped revision number for resource 58f13830-e41e-458a-880e-36b7d51a7eb4 (type: security_group_rules) to 0
2026-06-03 01:05:55.002 8 INFO neutron.db.ovn_revision_numbers_db [None req-cf197c11-5fab-42b3-9a91-18b1cace44be 4e163926c88444e290e61d409e9e5aea 6b04a1b0eb02465fb971fe362ec901e4 - - default default] Successfully bumped revision number for resource 9d31d8f2-471b-4f85-b696-c45e0dbe4f57 (type: security_group_rules) to 0
2026-06-03 01:05:55.019 8 INFO neutron.db.ovn_revision_numbers_db [None req-cf197c11-5fab-42b3-9a91-18b1cace44be 4e163926c88444e290e61d409e9e5aea 6b04a1b0eb02465fb971fe362ec901e4 - - default default] Successfully bumped revision number for resource d406058e-e836-43df-bd42-66b562dfad87 (type: security_group_rules) to 0 [pid: 8|app: 0|req: 654/1380] 10.0.0.234 () {32 vars in 774 bytes} [Wed Jun 3 01:05:54 2026] GET /v2.0/security-groups?tenant_id=f88537b97e2c48eeb7651481838008af&name=default => generated 2925 bytes in 224 msecs (HTTP/1.1 200) 4 headers in 158 bytes (1 switches on core 0)
2026-06-03 01:05:55.123 7 WARNING neutron.scheduler.dhcp_agent_scheduler [None req-4e8a33c0-979a-4ad8-ad59-78ddaf084940 4e163926c88444e290e61d409e9e5aea 6b04a1b0eb02465fb971fe362ec901e4 - - default default] No more DHCP agents
2026-06-03 01:05:55.125 7 WARNING neutron.api.rpc.agentnotifiers.dhcp_rpc_agent_api [None req-4e8a33c0-979a-4ad8-ad59-78ddaf084940 4e163926c88444e290e61d409e9e5aea 6b04a1b0eb02465fb971fe362ec901e4 - - default default] Unable to schedule network 5f9dd794-20a3-487c-8052-5b6b5d26a4a5: no agents available; will retry on subsequent port and subnet creation events. [pid: 8|app: 0|req: 655/1381] 10.0.0.234 () {32 vars in 724 bytes} [Wed Jun 3 01:05:55 2026] DELETE /v2.0/subnets/8a2665be-4984-45f0-b167-fcccbcb4cfab => generated 0 bytes in 146 msecs (HTTP/1.1 204) 3 headers in 131 bytes (1 switches on core 0)
2026-06-03 01:05:55.250 8 INFO neutron.plugins.ml2.drivers.ovn.mech_driver.mech_driver [None req-e527a2d0-4fc7-45b0-b734-c50b670a401a - - - - - -] OVN reports status down for port: 9bbb52ca-5497-4386-b3e8-695b11bf0576
2026-06-03 01:05:55.269 7 INFO neutron.db.ovn_revision_numbers_db [None req-4e8a33c0-979a-4ad8-ad59-78ddaf084940 4e163926c88444e290e61d409e9e5aea 6b04a1b0eb02465fb971fe362ec901e4 - - default default] Successfully bumped revision number for resource 9bbb52ca-5497-4386-b3e8-695b11bf0576 (type: ports) to 1 [pid: 8|app: 0|req: 656/1382] 10.0.0.234 () {32 vars in 740 bytes} [Wed Jun 3 01:05:55 2026] DELETE /v2.0/security-groups/382f50bc-ecae-43b8-b48e-b7e0209560eb => generated 0 bytes in 289 msecs (HTTP/1.1 204) 2 headers in 112 bytes (1 switches on core 0) [pid: 8|app: 0|req: 657/1383] 10.0.0.234 () {32 vars in 724 bytes} [Wed Jun 3 01:05:55 2026] DELETE /v2.0/subnets/fbc72e7d-8ebd-42f7-9fe1-fda781faffe0 => generated 0 bytes in 138 msecs (HTTP/1.1 204) 3 headers in 131 bytes (1 switches on core 0)
2026-06-03 01:05:55.734 8 INFO neutron_taas.services.taas.taas_plugin [None req-3c3c3f43-24b0-4465-816e-2bdc3b73ebed f0b32210a0d74994bf125f5efdcf07bb 6c5c14e603194ac39f260b04f1948fa9 - - default default] TaaS: Handle Delete Port: 9243154c-511b-42cb-b3b4-f4cdec96e40d
2026-06-03 01:05:55.737 8 INFO neutron_taas.services.taas.tap_mirror_plugin [None req-3c3c3f43-24b0-4465-816e-2bdc3b73ebed f0b32210a0d74994bf125f5efdcf07bb 6c5c14e603194ac39f260b04f1948fa9 - - default default] Tap Mirror: Handle Delete Port: 9243154c-511b-42cb-b3b4-f4cdec96e40d
2026-06-03 01:05:55.871 7 INFO neutron.plugins.ml2.drivers.ovn.mech_driver.ovsdb.commands [None req-ebc3bbfc-8a7a-4967-999b-7759c0de72bd - - - - - -] Schedule LRP lrp-9bbb52ca-5497-4386-b3e8-695b11bf0576 on gateway fc49ffc6-3a0b-4c0b-ae44-a33d1d0a2f9f with priority 1
2026-06-03 01:05:55.905 8 INFO neutron.services.segments.plugin [-] Segment 0a378c4e-965c-4425-b2ab-d9c8aae3c439 resource provider aggregate not found
2026-06-03 01:05:55.918 8 INFO neutron.services.segments.plugin [-] Segment 0a378c4e-965c-4425-b2ab-d9c8aae3c439 resource provider aggregate not found
2026-06-03 01:05:55.925 7 INFO neutron.plugins.ml2.drivers.ovn.mech_driver.ovsdb.ovsdb_monitor [None req-dba61051-bab5-4dc2-8b79-1bb0bd6a3039 - - - - - -] Router 83e1c443-1676-4a74-9940-777cf8be1c1b is bound to host instance
2026-06-03 01:05:55.941 8 INFO neutron.services.segments.plugin [-] Segment 0a378c4e-965c-4425-b2ab-d9c8aae3c439 resource provider not found; error: Placement Client Error (4xx): {"errors": [{"status": 404, "title": "Not Found", "detail": "The resource could not be found.\n\n No resource provider with uuid 0a378c4e-965c-4425-b2ab-d9c8aae3c439 found for delete ", "request_id": "req-f5bcfce1-289a-42ca-98ba-e60fcc04b7e5"}]}
2026-06-03 01:05:55.945 8 INFO neutron.services.segments.plugin [-] Segment 0a378c4e-965c-4425-b2ab-d9c8aae3c439 resource provider not found; error: Placement Client Error (4xx): {"errors": [{"status": 404, "title": "Not Found", "detail": "The resource could not be found.\n\n No resource provider with uuid 0a378c4e-965c-4425-b2ab-d9c8aae3c439 found for delete ", "request_id": "req-a5a3b71b-8585-4271-b519-da6149fd38c1"}]}
2026-06-03 01:05:55.967 7 INFO neutron.db.ovn_revision_numbers_db [None req-4e8a33c0-979a-4ad8-ad59-78ddaf084940 4e163926c88444e290e61d409e9e5aea 6b04a1b0eb02465fb971fe362ec901e4 - - default default] Successfully bumped revision number for resource 9bbb52ca-5497-4386-b3e8-695b11bf0576 (type: router_ports) to 1
2026-06-03 01:05:55.972 8 INFO neutron.plugins.ml2.drivers.ovn.mech_driver.mech_driver [None req-e527a2d0-4fc7-45b0-b734-c50b670a401a - - - - - -] OVN reports status up for port: 9bbb52ca-5497-4386-b3e8-695b11bf0576
2026-06-03 01:05:56.005 8 INFO neutron.plugins.ml2.plugin [None req-e527a2d0-4fc7-45b0-b734-c50b670a401a - - - - - -] Attempt 1 to provision port 9bbb52ca-5497-4386-b3e8-695b11bf0576 [pid: 8|app: 0|req: 658/1384] 10.0.0.234 () {32 vars in 726 bytes} [Wed Jun 3 01:05:55 2026] DELETE /v2.0/networks/b6de898e-0e66-4200-b3ab-d5851ae061ff => generated 0 bytes in 378 msecs (HTTP/1.1 204) 3 headers in 131 bytes (1 switches on core 0)
2026-06-03 01:05:56.126 7 INFO neutron.db.ovn_revision_numbers_db [None req-4e8a33c0-979a-4ad8-ad59-78ddaf084940 4e163926c88444e290e61d409e9e5aea 6b04a1b0eb02465fb971fe362ec901e4 - - default default] Successfully bumped revision number for resource 83e1c443-1676-4a74-9940-777cf8be1c1b (type: routers) to 2 [pid: 7|app: 0|req: 727/1385] 10.0.0.234 () {34 vars in 669 bytes} [Wed Jun 3 01:05:54 2026] POST /v2.0/routers => generated 969 bytes in 1501 msecs (HTTP/1.1 201) 4 headers in 162 bytes (1 switches on core 0)
2026-06-03 01:05:56.162 8 INFO neutron_taas.services.taas.taas_plugin [None req-af3cf5e7-ed22-437a-8db8-01fb75bdc879 f0b32210a0d74994bf125f5efdcf07bb 6c5c14e603194ac39f260b04f1948fa9 - - default default] TaaS: Handle Delete Port: 5af97b50-7b83-429c-b1f9-3446736c72ce
2026-06-03 01:05:56.165 8 INFO neutron_taas.services.taas.tap_mirror_plugin [None req-af3cf5e7-ed22-437a-8db8-01fb75bdc879 f0b32210a0d74994bf125f5efdcf07bb 6c5c14e603194ac39f260b04f1948fa9 - - default default] Tap Mirror: Handle Delete Port: 5af97b50-7b83-429c-b1f9-3446736c72ce [pid: 8|app: 0|req: 659/1386] 10.0.0.234 () {32 vars in 726 bytes} [Wed Jun 3 01:05:56 2026] DELETE /v2.0/networks/67102e48-d7d5-410b-9534-721012072456 => generated 0 bytes in 365 msecs (HTTP/1.1 204) 3 headers in 131 bytes (1 switches on core 0) [pid: 8|app: 0|req: 660/1387] 10.0.0.234 () {34 vars in 676 bytes} [Wed Jun 3 01:05:56 2026] POST /v2.0/subnetpools => generated 516 bytes in 272 msecs (HTTP/1.1 201) 4 headers in 162 bytes (1 switches on core 0)
2026-06-03 01:05:56.766 8 INFO neutron.db.segments_db [None req-98bc0a95-f342-4fa7-a63e-0d2a7ceb860d f0b32210a0d74994bf125f5efdcf07bb 6c5c14e603194ac39f260b04f1948fa9 - - default default] Added segment cc0a55fc-32e2-48e2-93c7-08d513faf452 of type geneve for network 154e5e2c-8dec-45fb-a96d-b1907bd4f247
2026-06-03 01:05:56.878 8 INFO neutron.db.ovn_revision_numbers_db [None req-98bc0a95-f342-4fa7-a63e-0d2a7ceb860d f0b32210a0d74994bf125f5efdcf07bb 6c5c14e603194ac39f260b04f1948fa9 - - default default] Successfully bumped revision number for resource 154e5e2c-8dec-45fb-a96d-b1907bd4f247 (type: networks) to 1
2026-06-03 01:05:56.944 7 WARNING neutron.scheduler.dhcp_agent_scheduler [None req-a9f426a1-a4e8-47ca-94bb-4c457806b90e 4e163926c88444e290e61d409e9e5aea 6b04a1b0eb02465fb971fe362ec901e4 - - default default] No more DHCP agents
2026-06-03 01:05:56.947 7 WARNING neutron.api.rpc.agentnotifiers.dhcp_rpc_agent_api [None req-a9f426a1-a4e8-47ca-94bb-4c457806b90e 4e163926c88444e290e61d409e9e5aea 6b04a1b0eb02465fb971fe362ec901e4 - - default default] Unable to schedule network 755b39a5-e25b-4bff-8010-fa715091db4c: no agents available; will retry on subsequent port and subnet creation events.
2026-06-03 01:05:57.041 8 WARNING neutron.scheduler.dhcp_agent_scheduler [None req-98bc0a95-f342-4fa7-a63e-0d2a7ceb860d f0b32210a0d74994bf125f5efdcf07bb 6c5c14e603194ac39f260b04f1948fa9 - - default default] No more DHCP agents
2026-06-03 01:05:57.042 8 WARNING neutron.api.rpc.agentnotifiers.dhcp_rpc_agent_api [None req-98bc0a95-f342-4fa7-a63e-0d2a7ceb860d f0b32210a0d74994bf125f5efdcf07bb 6c5c14e603194ac39f260b04f1948fa9 - - default default] Unable to schedule network 154e5e2c-8dec-45fb-a96d-b1907bd4f247: no agents available; will retry on subsequent port and subnet creation events.
2026-06-03 01:05:57.129 8 INFO neutron.db.ovn_revision_numbers_db [None req-98bc0a95-f342-4fa7-a63e-0d2a7ceb860d f0b32210a0d74994bf125f5efdcf07bb 6c5c14e603194ac39f260b04f1948fa9 - - default default] Successfully bumped revision number for resource 9d405c41-2281-499e-b8b5-2809e2861480 (type: ports) to 1 [pid: 8|app: 0|req: 661/1388] 10.0.0.234 () {34 vars in 670 bytes} [Wed Jun 3 01:05:56 2026] POST /v2.0/networks => generated 633 bytes in 492 msecs (HTTP/1.1 201) 4 headers in 162 bytes (1 switches on core 0)
2026-06-03 01:05:57.163 7 WARNING neutron.plugins.ml2.drivers.ovn.mech_driver.ovsdb.ovn_client [None req-ea43b275-43fd-4026-b172-b28e0336d817 - - - - - -] No port found with ID 571dbdc2-af4f-480a-aae8-6fd6c40a42c4: RuntimeError: No port found with ID 571dbdc2-af4f-480a-aae8-6fd6c40a42c4
2026-06-03 01:05:57.174 7 INFO neutron.db.ovn_revision_numbers_db [None req-a9f426a1-a4e8-47ca-94bb-4c457806b90e 4e163926c88444e290e61d409e9e5aea 6b04a1b0eb02465fb971fe362ec901e4 - - default default] Successfully bumped revision number for resource d36b2f96-d8c0-46d2-badd-575a614c6d99 (type: ports) to 1
2026-06-03 01:05:57.202 7 INFO neutron.plugins.ml2.drivers.ovn.mech_driver.mech_driver [None req-ea43b275-43fd-4026-b172-b28e0336d817 - - - - - -] OVN reports status down for port: bb69ce6a-687b-43bd-a77a-fb992f7102cb [pid: 8|app: 0|req: 662/1389] 10.0.0.234 () {34 vars in 676 bytes} [Wed Jun 3 01:05:57 2026] POST /v2.0/subnetpools => generated 516 bytes in 53 msecs (HTTP/1.1 201) 4 headers in 162 bytes (1 switches on core 0)
2026-06-03 01:05:57.388 7 INFO neutron.plugins.ml2.drivers.ovn.mech_driver.mech_driver [None req-ea43b275-43fd-4026-b172-b28e0336d817 - - - - - -] OVN reports status down for port: d36b2f96-d8c0-46d2-badd-575a614c6d99
2026-06-03 01:05:57.406 8 WARNING neutron.scheduler.dhcp_agent_scheduler [None req-f6651ee5-f1c7-4ba3-ae7a-7dfea69e9c29 f0b32210a0d74994bf125f5efdcf07bb 6c5c14e603194ac39f260b04f1948fa9 - - default default] No more DHCP agents
2026-06-03 01:05:57.412 8 WARNING neutron.api.rpc.agentnotifiers.dhcp_rpc_agent_api [None req-f6651ee5-f1c7-4ba3-ae7a-7dfea69e9c29 f0b32210a0d74994bf125f5efdcf07bb 6c5c14e603194ac39f260b04f1948fa9 - - default default] Unable to schedule network 154e5e2c-8dec-45fb-a96d-b1907bd4f247: no agents available; will retry on subsequent port and subnet creation events.
2026-06-03 01:05:57.442 8 INFO neutron.db.ovn_revision_numbers_db [None req-f6651ee5-f1c7-4ba3-ae7a-7dfea69e9c29 f0b32210a0d74994bf125f5efdcf07bb 6c5c14e603194ac39f260b04f1948fa9 - - default default] Successfully bumped revision number for resource 1b991fb1-b2a1-4a7f-8cfc-ad74dd60fc7e (type: subnets) to 0 [pid: 8|app: 0|req: 663/1390] 10.0.0.234 () {34 vars in 669 bytes} [Wed Jun 3 01:05:57 2026] POST /v2.0/subnets => generated 646 bytes in 253 msecs (HTTP/1.1 201) 4 headers in 162 bytes (1 switches on core 0)
2026-06-03 01:05:57.482 7 INFO neutron.db.ovn_revision_numbers_db [None req-dc32f920-44c4-4d8f-b7d3-2cee37165fa1 - - - - - -] Successfully bumped revision number for resource 9bbb52ca-5497-4386-b3e8-695b11bf0576 (type: ports) to 4 [pid: 8|app: 0|req: 664/1391] 10.0.0.234 () {34 vars in 676 bytes} [Wed Jun 3 01:05:57 2026] POST /v2.0/subnetpools => generated 516 bytes in 55 msecs (HTTP/1.1 201) 4 headers in 162 bytes (1 switches on core 0)
2026-06-03 01:05:57.644 8 INFO neutron.db.ovn_revision_numbers_db [None req-33929122-e64b-4174-acf4-2c8bf371d15b f0b32210a0d74994bf125f5efdcf07bb 6c5c14e603194ac39f260b04f1948fa9 - - default default] Successfully bumped revision number for resource 4a1c1b31-ed1f-4563-87bb-53c4977febd4 (type: routers) to 1 [pid: 8|app: 0|req: 665/1392] 10.0.0.234 () {34 vars in 669 bytes} [Wed Jun 3 01:05:57 2026] POST /v2.0/routers => generated 606 bytes in 151 msecs (HTTP/1.1 201) 4 headers in 162 bytes (1 switches on core 0) [pid: 8|app: 0|req: 666/1393] 10.0.0.234 () {34 vars in 676 bytes} [Wed Jun 3 01:05:57 2026] POST /v2.0/subnetpools => generated 516 bytes in 54 msecs (HTTP/1.1 201) 4 headers in 162 bytes (1 switches on core 0)
2026-06-03 01:05:57.969 8 INFO neutron.services.segments.plugin [-] Segment 53bf6473-804c-4608-adb1-2b24bd31f617 resource provider aggregate not found
2026-06-03 01:05:57.975 8 INFO neutron.services.segments.plugin [-] Segment 53bf6473-804c-4608-adb1-2b24bd31f617 resource provider aggregate not found
2026-06-03 01:05:57.994 8 INFO neutron.services.segments.plugin [-] Segment 53bf6473-804c-4608-adb1-2b24bd31f617 resource provider not found; error: Placement Client Error (4xx): {"errors": [{"status": 404, "title": "Not Found", "detail": "The resource could not be found.\n\n No resource provider with uuid 53bf6473-804c-4608-adb1-2b24bd31f617 found for delete ", "request_id": "req-6613afb8-bd4f-4e3f-b223-6083e6bd7cf1"}]}
2026-06-03 01:05:57.997 8 INFO neutron.services.segments.plugin [-] Segment 53bf6473-804c-4608-adb1-2b24bd31f617 resource provider not found; error: Placement Client Error (4xx): {"errors": [{"status": 404, "title": "Not Found", "detail": "The resource could not be found.\n\n No resource provider with uuid 53bf6473-804c-4608-adb1-2b24bd31f617 found for delete ", "request_id": "req-fe27f018-11e7-4ea6-b214-baa29e8949ed"}]}
2026-06-03 01:05:58.019 8 WARNING neutron.scheduler.dhcp_agent_scheduler [None req-59a6fea1-0aff-4575-9d49-7f079f3c1578 f0b32210a0d74994bf125f5efdcf07bb 6c5c14e603194ac39f260b04f1948fa9 - - default default] No more DHCP agents
2026-06-03 01:05:58.021 8 WARNING neutron.api.rpc.agentnotifiers.dhcp_rpc_agent_api [None req-59a6fea1-0aff-4575-9d49-7f079f3c1578 f0b32210a0d74994bf125f5efdcf07bb 6c5c14e603194ac39f260b04f1948fa9 - - default default] Unable to schedule network 154e5e2c-8dec-45fb-a96d-b1907bd4f247: no agents available; will retry on subsequent port and subnet creation events.
2026-06-03 01:05:58.102 7 INFO neutron.db.ovn_revision_numbers_db [None req-dc32f920-44c4-4d8f-b7d3-2cee37165fa1 - - - - - -] Successfully bumped revision number for resource 9bbb52ca-5497-4386-b3e8-695b11bf0576 (type: ports) to 5
2026-06-03 01:05:58.145 8 INFO neutron.db.ovn_revision_numbers_db [None req-59a6fea1-0aff-4575-9d49-7f079f3c1578 f0b32210a0d74994bf125f5efdcf07bb 6c5c14e603194ac39f260b04f1948fa9 - - default default] Successfully bumped revision number for resource 0265f900-d7e3-4e8a-9a91-81946cee7342 (type: ports) to 1 [pid: 8|app: 0|req: 667/1394] 10.0.0.234 () {34 vars in 665 bytes} [Wed Jun 3 01:05:57 2026] POST /v2.0/ports => generated 959 bytes in 450 msecs (HTTP/1.1 201) 4 headers in 162 bytes (1 switches on core 0) /var/lib/openstack/lib/python3.12/site-packages/pycadf/identifier.py:70: UserWarning: Invalid uuid: neutron. To ensure interoperability, identifiers should be a valid uuid. warnings.warn(('Invalid uuid: %s. To ensure interoperability, ' [pid: 8|app: 0|req: 668/1395] 10.0.0.234 () {34 vars in 676 bytes} [Wed Jun 3 01:05:58 2026] POST /v2.0/subnetpools => generated 516 bytes in 46 msecs (HTTP/1.1 201) 4 headers in 162 bytes (1 switches on core 0)
2026-06-03 01:05:58.313 7 INFO neutron.plugins.ml2.drivers.ovn.mech_driver.mech_driver [None req-ea43b275-43fd-4026-b172-b28e0336d817 - - - - - -] OVN reports status up for port: d36b2f96-d8c0-46d2-badd-575a614c6d99
2026-06-03 01:05:58.345 7 INFO neutron.plugins.ml2.plugin [None req-ea43b275-43fd-4026-b172-b28e0336d817 - - - - - -] Attempt 1 to provision port d36b2f96-d8c0-46d2-badd-575a614c6d99
2026-06-03 01:05:58.452 7 WARNING neutron.scheduler.dhcp_agent_scheduler [None req-a9f426a1-a4e8-47ca-94bb-4c457806b90e 4e163926c88444e290e61d409e9e5aea 6b04a1b0eb02465fb971fe362ec901e4 - - default default] No more DHCP agents
2026-06-03 01:05:58.454 7 WARNING neutron.api.rpc.agentnotifiers.dhcp_rpc_agent_api [None req-a9f426a1-a4e8-47ca-94bb-4c457806b90e 4e163926c88444e290e61d409e9e5aea 6b04a1b0eb02465fb971fe362ec901e4 - - default default] Unable to schedule network 755b39a5-e25b-4bff-8010-fa715091db4c: no agents available; will retry on subsequent port and subnet creation events.
2026-06-03 01:05:58.682 8 INFO neutron.db.ovn_revision_numbers_db [None req-acc569c7-6e40-4a51-a47a-76fd1b118a9f f0b32210a0d74994bf125f5efdcf07bb 6c5c14e603194ac39f260b04f1948fa9 - - default default] Successfully bumped revision number for resource 0265f900-d7e3-4e8a-9a91-81946cee7342 (type: ports) to 2
2026-06-03 01:05:58.808 8 INFO neutron.plugins.ml2.drivers.ovn.mech_driver.mech_driver [None req-e527a2d0-4fc7-45b0-b734-c50b670a401a - - - - - -] OVN reports status down for port: 9d405c41-2281-499e-b8b5-2809e2861480
2026-06-03 01:05:58.930 8 INFO neutron.plugins.ml2.drivers.ovn.mech_driver.mech_driver [None req-e527a2d0-4fc7-45b0-b734-c50b670a401a - - - - - -] OVN reports status down for port: 0265f900-d7e3-4e8a-9a91-81946cee7342
2026-06-03 01:05:59.069 7 INFO neutron.db.ovn_revision_numbers_db [None req-ea43b275-43fd-4026-b172-b28e0336d817 - - - - - -] Successfully bumped revision number for resource d36b2f96-d8c0-46d2-badd-575a614c6d99 (type: ports) to 2
2026-06-03 01:05:59.075 8 WARNING neutron.plugins.ml2.drivers.ovn.mech_driver.ovsdb.ovn_client [None req-e527a2d0-4fc7-45b0-b734-c50b670a401a - - - - - -] Logical_Switch_Port 0265f900-d7e3-4e8a-9a91-81946cee7342 host information not removed, the port state is up
2026-06-03 01:05:59.076 8 INFO neutron.plugins.ml2.drivers.ovn.mech_driver.mech_driver [None req-e527a2d0-4fc7-45b0-b734-c50b670a401a - - - - - -] OVN reports status up for port: 0265f900-d7e3-4e8a-9a91-81946cee7342
2026-06-03 01:05:59.226 8 INFO neutron.plugins.ml2.plugin [None req-e527a2d0-4fc7-45b0-b734-c50b670a401a - - - - - -] Attempt 1 to provision port 0265f900-d7e3-4e8a-9a91-81946cee7342
2026-06-03 01:05:59.711 8 WARNING neutron.scheduler.dhcp_agent_scheduler [None req-acc569c7-6e40-4a51-a47a-76fd1b118a9f f0b32210a0d74994bf125f5efdcf07bb 6c5c14e603194ac39f260b04f1948fa9 - - default default] No more DHCP agents
2026-06-03 01:05:59.719 8 WARNING neutron.api.rpc.agentnotifiers.dhcp_rpc_agent_api [None req-acc569c7-6e40-4a51-a47a-76fd1b118a9f f0b32210a0d74994bf125f5efdcf07bb 6c5c14e603194ac39f260b04f1948fa9 - - default default] Unable to schedule network 154e5e2c-8dec-45fb-a96d-b1907bd4f247: no agents available; will retry on subsequent port and subnet creation events.
2026-06-03 01:05:59.935 8 INFO neutron.db.ovn_revision_numbers_db [None req-e527a2d0-4fc7-45b0-b734-c50b670a401a - - - - - -] Successfully bumped revision number for resource 0265f900-d7e3-4e8a-9a91-81946cee7342 (type: ports) to 3
2026-06-03 01:05:59.962 7 INFO neutron.db.ovn_revision_numbers_db [None req-a9f426a1-a4e8-47ca-94bb-4c457806b90e 4e163926c88444e290e61d409e9e5aea 6b04a1b0eb02465fb971fe362ec901e4 - - default default] Successfully bumped revision number for resource d36b2f96-d8c0-46d2-badd-575a614c6d99 (type: router_ports) to 1 [pid: 7|app: 0|req: 728/1396] 10.0.0.234 () {34 vars in 783 bytes} [Wed Jun 3 01:05:56 2026] PUT /v2.0/routers/83e1c443-1676-4a74-9940-777cf8be1c1b/add_router_interface => generated 309 bytes in 3806 msecs (HTTP/1.1 200) 4 headers in 157 bytes (1 switches on core 0) [pid: 7|app: 0|req: 729/1397] 10.0.0.234 () {34 vars in 759 bytes} [Wed Jun 3 01:05:59 2026] PUT /v2.0/subnetpools/9face151-c2b8-4a10-8a5a-7987d86bdd25/tags => generated 17 bytes in 78 msecs (HTTP/1.1 200) 4 headers in 156 bytes (1 switches on core 0) [pid: 7|app: 0|req: 732/1400] 10.0.0.234 () {34 vars in 759 bytes} [Wed Jun 3 01:06:00 2026] PUT /v2.0/subnetpools/83b19ac3-fadc-41d1-840c-d00c7326271f/tags => generated 25 bytes in 42 msecs (HTTP/1.1 200) 4 headers in 156 bytes (1 switches on core 0)
