2026-03-04 06:00:50.676 7 INFO placement.requestlog [req-61aa4ddf-adc0-4f7e-839b-76092fa2cfa5 req-f0684f10-8055-4f9f-8ede-c4831fca996c 46693792d19a4c9b8f610e93d51a84f6 a96b2d407d1f43e89821b40e75ccf667 - - 31b0fab6017e4d88861c142753135231 31b0fab6017e4d88861c142753135231] 162.253.55.43 "GET /resource_providers/4415bea1-4a40-4348-9784-4acb92aa5882/aggregates" status: 200 len: 53 microversion: 1.19 [pid: 7|app: 0|req: 276/541] 162.253.55.43 () {34 vars in 897 bytes} [Wed Mar 4 06:00:50 2026] GET /resource_providers/4415bea1-4a40-4348-9784-4acb92aa5882/aggregates => generated 53 bytes in 12 msecs (HTTP/1.1 200) 8 headers in 295 bytes (1 switches on core 0)
2026-03-04 06:00:50.705 8 INFO placement.requestlog [req-61aa4ddf-adc0-4f7e-839b-76092fa2cfa5 req-cff37b70-e767-4be9-bfac-1d5364328356 46693792d19a4c9b8f610e93d51a84f6 a96b2d407d1f43e89821b40e75ccf667 - - 31b0fab6017e4d88861c142753135231 31b0fab6017e4d88861c142753135231] 162.253.55.43 "GET /resource_providers/4415bea1-4a40-4348-9784-4acb92aa5882/traits" status: 200 len: 2316 microversion: 1.6 [pid: 8|app: 0|req: 266/542] 162.253.55.43 () {34 vars in 888 bytes} [Wed Mar 4 06:00:50 2026] GET /resource_providers/4415bea1-4a40-4348-9784-4acb92aa5882/traits => generated 2316 bytes in 23 msecs (HTTP/1.1 200) 6 headers in 225 bytes (1 switches on core 0)
2026-03-04 06:00:50.725 7 INFO placement.requestlog [req-61aa4ddf-adc0-4f7e-839b-76092fa2cfa5 req-4deddfb5-64d8-4c57-b977-8aa64a07ee97 46693792d19a4c9b8f610e93d51a84f6 a96b2d407d1f43e89821b40e75ccf667 - - 31b0fab6017e4d88861c142753135231 31b0fab6017e4d88861c142753135231] 162.253.55.43 "GET /resource_providers/4415bea1-4a40-4348-9784-4acb92aa5882/allocations" status: 200 len: 54 microversion: 1.0 [pid: 7|app: 0|req: 277/543] 162.253.55.43 () {32 vars in 855 bytes} [Wed Mar 4 06:00:50 2026] GET /resource_providers/4415bea1-4a40-4348-9784-4acb92aa5882/allocations => generated 54 bytes in 13 msecs (HTTP/1.1 200) 6 headers in 223 bytes (1 switches on core 0)
2026-03-04 06:00:52.614 7 INFO placement.requestlog [None req-63733ce6-1b9c-417b-b81b-6ec63b69029d - - - - - -] 10.0.0.85 "GET /" status: 200 len: 136 microversion: 1.0
2026-03-04 06:00:52.615 8 INFO placement.requestlog [None req-de797360-bc9c-44c9-8a3a-f069a2a7164c - - - - - -] 10.0.0.85 "GET /" status: 200 len: 136 microversion: 1.0
2026-03-04 06:01:02.613 7 INFO placement.requestlog [None req-34a7983c-0187-446d-bb23-d415735bc258 - - - - - -] 10.0.0.85 "GET /" status: 200 len: 136 microversion: 1.0
2026-03-04 06:01:02.613 8 INFO placement.requestlog [None req-f22c1a5c-4f60-4782-8cc8-bfeaddfeac2e - - - - - -] 10.0.0.85 "GET /" status: 200 len: 136 microversion: 1.0
2026-03-04 06:01:12.613 8 INFO placement.requestlog [None req-731e622c-d848-4d60-99a4-ccba0af705b5 - - - - - -] 10.0.0.85 "GET /" status: 200 len: 136 microversion: 1.0
2026-03-04 06:01:12.614 7 INFO placement.requestlog [None req-c6003742-a1a6-4274-b4ae-f2a8af9ed9e7 - - - - - -] 10.0.0.85 "GET /" status: 200 len: 136 microversion: 1.0
2026-03-04 06:01:22.613 8 INFO placement.requestlog [None req-f2cc5359-8f2e-442b-9187-53a323388dad - - - - - -] 10.0.0.85 "GET /" status: 200 len: 136 microversion: 1.0
2026-03-04 06:01:22.613 7 INFO placement.requestlog [None req-f2e9f83b-012a-4baf-9ecb-8ea08f36f2e1 - - - - - -] 10.0.0.85 "GET /" status: 200 len: 136 microversion: 1.0
2026-03-04 06:01:32.614 8 INFO placement.requestlog [None req-b7628593-eeae-4463-b6b4-581e10e694cd - - - - - -] 10.0.0.85 "GET /" status: 200 len: 136 microversion: 1.0
2026-03-04 06:01:32.614 7 INFO placement.requestlog [None req-540a1e5d-7fcb-4ed6-b384-b3663f6331e9 - - - - - -] 10.0.0.85 "GET /" status: 200 len: 136 microversion: 1.0
2026-03-04 06:01:42.613 8 INFO placement.requestlog [None req-5932c79e-eb10-4ce2-ae0f-b116f0a49f9e - - - - - -] 10.0.0.85 "GET /" status: 200 len: 136 microversion: 1.0
2026-03-04 06:01:42.613 7 INFO placement.requestlog [None req-2aafdeec-719e-4cda-a5f3-8ec4c596bca3 - - - - - -] 10.0.0.85 "GET /" status: 200 len: 136 microversion: 1.0
2026-03-04 06:01:44.426 8 INFO placement.requestlog [None req-61d4dc8d-cd1b-4cdb-a5b8-feaf6b731127 a72b1537a1f944aea3d300a513849362 58b5b5adc4cb405d9f7572eb652afb3d - - default default] 10.0.0.248 "GET /resource_providers" status: 200 len: 405 microversion: 1.0 [pid: 8|app: 0|req: 273/556] 10.0.0.248 () {28 vars in 592 bytes} [Wed Mar 4 06:01:44 2026] GET /resource_providers => generated 405 bytes in 44 msecs (HTTP/1.1 200) 6 headers in 224 bytes (1 switches on core 0)
2026-03-04 06:01:44.476 7 INFO placement.requestlog [None req-28f7b460-2208-425b-97f0-36520dbbd8b9 a72b1537a1f944aea3d300a513849362 58b5b5adc4cb405d9f7572eb652afb3d - - default default] 10.0.0.248 "GET /resource_providers/4415bea1-4a40-4348-9784-4acb92aa5882/inventories" status: 200 len: 400 microversion: 1.0 [pid: 7|app: 0|req: 284/557] 10.0.0.248 () {28 vars in 690 bytes} [Wed Mar 4 06:01:44 2026] GET /resource_providers/4415bea1-4a40-4348-9784-4acb92aa5882/inventories => generated 400 bytes in 39 msecs (HTTP/1.1 200) 6 headers in 224 bytes (1 switches on core 0)
2026-03-04 06:01:44.494 8 INFO placement.requestlog [None req-62da13d4-68be-4c08-8995-9cbc56ec53c8 a72b1537a1f944aea3d300a513849362 58b5b5adc4cb405d9f7572eb652afb3d - - default default] 10.0.0.248 "GET /resource_providers/4415bea1-4a40-4348-9784-4acb92aa5882/usages" status: 200 len: 88 microversion: 1.0 [pid: 8|app: 0|req: 274/558] 10.0.0.248 () {28 vars in 680 bytes} [Wed Mar 4 06:01:44 2026] GET /resource_providers/4415bea1-4a40-4348-9784-4acb92aa5882/usages => generated 88 bytes in 13 msecs (HTTP/1.1 200) 6 headers in 223 bytes (1 switches on core 0)
2026-03-04 06:01:48.672 7 INFO placement.requestlog [req-36ed09ff-34eb-4da0-b5b5-8e3161c42356 req-1c7b4a52-370c-4942-8ece-7e566a3435a0 46693792d19a4c9b8f610e93d51a84f6 a96b2d407d1f43e89821b40e75ccf667 - - 31b0fab6017e4d88861c142753135231 31b0fab6017e4d88861c142753135231] 162.253.55.43 "GET /resource_providers/4415bea1-4a40-4348-9784-4acb92aa5882/allocations" status: 200 len: 54 microversion: 1.0 [pid: 7|app: 0|req: 285/559] 162.253.55.43 () {32 vars in 855 bytes} [Wed Mar 4 06:01:48 2026] GET /resource_providers/4415bea1-4a40-4348-9784-4acb92aa5882/allocations => generated 54 bytes in 18 msecs (HTTP/1.1 200) 6 headers in 223 bytes (1 switches on core 0)
2026-03-04 06:01:48.693 8 INFO placement.requestlog [req-36ed09ff-34eb-4da0-b5b5-8e3161c42356 req-c1e110da-2ef9-41ab-8a4d-cdb23b4c6381 46693792d19a4c9b8f610e93d51a84f6 a96b2d407d1f43e89821b40e75ccf667 - - 31b0fab6017e4d88861c142753135231 31b0fab6017e4d88861c142753135231] 162.253.55.43 "GET /resource_providers/4415bea1-4a40-4348-9784-4acb92aa5882/allocations" status: 200 len: 54 microversion: 1.0 [pid: 8|app: 0|req: 275/560] 162.253.55.43 () {32 vars in 855 bytes} [Wed Mar 4 06:01:48 2026] GET /resource_providers/4415bea1-4a40-4348-9784-4acb92aa5882/allocations => generated 54 bytes in 13 msecs (HTTP/1.1 200) 6 headers in 223 bytes (1 switches on core 0)
2026-03-04 06:01:52.613 7 INFO placement.requestlog [None req-a6e645d4-89bc-4456-93f4-32b14f57c8c0 - - - - - -] 10.0.0.85 "GET /" status: 200 len: 136 microversion: 1.0
2026-03-04 06:01:52.613 8 INFO placement.requestlog [None req-d35ae20b-1635-4cce-9e92-84c40d3d8fd9 - - - - - -] 10.0.0.85 "GET /" status: 200 len: 136 microversion: 1.0
2026-03-04 06:02:02.613 7 INFO placement.requestlog [None req-926f5f75-5c57-4b22-bc0a-09b3da7b92ad - - - - - -] 10.0.0.85 "GET /" status: 200 len: 136 microversion: 1.0
2026-03-04 06:02:02.615 8 INFO placement.requestlog [None req-2e93efc8-d205-41ad-bbd9-22a9ac04479e - - - - - -] 10.0.0.85 "GET /" status: 200 len: 136 microversion: 1.0
2026-03-04 06:02:12.614 7 INFO placement.requestlog [None req-58981bfb-4873-4da2-b9d8-bfbf73215cbc - - - - - -] 10.0.0.85 "GET /" status: 200 len: 136 microversion: 1.0
2026-03-04 06:02:12.615 8 INFO placement.requestlog [None req-4d116701-f412-4865-8f28-3fb740528384 - - - - - -] 10.0.0.85 "GET /" status: 200 len: 136 microversion: 1.0
2026-03-04 06:02:22.613 7 INFO placement.requestlog [None req-e5cfc965-22f6-45b2-8969-34e7f7e9d716 - - - - - -] 10.0.0.85 "GET /" status: 200 len: 136 microversion: 1.0
2026-03-04 06:02:22.613 8 INFO placement.requestlog [None req-c7df7a7e-50e8-42d5-b37c-d0a082f8d60e - - - - - -] 10.0.0.85 "GET /" status: 200 len: 136 microversion: 1.0
2026-03-04 06:02:32.613 7 INFO placement.requestlog [None req-4cc7f4b0-1171-4e15-95e7-3cda0999f805 - - - - - -] 10.0.0.85 "GET /" status: 200 len: 136 microversion: 1.0
2026-03-04 06:02:32.613 8 INFO placement.requestlog [None req-9c7fc4fc-77b5-4f93-af4e-93700f28a0e8 - - - - - -] 10.0.0.85 "GET /" status: 200 len: 136 microversion: 1.0
2026-03-04 06:02:42.613 7 INFO placement.requestlog [None req-12a255ea-429c-4f80-8e4d-7652606360f9 - - - - - -] 10.0.0.85 "GET /" status: 200 len: 136 microversion: 1.0
2026-03-04 06:02:42.613 8 INFO placement.requestlog [None req-d7bca7d6-d65c-4f10-b4d8-7a3c8b11f344 - - - - - -] 10.0.0.85 "GET /" status: 200 len: 136 microversion: 1.0
2026-03-04 06:02:44.414 7 INFO placement.requestlog [None req-2393db1c-f509-4b19-9e0e-25a3d3655e5b a72b1537a1f944aea3d300a513849362 58b5b5adc4cb405d9f7572eb652afb3d - - default default] 10.0.0.248 "GET /resource_providers" status: 200 len: 405 microversion: 1.0 [pid: 7|app: 0|req: 292/573] 10.0.0.248 () {28 vars in 592 bytes} [Wed Mar 4 06:02:44 2026] GET /resource_providers => generated 405 bytes in 69 msecs (HTTP/1.1 200) 6 headers in 224 bytes (1 switches on core 0)
2026-03-04 06:02:44.438 8 INFO placement.requestlog [None req-92e2c4dc-14e4-498d-852f-437c139b98fe a72b1537a1f944aea3d300a513849362 58b5b5adc4cb405d9f7572eb652afb3d - - default default] 10.0.0.248 "GET /resource_providers/4415bea1-4a40-4348-9784-4acb92aa5882/inventories" status: 200 len: 400 microversion: 1.0 [pid: 8|app: 0|req: 282/574] 10.0.0.248 () {28 vars in 690 bytes} [Wed Mar 4 06:02:44 2026] GET /resource_providers/4415bea1-4a40-4348-9784-4acb92aa5882/inventories => generated 400 bytes in 20 msecs (HTTP/1.1 200) 6 headers in 224 bytes (1 switches on core 0)
2026-03-04 06:02:44.460 7 INFO placement.requestlog [None req-693c426e-8f1c-44c5-b0bc-6e64fb0b008f a72b1537a1f944aea3d300a513849362 58b5b5adc4cb405d9f7572eb652afb3d - - default default] 10.0.0.248 "GET /resource_providers/4415bea1-4a40-4348-9784-4acb92aa5882/usages" status: 200 len: 88 microversion: 1.0 [pid: 7|app: 0|req: 293/575] 10.0.0.248 () {28 vars in 680 bytes} [Wed Mar 4 06:02:44 2026] GET /resource_providers/4415bea1-4a40-4348-9784-4acb92aa5882/usages => generated 88 bytes in 16 msecs (HTTP/1.1 200) 6 headers in 223 bytes (1 switches on core 0)
2026-03-04 06:02:48.555 8 INFO placement.requestlog [req-7c098874-05db-4e86-8a57-1c1567fbd5c7 req-7e1125c1-45e6-42e3-942e-6bfc219832f2 46693792d19a4c9b8f610e93d51a84f6 a96b2d407d1f43e89821b40e75ccf667 - - 31b0fab6017e4d88861c142753135231 31b0fab6017e4d88861c142753135231] 162.253.55.43 "GET /resource_providers/4415bea1-4a40-4348-9784-4acb92aa5882/allocations" status: 200 len: 54 microversion: 1.0 [pid: 8|app: 0|req: 283/576] 162.253.55.43 () {32 vars in 855 bytes} [Wed Mar 4 06:02:48 2026] GET /resource_providers/4415bea1-4a40-4348-9784-4acb92aa5882/allocations => generated 54 bytes in 8 msecs (HTTP/1.1 200) 6 headers in 223 bytes (1 switches on core 0)
2026-03-04 06:02:48.572 7 INFO placement.requestlog [req-7c098874-05db-4e86-8a57-1c1567fbd5c7 req-cb839700-87fe-4705-a9a1-4d4d3484f078 46693792d19a4c9b8f610e93d51a84f6 a96b2d407d1f43e89821b40e75ccf667 - - 31b0fab6017e4d88861c142753135231 31b0fab6017e4d88861c142753135231] 162.253.55.43 "GET /resource_providers/4415bea1-4a40-4348-9784-4acb92aa5882/allocations" status: 200 len: 54 microversion: 1.0 [pid: 7|app: 0|req: 294/577] 162.253.55.43 () {32 vars in 855 bytes} [Wed Mar 4 06:02:48 2026] GET /resource_providers/4415bea1-4a40-4348-9784-4acb92aa5882/allocations => generated 54 bytes in 12 msecs (HTTP/1.1 200) 6 headers in 223 bytes (1 switches on core 0)
2026-03-04 06:02:52.613 7 INFO placement.requestlog [None req-8d4e9364-d447-4e7f-b56f-8e9184ec365b - - - - - -] 10.0.0.85 "GET /" status: 200 len: 136 microversion: 1.0
2026-03-04 06:02:52.613 8 INFO placement.requestlog [None req-826da8dd-3cf3-4ef4-b00c-988255cfaadc - - - - - -] 10.0.0.85 "GET /" status: 200 len: 136 microversion: 1.0
2026-03-04 06:03:02.613 7 INFO placement.requestlog [None req-bd8f736d-a821-4aae-9300-55493ff8d400 - - - - - -] 10.0.0.85 "GET /" status: 200 len: 136 microversion: 1.0
2026-03-04 06:03:02.613 8 INFO placement.requestlog [None req-fe8a249e-c2c9-4b48-80e8-576304059065 - - - - - -] 10.0.0.85 "GET /" status: 200 len: 136 microversion: 1.0
2026-03-04 06:03:12.613 8 INFO placement.requestlog [None req-d6bdbfab-0d06-4808-acd8-18dda35186e6 - - - - - -] 10.0.0.85 "GET /" status: 200 len: 136 microversion: 1.0
2026-03-04 06:03:12.613 7 INFO placement.requestlog [None req-fb8b84d1-4545-447e-afd4-c7618b40ad9e - - - - - -] 10.0.0.85 "GET /" status: 200 len: 136 microversion: 1.0
2026-03-04 06:03:22.613 8 INFO placement.requestlog [None req-9f5dccd2-6bf9-43f7-832c-327989ebc80d - - - - - -] 10.0.0.85 "GET /" status: 200 len: 136 microversion: 1.0
2026-03-04 06:03:22.614 7 INFO placement.requestlog [None req-3b2821c4-8782-4e26-afc6-999c14367946 - - - - - -] 10.0.0.85 "GET /" status: 200 len: 136 microversion: 1.0
2026-03-04 06:03:32.614 8 INFO placement.requestlog [None req-e514dba6-89db-4b46-a156-5d671991e509 - - - - - -] 10.0.0.85 "GET /" status: 200 len: 136 microversion: 1.0
2026-03-04 06:03:32.614 7 INFO placement.requestlog [None req-7a8f9caa-f7ae-477b-96a8-0e83424d8a60 - - - - - -] 10.0.0.85 "GET /" status: 200 len: 136 microversion: 1.0
2026-03-04 06:03:42.613 8 INFO placement.requestlog [None req-53dd0be1-d206-4453-a834-de8bd76020be - - - - - -] 10.0.0.85 "GET /" status: 200 len: 136 microversion: 1.0
2026-03-04 06:03:42.614 7 INFO placement.requestlog [None req-a2363739-bf0c-4659-969f-301f3f7081ac - - - - - -] 10.0.0.85 "GET /" status: 200 len: 136 microversion: 1.0
2026-03-04 06:03:44.731 8 INFO placement.requestlog [None req-c7a8cca4-2e80-42f6-affb-0b635730e9b5 a72b1537a1f944aea3d300a513849362 58b5b5adc4cb405d9f7572eb652afb3d - - default default] 10.0.0.248 "GET /resource_providers" status: 200 len: 405 microversion: 1.0 [pid: 8|app: 0|req: 290/590] 10.0.0.248 () {28 vars in 592 bytes} [Wed Mar 4 06:03:44 2026] GET /resource_providers => generated 405 bytes in 200 msecs (HTTP/1.1 200) 6 headers in 224 bytes (1 switches on core 0)
2026-03-04 06:03:44.757 7 INFO placement.requestlog [None req-c5f46fce-5e26-47af-925e-514069e0d94e a72b1537a1f944aea3d300a513849362 58b5b5adc4cb405d9f7572eb652afb3d - - default default] 10.0.0.248 "GET /resource_providers/4415bea1-4a40-4348-9784-4acb92aa5882/inventories" status: 200 len: 400 microversion: 1.0 [pid: 7|app: 0|req: 301/591] 10.0.0.248 () {28 vars in 690 bytes} [Wed Mar 4 06:03:44 2026] GET /resource_providers/4415bea1-4a40-4348-9784-4acb92aa5882/inventories => generated 400 bytes in 21 msecs (HTTP/1.1 200) 6 headers in 224 bytes (1 switches on core 0)
2026-03-04 06:03:44.773 8 INFO placement.requestlog [None req-0410732b-9565-4642-8ca5-496030a74728 a72b1537a1f944aea3d300a513849362 58b5b5adc4cb405d9f7572eb652afb3d - - default default] 10.0.0.248 "GET /resource_providers/4415bea1-4a40-4348-9784-4acb92aa5882/usages" status: 200 len: 88 microversion: 1.0 [pid: 8|app: 0|req: 291/592] 10.0.0.248 () {28 vars in 680 bytes} [Wed Mar 4 06:03:44 2026] GET /resource_providers/4415bea1-4a40-4348-9784-4acb92aa5882/usages => generated 88 bytes in 11 msecs (HTTP/1.1 200) 6 headers in 223 bytes (1 switches on core 0)
2026-03-04 06:03:48.618 7 INFO placement.requestlog [req-fb81db45-0668-4a85-ae8a-b62bf6255183 req-ecb069d8-b4e4-4306-9cbc-795251d5b93b 46693792d19a4c9b8f610e93d51a84f6 a96b2d407d1f43e89821b40e75ccf667 - - 31b0fab6017e4d88861c142753135231 31b0fab6017e4d88861c142753135231] 162.253.55.43 "GET /resource_providers/4415bea1-4a40-4348-9784-4acb92aa5882/allocations" status: 200 len: 54 microversion: 1.0 [pid: 7|app: 0|req: 302/593] 162.253.55.43 () {32 vars in 855 bytes} [Wed Mar 4 06:03:48 2026] GET /resource_providers/4415bea1-4a40-4348-9784-4acb92aa5882/allocations => generated 54 bytes in 11 msecs (HTTP/1.1 200) 6 headers in 223 bytes (1 switches on core 0)
2026-03-04 06:03:48.637 8 INFO placement.requestlog [req-fb81db45-0668-4a85-ae8a-b62bf6255183 req-c2dd4877-fc09-4708-be03-231213ee591b 46693792d19a4c9b8f610e93d51a84f6 a96b2d407d1f43e89821b40e75ccf667 - - 31b0fab6017e4d88861c142753135231 31b0fab6017e4d88861c142753135231] 162.253.55.43 "GET /resource_providers/4415bea1-4a40-4348-9784-4acb92aa5882/allocations" status: 200 len: 54 microversion: 1.0 [pid: 8|app: 0|req: 292/594] 162.253.55.43 () {32 vars in 855 bytes} [Wed Mar 4 06:03:48 2026] GET /resource_providers/4415bea1-4a40-4348-9784-4acb92aa5882/allocations => generated 54 bytes in 13 msecs (HTTP/1.1 200) 6 headers in 223 bytes (1 switches on core 0)
2026-03-04 06:03:52.613 7 INFO placement.requestlog [None req-0a4bf4b0-8174-4ae0-8758-6c32f7eb9675 - - - - - -] 10.0.0.85 "GET /" status: 200 len: 136 microversion: 1.0
2026-03-04 06:03:52.613 8 INFO placement.requestlog [None req-bb28cf1f-e972-474f-88b7-f73bbc1f0026 - - - - - -] 10.0.0.85 "GET /" status: 200 len: 136 microversion: 1.0
2026-03-04 06:03:52.806 7 INFO placement.requestlog [req-2138ef58-8741-4e4c-aef6-5b60ba310584 req-a40ef5f4-fed9-43d9-bc57-02dfa0363bd7 46693792d19a4c9b8f610e93d51a84f6 a96b2d407d1f43e89821b40e75ccf667 - - 31b0fab6017e4d88861c142753135231 31b0fab6017e4d88861c142753135231] 10.0.0.169 "GET /allocation_candidates?limit=1000&resources=DISK_GB%3A1%2CMEMORY_MB%3A512%2CVCPU%3A1&root_required=%21COMPUTE_STATUS_DISABLED" status: 200 len: 2781 microversion: 1.36 [pid: 7|app: 0|req: 304/597] 10.0.0.169 () {34 vars in 1011 bytes} [Wed Mar 4 06:03:52 2026] GET /allocation_candidates?limit=1000&resources=DISK_GB%3A1%2CMEMORY_MB%3A512%2CVCPU%3A1&root_required=%21COMPUTE_STATUS_DISABLED => generated 2781 bytes in 93 msecs (HTTP/1.1 200) 8 headers in 297 bytes (1 switches on core 0)
2026-03-04 06:03:52.847 8 INFO placement.requestlog [req-2138ef58-8741-4e4c-aef6-5b60ba310584 req-082bab03-d772-4eff-a492-83eedd6a87b3 46693792d19a4c9b8f610e93d51a84f6 a96b2d407d1f43e89821b40e75ccf667 - - 31b0fab6017e4d88861c142753135231 31b0fab6017e4d88861c142753135231] 10.0.0.169 "GET /allocations/ba5c4987-51ad-464e-a83d-1cd431e7c724" status: 200 len: 19 microversion: 1.28 [pid: 8|app: 0|req: 294/598] 10.0.0.169 () {34 vars in 860 bytes} [Wed Mar 4 06:03:52 2026] GET /allocations/ba5c4987-51ad-464e-a83d-1cd431e7c724 => generated 19 bytes in 10 msecs (HTTP/1.1 200) 8 headers in 295 bytes (1 switches on core 0)
2026-03-04 06:03:52.925 7 INFO placement.requestlog [req-2138ef58-8741-4e4c-aef6-5b60ba310584 req-c08856fd-fffd-41e5-9f0d-af8d0809e4c6 46693792d19a4c9b8f610e93d51a84f6 a96b2d407d1f43e89821b40e75ccf667 - - 31b0fab6017e4d88861c142753135231 31b0fab6017e4d88861c142753135231] 10.0.0.169 "PUT /allocations/ba5c4987-51ad-464e-a83d-1cd431e7c724" status: 204 len: 0 microversion: 1.36 [pid: 7|app: 0|req: 305/599] 10.0.0.169 () {38 vars in 913 bytes} [Wed Mar 4 06:03:52 2026] PUT /allocations/ba5c4987-51ad-464e-a83d-1cd431e7c724 => generated 0 bytes in 73 msecs (HTTP/1.1 204) 5 headers in 199 bytes (1 switches on core 0)
2026-03-04 06:03:54.518 8 INFO placement.requestlog [req-2138ef58-8741-4e4c-aef6-5b60ba310584 req-e77173c2-a3c1-4b01-8a4f-708e7127b6a1 46693792d19a4c9b8f610e93d51a84f6 a96b2d407d1f43e89821b40e75ccf667 - - 31b0fab6017e4d88861c142753135231 31b0fab6017e4d88861c142753135231] 162.253.55.43 "GET /allocations/ba5c4987-51ad-464e-a83d-1cd431e7c724" status: 200 len: 257 microversion: 1.28 [pid: 8|app: 0|req: 295/600] 162.253.55.43 () {34 vars in 861 bytes} [Wed Mar 4 06:03:54 2026] GET /allocations/ba5c4987-51ad-464e-a83d-1cd431e7c724 => generated 257 bytes in 12 msecs (HTTP/1.1 200) 8 headers in 296 bytes (1 switches on core 0)
2026-03-04 06:03:55.559 7 INFO placement.requestlog [req-2138ef58-8741-4e4c-aef6-5b60ba310584 req-f737a1f6-6ed2-4fff-99ee-5f760f17dc00 46693792d19a4c9b8f610e93d51a84f6 a96b2d407d1f43e89821b40e75ccf667 - - 31b0fab6017e4d88861c142753135231 31b0fab6017e4d88861c142753135231] 162.253.55.43 "GET /resource_providers/4415bea1-4a40-4348-9784-4acb92aa5882/allocations" status: 200 len: 152 microversion: 1.0 [pid: 7|app: 0|req: 306/601] 162.253.55.43 () {32 vars in 855 bytes} [Wed Mar 4 06:03:55 2026] GET /resource_providers/4415bea1-4a40-4348-9784-4acb92aa5882/allocations => generated 152 bytes in 15 msecs (HTTP/1.1 200) 6 headers in 224 bytes (1 switches on core 0)
2026-03-04 06:03:55.580 8 INFO placement.requestlog [req-2138ef58-8741-4e4c-aef6-5b60ba310584 req-93190e65-1bc1-47d9-9bd9-a8f77778f35c 46693792d19a4c9b8f610e93d51a84f6 a96b2d407d1f43e89821b40e75ccf667 - - 31b0fab6017e4d88861c142753135231 31b0fab6017e4d88861c142753135231] 162.253.55.43 "GET /allocations/ba5c4987-51ad-464e-a83d-1cd431e7c724" status: 200 len: 257 microversion: 1.28 [pid: 8|app: 0|req: 296/602] 162.253.55.43 () {34 vars in 861 bytes} [Wed Mar 4 06:03:55 2026] GET /allocations/ba5c4987-51ad-464e-a83d-1cd431e7c724 => generated 257 bytes in 14 msecs (HTTP/1.1 200) 8 headers in 296 bytes (1 switches on core 0)
2026-03-04 06:03:57.453 8 INFO placement.requestlog [None req-37f1dc70-3932-4cfb-9023-bf05bdd60a7e 1e733273e37c41d79e5d5be1d7b02db6 a96b2d407d1f43e89821b40e75ccf667 - - 31b0fab6017e4d88861c142753135231 31b0fab6017e4d88861c142753135231] 10.0.0.46 "GET /resource_providers/f4593e82-bc94-4f09-b790-057bff37f6c9/aggregates" status: 404 len: 235 microversion: 1.1 [pid: 8|app: 0|req: 297/603] 10.0.0.46 () {32 vars in 814 bytes} [Wed Mar 4 06:03:57 2026] GET /resource_providers/f4593e82-bc94-4f09-b790-057bff37f6c9/aggregates => generated 235 bytes in 111 msecs (HTTP/1.1 404) 5 headers in 202 bytes (1 switches on core 0)
2026-03-04 06:03:57.464 7 INFO placement.requestlog [None req-82c624c9-dab2-46ca-9b1c-4dd07d7334e3 1e733273e37c41d79e5d5be1d7b02db6 a96b2d407d1f43e89821b40e75ccf667 - - 31b0fab6017e4d88861c142753135231 31b0fab6017e4d88861c142753135231] 10.0.0.46 "GET /resource_providers/f4593e82-bc94-4f09-b790-057bff37f6c9/aggregates" status: 404 len: 235 microversion: 1.1 [pid: 7|app: 0|req: 307/604] 10.0.0.46 () {32 vars in 814 bytes} [Wed Mar 4 06:03:57 2026] GET /resource_providers/f4593e82-bc94-4f09-b790-057bff37f6c9/aggregates => generated 235 bytes in 124 msecs (HTTP/1.1 404) 5 headers in 202 bytes (1 switches on core 0)
2026-03-04 06:03:57.475 8 INFO placement.requestlog [None req-9ff51f51-f3b1-41b5-89e4-babc25fd2d0a 1e733273e37c41d79e5d5be1d7b02db6 a96b2d407d1f43e89821b40e75ccf667 - - 31b0fab6017e4d88861c142753135231 31b0fab6017e4d88861c142753135231] 10.0.0.46 "DELETE /resource_providers/f4593e82-bc94-4f09-b790-057bff37f6c9" status: 404 len: 246 microversion: 1.1 [pid: 8|app: 0|req: 298/605] 10.0.0.46 () {34 vars in 814 bytes} [Wed Mar 4 06:03:57 2026] DELETE /resource_providers/f4593e82-bc94-4f09-b790-057bff37f6c9 => generated 246 bytes in 11 msecs (HTTP/1.1 404) 6 headers in 231 bytes (1 switches on core 0)
2026-03-04 06:03:57.508 7 INFO placement.requestlog [None req-385c663e-42a4-4370-8598-51faac4898b8 1e733273e37c41d79e5d5be1d7b02db6 a96b2d407d1f43e89821b40e75ccf667 - - 31b0fab6017e4d88861c142753135231 31b0fab6017e4d88861c142753135231] 10.0.0.46 "DELETE /resource_providers/f4593e82-bc94-4f09-b790-057bff37f6c9" status: 404 len: 246 microversion: 1.1 [pid: 7|app: 0|req: 308/606] 10.0.0.46 () {34 vars in 814 bytes} [Wed Mar 4 06:03:57 2026] DELETE /resource_providers/f4593e82-bc94-4f09-b790-057bff37f6c9 => generated 246 bytes in 11 msecs (HTTP/1.1 404) 6 headers in 231 bytes (1 switches on core 0)
2026-03-04 06:03:59.505 8 INFO placement.requestlog [None req-cb3d00d6-ba00-425e-acb9-dd7d9c5cddf0 1e733273e37c41d79e5d5be1d7b02db6 a96b2d407d1f43e89821b40e75ccf667 - - 31b0fab6017e4d88861c142753135231 31b0fab6017e4d88861c142753135231] 10.0.0.46 "GET /resource_providers/f0761cba-34e9-4948-a1e0-5446aac65bca/aggregates" status: 404 len: 235 microversion: 1.1 [pid: 8|app: 0|req: 299/607] 10.0.0.46 () {32 vars in 814 bytes} [Wed Mar 4 06:03:59 2026] GET /resource_providers/f0761cba-34e9-4948-a1e0-5446aac65bca/aggregates => generated 235 bytes in 17 msecs (HTTP/1.1 404) 5 headers in 202 bytes (1 switches on core 0)
2026-03-04 06:03:59.526 7 INFO placement.requestlog [None req-9fb6103b-f729-494a-98c0-37c43e9dde13 1e733273e37c41d79e5d5be1d7b02db6 a96b2d407d1f43e89821b40e75ccf667 - - 31b0fab6017e4d88861c142753135231 31b0fab6017e4d88861c142753135231] 10.0.0.46 "DELETE /resource_providers/f0761cba-34e9-4948-a1e0-5446aac65bca" status: 404 len: 246 microversion: 1.1 [pid: 7|app: 0|req: 309/608] 10.0.0.46 () {34 vars in 814 bytes} [Wed Mar 4 06:03:59 2026] DELETE /resource_providers/f0761cba-34e9-4948-a1e0-5446aac65bca => generated 246 bytes in 11 msecs (HTTP/1.1 404) 6 headers in 231 bytes (1 switches on core 0)
2026-03-04 06:03:59.538 8 INFO placement.requestlog [None req-ffa21fd7-120c-44b0-bfa1-d5f009e088a8 1e733273e37c41d79e5d5be1d7b02db6 a96b2d407d1f43e89821b40e75ccf667 - - 31b0fab6017e4d88861c142753135231 31b0fab6017e4d88861c142753135231] 10.0.0.46 "GET /resource_providers/f0761cba-34e9-4948-a1e0-5446aac65bca/aggregates" status: 404 len: 235 microversion: 1.1 [pid: 8|app: 0|req: 300/609] 10.0.0.46 () {32 vars in 814 bytes} [Wed Mar 4 06:03:59 2026] GET /resource_providers/f0761cba-34e9-4948-a1e0-5446aac65bca/aggregates => generated 235 bytes in 13 msecs (HTTP/1.1 404) 5 headers in 202 bytes (1 switches on core 0)
2026-03-04 06:03:59.556 7 INFO placement.requestlog [None req-91f7dfc5-ce49-4948-b214-2493a902b7f8 1e733273e37c41d79e5d5be1d7b02db6 a96b2d407d1f43e89821b40e75ccf667 - - 31b0fab6017e4d88861c142753135231 31b0fab6017e4d88861c142753135231] 10.0.0.46 "DELETE /resource_providers/f0761cba-34e9-4948-a1e0-5446aac65bca" status: 404 len: 246 microversion: 1.1 [pid: 7|app: 0|req: 310/610] 10.0.0.46 () {34 vars in 814 bytes} [Wed Mar 4 06:03:59 2026] DELETE /resource_providers/f0761cba-34e9-4948-a1e0-5446aac65bca => generated 246 bytes in 8 msecs (HTTP/1.1 404) 6 headers in 231 bytes (1 switches on core 0)
2026-03-04 06:04:02.613 8 INFO placement.requestlog [None req-421e9501-6fc5-40cb-8d15-ed610d45da4e - - - - - -] 10.0.0.85 "GET /" status: 200 len: 136 microversion: 1.0
2026-03-04 06:04:02.614 7 INFO placement.requestlog [None req-2e4ed53c-1429-4b2d-abeb-859a0b0d6ce2 - - - - - -] 10.0.0.85 "GET /" status: 200 len: 136 microversion: 1.0
2026-03-04 06:04:07.256 8 INFO placement.requestlog [req-9bfdcf92-3d37-458b-ab8c-fa646f4044db req-b1389ec4-1315-43cd-91da-1fed598c3f63 46693792d19a4c9b8f610e93d51a84f6 a96b2d407d1f43e89821b40e75ccf667 - - 31b0fab6017e4d88861c142753135231 31b0fab6017e4d88861c142753135231] 10.0.0.169 "GET /allocation_candidates?limit=1000&resources=MEMORY_MB%3A512%2CVCPU%3A1&root_required=%21COMPUTE_STATUS_DISABLED" status: 200 len: 2769 microversion: 1.36 [pid: 8|app: 0|req: 302/613] 10.0.0.169 () {34 vars in 983 bytes} [Wed Mar 4 06:04:07 2026] GET /allocation_candidates?limit=1000&resources=MEMORY_MB%3A512%2CVCPU%3A1&root_required=%21COMPUTE_STATUS_DISABLED => generated 2769 bytes in 59 msecs (HTTP/1.1 200) 8 headers in 297 bytes (1 switches on core 0)
2026-03-04 06:04:07.292 7 INFO placement.requestlog [req-9bfdcf92-3d37-458b-ab8c-fa646f4044db req-a101d207-253c-4235-b3bf-4fec3174716d 46693792d19a4c9b8f610e93d51a84f6 a96b2d407d1f43e89821b40e75ccf667 - - 31b0fab6017e4d88861c142753135231 31b0fab6017e4d88861c142753135231] 10.0.0.169 "GET /allocations/f2ba3fd9-cff3-4404-91c1-e956e3245486" status: 200 len: 19 microversion: 1.28 [pid: 7|app: 0|req: 312/614] 10.0.0.169 () {34 vars in 860 bytes} [Wed Mar 4 06:04:07 2026] GET /allocations/f2ba3fd9-cff3-4404-91c1-e956e3245486 => generated 19 bytes in 10 msecs (HTTP/1.1 200) 8 headers in 295 bytes (1 switches on core 0)
2026-03-04 06:04:07.376 8 INFO placement.requestlog [req-9bfdcf92-3d37-458b-ab8c-fa646f4044db req-71c4ea2c-afb5-4dba-ac7f-e3754d935334 46693792d19a4c9b8f610e93d51a84f6 a96b2d407d1f43e89821b40e75ccf667 - - 31b0fab6017e4d88861c142753135231 31b0fab6017e4d88861c142753135231] 10.0.0.169 "PUT /allocations/f2ba3fd9-cff3-4404-91c1-e956e3245486" status: 204 len: 0 microversion: 1.36 [pid: 8|app: 0|req: 303/615] 10.0.0.169 () {38 vars in 913 bytes} [Wed Mar 4 06:04:07 2026] PUT /allocations/f2ba3fd9-cff3-4404-91c1-e956e3245486 => generated 0 bytes in 79 msecs (HTTP/1.1 204) 5 headers in 199 bytes (1 switches on core 0)
2026-03-04 06:04:08.875 7 INFO placement.requestlog [req-05cb1498-20eb-46b0-a789-f8370a376281 req-c0549b33-673b-4925-941f-ff595be9fff9 46693792d19a4c9b8f610e93d51a84f6 a96b2d407d1f43e89821b40e75ccf667 - - 31b0fab6017e4d88861c142753135231 31b0fab6017e4d88861c142753135231] 10.0.0.169 "GET /allocation_candidates?limit=1000&resources=DISK_GB%3A1%2CMEMORY_MB%3A512%2CVCPU%3A1&root_required=%21COMPUTE_STATUS_DISABLED" status: 200 len: 2784 microversion: 1.36 [pid: 7|app: 0|req: 313/616] 10.0.0.169 () {34 vars in 1011 bytes} [Wed Mar 4 06:04:08 2026] GET /allocation_candidates?limit=1000&resources=DISK_GB%3A1%2CMEMORY_MB%3A512%2CVCPU%3A1&root_required=%21COMPUTE_STATUS_DISABLED => generated 2784 bytes in 43 msecs (HTTP/1.1 200) 8 headers in 297 bytes (1 switches on core 0)
2026-03-04 06:04:08.914 8 INFO placement.requestlog [req-05cb1498-20eb-46b0-a789-f8370a376281 req-9338683c-9edb-4dca-bba1-366c32beeb44 46693792d19a4c9b8f610e93d51a84f6 a96b2d407d1f43e89821b40e75ccf667 - - 31b0fab6017e4d88861c142753135231 31b0fab6017e4d88861c142753135231] 10.0.0.169 "GET /allocations/1283eb51-721e-4384-974b-4ed127c6b829" status: 200 len: 19 microversion: 1.28 [pid: 8|app: 0|req: 304/617] 10.0.0.169 () {34 vars in 860 bytes} [Wed Mar 4 06:04:08 2026] GET /allocations/1283eb51-721e-4384-974b-4ed127c6b829 => generated 19 bytes in 13 msecs (HTTP/1.1 200) 8 headers in 295 bytes (1 switches on core 0)
2026-03-04 06:04:08.959 8 INFO placement.requestlog [req-9bfdcf92-3d37-458b-ab8c-fa646f4044db req-7a13471f-8f4c-46ff-b6cd-b717ec555f34 46693792d19a4c9b8f610e93d51a84f6 a96b2d407d1f43e89821b40e75ccf667 - - 31b0fab6017e4d88861c142753135231 31b0fab6017e4d88861c142753135231] 162.253.55.43 "GET /allocations/f2ba3fd9-cff3-4404-91c1-e956e3245486" status: 200 len: 243 microversion: 1.28 [pid: 8|app: 0|req: 305/618] 162.253.55.43 () {34 vars in 861 bytes} [Wed Mar 4 06:04:08 2026] GET /allocations/f2ba3fd9-cff3-4404-91c1-e956e3245486 => generated 243 bytes in 14 msecs (HTTP/1.1 200) 8 headers in 296 bytes (1 switches on core 0)
2026-03-04 06:04:09.012 7 INFO placement.requestlog [req-05cb1498-20eb-46b0-a789-f8370a376281 req-42a971ae-bbe0-448e-b436-5fbab321e753 46693792d19a4c9b8f610e93d51a84f6 a96b2d407d1f43e89821b40e75ccf667 - - 31b0fab6017e4d88861c142753135231 31b0fab6017e4d88861c142753135231] 10.0.0.169 "PUT /allocations/1283eb51-721e-4384-974b-4ed127c6b829" status: 204 len: 0 microversion: 1.36 [pid: 7|app: 0|req: 314/619] 10.0.0.169 () {38 vars in 913 bytes} [Wed Mar 4 06:04:08 2026] PUT /allocations/1283eb51-721e-4384-974b-4ed127c6b829 => generated 0 bytes in 93 msecs (HTTP/1.1 204) 5 headers in 199 bytes (1 switches on core 0)
2026-03-04 06:04:09.216 8 INFO placement.requestlog [req-a8223a24-83fa-4a32-b41b-83491c1886fe req-b35c0914-864e-4b04-bc08-126b555be988 46693792d19a4c9b8f610e93d51a84f6 a96b2d407d1f43e89821b40e75ccf667 - - 31b0fab6017e4d88861c142753135231 31b0fab6017e4d88861c142753135231] 10.0.0.169 "GET /allocation_candidates?limit=1000&resources=DISK_GB%3A1%2CMEMORY_MB%3A512%2CVCPU%3A1&root_required=%21COMPUTE_STATUS_DISABLED" status: 200 len: 2784 microversion: 1.36 [pid: 8|app: 0|req: 306/620] 10.0.0.169 () {34 vars in 1011 bytes} [Wed Mar 4 06:04:09 2026] GET /allocation_candidates?limit=1000&resources=DISK_GB%3A1%2CMEMORY_MB%3A512%2CVCPU%3A1&root_required=%21COMPUTE_STATUS_DISABLED => generated 2784 bytes in 54 msecs (HTTP/1.1 200) 8 headers in 297 bytes (1 switches on core 0)
2026-03-04 06:04:09.256 7 INFO placement.requestlog [req-a8223a24-83fa-4a32-b41b-83491c1886fe req-92a9bf19-685b-4c6f-b526-6455686384e2 46693792d19a4c9b8f610e93d51a84f6 a96b2d407d1f43e89821b40e75ccf667 - - 31b0fab6017e4d88861c142753135231 31b0fab6017e4d88861c142753135231] 10.0.0.169 "GET /allocations/396a7a97-e277-4f46-9490-471fa1ee27e4" status: 200 len: 19 microversion: 1.28 [pid: 7|app: 0|req: 315/621] 10.0.0.169 () {34 vars in 860 bytes} [Wed Mar 4 06:04:09 2026] GET /allocations/396a7a97-e277-4f46-9490-471fa1ee27e4 => generated 19 bytes in 19 msecs (HTTP/1.1 200) 8 headers in 295 bytes (1 switches on core 0)
2026-03-04 06:04:09.374 8 INFO placement.requestlog [req-a8223a24-83fa-4a32-b41b-83491c1886fe req-b8a34ba6-c872-4a6d-b650-fde3ac6be8d4 46693792d19a4c9b8f610e93d51a84f6 a96b2d407d1f43e89821b40e75ccf667 - - 31b0fab6017e4d88861c142753135231 31b0fab6017e4d88861c142753135231] 10.0.0.169 "PUT /allocations/396a7a97-e277-4f46-9490-471fa1ee27e4" status: 204 len: 0 microversion: 1.36 [pid: 8|app: 0|req: 307/622] 10.0.0.169 () {38 vars in 913 bytes} [Wed Mar 4 06:04:09 2026] PUT /allocations/396a7a97-e277-4f46-9490-471fa1ee27e4 => generated 0 bytes in 112 msecs (HTTP/1.1 204) 5 headers in 199 bytes (1 switches on core 0)
2026-03-04 06:04:10.002 7 INFO placement.requestlog [req-9bfdcf92-3d37-458b-ab8c-fa646f4044db req-54c3f0fc-cc11-47df-b447-3e3385c6a3df 46693792d19a4c9b8f610e93d51a84f6 a96b2d407d1f43e89821b40e75ccf667 - - 31b0fab6017e4d88861c142753135231 31b0fab6017e4d88861c142753135231] 162.253.55.43 "GET /resource_providers/4415bea1-4a40-4348-9784-4acb92aa5882/allocations" status: 200 len: 438 microversion: 1.0 [pid: 7|app: 0|req: 316/623] 162.253.55.43 () {32 vars in 855 bytes} [Wed Mar 4 06:04:09 2026] GET /resource_providers/4415bea1-4a40-4348-9784-4acb92aa5882/allocations => generated 438 bytes in 18 msecs (HTTP/1.1 200) 6 headers in 224 bytes (1 switches on core 0)
2026-03-04 06:04:10.018 8 INFO placement.requestlog [req-9bfdcf92-3d37-458b-ab8c-fa646f4044db req-89bcbd2f-6f5b-4abe-9657-aaaba435f100 46693792d19a4c9b8f610e93d51a84f6 a96b2d407d1f43e89821b40e75ccf667 - - 31b0fab6017e4d88861c142753135231 31b0fab6017e4d88861c142753135231] 162.253.55.43 "GET /allocations/f2ba3fd9-cff3-4404-91c1-e956e3245486" status: 200 len: 243 microversion: 1.28 [pid: 8|app: 0|req: 308/624] 162.253.55.43 () {34 vars in 861 bytes} [Wed Mar 4 06:04:10 2026] GET /allocations/f2ba3fd9-cff3-4404-91c1-e956e3245486 => generated 243 bytes in 12 msecs (HTTP/1.1 200) 8 headers in 296 bytes (1 switches on core 0)
2026-03-04 06:04:10.038 7 INFO placement.requestlog [req-9bfdcf92-3d37-458b-ab8c-fa646f4044db req-e6dc04ab-3852-48af-8c47-7adf8ed24e92 46693792d19a4c9b8f610e93d51a84f6 a96b2d407d1f43e89821b40e75ccf667 - - 31b0fab6017e4d88861c142753135231 31b0fab6017e4d88861c142753135231] 162.253.55.43 "GET /allocations/ba5c4987-51ad-464e-a83d-1cd431e7c724" status: 200 len: 257 microversion: 1.28 [pid: 7|app: 0|req: 317/625] 162.253.55.43 () {34 vars in 861 bytes} [Wed Mar 4 06:04:10 2026] GET /allocations/ba5c4987-51ad-464e-a83d-1cd431e7c724 => generated 257 bytes in 14 msecs (HTTP/1.1 200) 8 headers in 296 bytes (1 switches on core 0)
2026-03-04 06:04:10.054 8 INFO placement.requestlog [req-9bfdcf92-3d37-458b-ab8c-fa646f4044db req-3ae03735-85ca-4532-b0c5-2470f5195f56 46693792d19a4c9b8f610e93d51a84f6 a96b2d407d1f43e89821b40e75ccf667 - - 31b0fab6017e4d88861c142753135231 31b0fab6017e4d88861c142753135231] 162.253.55.43 "GET /allocations/1283eb51-721e-4384-974b-4ed127c6b829" status: 200 len: 257 microversion: 1.28 [pid: 8|app: 0|req: 309/626] 162.253.55.43 () {34 vars in 861 bytes} [Wed Mar 4 06:04:10 2026] GET /allocations/1283eb51-721e-4384-974b-4ed127c6b829 => generated 257 bytes in 10 msecs (HTTP/1.1 200) 8 headers in 296 bytes (1 switches on core 0)
2026-03-04 06:04:10.073 7 INFO placement.requestlog [req-9bfdcf92-3d37-458b-ab8c-fa646f4044db req-feac8e55-fbad-4c89-8996-1841e763f17b 46693792d19a4c9b8f610e93d51a84f6 a96b2d407d1f43e89821b40e75ccf667 - - 31b0fab6017e4d88861c142753135231 31b0fab6017e4d88861c142753135231] 162.253.55.43 "GET /allocations/396a7a97-e277-4f46-9490-471fa1ee27e4" status: 200 len: 257 microversion: 1.28 [pid: 7|app: 0|req: 318/627] 162.253.55.43 () {34 vars in 861 bytes} [Wed Mar 4 06:04:10 2026] GET /allocations/396a7a97-e277-4f46-9490-471fa1ee27e4 => generated 257 bytes in 9 msecs (HTTP/1.1 200) 8 headers in 296 bytes (1 switches on core 0)
2026-03-04 06:04:10.505 8 INFO placement.requestlog [req-05cb1498-20eb-46b0-a789-f8370a376281 req-6a9aca9a-a7fc-4919-aee1-dc4980434fc9 46693792d19a4c9b8f610e93d51a84f6 a96b2d407d1f43e89821b40e75ccf667 - - 31b0fab6017e4d88861c142753135231 31b0fab6017e4d88861c142753135231] 162.253.55.43 "GET /allocations/1283eb51-721e-4384-974b-4ed127c6b829" status: 200 len: 257 microversion: 1.28 [pid: 8|app: 0|req: 310/628] 162.253.55.43 () {34 vars in 861 bytes} [Wed Mar 4 06:04:10 2026] GET /allocations/1283eb51-721e-4384-974b-4ed127c6b829 => generated 257 bytes in 11 msecs (HTTP/1.1 200) 8 headers in 296 bytes (1 switches on core 0)
2026-03-04 06:04:10.787 7 INFO placement.requestlog [req-a8223a24-83fa-4a32-b41b-83491c1886fe req-865f81ff-78f5-44d8-9f89-d9c791338899 46693792d19a4c9b8f610e93d51a84f6 a96b2d407d1f43e89821b40e75ccf667 - - 31b0fab6017e4d88861c142753135231 31b0fab6017e4d88861c142753135231] 162.253.55.43 "GET /allocations/396a7a97-e277-4f46-9490-471fa1ee27e4" status: 200 len: 257 microversion: 1.28 [pid: 7|app: 0|req: 319/629] 162.253.55.43 () {34 vars in 861 bytes} [Wed Mar 4 06:04:10 2026] GET /allocations/396a7a97-e277-4f46-9490-471fa1ee27e4 => generated 257 bytes in 13 msecs (HTTP/1.1 200) 8 headers in 296 bytes (1 switches on core 0)
2026-03-04 06:04:12.156 8 INFO placement.requestlog [req-05cb1498-20eb-46b0-a789-f8370a376281 req-9b1bad3e-a01e-4a79-b13b-a15bbc672e5f 46693792d19a4c9b8f610e93d51a84f6 a96b2d407d1f43e89821b40e75ccf667 - - 31b0fab6017e4d88861c142753135231 31b0fab6017e4d88861c142753135231] 162.253.55.43 "GET /resource_providers/4415bea1-4a40-4348-9784-4acb92aa5882/allocations" status: 200 len: 438 microversion: 1.0 [pid: 8|app: 0|req: 311/630] 162.253.55.43 () {32 vars in 855 bytes} [Wed Mar 4 06:04:12 2026] GET /resource_providers/4415bea1-4a40-4348-9784-4acb92aa5882/allocations => generated 438 bytes in 35 msecs (HTTP/1.1 200) 6 headers in 224 bytes (1 switches on core 0)
2026-03-04 06:04:12.171 7 INFO placement.requestlog [req-05cb1498-20eb-46b0-a789-f8370a376281 req-85d11aa8-0095-46b1-9266-25280b658c54 46693792d19a4c9b8f610e93d51a84f6 a96b2d407d1f43e89821b40e75ccf667 - - 31b0fab6017e4d88861c142753135231 31b0fab6017e4d88861c142753135231] 162.253.55.43 "GET /allocations/f2ba3fd9-cff3-4404-91c1-e956e3245486" status: 200 len: 243 microversion: 1.28 [pid: 7|app: 0|req: 320/631] 162.253.55.43 () {34 vars in 861 bytes} [Wed Mar 4 06:04:12 2026] GET /allocations/f2ba3fd9-cff3-4404-91c1-e956e3245486 => generated 243 bytes in 11 msecs (HTTP/1.1 200) 8 headers in 296 bytes (1 switches on core 0)
2026-03-04 06:04:12.192 8 INFO placement.requestlog [req-05cb1498-20eb-46b0-a789-f8370a376281 req-a2cac8f3-78a0-4517-a03d-8d6f03edee6d 46693792d19a4c9b8f610e93d51a84f6 a96b2d407d1f43e89821b40e75ccf667 - - 31b0fab6017e4d88861c142753135231 31b0fab6017e4d88861c142753135231] 162.253.55.43 "GET /allocations/ba5c4987-51ad-464e-a83d-1cd431e7c724" status: 200 len: 257 microversion: 1.28 [pid: 8|app: 0|req: 312/632] 162.253.55.43 () {34 vars in 861 bytes} [Wed Mar 4 06:04:12 2026] GET /allocations/ba5c4987-51ad-464e-a83d-1cd431e7c724 => generated 257 bytes in 15 msecs (HTTP/1.1 200) 8 headers in 296 bytes (1 switches on core 0)
2026-03-04 06:04:12.212 7 INFO placement.requestlog [req-05cb1498-20eb-46b0-a789-f8370a376281 req-f5c6aec1-0754-493f-9286-61791998cbd1 46693792d19a4c9b8f610e93d51a84f6 a96b2d407d1f43e89821b40e75ccf667 - - 31b0fab6017e4d88861c142753135231 31b0fab6017e4d88861c142753135231] 162.253.55.43 "GET /allocations/1283eb51-721e-4384-974b-4ed127c6b829" status: 200 len: 257 microversion: 1.28 [pid: 7|app: 0|req: 321/633] 162.253.55.43 () {34 vars in 861 bytes} [Wed Mar 4 06:04:12 2026] GET /allocations/1283eb51-721e-4384-974b-4ed127c6b829 => generated 257 bytes in 12 msecs (HTTP/1.1 200) 8 headers in 296 bytes (1 switches on core 0)
2026-03-04 06:04:12.234 8 INFO placement.requestlog [req-05cb1498-20eb-46b0-a789-f8370a376281 req-55ba7caf-bf02-49d0-84eb-86a3b8214a83 46693792d19a4c9b8f610e93d51a84f6 a96b2d407d1f43e89821b40e75ccf667 - - 31b0fab6017e4d88861c142753135231 31b0fab6017e4d88861c142753135231] 162.253.55.43 "GET /allocations/396a7a97-e277-4f46-9490-471fa1ee27e4" status: 200 len: 257 microversion: 1.28 [pid: 8|app: 0|req: 313/634] 162.253.55.43 () {34 vars in 861 bytes} [Wed Mar 4 06:04:12 2026] GET /allocations/396a7a97-e277-4f46-9490-471fa1ee27e4 => generated 257 bytes in 17 msecs (HTTP/1.1 200) 8 headers in 296 bytes (1 switches on core 0)
2026-03-04 06:04:12.613 8 INFO placement.requestlog [None req-707a82b4-ac67-4e0a-b825-f5a9f656c933 - - - - - -] 10.0.0.85 "GET /" status: 200 len: 136 microversion: 1.0
2026-03-04 06:04:12.613 7 INFO placement.requestlog [None req-2cfb1ff9-26ef-422d-80f2-658d7ab16201 - - - - - -] 10.0.0.85 "GET /" status: 200 len: 136 microversion: 1.0
2026-03-04 06:04:14.305 8 INFO placement.requestlog [req-a8223a24-83fa-4a32-b41b-83491c1886fe req-80ff2c7c-73f8-42ac-8cbe-947b022fbe67 46693792d19a4c9b8f610e93d51a84f6 a96b2d407d1f43e89821b40e75ccf667 - - 31b0fab6017e4d88861c142753135231 31b0fab6017e4d88861c142753135231] 162.253.55.43 "GET /resource_providers/4415bea1-4a40-4348-9784-4acb92aa5882/allocations" status: 200 len: 438 microversion: 1.0 [pid: 8|app: 0|req: 315/637] 162.253.55.43 () {32 vars in 855 bytes} [Wed Mar 4 06:04:14 2026] GET /resource_providers/4415bea1-4a40-4348-9784-4acb92aa5882/allocations => generated 438 bytes in 20 msecs (HTTP/1.1 200) 6 headers in 224 bytes (1 switches on core 0)
2026-03-04 06:04:14.333 7 INFO placement.requestlog [req-a8223a24-83fa-4a32-b41b-83491c1886fe req-84e49fad-4236-4f4a-b89c-098ef0e2d7a6 46693792d19a4c9b8f610e93d51a84f6 a96b2d407d1f43e89821b40e75ccf667 - - 31b0fab6017e4d88861c142753135231 31b0fab6017e4d88861c142753135231] 162.253.55.43 "GET /allocations/f2ba3fd9-cff3-4404-91c1-e956e3245486" status: 200 len: 243 microversion: 1.28 [pid: 7|app: 0|req: 323/638] 162.253.55.43 () {34 vars in 861 bytes} [Wed Mar 4 06:04:14 2026] GET /allocations/f2ba3fd9-cff3-4404-91c1-e956e3245486 => generated 243 bytes in 20 msecs (HTTP/1.1 200) 8 headers in 296 bytes (1 switches on core 0)
2026-03-04 06:04:14.352 8 INFO placement.requestlog [req-a8223a24-83fa-4a32-b41b-83491c1886fe req-89028c80-daff-446a-87f9-03581e2ae70d 46693792d19a4c9b8f610e93d51a84f6 a96b2d407d1f43e89821b40e75ccf667 - - 31b0fab6017e4d88861c142753135231 31b0fab6017e4d88861c142753135231] 162.253.55.43 "GET /allocations/ba5c4987-51ad-464e-a83d-1cd431e7c724" status: 200 len: 257 microversion: 1.28 [pid: 8|app: 0|req: 316/639] 162.253.55.43 () {34 vars in 861 bytes} [Wed Mar 4 06:04:14 2026] GET /allocations/ba5c4987-51ad-464e-a83d-1cd431e7c724 => generated 257 bytes in 15 msecs (HTTP/1.1 200) 8 headers in 296 bytes (1 switches on core 0)
2026-03-04 06:04:14.375 7 INFO placement.requestlog [req-a8223a24-83fa-4a32-b41b-83491c1886fe req-f5a45f87-6254-4f7d-be9b-c945aa5eb1e5 46693792d19a4c9b8f610e93d51a84f6 a96b2d407d1f43e89821b40e75ccf667 - - 31b0fab6017e4d88861c142753135231 31b0fab6017e4d88861c142753135231] 162.253.55.43 "GET /allocations/1283eb51-721e-4384-974b-4ed127c6b829" status: 200 len: 257 microversion: 1.28 [pid: 7|app: 0|req: 324/640] 162.253.55.43 () {34 vars in 861 bytes} [Wed Mar 4 06:04:14 2026] GET /allocations/1283eb51-721e-4384-974b-4ed127c6b829 => generated 257 bytes in 17 msecs (HTTP/1.1 200) 8 headers in 296 bytes (1 switches on core 0)
2026-03-04 06:04:14.393 8 INFO placement.requestlog [req-a8223a24-83fa-4a32-b41b-83491c1886fe req-619edd67-eac5-42bb-9723-44a616076717 46693792d19a4c9b8f610e93d51a84f6 a96b2d407d1f43e89821b40e75ccf667 - - 31b0fab6017e4d88861c142753135231 31b0fab6017e4d88861c142753135231] 162.253.55.43 "GET /allocations/396a7a97-e277-4f46-9490-471fa1ee27e4" status: 200 len: 257 microversion: 1.28 [pid: 8|app: 0|req: 317/641] 162.253.55.43 () {34 vars in 861 bytes} [Wed Mar 4 06:04:14 2026] GET /allocations/396a7a97-e277-4f46-9490-471fa1ee27e4 => generated 257 bytes in 12 msecs (HTTP/1.1 200) 8 headers in 296 bytes (1 switches on core 0)
2026-03-04 06:04:22.285 7 INFO placement.requestlog [req-83295028-5786-4706-9542-42ec9bc644d2 req-0b9037d7-63c6-48a4-8ea8-383dbcae5fa2 46693792d19a4c9b8f610e93d51a84f6 a96b2d407d1f43e89821b40e75ccf667 - - 31b0fab6017e4d88861c142753135231 31b0fab6017e4d88861c142753135231] 162.253.55.43 "GET /resource_providers/4415bea1-4a40-4348-9784-4acb92aa5882/allocations" status: 200 len: 438 microversion: 1.0 [pid: 7|app: 0|req: 325/642] 162.253.55.43 () {32 vars in 855 bytes} [Wed Mar 4 06:04:22 2026] GET /resource_providers/4415bea1-4a40-4348-9784-4acb92aa5882/allocations => generated 438 bytes in 26 msecs (HTTP/1.1 200) 6 headers in 224 bytes (1 switches on core 0)
2026-03-04 06:04:22.308 8 INFO placement.requestlog [req-83295028-5786-4706-9542-42ec9bc644d2 req-2a1b786f-2641-42a3-9971-1e2b69a1eb9c 46693792d19a4c9b8f610e93d51a84f6 a96b2d407d1f43e89821b40e75ccf667 - - 31b0fab6017e4d88861c142753135231 31b0fab6017e4d88861c142753135231] 162.253.55.43 "GET /allocations/f2ba3fd9-cff3-4404-91c1-e956e3245486" status: 200 len: 243 microversion: 1.28 [pid: 8|app: 0|req: 318/643] 162.253.55.43 () {34 vars in 861 bytes} [Wed Mar 4 06:04:22 2026] GET /allocations/f2ba3fd9-cff3-4404-91c1-e956e3245486 => generated 243 bytes in 16 msecs (HTTP/1.1 200) 8 headers in 296 bytes (1 switches on core 0)
2026-03-04 06:04:22.336 7 INFO placement.requestlog [req-83295028-5786-4706-9542-42ec9bc644d2 req-6e2c1964-d5e8-4f6e-9f92-236d8abdd21b 46693792d19a4c9b8f610e93d51a84f6 a96b2d407d1f43e89821b40e75ccf667 - - 31b0fab6017e4d88861c142753135231 31b0fab6017e4d88861c142753135231] 162.253.55.43 "GET /allocations/ba5c4987-51ad-464e-a83d-1cd431e7c724" status: 200 len: 257 microversion: 1.28 [pid: 7|app: 0|req: 326/644] 162.253.55.43 () {34 vars in 861 bytes} [Wed Mar 4 06:04:22 2026] GET /allocations/ba5c4987-51ad-464e-a83d-1cd431e7c724 => generated 257 bytes in 23 msecs (HTTP/1.1 200) 8 headers in 296 bytes (1 switches on core 0)
2026-03-04 06:04:22.359 8 INFO placement.requestlog [req-83295028-5786-4706-9542-42ec9bc644d2 req-cb851bf2-d0ce-4439-b3b2-a0efa9e9f362 46693792d19a4c9b8f610e93d51a84f6 a96b2d407d1f43e89821b40e75ccf667 - - 31b0fab6017e4d88861c142753135231 31b0fab6017e4d88861c142753135231] 162.253.55.43 "GET /allocations/1283eb51-721e-4384-974b-4ed127c6b829" status: 200 len: 257 microversion: 1.28 [pid: 8|app: 0|req: 319/645] 162.253.55.43 () {34 vars in 861 bytes} [Wed Mar 4 06:04:22 2026] GET /allocations/1283eb51-721e-4384-974b-4ed127c6b829 => generated 257 bytes in 13 msecs (HTTP/1.1 200) 8 headers in 296 bytes (1 switches on core 0)
2026-03-04 06:04:22.379 7 INFO placement.requestlog [req-83295028-5786-4706-9542-42ec9bc644d2 req-1d1b800b-f2f8-4538-bbb3-b7586e16e252 46693792d19a4c9b8f610e93d51a84f6 a96b2d407d1f43e89821b40e75ccf667 - - 31b0fab6017e4d88861c142753135231 31b0fab6017e4d88861c142753135231] 162.253.55.43 "GET /allocations/396a7a97-e277-4f46-9490-471fa1ee27e4" status: 200 len: 257 microversion: 1.28 [pid: 7|app: 0|req: 327/646] 162.253.55.43 () {34 vars in 861 bytes} [Wed Mar 4 06:04:22 2026] GET /allocations/396a7a97-e277-4f46-9490-471fa1ee27e4 => generated 257 bytes in 16 msecs (HTTP/1.1 200) 8 headers in 296 bytes (1 switches on core 0)
2026-03-04 06:04:22.613 8 INFO placement.requestlog [None req-55ce5ed8-169e-42b3-955c-3d690dc53885 - - - - - -] 10.0.0.85 "GET /" status: 200 len: 136 microversion: 1.0
2026-03-04 06:04:22.614 7 INFO placement.requestlog [None req-1001d755-5725-4d37-b874-c7c20f9588b8 - - - - - -] 10.0.0.85 "GET /" status: 200 len: 136 microversion: 1.0
2026-03-04 06:04:23.448 8 INFO placement.requestlog [req-83295028-5786-4706-9542-42ec9bc644d2 req-1adfcdde-118f-4539-9482-aa8f0f73c9ab 46693792d19a4c9b8f610e93d51a84f6 a96b2d407d1f43e89821b40e75ccf667 - - 31b0fab6017e4d88861c142753135231 31b0fab6017e4d88861c142753135231] 162.253.55.43 "DELETE /allocations/ba5c4987-51ad-464e-a83d-1cd431e7c724" status: 204 len: 0 microversion: 1.0 [pid: 8|app: 0|req: 321/649] 162.253.55.43 () {34 vars in 839 bytes} [Wed Mar 4 06:04:23 2026] DELETE /allocations/ba5c4987-51ad-464e-a83d-1cd431e7c724 => generated 0 bytes in 43 msecs (HTTP/1.1 204) 5 headers in 198 bytes (1 switches on core 0)
2026-03-04 06:04:28.517 8 INFO placement.requestlog [None req-44d3f1d8-b1bb-4be7-beff-54f7f3bcdeb3 1e733273e37c41d79e5d5be1d7b02db6 a96b2d407d1f43e89821b40e75ccf667 - - 31b0fab6017e4d88861c142753135231 31b0fab6017e4d88861c142753135231] 10.0.0.46 "GET /resource_providers/a067e144-f280-4b37-982d-c2d19155943e/aggregates" status: 404 len: 235 microversion: 1.1 [pid: 8|app: 0|req: 322/650] 10.0.0.46 () {32 vars in 814 bytes} [Wed Mar 4 06:04:28 2026] GET /resource_providers/a067e144-f280-4b37-982d-c2d19155943e/aggregates => generated 235 bytes in 77 msecs (HTTP/1.1 404) 5 headers in 202 bytes (1 switches on core 0)
2026-03-04 06:04:28.532 8 INFO placement.requestlog [None req-400dd3ce-0db1-4ff2-8356-0d6a557a504c 1e733273e37c41d79e5d5be1d7b02db6 a96b2d407d1f43e89821b40e75ccf667 - - 31b0fab6017e4d88861c142753135231 31b0fab6017e4d88861c142753135231] 10.0.0.46 "DELETE /resource_providers/a067e144-f280-4b37-982d-c2d19155943e" status: 404 len: 246 microversion: 1.1 [pid: 8|app: 0|req: 323/651] 10.0.0.46 () {34 vars in 814 bytes} [Wed Mar 4 06:04:28 2026] DELETE /resource_providers/a067e144-f280-4b37-982d-c2d19155943e => generated 246 bytes in 8 msecs (HTTP/1.1 404) 6 headers in 231 bytes (1 switches on core 0)
