May 21 23:14:02.784947 np0000176049 systemd[1]: Starting devstack@n-api-meta.service - Devstack devstack@n-api-meta.service...
May 21 23:14:02.796023 np0000176049 devstack@n-api-meta.service[108340]: [uWSGI] getting INI configuration from /etc/nova/nova-metadata-uwsgi.ini
May 21 23:14:02.799803 np0000176049 devstack@n-api-meta.service[108340]: *** Starting uWSGI 2.0.24-debian (64bit) on [Thu May 21 23:14:02 2026] ***
May 21 23:14:02.799803 np0000176049 devstack@n-api-meta.service[108340]: compiled with version: 13.2.0 on 17 April 2024 16:23:48
May 21 23:14:02.799803 np0000176049 devstack@n-api-meta.service[108340]: os: Linux-6.8.0-117-generic #117-Ubuntu SMP PREEMPT_DYNAMIC Tue May 5 19:26:24 UTC 2026
May 21 23:14:02.799803 np0000176049 devstack@n-api-meta.service[108340]: nodename: np0000176049
May 21 23:14:02.799803 np0000176049 devstack@n-api-meta.service[108340]: machine: x86_64
May 21 23:14:02.799803 np0000176049 devstack@n-api-meta.service[108340]: clock source: unix
May 21 23:14:02.799803 np0000176049 devstack@n-api-meta.service[108340]: pcre jit disabled
May 21 23:14:02.799803 np0000176049 devstack@n-api-meta.service[108340]: detected number of CPU cores: 16
May 21 23:14:02.799803 np0000176049 devstack@n-api-meta.service[108340]: current working directory: /
May 21 23:14:02.799803 np0000176049 devstack@n-api-meta.service[108340]: detected binary path: /usr/bin/uwsgi-core
May 21 23:14:02.799803 np0000176049 devstack@n-api-meta.service[108340]: your processes number limit is 256917
May 21 23:14:02.799803 np0000176049 devstack@n-api-meta.service[108340]: your memory page size is 4096 bytes
May 21 23:14:02.799803 np0000176049 devstack@n-api-meta.service[108340]: detected max file descriptor number: 2048
May 21 23:14:02.799803 np0000176049 devstack@n-api-meta.service[108340]: lock engine: pthread robust mutexes
May 21 23:14:02.801880 np0000176049 devstack@n-api-meta.service[108340]: thunder lock: enabled
May 21 23:14:02.801880 np0000176049 devstack@n-api-meta.service[108340]: uWSGI http bound on 0.0.0.0:8775 fd 5
May 21 23:14:02.801880 np0000176049 devstack@n-api-meta.service[108340]: uwsgi socket 0 bound to TCP address 127.0.0.1:43269 (port auto-assigned) fd 4
May 21 23:14:02.801880 np0000176049 devstack@n-api-meta.service[108340]: Python version: 3.12.3 (main, Mar 23 2026, 19:04:32) [GCC 13.3.0]
May 21 23:14:02.801880 np0000176049 devstack@n-api-meta.service[108340]: PEP 405 virtualenv detected: /opt/stack/data/venv
May 21 23:14:02.801880 np0000176049 devstack@n-api-meta.service[108340]: Set PythonHome to /opt/stack/data/venv
May 21 23:14:02.840066 np0000176049 devstack@n-api-meta.service[108340]: Python main interpreter initialized at 0x7e75a4aa3668
May 21 23:14:02.840066 np0000176049 devstack@n-api-meta.service[108340]: python threads support enabled
May 21 23:14:02.840066 np0000176049 devstack@n-api-meta.service[108340]: your server socket listen backlog is limited to 100 connections
May 21 23:14:02.840066 np0000176049 devstack@n-api-meta.service[108340]: your mercy for graceful operations on workers is 80 seconds
May 21 23:14:02.840463 np0000176049 devstack@n-api-meta.service[108340]: mapped 671795 bytes (656 KB) for 4 cores
May 21 23:14:02.840698 np0000176049 devstack@n-api-meta.service[108340]: *** Operational MODE: preforking ***
May 21 23:14:02.840794 np0000176049 devstack@n-api-meta.service[108340]: *** uWSGI is running in multiple interpreter mode ***
May 21 23:14:02.840794 np0000176049 devstack@n-api-meta.service[108340]: spawned uWSGI master process (pid: 108340)
May 21 23:14:02.840995 np0000176049 systemd[1]: Started devstack@n-api-meta.service - Devstack devstack@n-api-meta.service.
May 21 23:14:02.841844 np0000176049 devstack@n-api-meta.service[108340]: spawned uWSGI worker 1 (pid: 108341, cores: 1)
May 21 23:14:02.842415 np0000176049 devstack@n-api-meta.service[108340]: spawned uWSGI worker 2 (pid: 108342, cores: 1)
May 21 23:14:02.843067 np0000176049 devstack@n-api-meta.service[108340]: spawned uWSGI worker 3 (pid: 108343, cores: 1)
May 21 23:14:02.845189 np0000176049 devstack@n-api-meta.service[108340]: spawned uWSGI worker 4 (pid: 108344, cores: 1)
May 21 23:14:02.845189 np0000176049 devstack@n-api-meta.service[108340]: spawned uWSGI http 1 (pid: 108345)
May 21 23:14:02.845189 np0000176049 devstack@n-api-meta.service[108340]: running "unix_signal:15 gracefully_kill_them_all" (master-start)...
May 21 23:14:04.677224 np0000176049 devstack@n-api-meta.service[108344]: INFO dbcounter [None req-e205ebc4-d792-422a-a7cb-d53562a833e1 None None] Registered counter for database nova_api
May 21 23:14:04.689981 np0000176049 devstack@n-api-meta.service[108343]: INFO dbcounter [None req-62b379ba-2402-41a6-9ef7-f9a87cbac956 None None] Registered counter for database nova_api
May 21 23:14:04.691480 np0000176049 devstack@n-api-meta.service[108344]: DEBUG oslo_db.sqlalchemy.engines [None req-e205ebc4-d792-422a-a7cb-d53562a833e1 None None] MySQL server mode set to STRICT_TRANS_TABLES,STRICT_ALL_TABLES,NO_ZERO_IN_DATE,NO_ZERO_DATE,ERROR_FOR_DIVISION_BY_ZERO,TRADITIONAL,NO_ENGINE_SUBSTITUTION {{(pid=108344) _check_effective_sql_mode /opt/stack/data/venv/lib/python3.12/site-packages/oslo_db/sqlalchemy/engines.py:325}}
May 21 23:14:04.698901 np0000176049 devstack@n-api-meta.service[108342]: INFO dbcounter [None req-7c139ade-f4dd-428d-a58e-e3587ab88eb1 None None] Registered counter for database nova_api
May 21 23:14:04.707420 np0000176049 devstack@n-api-meta.service[108341]: INFO dbcounter [None req-b846e4f2-1620-40f5-bcc2-fe9530e6d894 None None] Registered counter for database nova_api
May 21 23:14:04.712431 np0000176049 devstack@n-api-meta.service[108343]: DEBUG oslo_db.sqlalchemy.engines [None req-62b379ba-2402-41a6-9ef7-f9a87cbac956 None None] MySQL server mode set to STRICT_TRANS_TABLES,STRICT_ALL_TABLES,NO_ZERO_IN_DATE,NO_ZERO_DATE,ERROR_FOR_DIVISION_BY_ZERO,TRADITIONAL,NO_ENGINE_SUBSTITUTION {{(pid=108343) _check_effective_sql_mode /opt/stack/data/venv/lib/python3.12/site-packages/oslo_db/sqlalchemy/engines.py:325}}
May 21 23:14:04.716008 np0000176049 devstack@n-api-meta.service[108342]: DEBUG oslo_db.sqlalchemy.engines [None req-7c139ade-f4dd-428d-a58e-e3587ab88eb1 None None] MySQL server mode set to STRICT_TRANS_TABLES,STRICT_ALL_TABLES,NO_ZERO_IN_DATE,NO_ZERO_DATE,ERROR_FOR_DIVISION_BY_ZERO,TRADITIONAL,NO_ENGINE_SUBSTITUTION {{(pid=108342) _check_effective_sql_mode /opt/stack/data/venv/lib/python3.12/site-packages/oslo_db/sqlalchemy/engines.py:325}}
May 21 23:14:04.722040 np0000176049 devstack@n-api-meta.service[108344]: DEBUG dbcounter [-] [108344] Writer thread running {{(pid=108344) stat_writer /opt/stack/data/venv/lib/python3.12/site-packages/dbcounter.py:102}}
May 21 23:14:04.722201 np0000176049 devstack@n-api-meta.service[108341]: DEBUG oslo_db.sqlalchemy.engines [None req-b846e4f2-1620-40f5-bcc2-fe9530e6d894 None None] MySQL server mode set to STRICT_TRANS_TABLES,STRICT_ALL_TABLES,NO_ZERO_IN_DATE,NO_ZERO_DATE,ERROR_FOR_DIVISION_BY_ZERO,TRADITIONAL,NO_ENGINE_SUBSTITUTION {{(pid=108341) _check_effective_sql_mode /opt/stack/data/venv/lib/python3.12/site-packages/oslo_db/sqlalchemy/engines.py:325}}
May 21 23:14:04.724305 np0000176049 devstack@n-api-meta.service[108344]: DEBUG nova.context [None req-e205ebc4-d792-422a-a7cb-d53562a833e1 None None] Found 2 cells: 00000000-0000-0000-0000-000000000000(cell0),0b5d6665-9645-4d79-aedd-f4548821c3e0(cell1) {{(pid=108344) load_cells /opt/stack/nova/nova/context.py:509}}
May 21 23:14:04.724543 np0000176049 devstack@n-api-meta.service[108344]: INFO nova.utils [None req-e205ebc4-d792-422a-a7cb-d53562a833e1 None None] The cell worker thread pool MainProcess.cell_worker is initialized
May 21 23:14:04.726289 np0000176049 devstack@n-api-meta.service[108344]: DEBUG oslo_concurrency.lockutils [None req-e205ebc4-d792-422a-a7cb-d53562a833e1 None None] Acquiring lock "00000000-0000-0000-0000-000000000000" by "nova.context.set_target_cell..get_or_set_cached_cell_and_set_connections" {{(pid=108344) inner /opt/stack/data/venv/lib/python3.12/site-packages/oslo_concurrency/lockutils.py:511}}
May 21 23:14:04.726475 np0000176049 devstack@n-api-meta.service[108344]: DEBUG oslo_concurrency.lockutils [None req-e205ebc4-d792-422a-a7cb-d53562a833e1 None None] Lock "00000000-0000-0000-0000-000000000000" acquired by "nova.context.set_target_cell..get_or_set_cached_cell_and_set_connections" :: waited 0.000s {{(pid=108344) inner /opt/stack/data/venv/lib/python3.12/site-packages/oslo_concurrency/lockutils.py:524}}
May 21 23:14:04.726817 np0000176049 devstack@n-api-meta.service[108344]: DEBUG oslo_concurrency.lockutils [None req-e205ebc4-d792-422a-a7cb-d53562a833e1 None None] Lock "00000000-0000-0000-0000-000000000000" "released" by "nova.context.set_target_cell..get_or_set_cached_cell_and_set_connections" :: held 0.000s {{(pid=108344) inner /opt/stack/data/venv/lib/python3.12/site-packages/oslo_concurrency/lockutils.py:543}}
May 21 23:14:04.727517 np0000176049 devstack@n-api-meta.service[108344]: DEBUG oslo_concurrency.lockutils [None req-e205ebc4-d792-422a-a7cb-d53562a833e1 None None] Acquiring lock "0b5d6665-9645-4d79-aedd-f4548821c3e0" by "nova.context.set_target_cell..get_or_set_cached_cell_and_set_connections" {{(pid=108344) inner /opt/stack/data/venv/lib/python3.12/site-packages/oslo_concurrency/lockutils.py:511}}
May 21 23:14:04.727658 np0000176049 devstack@n-api-meta.service[108344]: DEBUG oslo_concurrency.lockutils [None req-e205ebc4-d792-422a-a7cb-d53562a833e1 None None] Lock "0b5d6665-9645-4d79-aedd-f4548821c3e0" acquired by "nova.context.set_target_cell..get_or_set_cached_cell_and_set_connections" :: waited 0.000s {{(pid=108344) inner /opt/stack/data/venv/lib/python3.12/site-packages/oslo_concurrency/lockutils.py:524}}
May 21 23:14:04.728697 np0000176049 devstack@n-api-meta.service[108344]: DEBUG oslo_concurrency.lockutils [None req-e205ebc4-d792-422a-a7cb-d53562a833e1 None None] Lock "0b5d6665-9645-4d79-aedd-f4548821c3e0" "released" by "nova.context.set_target_cell..get_or_set_cached_cell_and_set_connections" :: held 0.001s {{(pid=108344) inner /opt/stack/data/venv/lib/python3.12/site-packages/oslo_concurrency/lockutils.py:543}}
May 21 23:14:04.732064 np0000176049 devstack@n-api-meta.service[108344]: INFO dbcounter [None req-e205ebc4-d792-422a-a7cb-d53562a833e1 None None] Registered counter for database nova_cell0
May 21 23:14:04.737127 np0000176049 devstack@n-api-meta.service[108344]: INFO dbcounter [None req-e205ebc4-d792-422a-a7cb-d53562a833e1 None None] Registered counter for database nova_cell1
May 21 23:14:04.744575 np0000176049 devstack@n-api-meta.service[108344]: DEBUG oslo_db.sqlalchemy.engines [None req-e205ebc4-d792-422a-a7cb-d53562a833e1 None None] MySQL server mode set to STRICT_TRANS_TABLES,STRICT_ALL_TABLES,NO_ZERO_IN_DATE,NO_ZERO_DATE,ERROR_FOR_DIVISION_BY_ZERO,TRADITIONAL,NO_ENGINE_SUBSTITUTION {{(pid=108344) _check_effective_sql_mode /opt/stack/data/venv/lib/python3.12/site-packages/oslo_db/sqlalchemy/engines.py:325}}
May 21 23:14:04.752023 np0000176049 devstack@n-api-meta.service[108343]: DEBUG dbcounter [-] [108343] Writer thread running {{(pid=108343) stat_writer /opt/stack/data/venv/lib/python3.12/site-packages/dbcounter.py:102}}
May 21 23:14:04.752718 np0000176049 devstack@n-api-meta.service[108341]: DEBUG dbcounter [-] [108341] Writer thread running {{(pid=108341) stat_writer /opt/stack/data/venv/lib/python3.12/site-packages/dbcounter.py:102}}
May 21 23:14:04.753854 np0000176049 devstack@n-api-meta.service[108342]: DEBUG dbcounter [-] [108342] Writer thread running {{(pid=108342) stat_writer /opt/stack/data/venv/lib/python3.12/site-packages/dbcounter.py:102}}
May 21 23:14:04.754523 np0000176049 devstack@n-api-meta.service[108343]: DEBUG nova.context [None req-62b379ba-2402-41a6-9ef7-f9a87cbac956 None None] Found 2 cells: 00000000-0000-0000-0000-000000000000(cell0),0b5d6665-9645-4d79-aedd-f4548821c3e0(cell1) {{(pid=108343) load_cells /opt/stack/nova/nova/context.py:509}}
May 21 23:14:04.754751 np0000176049 devstack@n-api-meta.service[108343]: INFO nova.utils [None req-62b379ba-2402-41a6-9ef7-f9a87cbac956 None None] The cell worker thread pool MainProcess.cell_worker is initialized
May 21 23:14:04.755354 np0000176049 devstack@n-api-meta.service[108341]: DEBUG nova.context [None req-b846e4f2-1620-40f5-bcc2-fe9530e6d894 None None] Found 2 cells: 00000000-0000-0000-0000-000000000000(cell0),0b5d6665-9645-4d79-aedd-f4548821c3e0(cell1) {{(pid=108341) load_cells /opt/stack/nova/nova/context.py:509}}
May 21 23:14:04.755606 np0000176049 devstack@n-api-meta.service[108341]: INFO nova.utils [None req-b846e4f2-1620-40f5-bcc2-fe9530e6d894 None None] The cell worker thread pool MainProcess.cell_worker is initialized
May 21 23:14:04.756155 np0000176049 devstack@n-api-meta.service[108344]: DEBUG oslo_db.sqlalchemy.engines [None req-e205ebc4-d792-422a-a7cb-d53562a833e1 None None] MySQL server mode set to STRICT_TRANS_TABLES,STRICT_ALL_TABLES,NO_ZERO_IN_DATE,NO_ZERO_DATE,ERROR_FOR_DIVISION_BY_ZERO,TRADITIONAL,NO_ENGINE_SUBSTITUTION {{(pid=108344) _check_effective_sql_mode /opt/stack/data/venv/lib/python3.12/site-packages/oslo_db/sqlalchemy/engines.py:325}}
May 21 23:14:04.756478 np0000176049 devstack@n-api-meta.service[108342]: DEBUG nova.context [None req-7c139ade-f4dd-428d-a58e-e3587ab88eb1 None None] Found 2 cells: 00000000-0000-0000-0000-000000000000(cell0),0b5d6665-9645-4d79-aedd-f4548821c3e0(cell1) {{(pid=108342) load_cells /opt/stack/nova/nova/context.py:509}}
May 21 23:14:04.756759 np0000176049 devstack@n-api-meta.service[108343]: DEBUG oslo_concurrency.lockutils [None req-62b379ba-2402-41a6-9ef7-f9a87cbac956 None None] Acquiring lock "00000000-0000-0000-0000-000000000000" by "nova.context.set_target_cell..get_or_set_cached_cell_and_set_connections" {{(pid=108343) inner /opt/stack/data/venv/lib/python3.12/site-packages/oslo_concurrency/lockutils.py:511}}
May 21 23:14:04.756804 np0000176049 devstack@n-api-meta.service[108342]: INFO nova.utils [None req-7c139ade-f4dd-428d-a58e-e3587ab88eb1 None None] The cell worker thread pool MainProcess.cell_worker is initialized
May 21 23:14:04.756939 np0000176049 devstack@n-api-meta.service[108343]: DEBUG oslo_concurrency.lockutils [None req-62b379ba-2402-41a6-9ef7-f9a87cbac956 None None] Lock "00000000-0000-0000-0000-000000000000" acquired by "nova.context.set_target_cell..get_or_set_cached_cell_and_set_connections" :: waited 0.000s {{(pid=108343) inner /opt/stack/data/venv/lib/python3.12/site-packages/oslo_concurrency/lockutils.py:524}}
May 21 23:14:04.757365 np0000176049 devstack@n-api-meta.service[108343]: DEBUG oslo_concurrency.lockutils [None req-62b379ba-2402-41a6-9ef7-f9a87cbac956 None None] Lock "00000000-0000-0000-0000-000000000000" "released" by "nova.context.set_target_cell..get_or_set_cached_cell_and_set_connections" :: held 0.000s {{(pid=108343) inner /opt/stack/data/venv/lib/python3.12/site-packages/oslo_concurrency/lockutils.py:543}}
May 21 23:14:04.757502 np0000176049 devstack@n-api-meta.service[108341]: DEBUG oslo_concurrency.lockutils [None req-b846e4f2-1620-40f5-bcc2-fe9530e6d894 None None] Acquiring lock "00000000-0000-0000-0000-000000000000" by "nova.context.set_target_cell..get_or_set_cached_cell_and_set_connections" {{(pid=108341) inner /opt/stack/data/venv/lib/python3.12/site-packages/oslo_concurrency/lockutils.py:511}}
May 21 23:14:04.757575 np0000176049 devstack@n-api-meta.service[108341]: DEBUG oslo_concurrency.lockutils [None req-b846e4f2-1620-40f5-bcc2-fe9530e6d894 None None] Lock "00000000-0000-0000-0000-000000000000" acquired by "nova.context.set_target_cell..get_or_set_cached_cell_and_set_connections" :: waited 0.000s {{(pid=108341) inner /opt/stack/data/venv/lib/python3.12/site-packages/oslo_concurrency/lockutils.py:524}}
May 21 23:14:04.757913 np0000176049 devstack@n-api-meta.service[108341]: DEBUG oslo_concurrency.lockutils [None req-b846e4f2-1620-40f5-bcc2-fe9530e6d894 None None] Lock "00000000-0000-0000-0000-000000000000" "released" by "nova.context.set_target_cell..get_or_set_cached_cell_and_set_connections" :: held 0.000s {{(pid=108341) inner /opt/stack/data/venv/lib/python3.12/site-packages/oslo_concurrency/lockutils.py:543}}
May 21 23:14:04.758111 np0000176049 devstack@n-api-meta.service[108343]: DEBUG oslo_concurrency.lockutils [None req-62b379ba-2402-41a6-9ef7-f9a87cbac956 None None] Acquiring lock "0b5d6665-9645-4d79-aedd-f4548821c3e0" by "nova.context.set_target_cell..get_or_set_cached_cell_and_set_connections" {{(pid=108343) inner /opt/stack/data/venv/lib/python3.12/site-packages/oslo_concurrency/lockutils.py:511}}
May 21 23:14:04.758276 np0000176049 devstack@n-api-meta.service[108343]: DEBUG oslo_concurrency.lockutils [None req-62b379ba-2402-41a6-9ef7-f9a87cbac956 None None] Lock "0b5d6665-9645-4d79-aedd-f4548821c3e0" acquired by "nova.context.set_target_cell..get_or_set_cached_cell_and_set_connections" :: waited 0.000s {{(pid=108343) inner /opt/stack/data/venv/lib/python3.12/site-packages/oslo_concurrency/lockutils.py:524}}
May 21 23:14:04.758563 np0000176049 devstack@n-api-meta.service[108341]: DEBUG oslo_concurrency.lockutils [None req-b846e4f2-1620-40f5-bcc2-fe9530e6d894 None None] Acquiring lock "0b5d6665-9645-4d79-aedd-f4548821c3e0" by "nova.context.set_target_cell..get_or_set_cached_cell_and_set_connections" {{(pid=108341) inner /opt/stack/data/venv/lib/python3.12/site-packages/oslo_concurrency/lockutils.py:511}}
May 21 23:14:04.758696 np0000176049 devstack@n-api-meta.service[108341]: DEBUG oslo_concurrency.lockutils [None req-b846e4f2-1620-40f5-bcc2-fe9530e6d894 None None] Lock "0b5d6665-9645-4d79-aedd-f4548821c3e0" acquired by "nova.context.set_target_cell..get_or_set_cached_cell_and_set_connections" :: waited 0.000s {{(pid=108341) inner /opt/stack/data/venv/lib/python3.12/site-packages/oslo_concurrency/lockutils.py:524}}
May 21 23:14:04.758942 np0000176049 devstack@n-api-meta.service[108342]: DEBUG oslo_concurrency.lockutils [None req-7c139ade-f4dd-428d-a58e-e3587ab88eb1 None None] Acquiring lock "00000000-0000-0000-0000-000000000000" by "nova.context.set_target_cell..get_or_set_cached_cell_and_set_connections" {{(pid=108342) inner /opt/stack/data/venv/lib/python3.12/site-packages/oslo_concurrency/lockutils.py:511}}
May 21 23:14:04.759090 np0000176049 devstack@n-api-meta.service[108342]: DEBUG oslo_concurrency.lockutils [None req-7c139ade-f4dd-428d-a58e-e3587ab88eb1 None None] Lock "00000000-0000-0000-0000-000000000000" acquired by "nova.context.set_target_cell..get_or_set_cached_cell_and_set_connections" :: waited 0.000s {{(pid=108342) inner /opt/stack/data/venv/lib/python3.12/site-packages/oslo_concurrency/lockutils.py:524}}
May 21 23:14:04.759191 np0000176049 devstack@n-api-meta.service[108343]: DEBUG oslo_concurrency.lockutils [None req-62b379ba-2402-41a6-9ef7-f9a87cbac956 None None] Lock "0b5d6665-9645-4d79-aedd-f4548821c3e0" "released" by "nova.context.set_target_cell..get_or_set_cached_cell_and_set_connections" :: held 0.001s {{(pid=108343) inner /opt/stack/data/venv/lib/python3.12/site-packages/oslo_concurrency/lockutils.py:543}}
May 21 23:14:04.759547 np0000176049 devstack@n-api-meta.service[108341]: DEBUG oslo_concurrency.lockutils [None req-b846e4f2-1620-40f5-bcc2-fe9530e6d894 None None] Lock "0b5d6665-9645-4d79-aedd-f4548821c3e0" "released" by "nova.context.set_target_cell..get_or_set_cached_cell_and_set_connections" :: held 0.001s {{(pid=108341) inner /opt/stack/data/venv/lib/python3.12/site-packages/oslo_concurrency/lockutils.py:543}}
May 21 23:14:04.759694 np0000176049 devstack@n-api-meta.service[108342]: DEBUG oslo_concurrency.lockutils [None req-7c139ade-f4dd-428d-a58e-e3587ab88eb1 None None] Lock "00000000-0000-0000-0000-000000000000" "released" by "nova.context.set_target_cell..get_or_set_cached_cell_and_set_connections" :: held 0.000s {{(pid=108342) inner /opt/stack/data/venv/lib/python3.12/site-packages/oslo_concurrency/lockutils.py:543}}
May 21 23:14:04.760636 np0000176049 devstack@n-api-meta.service[108342]: DEBUG oslo_concurrency.lockutils [None req-7c139ade-f4dd-428d-a58e-e3587ab88eb1 None None] Acquiring lock "0b5d6665-9645-4d79-aedd-f4548821c3e0" by "nova.context.set_target_cell..get_or_set_cached_cell_and_set_connections" {{(pid=108342) inner /opt/stack/data/venv/lib/python3.12/site-packages/oslo_concurrency/lockutils.py:511}}
May 21 23:14:04.760837 np0000176049 devstack@n-api-meta.service[108342]: DEBUG oslo_concurrency.lockutils [None req-7c139ade-f4dd-428d-a58e-e3587ab88eb1 None None] Lock "0b5d6665-9645-4d79-aedd-f4548821c3e0" acquired by "nova.context.set_target_cell..get_or_set_cached_cell_and_set_connections" :: waited 0.000s {{(pid=108342) inner /opt/stack/data/venv/lib/python3.12/site-packages/oslo_concurrency/lockutils.py:524}}
May 21 23:14:04.761974 np0000176049 devstack@n-api-meta.service[108342]: DEBUG oslo_concurrency.lockutils [None req-7c139ade-f4dd-428d-a58e-e3587ab88eb1 None None] Lock "0b5d6665-9645-4d79-aedd-f4548821c3e0" "released" by "nova.context.set_target_cell..get_or_set_cached_cell_and_set_connections" :: held 0.001s {{(pid=108342) inner /opt/stack/data/venv/lib/python3.12/site-packages/oslo_concurrency/lockutils.py:543}}
May 21 23:14:04.762258 np0000176049 devstack@n-api-meta.service[108341]: INFO dbcounter [None req-b846e4f2-1620-40f5-bcc2-fe9530e6d894 None None] Registered counter for database nova_cell0
May 21 23:14:04.762722 np0000176049 devstack@n-api-meta.service[108343]: INFO dbcounter [None req-62b379ba-2402-41a6-9ef7-f9a87cbac956 None None] Registered counter for database nova_cell0
May 21 23:14:04.764389 np0000176049 devstack@n-api-meta.service[108342]: INFO dbcounter [None req-7c139ade-f4dd-428d-a58e-e3587ab88eb1 None None] Registered counter for database nova_cell0
May 21 23:14:04.769458 np0000176049 devstack@n-api-meta.service[108341]: INFO dbcounter [None req-b846e4f2-1620-40f5-bcc2-fe9530e6d894 None None] Registered counter for database nova_cell1
May 21 23:14:04.769545 np0000176049 devstack@n-api-meta.service[108343]: INFO dbcounter [None req-62b379ba-2402-41a6-9ef7-f9a87cbac956 None None] Registered counter for database nova_cell1
May 21 23:14:04.769595 np0000176049 devstack@n-api-meta.service[108342]: INFO dbcounter [None req-7c139ade-f4dd-428d-a58e-e3587ab88eb1 None None] Registered counter for database nova_cell1
May 21 23:14:04.777708 np0000176049 devstack@n-api-meta.service[108341]: DEBUG oslo_db.sqlalchemy.engines [None req-b846e4f2-1620-40f5-bcc2-fe9530e6d894 None None] MySQL server mode set to STRICT_TRANS_TABLES,STRICT_ALL_TABLES,NO_ZERO_IN_DATE,NO_ZERO_DATE,ERROR_FOR_DIVISION_BY_ZERO,TRADITIONAL,NO_ENGINE_SUBSTITUTION {{(pid=108341) _check_effective_sql_mode /opt/stack/data/venv/lib/python3.12/site-packages/oslo_db/sqlalchemy/engines.py:325}}
May 21 23:14:04.788931 np0000176049 devstack@n-api-meta.service[108342]: DEBUG oslo_db.sqlalchemy.engines [None req-7c139ade-f4dd-428d-a58e-e3587ab88eb1 None None] MySQL server mode set to STRICT_TRANS_TABLES,STRICT_ALL_TABLES,NO_ZERO_IN_DATE,NO_ZERO_DATE,ERROR_FOR_DIVISION_BY_ZERO,TRADITIONAL,NO_ENGINE_SUBSTITUTION {{(pid=108342) _check_effective_sql_mode /opt/stack/data/venv/lib/python3.12/site-packages/oslo_db/sqlalchemy/engines.py:325}}
May 21 23:14:04.789057 np0000176049 devstack@n-api-meta.service[108341]: DEBUG oslo_db.sqlalchemy.engines [None req-b846e4f2-1620-40f5-bcc2-fe9530e6d894 None None] MySQL server mode set to STRICT_TRANS_TABLES,STRICT_ALL_TABLES,NO_ZERO_IN_DATE,NO_ZERO_DATE,ERROR_FOR_DIVISION_BY_ZERO,TRADITIONAL,NO_ENGINE_SUBSTITUTION {{(pid=108341) _check_effective_sql_mode /opt/stack/data/venv/lib/python3.12/site-packages/oslo_db/sqlalchemy/engines.py:325}}
May 21 23:14:04.800958 np0000176049 devstack@n-api-meta.service[108343]: DEBUG oslo_db.sqlalchemy.engines [None req-62b379ba-2402-41a6-9ef7-f9a87cbac956 None None] MySQL server mode set to STRICT_TRANS_TABLES,STRICT_ALL_TABLES,NO_ZERO_IN_DATE,NO_ZERO_DATE,ERROR_FOR_DIVISION_BY_ZERO,TRADITIONAL,NO_ENGINE_SUBSTITUTION {{(pid=108343) _check_effective_sql_mode /opt/stack/data/venv/lib/python3.12/site-packages/oslo_db/sqlalchemy/engines.py:325}}
May 21 23:14:04.801067 np0000176049 devstack@n-api-meta.service[108342]: DEBUG oslo_db.sqlalchemy.engines [None req-7c139ade-f4dd-428d-a58e-e3587ab88eb1 None None] MySQL server mode set to STRICT_TRANS_TABLES,STRICT_ALL_TABLES,NO_ZERO_IN_DATE,NO_ZERO_DATE,ERROR_FOR_DIVISION_BY_ZERO,TRADITIONAL,NO_ENGINE_SUBSTITUTION {{(pid=108342) _check_effective_sql_mode /opt/stack/data/venv/lib/python3.12/site-packages/oslo_db/sqlalchemy/engines.py:325}}
May 21 23:14:04.805774 np0000176049 devstack@n-api-meta.service[108343]: DEBUG oslo_db.sqlalchemy.engines [None req-62b379ba-2402-41a6-9ef7-f9a87cbac956 None None] MySQL server mode set to STRICT_TRANS_TABLES,STRICT_ALL_TABLES,NO_ZERO_IN_DATE,NO_ZERO_DATE,ERROR_FOR_DIVISION_BY_ZERO,TRADITIONAL,NO_ENGINE_SUBSTITUTION {{(pid=108343) _check_effective_sql_mode /opt/stack/data/venv/lib/python3.12/site-packages/oslo_db/sqlalchemy/engines.py:325}}
May 21 23:14:04.852707 np0000176049 devstack@n-api-meta.service[108344]: DEBUG dbcounter [-] [108344] Writer thread running {{(pid=108344) stat_writer /opt/stack/data/venv/lib/python3.12/site-packages/dbcounter.py:102}}
May 21 23:14:04.859904 np0000176049 devstack@n-api-meta.service[108344]: DEBUG dbcounter [-] [108344] Writer thread running {{(pid=108344) stat_writer /opt/stack/data/venv/lib/python3.12/site-packages/dbcounter.py:102}}
May 21 23:14:04.864418 np0000176049 devstack@n-api-meta.service[108344]: INFO dbcounter [None req-e205ebc4-d792-422a-a7cb-d53562a833e1 None None] Registered counter for database nova_cell0
May 21 23:14:04.878365 np0000176049 devstack@n-api-meta.service[108344]: DEBUG oslo_db.sqlalchemy.engines [None req-e205ebc4-d792-422a-a7cb-d53562a833e1 None None] MySQL server mode set to STRICT_TRANS_TABLES,STRICT_ALL_TABLES,NO_ZERO_IN_DATE,NO_ZERO_DATE,ERROR_FOR_DIVISION_BY_ZERO,TRADITIONAL,NO_ENGINE_SUBSTITUTION {{(pid=108344) _check_effective_sql_mode /opt/stack/data/venv/lib/python3.12/site-packages/oslo_db/sqlalchemy/engines.py:325}}
May 21 23:14:04.885163 np0000176049 devstack@n-api-meta.service[108341]: DEBUG dbcounter [-] [108341] Writer thread running {{(pid=108341) stat_writer /opt/stack/data/venv/lib/python3.12/site-packages/dbcounter.py:102}}
May 21 23:14:04.886106 np0000176049 devstack@n-api-meta.service[108341]: DEBUG dbcounter [-] [108341] Writer thread running {{(pid=108341) stat_writer /opt/stack/data/venv/lib/python3.12/site-packages/dbcounter.py:102}}
May 21 23:14:04.888012 np0000176049 devstack@n-api-meta.service[108344]: DEBUG dbcounter [-] [108344] Writer thread running {{(pid=108344) stat_writer /opt/stack/data/venv/lib/python3.12/site-packages/dbcounter.py:102}}
May 21 23:14:04.891516 np0000176049 devstack@n-api-meta.service[108341]: INFO dbcounter [None req-b846e4f2-1620-40f5-bcc2-fe9530e6d894 None None] Registered counter for database nova_cell0
May 21 23:14:04.904392 np0000176049 devstack@n-api-meta.service[108341]: DEBUG oslo_db.sqlalchemy.engines [None req-b846e4f2-1620-40f5-bcc2-fe9530e6d894 None None] MySQL server mode set to STRICT_TRANS_TABLES,STRICT_ALL_TABLES,NO_ZERO_IN_DATE,NO_ZERO_DATE,ERROR_FOR_DIVISION_BY_ZERO,TRADITIONAL,NO_ENGINE_SUBSTITUTION {{(pid=108341) _check_effective_sql_mode /opt/stack/data/venv/lib/python3.12/site-packages/oslo_db/sqlalchemy/engines.py:325}}
May 21 23:14:04.919448 np0000176049 devstack@n-api-meta.service[108342]: DEBUG dbcounter [-] [108342] Writer thread running {{(pid=108342) stat_writer /opt/stack/data/venv/lib/python3.12/site-packages/dbcounter.py:102}}
May 21 23:14:04.919589 np0000176049 devstack@n-api-meta.service[108341]: DEBUG dbcounter [-] [108341] Writer thread running {{(pid=108341) stat_writer /opt/stack/data/venv/lib/python3.12/site-packages/dbcounter.py:102}}
May 21 23:14:04.923049 np0000176049 devstack@n-api-meta.service[108342]: DEBUG dbcounter [-] [108342] Writer thread running {{(pid=108342) stat_writer /opt/stack/data/venv/lib/python3.12/site-packages/dbcounter.py:102}}
May 21 23:14:04.926686 np0000176049 devstack@n-api-meta.service[108343]: DEBUG dbcounter [-] [108343] Writer thread running {{(pid=108343) stat_writer /opt/stack/data/venv/lib/python3.12/site-packages/dbcounter.py:102}}
May 21 23:14:04.927428 np0000176049 devstack@n-api-meta.service[108342]: INFO dbcounter [None req-7c139ade-f4dd-428d-a58e-e3587ab88eb1 None None] Registered counter for database nova_cell0
May 21 23:14:04.927533 np0000176049 devstack@n-api-meta.service[108343]: DEBUG dbcounter [-] [108343] Writer thread running {{(pid=108343) stat_writer /opt/stack/data/venv/lib/python3.12/site-packages/dbcounter.py:102}}
May 21 23:14:04.932442 np0000176049 devstack@n-api-meta.service[108343]: INFO dbcounter [None req-62b379ba-2402-41a6-9ef7-f9a87cbac956 None None] Registered counter for database nova_cell0
May 21 23:14:04.933243 np0000176049 devstack@n-api-meta.service[108344]: WARNING nova.api.metadata.handler [None req-e205ebc4-d792-422a-a7cb-d53562a833e1 None None] metadata_proxy_shared_secret is not configured, the metadata information returned by the proxy cannot be trusted
May 21 23:14:04.936431 np0000176049 devstack@n-api-meta.service[108344]: DEBUG nova.api.openstack.wsgi_app [None req-e205ebc4-d792-422a-a7cb-d53562a833e1 None None] ******************************************************************************** {{(pid=108344) log_opt_values /opt/stack/data/venv/lib/python3.12/site-packages/oslo_config/cfg.py:3229}}
May 21 23:14:04.936657 np0000176049 devstack@n-api-meta.service[108344]: DEBUG nova.api.openstack.wsgi_app [None req-e205ebc4-d792-422a-a7cb-d53562a833e1 None None] Configuration options gathered from: {{(pid=108344) log_opt_values /opt/stack/data/venv/lib/python3.12/site-packages/oslo_config/cfg.py:3230}}
May 21 23:14:04.936864 np0000176049 devstack@n-api-meta.service[108344]: DEBUG nova.api.openstack.wsgi_app [None req-e205ebc4-d792-422a-a7cb-d53562a833e1 None None] command line args: [] {{(pid=108344) log_opt_values /opt/stack/data/venv/lib/python3.12/site-packages/oslo_config/cfg.py:3231}}
May 21 23:14:04.937090 np0000176049 devstack@n-api-meta.service[108344]: DEBUG nova.api.openstack.wsgi_app [None req-e205ebc4-d792-422a-a7cb-d53562a833e1 None None] config files: ['/etc/nova/api-paste.ini', '/etc/nova/nova.conf'] {{(pid=108344) log_opt_values /opt/stack/data/venv/lib/python3.12/site-packages/oslo_config/cfg.py:3232}}
May 21 23:14:04.937207 np0000176049 devstack@n-api-meta.service[108342]: DEBUG oslo_db.sqlalchemy.engines [None req-7c139ade-f4dd-428d-a58e-e3587ab88eb1 None None] MySQL server mode set to STRICT_TRANS_TABLES,STRICT_ALL_TABLES,NO_ZERO_IN_DATE,NO_ZERO_DATE,ERROR_FOR_DIVISION_BY_ZERO,TRADITIONAL,NO_ENGINE_SUBSTITUTION {{(pid=108342) _check_effective_sql_mode /opt/stack/data/venv/lib/python3.12/site-packages/oslo_db/sqlalchemy/engines.py:325}}
May 21 23:14:04.937295 np0000176049 devstack@n-api-meta.service[108344]: DEBUG nova.api.openstack.wsgi_app [None req-e205ebc4-d792-422a-a7cb-d53562a833e1 None None] ================================================================================ {{(pid=108344) log_opt_values /opt/stack/data/venv/lib/python3.12/site-packages/oslo_config/cfg.py:3237}}
May 21 23:14:04.937586 np0000176049 devstack@n-api-meta.service[108344]: DEBUG nova.api.openstack.wsgi_app [None req-e205ebc4-d792-422a-a7cb-d53562a833e1 None None] allow_resize_to_same_host = True {{(pid=108344) log_opt_values /opt/stack/data/venv/lib/python3.12/site-packages/oslo_config/cfg.py:3245}}
May 21 23:14:04.937739 np0000176049 devstack@n-api-meta.service[108344]: DEBUG nova.api.openstack.wsgi_app [None req-e205ebc4-d792-422a-a7cb-d53562a833e1 None None] arq_binding_timeout = 300 {{(pid=108344) log_opt_values /opt/stack/data/venv/lib/python3.12/site-packages/oslo_config/cfg.py:3245}}
May 21 23:14:04.937872 np0000176049 devstack@n-api-meta.service[108344]: DEBUG nova.api.openstack.wsgi_app [None req-e205ebc4-d792-422a-a7cb-d53562a833e1 None None] block_device_allocate_retries = 60 {{(pid=108344) log_opt_values /opt/stack/data/venv/lib/python3.12/site-packages/oslo_config/cfg.py:3245}}
May 21 23:14:04.938019 np0000176049 devstack@n-api-meta.service[108344]: DEBUG nova.api.openstack.wsgi_app [None req-e205ebc4-d792-422a-a7cb-d53562a833e1 None None] block_device_allocate_retries_interval = 3 {{(pid=108344) log_opt_values /opt/stack/data/venv/lib/python3.12/site-packages/oslo_config/cfg.py:3245}}
May 21 23:14:04.938131 np0000176049 devstack@n-api-meta.service[108344]: DEBUG nova.api.openstack.wsgi_app [None req-e205ebc4-d792-422a-a7cb-d53562a833e1 None None] cell_worker_thread_pool_size = 5 {{(pid=108344) log_opt_values /opt/stack/data/venv/lib/python3.12/site-packages/oslo_config/cfg.py:3245}}
May 21 23:14:04.938280 np0000176049 devstack@n-api-meta.service[108344]: DEBUG nova.api.openstack.wsgi_app [None req-e205ebc4-d792-422a-a7cb-d53562a833e1 None None] cert = self.pem {{(pid=108344) log_opt_values /opt/stack/data/venv/lib/python3.12/site-packages/oslo_config/cfg.py:3245}}
May 21 23:14:04.938422 np0000176049 devstack@n-api-meta.service[108344]: DEBUG nova.api.openstack.wsgi_app [None req-e205ebc4-d792-422a-a7cb-d53562a833e1 None None] compute_driver = libvirt.LibvirtDriver {{(pid=108344) log_opt_values /opt/stack/data/venv/lib/python3.12/site-packages/oslo_config/cfg.py:3245}}
May 21 23:14:04.938558 np0000176049 devstack@n-api-meta.service[108344]: DEBUG nova.api.openstack.wsgi_app [None req-e205ebc4-d792-422a-a7cb-d53562a833e1 None None] compute_monitors = [] {{(pid=108344) log_opt_values /opt/stack/data/venv/lib/python3.12/site-packages/oslo_config/cfg.py:3245}}
May 21 23:14:04.938692 np0000176049 devstack@n-api-meta.service[108344]: DEBUG nova.api.openstack.wsgi_app [None req-e205ebc4-d792-422a-a7cb-d53562a833e1 None None] config_dir = [] {{(pid=108344) log_opt_values /opt/stack/data/venv/lib/python3.12/site-packages/oslo_config/cfg.py:3245}}
May 21 23:14:04.938833 np0000176049 devstack@n-api-meta.service[108344]: DEBUG nova.api.openstack.wsgi_app [None req-e205ebc4-d792-422a-a7cb-d53562a833e1 None None] config_drive_format = iso9660 {{(pid=108344) log_opt_values /opt/stack/data/venv/lib/python3.12/site-packages/oslo_config/cfg.py:3245}}
May 21 23:14:04.938941 np0000176049 devstack@n-api-meta.service[108344]: DEBUG nova.api.openstack.wsgi_app [None req-e205ebc4-d792-422a-a7cb-d53562a833e1 None None] config_file = ['/etc/nova/api-paste.ini', '/etc/nova/nova.conf'] {{(pid=108344) log_opt_values /opt/stack/data/venv/lib/python3.12/site-packages/oslo_config/cfg.py:3245}}
May 21 23:14:04.939101 np0000176049 devstack@n-api-meta.service[108344]: DEBUG nova.api.openstack.wsgi_app [None req-e205ebc4-d792-422a-a7cb-d53562a833e1 None None] config_source = [] {{(pid=108344) log_opt_values /opt/stack/data/venv/lib/python3.12/site-packages/oslo_config/cfg.py:3245}}
May 21 23:14:04.939238 np0000176049 devstack@n-api-meta.service[108344]: DEBUG nova.api.openstack.wsgi_app [None req-e205ebc4-d792-422a-a7cb-d53562a833e1 None None] console_host = np0000176049 {{(pid=108344) log_opt_values /opt/stack/data/venv/lib/python3.12/site-packages/oslo_config/cfg.py:3245}}
May 21 23:14:04.939374 np0000176049 devstack@n-api-meta.service[108344]: DEBUG nova.api.openstack.wsgi_app [None req-e205ebc4-d792-422a-a7cb-d53562a833e1 None None] control_exchange = nova {{(pid=108344) log_opt_values /opt/stack/data/venv/lib/python3.12/site-packages/oslo_config/cfg.py:3245}}
May 21 23:14:04.939529 np0000176049 devstack@n-api-meta.service[108344]: DEBUG nova.api.openstack.wsgi_app [None req-e205ebc4-d792-422a-a7cb-d53562a833e1 None None] cpu_allocation_ratio = None {{(pid=108344) log_opt_values /opt/stack/data/venv/lib/python3.12/site-packages/oslo_config/cfg.py:3245}}
May 21 23:14:04.939659 np0000176049 devstack@n-api-meta.service[108344]: DEBUG nova.api.openstack.wsgi_app [None req-e205ebc4-d792-422a-a7cb-d53562a833e1 None None] daemon = False {{(pid=108344) log_opt_values /opt/stack/data/venv/lib/python3.12/site-packages/oslo_config/cfg.py:3245}}
May 21 23:14:04.939795 np0000176049 devstack@n-api-meta.service[108344]: DEBUG nova.api.openstack.wsgi_app [None req-e205ebc4-d792-422a-a7cb-d53562a833e1 None None] debug = True {{(pid=108344) log_opt_values /opt/stack/data/venv/lib/python3.12/site-packages/oslo_config/cfg.py:3245}}
May 21 23:14:04.939930 np0000176049 devstack@n-api-meta.service[108344]: DEBUG nova.api.openstack.wsgi_app [None req-e205ebc4-d792-422a-a7cb-d53562a833e1 None None] default_access_ip_network_name = None {{(pid=108344) log_opt_values /opt/stack/data/venv/lib/python3.12/site-packages/oslo_config/cfg.py:3245}}
May 21 23:14:04.940067 np0000176049 devstack@n-api-meta.service[108344]: DEBUG nova.api.openstack.wsgi_app [None req-e205ebc4-d792-422a-a7cb-d53562a833e1 None None] default_availability_zone = nova {{(pid=108344) log_opt_values /opt/stack/data/venv/lib/python3.12/site-packages/oslo_config/cfg.py:3245}}
May 21 23:14:04.940198 np0000176049 devstack@n-api-meta.service[108344]: DEBUG nova.api.openstack.wsgi_app [None req-e205ebc4-d792-422a-a7cb-d53562a833e1 None None] default_ephemeral_format = ext4 {{(pid=108344) log_opt_values /opt/stack/data/venv/lib/python3.12/site-packages/oslo_config/cfg.py:3245}}
May 21 23:14:04.940329 np0000176049 devstack@n-api-meta.service[108344]: DEBUG nova.api.openstack.wsgi_app [None req-e205ebc4-d792-422a-a7cb-d53562a833e1 None None] default_green_pool_size = 1000 {{(pid=108344) log_opt_values /opt/stack/data/venv/lib/python3.12/site-packages/oslo_config/cfg.py:3245}}
May 21 23:14:04.940595 np0000176049 devstack@n-api-meta.service[108344]: DEBUG nova.api.openstack.wsgi_app [None req-e205ebc4-d792-422a-a7cb-d53562a833e1 None None] default_log_levels = ['amqp=WARN', 'boto=WARN', 'sqlalchemy=WARN', 'suds=INFO', 'oslo.messaging=INFO', 'oslo_messaging=INFO', 'iso8601=WARN', 'requests.packages.urllib3.connectionpool=WARN', 'urllib3.connectionpool=WARN', 'websocket=WARN', 'requests.packages.urllib3.util.retry=WARN', 'urllib3.util.retry=WARN', 'keystonemiddleware=WARN', 'routes.middleware=WARN', 'stevedore=WARN', 'taskflow=WARN', 'keystoneauth=WARN', 'oslo.cache=INFO', 'oslo_policy=INFO', 'dogpile.core.dogpile=INFO', 'glanceclient=WARN', 'oslo.privsep.daemon=INFO'] {{(pid=108344) log_opt_values /opt/stack/data/venv/lib/python3.12/site-packages/oslo_config/cfg.py:3245}}
May 21 23:14:04.940733 np0000176049 devstack@n-api-meta.service[108344]: DEBUG nova.api.openstack.wsgi_app [None req-e205ebc4-d792-422a-a7cb-d53562a833e1 None None] default_schedule_zone = None {{(pid=108344) log_opt_values /opt/stack/data/venv/lib/python3.12/site-packages/oslo_config/cfg.py:3245}}
May 21 23:14:04.940841 np0000176049 devstack@n-api-meta.service[108344]: DEBUG nova.api.openstack.wsgi_app [None req-e205ebc4-d792-422a-a7cb-d53562a833e1 None None] default_thread_pool_size = 10 {{(pid=108344) log_opt_values /opt/stack/data/venv/lib/python3.12/site-packages/oslo_config/cfg.py:3245}}
May 21 23:14:04.940965 np0000176049 devstack@n-api-meta.service[108344]: DEBUG nova.api.openstack.wsgi_app [None req-e205ebc4-d792-422a-a7cb-d53562a833e1 None None] disk_allocation_ratio = None {{(pid=108344) log_opt_values /opt/stack/data/venv/lib/python3.12/site-packages/oslo_config/cfg.py:3245}}
May 21 23:14:04.941094 np0000176049 devstack@n-api-meta.service[108344]: DEBUG nova.api.openstack.wsgi_app [None req-e205ebc4-d792-422a-a7cb-d53562a833e1 None None] enable_new_services = True {{(pid=108344) log_opt_values /opt/stack/data/venv/lib/python3.12/site-packages/oslo_config/cfg.py:3245}}
May 21 23:14:04.941221 np0000176049 devstack@n-api-meta.service[108344]: DEBUG nova.api.openstack.wsgi_app [None req-e205ebc4-d792-422a-a7cb-d53562a833e1 None None] flat_injected = False {{(pid=108344) log_opt_values /opt/stack/data/venv/lib/python3.12/site-packages/oslo_config/cfg.py:3245}}
May 21 23:14:04.941349 np0000176049 devstack@n-api-meta.service[108344]: DEBUG nova.api.openstack.wsgi_app [None req-e205ebc4-d792-422a-a7cb-d53562a833e1 None None] force_config_drive = False {{(pid=108344) log_opt_values /opt/stack/data/venv/lib/python3.12/site-packages/oslo_config/cfg.py:3245}}
May 21 23:14:04.941501 np0000176049 devstack@n-api-meta.service[108344]: DEBUG nova.api.openstack.wsgi_app [None req-e205ebc4-d792-422a-a7cb-d53562a833e1 None None] force_raw_images = True {{(pid=108344) log_opt_values /opt/stack/data/venv/lib/python3.12/site-packages/oslo_config/cfg.py:3245}}
May 21 23:14:04.941640 np0000176049 devstack@n-api-meta.service[108344]: DEBUG nova.api.openstack.wsgi_app [None req-e205ebc4-d792-422a-a7cb-d53562a833e1 None None] graceful_shutdown_timeout = 5 {{(pid=108344) log_opt_values /opt/stack/data/venv/lib/python3.12/site-packages/oslo_config/cfg.py:3245}}
May 21 23:14:04.941774 np0000176049 devstack@n-api-meta.service[108344]: DEBUG nova.api.openstack.wsgi_app [None req-e205ebc4-d792-422a-a7cb-d53562a833e1 None None] heal_instance_info_cache_interval = -1 {{(pid=108344) log_opt_values /opt/stack/data/venv/lib/python3.12/site-packages/oslo_config/cfg.py:3245}}
May 21 23:14:04.941951 np0000176049 devstack@n-api-meta.service[108344]: DEBUG nova.api.openstack.wsgi_app [None req-e205ebc4-d792-422a-a7cb-d53562a833e1 None None] host = np0000176049 {{(pid=108344) log_opt_values /opt/stack/data/venv/lib/python3.12/site-packages/oslo_config/cfg.py:3245}}
May 21 23:14:04.942095 np0000176049 devstack@n-api-meta.service[108344]: DEBUG nova.api.openstack.wsgi_app [None req-e205ebc4-d792-422a-a7cb-d53562a833e1 None None] initial_cpu_allocation_ratio = 4.0 {{(pid=108344) log_opt_values /opt/stack/data/venv/lib/python3.12/site-packages/oslo_config/cfg.py:3245}}
May 21 23:14:04.942227 np0000176049 devstack@n-api-meta.service[108344]: DEBUG nova.api.openstack.wsgi_app [None req-e205ebc4-d792-422a-a7cb-d53562a833e1 None None] initial_disk_allocation_ratio = 1.0 {{(pid=108344) log_opt_values /opt/stack/data/venv/lib/python3.12/site-packages/oslo_config/cfg.py:3245}}
May 21 23:14:04.942358 np0000176049 devstack@n-api-meta.service[108344]: DEBUG nova.api.openstack.wsgi_app [None req-e205ebc4-d792-422a-a7cb-d53562a833e1 None None] initial_ram_allocation_ratio = 1.0 {{(pid=108344) log_opt_values /opt/stack/data/venv/lib/python3.12/site-packages/oslo_config/cfg.py:3245}}
May 21 23:14:04.942553 np0000176049 devstack@n-api-meta.service[108344]: DEBUG nova.api.openstack.wsgi_app [None req-e205ebc4-d792-422a-a7cb-d53562a833e1 None None] injected_network_template = /opt/stack/nova/nova/virt/interfaces.template {{(pid=108344) log_opt_values /opt/stack/data/venv/lib/python3.12/site-packages/oslo_config/cfg.py:3245}}
May 21 23:14:04.942684 np0000176049 devstack@n-api-meta.service[108344]: DEBUG nova.api.openstack.wsgi_app [None req-e205ebc4-d792-422a-a7cb-d53562a833e1 None None] instance_build_timeout = 0 {{(pid=108344) log_opt_values /opt/stack/data/venv/lib/python3.12/site-packages/oslo_config/cfg.py:3245}}
May 21 23:14:04.942821 np0000176049 devstack@n-api-meta.service[108344]: DEBUG nova.api.openstack.wsgi_app [None req-e205ebc4-d792-422a-a7cb-d53562a833e1 None None] instance_delete_interval = 300 {{(pid=108344) log_opt_values /opt/stack/data/venv/lib/python3.12/site-packages/oslo_config/cfg.py:3245}}
May 21 23:14:04.942958 np0000176049 devstack@n-api-meta.service[108344]: DEBUG nova.api.openstack.wsgi_app [None req-e205ebc4-d792-422a-a7cb-d53562a833e1 None None] instance_format = [instance: %(uuid)s] {{(pid=108344) log_opt_values /opt/stack/data/venv/lib/python3.12/site-packages/oslo_config/cfg.py:3245}}
May 21 23:14:04.943087 np0000176049 devstack@n-api-meta.service[108344]: DEBUG nova.api.openstack.wsgi_app [None req-e205ebc4-d792-422a-a7cb-d53562a833e1 None None] instance_name_template = instance-%08x {{(pid=108344) log_opt_values /opt/stack/data/venv/lib/python3.12/site-packages/oslo_config/cfg.py:3245}}
May 21 23:14:04.943216 np0000176049 devstack@n-api-meta.service[108344]: DEBUG nova.api.openstack.wsgi_app [None req-e205ebc4-d792-422a-a7cb-d53562a833e1 None None] instance_usage_audit = False {{(pid=108344) log_opt_values /opt/stack/data/venv/lib/python3.12/site-packages/oslo_config/cfg.py:3245}}
May 21 23:14:04.943352 np0000176049 devstack@n-api-meta.service[108344]: DEBUG nova.api.openstack.wsgi_app [None req-e205ebc4-d792-422a-a7cb-d53562a833e1 None None] instance_usage_audit_period = month {{(pid=108344) log_opt_values /opt/stack/data/venv/lib/python3.12/site-packages/oslo_config/cfg.py:3245}}
May 21 23:14:04.943504 np0000176049 devstack@n-api-meta.service[108344]: DEBUG nova.api.openstack.wsgi_app [None req-e205ebc4-d792-422a-a7cb-d53562a833e1 None None] instance_uuid_format = [instance: %(uuid)s] {{(pid=108344) log_opt_values /opt/stack/data/venv/lib/python3.12/site-packages/oslo_config/cfg.py:3245}}
May 21 23:14:04.943638 np0000176049 devstack@n-api-meta.service[108344]: DEBUG nova.api.openstack.wsgi_app [None req-e205ebc4-d792-422a-a7cb-d53562a833e1 None None] instances_path = /opt/stack/data/nova/instances {{(pid=108344) log_opt_values /opt/stack/data/venv/lib/python3.12/site-packages/oslo_config/cfg.py:3245}}
May 21 23:14:04.943788 np0000176049 devstack@n-api-meta.service[108344]: DEBUG nova.api.openstack.wsgi_app [None req-e205ebc4-d792-422a-a7cb-d53562a833e1 None None] internal_service_availability_zone = internal {{(pid=108344) log_opt_values /opt/stack/data/venv/lib/python3.12/site-packages/oslo_config/cfg.py:3245}}
May 21 23:14:04.943913 np0000176049 devstack@n-api-meta.service[108344]: DEBUG nova.api.openstack.wsgi_app [None req-e205ebc4-d792-422a-a7cb-d53562a833e1 None None] key = None {{(pid=108344) log_opt_values /opt/stack/data/venv/lib/python3.12/site-packages/oslo_config/cfg.py:3245}}
May 21 23:14:04.944040 np0000176049 devstack@n-api-meta.service[108344]: DEBUG nova.api.openstack.wsgi_app [None req-e205ebc4-d792-422a-a7cb-d53562a833e1 None None] live_migration_retry_count = 30 {{(pid=108344) log_opt_values /opt/stack/data/venv/lib/python3.12/site-packages/oslo_config/cfg.py:3245}}
May 21 23:14:04.944175 np0000176049 devstack@n-api-meta.service[108344]: DEBUG nova.api.openstack.wsgi_app [None req-e205ebc4-d792-422a-a7cb-d53562a833e1 None None] log_color = False {{(pid=108344) log_opt_values /opt/stack/data/venv/lib/python3.12/site-packages/oslo_config/cfg.py:3245}}
May 21 23:14:04.944308 np0000176049 devstack@n-api-meta.service[108344]: DEBUG nova.api.openstack.wsgi_app [None req-e205ebc4-d792-422a-a7cb-d53562a833e1 None None] log_config_append = None {{(pid=108344) log_opt_values /opt/stack/data/venv/lib/python3.12/site-packages/oslo_config/cfg.py:3245}}
May 21 23:14:04.944466 np0000176049 devstack@n-api-meta.service[108344]: DEBUG nova.api.openstack.wsgi_app [None req-e205ebc4-d792-422a-a7cb-d53562a833e1 None None] log_date_format = %Y-%m-%d %H:%M:%S {{(pid=108344) log_opt_values /opt/stack/data/venv/lib/python3.12/site-packages/oslo_config/cfg.py:3245}}
May 21 23:14:04.944640 np0000176049 devstack@n-api-meta.service[108344]: DEBUG nova.api.openstack.wsgi_app [None req-e205ebc4-d792-422a-a7cb-d53562a833e1 None None] log_dir = None {{(pid=108344) log_opt_values /opt/stack/data/venv/lib/python3.12/site-packages/oslo_config/cfg.py:3245}}
May 21 23:14:04.944698 np0000176049 devstack@n-api-meta.service[108343]: DEBUG oslo_db.sqlalchemy.engines [None req-62b379ba-2402-41a6-9ef7-f9a87cbac956 None None] MySQL server mode set to STRICT_TRANS_TABLES,STRICT_ALL_TABLES,NO_ZERO_IN_DATE,NO_ZERO_DATE,ERROR_FOR_DIVISION_BY_ZERO,TRADITIONAL,NO_ENGINE_SUBSTITUTION {{(pid=108343) _check_effective_sql_mode /opt/stack/data/venv/lib/python3.12/site-packages/oslo_db/sqlalchemy/engines.py:325}}
May 21 23:14:04.944771 np0000176049 devstack@n-api-meta.service[108344]: DEBUG nova.api.openstack.wsgi_app [None req-e205ebc4-d792-422a-a7cb-d53562a833e1 None None] log_file = None {{(pid=108344) log_opt_values /opt/stack/data/venv/lib/python3.12/site-packages/oslo_config/cfg.py:3245}}
May 21 23:14:04.944871 np0000176049 devstack@n-api-meta.service[108344]: DEBUG nova.api.openstack.wsgi_app [None req-e205ebc4-d792-422a-a7cb-d53562a833e1 None None] log_options = True {{(pid=108344) log_opt_values /opt/stack/data/venv/lib/python3.12/site-packages/oslo_config/cfg.py:3245}}
May 21 23:14:04.945001 np0000176049 devstack@n-api-meta.service[108344]: DEBUG nova.api.openstack.wsgi_app [None req-e205ebc4-d792-422a-a7cb-d53562a833e1 None None] log_rotate_interval = 1 {{(pid=108344) log_opt_values /opt/stack/data/venv/lib/python3.12/site-packages/oslo_config/cfg.py:3245}}
May 21 23:14:04.945132 np0000176049 devstack@n-api-meta.service[108342]: DEBUG dbcounter [-] [108342] Writer thread running {{(pid=108342) stat_writer /opt/stack/data/venv/lib/python3.12/site-packages/dbcounter.py:102}}
May 21 23:14:04.945175 np0000176049 devstack@n-api-meta.service[108344]: DEBUG nova.api.openstack.wsgi_app [None req-e205ebc4-d792-422a-a7cb-d53562a833e1 None None] log_rotate_interval_type = days {{(pid=108344) log_opt_values /opt/stack/data/venv/lib/python3.12/site-packages/oslo_config/cfg.py:3245}}
May 21 23:14:04.945269 np0000176049 devstack@n-api-meta.service[108344]: DEBUG nova.api.openstack.wsgi_app [None req-e205ebc4-d792-422a-a7cb-d53562a833e1 None None] log_rotation_type = none {{(pid=108344) log_opt_values /opt/stack/data/venv/lib/python3.12/site-packages/oslo_config/cfg.py:3245}}
May 21 23:14:04.945380 np0000176049 devstack@n-api-meta.service[108344]: DEBUG nova.api.openstack.wsgi_app [None req-e205ebc4-d792-422a-a7cb-d53562a833e1 None None] logging_context_format_string = %(color)s%(levelname)s %(name)s [%(global_request_id)s %(request_id)s %(project_name)s %(user_name)s%(color)s] %(instance)s%(color)s%(message)s {{(pid=108344) log_opt_values /opt/stack/data/venv/lib/python3.12/site-packages/oslo_config/cfg.py:3245}}
May 21 23:14:04.945504 np0000176049 devstack@n-api-meta.service[108344]: DEBUG nova.api.openstack.wsgi_app [None req-e205ebc4-d792-422a-a7cb-d53562a833e1 None None] logging_debug_format_suffix = {{(pid=%(process)d) %(funcName)s %(pathname)s:%(lineno)d}} {{(pid=108344) log_opt_values /opt/stack/data/venv/lib/python3.12/site-packages/oslo_config/cfg.py:3245}}
