2026-06-03 01:09:42.103 10 INFO neutron.wsgi [None req-26127b91-4fa1-404d-a185-ee331931f927 3f4f27b2bf594f46b753f0eeb54bfae5 63bcbe22be7b4125bcf045a72c2c9d50 - - default default] 10.0.0.22 "GET /v2.0/ports?tags=red HTTP/1.1" status: 200 len: 2448 time: 0.2282104
2026-06-03 01:09:42.165 9 INFO neutron.wsgi [None req-7545bf4d-3683-4b85-8af0-a33e13df7c3b 7c551abc215d4a7aa64089358a3ea675 3d70adec2e0f4574a467af2de14bc825 - - default default] 10.0.0.22 "PUT /v2.0/subnets/b205e6f3-1277-438f-972b-06a92c2e6c12/tags HTTP/1.1" status: 200 len: 227 time: 0.0633209
2026-06-03 01:09:42.169 10 INFO neutron.wsgi [None req-ce07f7f6-06db-4a77-988f-2458e062b74e 3f4f27b2bf594f46b753f0eeb54bfae5 63bcbe22be7b4125bcf045a72c2c9d50 - - default default] 10.0.0.22 "GET /v2.0/ports?tags=red%2Cblue HTTP/1.1" status: 200 len: 1708 time: 0.0605149
2026-06-03 01:09:42.242 10 INFO neutron.db.ovn_revision_numbers_db [None req-549e8595-01fb-47d0-9a1d-51799b831047 a2c78cabff1f49d394cdc774da803f1f b7cf0cf2248a460c822a2e34d6e4a317 - - default default] Successfully bumped revision number for resource ee41bc58-433d-4090-ae03-1bc76482463f (type: security_groups) to 1
2026-06-03 01:09:42.263 10 INFO neutron.db.ovn_revision_numbers_db [None req-549e8595-01fb-47d0-9a1d-51799b831047 a2c78cabff1f49d394cdc774da803f1f b7cf0cf2248a460c822a2e34d6e4a317 - - default default] Successfully bumped revision number for resource 56c9a044-90b9-46bf-bdae-4f9afa3bad19 (type: security_group_rules) to 0
2026-06-03 01:09:42.277 9 INFO neutron.wsgi [None req-8a7e3e45-0ea7-41b1-8a02-aa822d5116ae 7c551abc215d4a7aa64089358a3ea675 3d70adec2e0f4574a467af2de14bc825 - - default default] 10.0.0.22 "PUT /v2.0/subnets/20102e51-af2c-4e0b-9f38-8f5ff8f0184a/tags HTTP/1.1" status: 200 len: 212 time: 0.1082265
2026-06-03 01:09:42.295 10 INFO neutron.wsgi [None req-bd32eda7-40b6-4cf5-95fa-47474e8a02ec a2c78cabff1f49d394cdc774da803f1f b7cf0cf2248a460c822a2e34d6e4a317 - - default default] 10.0.0.173 "GET /v2.0/security-groups HTTP/1.1" status: 200 len: 37528 time: 0.1202257
2026-06-03 01:09:42.355 10 INFO neutron.db.ovn_revision_numbers_db [None req-549e8595-01fb-47d0-9a1d-51799b831047 a2c78cabff1f49d394cdc774da803f1f b7cf0cf2248a460c822a2e34d6e4a317 - - default default] Successfully bumped revision number for resource ba79785b-747b-443e-90d7-0c613ce6d1d8 (type: security_group_rules) to 0
2026-06-03 01:09:42.380 9 INFO neutron.wsgi [None req-a85b18cb-9113-41c4-aaa2-fd9da5ef2a52 3f4f27b2bf594f46b753f0eeb54bfae5 63bcbe22be7b4125bcf045a72c2c9d50 - - default default] 10.0.0.22 "GET /v2.0/ports?tags-any=blue HTTP/1.1" status: 200 len: 1708 time: 0.2004051
2026-06-03 01:09:42.396 9 INFO neutron.wsgi [None req-a079f2e0-4abe-47fe-9510-b15ae540a27c 7c551abc215d4a7aa64089358a3ea675 3d70adec2e0f4574a467af2de14bc825 - - default default] 10.0.0.22 "GET /v2.0/subnets?tags=red HTTP/1.1" status: 200 len: 2027 time: 0.1131251
2026-06-03 01:09:42.414 10 INFO neutron.db.ovn_revision_numbers_db [None req-549e8595-01fb-47d0-9a1d-51799b831047 a2c78cabff1f49d394cdc774da803f1f b7cf0cf2248a460c822a2e34d6e4a317 - - default default] Successfully bumped revision number for resource eac28c08-ce63-41cc-a1e6-9d7d4a31497f (type: security_group_rules) to 0
2026-06-03 01:09:42.466 9 INFO neutron.wsgi [None req-61b0a268-5b90-47e2-9f27-81e185e1e821 7c551abc215d4a7aa64089358a3ea675 3d70adec2e0f4574a467af2de14bc825 - - default default] 10.0.0.22 "GET /v2.0/subnets?tags=red%2Cblue HTTP/1.1" status: 200 len: 1430 time: 0.0631731
2026-06-03 01:09:42.495 10 INFO neutron.db.ovn_revision_numbers_db [None req-549e8595-01fb-47d0-9a1d-51799b831047 a2c78cabff1f49d394cdc774da803f1f b7cf0cf2248a460c822a2e34d6e4a317 - - default default] Successfully bumped revision number for resource f7b2c38a-022f-4d59-99c3-fb47d82642f7 (type: security_group_rules) to 0
2026-06-03 01:09:42.560 10 INFO neutron.wsgi [None req-f1b2713d-e5f2-4b66-bc5b-e38ffd4bd6af a2c78cabff1f49d394cdc774da803f1f b7cf0cf2248a460c822a2e34d6e4a317 - - default default] 10.0.0.173 "GET /v2.0/networks HTTP/1.1" status: 200 len: 11974 time: 0.2496974
2026-06-03 01:09:42.562 9 INFO neutron.wsgi [None req-7835df1b-7691-47d6-8975-5b47d0ee0695 7c551abc215d4a7aa64089358a3ea675 3d70adec2e0f4574a467af2de14bc825 - - default default] 10.0.0.22 "GET /v2.0/subnets?tags-any=blue HTTP/1.1" status: 200 len: 1430 time: 0.0788593
2026-06-03 01:09:42.581 10 INFO neutron.wsgi [None req-1aa4ad10-d26e-4acc-bc92-b2f75143ae32 3f4f27b2bf594f46b753f0eeb54bfae5 63bcbe22be7b4125bcf045a72c2c9d50 - - default default] 10.0.0.22 "GET /v2.0/ports?tags-any=red%2Cblue HTTP/1.1" status: 200 len: 2448 time: 0.1801047
2026-06-03 01:09:42.604 10 INFO neutron.wsgi [None req-549e8595-01fb-47d0-9a1d-51799b831047 a2c78cabff1f49d394cdc774da803f1f b7cf0cf2248a460c822a2e34d6e4a317 - - default default] 10.0.0.22 "GET /v2.0/security-groups?tenant_id=2606399b3f0d4e5485b25d323e1d8fb3&name=default HTTP/1.1" status: 200 len: 3120 time: 0.7637501
2026-06-03 01:09:42.679 10 INFO neutron.wsgi [None req-58f341ae-6364-4717-9d89-3f89fee7821e a2c78cabff1f49d394cdc774da803f1f b7cf0cf2248a460c822a2e34d6e4a317 - - default default] 10.0.0.173 "GET /v2.0/subnets HTTP/1.1" status: 200 len: 8602 time: 0.0966420
2026-06-03 01:09:42.832 10 INFO neutron.wsgi [None req-43db87d2-d603-4ac4-942f-3a8e78856a5e a2c78cabff1f49d394cdc774da803f1f b7cf0cf2248a460c822a2e34d6e4a317 - - default default] 10.0.0.173 "GET /v2.0/ports HTTP/1.1" status: 200 len: 31549 time: 0.1487081
2026-06-03 01:09:42.999 9 INFO neutron.wsgi [None req-0d6429bf-6838-452e-86e2-ab649596a2a1 7c551abc215d4a7aa64089358a3ea675 3d70adec2e0f4574a467af2de14bc825 - - default default] 10.0.0.22 "GET /v2.0/subnets?tags-any=red%2Cblue HTTP/1.1" status: 200 len: 2027 time: 0.4295619
2026-06-03 01:09:43.074 9 INFO neutron.wsgi [None req-9b746b43-22bf-4e2e-8bd7-388ad26ce431 7c551abc215d4a7aa64089358a3ea675 3d70adec2e0f4574a467af2de14bc825 - - default default] 10.0.0.22 "GET /v2.0/subnets?not-tags=red HTTP/1.1" status: 200 len: 2018 time: 0.0677459
2026-06-03 01:09:43.179 10 INFO neutron.wsgi [None req-65bf6b7a-fdff-4e6d-a420-50f218616d75 e66e1d4db5384de6a0c681f88ecdafb5 04c4ae2e671642e4bf28dc4d4a1a0b40 - - default default] 10.0.0.22 "GET /v2.0/subnets/b8b02666-1bd5-4e39-89d6-747121e385bd HTTP/1.1" status: 200 len: 846 time: 0.3411944
2026-06-03 01:09:43.192 9 INFO neutron.wsgi [None req-2b011106-fdcc-4644-9c93-43ad82d7584a 7c551abc215d4a7aa64089358a3ea675 3d70adec2e0f4574a467af2de14bc825 - - default default] 10.0.0.22 "GET /v2.0/subnets?not-tags=red%2Cblue HTTP/1.1" status: 200 len: 2615 time: 0.1116288
2026-06-03 01:09:43.251 9 INFO neutron.wsgi [None req-a66228db-fd1d-4ab9-9506-3125bcf49fe4 3f4f27b2bf594f46b753f0eeb54bfae5 63bcbe22be7b4125bcf045a72c2c9d50 - - default default] 10.0.0.22 "GET /v2.0/ports?not-tags=red HTTP/1.1" status: 200 len: 5463 time: 0.6646357
2026-06-03 01:09:43.264 9 INFO neutron.wsgi [None req-b25c2296-e513-4d86-ba19-88a0c90839fd 7c551abc215d4a7aa64089358a3ea675 3d70adec2e0f4574a467af2de14bc825 - - default default] 10.0.0.22 "GET /v2.0/subnets?not-tags-any=blue HTTP/1.1" status: 200 len: 2615 time: 0.0658078
2026-06-03 01:09:43.322 9 INFO neutron.wsgi [None req-108e766a-0be2-4fac-81de-6cfe82605a49 7c551abc215d4a7aa64089358a3ea675 3d70adec2e0f4574a467af2de14bc825 - - default default] 10.0.0.22 "GET /v2.0/subnets?not-tags-any=red%2Cblue HTTP/1.1" status: 200 len: 2018 time: 0.0542033
2026-06-03 01:09:43.325 10 INFO neutron.wsgi [None req-6c4307e2-74c2-4a10-a895-98eb261c59f1 a2c78cabff1f49d394cdc774da803f1f b7cf0cf2248a460c822a2e34d6e4a317 - - default default] 10.0.0.173 "GET /v2.0/routers HTTP/1.1" status: 200 len: 1140 time: 0.4664173
2026-06-03 01:09:43.363 10 INFO neutron.wsgi [None req-331a488f-7a15-44c0-b30f-30f2c5e61a8c a2c78cabff1f49d394cdc774da803f1f b7cf0cf2248a460c822a2e34d6e4a317 - - default default] 10.0.0.173 "GET /v2.0/agents?binary=ovn-controller HTTP/1.1" status: 200 len: 591 time: 0.0354884
2026-06-03 01:09:43.470 10 INFO neutron.wsgi [None req-52662cc0-457a-490b-a80f-5f72bbc5c9b0 a2c78cabff1f49d394cdc774da803f1f b7cf0cf2248a460c822a2e34d6e4a317 - - default default] 10.0.0.173 "GET /v2.0/subnets HTTP/1.1" status: 200 len: 8602 time: 0.0881715
2026-06-03 01:09:43.499 10 INFO neutron.wsgi [None req-98152742-ee2d-4c1c-9780-3fb1f034b47d a2c78cabff1f49d394cdc774da803f1f b7cf0cf2248a460c822a2e34d6e4a317 - - default default] 10.0.0.173 "GET /v2.0/subnetpools HTTP/1.1" status: 200 len: 193 time: 0.0266073
2026-06-03 01:09:43.547 9 INFO neutron.wsgi [None req-6c654226-9d82-459a-b455-7f52c198be74 7c551abc215d4a7aa64089358a3ea675 3d70adec2e0f4574a467af2de14bc825 - - default default] 10.0.0.22 "DELETE /v2.0/subnets/714f9430-c126-4e12-bad3-d61889147e4b HTTP/1.1" status: 204 len: 168 time: 0.2154472
2026-06-03 01:09:43.570 10 INFO neutron.wsgi [None req-2b628071-def9-499c-82d6-683339fd6ebd 3f4f27b2bf594f46b753f0eeb54bfae5 63bcbe22be7b4125bcf045a72c2c9d50 - - default default] 10.0.0.22 "GET /v2.0/ports?not-tags=red%2Cblue HTTP/1.1" status: 200 len: 6203 time: 0.3105922
2026-06-03 01:09:43.594 10 INFO neutron.wsgi [None req-e99c0fbe-a0f1-44a2-ba80-24486ef7682e a2c78cabff1f49d394cdc774da803f1f b7cf0cf2248a460c822a2e34d6e4a317 - - default default] 10.0.0.173 "GET /v2.0/floatingips HTTP/1.1" status: 200 len: 1877 time: 0.0926437
2026-06-03 01:09:43.627 10 INFO neutron.wsgi [None req-f179515c-d643-43c3-8e4a-2037236bd54e a2c78cabff1f49d394cdc774da803f1f b7cf0cf2248a460c822a2e34d6e4a317 - - default default] 10.0.0.173 "GET /v2.0/agents HTTP/1.1" status: 200 len: 1390 time: 0.0313334
2026-06-03 01:09:43.658 10 INFO neutron.wsgi [None req-9b295f8f-362f-4b9d-8d30-e9324ddd2660 a2c78cabff1f49d394cdc774da803f1f b7cf0cf2248a460c822a2e34d6e4a317 - - default default] 10.0.0.22 "DELETE /v2.0/security-groups/ee41bc58-433d-4090-ae03-1bc76482463f HTTP/1.1" status: 204 len: 168 time: 1.0401099
2026-06-03 01:09:43.666 10 INFO neutron.wsgi [None req-4f76eaa0-0af3-4ed9-a837-3d597a767ccd a2c78cabff1f49d394cdc774da803f1f b7cf0cf2248a460c822a2e34d6e4a317 - - default default] 10.0.0.173 "GET /v2.0/network-ip-availabilities HTTP/1.1" status: 200 len: 6628 time: 0.0371475
2026-06-03 01:09:43.681 9 INFO neutron.wsgi [None req-af437868-f21c-4ff4-ae11-6fbb7eab4cbc 3f4f27b2bf594f46b753f0eeb54bfae5 63bcbe22be7b4125bcf045a72c2c9d50 - - default default] 10.0.0.22 "GET /v2.0/ports?not-tags-any=blue HTTP/1.1" status: 200 len: 6203 time: 0.1051550
2026-06-03 01:09:43.799 10 INFO neutron.wsgi [None req-65e6db23-5085-4bae-a25d-625d175d698c 3f4f27b2bf594f46b753f0eeb54bfae5 63bcbe22be7b4125bcf045a72c2c9d50 - - default default] 10.0.0.22 "GET /v2.0/ports?not-tags-any=red%2Cblue HTTP/1.1" status: 200 len: 5463 time: 0.1106119
2026-06-03 01:09:43.868 9 INFO neutron.wsgi [None req-8c9958f2-ebbe-4e62-bbde-347687b1aa28 7c551abc215d4a7aa64089358a3ea675 3d70adec2e0f4574a467af2de14bc825 - - default default] 10.0.0.22 "DELETE /v2.0/subnets/fbbf0a52-8d6f-4d44-9434-38f0c57dab80 HTTP/1.1" status: 204 len: 168 time: 0.3160748
2026-06-03 01:09:43.921 9 INFO neutron.db.ovn_revision_numbers_db [None req-fc63ef4d-aa1e-430a-ae08-1da703b745a8 a2c78cabff1f49d394cdc774da803f1f b7cf0cf2248a460c822a2e34d6e4a317 - - default default] Successfully bumped revision number for resource aeda211f-d59e-457b-bc3f-7e73d6899668 (type: security_groups) to 1
2026-06-03 01:09:43.932 9 INFO neutron.db.ovn_revision_numbers_db [None req-fc63ef4d-aa1e-430a-ae08-1da703b745a8 a2c78cabff1f49d394cdc774da803f1f b7cf0cf2248a460c822a2e34d6e4a317 - - default default] Successfully bumped revision number for resource 020889c3-d464-4ee7-bf15-316cd5057920 (type: security_group_rules) to 0
2026-06-03 01:09:43.946 9 INFO neutron.db.ovn_revision_numbers_db [None req-fc63ef4d-aa1e-430a-ae08-1da703b745a8 a2c78cabff1f49d394cdc774da803f1f b7cf0cf2248a460c822a2e34d6e4a317 - - default default] Successfully bumped revision number for resource 11db44cb-fc83-453f-bad8-c127b83df8af (type: security_group_rules) to 0
2026-06-03 01:09:43.960 9 INFO neutron.db.ovn_revision_numbers_db [None req-fc63ef4d-aa1e-430a-ae08-1da703b745a8 a2c78cabff1f49d394cdc774da803f1f b7cf0cf2248a460c822a2e34d6e4a317 - - default default] Successfully bumped revision number for resource c32e0c79-e2ee-438f-bdb5-3ddcee9089d1 (type: security_group_rules) to 0
2026-06-03 01:09:43.973 9 INFO neutron.db.ovn_revision_numbers_db [None req-fc63ef4d-aa1e-430a-ae08-1da703b745a8 a2c78cabff1f49d394cdc774da803f1f b7cf0cf2248a460c822a2e34d6e4a317 - - default default] Successfully bumped revision number for resource d0dfff75-5fa2-4d38-97ea-b99ec26081e6 (type: security_group_rules) to 0
2026-06-03 01:09:43.994 9 INFO neutron.wsgi [None req-fc63ef4d-aa1e-430a-ae08-1da703b745a8 a2c78cabff1f49d394cdc774da803f1f b7cf0cf2248a460c822a2e34d6e4a317 - - default default] 10.0.0.22 "GET /v2.0/security-groups?tenant_id=cb081d6ef65746bca7536d034f84acc0&name=default HTTP/1.1" status: 200 len: 3120 time: 0.2337196
2026-06-03 01:09:44.214 10 INFO neutron.wsgi [None req-d8d36ad8-d006-4d89-ba14-a6154352fc10 7c551abc215d4a7aa64089358a3ea675 3d70adec2e0f4574a467af2de14bc825 - - default default] 10.0.0.22 "DELETE /v2.0/subnets/b205e6f3-1277-438f-972b-06a92c2e6c12 HTTP/1.1" status: 204 len: 168 time: 0.3409240
2026-06-03 01:09:44.221 10 INFO neutron.wsgi [None req-4e913840-537f-4f67-b183-8a659be9c483 3f4f27b2bf594f46b753f0eeb54bfae5 63bcbe22be7b4125bcf045a72c2c9d50 - - default default] 10.0.0.22 "DELETE /v2.0/ports/b28d5852-1f9d-41e6-8db6-23385eb81bf8 HTTP/1.1" status: 204 len: 168 time: 0.4158301
2026-06-03 01:09:44.299 9 INFO neutron.wsgi [None req-928b7474-544c-48d1-9d39-cd33b0dde678 a2c78cabff1f49d394cdc774da803f1f b7cf0cf2248a460c822a2e34d6e4a317 - - default default] 10.0.0.64 "GET /v2.0/extensions/security-group HTTP/1.1" status: 200 len: 369 time: 0.1435282
2026-06-03 01:09:44.313 9 INFO neutron.wsgi [None req-2631d491-a5b5-4c2e-9522-602cc880ba46 a2c78cabff1f49d394cdc774da803f1f b7cf0cf2248a460c822a2e34d6e4a317 - - default default] 10.0.0.64 "GET /v2.0/extensions/dns-integration HTTP/1.1" status: 200 len: 371 time: 0.0055127
2026-06-03 01:09:44.329 9 INFO neutron.wsgi [None req-a2afe463-c145-46c0-83e2-f77d42e7914b a2c78cabff1f49d394cdc774da803f1f b7cf0cf2248a460c822a2e34d6e4a317 - - default default] 10.0.0.64 "GET /v2.0/extensions/qos HTTP/1.1" status: 200 len: 365 time: 0.0080841
2026-06-03 01:09:44.342 9 INFO neutron.wsgi [None req-53891935-8e04-4e59-9de8-17cb38c1e381 a2c78cabff1f49d394cdc774da803f1f b7cf0cf2248a460c822a2e34d6e4a317 - - default default] 10.0.0.64 "GET /v2.0/extensions/allowed-address-pairs HTTP/1.1" status: 200 len: 383 time: 0.0057683
2026-06-03 01:09:44.349 9 INFO neutron.wsgi [None req-3655abce-a9e9-4c0a-80ca-749312fbc16f a2c78cabff1f49d394cdc774da803f1f b7cf0cf2248a460c822a2e34d6e4a317 - - default default] 10.0.0.22 "DELETE /v2.0/security-groups/aeda211f-d59e-457b-bc3f-7e73d6899668 HTTP/1.1" status: 204 len: 168 time: 0.3469367
2026-06-03 01:09:44.477 9 INFO neutron.wsgi [None req-3a0e0b38-9fd1-4c86-946d-323af0ca5774 7c551abc215d4a7aa64089358a3ea675 3d70adec2e0f4574a467af2de14bc825 - - default default] 10.0.0.22 "DELETE /v2.0/subnets/20102e51-af2c-4e0b-9f38-8f5ff8f0184a HTTP/1.1" status: 204 len: 168 time: 0.2571409
2026-06-03 01:09:44.512 10 INFO neutron.wsgi [None req-40bf19e5-1949-4302-821a-9d369bc25f9f 3f4f27b2bf594f46b753f0eeb54bfae5 63bcbe22be7b4125bcf045a72c2c9d50 - - default default] 10.0.0.22 "DELETE /v2.0/ports/ebd945d1-ace7-4b5e-b398-38468e0f56c9 HTTP/1.1" status: 204 len: 168 time: 0.2865252
2026-06-03 01:09:44.649 9 INFO neutron.db.ovn_revision_numbers_db [None req-fe2ba9cf-87be-4840-9204-5f7ddc7fb1f0 a2c78cabff1f49d394cdc774da803f1f b7cf0cf2248a460c822a2e34d6e4a317 - - default default] Successfully bumped revision number for resource facbd7df-0cd7-4db1-b798-9c221a944861 (type: security_groups) to 1
2026-06-03 01:09:44.674 9 INFO neutron.db.ovn_revision_numbers_db [None req-fe2ba9cf-87be-4840-9204-5f7ddc7fb1f0 a2c78cabff1f49d394cdc774da803f1f b7cf0cf2248a460c822a2e34d6e4a317 - - default default] Successfully bumped revision number for resource 210feb11-8e49-4cc1-bcb1-639af8b08d71 (type: security_group_rules) to 0
2026-06-03 01:09:44.689 9 INFO neutron.db.ovn_revision_numbers_db [None req-fe2ba9cf-87be-4840-9204-5f7ddc7fb1f0 a2c78cabff1f49d394cdc774da803f1f b7cf0cf2248a460c822a2e34d6e4a317 - - default default] Successfully bumped revision number for resource 381d1db6-70fd-44a4-aca4-5a3a80778abf (type: security_group_rules) to 0
2026-06-03 01:09:44.710 9 INFO neutron.db.ovn_revision_numbers_db [None req-fe2ba9cf-87be-4840-9204-5f7ddc7fb1f0 a2c78cabff1f49d394cdc774da803f1f b7cf0cf2248a460c822a2e34d6e4a317 - - default default] Successfully bumped revision number for resource 840b3f28-3de8-4503-9b00-429b90c853d7 (type: security_group_rules) to 0
2026-06-03 01:09:44.728 9 INFO neutron.wsgi [None req-5db6609e-1a19-4a4e-94cb-da8a5bd29494 7c551abc215d4a7aa64089358a3ea675 3d70adec2e0f4574a467af2de14bc825 - - default default] 10.0.0.22 "DELETE /v2.0/subnets/bf405fd3-ca48-40e2-bb34-1563ba57066a HTTP/1.1" status: 204 len: 168 time: 0.2455549
2026-06-03 01:09:44.743 9 INFO neutron.db.ovn_revision_numbers_db [None req-fe2ba9cf-87be-4840-9204-5f7ddc7fb1f0 a2c78cabff1f49d394cdc774da803f1f b7cf0cf2248a460c822a2e34d6e4a317 - - default default] Successfully bumped revision number for resource a44acbda-3a22-4894-8dc1-49d6db315778 (type: security_group_rules) to 0
2026-06-03 01:09:44.769 9 INFO neutron.wsgi [None req-fe2ba9cf-87be-4840-9204-5f7ddc7fb1f0 a2c78cabff1f49d394cdc774da803f1f b7cf0cf2248a460c822a2e34d6e4a317 - - default default] 10.0.0.22 "GET /v2.0/security-groups?tenant_id=12ac93fc50a44ae19c5df937c0d3ac02&name=default HTTP/1.1" status: 200 len: 3120 time: 0.3114614
2026-06-03 01:09:44.852 10 INFO neutron.wsgi [None req-a800533e-f65c-44b4-9b43-bfcf7419fd55 3f4f27b2bf594f46b753f0eeb54bfae5 63bcbe22be7b4125bcf045a72c2c9d50 - - default default] 10.0.0.22 "DELETE /v2.0/ports/3407c69a-bfec-49da-9627-efaae3b7df71 HTTP/1.1" status: 204 len: 168 time: 0.3343847
2026-06-03 01:09:44.989 9 INFO neutron.wsgi [-] 10.0.0.64 "GET / HTTP/1.1" status: 200 len: 284 time: 0.0014083
2026-06-03 01:09:45.000 9 INFO neutron.wsgi [None req-97efc062-34c1-4be1-a49e-3686582efa59 a2c78cabff1f49d394cdc774da803f1f b7cf0cf2248a460c822a2e34d6e4a317 - - default default] 10.0.0.22 "DELETE /v2.0/security-groups/facbd7df-0cd7-4db1-b798-9c221a944861 HTTP/1.1" status: 204 len: 168 time: 0.2238193
2026-06-03 01:09:45.044 9 INFO neutron.wsgi [None req-9e7c93eb-b280-47d1-92d0-2e102fb52259 d284bce0a4de46b0adc81a37dd013ba2 c2599e35cc2b44ff8db0738993e1fbc3 - - default default] 10.0.0.64 "GET /v2.0/subnets/b8b02666-1bd5-4e39-89d6-747121e385bd HTTP/1.1" status: 200 len: 833 time: 0.0343704
2026-06-03 01:09:45.061 9 INFO neutron.wsgi [None req-ae6ec918-4d13-46d1-b7bc-97585bdfb2cd a2c78cabff1f49d394cdc774da803f1f b7cf0cf2248a460c822a2e34d6e4a317 - - default default] 10.0.0.64 "GET /v2.0/extensions/security-group HTTP/1.1" status: 200 len: 369 time: 0.0081637
2026-06-03 01:09:45.071 9 INFO neutron.wsgi [None req-66204bb4-6569-4cef-9112-a24e37ba2d20 a2c78cabff1f49d394cdc774da803f1f b7cf0cf2248a460c822a2e34d6e4a317 - - default default] 10.0.0.64 "GET /v2.0/extensions/dns-integration HTTP/1.1" status: 200 len: 371 time: 0.0037291
2026-06-03 01:09:45.081 9 INFO neutron.wsgi [None req-7b74d7c6-0ef5-4845-8517-8704aae0a2c7 a2c78cabff1f49d394cdc774da803f1f b7cf0cf2248a460c822a2e34d6e4a317 - - default default] 10.0.0.64 "GET /v2.0/extensions/qos HTTP/1.1" status: 200 len: 365 time: 0.0046587
2026-06-03 01:09:45.090 9 INFO neutron.wsgi [None req-b4783216-de88-442a-8ee3-89bd1a21cf91 a2c78cabff1f49d394cdc774da803f1f b7cf0cf2248a460c822a2e34d6e4a317 - - default default] 10.0.0.64 "GET /v2.0/extensions/allowed-address-pairs HTTP/1.1" status: 200 len: 383 time: 0.0047801
2026-06-03 01:09:45.161 9 INFO neutron.wsgi [None req-99ee36ac-312f-4fec-9ebd-820bd6a6c88d a2c78cabff1f49d394cdc774da803f1f b7cf0cf2248a460c822a2e34d6e4a317 - - default default] 10.0.0.64 "GET /v2.0/subnets/b8b02666-1bd5-4e39-89d6-747121e385bd HTTP/1.1" status: 200 len: 851 time: 0.0646310
2026-06-03 01:09:45.234 10 INFO neutron.wsgi [None req-8e9c61e7-19fe-4324-8813-6291b9733af7 3f4f27b2bf594f46b753f0eeb54bfae5 63bcbe22be7b4125bcf045a72c2c9d50 - - default default] 10.0.0.22 "DELETE /v2.0/ports/299bc529-b54b-447d-83ec-bcac76af8a28 HTTP/1.1" status: 204 len: 168 time: 0.3751271
2026-06-03 01:09:45.246 9 INFO neutron.wsgi [None req-ccbfa709-22a5-43bf-8210-b86f79bd8c5a a2c78cabff1f49d394cdc774da803f1f b7cf0cf2248a460c822a2e34d6e4a317 - - default default] 10.0.0.64 "GET /v2.0/extensions/security-group HTTP/1.1" status: 200 len: 369 time: 0.0072904
2026-06-03 01:09:45.256 9 INFO neutron.wsgi [None req-85d55dbc-4e64-4f28-8a72-2cbc4182d8d5 a2c78cabff1f49d394cdc774da803f1f b7cf0cf2248a460c822a2e34d6e4a317 - - default default] 10.0.0.64 "GET /v2.0/extensions/dns-integration HTTP/1.1" status: 200 len: 371 time: 0.0052223
2026-06-03 01:09:45.266 9 INFO neutron.wsgi [None req-88cd714d-27c6-49f0-a867-00123f326a37 a2c78cabff1f49d394cdc774da803f1f b7cf0cf2248a460c822a2e34d6e4a317 - - default default] 10.0.0.64 "GET /v2.0/extensions/qos HTTP/1.1" status: 200 len: 365 time: 0.0054331
2026-06-03 01:09:45.277 9 INFO neutron.wsgi [None req-6ea0cb2b-45fa-473f-9d5c-d7fc69e522bb a2c78cabff1f49d394cdc774da803f1f b7cf0cf2248a460c822a2e34d6e4a317 - - default default] 10.0.0.64 "GET /v2.0/extensions/allowed-address-pairs HTTP/1.1" status: 200 len: 383 time: 0.0063217
2026-06-03 01:09:45.292 10 INFO neutron.services.segments.plugin [-] Segment 53d3b8b8-33f8-4f58-b19a-b2da29443804 resource provider aggregate not found
2026-06-03 01:09:45.296 10 INFO neutron.services.segments.plugin [-] Segment 53d3b8b8-33f8-4f58-b19a-b2da29443804 resource provider aggregate not found
2026-06-03 01:09:45.309 10 INFO neutron.services.segments.plugin [-] Segment 53d3b8b8-33f8-4f58-b19a-b2da29443804 resource provider not found; error: Placement Client Error (4xx): {"errors": [{"status": 404, "title": "Not Found", "detail": "The resource could not be found.\n\n No resource provider with uuid 53d3b8b8-33f8-4f58-b19a-b2da29443804 found for delete ", "request_id": "req-b390a148-1328-49f6-aeb4-08f4e0133168"}]}
2026-06-03 01:09:45.319 10 INFO neutron.services.segments.plugin [-] Segment 53d3b8b8-33f8-4f58-b19a-b2da29443804 resource provider not found; error: Placement Client Error (4xx): {"errors": [{"status": 404, "title": "Not Found", "detail": "The resource could not be found.\n\n No resource provider with uuid 53d3b8b8-33f8-4f58-b19a-b2da29443804 found for delete ", "request_id": "req-7e96aaf9-ef09-478b-b457-b76e2ea37aca"}]}
2026-06-03 01:09:45.339 10 INFO neutron.wsgi [None req-a4178f7c-ddff-4f75-9559-e2702785c970 7c551abc215d4a7aa64089358a3ea675 3d70adec2e0f4574a467af2de14bc825 - - default default] 10.0.0.22 "DELETE /v2.0/networks/97ede9a6-c804-40ab-bfa0-384c3e49fdd7 HTTP/1.1" status: 204 len: 168 time: 0.6049426
2026-06-03 01:09:45.345 9 INFO neutron.wsgi [None req-207057f7-8e14-490e-a652-dfc54e2b9b18 a2c78cabff1f49d394cdc774da803f1f b7cf0cf2248a460c822a2e34d6e4a317 - - default default] 10.0.0.64 "GET /v2.0/networks/45da26ae-60d3-4d9e-89a9-f4ef1d9631a7 HTTP/1.1" status: 200 len: 1001 time: 0.0620749
2026-06-03 01:09:45.360 9 INFO neutron.wsgi [None req-3541c355-116a-40fc-91fd-21f26d042b9d a2c78cabff1f49d394cdc774da803f1f b7cf0cf2248a460c822a2e34d6e4a317 - - default default] 10.0.0.64 "GET /v2.0/extensions/project-id HTTP/1.1" status: 200 len: 403 time: 0.0064342
2026-06-03 01:09:45.604 10 INFO neutron.wsgi [None req-a8c50596-2d56-4936-ad0d-a823ed265878 3f4f27b2bf594f46b753f0eeb54bfae5 63bcbe22be7b4125bcf045a72c2c9d50 - - default default] 10.0.0.22 "DELETE /v2.0/ports/4a5054b5-fc46-4d81-8232-27b000837416 HTTP/1.1" status: 204 len: 168 time: 0.3656104
2026-06-03 01:09:45.767 9 WARNING neutron.scheduler.dhcp_agent_scheduler [None req-1b76b16b-a02c-48b7-8a2a-c546ba2e44dc a2c78cabff1f49d394cdc774da803f1f b7cf0cf2248a460c822a2e34d6e4a317 - - default default] No more DHCP agents
2026-06-03 01:09:45.769 9 WARNING neutron.api.rpc.agentnotifiers.dhcp_rpc_agent_api [None req-1b76b16b-a02c-48b7-8a2a-c546ba2e44dc a2c78cabff1f49d394cdc774da803f1f b7cf0cf2248a460c822a2e34d6e4a317 - - default default] Unable to schedule network 45da26ae-60d3-4d9e-89a9-f4ef1d9631a7: no agents available; will retry on subsequent port and subnet creation events.
2026-06-03 01:09:45.822 10 INFO neutron.wsgi [None req-51659a0e-c433-4375-9ef8-93713127f07f 7c551abc215d4a7aa64089358a3ea675 3d70adec2e0f4574a467af2de14bc825 - - default default] 10.0.0.22 "DELETE /v2.0/networks/5da5ee6b-b207-43eb-8ca8-5a13cfca4de4 HTTP/1.1" status: 204 len: 168 time: 0.4765875
2026-06-03 01:09:46.016 9 INFO neutron.db.ovn_revision_numbers_db [None req-1b76b16b-a02c-48b7-8a2a-c546ba2e44dc a2c78cabff1f49d394cdc774da803f1f b7cf0cf2248a460c822a2e34d6e4a317 - - default default] Successfully bumped revision number for resource 56ac7342-69e3-43a9-907d-cc262cebc6fd (type: ports) to 1
2026-06-03 01:09:46.061 9 INFO neutron.wsgi [None req-1b76b16b-a02c-48b7-8a2a-c546ba2e44dc a2c78cabff1f49d394cdc774da803f1f b7cf0cf2248a460c822a2e34d6e4a317 - - default default] 10.0.0.64 "POST /v2.0/ports HTTP/1.1" status: 201 len: 1333 time: 0.6927700
2026-06-03 01:09:46.185 9 INFO neutron.services.segments.plugin [-] Segment 9b750222-92f4-416c-8912-f830d1bc2a35 resource provider aggregate not found
2026-06-03 01:09:46.193 9 INFO neutron.services.segments.plugin [-] Segment 9b750222-92f4-416c-8912-f830d1bc2a35 resource provider aggregate not found
2026-06-03 01:09:46.221 9 INFO neutron.wsgi [None req-f0107282-965e-4505-b29e-34731924e0b7 3f4f27b2bf594f46b753f0eeb54bfae5 63bcbe22be7b4125bcf045a72c2c9d50 - - default default] 10.0.0.22 "DELETE /v2.0/networks/a29813ca-33eb-4c99-b855-ad705bb90ceb HTTP/1.1" status: 204 len: 168 time: 0.6105397
2026-06-03 01:09:46.223 9 INFO neutron.services.segments.plugin [-] Segment 9b750222-92f4-416c-8912-f830d1bc2a35 resource provider not found; error: Placement Client Error (4xx): {"errors": [{"status": 404, "title": "Not Found", "detail": "The resource could not be found.\n\n No resource provider with uuid 9b750222-92f4-416c-8912-f830d1bc2a35 found for delete ", "request_id": "req-74f3155e-5fbc-439c-b8a0-bd3d9e95868d"}]}
2026-06-03 01:09:46.226 9 INFO neutron.services.segments.plugin [-] Segment 9b750222-92f4-416c-8912-f830d1bc2a35 resource provider not found; error: Placement Client Error (4xx): {"errors": [{"status": 404, "title": "Not Found", "detail": "The resource could not be found.\n\n No resource provider with uuid 9b750222-92f4-416c-8912-f830d1bc2a35 found for delete ", "request_id": "req-835657cf-c81f-4a5b-a260-e87d62d02607"}]}
2026-06-03 01:09:46.317 10 INFO neutron.wsgi [None req-2a85cb7a-8d4e-4a1d-9638-711490d86ddf 7c551abc215d4a7aa64089358a3ea675 3d70adec2e0f4574a467af2de14bc825 - - default default] 10.0.0.22 "DELETE /v2.0/networks/4ad514c3-d437-43d0-9bfe-37193cc80070 HTTP/1.1" status: 204 len: 168 time: 0.4877527 /var/lib/openstack/lib/python3.10/site-packages/pycadf/identifier.py:71: UserWarning: Invalid uuid: neutron. To ensure interoperability, identifiers should be a valid uuid. warnings.warn(('Invalid uuid: %s. To ensure interoperability, '
2026-06-03 01:09:46.666 10 INFO neutron.wsgi [None req-c1d1525a-ff44-4982-ae1b-795e1c6adf92 3f4f27b2bf594f46b753f0eeb54bfae5 63bcbe22be7b4125bcf045a72c2c9d50 - - default default] 10.0.0.22 "DELETE /v2.0/networks/31047cb9-3ca7-487f-8b9a-78d4d2f5e9be HTTP/1.1" status: 204 len: 168 time: 0.4397905
2026-06-03 01:09:46.816 9 INFO neutron.wsgi [None req-5916f8e9-6db4-41bc-ac7f-1e9f6c9dc8db 7c551abc215d4a7aa64089358a3ea675 3d70adec2e0f4574a467af2de14bc825 - - default default] 10.0.0.22 "DELETE /v2.0/networks/28a26ca2-88ef-413e-a23b-0cef696b90c8 HTTP/1.1" status: 204 len: 168 time: 0.4927003
2026-06-03 01:09:47.184 9 INFO neutron.wsgi [None req-170d5b2d-f683-4a89-9f99-487673687cca 3f4f27b2bf594f46b753f0eeb54bfae5 63bcbe22be7b4125bcf045a72c2c9d50 - - default default] 10.0.0.22 "DELETE /v2.0/networks/8374e511-7f14-43fb-af93-f3895fcd6747 HTTP/1.1" status: 204 len: 168 time: 0.5091617
2026-06-03 01:09:47.339 10 INFO neutron.services.segments.plugin [-] Segment b16ecae7-95e9-4098-8211-15460a30f47d resource provider aggregate not found
2026-06-03 01:09:47.353 10 INFO neutron.services.segments.plugin [-] Segment b16ecae7-95e9-4098-8211-15460a30f47d resource provider aggregate not found
2026-06-03 01:09:47.361 10 INFO neutron.services.segments.plugin [-] Segment b16ecae7-95e9-4098-8211-15460a30f47d resource provider not found; error: Placement Client Error (4xx): {"errors": [{"status": 404, "title": "Not Found", "detail": "The resource could not be found.\n\n No resource provider with uuid b16ecae7-95e9-4098-8211-15460a30f47d found for delete ", "request_id": "req-82359d36-dd5f-4f00-92df-7a349e77699b"}]}
2026-06-03 01:09:47.386 10 INFO neutron.services.segments.plugin [-] Segment b16ecae7-95e9-4098-8211-15460a30f47d resource provider not found; error: Placement Client Error (4xx): {"errors": [{"status": 404, "title": "Not Found", "detail": "The resource could not be found.\n\n No resource provider with uuid b16ecae7-95e9-4098-8211-15460a30f47d found for delete ", "request_id": "req-0c8f765c-3b00-420a-a9ac-a5ff5b18dc07"}]}
2026-06-03 01:09:47.392 10 INFO neutron.services.segments.plugin [-] Segment d09b3801-14d9-4767-9c85-c52906305440 resource provider aggregate not found
2026-06-03 01:09:47.403 9 INFO neutron.wsgi [None req-af167f0a-b2a9-46c9-b2a5-756e84df3101 7c551abc215d4a7aa64089358a3ea675 3d70adec2e0f4574a467af2de14bc825 - - default default] 10.0.0.22 "DELETE /v2.0/networks/6a1f3f44-0cb2-4fa8-a759-026bee0099c4 HTTP/1.1" status: 204 len: 168 time: 0.5800648
2026-06-03 01:09:47.411 10 INFO neutron.services.segments.plugin [-] Segment d09b3801-14d9-4767-9c85-c52906305440 resource provider not found; error: Placement Client Error (4xx): {"errors": [{"status": 404, "title": "Not Found", "detail": "The resource could not be found.\n\n No resource provider with uuid d09b3801-14d9-4767-9c85-c52906305440 found for delete ", "request_id": "req-a8517dd4-1539-4efc-b595-b4e1e2116129"}]}
2026-06-03 01:09:47.415 10 INFO neutron.services.segments.plugin [-] Segment d09b3801-14d9-4767-9c85-c52906305440 resource provider aggregate not found
2026-06-03 01:09:47.432 10 INFO neutron.services.segments.plugin [-] Segment 6d516816-f5b0-4f25-86b6-fc02c87e0578 resource provider aggregate not found
2026-06-03 01:09:47.437 10 INFO neutron.services.segments.plugin [-] Segment d09b3801-14d9-4767-9c85-c52906305440 resource provider not found; error: Placement Client Error (4xx): {"errors": [{"status": 404, "title": "Not Found", "detail": "The resource could not be found.\n\n No resource provider with uuid d09b3801-14d9-4767-9c85-c52906305440 found for delete ", "request_id": "req-4bc6b3c3-8087-449e-b5ab-a0fbeb68dbf3"}]}
2026-06-03 01:09:47.452 10 INFO neutron.services.segments.plugin [-] Segment 6d516816-f5b0-4f25-86b6-fc02c87e0578 resource provider aggregate not found
2026-06-03 01:09:47.458 10 INFO neutron.services.segments.plugin [-] Segment 6d516816-f5b0-4f25-86b6-fc02c87e0578 resource provider not found; error: Placement Client Error (4xx): {"errors": [{"status": 404, "title": "Not Found", "detail": "The resource could not be found.\n\n No resource provider with uuid 6d516816-f5b0-4f25-86b6-fc02c87e0578 found for delete ", "request_id": "req-eb820ad5-4600-4917-ab91-670994b954db"}]}
2026-06-03 01:09:47.471 10 INFO neutron.services.segments.plugin [-] Segment 6d516816-f5b0-4f25-86b6-fc02c87e0578 resource provider not found; error: Placement Client Error (4xx): {"errors": [{"status": 404, "title": "Not Found", "detail": "The resource could not be found.\n\n No resource provider with uuid 6d516816-f5b0-4f25-86b6-fc02c87e0578 found for delete ", "request_id": "req-e07bdeea-dbf8-4931-8b5d-10e1976c8909"}]}
2026-06-03 01:09:47.709 9 INFO neutron.wsgi [None req-cc3daa4d-9741-4c97-b349-7419788e3217 3f4f27b2bf594f46b753f0eeb54bfae5 63bcbe22be7b4125bcf045a72c2c9d50 - - default default] 10.0.0.22 "DELETE /v2.0/networks/09182975-d62b-4247-9dfc-8846f2ddd474 HTTP/1.1" status: 204 len: 168 time: 0.5132983
2026-06-03 01:09:48.248 9 INFO neutron.services.segments.plugin [-] Segment 1243affe-9ff4-4df9-b169-c40998477f8d resource provider aggregate not found
2026-06-03 01:09:48.254 9 INFO neutron.services.segments.plugin [-] Segment 1243affe-9ff4-4df9-b169-c40998477f8d resource provider aggregate not found
2026-06-03 01:09:48.270 9 INFO neutron.services.segments.plugin [-] Segment 1243affe-9ff4-4df9-b169-c40998477f8d resource provider not found; error: Placement Client Error (4xx): {"errors": [{"status": 404, "title": "Not Found", "detail": "The resource could not be found.\n\n No resource provider with uuid 1243affe-9ff4-4df9-b169-c40998477f8d found for delete ", "request_id": "req-efbb828e-b2ff-4e81-ab2b-680e3f2946c6"}]}
2026-06-03 01:09:48.275 9 INFO neutron.services.segments.plugin [-] Segment 1243affe-9ff4-4df9-b169-c40998477f8d resource provider not found; error: Placement Client Error (4xx): {"errors": [{"status": 404, "title": "Not Found", "detail": "The resource could not be found.\n\n No resource provider with uuid 1243affe-9ff4-4df9-b169-c40998477f8d found for delete ", "request_id": "req-9cc7ad24-22c6-4297-a9f9-c4b06271bb40"}]}
2026-06-03 01:09:48.286 9 INFO neutron.services.segments.plugin [-] Segment e5656fb8-9732-4808-9c29-2d2c6c9840ee resource provider aggregate not found
2026-06-03 01:09:48.291 9 INFO neutron.services.segments.plugin [-] Segment e5656fb8-9732-4808-9c29-2d2c6c9840ee resource provider aggregate not found
2026-06-03 01:09:48.303 9 INFO neutron.services.segments.plugin [-] Segment e5656fb8-9732-4808-9c29-2d2c6c9840ee resource provider not found; error: Placement Client Error (4xx): {"errors": [{"status": 404, "title": "Not Found", "detail": "The resource could not be found.\n\n No resource provider with uuid e5656fb8-9732-4808-9c29-2d2c6c9840ee found for delete ", "request_id": "req-a4830467-9bc4-4829-9184-053a7dc13835"}]}
2026-06-03 01:09:48.310 9 INFO neutron.services.segments.plugin [-] Segment e5656fb8-9732-4808-9c29-2d2c6c9840ee resource provider not found; error: Placement Client Error (4xx): {"errors": [{"status": 404, "title": "Not Found", "detail": "The resource could not be found.\n\n No resource provider with uuid e5656fb8-9732-4808-9c29-2d2c6c9840ee found for delete ", "request_id": "req-6c9b00a0-5e55-4e80-a9b8-3cec886db6ff"}]}
2026-06-03 01:09:48.330 9 INFO neutron.services.segments.plugin [-] Segment ae500e54-7605-4447-be4e-659a2e998cdf resource provider aggregate not found
2026-06-03 01:09:48.339 9 INFO neutron.services.segments.plugin [-] Segment ae500e54-7605-4447-be4e-659a2e998cdf resource provider aggregate not found
2026-06-03 01:09:48.357 9 INFO neutron.services.segments.plugin [-] Segment ae500e54-7605-4447-be4e-659a2e998cdf resource provider not found; error: Placement Client Error (4xx): {"errors": [{"status": 404, "title": "Not Found", "detail": "The resource could not be found.\n\n No resource provider with uuid ae500e54-7605-4447-be4e-659a2e998cdf found for delete ", "request_id": "req-a2ccb60e-a8be-49fe-96a8-0a2a4e357fd8"}]}
2026-06-03 01:09:48.361 10 INFO neutron.wsgi [None req-daf94d3e-3295-4108-a3ee-c601ca10ce5e 3f4f27b2bf594f46b753f0eeb54bfae5 63bcbe22be7b4125bcf045a72c2c9d50 - - default default] 10.0.0.22 "DELETE /v2.0/networks/c46fa7fb-0197-4924-a5b6-835fdfa75f15 HTTP/1.1" status: 204 len: 168 time: 0.6454766
2026-06-03 01:09:48.362 9 INFO neutron.services.segments.plugin [-] Segment ae500e54-7605-4447-be4e-659a2e998cdf resource provider not found; error: Placement Client Error (4xx): {"errors": [{"status": 404, "title": "Not Found", "detail": "The resource could not be found.\n\n No resource provider with uuid ae500e54-7605-4447-be4e-659a2e998cdf found for delete ", "request_id": "req-af58f9cb-b3f5-4938-8cac-973389a55c62"}]}
2026-06-03 01:09:48.377 9 INFO neutron.services.segments.plugin [-] Segment d7b7f30f-608d-4ad8-9e3f-a72e8e0ea8ab resource provider aggregate not found
2026-06-03 01:09:48.381 9 INFO neutron.services.segments.plugin [-] Segment d7b7f30f-608d-4ad8-9e3f-a72e8e0ea8ab resource provider aggregate not found
2026-06-03 01:09:48.392 9 INFO neutron.services.segments.plugin [-] Segment d7b7f30f-608d-4ad8-9e3f-a72e8e0ea8ab resource provider not found; error: Placement Client Error (4xx): {"errors": [{"status": 404, "title": "Not Found", "detail": "The resource could not be found.\n\n No resource provider with uuid d7b7f30f-608d-4ad8-9e3f-a72e8e0ea8ab found for delete ", "request_id": "req-ae464833-0841-4304-a468-0fdcf966bfba"}]}
2026-06-03 01:09:48.399 9 INFO neutron.services.segments.plugin [-] Segment d7b7f30f-608d-4ad8-9e3f-a72e8e0ea8ab resource provider not found; error: Placement Client Error (4xx): {"errors": [{"status": 404, "title": "Not Found", "detail": "The resource could not be found.\n\n No resource provider with uuid d7b7f30f-608d-4ad8-9e3f-a72e8e0ea8ab found for delete ", "request_id": "req-7f4c8b1e-4298-4fa7-9182-1ff4b713ffda"}]}
2026-06-03 01:09:48.709 9 INFO neutron.db.ovn_revision_numbers_db [None req-0e6b2b23-ee77-4473-9a33-f383d3a25737 a2c78cabff1f49d394cdc774da803f1f b7cf0cf2248a460c822a2e34d6e4a317 - - default default] Successfully bumped revision number for resource d488d790-8d58-41a5-bd67-866980c836b0 (type: security_groups) to 1
2026-06-03 01:09:48.725 9 INFO neutron.db.ovn_revision_numbers_db [None req-0e6b2b23-ee77-4473-9a33-f383d3a25737 a2c78cabff1f49d394cdc774da803f1f b7cf0cf2248a460c822a2e34d6e4a317 - - default default] Successfully bumped revision number for resource 5cfc55a0-e489-4fe2-9b65-64031433b86e (type: security_group_rules) to 0
2026-06-03 01:09:48.739 9 INFO neutron.db.ovn_revision_numbers_db [None req-0e6b2b23-ee77-4473-9a33-f383d3a25737 a2c78cabff1f49d394cdc774da803f1f b7cf0cf2248a460c822a2e34d6e4a317 - - default default] Successfully bumped revision number for resource 698f21d5-1d2e-42b5-8df3-9dadf94f54c5 (type: security_group_rules) to 0
2026-06-03 01:09:48.756 9 INFO neutron.db.ovn_revision_numbers_db [None req-0e6b2b23-ee77-4473-9a33-f383d3a25737 a2c78cabff1f49d394cdc774da803f1f b7cf0cf2248a460c822a2e34d6e4a317 - - default default] Successfully bumped revision number for resource bd95a046-14af-41d3-b141-1145d0b170b9 (type: security_group_rules) to 0
2026-06-03 01:09:48.770 9 INFO neutron.db.ovn_revision_numbers_db [None req-0e6b2b23-ee77-4473-9a33-f383d3a25737 a2c78cabff1f49d394cdc774da803f1f b7cf0cf2248a460c822a2e34d6e4a317 - - default default] Successfully bumped revision number for resource d60b7487-785e-416f-ac1b-0f8c4f0a97e0 (type: security_group_rules) to 0
2026-06-03 01:09:48.796 9 INFO neutron.wsgi [None req-0e6b2b23-ee77-4473-9a33-f383d3a25737 a2c78cabff1f49d394cdc774da803f1f b7cf0cf2248a460c822a2e34d6e4a317 - - default default] 10.0.0.22 "GET /v2.0/security-groups?tenant_id=84138fb585af4ef180cc45f6aab0d7ac&name=default HTTP/1.1" status: 200 len: 3120 time: 0.3744061
2026-06-03 01:09:48.829 10 INFO neutron.wsgi [None req-c73e80a1-8ff8-41ef-9773-8abcdd638d42 a2c78cabff1f49d394cdc774da803f1f b7cf0cf2248a460c822a2e34d6e4a317 - - default default] 199.204.45.72 "GET /v2.0/extensions/security-group HTTP/1.1" status: 200 len: 369 time: 0.2021713
2026-06-03 01:09:48.842 10 INFO neutron.wsgi [None req-6106a946-2ad7-4ebb-9b33-8b22945eb7f5 a2c78cabff1f49d394cdc774da803f1f b7cf0cf2248a460c822a2e34d6e4a317 - - default default] 199.204.45.72 "GET /v2.0/extensions/dns-integration HTTP/1.1" status: 200 len: 371 time: 0.0051267
2026-06-03 01:09:48.853 10 INFO neutron.wsgi [None req-91306f20-ecdd-4526-89ed-2c3097716c75 a2c78cabff1f49d394cdc774da803f1f b7cf0cf2248a460c822a2e34d6e4a317 - - default default] 199.204.45.72 "GET /v2.0/extensions/qos HTTP/1.1" status: 200 len: 365 time: 0.0054882
2026-06-03 01:09:48.864 10 INFO neutron.wsgi [None req-bd1c1bb5-303f-4124-9fe5-619a30b6285e a2c78cabff1f49d394cdc774da803f1f b7cf0cf2248a460c822a2e34d6e4a317 - - default default] 199.204.45.72 "GET /v2.0/extensions/allowed-address-pairs HTTP/1.1" status: 200 len: 383 time: 0.0052202
2026-06-03 01:09:48.927 10 INFO neutron.wsgi [None req-9e3ad36a-1e8e-470d-a8de-ee0441a1155f a2c78cabff1f49d394cdc774da803f1f b7cf0cf2248a460c822a2e34d6e4a317 - - default default] 199.204.45.72 "GET /v2.0/ports/56ac7342-69e3-43a9-907d-cc262cebc6fd HTTP/1.1" status: 200 len: 1328 time: 0.0528512
2026-06-03 01:09:49.071 10 INFO neutron.wsgi [None req-24e23cdc-2a44-4908-87a4-1fb8378373be a2c78cabff1f49d394cdc774da803f1f b7cf0cf2248a460c822a2e34d6e4a317 - - default default] 10.0.0.22 "DELETE /v2.0/security-groups/d488d790-8d58-41a5-bd67-866980c836b0 HTTP/1.1" status: 204 len: 168 time: 0.2709599
2026-06-03 01:09:49.158 10 INFO neutron.wsgi [None req-4d13a9e8-0b6a-4dd5-b807-01053dc0fbba a2c78cabff1f49d394cdc774da803f1f b7cf0cf2248a460c822a2e34d6e4a317 - - default default] 199.204.45.72 "GET /v2.0/extensions/security-group HTTP/1.1" status: 200 len: 369 time: 0.0067894
2026-06-03 01:09:49.167 10 INFO neutron.wsgi [None req-b7191efa-2a02-4e46-82f8-da2122b7bc8f a2c78cabff1f49d394cdc774da803f1f b7cf0cf2248a460c822a2e34d6e4a317 - - default default] 199.204.45.72 "GET /v2.0/extensions/dns-integration HTTP/1.1" status: 200 len: 371 time: 0.0052562
2026-06-03 01:09:49.175 10 INFO neutron.wsgi [None req-0489fea7-7e9f-434d-900d-2d76baac7a81 a2c78cabff1f49d394cdc774da803f1f b7cf0cf2248a460c822a2e34d6e4a317 - - default default] 199.204.45.72 "GET /v2.0/extensions/qos HTTP/1.1" status: 200 len: 365 time: 0.0043905
2026-06-03 01:09:49.185 10 INFO neutron.wsgi [None req-3daaddd7-f7cd-4494-9c13-353ffd538994 a2c78cabff1f49d394cdc774da803f1f b7cf0cf2248a460c822a2e34d6e4a317 - - default default] 199.204.45.72 "GET /v2.0/extensions/allowed-address-pairs HTTP/1.1" status: 200 len: 383 time: 0.0044940
2026-06-03 01:09:49.212 10 INFO neutron.api.v2.resource [None req-d15a3e96-a823-4587-a521-acb416a12bcf a2c78cabff1f49d394cdc774da803f1f b7cf0cf2248a460c822a2e34d6e4a317 - - default default] show failed (client error): The resource could not be found.
2026-06-03 01:09:49.215 10 INFO neutron.wsgi [None req-d15a3e96-a823-4587-a521-acb416a12bcf a2c78cabff1f49d394cdc774da803f1f b7cf0cf2248a460c822a2e34d6e4a317 - - default default] 199.204.45.72 "GET /v2.0/security-groups/lb-32c30fc6-4773-4bb9-949d-6a3a06eee439 HTTP/1.1" status: 404 len: 355 time: 0.0253987
2026-06-03 01:09:49.265 10 INFO neutron.wsgi [None req-7e3a429c-0215-4f76-b29b-d96e6e753c91 a2c78cabff1f49d394cdc774da803f1f b7cf0cf2248a460c822a2e34d6e4a317 - - default default] 199.204.45.72 "GET /v2.0/security-groups?name=lb-32c30fc6-4773-4bb9-949d-6a3a06eee439 HTTP/1.1" status: 200 len: 221 time: 0.0458825
2026-06-03 01:09:49.398 9 INFO neutron.db.ovn_revision_numbers_db [None req-15e0beb0-4575-48b0-a073-6f9c2941cd3f a2c78cabff1f49d394cdc774da803f1f b7cf0cf2248a460c822a2e34d6e4a317 - - default default] Successfully bumped revision number for resource 6dfc346b-4801-4ad9-85bd-617c9308f442 (type: security_groups) to 1
2026-06-03 01:09:49.410 10 INFO neutron.db.ovn_revision_numbers_db [None req-75c8761b-2ece-4e04-a53a-20287d6333e5 a2c78cabff1f49d394cdc774da803f1f b7cf0cf2248a460c822a2e34d6e4a317 - - default default] Successfully bumped revision number for resource a55fcc8d-a610-44c8-8fe8-7e927a44c7cd (type: security_groups) to 1
2026-06-03 01:09:49.418 9 INFO neutron.db.ovn_revision_numbers_db [None req-15e0beb0-4575-48b0-a073-6f9c2941cd3f a2c78cabff1f49d394cdc774da803f1f b7cf0cf2248a460c822a2e34d6e4a317 - - default default] Successfully bumped revision number for resource 20c96ed4-a499-4eee-bc94-0e107515d02e (type: security_group_rules) to 0
2026-06-03 01:09:49.425 10 INFO neutron.db.ovn_revision_numbers_db [None req-9669082c-c875-4bff-8329-7631e5f284a5 a2c78cabff1f49d394cdc774da803f1f b7cf0cf2248a460c822a2e34d6e4a317 - - default default] Successfully bumped revision number for resource 51894d4f-4d23-4394-8639-7bf29a28483b (type: security_groups) to 1
2026-06-03 01:09:49.427 10 INFO neutron.db.ovn_revision_numbers_db [None req-75c8761b-2ece-4e04-a53a-20287d6333e5 a2c78cabff1f49d394cdc774da803f1f b7cf0cf2248a460c822a2e34d6e4a317 - - default default] Successfully bumped revision number for resource 00a56e91-d7bb-488d-8f47-171283cdac53 (type: security_group_rules) to 0
2026-06-03 01:09:49.435 9 INFO neutron.db.ovn_revision_numbers_db [None req-15e0beb0-4575-48b0-a073-6f9c2941cd3f a2c78cabff1f49d394cdc774da803f1f b7cf0cf2248a460c822a2e34d6e4a317 - - default default] Successfully bumped revision number for resource 6f4b5621-e83d-4f81-a7a3-0bc43d44d076 (type: security_group_rules) to 0
2026-06-03 01:09:49.440 10 INFO neutron.db.ovn_revision_numbers_db [None req-9669082c-c875-4bff-8329-7631e5f284a5 a2c78cabff1f49d394cdc774da803f1f b7cf0cf2248a460c822a2e34d6e4a317 - - default default] Successfully bumped revision number for resource 61cd0994-0b3d-43c5-a61c-d1fb4d704db1 (type: security_group_rules) to 0
2026-06-03 01:09:49.442 10 INFO neutron.db.ovn_revision_numbers_db [None req-75c8761b-2ece-4e04-a53a-20287d6333e5 a2c78cabff1f49d394cdc774da803f1f b7cf0cf2248a460c822a2e34d6e4a317 - - default default] Successfully bumped revision number for resource 08a8f47f-e5b2-4d5a-8d0e-b0210081e078 (type: security_group_rules) to 0
2026-06-03 01:09:49.451 9 INFO neutron.db.ovn_revision_numbers_db [None req-15e0beb0-4575-48b0-a073-6f9c2941cd3f a2c78cabff1f49d394cdc774da803f1f b7cf0cf2248a460c822a2e34d6e4a317 - - default default] Successfully bumped revision number for resource e59f96cc-aba1-4d97-839f-970fbda8d0ab (type: security_group_rules) to 0
2026-06-03 01:09:49.460 10 WARNING neutron_lib.context [None req-aaf1fd5b-ee73-4f7d-8b58-dc28a351a851 64fcd0d4557849f1934a472c4412323f da0d7704cacd4baaa4ea427554a25746 - - default default] Method 'is_advsvc' is deprecated since 2023.2 release (neutron-lib 3.8.0) and will be removed once support for the old RBAC API policies will be removed from Neutron. Please use method 'is_service_role' instead.
2026-06-03 01:09:49.466 9 INFO neutron.db.ovn_revision_numbers_db [None req-15e0beb0-4575-48b0-a073-6f9c2941cd3f a2c78cabff1f49d394cdc774da803f1f b7cf0cf2248a460c822a2e34d6e4a317 - - default default] Successfully bumped revision number for resource e69697ca-43b9-4566-a9a2-024b13995da6 (type: security_group_rules) to 0
2026-06-03 01:09:49.482 10 INFO neutron.services.segments.plugin [-] Segment 131cba1c-a1d0-4443-911f-326367780a8d resource provider aggregate not found
2026-06-03 01:09:49.487 10 INFO neutron.db.ovn_revision_numbers_db [None req-75c8761b-2ece-4e04-a53a-20287d6333e5 a2c78cabff1f49d394cdc774da803f1f b7cf0cf2248a460c822a2e34d6e4a317 - - default default] Successfully bumped revision number for resource 301232c7-0360-4532-b1cc-ec9f036935c2 (type: security_group_rules) to 0
2026-06-03 01:09:49.488 10 INFO neutron.db.ovn_revision_numbers_db [None req-9669082c-c875-4bff-8329-7631e5f284a5 a2c78cabff1f49d394cdc774da803f1f b7cf0cf2248a460c822a2e34d6e4a317 - - default default] Successfully bumped revision number for resource 621948f4-5dd1-4be9-a0f5-b194f17f62d4 (type: security_group_rules) to 0
2026-06-03 01:09:49.491 9 INFO neutron.wsgi [None req-15e0beb0-4575-48b0-a073-6f9c2941cd3f a2c78cabff1f49d394cdc774da803f1f b7cf0cf2248a460c822a2e34d6e4a317 - - default default] 10.0.0.22 "GET /v2.0/security-groups?tenant_id=cc5d1352d1834baabb981df75253d20a&name=default HTTP/1.1" status: 200 len: 3120 time: 0.3349357
2026-06-03 01:09:49.506 10 INFO neutron.services.segments.plugin [-] Segment 131cba1c-a1d0-4443-911f-326367780a8d resource provider aggregate not found
2026-06-03 01:09:49.511 10 INFO neutron.services.segments.plugin [-] Segment 131cba1c-a1d0-4443-911f-326367780a8d resource provider not found; error: Placement Client Error (4xx): {"errors": [{"status": 404, "title": "Not Found", "detail": "The resource could not be found.\n\n No resource provider with uuid 131cba1c-a1d0-4443-911f-326367780a8d found for delete ", "request_id": "req-8a9c3e56-84af-471d-89c2-3d24fdd4bb13"}]}
2026-06-03 01:09:49.522 10 INFO neutron.wsgi [None req-9669082c-c875-4bff-8329-7631e5f284a5 a2c78cabff1f49d394cdc774da803f1f b7cf0cf2248a460c822a2e34d6e4a317 - - default default] 199.204.45.72 "POST /v2.0/security-groups HTTP/1.1" status: 201 len: 1841 time: 0.2479563
2026-06-03 01:09:49.524 10 INFO neutron.services.segments.plugin [-] Segment 131cba1c-a1d0-4443-911f-326367780a8d resource provider not found; error: Placement Client Error (4xx): {"errors": [{"status": 404, "title": "Not Found", "detail": "The resource could not be found.\n\n No resource provider with uuid 131cba1c-a1d0-4443-911f-326367780a8d found for delete ", "request_id": "req-6e3ebebf-fbf8-4f8f-9983-17d9c36467f7"}]}
2026-06-03 01:09:49.526 10 INFO neutron.db.ovn_revision_numbers_db [None req-75c8761b-2ece-4e04-a53a-20287d6333e5 a2c78cabff1f49d394cdc774da803f1f b7cf0cf2248a460c822a2e34d6e4a317 - - default default] Successfully bumped revision number for resource ab729207-86bf-4a03-aa53-ae30f6da8562 (type: security_group_rules) to 0
2026-06-03 01:09:49.561 10 INFO neutron.wsgi [None req-75c8761b-2ece-4e04-a53a-20287d6333e5 a2c78cabff1f49d394cdc774da803f1f b7cf0cf2248a460c822a2e34d6e4a317 - - default default] 10.0.0.22 "GET /v2.0/security-groups?tenant_id=24075a34f98a43799689d8d23bd950b9&name=default HTTP/1.1" status: 200 len: 3120 time: 0.3184040
2026-06-03 01:09:49.598 10 INFO neutron.wsgi [None req-929e603d-f8de-4a5c-bccc-02675ee1c1c4 a2c78cabff1f49d394cdc774da803f1f b7cf0cf2248a460c822a2e34d6e4a317 - - default default] 199.204.45.72 "GET /v2.0/security-group-rules?security_group_id=51894d4f-4d23-4394-8639-7bf29a28483b HTTP/1.1" status: 200 len: 1382 time: 0.0703778
2026-06-03 01:09:49.709 10 INFO neutron.db.ovn_revision_numbers_db [None req-aaf1fd5b-ee73-4f7d-8b58-dc28a351a851 64fcd0d4557849f1934a472c4412323f da0d7704cacd4baaa4ea427554a25746 - - default default] Successfully bumped revision number for resource 31fceb9c-1949-4bb4-94c3-b680b725034b (type: security_groups) to 1
