2026-06-03 01:08:42.651 9 INFO neutron.db.ovn_revision_numbers_db [None req-cb8929a8-b9cc-4dbd-a499-4aa8e28191e2 c6c286f4804e4910ae6f82593e3512bf 770b609f4e354f7488dc470b993b134c - - default default] Successfully bumped revision number for resource 4206ef09-fb6a-4ce8-8ee3-00fef5ec4187 (type: ports) to 1
2026-06-03 01:08:42.721 10 INFO neutron.wsgi [None req-61a616e1-fa23-482a-9048-100e3284774d a2c78cabff1f49d394cdc774da803f1f b7cf0cf2248a460c822a2e34d6e4a317 - - default default] 10.0.0.173 "GET /v2.0/routers HTTP/1.1" status: 200 len: 1755 time: 0.1648617
2026-06-03 01:08:42.745 10 INFO neutron.wsgi [None req-e64ccd82-6fbe-4cf7-add0-5d24a49b3bf6 a2c78cabff1f49d394cdc774da803f1f b7cf0cf2248a460c822a2e34d6e4a317 - - default default] 10.0.0.173 "GET /v2.0/agents?binary=ovn-controller HTTP/1.1" status: 200 len: 591 time: 0.0222230
2026-06-03 01:08:42.757 10 INFO neutron.db.ovn_revision_numbers_db [None req-61cc8be8-b278-4cb0-a8cc-30af816d3eba a2c78cabff1f49d394cdc774da803f1f b7cf0cf2248a460c822a2e34d6e4a317 - - default default] Successfully bumped revision number for resource da8558af-39ed-42da-9987-7a51d58d6a75 (type: ports) to 1
2026-06-03 01:08:42.786 10 INFO neutron.wsgi [None req-793694aa-5a0b-490e-aff3-dced976667ff a2c78cabff1f49d394cdc774da803f1f b7cf0cf2248a460c822a2e34d6e4a317 - - default default] 10.0.0.173 "GET /v2.0/floatingips HTTP/1.1" status: 200 len: 193 time: 0.0368717
2026-06-03 01:08:42.809 10 INFO neutron.wsgi [None req-61cc8be8-b278-4cb0-a8cc-30af816d3eba a2c78cabff1f49d394cdc774da803f1f b7cf0cf2248a460c822a2e34d6e4a317 - - default default] 10.0.0.22 "POST /v2.0/networks HTTP/1.1" status: 201 len: 943 time: 1.0079436
2026-06-03 01:08:42.843 10 INFO neutron.wsgi [None req-cf6e59d6-e4a5-4f93-ae7e-6672632983f9 a2c78cabff1f49d394cdc774da803f1f b7cf0cf2248a460c822a2e34d6e4a317 - - default default] 10.0.0.173 "GET /v2.0/subnets HTTP/1.1" status: 200 len: 2091 time: 0.0555708
2026-06-03 01:08:42.856 10 INFO neutron.wsgi [None req-52f78923-6650-4a74-ac68-54446d130873 a2c78cabff1f49d394cdc774da803f1f b7cf0cf2248a460c822a2e34d6e4a317 - - default default] 10.0.0.173 "GET /v2.0/subnetpools HTTP/1.1" status: 200 len: 193 time: 0.0103014
2026-06-03 01:08:42.875 10 INFO neutron.wsgi [None req-dfd9cba6-af50-4ae5-b1d6-b04b031e0955 a2c78cabff1f49d394cdc774da803f1f b7cf0cf2248a460c822a2e34d6e4a317 - - default default] 10.0.0.173 "GET /v2.0/agents HTTP/1.1" status: 200 len: 1390 time: 0.0184367
2026-06-03 01:08:43.246 10 INFO neutron.wsgi [None req-3093fdfa-f84c-4104-91a6-37f5ec7a576c a2c78cabff1f49d394cdc774da803f1f b7cf0cf2248a460c822a2e34d6e4a317 - - default default] 10.0.0.173 "GET /v2.0/ports HTTP/1.1" status: 200 len: 10452 time: 0.3688507
2026-06-03 01:08:43.397 10 INFO neutron.wsgi [None req-5a77a02c-59b2-40c1-8b3f-3c2a2540b131 a2c78cabff1f49d394cdc774da803f1f b7cf0cf2248a460c822a2e34d6e4a317 - - default default] 10.0.0.173 "GET /v2.0/networks HTTP/1.1" status: 200 len: 3828 time: 0.1439295
2026-06-03 01:08:43.413 9 INFO neutron.plugins.ml2.drivers.ovn.mech_driver.ovsdb.commands [None req-ff57f355-0083-488f-a099-c8d17c87d6d7 - - - - - -] Schedule LRP lrp-4206ef09-fb6a-4ce8-8ee3-00fef5ec4187 on gateway 4cb08b9a-c142-4949-9507-1182f231dc65 with priority 1
2026-06-03 01:08:43.432 10 WARNING neutron.scheduler.dhcp_agent_scheduler [None req-7e805c87-fbed-4d49-abb9-fc5b3485eddf a2c78cabff1f49d394cdc774da803f1f b7cf0cf2248a460c822a2e34d6e4a317 - - default default] No more DHCP agents
2026-06-03 01:08:43.436 10 WARNING neutron.api.rpc.agentnotifiers.dhcp_rpc_agent_api [None req-7e805c87-fbed-4d49-abb9-fc5b3485eddf a2c78cabff1f49d394cdc774da803f1f b7cf0cf2248a460c822a2e34d6e4a317 - - default default] Unable to schedule network 3a37adee-a166-4745-9c36-ad60c9bcf70c: no agents available; will retry on subsequent port and subnet creation events.
2026-06-03 01:08:43.452 9 INFO neutron.db.ovn_revision_numbers_db [None req-d4011fa8-6e2a-47f1-a445-a7c9aaaf6e48 a2c78cabff1f49d394cdc774da803f1f b7cf0cf2248a460c822a2e34d6e4a317 - - default default] Successfully bumped revision number for resource 2fdf1418-8c05-4196-b289-0047fbbb35c4 (type: security_groups) to 1
2026-06-03 01:08:43.465 9 INFO neutron.db.ovn_revision_numbers_db [None req-cb8929a8-b9cc-4dbd-a499-4aa8e28191e2 c6c286f4804e4910ae6f82593e3512bf 770b609f4e354f7488dc470b993b134c - - default default] Successfully bumped revision number for resource 4206ef09-fb6a-4ce8-8ee3-00fef5ec4187 (type: router_ports) to 1
2026-06-03 01:08:43.469 9 INFO neutron.db.ovn_revision_numbers_db [None req-d4011fa8-6e2a-47f1-a445-a7c9aaaf6e48 a2c78cabff1f49d394cdc774da803f1f b7cf0cf2248a460c822a2e34d6e4a317 - - default default] Successfully bumped revision number for resource d6538e59-713f-426f-a5b2-e36d5d7eb4ba (type: security_group_rules) to 0
2026-06-03 01:08:43.500 9 INFO neutron.db.ovn_revision_numbers_db [None req-d4011fa8-6e2a-47f1-a445-a7c9aaaf6e48 a2c78cabff1f49d394cdc774da803f1f b7cf0cf2248a460c822a2e34d6e4a317 - - default default] Successfully bumped revision number for resource dd2cb41b-669f-411b-9d6d-4354077a52b5 (type: security_group_rules) to 0
2026-06-03 01:08:43.526 9 INFO neutron.db.ovn_revision_numbers_db [None req-d4011fa8-6e2a-47f1-a445-a7c9aaaf6e48 a2c78cabff1f49d394cdc774da803f1f b7cf0cf2248a460c822a2e34d6e4a317 - - default default] Successfully bumped revision number for resource f3625ccf-4bf8-4ab1-a80d-6a0085bc364e (type: security_group_rules) to 0
2026-06-03 01:08:43.542 9 INFO neutron.db.ovn_revision_numbers_db [None req-d4011fa8-6e2a-47f1-a445-a7c9aaaf6e48 a2c78cabff1f49d394cdc774da803f1f b7cf0cf2248a460c822a2e34d6e4a317 - - default default] Successfully bumped revision number for resource fd69b580-23b7-4ae5-befe-08068ae32ed2 (type: security_group_rules) to 0
2026-06-03 01:08:43.546 9 INFO neutron.db.ovn_revision_numbers_db [None req-cb8929a8-b9cc-4dbd-a499-4aa8e28191e2 c6c286f4804e4910ae6f82593e3512bf 770b609f4e354f7488dc470b993b134c - - default default] Successfully bumped revision number for resource e9e61ca8-89ea-42ee-a465-73fbce6d7d47 (type: routers) to 2
2026-06-03 01:08:43.562 9 INFO neutron.wsgi [None req-d4011fa8-6e2a-47f1-a445-a7c9aaaf6e48 a2c78cabff1f49d394cdc774da803f1f b7cf0cf2248a460c822a2e34d6e4a317 - - default default] 10.0.0.22 "GET /v2.0/security-groups?tenant_id=005c8970cc604b2583da7ddba867ac39&name=default HTTP/1.1" status: 200 len: 3120 time: 0.5353367
2026-06-03 01:08:43.578 9 INFO neutron.wsgi [None req-cb8929a8-b9cc-4dbd-a499-4aa8e28191e2 c6c286f4804e4910ae6f82593e3512bf 770b609f4e354f7488dc470b993b134c - - default default] 10.0.0.22 "POST /v2.0/routers HTTP/1.1" status: 201 len: 1146 time: 1.7560251
2026-06-03 01:08:43.645 9 INFO neutron.wsgi [None req-6430783b-34fc-4817-a246-afe9bcf79315 c6c286f4804e4910ae6f82593e3512bf 770b609f4e354f7488dc470b993b134c - - default default] 10.0.0.22 "GET /v2.0/routers/e9e61ca8-89ea-42ee-a465-73fbce6d7d47 HTTP/1.1" status: 200 len: 1147 time: 0.0632617
2026-06-03 01:08:43.858 10 INFO neutron.wsgi [None req-d5ae0312-d2d2-4d5f-b575-ec29f26828a9 a2c78cabff1f49d394cdc774da803f1f b7cf0cf2248a460c822a2e34d6e4a317 - - default default] 10.0.0.22 "DELETE /v2.0/security-groups/2fdf1418-8c05-4196-b289-0047fbbb35c4 HTTP/1.1" status: 204 len: 168 time: 0.2862418
2026-06-03 01:08:44.004 9 INFO neutron.wsgi [None req-44d59fda-8bcd-4c2a-9477-dc25de34c232 c6c286f4804e4910ae6f82593e3512bf 770b609f4e354f7488dc470b993b134c - - default default] 10.0.0.22 "GET /v2.0/routers HTTP/1.1" status: 200 len: 1150 time: 0.3537655
2026-06-03 01:08:44.014 10 WARNING neutron.plugins.ml2.drivers.ovn.mech_driver.ovsdb.ovn_client [None req-d254c2f5-fbc4-4d6c-bee9-11794dbcca2b - - - - - -] No hosting information found for port 73b02c5a-8519-47bd-91c4-63573bed5e69: RuntimeError: No hosting information found for port 73b02c5a-8519-47bd-91c4-63573bed5e69
2026-06-03 01:08:44.015 10 INFO neutron.plugins.ml2.drivers.ovn.mech_driver.mech_driver [None req-d254c2f5-fbc4-4d6c-bee9-11794dbcca2b - - - - - -] OVN reports status up for port: 4206ef09-fb6a-4ce8-8ee3-00fef5ec4187
2026-06-03 01:08:44.024 10 INFO neutron.plugins.ml2.plugin [None req-d254c2f5-fbc4-4d6c-bee9-11794dbcca2b - - - - - -] Attempt 1 to provision port 4206ef09-fb6a-4ce8-8ee3-00fef5ec4187
2026-06-03 01:08:44.034 10 INFO neutron.db.ovn_revision_numbers_db [None req-7e805c87-fbed-4d49-abb9-fc5b3485eddf a2c78cabff1f49d394cdc774da803f1f b7cf0cf2248a460c822a2e34d6e4a317 - - default default] Successfully bumped revision number for resource da8558af-39ed-42da-9987-7a51d58d6a75 (type: ports) to 2
2026-06-03 01:08:44.079 10 INFO neutron.db.ovn_revision_numbers_db [None req-7e805c87-fbed-4d49-abb9-fc5b3485eddf a2c78cabff1f49d394cdc774da803f1f b7cf0cf2248a460c822a2e34d6e4a317 - - default default] Successfully bumped revision number for resource 87de3829-661b-40c3-b3a8-ecb2d0ca6803 (type: subnets) to 0
2026-06-03 01:08:44.103 10 INFO neutron.wsgi [None req-7e805c87-fbed-4d49-abb9-fc5b3485eddf a2c78cabff1f49d394cdc774da803f1f b7cf0cf2248a460c822a2e34d6e4a317 - - default default] 10.0.0.22 "POST /v2.0/subnets HTTP/1.1" status: 201 len: 863 time: 1.2889888
2026-06-03 01:08:44.627 9 INFO neutron.db.ovn_revision_numbers_db [None req-2954b05a-1ef3-4f2e-a7c2-f78293c1351c c6c286f4804e4910ae6f82593e3512bf 770b609f4e354f7488dc470b993b134c - - default default] Successfully bumped revision number for resource e9e61ca8-89ea-42ee-a465-73fbce6d7d47 (type: routers) to 3
2026-06-03 01:08:44.634 9 INFO neutron.wsgi [None req-2954b05a-1ef3-4f2e-a7c2-f78293c1351c c6c286f4804e4910ae6f82593e3512bf 770b609f4e354f7488dc470b993b134c - - default default] 10.0.0.22 "PUT /v2.0/routers/e9e61ca8-89ea-42ee-a465-73fbce6d7d47 HTTP/1.1" status: 200 len: 1154 time: 0.6241496
2026-06-03 01:08:44.756 9 INFO neutron.wsgi [None req-1b34872f-2c1b-425a-85eb-9c03a4bd1d8e c6c286f4804e4910ae6f82593e3512bf 770b609f4e354f7488dc470b993b134c - - default default] 10.0.0.22 "GET /v2.0/routers/e9e61ca8-89ea-42ee-a465-73fbce6d7d47 HTTP/1.1" status: 200 len: 1154 time: 0.1176076
2026-06-03 01:08:44.774 9 WARNING neutron.scheduler.dhcp_agent_scheduler [None req-5d62b47e-63dc-40d7-ac31-b35e5fd085f2 a2c78cabff1f49d394cdc774da803f1f b7cf0cf2248a460c822a2e34d6e4a317 - - default default] No more DHCP agents
2026-06-03 01:08:44.778 9 WARNING neutron.api.rpc.agentnotifiers.dhcp_rpc_agent_api [None req-5d62b47e-63dc-40d7-ac31-b35e5fd085f2 a2c78cabff1f49d394cdc774da803f1f b7cf0cf2248a460c822a2e34d6e4a317 - - default default] Unable to schedule network 8856a006-1498-4c6b-adb8-aca6c2ef139f: no agents available; will retry on subsequent port and subnet creation events.
2026-06-03 01:08:44.785 10 INFO neutron.wsgi [None req-80b1bd29-7306-45f9-a4f5-ee43d7f7bd6a c6c286f4804e4910ae6f82593e3512bf 770b609f4e354f7488dc470b993b134c - - default default] 10.0.0.22 "GET /v2.0/ports?device_id=e9e61ca8-89ea-42ee-a465-73fbce6d7d47 HTTP/1.1" status: 200 len: 205 time: 0.0211148
2026-06-03 01:08:44.943 9 INFO neutron.db.ovn_revision_numbers_db [None req-5d62b47e-63dc-40d7-ac31-b35e5fd085f2 a2c78cabff1f49d394cdc774da803f1f b7cf0cf2248a460c822a2e34d6e4a317 - - default default] Successfully bumped revision number for resource 0ecad33b-dd49-4790-afbd-e4e7f98e69e1 (type: ports) to 1
2026-06-03 01:08:45.108 9 WARNING neutron.plugins.ml2.drivers.ovn.mech_driver.ovsdb.ovn_client [None req-3e339426-8027-42b5-8b14-f57166ed1b46 - - - - - -] No port found with ID 772edce0-0de6-425a-88b2-42f0476d1dbc: RuntimeError: No port found with ID 772edce0-0de6-425a-88b2-42f0476d1dbc
2026-06-03 01:08:45.651 10 INFO neutron.wsgi [None req-5d36a43e-7c70-413c-b4fa-2a560bd9bfb9 c6c286f4804e4910ae6f82593e3512bf 770b609f4e354f7488dc470b993b134c - - default default] 10.0.0.22 "DELETE /v2.0/routers/e9e61ca8-89ea-42ee-a465-73fbce6d7d47 HTTP/1.1" status: 204 len: 168 time: 0.8604491
2026-06-03 01:08:45.662 9 INFO neutron.plugins.ml2.drivers.ovn.mech_driver.ovsdb.commands [None req-ff57f355-0083-488f-a099-c8d17c87d6d7 - - - - - -] Schedule LRP lrp-0ecad33b-dd49-4790-afbd-e4e7f98e69e1 on gateway 4cb08b9a-c142-4949-9507-1182f231dc65 with priority 1
2026-06-03 01:08:45.679 9 INFO neutron.plugins.ml2.drivers.ovn.mech_driver.mech_driver [None req-3e339426-8027-42b5-8b14-f57166ed1b46 - - - - - -] OVN reports status up for port: 0ecad33b-dd49-4790-afbd-e4e7f98e69e1
2026-06-03 01:08:45.684 10 INFO neutron.wsgi [None req-098fffeb-2a1c-45ef-88c3-a4c5ae03dcb7 c6c286f4804e4910ae6f82593e3512bf 770b609f4e354f7488dc470b993b134c - - default default] 10.0.0.22 "GET /v2.0/ports?device_id=e9e61ca8-89ea-42ee-a465-73fbce6d7d47 HTTP/1.1" status: 200 len: 205 time: 0.0264547
2026-06-03 01:08:45.710 9 INFO neutron.plugins.ml2.drivers.ovn.mech_driver.ovsdb.ovsdb_monitor [None req-e65c09cd-328c-425d-bbce-46aebfbe51be - - - - - -] Router 643881bf-e783-4fe2-bb92-0edcb3f93d50 is bound to host instance
2026-06-03 01:08:45.712 9 INFO neutron.plugins.ml2.plugin [None req-3e339426-8027-42b5-8b14-f57166ed1b46 - - - - - -] Attempt 1 to provision port 0ecad33b-dd49-4790-afbd-e4e7f98e69e1
2026-06-03 01:08:45.748 9 INFO neutron.api.v2.resource [None req-8cb4b482-a351-4960-b645-1d78eee9959e c6c286f4804e4910ae6f82593e3512bf 770b609f4e354f7488dc470b993b134c - - default default] delete failed (client error): The resource could not be found.
2026-06-03 01:08:45.750 9 INFO neutron.wsgi [None req-8cb4b482-a351-4960-b645-1d78eee9959e c6c286f4804e4910ae6f82593e3512bf 770b609f4e354f7488dc470b993b134c - - default default] 10.0.0.22 "DELETE /v2.0/routers/e9e61ca8-89ea-42ee-a465-73fbce6d7d47 HTTP/1.1" status: 404 len: 336 time: 0.0522747
2026-06-03 01:08:45.774 9 INFO neutron.db.ovn_revision_numbers_db [None req-5d62b47e-63dc-40d7-ac31-b35e5fd085f2 a2c78cabff1f49d394cdc774da803f1f b7cf0cf2248a460c822a2e34d6e4a317 - - default default] Successfully bumped revision number for resource 0ecad33b-dd49-4790-afbd-e4e7f98e69e1 (type: router_ports) to 1
2026-06-03 01:08:45.783 10 INFO neutron.wsgi [None req-53a6d0c1-ab84-4517-b824-844e6a9577f7 c6c286f4804e4910ae6f82593e3512bf 770b609f4e354f7488dc470b993b134c - - default default] 10.0.0.22 "GET /v2.0/ports?device_id=eac1eaa6-7394-45f8-98e6-b37afe4e4118 HTTP/1.1" status: 200 len: 205 time: 0.0275269
2026-06-03 01:08:45.812 10 INFO neutron.api.v2.resource [None req-194e0216-456d-4e59-9c94-73496527088b c6c286f4804e4910ae6f82593e3512bf 770b609f4e354f7488dc470b993b134c - - default default] delete failed (client error): The resource could not be found.
2026-06-03 01:08:45.814 10 INFO neutron.wsgi [None req-194e0216-456d-4e59-9c94-73496527088b c6c286f4804e4910ae6f82593e3512bf 770b609f4e354f7488dc470b993b134c - - default default] 10.0.0.22 "DELETE /v2.0/routers/eac1eaa6-7394-45f8-98e6-b37afe4e4118 HTTP/1.1" status: 404 len: 336 time: 0.0258489
2026-06-03 01:08:45.840 10 INFO neutron.pecan_wsgi.hooks.translation [None req-78d037a7-9591-4395-bc74-cc8452c1641c c6c286f4804e4910ae6f82593e3512bf 770b609f4e354f7488dc470b993b134c - - default default] DELETE failed (client error): The resource could not be found.
2026-06-03 01:08:45.843 10 INFO neutron.wsgi [None req-78d037a7-9591-4395-bc74-cc8452c1641c c6c286f4804e4910ae6f82593e3512bf 770b609f4e354f7488dc470b993b134c - - default default] 10.0.0.22 "DELETE /v2.0/subnets/8d260a57-e509-482c-ac04-911d12173bbe HTTP/1.1" status: 404 len: 337 time: 0.0237184
2026-06-03 01:08:45.866 10 INFO neutron.wsgi [None req-8c180432-eb7c-4ea5-8ab6-f3b489c7dc07 c6c286f4804e4910ae6f82593e3512bf 770b609f4e354f7488dc470b993b134c - - default default] 10.0.0.22 "GET /v2.0/ports?device_id=836eead9-2972-4d26-a509-36380e00c6fe HTTP/1.1" status: 200 len: 205 time: 0.0192049
2026-06-03 01:08:45.895 10 INFO neutron.api.v2.resource [None req-68595c70-b53c-4455-8d04-25ac1dbc907c c6c286f4804e4910ae6f82593e3512bf 770b609f4e354f7488dc470b993b134c - - default default] delete failed (client error): The resource could not be found.
2026-06-03 01:08:45.896 10 INFO neutron.wsgi [None req-68595c70-b53c-4455-8d04-25ac1dbc907c c6c286f4804e4910ae6f82593e3512bf 770b609f4e354f7488dc470b993b134c - - default default] 10.0.0.22 "DELETE /v2.0/routers/836eead9-2972-4d26-a509-36380e00c6fe HTTP/1.1" status: 404 len: 336 time: 0.0241797
2026-06-03 01:08:45.916 10 INFO neutron.pecan_wsgi.hooks.translation [None req-66d8f35f-ee04-4ed7-969c-29f309ea44ec c6c286f4804e4910ae6f82593e3512bf 770b609f4e354f7488dc470b993b134c - - default default] DELETE failed (client error): The resource could not be found.
2026-06-03 01:08:45.919 10 INFO neutron.wsgi [None req-66d8f35f-ee04-4ed7-969c-29f309ea44ec c6c286f4804e4910ae6f82593e3512bf 770b609f4e354f7488dc470b993b134c - - default default] 10.0.0.22 "DELETE /v2.0/subnets/939cc432-a307-4b4c-8624-69c4e9e89da4 HTTP/1.1" status: 404 len: 337 time: 0.0183139
2026-06-03 01:08:45.946 10 INFO neutron.wsgi [None req-e2db69d1-de10-46b7-a4e8-0736dabd7002 c6c286f4804e4910ae6f82593e3512bf 770b609f4e354f7488dc470b993b134c - - default default] 10.0.0.22 "GET /v2.0/ports?device_id=604b205f-0bb2-4a15-bb90-72d8157f804b HTTP/1.1" status: 200 len: 205 time: 0.0223916
2026-06-03 01:08:45.974 10 INFO neutron.api.v2.resource [None req-d61eaa3d-6ce5-4bf2-8ddd-47dcd2eac31c c6c286f4804e4910ae6f82593e3512bf 770b609f4e354f7488dc470b993b134c - - default default] delete failed (client error): The resource could not be found.
2026-06-03 01:08:45.976 10 INFO neutron.wsgi [None req-d61eaa3d-6ce5-4bf2-8ddd-47dcd2eac31c c6c286f4804e4910ae6f82593e3512bf 770b609f4e354f7488dc470b993b134c - - default default] 10.0.0.22 "DELETE /v2.0/routers/604b205f-0bb2-4a15-bb90-72d8157f804b HTTP/1.1" status: 404 len: 336 time: 0.0249298
2026-06-03 01:08:45.995 10 INFO neutron.pecan_wsgi.hooks.translation [None req-5ae12787-56cd-4c34-84e4-784a60e6d510 c6c286f4804e4910ae6f82593e3512bf 770b609f4e354f7488dc470b993b134c - - default default] DELETE failed (client error): The resource could not be found.
2026-06-03 01:08:45.998 10 INFO neutron.wsgi [None req-5ae12787-56cd-4c34-84e4-784a60e6d510 c6c286f4804e4910ae6f82593e3512bf 770b609f4e354f7488dc470b993b134c - - default default] 10.0.0.22 "DELETE /v2.0/subnets/43dd9f1c-415b-4fd2-9178-a0dafdeff7e7 HTTP/1.1" status: 404 len: 337 time: 0.0171931
2026-06-03 01:08:46.019 10 INFO neutron.pecan_wsgi.hooks.translation [None req-ebeee3f7-efbe-4e61-9174-50ee77035b22 c6c286f4804e4910ae6f82593e3512bf 770b609f4e354f7488dc470b993b134c - - default default] DELETE failed (client error): The resource could not be found.
2026-06-03 01:08:46.022 10 INFO neutron.wsgi [None req-ebeee3f7-efbe-4e61-9174-50ee77035b22 c6c286f4804e4910ae6f82593e3512bf 770b609f4e354f7488dc470b993b134c - - default default] 10.0.0.22 "DELETE /v2.0/subnets/52bf4448-6ec6-4768-9abb-42ca154a70fa HTTP/1.1" status: 404 len: 337 time: 0.0194123
2026-06-03 01:08:46.213 9 INFO neutron.db.ovn_revision_numbers_db [None req-5d62b47e-63dc-40d7-ac31-b35e5fd085f2 a2c78cabff1f49d394cdc774da803f1f b7cf0cf2248a460c822a2e34d6e4a317 - - default default] Successfully bumped revision number for resource 643881bf-e783-4fe2-bb92-0edcb3f93d50 (type: routers) to 2
2026-06-03 01:08:46.243 9 INFO neutron.wsgi [None req-5d62b47e-63dc-40d7-ac31-b35e5fd085f2 a2c78cabff1f49d394cdc774da803f1f b7cf0cf2248a460c822a2e34d6e4a317 - - default default] 10.0.0.22 "POST /v2.0/routers HTTP/1.1" status: 201 len: 1165 time: 2.1345370
2026-06-03 01:08:46.614 10 INFO neutron.db.ovn_revision_numbers_db [None req-13a19a26-c6ae-4044-8812-95cf19be9c46 a2c78cabff1f49d394cdc774da803f1f b7cf0cf2248a460c822a2e34d6e4a317 - - default default] Successfully bumped revision number for resource 4381247b-2419-449b-bec0-11f6cd7aced6 (type: security_groups) to 1
2026-06-03 01:08:46.636 10 INFO neutron.db.ovn_revision_numbers_db [None req-13a19a26-c6ae-4044-8812-95cf19be9c46 a2c78cabff1f49d394cdc774da803f1f b7cf0cf2248a460c822a2e34d6e4a317 - - default default] Successfully bumped revision number for resource 29c917e9-4be3-4ca7-96fd-765438d0a267 (type: security_group_rules) to 0
2026-06-03 01:08:46.654 10 INFO neutron.db.ovn_revision_numbers_db [None req-13a19a26-c6ae-4044-8812-95cf19be9c46 a2c78cabff1f49d394cdc774da803f1f b7cf0cf2248a460c822a2e34d6e4a317 - - default default] Successfully bumped revision number for resource 7511163c-fd60-4caf-b456-e93a45a1d87d (type: security_group_rules) to 0
2026-06-03 01:08:46.678 10 INFO neutron.db.ovn_revision_numbers_db [None req-13a19a26-c6ae-4044-8812-95cf19be9c46 a2c78cabff1f49d394cdc774da803f1f b7cf0cf2248a460c822a2e34d6e4a317 - - default default] Successfully bumped revision number for resource 802fc44e-d15c-47c5-bc29-aa243ba32186 (type: security_group_rules) to 0
2026-06-03 01:08:46.699 10 INFO neutron.db.ovn_revision_numbers_db [None req-13a19a26-c6ae-4044-8812-95cf19be9c46 a2c78cabff1f49d394cdc774da803f1f b7cf0cf2248a460c822a2e34d6e4a317 - - default default] Successfully bumped revision number for resource 9e598736-d351-488c-ac8f-8be1262a9ff9 (type: security_group_rules) to 0
2026-06-03 01:08:46.739 10 INFO neutron.wsgi [None req-13a19a26-c6ae-4044-8812-95cf19be9c46 a2c78cabff1f49d394cdc774da803f1f b7cf0cf2248a460c822a2e34d6e4a317 - - default default] 10.0.0.22 "GET /v2.0/security-groups?tenant_id=2c48baa59bd2459db6da2c2b66c546d8&name=default HTTP/1.1" status: 200 len: 3120 time: 0.5718501
2026-06-03 01:08:46.802 9 INFO neutron.wsgi [None req-07f8eaad-78ff-455c-a37c-2ca0e100eb52 a2c78cabff1f49d394cdc774da803f1f b7cf0cf2248a460c822a2e34d6e4a317 - - default default] 10.0.0.22 "GET /v2.0/security-groups?tenant_id=770b609f4e354f7488dc470b993b134c&name=default HTTP/1.1" status: 200 len: 3120 time: 0.1819570
2026-06-03 01:08:46.938 9 INFO neutron.db.ovn_revision_numbers_db [None req-e65c09cd-328c-425d-bbce-46aebfbe51be - - - - - -] Successfully bumped revision number for resource 0ecad33b-dd49-4790-afbd-e4e7f98e69e1 (type: ports) to 1
2026-06-03 01:08:47.109 9 INFO neutron.wsgi [None req-50acb94c-974c-4cc0-a3e6-4eee30da052b a2c78cabff1f49d394cdc774da803f1f b7cf0cf2248a460c822a2e34d6e4a317 - - default default] 10.0.0.22 "DELETE /v2.0/security-groups/4381247b-2419-449b-bec0-11f6cd7aced6 HTTP/1.1" status: 204 len: 168 time: 0.3621547
2026-06-03 01:08:47.203 9 INFO neutron.wsgi [None req-e719a560-0b95-4ce0-9512-6a7acc181325 a2c78cabff1f49d394cdc774da803f1f b7cf0cf2248a460c822a2e34d6e4a317 - - default default] 10.0.0.22 "DELETE /v2.0/security-groups/a6b486bb-e57e-4000-af0c-2746d846a0fa HTTP/1.1" status: 204 len: 168 time: 0.3869293
2026-06-03 01:08:47.213 10 WARNING neutron.scheduler.dhcp_agent_scheduler [None req-03565047-1c6a-4c7b-bfa6-2b625b13434c a2c78cabff1f49d394cdc774da803f1f b7cf0cf2248a460c822a2e34d6e4a317 - - default default] No more DHCP agents
2026-06-03 01:08:47.218 10 WARNING neutron.api.rpc.agentnotifiers.dhcp_rpc_agent_api [None req-03565047-1c6a-4c7b-bfa6-2b625b13434c a2c78cabff1f49d394cdc774da803f1f b7cf0cf2248a460c822a2e34d6e4a317 - - default default] Unable to schedule network 3a37adee-a166-4745-9c36-ad60c9bcf70c: no agents available; will retry on subsequent port and subnet creation events.
2026-06-03 01:08:47.418 9 INFO neutron.db.ovn_revision_numbers_db [None req-e65c09cd-328c-425d-bbce-46aebfbe51be - - - - - -] Successfully bumped revision number for resource 0ecad33b-dd49-4790-afbd-e4e7f98e69e1 (type: router_ports) to 3
2026-06-03 01:08:47.429 10 INFO neutron.db.ovn_revision_numbers_db [None req-03565047-1c6a-4c7b-bfa6-2b625b13434c a2c78cabff1f49d394cdc774da803f1f b7cf0cf2248a460c822a2e34d6e4a317 - - default default] Successfully bumped revision number for resource 6ffe02e5-f052-49f3-aafa-f5a40d59c090 (type: ports) to 1
2026-06-03 01:08:47.676 9 INFO neutron.db.ovn_revision_numbers_db [None req-e65c09cd-328c-425d-bbce-46aebfbe51be - - - - - -] Successfully bumped revision number for resource 0ecad33b-dd49-4790-afbd-e4e7f98e69e1 (type: ports) to 2
2026-06-03 01:08:48.078 10 ERROR ovsdbapp.backend.ovs_idl.command [None req-03565047-1c6a-4c7b-bfa6-2b625b13434c a2c78cabff1f49d394cdc774da803f1f b7cf0cf2248a460c822a2e34d6e4a317 - - default default] Error executing command (DbGetCommand): ovsdbapp.backend.ovs_idl.idlutils.RowNotFound: Cannot find Logical_Router_Port with name=lrp-6ffe02e5-f052-49f3-aafa-f5a40d59c090
2026-06-03 01:08:48.078 10 ERROR ovsdbapp.backend.ovs_idl.command
Traceback (most recent call last):
2026-06-03 01:08:48.078 10 ERROR ovsdbapp.backend.ovs_idl.command
File "/var/lib/openstack/lib/python3.10/site-packages/ovsdbapp/backend/ovs_idl/command.py", line 47, in execute
2026-06-03 01:08:48.078 10 ERROR ovsdbapp.backend.ovs_idl.command self.run_idl(None)
2026-06-03 01:08:48.078 10 ERROR ovsdbapp.backend.ovs_idl.command
File "/var/lib/openstack/lib/python3.10/site-packages/ovsdbapp/backend/ovs_idl/command.py", line 235, in run_idl
2026-06-03 01:08:48.078 10 ERROR ovsdbapp.backend.ovs_idl.command record = self.api.lookup(self.table, self.record)
2026-06-03 01:08:48.078 10 ERROR ovsdbapp.backend.ovs_idl.command
File "/var/lib/openstack/lib/python3.10/site-packages/ovsdbapp/backend/ovs_idl/__init__.py", line 184, in lookup
2026-06-03 01:08:48.078 10 ERROR ovsdbapp.backend.ovs_idl.command return self._lookup(table, record)
2026-06-03 01:08:48.078 10 ERROR ovsdbapp.backend.ovs_idl.command
File "/var/lib/openstack/lib/python3.10/site-packages/ovsdbapp/backend/ovs_idl/__init__.py", line 235, in _lookup
2026-06-03 01:08:48.078 10 ERROR ovsdbapp.backend.ovs_idl.command row = idlutils.row_by_value(self, rl.table, rl.column, record)
2026-06-03 01:08:48.078 10 ERROR ovsdbapp.backend.ovs_idl.command
File "/var/lib/openstack/lib/python3.10/site-packages/ovsdbapp/backend/ovs_idl/idlutils.py", line 114, in row_by_value
2026-06-03 01:08:48.078 10 ERROR ovsdbapp.backend.ovs_idl.command raise RowNotFound(table=table, col=column, match=match)
2026-06-03 01:08:48.078 10 ERROR ovsdbapp.backend.ovs_idl.command ovsdbapp.backend.ovs_idl.idlutils.RowNotFound: Cannot find Logical_Router_Port with name=lrp-6ffe02e5-f052-49f3-aafa-f5a40d59c090
2026-06-03 01:08:48.078 10 ERROR ovsdbapp.backend.ovs_idl.command 
2026-06-03 01:08:48.079 10 ERROR neutron_lib.callbacks.manager [None req-03565047-1c6a-4c7b-bfa6-2b625b13434c a2c78cabff1f49d394cdc774da803f1f b7cf0cf2248a460c822a2e34d6e4a317 - - default default] Error during notification for neutron.services.ovn_l3.plugin.OVNL3RouterPlugin._port_update-8776969588454 port, after_update: ovsdbapp.backend.ovs_idl.idlutils.RowNotFound: Cannot find Logical_Router_Port with name=lrp-6ffe02e5-f052-49f3-aafa-f5a40d59c090
2026-06-03 01:08:48.079 10 ERROR neutron_lib.callbacks.manager
Traceback (most recent call last):
2026-06-03 01:08:48.079 10 ERROR neutron_lib.callbacks.manager
File "/var/lib/openstack/lib/python3.10/site-packages/neutron_lib/callbacks/manager.py", line 189, in _notify_loop
2026-06-03 01:08:48.079 10 ERROR neutron_lib.callbacks.manager callback.method(resource, event, trigger, payload=payload)
2026-06-03 01:08:48.079 10 ERROR neutron_lib.callbacks.manager
File "/var/lib/openstack/lib/python3.10/site-packages/neutron/services/ovn_l3/plugin.py", line 391, in _port_update
2026-06-03 01:08:48.079 10 ERROR neutron_lib.callbacks.manager l3plugin._ovn_client.update_router_port(context,
2026-06-03 01:08:48.079 10 ERROR neutron_lib.callbacks.manager
File "/var/lib/openstack/lib/python3.10/site-packages/neutron/plugins/ml2/drivers/ovn/mech_driver/ovsdb/ovn_client.py", line 1878, in update_router_port
2026-06-03 01:08:48.079 10 ERROR neutron_lib.callbacks.manager self._update_lrouter_port(context, port, if_exists=if_exists,
2026-06-03 01:08:48.079 10 ERROR neutron_lib.callbacks.manager
File "/var/lib/openstack/lib/python3.10/site-packages/neutron/plugins/ml2/drivers/ovn/mech_driver/ovsdb/ovn_client.py", line 1855, in _update_lrouter_port
2026-06-03 01:08:48.079 10 ERROR neutron_lib.callbacks.manager external_ids = self._nb_idl.db_get(
2026-06-03 01:08:48.079 10 ERROR neutron_lib.callbacks.manager
File "/var/lib/openstack/lib/python3.10/site-packages/ovsdbapp/backend/ovs_idl/command.py", line 47, in execute
2026-06-03 01:08:48.079 10 ERROR neutron_lib.callbacks.manager self.run_idl(None)
2026-06-03 01:08:48.079 10 ERROR neutron_lib.callbacks.manager
File "/var/lib/openstack/lib/python3.10/site-packages/ovsdbapp/backend/ovs_idl/command.py", line 235, in run_idl
2026-06-03 01:08:48.079 10 ERROR neutron_lib.callbacks.manager record = self.api.lookup(self.table, self.record)
2026-06-03 01:08:48.079 10 ERROR neutron_lib.callbacks.manager
File "/var/lib/openstack/lib/python3.10/site-packages/ovsdbapp/backend/ovs_idl/__init__.py", line 184, in lookup
2026-06-03 01:08:48.079 10 ERROR neutron_lib.callbacks.manager return self._lookup(table, record)
2026-06-03 01:08:48.079 10 ERROR neutron_lib.callbacks.manager
File "/var/lib/openstack/lib/python3.10/site-packages/ovsdbapp/backend/ovs_idl/__init__.py", line 235, in _lookup
2026-06-03 01:08:48.079 10 ERROR neutron_lib.callbacks.manager row = idlutils.row_by_value(self, rl.table, rl.column, record)
2026-06-03 01:08:48.079 10 ERROR neutron_lib.callbacks.manager
File "/var/lib/openstack/lib/python3.10/site-packages/ovsdbapp/backend/ovs_idl/idlutils.py", line 114, in row_by_value
2026-06-03 01:08:48.079 10 ERROR neutron_lib.callbacks.manager raise RowNotFound(table=table, col=column, match=match)
2026-06-03 01:08:48.079 10 ERROR neutron_lib.callbacks.manager ovsdbapp.backend.ovs_idl.idlutils.RowNotFound: Cannot find Logical_Router_Port with name=lrp-6ffe02e5-f052-49f3-aafa-f5a40d59c090
2026-06-03 01:08:48.079 10 ERROR neutron_lib.callbacks.manager 
2026-06-03 01:08:48.113 9 INFO neutron.db.ovn_revision_numbers_db [None req-e65c09cd-328c-425d-bbce-46aebfbe51be - - - - - -] Successfully bumped revision number for resource 0ecad33b-dd49-4790-afbd-e4e7f98e69e1 (type: ports) to 4
2026-06-03 01:08:48.343 9 INFO neutron.plugins.ml2.drivers.ovn.mech_driver.mech_driver [None req-3e339426-8027-42b5-8b14-f57166ed1b46 - - - - - -] OVN reports status up for port: 6ffe02e5-f052-49f3-aafa-f5a40d59c090
2026-06-03 01:08:48.345 10 INFO neutron.db.ovn_revision_numbers_db [None req-03565047-1c6a-4c7b-bfa6-2b625b13434c a2c78cabff1f49d394cdc774da803f1f b7cf0cf2248a460c822a2e34d6e4a317 - - default default] Successfully bumped revision number for resource 6ffe02e5-f052-49f3-aafa-f5a40d59c090 (type: ports) to 1
2026-06-03 01:08:48.356 9 INFO neutron.plugins.ml2.plugin [None req-3e339426-8027-42b5-8b14-f57166ed1b46 - - - - - -] Attempt 1 to provision port 6ffe02e5-f052-49f3-aafa-f5a40d59c090
2026-06-03 01:08:48.411 10 WARNING neutron.scheduler.dhcp_agent_scheduler [None req-03565047-1c6a-4c7b-bfa6-2b625b13434c a2c78cabff1f49d394cdc774da803f1f b7cf0cf2248a460c822a2e34d6e4a317 - - default default] No more DHCP agents
2026-06-03 01:08:48.412 10 WARNING neutron.api.rpc.agentnotifiers.dhcp_rpc_agent_api [None req-03565047-1c6a-4c7b-bfa6-2b625b13434c a2c78cabff1f49d394cdc774da803f1f b7cf0cf2248a460c822a2e34d6e4a317 - - default default] Unable to schedule network 3a37adee-a166-4745-9c36-ad60c9bcf70c: no agents available; will retry on subsequent port and subnet creation events.
2026-06-03 01:08:48.494 9 INFO neutron.db.ovn_revision_numbers_db [None req-e65c09cd-328c-425d-bbce-46aebfbe51be - - - - - -] Successfully bumped revision number for resource 0ecad33b-dd49-4790-afbd-e4e7f98e69e1 (type: router_ports) to 4
2026-06-03 01:08:48.897 9 INFO neutron.db.ovn_revision_numbers_db [None req-3e339426-8027-42b5-8b14-f57166ed1b46 - - - - - -] Successfully bumped revision number for resource 6ffe02e5-f052-49f3-aafa-f5a40d59c090 (type: ports) to 2
2026-06-03 01:08:49.083 10 WARNING neutron.plugins.ml2.drivers.ovn.mech_driver.ovsdb.ovn_client [None req-d254c2f5-fbc4-4d6c-bee9-11794dbcca2b - - - - - -] No port found with ID 4206ef09-fb6a-4ce8-8ee3-00fef5ec4187: RuntimeError: No port found with ID 4206ef09-fb6a-4ce8-8ee3-00fef5ec4187
2026-06-03 01:08:49.084 9 INFO neutron.db.ovn_revision_numbers_db [None req-3e339426-8027-42b5-8b14-f57166ed1b46 - - - - - -] Successfully bumped revision number for resource 6ffe02e5-f052-49f3-aafa-f5a40d59c090 (type: router_ports) to 2
2026-06-03 01:08:49.104 10 INFO neutron.db.ovn_revision_numbers_db [None req-03565047-1c6a-4c7b-bfa6-2b625b13434c a2c78cabff1f49d394cdc774da803f1f b7cf0cf2248a460c822a2e34d6e4a317 - - default default] Successfully bumped revision number for resource 6ffe02e5-f052-49f3-aafa-f5a40d59c090 (type: router_ports) to 1
2026-06-03 01:08:49.112 10 INFO neutron.wsgi [None req-03565047-1c6a-4c7b-bfa6-2b625b13434c a2c78cabff1f49d394cdc774da803f1f b7cf0cf2248a460c822a2e34d6e4a317 - - default default] 10.0.0.22 "PUT /v2.0/routers/643881bf-e783-4fe2-bb92-0edcb3f93d50/add_router_interface HTTP/1.1" status: 200 len: 503 time: 2.8631775
2026-06-03 01:08:49.402 9 WARNING neutron_lib.context [None req-70005484-8f12-43e3-8e0e-430ebf7347e3 fa4d36092e8a4fc58350fb2881394082 2e320aba51a74aac98587d719f7191a0 - - default default] Method 'is_advsvc' is deprecated since 2023.2 release (neutron-lib 3.8.0) and will be removed once support for the old RBAC API policies will be removed from Neutron. Please use method 'is_service_role' instead.
2026-06-03 01:08:49.402 9 WARNING neutron_lib.context [None req-70005484-8f12-43e3-8e0e-430ebf7347e3 fa4d36092e8a4fc58350fb2881394082 2e320aba51a74aac98587d719f7191a0 - - default default] Method 'is_advsvc' is deprecated since 2023.2 release (neutron-lib 3.8.0) and will be removed once support for the old RBAC API policies will be removed from Neutron. Please use method 'is_service_role' instead.
2026-06-03 01:08:49.560 9 INFO neutron.db.ovn_revision_numbers_db [None req-70005484-8f12-43e3-8e0e-430ebf7347e3 fa4d36092e8a4fc58350fb2881394082 2e320aba51a74aac98587d719f7191a0 - - default default] Successfully bumped revision number for resource f15a1dac-dfb9-46f1-b61a-a696a7a6d24a (type: security_groups) to 1
2026-06-03 01:08:49.577 9 INFO neutron.db.ovn_revision_numbers_db [None req-70005484-8f12-43e3-8e0e-430ebf7347e3 fa4d36092e8a4fc58350fb2881394082 2e320aba51a74aac98587d719f7191a0 - - default default] Successfully bumped revision number for resource 2ca4becc-11a9-4dc2-b20f-a13e37ef0b64 (type: security_group_rules) to 0
2026-06-03 01:08:49.593 9 INFO neutron.db.ovn_revision_numbers_db [None req-70005484-8f12-43e3-8e0e-430ebf7347e3 fa4d36092e8a4fc58350fb2881394082 2e320aba51a74aac98587d719f7191a0 - - default default] Successfully bumped revision number for resource 959fb1b1-59e8-4ed4-95a4-37c09ee05d6f (type: security_group_rules) to 0
2026-06-03 01:08:49.609 9 INFO neutron.db.ovn_revision_numbers_db [None req-70005484-8f12-43e3-8e0e-430ebf7347e3 fa4d36092e8a4fc58350fb2881394082 2e320aba51a74aac98587d719f7191a0 - - default default] Successfully bumped revision number for resource dbe3df4c-faff-42d7-b77c-7a20b81fd99b (type: security_group_rules) to 0
2026-06-03 01:08:49.624 9 INFO neutron.db.ovn_revision_numbers_db [None req-70005484-8f12-43e3-8e0e-430ebf7347e3 fa4d36092e8a4fc58350fb2881394082 2e320aba51a74aac98587d719f7191a0 - - default default] Successfully bumped revision number for resource fcf0ab81-f6ec-47fd-9373-4dd4cc2d2c9b (type: security_group_rules) to 0
2026-06-03 01:08:49.707 9 INFO neutron.db.segments_db [None req-70005484-8f12-43e3-8e0e-430ebf7347e3 fa4d36092e8a4fc58350fb2881394082 2e320aba51a74aac98587d719f7191a0 - - default default] Added segment a5c8899c-dcb1-4a58-a1d2-f9c2facf8694 of type geneve for network 61d79f87-0291-4577-862a-95544b6fc8dd
2026-06-03 01:08:49.837 9 INFO neutron.db.segments_db [None req-70005484-8f12-43e3-8e0e-430ebf7347e3 fa4d36092e8a4fc58350fb2881394082 2e320aba51a74aac98587d719f7191a0 - - default default] Added segment fac06c92-d5fb-4675-b29c-aeb9e77e2963 of type geneve for network 25f3875d-a6a6-4cb3-b5ef-b88178b8ff32
2026-06-03 01:08:49.998 10 WARNING neutron_lib.context [None req-a1eccf92-ad31-4982-9167-66c09c8949ef 0c494c530d4e41108445b9366cba3fe6 ed9d869ee1ef46feb38b89400587a4de - - default default] Method 'is_advsvc' is deprecated since 2023.2 release (neutron-lib 3.8.0) and will be removed once support for the old RBAC API policies will be removed from Neutron. Please use method 'is_service_role' instead.
2026-06-03 01:08:50.147 10 INFO neutron.db.ovn_revision_numbers_db [None req-a1eccf92-ad31-4982-9167-66c09c8949ef 0c494c530d4e41108445b9366cba3fe6 ed9d869ee1ef46feb38b89400587a4de - - default default] Successfully bumped revision number for resource 61657549-2191-49a4-9784-9c430a27fb51 (type: security_groups) to 1
2026-06-03 01:08:50.164 10 INFO neutron.db.ovn_revision_numbers_db [None req-a1eccf92-ad31-4982-9167-66c09c8949ef 0c494c530d4e41108445b9366cba3fe6 ed9d869ee1ef46feb38b89400587a4de - - default default] Successfully bumped revision number for resource 26cb50be-36bd-4ba2-8a2a-8fce9ee19ea6 (type: security_group_rules) to 0
2026-06-03 01:08:50.177 10 INFO neutron.db.ovn_revision_numbers_db [None req-a1eccf92-ad31-4982-9167-66c09c8949ef 0c494c530d4e41108445b9366cba3fe6 ed9d869ee1ef46feb38b89400587a4de - - default default] Successfully bumped revision number for resource 5d7ecd70-a5ce-4f50-915b-fe2eaab96a29 (type: security_group_rules) to 0
2026-06-03 01:08:50.196 10 INFO neutron.wsgi [None req-a1eccf92-ad31-4982-9167-66c09c8949ef 0c494c530d4e41108445b9366cba3fe6 ed9d869ee1ef46feb38b89400587a4de - - default default] 10.0.0.22 "POST /v2.0/security-groups HTTP/1.1" status: 201 len: 1875 time: 0.2043064
2026-06-03 01:08:50.208 10 WARNING neutron_lib.context [None req-2bb0412a-50c7-4e03-8562-2f25ba1dcec6 0c494c530d4e41108445b9366cba3fe6 ed9d869ee1ef46feb38b89400587a4de - - default default] Method 'is_advsvc' is deprecated since 2023.2 release (neutron-lib 3.8.0) and will be removed once support for the old RBAC API policies will be removed from Neutron. Please use method 'is_service_role' instead.
2026-06-03 01:08:50.311 9 INFO neutron.db.ovn_revision_numbers_db [None req-70005484-8f12-43e3-8e0e-430ebf7347e3 fa4d36092e8a4fc58350fb2881394082 2e320aba51a74aac98587d719f7191a0 - - default default] Successfully bumped revision number for resource 61d79f87-0291-4577-862a-95544b6fc8dd (type: networks) to 1
2026-06-03 01:08:50.386 10 INFO neutron.db.ovn_revision_numbers_db [None req-2bb0412a-50c7-4e03-8562-2f25ba1dcec6 0c494c530d4e41108445b9366cba3fe6 ed9d869ee1ef46feb38b89400587a4de - - default default] Successfully bumped revision number for resource aa2857ce-c752-4db4-9927-5c5b47b52fd8 (type: security_group_rules) to 0
2026-06-03 01:08:50.418 10 INFO neutron.wsgi [None req-2bb0412a-50c7-4e03-8562-2f25ba1dcec6 0c494c530d4e41108445b9366cba3fe6 ed9d869ee1ef46feb38b89400587a4de - - default default] 10.0.0.22 "POST /v2.0/security-group-rules HTTP/1.1" status: 201 len: 796 time: 0.2158213
2026-06-03 01:08:50.428 10 WARNING neutron_lib.context [None req-42edb21c-9d51-4454-9d06-cdd4440e20c1 0c494c530d4e41108445b9366cba3fe6 ed9d869ee1ef46feb38b89400587a4de - - default default] Method 'is_advsvc' is deprecated since 2023.2 release (neutron-lib 3.8.0) and will be removed once support for the old RBAC API policies will be removed from Neutron. Please use method 'is_service_role' instead.
2026-06-03 01:08:50.543 9 WARNING neutron.scheduler.dhcp_agent_scheduler [None req-70005484-8f12-43e3-8e0e-430ebf7347e3 fa4d36092e8a4fc58350fb2881394082 2e320aba51a74aac98587d719f7191a0 - - default default] No more DHCP agents
2026-06-03 01:08:50.546 9 WARNING neutron.api.rpc.agentnotifiers.dhcp_rpc_agent_api [None req-70005484-8f12-43e3-8e0e-430ebf7347e3 fa4d36092e8a4fc58350fb2881394082 2e320aba51a74aac98587d719f7191a0 - - default default] Unable to schedule network 61d79f87-0291-4577-862a-95544b6fc8dd: no agents available; will retry on subsequent port and subnet creation events.
2026-06-03 01:08:50.558 10 INFO neutron.db.ovn_revision_numbers_db [None req-42edb21c-9d51-4454-9d06-cdd4440e20c1 0c494c530d4e41108445b9366cba3fe6 ed9d869ee1ef46feb38b89400587a4de - - default default] Successfully bumped revision number for resource 8d3d67ea-62be-4dbe-9054-54826176ce80 (type: security_group_rules) to 0
2026-06-03 01:08:50.598 10 INFO neutron.wsgi [None req-42edb21c-9d51-4454-9d06-cdd4440e20c1 0c494c530d4e41108445b9366cba3fe6 ed9d869ee1ef46feb38b89400587a4de - - default default] 10.0.0.22 "POST /v2.0/security-group-rules HTTP/1.1" status: 201 len: 795 time: 0.1764698
2026-06-03 01:08:50.611 10 WARNING neutron_lib.context [None req-61e714e7-893b-4aba-830c-2990cd66b794 0c494c530d4e41108445b9366cba3fe6 ed9d869ee1ef46feb38b89400587a4de - - default default] Method 'is_advsvc' is deprecated since 2023.2 release (neutron-lib 3.8.0) and will be removed once support for the old RBAC API policies will be removed from Neutron. Please use method 'is_service_role' instead.
2026-06-03 01:08:50.661 9 INFO neutron.db.ovn_revision_numbers_db [None req-70005484-8f12-43e3-8e0e-430ebf7347e3 fa4d36092e8a4fc58350fb2881394082 2e320aba51a74aac98587d719f7191a0 - - default default] Successfully bumped revision number for resource fa725b91-777f-4d26-8171-c8228b5c1728 (type: ports) to 1
2026-06-03 01:08:50.736 9 INFO neutron.db.ovn_revision_numbers_db [None req-70005484-8f12-43e3-8e0e-430ebf7347e3 fa4d36092e8a4fc58350fb2881394082 2e320aba51a74aac98587d719f7191a0 - - default default] Successfully bumped revision number for resource 25f3875d-a6a6-4cb3-b5ef-b88178b8ff32 (type: networks) to 1
2026-06-03 01:08:50.767 10 INFO neutron.db.ovn_revision_numbers_db [None req-61e714e7-893b-4aba-830c-2990cd66b794 0c494c530d4e41108445b9366cba3fe6 ed9d869ee1ef46feb38b89400587a4de - - default default] Successfully bumped revision number for resource 93ef8de5-d41a-4925-996b-f7b08c866ef3 (type: security_group_rules) to 0
2026-06-03 01:08:50.802 10 INFO neutron.wsgi [None req-61e714e7-893b-4aba-830c-2990cd66b794 0c494c530d4e41108445b9366cba3fe6 ed9d869ee1ef46feb38b89400587a4de - - default default] 10.0.0.22 "POST /v2.0/security-group-rules HTTP/1.1" status: 201 len: 801 time: 0.1960433
2026-06-03 01:08:50.812 10 WARNING neutron_lib.context [None req-b7b2b228-cbdc-44eb-aee4-d70ce52a7a21 0c494c530d4e41108445b9366cba3fe6 ed9d869ee1ef46feb38b89400587a4de - - default default] Method 'is_advsvc' is deprecated since 2023.2 release (neutron-lib 3.8.0) and will be removed once support for the old RBAC API policies will be removed from Neutron. Please use method 'is_service_role' instead.
2026-06-03 01:08:50.932 9 WARNING neutron.scheduler.dhcp_agent_scheduler [None req-70005484-8f12-43e3-8e0e-430ebf7347e3 fa4d36092e8a4fc58350fb2881394082 2e320aba51a74aac98587d719f7191a0 - - default default] No more DHCP agents
2026-06-03 01:08:50.935 9 WARNING neutron.api.rpc.agentnotifiers.dhcp_rpc_agent_api [None req-70005484-8f12-43e3-8e0e-430ebf7347e3 fa4d36092e8a4fc58350fb2881394082 2e320aba51a74aac98587d719f7191a0 - - default default] Unable to schedule network 25f3875d-a6a6-4cb3-b5ef-b88178b8ff32: no agents available; will retry on subsequent port and subnet creation events.
2026-06-03 01:08:50.955 10 INFO neutron.db.ovn_revision_numbers_db [None req-b7b2b228-cbdc-44eb-aee4-d70ce52a7a21 0c494c530d4e41108445b9366cba3fe6 ed9d869ee1ef46feb38b89400587a4de - - default default] Successfully bumped revision number for resource 92a97a63-1cb1-437d-bd8c-42983e341ace (type: security_group_rules) to 0
2026-06-03 01:08:50.995 10 INFO neutron.wsgi [None req-b7b2b228-cbdc-44eb-aee4-d70ce52a7a21 0c494c530d4e41108445b9366cba3fe6 ed9d869ee1ef46feb38b89400587a4de - - default default] 10.0.0.22 "POST /v2.0/security-group-rules HTTP/1.1" status: 201 len: 800 time: 0.1891875
2026-06-03 01:08:51.010 10 WARNING neutron_lib.context [None req-d15e6a7d-1442-48e5-a4b4-416e495e412b 0c494c530d4e41108445b9366cba3fe6 ed9d869ee1ef46feb38b89400587a4de - - default default] Method 'is_advsvc' is deprecated since 2023.2 release (neutron-lib 3.8.0) and will be removed once support for the old RBAC API policies will be removed from Neutron. Please use method 'is_service_role' instead.
2026-06-03 01:08:51.071 9 INFO neutron.db.ovn_revision_numbers_db [None req-70005484-8f12-43e3-8e0e-430ebf7347e3 fa4d36092e8a4fc58350fb2881394082 2e320aba51a74aac98587d719f7191a0 - - default default] Successfully bumped revision number for resource 6a1ac3d9-26cd-4cda-b11f-e3ce29860386 (type: ports) to 1
2026-06-03 01:08:51.090 10 INFO neutron.db.securitygroups_db [None req-d15e6a7d-1442-48e5-a4b4-416e495e412b 0c494c530d4e41108445b9366cba3fe6 ed9d869ee1ef46feb38b89400587a4de - - default default] Project ed9d869ee1ef46feb38b89400587a4de added a security group rule with legacy IPv6 ICMP protocol name icmp, ipv6-icmp should be used instead. It was automatically converted.
2026-06-03 01:08:51.116 9 INFO neutron.wsgi [None req-70005484-8f12-43e3-8e0e-430ebf7347e3 fa4d36092e8a4fc58350fb2881394082 2e320aba51a74aac98587d719f7191a0 - - default default] 10.0.0.22 "POST /v2.0/networks HTTP/1.1" status: 201 len: 1445 time: 1.8278549
2026-06-03 01:08:51.248 10 INFO neutron.db.ovn_revision_numbers_db [None req-d15e6a7d-1442-48e5-a4b4-416e495e412b 0c494c530d4e41108445b9366cba3fe6 ed9d869ee1ef46feb38b89400587a4de - - default default] Successfully bumped revision number for resource 11508613-7125-4a9a-bc02-c6a97e41ed94 (type: security_group_rules) to 0
2026-06-03 01:08:51.267 9 INFO neutron.wsgi [None req-460f39ed-3f5d-4ba1-8fa9-394bba0bb0a8 fa4d36092e8a4fc58350fb2881394082 2e320aba51a74aac98587d719f7191a0 - - default default] 10.0.0.22 "GET /v2.0/networks HTTP/1.1" status: 200 len: 2051 time: 0.1450660
2026-06-03 01:08:51.293 10 INFO neutron.wsgi [None req-d15e6a7d-1442-48e5-a4b4-416e495e412b 0c494c530d4e41108445b9366cba3fe6 ed9d869ee1ef46feb38b89400587a4de - - default default] 10.0.0.22 "POST /v2.0/security-group-rules HTTP/1.1" status: 201 len: 806 time: 0.2914505
2026-06-03 01:08:51.306 9 WARNING neutron_lib.context [None req-4cc0be58-4102-4b49-9a5c-119ecf9dcf7e 0c494c530d4e41108445b9366cba3fe6 ed9d869ee1ef46feb38b89400587a4de - - default default] Method 'is_advsvc' is deprecated since 2023.2 release (neutron-lib 3.8.0) and will be removed once support for the old RBAC API policies will be removed from Neutron. Please use method 'is_service_role' instead.
2026-06-03 01:08:51.362 9 INFO neutron.db.securitygroups_db [None req-4cc0be58-4102-4b49-9a5c-119ecf9dcf7e 0c494c530d4e41108445b9366cba3fe6 ed9d869ee1ef46feb38b89400587a4de - - default default] Project ed9d869ee1ef46feb38b89400587a4de added a security group rule with legacy IPv6 ICMP protocol name icmp, ipv6-icmp should be used instead. It was automatically converted.
2026-06-03 01:08:51.486 9 INFO neutron.db.ovn_revision_numbers_db [None req-4cc0be58-4102-4b49-9a5c-119ecf9dcf7e 0c494c530d4e41108445b9366cba3fe6 ed9d869ee1ef46feb38b89400587a4de - - default default] Successfully bumped revision number for resource 92491da4-d9fc-43a9-8dcd-2ba4876d5524 (type: security_group_rules) to 0
2026-06-03 01:08:51.517 9 INFO neutron.wsgi [None req-4cc0be58-4102-4b49-9a5c-119ecf9dcf7e 0c494c530d4e41108445b9366cba3fe6 ed9d869ee1ef46feb38b89400587a4de - - default default] 10.0.0.22 "POST /v2.0/security-group-rules HTTP/1.1" status: 201 len: 805 time: 0.2180407
2026-06-03 01:08:51.662 10 WARNING neutron_lib.context [None req-0c502663-1215-42b7-9a32-5041eeb51c1b d284bce0a4de46b0adc81a37dd013ba2 c2599e35cc2b44ff8db0738993e1fbc3 - - default default] Method 'is_advsvc' is deprecated since 2023.2 release (neutron-lib 3.8.0) and will be removed once support for the old RBAC API policies will be removed from Neutron. Please use method 'is_service_role' instead.
2026-06-03 01:08:51.879 10 INFO neutron.db.ovn_revision_numbers_db [None req-0c502663-1215-42b7-9a32-5041eeb51c1b d284bce0a4de46b0adc81a37dd013ba2 c2599e35cc2b44ff8db0738993e1fbc3 - - default default] Successfully bumped revision number for resource dfa645cc-e506-48a8-89f6-d3d5f92a38d8 (type: security_groups) to 1
2026-06-03 01:08:51.901 10 INFO neutron.db.ovn_revision_numbers_db [None req-0c502663-1215-42b7-9a32-5041eeb51c1b d284bce0a4de46b0adc81a37dd013ba2 c2599e35cc2b44ff8db0738993e1fbc3 - - default default] Successfully bumped revision number for resource 14cabb22-a88a-4f56-85f1-11a3d9717b3c (type: security_group_rules) to 0
2026-06-03 01:08:51.955 10 INFO neutron.db.ovn_revision_numbers_db [None req-0c502663-1215-42b7-9a32-5041eeb51c1b d284bce0a4de46b0adc81a37dd013ba2 c2599e35cc2b44ff8db0738993e1fbc3 - - default default] Successfully bumped revision number for resource 326f687f-d14e-45ea-95f0-cc79395aff30 (type: security_group_rules) to 0
2026-06-03 01:08:51.962 10 INFO neutron.services.segments.plugin [-] Segment a5c8899c-dcb1-4a58-a1d2-f9c2facf8694 resource provider aggregate not found
2026-06-03 01:08:51.968 10 INFO neutron.services.segments.plugin [-] Segment a5c8899c-dcb1-4a58-a1d2-f9c2facf8694 resource provider aggregate not found
2026-06-03 01:08:51.970 9 WARNING neutron_lib.context [None req-ba52ca1e-8b0f-4058-9358-5a4ddf7455fa 0c494c530d4e41108445b9366cba3fe6 ed9d869ee1ef46feb38b89400587a4de - - default default] Method 'is_advsvc' is deprecated since 2023.2 release (neutron-lib 3.8.0) and will be removed once support for the old RBAC API policies will be removed from Neutron. Please use method 'is_service_role' instead.
2026-06-03 01:08:51.979 10 INFO neutron.services.segments.plugin [-] Segment a5c8899c-dcb1-4a58-a1d2-f9c2facf8694 resource provider not found; error: Placement Client Error (4xx): {"errors": [{"status": 404, "title": "Not Found", "detail": "The resource could not be found.\n\n No resource provider with uuid a5c8899c-dcb1-4a58-a1d2-f9c2facf8694 found for delete ", "request_id": "req-24ef9217-ab36-45e2-a5fc-841f2d1d64fc"}]}
2026-06-03 01:08:51.980 10 INFO neutron.db.ovn_revision_numbers_db [None req-0c502663-1215-42b7-9a32-5041eeb51c1b d284bce0a4de46b0adc81a37dd013ba2 c2599e35cc2b44ff8db0738993e1fbc3 - - default default] Successfully bumped revision number for resource 8d5706bf-1a27-4fa9-8a86-0806aa82fb24 (type: security_group_rules) to 0
2026-06-03 01:08:51.984 10 INFO neutron.services.segments.plugin [-] Segment a5c8899c-dcb1-4a58-a1d2-f9c2facf8694 resource provider not found; error: Placement Client Error (4xx): {"errors": [{"status": 404, "title": "Not Found", "detail": "The resource could not be found.\n\n No resource provider with uuid a5c8899c-dcb1-4a58-a1d2-f9c2facf8694 found for delete ", "request_id": "req-2acac525-feac-4161-99eb-2e581bfb7de1"}]}
