2026-06-03 01:11:25.250 9 INFO neutron.wsgi [req-34a1a653-6e08-452c-9ccb-9e3f6a518016 req-c748ccc3-bde9-49c5-b612-b05f233182db a40210201caa49bb93cd515aa8095e00 a78bb181ca684beda97a5b9e234ddee7 - - 27592d6e2a0a46d8aa949fa5c795dc48 27592d6e2a0a46d8aa949fa5c795dc48] 199.204.45.72 "GET /v2.0/ports?network_id=c8113e95-bab5-473f-93f4-63adf44bfb4f&device_owner=network%3Adhcp HTTP/1.1" status: 200 len: 210 time: 0.0235269
2026-06-03 01:11:25.295 10 INFO neutron.wsgi [None req-014d8151-df8a-40c2-9bbd-a7dcc03defc9 a2c78cabff1f49d394cdc774da803f1f b7cf0cf2248a460c822a2e34d6e4a317 - - default default] 199.204.45.72 "GET /v2.0/ports/1a2a08dc-6442-4871-8376-bff2207551c1 HTTP/1.1" status: 200 len: 1639 time: 0.0450642
2026-06-03 01:11:25.320 9 INFO neutron.wsgi [req-34a1a653-6e08-452c-9ccb-9e3f6a518016 req-63a636f6-1fde-4116-ac5e-9a6eeb96e7f5 a40210201caa49bb93cd515aa8095e00 a78bb181ca684beda97a5b9e234ddee7 - - 27592d6e2a0a46d8aa949fa5c795dc48 27592d6e2a0a46d8aa949fa5c795dc48] 199.204.45.72 "GET /v2.0/networks/c8113e95-bab5-473f-93f4-63adf44bfb4f?fields=segments HTTP/1.1" status: 200 len: 212 time: 0.0628655
2026-06-03 01:11:25.323 10 INFO neutron.db.ovn_revision_numbers_db [None req-d254c2f5-fbc4-4d6c-bee9-11794dbcca2b - - - - - -] Successfully bumped revision number for resource 1a2a08dc-6442-4871-8376-bff2207551c1 (type: ports) to 4
2026-06-03 01:11:25.393 9 INFO neutron.wsgi [req-34a1a653-6e08-452c-9ccb-9e3f6a518016 req-3e683d65-0ff3-48f6-948f-961857cfb610 a40210201caa49bb93cd515aa8095e00 a78bb181ca684beda97a5b9e234ddee7 - - 27592d6e2a0a46d8aa949fa5c795dc48 27592d6e2a0a46d8aa949fa5c795dc48] 199.204.45.72 "GET /v2.0/networks/c8113e95-bab5-473f-93f4-63adf44bfb4f?fields=provider%3Aphysical_network&fields=provider%3Anetwork_type HTTP/1.1" status: 200 len: 277 time: 0.0649123
2026-06-03 01:11:25.766 10 INFO neutron.db.ovn_revision_numbers_db [None req-df1fcd83-2226-464c-9a54-3de5ab3541bb a2c78cabff1f49d394cdc774da803f1f b7cf0cf2248a460c822a2e34d6e4a317 - - default default] Successfully bumped revision number for resource 1a2a08dc-6442-4871-8376-bff2207551c1 (type: ports) to 5
2026-06-03 01:11:25.783 10 INFO neutron.wsgi [None req-df1fcd83-2226-464c-9a54-3de5ab3541bb a2c78cabff1f49d394cdc774da803f1f b7cf0cf2248a460c822a2e34d6e4a317 - - default default] 199.204.45.72 "PUT /v2.0/ports/1a2a08dc-6442-4871-8376-bff2207551c1 HTTP/1.1" status: 200 len: 1378 time: 0.4812248 /var/lib/openstack/lib/python3.10/site-packages/pycadf/identifier.py:71: UserWarning: Invalid uuid: neutron. To ensure interoperability, identifiers should be a valid uuid. warnings.warn(('Invalid uuid: %s. To ensure interoperability, '
2026-06-03 01:11:25.856 10 INFO neutron.wsgi [None req-c1bc5b91-ffcd-4e32-adc2-2962395aeea6 a2c78cabff1f49d394cdc774da803f1f b7cf0cf2248a460c822a2e34d6e4a317 - - default default] 199.204.45.72 "GET /v2.0/networks/c8113e95-bab5-473f-93f4-63adf44bfb4f HTTP/1.1" status: 200 len: 999 time: 0.0648818
2026-06-03 01:11:25.895 10 INFO neutron.wsgi [None req-6ce66fcc-51a7-44d9-985f-5242d945cb95 a2c78cabff1f49d394cdc774da803f1f b7cf0cf2248a460c822a2e34d6e4a317 - - default default] 199.204.45.72 "GET /v2.0/subnets/e915b316-6b37-4c2d-b7db-88d9e558fd61 HTTP/1.1" status: 200 len: 849 time: 0.0328708
2026-06-03 01:11:26.007 10 INFO neutron.wsgi [None req-15ab6454-dee8-41c4-9016-5bfbf5904c2b a2c78cabff1f49d394cdc774da803f1f b7cf0cf2248a460c822a2e34d6e4a317 - - default default] 199.204.45.72 "GET /v2.0/extensions/security-group HTTP/1.1" status: 200 len: 369 time: 0.0089872
2026-06-03 01:11:26.016 10 INFO neutron.wsgi [None req-9f02a2f6-6b97-4e05-9ba6-1301f4ff03d3 a2c78cabff1f49d394cdc774da803f1f b7cf0cf2248a460c822a2e34d6e4a317 - - default default] 199.204.45.72 "GET /v2.0/extensions/dns-integration HTTP/1.1" status: 200 len: 371 time: 0.0037475
2026-06-03 01:11:26.024 10 INFO neutron.wsgi [None req-cb2a208f-b86e-4d79-9562-c6019be91906 a2c78cabff1f49d394cdc774da803f1f b7cf0cf2248a460c822a2e34d6e4a317 - - default default] 199.204.45.72 "GET /v2.0/extensions/qos HTTP/1.1" status: 200 len: 365 time: 0.0045331
2026-06-03 01:11:26.032 10 INFO neutron.wsgi [None req-285aaa25-a64c-4b2a-afd0-b59e019b159a a2c78cabff1f49d394cdc774da803f1f b7cf0cf2248a460c822a2e34d6e4a317 - - default default] 199.204.45.72 "GET /v2.0/extensions/allowed-address-pairs HTTP/1.1" status: 200 len: 383 time: 0.0049584
2026-06-03 01:11:26.084 10 INFO neutron.wsgi [None req-4714e24f-197b-43dc-93cc-b85fc1a7850f a2c78cabff1f49d394cdc774da803f1f b7cf0cf2248a460c822a2e34d6e4a317 - - default default] 199.204.45.72 "GET /v2.0/subnets/b8b02666-1bd5-4e39-89d6-747121e385bd HTTP/1.1" status: 200 len: 851 time: 0.0475993
2026-06-03 01:11:26.131 10 INFO neutron.wsgi [None req-de5c7280-9e75-45c9-a166-96e1ff72ef92 a2c78cabff1f49d394cdc774da803f1f b7cf0cf2248a460c822a2e34d6e4a317 - - default default] 199.204.45.72 "GET /v2.0/ports/56ac7342-69e3-43a9-907d-cc262cebc6fd HTTP/1.1" status: 200 len: 1336 time: 0.0408587
2026-06-03 01:11:26.169 10 INFO neutron.wsgi [None req-2681d05b-ac16-4311-a6b3-5a63e76be86e a2c78cabff1f49d394cdc774da803f1f b7cf0cf2248a460c822a2e34d6e4a317 - - default default] 199.204.45.72 "GET /v2.0/ports/67c8c1fd-f34e-42dd-a798-ffc3acbcb4e7 HTTP/1.1" status: 200 len: 1514 time: 0.0328386
2026-06-03 01:11:26.213 10 INFO neutron.wsgi [None req-8b86041c-f4b0-4aab-93fe-eeafcd0acf1b a2c78cabff1f49d394cdc774da803f1f b7cf0cf2248a460c822a2e34d6e4a317 - - default default] 199.204.45.72 "GET /v2.0/subnets/b8b02666-1bd5-4e39-89d6-747121e385bd HTTP/1.1" status: 200 len: 851 time: 0.0366893
2026-06-03 01:11:26.273 10 INFO neutron.wsgi [None req-fd52ac31-35c8-4aff-9e25-f053d3308303 a2c78cabff1f49d394cdc774da803f1f b7cf0cf2248a460c822a2e34d6e4a317 - - default default] 199.204.45.72 "GET /v2.0/networks/45da26ae-60d3-4d9e-89a9-f4ef1d9631a7 HTTP/1.1" status: 200 len: 1001 time: 0.0533946
2026-06-03 01:11:26.325 10 INFO neutron.wsgi [None req-9bcf8705-dacb-4bce-9615-f904e700567f a2c78cabff1f49d394cdc774da803f1f b7cf0cf2248a460c822a2e34d6e4a317 - - default default] 199.204.45.72 "GET /v2.0/ports/56ac7342-69e3-43a9-907d-cc262cebc6fd HTTP/1.1" status: 200 len: 1336 time: 0.0424457
2026-06-03 01:11:26.374 10 INFO neutron.wsgi [None req-ea19d478-70ea-4da7-8ccb-a9c1cbea65d2 a2c78cabff1f49d394cdc774da803f1f b7cf0cf2248a460c822a2e34d6e4a317 - - default default] 199.204.45.72 "GET /v2.0/subnets/b8b02666-1bd5-4e39-89d6-747121e385bd HTTP/1.1" status: 200 len: 851 time: 0.0391748
2026-06-03 01:11:27.168 10 INFO neutron.notifiers.nova [-] Nova event matching ['req-e2abd562-d179-43d7-bac6-2f4fbcd65105'] response: {'server_uuid': '40292f59-e95c-4d3c-b719-15c7daeebc58', 'name': 'network-vif-plugged', 'status': 'completed', 'tag': '1a2a08dc-6442-4871-8376-bff2207551c1', 'code': 200}
2026-06-03 01:11:27.168 10 INFO neutron.notifiers.nova [-] Nova event matching ['req-e2abd562-d179-43d7-bac6-2f4fbcd65105'] response: {'name': 'network-changed', 'server_uuid': '40292f59-e95c-4d3c-b719-15c7daeebc58', 'tag': '1a2a08dc-6442-4871-8376-bff2207551c1', 'status': 'completed', 'code': 200}
2026-06-03 01:11:27.248 9 INFO neutron.wsgi [req-4c9fc8ac-8c5c-4e79-b81f-3343b9b6ae3d req-1e4c1d4f-04f4-4ce6-85ce-3ef65e1aa212 a40210201caa49bb93cd515aa8095e00 a78bb181ca684beda97a5b9e234ddee7 - - 27592d6e2a0a46d8aa949fa5c795dc48 27592d6e2a0a46d8aa949fa5c795dc48] 199.204.45.72 "GET /v2.0/ports?tenant_id=b7cf0cf2248a460c822a2e34d6e4a317&device_id=40292f59-e95c-4d3c-b719-15c7daeebc58 HTTP/1.1" status: 200 len: 5111 time: 0.0508332
2026-06-03 01:11:27.320 9 INFO neutron.wsgi [req-4c9fc8ac-8c5c-4e79-b81f-3343b9b6ae3d req-a2eb6d46-d326-4b59-88bb-39f41ed15a33 a40210201caa49bb93cd515aa8095e00 a78bb181ca684beda97a5b9e234ddee7 - - 27592d6e2a0a46d8aa949fa5c795dc48 27592d6e2a0a46d8aa949fa5c795dc48] 199.204.45.72 "GET /v2.0/networks?id=c8113e95-bab5-473f-93f4-63adf44bfb4f HTTP/1.1" status: 200 len: 1002 time: 0.0661952
2026-06-03 01:11:27.355 9 INFO neutron.wsgi [req-4c9fc8ac-8c5c-4e79-b81f-3343b9b6ae3d req-2dc25148-7760-467f-b587-2cee259224d4 a40210201caa49bb93cd515aa8095e00 a78bb181ca684beda97a5b9e234ddee7 - - 27592d6e2a0a46d8aa949fa5c795dc48 27592d6e2a0a46d8aa949fa5c795dc48] 199.204.45.72 "GET /v2.0/floatingips?fixed_ip_address=10.2.2.214&port_id=1a2a08dc-6442-4871-8376-bff2207551c1 HTTP/1.1" status: 200 len: 217 time: 0.0277727
2026-06-03 01:11:27.406 9 INFO neutron.wsgi [req-4c9fc8ac-8c5c-4e79-b81f-3343b9b6ae3d req-e81709be-5afc-4248-8cbc-7d69111b2db5 a40210201caa49bb93cd515aa8095e00 a78bb181ca684beda97a5b9e234ddee7 - - 27592d6e2a0a46d8aa949fa5c795dc48 27592d6e2a0a46d8aa949fa5c795dc48] 199.204.45.72 "GET /v2.0/subnets?id=e915b316-6b37-4c2d-b7db-88d9e558fd61 HTTP/1.1" status: 200 len: 852 time: 0.0431972
2026-06-03 01:11:27.435 9 INFO neutron.wsgi [req-4c9fc8ac-8c5c-4e79-b81f-3343b9b6ae3d req-ea4eb32d-135d-4446-aa96-e7726ad078ed a40210201caa49bb93cd515aa8095e00 a78bb181ca684beda97a5b9e234ddee7 - - 27592d6e2a0a46d8aa949fa5c795dc48 27592d6e2a0a46d8aa949fa5c795dc48] 199.204.45.72 "GET /v2.0/ports?network_id=c8113e95-bab5-473f-93f4-63adf44bfb4f&device_owner=network%3Adhcp HTTP/1.1" status: 200 len: 210 time: 0.0230567
2026-06-03 01:11:27.510 9 INFO neutron.wsgi [req-4c9fc8ac-8c5c-4e79-b81f-3343b9b6ae3d req-6f537375-7087-4e5e-b912-c4c3d9b91200 a40210201caa49bb93cd515aa8095e00 a78bb181ca684beda97a5b9e234ddee7 - - 27592d6e2a0a46d8aa949fa5c795dc48 27592d6e2a0a46d8aa949fa5c795dc48] 199.204.45.72 "GET /v2.0/networks/c8113e95-bab5-473f-93f4-63adf44bfb4f?fields=segments HTTP/1.1" status: 200 len: 212 time: 0.0659258
2026-06-03 01:11:27.578 9 INFO neutron.wsgi [req-4c9fc8ac-8c5c-4e79-b81f-3343b9b6ae3d req-e9e61a78-a241-40f2-a691-646ef30ab2d0 a40210201caa49bb93cd515aa8095e00 a78bb181ca684beda97a5b9e234ddee7 - - 27592d6e2a0a46d8aa949fa5c795dc48 27592d6e2a0a46d8aa949fa5c795dc48] 199.204.45.72 "GET /v2.0/networks/c8113e95-bab5-473f-93f4-63adf44bfb4f?fields=provider%3Aphysical_network&fields=provider%3Anetwork_type HTTP/1.1" status: 200 len: 277 time: 0.0602970
2026-06-03 01:11:30.780 9 INFO neutron.wsgi [req-de76f052-d726-4305-aacf-0e8ae4d5d89d req-6e0f272d-b7c2-46b6-a7e5-c448713766b8 a40210201caa49bb93cd515aa8095e00 a78bb181ca684beda97a5b9e234ddee7 - - 27592d6e2a0a46d8aa949fa5c795dc48 27592d6e2a0a46d8aa949fa5c795dc48] 199.204.45.72 "GET /v2.0/ports?device_id=1b284a5b-4556-440c-91df-d7a7eea374f2&fields=binding%3Ahost_id&fields=binding%3Avif_type HTTP/1.1" status: 200 len: 265 time: 0.0403016
2026-06-03 01:11:30.831 9 INFO neutron.wsgi [req-de76f052-d726-4305-aacf-0e8ae4d5d89d req-9eaf96d7-f779-453d-9cbd-cf9e7affb595 a40210201caa49bb93cd515aa8095e00 a78bb181ca684beda97a5b9e234ddee7 - - 27592d6e2a0a46d8aa949fa5c795dc48 27592d6e2a0a46d8aa949fa5c795dc48] 199.204.45.72 "GET /v2.0/ports?tenant_id=c2599e35cc2b44ff8db0738993e1fbc3&device_id=1b284a5b-4556-440c-91df-d7a7eea374f2 HTTP/1.1" status: 200 len: 1638 time: 0.0357351
2026-06-03 01:11:30.913 9 INFO neutron.wsgi [req-de76f052-d726-4305-aacf-0e8ae4d5d89d req-0b017e97-d4ee-4e56-bdb5-df92c4f18487 a40210201caa49bb93cd515aa8095e00 a78bb181ca684beda97a5b9e234ddee7 - - 27592d6e2a0a46d8aa949fa5c795dc48 27592d6e2a0a46d8aa949fa5c795dc48] 199.204.45.72 "GET /v2.0/networks?id=c8113e95-bab5-473f-93f4-63adf44bfb4f HTTP/1.1" status: 200 len: 1002 time: 0.0585778
2026-06-03 01:11:30.966 9 INFO neutron.wsgi [req-de76f052-d726-4305-aacf-0e8ae4d5d89d req-5f38acd4-eb6c-4c6c-949a-92e2201a4dc5 a40210201caa49bb93cd515aa8095e00 a78bb181ca684beda97a5b9e234ddee7 - - 27592d6e2a0a46d8aa949fa5c795dc48 27592d6e2a0a46d8aa949fa5c795dc48] 199.204.45.72 "GET /v2.0/floatingips?fixed_ip_address=10.2.2.63&port_id=6ed35792-14f7-46a8-bd8c-591235fc2513 HTTP/1.1" status: 200 len: 1058 time: 0.0482388
2026-06-03 01:11:30.999 9 INFO neutron.wsgi [req-de76f052-d726-4305-aacf-0e8ae4d5d89d req-1940ab1f-0056-496f-9950-804d4cee957a a40210201caa49bb93cd515aa8095e00 a78bb181ca684beda97a5b9e234ddee7 - - 27592d6e2a0a46d8aa949fa5c795dc48 27592d6e2a0a46d8aa949fa5c795dc48] 199.204.45.72 "GET /v2.0/floatingips?fixed_ip_address=fd77%3A1457%3A4cf0%3A26a8%3A%3A371&port_id=6ed35792-14f7-46a8-bd8c-591235fc2513 HTTP/1.1" status: 200 len: 217 time: 0.0251441
2026-06-03 01:11:31.036 9 INFO neutron.wsgi [req-de76f052-d726-4305-aacf-0e8ae4d5d89d req-9c4341b4-e703-4904-93a3-af39562edcc0 a40210201caa49bb93cd515aa8095e00 a78bb181ca684beda97a5b9e234ddee7 - - 27592d6e2a0a46d8aa949fa5c795dc48 27592d6e2a0a46d8aa949fa5c795dc48] 199.204.45.72 "GET /v2.0/subnets?id=2d2d37c6-9314-4039-9224-8b14af4274af&id=e915b316-6b37-4c2d-b7db-88d9e558fd61 HTTP/1.1" status: 200 len: 1564 time: 0.0315075
2026-06-03 01:11:31.065 9 INFO neutron.wsgi [req-de76f052-d726-4305-aacf-0e8ae4d5d89d req-94ce24b3-da61-4f5a-aa86-999cf3c8b25a a40210201caa49bb93cd515aa8095e00 a78bb181ca684beda97a5b9e234ddee7 - - 27592d6e2a0a46d8aa949fa5c795dc48 27592d6e2a0a46d8aa949fa5c795dc48] 199.204.45.72 "GET /v2.0/ports?network_id=c8113e95-bab5-473f-93f4-63adf44bfb4f&device_owner=network%3Adhcp HTTP/1.1" status: 200 len: 210 time: 0.0220292
2026-06-03 01:11:31.092 9 INFO neutron.wsgi [req-de76f052-d726-4305-aacf-0e8ae4d5d89d req-f92c97c0-b6fd-4e15-845b-de792f1f054c a40210201caa49bb93cd515aa8095e00 a78bb181ca684beda97a5b9e234ddee7 - - 27592d6e2a0a46d8aa949fa5c795dc48 27592d6e2a0a46d8aa949fa5c795dc48] 199.204.45.72 "GET /v2.0/ports?network_id=c8113e95-bab5-473f-93f4-63adf44bfb4f&device_owner=network%3Adhcp HTTP/1.1" status: 200 len: 210 time: 0.0208757
2026-06-03 01:11:31.156 9 INFO neutron.wsgi [req-de76f052-d726-4305-aacf-0e8ae4d5d89d req-7bf32da4-2e23-4650-87bd-1d6c5fd2f455 a40210201caa49bb93cd515aa8095e00 a78bb181ca684beda97a5b9e234ddee7 - - 27592d6e2a0a46d8aa949fa5c795dc48 27592d6e2a0a46d8aa949fa5c795dc48] 199.204.45.72 "GET /v2.0/networks/c8113e95-bab5-473f-93f4-63adf44bfb4f?fields=segments HTTP/1.1" status: 200 len: 212 time: 0.0557413
2026-06-03 01:11:31.240 9 INFO neutron.wsgi [req-de76f052-d726-4305-aacf-0e8ae4d5d89d req-932c9b8f-5ea4-4c6f-9707-69d9993179a7 a40210201caa49bb93cd515aa8095e00 a78bb181ca684beda97a5b9e234ddee7 - - 27592d6e2a0a46d8aa949fa5c795dc48 27592d6e2a0a46d8aa949fa5c795dc48] 199.204.45.72 "GET /v2.0/networks/c8113e95-bab5-473f-93f4-63adf44bfb4f?fields=provider%3Aphysical_network&fields=provider%3Anetwork_type HTTP/1.1" status: 200 len: 277 time: 0.0745096
2026-06-03 01:11:35.660 10 INFO neutron.wsgi [None req-2e3f0a7e-02d8-41d6-b471-383d9ac35d5f a2c78cabff1f49d394cdc774da803f1f b7cf0cf2248a460c822a2e34d6e4a317 - - default default] 199.204.45.72 "GET /v2.0/extensions/security-group HTTP/1.1" status: 200 len: 369 time: 0.0061295
2026-06-03 01:11:35.668 10 INFO neutron.wsgi [None req-06dcf64a-36c4-4bcc-aae4-9c84647c29d9 a2c78cabff1f49d394cdc774da803f1f b7cf0cf2248a460c822a2e34d6e4a317 - - default default] 199.204.45.72 "GET /v2.0/extensions/dns-integration HTTP/1.1" status: 200 len: 371 time: 0.0047910
2026-06-03 01:11:35.682 10 INFO neutron.wsgi [None req-70f69ce8-f51d-464e-9c4e-1b0fed2009ab a2c78cabff1f49d394cdc774da803f1f b7cf0cf2248a460c822a2e34d6e4a317 - - default default] 199.204.45.72 "GET /v2.0/extensions/qos HTTP/1.1" status: 200 len: 365 time: 0.0097458
2026-06-03 01:11:35.693 10 INFO neutron.wsgi [None req-c0da4be8-cfca-4825-ba79-a096fd014a2c a2c78cabff1f49d394cdc774da803f1f b7cf0cf2248a460c822a2e34d6e4a317 - - default default] 199.204.45.72 "GET /v2.0/extensions/allowed-address-pairs HTTP/1.1" status: 200 len: 383 time: 0.0047708
2026-06-03 01:11:35.735 10 INFO neutron.wsgi [None req-2e2c589e-e8ab-4feb-af5c-638a2c729df5 a2c78cabff1f49d394cdc774da803f1f b7cf0cf2248a460c822a2e34d6e4a317 - - default default] 199.204.45.72 "GET /v2.0/subnets/9c745162-ae36-4cfa-b67c-d7124aaa99eb HTTP/1.1" status: 200 len: 849 time: 0.0370831
2026-06-03 01:11:35.800 10 INFO neutron.wsgi [None req-a8b9d3fe-c527-49c4-aace-905df7f064fb a2c78cabff1f49d394cdc774da803f1f b7cf0cf2248a460c822a2e34d6e4a317 - - default default] 199.204.45.72 "GET /v2.0/ports?device_id=40292f59-e95c-4d3c-b719-15c7daeebc58 HTTP/1.1" status: 200 len: 5111 time: 0.0558004
2026-06-03 01:11:35.961 10 INFO neutron.wsgi [None req-50f2258b-05e1-45d9-af6a-b519caac35b8 a2c78cabff1f49d394cdc774da803f1f b7cf0cf2248a460c822a2e34d6e4a317 - - default default] 199.204.45.72 "GET /v2.0/extensions/security-group HTTP/1.1" status: 200 len: 369 time: 0.0059316
2026-06-03 01:11:35.971 10 INFO neutron.wsgi [None req-fdde9c39-0750-4375-81c6-9bf62b986ada a2c78cabff1f49d394cdc774da803f1f b7cf0cf2248a460c822a2e34d6e4a317 - - default default] 199.204.45.72 "GET /v2.0/extensions/dns-integration HTTP/1.1" status: 200 len: 371 time: 0.0052969
2026-06-03 01:11:35.980 10 INFO neutron.wsgi [None req-0c8ad2a8-db28-4f0a-958c-cb693627db4a a2c78cabff1f49d394cdc774da803f1f b7cf0cf2248a460c822a2e34d6e4a317 - - default default] 199.204.45.72 "GET /v2.0/extensions/qos HTTP/1.1" status: 200 len: 365 time: 0.0054379
2026-06-03 01:11:35.992 10 INFO neutron.wsgi [None req-d4a9c21e-da7a-4aa3-8473-dd6f3cce8d26 a2c78cabff1f49d394cdc774da803f1f b7cf0cf2248a460c822a2e34d6e4a317 - - default default] 199.204.45.72 "GET /v2.0/extensions/allowed-address-pairs HTTP/1.1" status: 200 len: 383 time: 0.0062037
2026-06-03 01:11:36.037 10 INFO neutron.wsgi [None req-c27e7b3d-95a5-4a29-8afe-6c693f7bfbb1 a2c78cabff1f49d394cdc774da803f1f b7cf0cf2248a460c822a2e34d6e4a317 - - default default] 199.204.45.72 "GET /v2.0/ports/1a2a08dc-6442-4871-8376-bff2207551c1 HTTP/1.1" status: 200 len: 1406 time: 0.0397928
2026-06-03 01:11:36.815 10 INFO neutron.db.ovn_revision_numbers_db [None req-7652937d-877a-4d5f-a381-0ddebd1bcd37 a2c78cabff1f49d394cdc774da803f1f b7cf0cf2248a460c822a2e34d6e4a317 - - default default] Successfully bumped revision number for resource 1a2a08dc-6442-4871-8376-bff2207551c1 (type: ports) to 6
2026-06-03 01:11:36.828 10 INFO neutron.wsgi [None req-7652937d-877a-4d5f-a381-0ddebd1bcd37 a2c78cabff1f49d394cdc774da803f1f b7cf0cf2248a460c822a2e34d6e4a317 - - default default] 199.204.45.72 "PUT /v2.0/ports/1a2a08dc-6442-4871-8376-bff2207551c1 HTTP/1.1" status: 200 len: 1203 time: 0.7837081 /var/lib/openstack/lib/python3.10/site-packages/pycadf/identifier.py:71: UserWarning: Invalid uuid: neutron. To ensure interoperability, identifiers should be a valid uuid. warnings.warn(('Invalid uuid: %s. To ensure interoperability, '
2026-06-03 01:11:36.863 10 INFO neutron.notifiers.nova [-] Nova event matching ['req-a52f98b3-8116-489d-877c-4f80967b20ce'] response: {'name': 'network-changed', 'server_uuid': '40292f59-e95c-4d3c-b719-15c7daeebc58', 'tag': '1a2a08dc-6442-4871-8376-bff2207551c1', 'status': 'completed', 'code': 200}
2026-06-03 01:11:36.893 10 INFO neutron.wsgi [None req-64aa3075-5e7c-4418-b2aa-53a93d1a31c9 a2c78cabff1f49d394cdc774da803f1f b7cf0cf2248a460c822a2e34d6e4a317 - - default default] 199.204.45.72 "GET /v2.0/networks/c8113e95-bab5-473f-93f4-63adf44bfb4f HTTP/1.1" status: 200 len: 999 time: 0.0566912
2026-06-03 01:11:36.938 9 INFO neutron.wsgi [req-4f5fcc98-6951-4319-94d5-3d7ccf38987e req-a6c09d19-761a-4942-9570-0fac97278656 a40210201caa49bb93cd515aa8095e00 a78bb181ca684beda97a5b9e234ddee7 - - 27592d6e2a0a46d8aa949fa5c795dc48 27592d6e2a0a46d8aa949fa5c795dc48] 199.204.45.72 "GET /v2.0/ports?tenant_id=b7cf0cf2248a460c822a2e34d6e4a317&device_id=40292f59-e95c-4d3c-b719-15c7daeebc58 HTTP/1.1" status: 200 len: 4936 time: 0.0533547
2026-06-03 01:11:36.948 10 INFO neutron.wsgi [None req-a5242cb1-f4b0-48c5-a48a-5ad54c93e60d a2c78cabff1f49d394cdc774da803f1f b7cf0cf2248a460c822a2e34d6e4a317 - - default default] 199.204.45.72 "GET /v2.0/ports?device_id=40292f59-e95c-4d3c-b719-15c7daeebc58 HTTP/1.1" status: 200 len: 4936 time: 0.0485840
2026-06-03 01:11:37.003 9 INFO neutron.wsgi [req-4f5fcc98-6951-4319-94d5-3d7ccf38987e req-cca8b2ef-f086-4c9a-a7f4-f08d9601ffd9 a40210201caa49bb93cd515aa8095e00 a78bb181ca684beda97a5b9e234ddee7 - - 27592d6e2a0a46d8aa949fa5c795dc48 27592d6e2a0a46d8aa949fa5c795dc48] 199.204.45.72 "GET /v2.0/networks?id=c8113e95-bab5-473f-93f4-63adf44bfb4f HTTP/1.1" status: 200 len: 1002 time: 0.0605044
2026-06-03 01:11:37.070 9 INFO neutron.wsgi [req-4f5fcc98-6951-4319-94d5-3d7ccf38987e req-fe6b6144-a81c-4a03-83ae-0a2c6c4fca21 a40210201caa49bb93cd515aa8095e00 a78bb181ca684beda97a5b9e234ddee7 - - 27592d6e2a0a46d8aa949fa5c795dc48 27592d6e2a0a46d8aa949fa5c795dc48] 199.204.45.72 "GET /v2.0/networks/c8113e95-bab5-473f-93f4-63adf44bfb4f?fields=segments HTTP/1.1" status: 200 len: 212 time: 0.0551593
2026-06-03 01:11:37.083 10 INFO neutron.wsgi [None req-99c486eb-f59e-4a85-b9fb-38ea9ffb171f a2c78cabff1f49d394cdc774da803f1f b7cf0cf2248a460c822a2e34d6e4a317 - - default default] 199.204.45.72 "GET /v2.0/ports?device_id=40292f59-e95c-4d3c-b719-15c7daeebc58 HTTP/1.1" status: 200 len: 4936 time: 0.0526979
2026-06-03 01:11:37.142 9 INFO neutron.wsgi [req-4f5fcc98-6951-4319-94d5-3d7ccf38987e req-820e7b98-361a-4c9d-b720-f4eb7c45c7b6 a40210201caa49bb93cd515aa8095e00 a78bb181ca684beda97a5b9e234ddee7 - - 27592d6e2a0a46d8aa949fa5c795dc48 27592d6e2a0a46d8aa949fa5c795dc48] 199.204.45.72 "GET /v2.0/networks/c8113e95-bab5-473f-93f4-63adf44bfb4f?fields=provider%3Aphysical_network&fields=provider%3Anetwork_type HTTP/1.1" status: 200 len: 277 time: 0.0670717
2026-06-03 01:11:37.350 10 INFO neutron.plugins.ml2.drivers.ovn.mech_driver.mech_driver [None req-d254c2f5-fbc4-4d6c-bee9-11794dbcca2b - - - - - -] OVN reports status down for port: 1a2a08dc-6442-4871-8376-bff2207551c1
2026-06-03 01:11:37.650 10 INFO neutron.db.ovn_revision_numbers_db [None req-d254c2f5-fbc4-4d6c-bee9-11794dbcca2b - - - - - -] Successfully bumped revision number for resource 1a2a08dc-6442-4871-8376-bff2207551c1 (type: ports) to 7 /var/lib/openstack/lib/python3.10/site-packages/pycadf/identifier.py:71: UserWarning: Invalid uuid: neutron. To ensure interoperability, identifiers should be a valid uuid. warnings.warn(('Invalid uuid: %s. To ensure interoperability, '
2026-06-03 01:11:38.151 10 INFO neutron.wsgi [None req-3803b5fa-52e8-4662-8770-43fbc3551dd7 a2c78cabff1f49d394cdc774da803f1f b7cf0cf2248a460c822a2e34d6e4a317 - - default default] 199.204.45.72 "GET /v2.0/ports?device_id=40292f59-e95c-4d3c-b719-15c7daeebc58 HTTP/1.1" status: 200 len: 4934 time: 0.0544703
2026-06-03 01:11:38.512 10 INFO neutron.wsgi [-] 10.0.0.124 "GET / HTTP/1.1" status: 200 len: 247 time: 0.0017750
2026-06-03 01:11:38.514 10 INFO neutron.wsgi [-] 10.0.0.124 "GET / HTTP/1.1" status: 200 len: 247 time: 0.0015326
2026-06-03 01:11:38.904 10 INFO neutron.notifiers.nova [-] Nova event matching ['req-85204858-1f4d-4602-aab1-5176461e5574'] response: {'server_uuid': '40292f59-e95c-4d3c-b719-15c7daeebc58', 'name': 'network-vif-unplugged', 'status': 'completed', 'tag': '1a2a08dc-6442-4871-8376-bff2207551c1', 'code': 200}
2026-06-03 01:11:38.904 10 INFO neutron.notifiers.nova [-] Nova event matching ['req-85204858-1f4d-4602-aab1-5176461e5574'] response: {'server_uuid': '40292f59-e95c-4d3c-b719-15c7daeebc58', 'name': 'network-vif-unplugged', 'status': 'completed', 'tag': '1a2a08dc-6442-4871-8376-bff2207551c1', 'code': 200}
2026-06-03 01:11:39.212 10 INFO neutron.wsgi [None req-034f6612-55af-4184-9a97-8280a68f5695 a2c78cabff1f49d394cdc774da803f1f b7cf0cf2248a460c822a2e34d6e4a317 - - default default] 199.204.45.72 "GET /v2.0/ports?device_id=40292f59-e95c-4d3c-b719-15c7daeebc58 HTTP/1.1" status: 200 len: 4934 time: 0.0451663
2026-06-03 01:11:40.283 10 INFO neutron.wsgi [None req-623cc062-7153-4390-aac8-3d8bb0000b16 a2c78cabff1f49d394cdc774da803f1f b7cf0cf2248a460c822a2e34d6e4a317 - - default default] 199.204.45.72 "GET /v2.0/ports?device_id=40292f59-e95c-4d3c-b719-15c7daeebc58 HTTP/1.1" status: 200 len: 4934 time: 0.0548453
2026-06-03 01:11:41.349 10 INFO neutron.wsgi [None req-8d5eb3e4-4c0e-4927-9b30-012ea14f754d a2c78cabff1f49d394cdc774da803f1f b7cf0cf2248a460c822a2e34d6e4a317 - - default default] 199.204.45.72 "GET /v2.0/ports?device_id=40292f59-e95c-4d3c-b719-15c7daeebc58 HTTP/1.1" status: 200 len: 4934 time: 0.0518532
2026-06-03 01:11:42.170 10 INFO neutron.wsgi [None req-ced4c464-df1a-465f-82f3-bcad0c4240c1 a2c78cabff1f49d394cdc774da803f1f b7cf0cf2248a460c822a2e34d6e4a317 - - default default] 10.0.0.173 "GET /v2.0/subnets HTTP/1.1" status: 200 len: 5496 time: 0.0990996
2026-06-03 01:11:42.184 10 INFO neutron.wsgi [None req-8e13839b-a1c6-4b30-a299-76b1936fe977 a2c78cabff1f49d394cdc774da803f1f b7cf0cf2248a460c822a2e34d6e4a317 - - default default] 10.0.0.173 "GET /v2.0/subnetpools HTTP/1.1" status: 200 len: 193 time: 0.0100207
2026-06-03 01:11:42.265 10 INFO neutron.wsgi [None req-2f1f6977-6020-4480-92fb-cfcd0f42adc2 a2c78cabff1f49d394cdc774da803f1f b7cf0cf2248a460c822a2e34d6e4a317 - - default default] 10.0.0.173 "GET /v2.0/networks HTTP/1.1" status: 200 len: 4719 time: 0.0803039
2026-06-03 01:11:42.287 10 INFO neutron.wsgi [None req-57708ac2-962e-471d-b6f7-d609ed022257 a2c78cabff1f49d394cdc774da803f1f b7cf0cf2248a460c822a2e34d6e4a317 - - default default] 10.0.0.173 "GET /v2.0/agents HTTP/1.1" status: 200 len: 1390 time: 0.0174346
2026-06-03 01:11:42.335 10 INFO neutron.wsgi [None req-070949d5-f248-4083-9d1d-bd474ae44b7c a2c78cabff1f49d394cdc774da803f1f b7cf0cf2248a460c822a2e34d6e4a317 - - default default] 10.0.0.173 "GET /v2.0/floatingips HTTP/1.1" status: 200 len: 2763 time: 0.0450275
2026-06-03 01:11:42.399 10 INFO neutron.wsgi [None req-ecaf9790-9ea6-4393-8106-94757b14d30d a2c78cabff1f49d394cdc774da803f1f b7cf0cf2248a460c822a2e34d6e4a317 - - default default] 10.0.0.173 "GET /v2.0/security-groups HTTP/1.1" status: 200 len: 31658 time: 0.0631309
2026-06-03 01:11:42.430 10 INFO neutron.wsgi [None req-ef5f31ef-e604-4636-b8a7-0d7d97383437 a2c78cabff1f49d394cdc774da803f1f b7cf0cf2248a460c822a2e34d6e4a317 - - default default] 199.204.45.72 "GET /v2.0/ports?device_id=40292f59-e95c-4d3c-b719-15c7daeebc58 HTTP/1.1" status: 200 len: 4934 time: 0.0605247
2026-06-03 01:11:42.488 10 INFO neutron.wsgi [None req-c09f1333-2886-4f7d-813a-33e29d893775 a2c78cabff1f49d394cdc774da803f1f b7cf0cf2248a460c822a2e34d6e4a317 - - default default] 10.0.0.173 "GET /v2.0/subnets HTTP/1.1" status: 200 len: 5496 time: 0.0774350
2026-06-03 01:11:42.596 10 INFO neutron.wsgi [None req-ed7a2f80-1c74-4c62-8f1b-e22f5768a4e5 a2c78cabff1f49d394cdc774da803f1f b7cf0cf2248a460c822a2e34d6e4a317 - - default default] 10.0.0.173 "GET /v2.0/ports HTTP/1.1" status: 200 len: 24424 time: 0.1066880
2026-06-03 01:11:42.702 10 INFO neutron.wsgi [None req-c6569fa2-c0b8-4c86-8965-6709526e3f89 a2c78cabff1f49d394cdc774da803f1f b7cf0cf2248a460c822a2e34d6e4a317 - - default default] 10.0.0.173 "GET /v2.0/routers HTTP/1.1" status: 200 len: 1140 time: 0.0928016
2026-06-03 01:11:42.718 10 INFO neutron.wsgi [None req-5a294eaf-858f-4d60-a3d3-06653906b893 a2c78cabff1f49d394cdc774da803f1f b7cf0cf2248a460c822a2e34d6e4a317 - - default default] 10.0.0.173 "GET /v2.0/agents?binary=ovn-controller HTTP/1.1" status: 200 len: 591 time: 0.0149243
2026-06-03 01:11:42.736 10 INFO neutron.wsgi [None req-1c054dd2-fcc6-430b-aa93-a4efe8eb51ef a2c78cabff1f49d394cdc774da803f1f b7cf0cf2248a460c822a2e34d6e4a317 - - default default] 10.0.0.173 "GET /v2.0/network-ip-availabilities HTTP/1.1" status: 200 len: 3361 time: 0.0165279
2026-06-03 01:11:43.496 10 INFO neutron.wsgi [None req-53abfb22-c968-473c-a402-812a417cc511 a2c78cabff1f49d394cdc774da803f1f b7cf0cf2248a460c822a2e34d6e4a317 - - default default] 199.204.45.72 "GET /v2.0/ports?device_id=40292f59-e95c-4d3c-b719-15c7daeebc58 HTTP/1.1" status: 200 len: 4934 time: 0.0518568
2026-06-03 01:11:44.570 10 INFO neutron.wsgi [None req-b8cfe866-47c9-4a47-a549-ee3e7b958ef7 a2c78cabff1f49d394cdc774da803f1f b7cf0cf2248a460c822a2e34d6e4a317 - - default default] 199.204.45.72 "GET /v2.0/ports?device_id=40292f59-e95c-4d3c-b719-15c7daeebc58 HTTP/1.1" status: 200 len: 4934 time: 0.0578365
2026-06-03 01:11:45.632 10 INFO neutron.wsgi [None req-df54fbaf-d9db-4ca6-9ca5-6ab34e8d8407 a2c78cabff1f49d394cdc774da803f1f b7cf0cf2248a460c822a2e34d6e4a317 - - default default] 199.204.45.72 "GET /v2.0/ports?device_id=40292f59-e95c-4d3c-b719-15c7daeebc58 HTTP/1.1" status: 200 len: 4934 time: 0.0481627
2026-06-03 01:11:46.706 10 INFO neutron.wsgi [None req-eb970325-3104-42eb-be38-2957d172b199 a2c78cabff1f49d394cdc774da803f1f b7cf0cf2248a460c822a2e34d6e4a317 - - default default] 199.204.45.72 "GET /v2.0/ports?device_id=40292f59-e95c-4d3c-b719-15c7daeebc58 HTTP/1.1" status: 200 len: 4934 time: 0.0554333
2026-06-03 01:11:47.763 10 INFO neutron.wsgi [None req-392bddf0-6563-454a-9b56-46238fb8b05b a2c78cabff1f49d394cdc774da803f1f b7cf0cf2248a460c822a2e34d6e4a317 - - default default] 199.204.45.72 "GET /v2.0/ports?device_id=40292f59-e95c-4d3c-b719-15c7daeebc58 HTTP/1.1" status: 200 len: 4934 time: 0.0426748
2026-06-03 01:11:48.841 10 INFO neutron.wsgi [None req-1cdd0b53-12f9-4986-8e44-1a7a3e4fdd17 a2c78cabff1f49d394cdc774da803f1f b7cf0cf2248a460c822a2e34d6e4a317 - - default default] 199.204.45.72 "GET /v2.0/ports?device_id=40292f59-e95c-4d3c-b719-15c7daeebc58 HTTP/1.1" status: 200 len: 4934 time: 0.0627918
2026-06-03 01:11:49.912 10 INFO neutron.wsgi [None req-2de8fbbf-27a6-4c9a-b1f3-9bf89248c715 a2c78cabff1f49d394cdc774da803f1f b7cf0cf2248a460c822a2e34d6e4a317 - - default default] 199.204.45.72 "GET /v2.0/ports?device_id=40292f59-e95c-4d3c-b719-15c7daeebc58 HTTP/1.1" status: 200 len: 4934 time: 0.0533404
2026-06-03 01:11:50.987 10 INFO neutron.wsgi [None req-0714b5d5-c2a5-4747-8f47-1bf7f417e6dc a2c78cabff1f49d394cdc774da803f1f b7cf0cf2248a460c822a2e34d6e4a317 - - default default] 199.204.45.72 "GET /v2.0/ports?device_id=40292f59-e95c-4d3c-b719-15c7daeebc58 HTTP/1.1" status: 200 len: 4934 time: 0.0545526
2026-06-03 01:11:52.049 10 INFO neutron.wsgi [None req-ec859a9d-c957-445a-b40d-d3a42f97869c a2c78cabff1f49d394cdc774da803f1f b7cf0cf2248a460c822a2e34d6e4a317 - - default default] 199.204.45.72 "GET /v2.0/ports?device_id=40292f59-e95c-4d3c-b719-15c7daeebc58 HTTP/1.1" status: 200 len: 4934 time: 0.0501168
2026-06-03 01:11:53.108 10 INFO neutron.wsgi [None req-9924294c-27cd-4bd1-8252-8ad7eab8846e a2c78cabff1f49d394cdc774da803f1f b7cf0cf2248a460c822a2e34d6e4a317 - - default default] 199.204.45.72 "GET /v2.0/ports?device_id=40292f59-e95c-4d3c-b719-15c7daeebc58 HTTP/1.1" status: 200 len: 4934 time: 0.0459790
2026-06-03 01:11:53.513 10 INFO neutron.wsgi [-] 10.0.0.124 "GET / HTTP/1.1" status: 200 len: 247 time: 0.0028694
2026-06-03 01:11:53.515 9 INFO neutron.wsgi [-] 10.0.0.124 "GET / HTTP/1.1" status: 200 len: 247 time: 0.0037737
2026-06-03 01:11:53.530 15 INFO neutron.db.ovn_revision_numbers_db [None req-f72a5b1d-3c4a-40dc-93b7-b41ffecff5af - - - - - -] Successfully bumped revision number for resource 45da26ae-60d3-4d9e-89a9-f4ef1d9631a7 (type: networks) to 3
2026-06-03 01:11:53.640 15 INFO neutron.db.ovn_revision_numbers_db [None req-f72a5b1d-3c4a-40dc-93b7-b41ffecff5af - - - - - -] Successfully bumped revision number for resource da459078-4828-4b8a-8fc8-11b9f5b114b1 (type: networks) to 3
2026-06-03 01:11:53.752 15 INFO neutron.db.ovn_revision_numbers_db [None req-f72a5b1d-3c4a-40dc-93b7-b41ffecff5af - - - - - -] Successfully bumped revision number for resource c8113e95-bab5-473f-93f4-63adf44bfb4f (type: networks) to 3
2026-06-03 01:11:53.821 15 INFO neutron.db.ovn_revision_numbers_db [None req-f72a5b1d-3c4a-40dc-93b7-b41ffecff5af - - - - - -] Successfully bumped revision number for resource 092416a5-ae73-47a2-95ac-abf9ac6f70e8 (type: security_groups) to 12
2026-06-03 01:11:53.865 15 INFO neutron.db.ovn_revision_numbers_db [None req-f72a5b1d-3c4a-40dc-93b7-b41ffecff5af - - - - - -] Successfully bumped revision number for resource 51894d4f-4d23-4394-8639-7bf29a28483b (type: security_groups) to 3
2026-06-03 01:11:54.179 10 INFO neutron.wsgi [None req-0d5ad2bc-42b0-4642-b832-2de5a85e9ca6 a2c78cabff1f49d394cdc774da803f1f b7cf0cf2248a460c822a2e34d6e4a317 - - default default] 199.204.45.72 "GET /v2.0/ports?device_id=40292f59-e95c-4d3c-b719-15c7daeebc58 HTTP/1.1" status: 200 len: 4934 time: 0.0581076
2026-06-03 01:11:54.192 15 INFO neutron.db.ovn_revision_numbers_db [None req-f72a5b1d-3c4a-40dc-93b7-b41ffecff5af - - - - - -] Successfully bumped revision number for resource e1edd81e-735d-489b-868b-5a937f27e0e9 (type: routers) to 5
2026-06-03 01:11:55.260 10 INFO neutron.wsgi [None req-69d33dbd-9fb7-484e-a614-a9eef27dab5e a2c78cabff1f49d394cdc774da803f1f b7cf0cf2248a460c822a2e34d6e4a317 - - default default] 199.204.45.72 "GET /v2.0/ports?device_id=40292f59-e95c-4d3c-b719-15c7daeebc58 HTTP/1.1" status: 200 len: 4934 time: 0.0648932
2026-06-03 01:11:55.802 15 INFO neutron.plugins.ml2.drivers.ovn.mech_driver.ovsdb.maintenance [None req-f72a5b1d-3c4a-40dc-93b7-b41ffecff5af - - - - - -] Maintenance task: Synchronization completed (took 2.39 seconds)
2026-06-03 01:11:56.327 10 INFO neutron.wsgi [None req-f266ae0e-7c26-4a80-aec7-07e3bb6b2d00 a2c78cabff1f49d394cdc774da803f1f b7cf0cf2248a460c822a2e34d6e4a317 - - default default] 199.204.45.72 "GET /v2.0/ports?device_id=40292f59-e95c-4d3c-b719-15c7daeebc58 HTTP/1.1" status: 200 len: 4934 time: 0.0504265
2026-06-03 01:11:57.396 10 INFO neutron.wsgi [None req-2b3e9cca-2489-44d9-afd3-7ae9ce0e2a2f a2c78cabff1f49d394cdc774da803f1f b7cf0cf2248a460c822a2e34d6e4a317 - - default default] 199.204.45.72 "GET /v2.0/ports?device_id=40292f59-e95c-4d3c-b719-15c7daeebc58 HTTP/1.1" status: 200 len: 4934 time: 0.0530412
2026-06-03 01:11:57.437 9 INFO neutron.wsgi [req-2c9a8e56-4663-4c70-bde7-543d65e23a47 req-20f3e571-4e41-4821-a08c-5e305300b98c a40210201caa49bb93cd515aa8095e00 a78bb181ca684beda97a5b9e234ddee7 - - 27592d6e2a0a46d8aa949fa5c795dc48 27592d6e2a0a46d8aa949fa5c795dc48] 199.204.45.72 "GET /v2.0/ports/1a2a08dc-6442-4871-8376-bff2207551c1 HTTP/1.1" status: 200 len: 1229 time: 0.0488904
2026-06-03 01:11:57.711 9 INFO neutron.wsgi [req-2c9a8e56-4663-4c70-bde7-543d65e23a47 req-86925455-6380-4651-bc9d-87761fcd0b0b a2c78cabff1f49d394cdc774da803f1f b7cf0cf2248a460c822a2e34d6e4a317 - - default default] 199.204.45.72 "DELETE /v2.0/ports/1a2a08dc-6442-4871-8376-bff2207551c1 HTTP/1.1" status: 204 len: 173 time: 0.2685702
2026-06-03 01:11:57.756 9 INFO neutron.notifiers.nova [-] Nova event matching ['req-c810ce5a-5e84-438c-8755-4c1520b5fd73'] response: {'server_uuid': '40292f59-e95c-4d3c-b719-15c7daeebc58', 'name': 'network-vif-deleted', 'tag': '1a2a08dc-6442-4871-8376-bff2207551c1', 'status': 'completed', 'code': 200}
2026-06-03 01:11:57.807 9 INFO neutron.wsgi [req-2c9a8e56-4663-4c70-bde7-543d65e23a47 req-b2e4dd4b-6803-46a9-b5eb-4ae43f278e6b a40210201caa49bb93cd515aa8095e00 a78bb181ca684beda97a5b9e234ddee7 - - 27592d6e2a0a46d8aa949fa5c795dc48 27592d6e2a0a46d8aa949fa5c795dc48] 199.204.45.72 "GET /v2.0/ports?tenant_id=b7cf0cf2248a460c822a2e34d6e4a317&device_id=40292f59-e95c-4d3c-b719-15c7daeebc58 HTTP/1.1" status: 200 len: 3913 time: 0.0440681
2026-06-03 01:11:57.873 9 INFO neutron.wsgi [req-2c9a8e56-4663-4c70-bde7-543d65e23a47 req-7798137d-4e77-4f6a-8271-503e96ebbc22 a40210201caa49bb93cd515aa8095e00 a78bb181ca684beda97a5b9e234ddee7 - - 27592d6e2a0a46d8aa949fa5c795dc48 27592d6e2a0a46d8aa949fa5c795dc48] 199.204.45.72 "GET /v2.0/networks?id=e18cbb1a-7ae0-418d-8aee-bae4b35b11ee&id=45da26ae-60d3-4d9e-89a9-f4ef1d9631a7&id=da459078-4828-4b8a-8fc8-11b9f5b114b1&id=c8113e95-bab5-473f-93f4-63adf44bfb4f HTTP/1.1" status: 200 len: 3307 time: 0.0608962
2026-06-03 01:11:57.902 9 INFO neutron.wsgi [req-2c9a8e56-4663-4c70-bde7-543d65e23a47 req-c28b53f5-e5a2-4a58-9ed0-1ed53eaa86f4 a40210201caa49bb93cd515aa8095e00 a78bb181ca684beda97a5b9e234ddee7 - - 27592d6e2a0a46d8aa949fa5c795dc48 27592d6e2a0a46d8aa949fa5c795dc48] 199.204.45.72 "GET /v2.0/floatingips?fixed_ip_address=172.24.0.30&port_id=2992d179-961b-4429-ae7e-f407f7e5390d HTTP/1.1" status: 200 len: 217 time: 0.0199015
2026-06-03 01:11:57.934 9 INFO neutron.wsgi [req-2c9a8e56-4663-4c70-bde7-543d65e23a47 req-17baf494-43d3-4caf-ac80-73c6cc8fc3c7 a40210201caa49bb93cd515aa8095e00 a78bb181ca684beda97a5b9e234ddee7 - - 27592d6e2a0a46d8aa949fa5c795dc48 27592d6e2a0a46d8aa949fa5c795dc48] 199.204.45.72 "GET /v2.0/subnets?id=2b1c4ed1-24e8-4f59-b8be-070e6eb3e012 HTTP/1.1" status: 200 len: 829 time: 0.0261919
2026-06-03 01:11:57.971 9 INFO neutron.wsgi [req-2c9a8e56-4663-4c70-bde7-543d65e23a47 req-d7fd4923-2269-4637-bb20-59df8cfb5b2b a40210201caa49bb93cd515aa8095e00 a78bb181ca684beda97a5b9e234ddee7 - - 27592d6e2a0a46d8aa949fa5c795dc48 27592d6e2a0a46d8aa949fa5c795dc48] 199.204.45.72 "GET /v2.0/ports?network_id=e18cbb1a-7ae0-418d-8aee-bae4b35b11ee&device_owner=network%3Adhcp HTTP/1.1" status: 200 len: 210 time: 0.0300014
2026-06-03 01:11:58.039 9 INFO neutron.wsgi [req-2c9a8e56-4663-4c70-bde7-543d65e23a47 req-7195dd9d-fecc-4d06-b20f-435d7ddde4d4 a40210201caa49bb93cd515aa8095e00 a78bb181ca684beda97a5b9e234ddee7 - - 27592d6e2a0a46d8aa949fa5c795dc48 27592d6e2a0a46d8aa949fa5c795dc48] 199.204.45.72 "GET /v2.0/networks/e18cbb1a-7ae0-418d-8aee-bae4b35b11ee?fields=segments HTTP/1.1" status: 200 len: 212 time: 0.0609698
2026-06-03 01:11:58.106 9 INFO neutron.wsgi [req-2c9a8e56-4663-4c70-bde7-543d65e23a47 req-7210892d-dd42-4454-8643-9b4ef19840ec a40210201caa49bb93cd515aa8095e00 a78bb181ca684beda97a5b9e234ddee7 - - 27592d6e2a0a46d8aa949fa5c795dc48 27592d6e2a0a46d8aa949fa5c795dc48] 199.204.45.72 "GET /v2.0/networks/e18cbb1a-7ae0-418d-8aee-bae4b35b11ee?fields=provider%3Aphysical_network&fields=provider%3Anetwork_type HTTP/1.1" status: 200 len: 277 time: 0.0601773
2026-06-03 01:11:58.153 9 INFO neutron.wsgi [req-2c9a8e56-4663-4c70-bde7-543d65e23a47 req-3998a16f-b1d8-4bb6-bcc8-594bf3b9b19c a40210201caa49bb93cd515aa8095e00 a78bb181ca684beda97a5b9e234ddee7 - - 27592d6e2a0a46d8aa949fa5c795dc48 27592d6e2a0a46d8aa949fa5c795dc48] 199.204.45.72 "GET /v2.0/floatingips?fixed_ip_address=10.1.1.66&port_id=67c8c1fd-f34e-42dd-a798-ffc3acbcb4e7 HTTP/1.1" status: 200 len: 217 time: 0.0408933
2026-06-03 01:11:58.197 9 INFO neutron.wsgi [req-2c9a8e56-4663-4c70-bde7-543d65e23a47 req-a82cd533-633a-40b7-822b-c52ef4308848 a40210201caa49bb93cd515aa8095e00 a78bb181ca684beda97a5b9e234ddee7 - - 27592d6e2a0a46d8aa949fa5c795dc48 27592d6e2a0a46d8aa949fa5c795dc48] 199.204.45.72 "GET /v2.0/subnets?id=b8b02666-1bd5-4e39-89d6-747121e385bd HTTP/1.1" status: 200 len: 854 time: 0.0360122
2026-06-03 01:11:58.236 9 INFO neutron.wsgi [req-2c9a8e56-4663-4c70-bde7-543d65e23a47 req-a181ebad-fc55-4e9a-b40a-eda510d2c016 a40210201caa49bb93cd515aa8095e00 a78bb181ca684beda97a5b9e234ddee7 - - 27592d6e2a0a46d8aa949fa5c795dc48 27592d6e2a0a46d8aa949fa5c795dc48] 199.204.45.72 "GET /v2.0/ports?network_id=45da26ae-60d3-4d9e-89a9-f4ef1d9631a7&device_owner=network%3Adhcp HTTP/1.1" status: 200 len: 210 time: 0.0335524
2026-06-03 01:11:58.311 9 INFO neutron.wsgi [req-2c9a8e56-4663-4c70-bde7-543d65e23a47 req-d8f303ac-4cad-4273-bb2b-17d5777bc522 a40210201caa49bb93cd515aa8095e00 a78bb181ca684beda97a5b9e234ddee7 - - 27592d6e2a0a46d8aa949fa5c795dc48 27592d6e2a0a46d8aa949fa5c795dc48] 199.204.45.72 "GET /v2.0/networks/45da26ae-60d3-4d9e-89a9-f4ef1d9631a7?fields=segments HTTP/1.1" status: 200 len: 212 time: 0.0677855
2026-06-03 01:11:58.381 9 INFO neutron.wsgi [req-2c9a8e56-4663-4c70-bde7-543d65e23a47 req-b2df0567-e9e4-44d2-ae21-f522dc6d533f a40210201caa49bb93cd515aa8095e00 a78bb181ca684beda97a5b9e234ddee7 - - 27592d6e2a0a46d8aa949fa5c795dc48 27592d6e2a0a46d8aa949fa5c795dc48] 199.204.45.72 "GET /v2.0/networks/45da26ae-60d3-4d9e-89a9-f4ef1d9631a7?fields=provider%3Aphysical_network&fields=provider%3Anetwork_type HTTP/1.1" status: 200 len: 277 time: 0.0632262
2026-06-03 01:11:58.411 9 INFO neutron.wsgi [req-2c9a8e56-4663-4c70-bde7-543d65e23a47 req-341f9d4f-2f8d-43d2-82bb-c73673881602 a40210201caa49bb93cd515aa8095e00 a78bb181ca684beda97a5b9e234ddee7 - - 27592d6e2a0a46d8aa949fa5c795dc48 27592d6e2a0a46d8aa949fa5c795dc48] 199.204.45.72 "GET /v2.0/floatingips?fixed_ip_address=10.2.1.24&port_id=7e347ed7-3551-4199-a8fb-6690433f1bc6 HTTP/1.1" status: 200 len: 217 time: 0.0247679
2026-06-03 01:11:58.458 9 INFO neutron.wsgi [req-2c9a8e56-4663-4c70-bde7-543d65e23a47 req-3f2bbd3c-e9c1-47a2-b80e-3c1338574cfe a40210201caa49bb93cd515aa8095e00 a78bb181ca684beda97a5b9e234ddee7 - - 27592d6e2a0a46d8aa949fa5c795dc48 27592d6e2a0a46d8aa949fa5c795dc48] 199.204.45.72 "GET /v2.0/subnets?id=9c745162-ae36-4cfa-b67c-d7124aaa99eb HTTP/1.1" status: 200 len: 852 time: 0.0402093
2026-06-03 01:11:58.464 10 INFO neutron.wsgi [None req-38ec7bfa-6738-4d64-869d-8841e1610d94 a2c78cabff1f49d394cdc774da803f1f b7cf0cf2248a460c822a2e34d6e4a317 - - default default] 199.204.45.72 "GET /v2.0/ports?device_id=40292f59-e95c-4d3c-b719-15c7daeebc58 HTTP/1.1" status: 200 len: 3913 time: 0.0505316
2026-06-03 01:11:58.490 9 INFO neutron.wsgi [req-2c9a8e56-4663-4c70-bde7-543d65e23a47 req-5e94fc51-dee1-448c-8ed1-39fa7b83685d a40210201caa49bb93cd515aa8095e00 a78bb181ca684beda97a5b9e234ddee7 - - 27592d6e2a0a46d8aa949fa5c795dc48 27592d6e2a0a46d8aa949fa5c795dc48] 199.204.45.72 "GET /v2.0/ports?network_id=da459078-4828-4b8a-8fc8-11b9f5b114b1&device_owner=network%3Adhcp HTTP/1.1" status: 200 len: 210 time: 0.0249116
2026-06-03 01:11:58.495 10 INFO neutron.pecan_wsgi.hooks.translation [None req-0b37fd18-a7a8-4a1b-87e0-f36b356a0270 a2c78cabff1f49d394cdc774da803f1f b7cf0cf2248a460c822a2e34d6e4a317 - - default default] DELETE failed (client error): The resource could not be found.
2026-06-03 01:11:58.497 10 INFO neutron.wsgi [None req-0b37fd18-a7a8-4a1b-87e0-f36b356a0270 a2c78cabff1f49d394cdc774da803f1f b7cf0cf2248a460c822a2e34d6e4a317 - - default default] 199.204.45.72 "DELETE /v2.0/ports/1a2a08dc-6442-4871-8376-bff2207551c1 HTTP/1.1" status: 404 len: 338 time: 0.0204146
2026-06-03 01:11:58.568 9 INFO neutron.wsgi [req-2c9a8e56-4663-4c70-bde7-543d65e23a47 req-1dc8149b-9ad5-4588-aff0-6949002c4aad a40210201caa49bb93cd515aa8095e00 a78bb181ca684beda97a5b9e234ddee7 - - 27592d6e2a0a46d8aa949fa5c795dc48 27592d6e2a0a46d8aa949fa5c795dc48] 199.204.45.72 "GET /v2.0/networks/da459078-4828-4b8a-8fc8-11b9f5b114b1?fields=segments HTTP/1.1" status: 200 len: 212 time: 0.0703588
2026-06-03 01:11:58.610 10 INFO neutron.wsgi [None req-b92cc701-e07a-4063-9ce7-dea7f430e036 a2c78cabff1f49d394cdc774da803f1f b7cf0cf2248a460c822a2e34d6e4a317 - - default default] 199.204.45.72 "GET /v2.0/extensions/security-group HTTP/1.1" status: 200 len: 369 time: 0.0093899
2026-06-03 01:11:58.617 10 INFO neutron.wsgi [None req-dff0f755-d148-4840-9fd0-5160cc6d6451 a2c78cabff1f49d394cdc774da803f1f b7cf0cf2248a460c822a2e34d6e4a317 - - default default] 199.204.45.72 "GET /v2.0/extensions/dns-integration HTTP/1.1" status: 200 len: 371 time: 0.0037806
2026-06-03 01:11:58.626 10 INFO neutron.wsgi [None req-e76c0bd0-51b2-48ff-a5c4-4d7e0b6c2475 a2c78cabff1f49d394cdc774da803f1f b7cf0cf2248a460c822a2e34d6e4a317 - - default default] 199.204.45.72 "GET /v2.0/extensions/qos HTTP/1.1" status: 200 len: 365 time: 0.0049348
2026-06-03 01:11:58.635 10 INFO neutron.wsgi [None req-8c78cf87-5a9c-45b9-9aad-e943dfea49f6 a2c78cabff1f49d394cdc774da803f1f b7cf0cf2248a460c822a2e34d6e4a317 - - default default] 199.204.45.72 "GET /v2.0/extensions/allowed-address-pairs HTTP/1.1" status: 200 len: 383 time: 0.0055032
2026-06-03 01:11:58.640 9 INFO neutron.wsgi [req-2c9a8e56-4663-4c70-bde7-543d65e23a47 req-f654af5c-1fde-45e3-95c8-a5082f497883 a40210201caa49bb93cd515aa8095e00 a78bb181ca684beda97a5b9e234ddee7 - - 27592d6e2a0a46d8aa949fa5c795dc48 27592d6e2a0a46d8aa949fa5c795dc48] 199.204.45.72 "GET /v2.0/networks/da459078-4828-4b8a-8fc8-11b9f5b114b1?fields=provider%3Aphysical_network&fields=provider%3Anetwork_type HTTP/1.1" status: 200 len: 277 time: 0.0636387
2026-06-03 01:11:58.668 10 INFO neutron.wsgi [None req-71c110ea-36fb-43d1-9842-55eed301015a a2c78cabff1f49d394cdc774da803f1f b7cf0cf2248a460c822a2e34d6e4a317 - - default default] 199.204.45.72 "GET /v2.0/subnets/b8b02666-1bd5-4e39-89d6-747121e385bd HTTP/1.1" status: 200 len: 851 time: 0.0275567
2026-06-03 01:11:58.713 10 INFO neutron.wsgi [None req-66390017-4be5-45f5-8007-01c0c452b247 a2c78cabff1f49d394cdc774da803f1f b7cf0cf2248a460c822a2e34d6e4a317 - - default default] 199.204.45.72 "GET /v2.0/ports/56ac7342-69e3-43a9-907d-cc262cebc6fd HTTP/1.1" status: 200 len: 1336 time: 0.0379555
2026-06-03 01:11:58.751 10 INFO neutron.wsgi [None req-aea2f816-f50d-472f-a91e-da1c6e3d3b14 a2c78cabff1f49d394cdc774da803f1f b7cf0cf2248a460c822a2e34d6e4a317 - - default default] 199.204.45.72 "GET /v2.0/ports/67c8c1fd-f34e-42dd-a798-ffc3acbcb4e7 HTTP/1.1" status: 200 len: 1514 time: 0.0303464
2026-06-03 01:11:58.784 10 INFO neutron.wsgi [None req-36c2f58c-4377-45ea-b0ae-63216edc258b a2c78cabff1f49d394cdc774da803f1f b7cf0cf2248a460c822a2e34d6e4a317 - - default default] 199.204.45.72 "GET /v2.0/subnets/b8b02666-1bd5-4e39-89d6-747121e385bd HTTP/1.1" status: 200 len: 851 time: 0.0258276
2026-06-03 01:11:58.840 10 INFO neutron.wsgi [None req-9e4eec56-9434-497b-ac02-2327e2733d4a a2c78cabff1f49d394cdc774da803f1f b7cf0cf2248a460c822a2e34d6e4a317 - - default default] 199.204.45.72 "GET /v2.0/networks/45da26ae-60d3-4d9e-89a9-f4ef1d9631a7 HTTP/1.1" status: 200 len: 1001 time: 0.0485106
2026-06-03 01:11:58.885 10 INFO neutron.wsgi [None req-39589c0e-6378-49e8-b495-b3df4af1ef55 a2c78cabff1f49d394cdc774da803f1f b7cf0cf2248a460c822a2e34d6e4a317 - - default default] 199.204.45.72 "GET /v2.0/ports/56ac7342-69e3-43a9-907d-cc262cebc6fd HTTP/1.1" status: 200 len: 1336 time: 0.0361011
2026-06-03 01:11:58.929 10 INFO neutron.wsgi [None req-ddee95b9-c0d8-488a-b248-9fba90427423 a2c78cabff1f49d394cdc774da803f1f b7cf0cf2248a460c822a2e34d6e4a317 - - default default] 199.204.45.72 "GET /v2.0/subnets/b8b02666-1bd5-4e39-89d6-747121e385bd HTTP/1.1" status: 200 len: 851 time: 0.0353332
2026-06-03 01:12:01.425 10 INFO neutron.wsgi [None req-f551fdab-2f35-43b7-982b-bd65599003e8 a2c78cabff1f49d394cdc774da803f1f b7cf0cf2248a460c822a2e34d6e4a317 - - default default] 199.204.45.72 "GET /v2.0/extensions/security-group HTTP/1.1" status: 200 len: 369 time: 0.0076511
2026-06-03 01:12:01.438 10 INFO neutron.wsgi [None req-f9eb7050-0eca-4957-ac0d-21f84075b549 a2c78cabff1f49d394cdc774da803f1f b7cf0cf2248a460c822a2e34d6e4a317 - - default default] 199.204.45.72 "GET /v2.0/extensions/dns-integration HTTP/1.1" status: 200 len: 371 time: 0.0058630
2026-06-03 01:12:01.448 10 INFO neutron.wsgi [None req-b6618736-6a0f-49be-b81d-c70c905469e4 a2c78cabff1f49d394cdc774da803f1f b7cf0cf2248a460c822a2e34d6e4a317 - - default default] 199.204.45.72 "GET /v2.0/extensions/qos HTTP/1.1" status: 200 len: 365 time: 0.0050802
2026-06-03 01:12:01.464 10 INFO neutron.wsgi [None req-0dd3ca38-cfeb-4bc4-b2b1-953e8eafe911 a2c78cabff1f49d394cdc774da803f1f b7cf0cf2248a460c822a2e34d6e4a317 - - default default] 199.204.45.72 "GET /v2.0/extensions/allowed-address-pairs HTTP/1.1" status: 200 len: 383 time: 0.0073383
2026-06-03 01:12:01.528 10 INFO neutron.wsgi [None req-ee6e562c-e255-4ee3-b9eb-93722e405166 a2c78cabff1f49d394cdc774da803f1f b7cf0cf2248a460c822a2e34d6e4a317 - - default default] 199.204.45.72 "GET /v2.0/ports?device_id=40292f59-e95c-4d3c-b719-15c7daeebc58 HTTP/1.1" status: 200 len: 3913 time: 0.0605445
2026-06-03 01:12:01.982 10 INFO neutron.wsgi [None req-168e2c19-dc47-4554-bbad-adb93b391641 a2c78cabff1f49d394cdc774da803f1f b7cf0cf2248a460c822a2e34d6e4a317 - - default default] 199.204.45.72 "GET /v2.0/extensions/security-group HTTP/1.1" status: 200 len: 369 time: 0.0090454
2026-06-03 01:12:01.991 10 INFO neutron.wsgi [None req-afd5334a-910b-44e1-8ce6-ecc04c7f017f a2c78cabff1f49d394cdc774da803f1f b7cf0cf2248a460c822a2e34d6e4a317 - - default default] 199.204.45.72 "GET /v2.0/extensions/dns-integration HTTP/1.1" status: 200 len: 371 time: 0.0056980
2026-06-03 01:12:02.000 10 INFO neutron.wsgi [None req-4f1aad84-db88-439b-83c1-268b6417b442 a2c78cabff1f49d394cdc774da803f1f b7cf0cf2248a460c822a2e34d6e4a317 - - default default] 199.204.45.72 "GET /v2.0/extensions/qos HTTP/1.1" status: 200 len: 365 time: 0.0049014
2026-06-03 01:12:02.008 10 INFO neutron.wsgi [None req-508ec840-96eb-4d66-bdc0-c7dcaca3c043 a2c78cabff1f49d394cdc774da803f1f b7cf0cf2248a460c822a2e34d6e4a317 - - default default] 199.204.45.72 "GET /v2.0/extensions/allowed-address-pairs HTTP/1.1" status: 200 len: 383 time: 0.0046210
2026-06-03 01:12:02.049 10 INFO neutron.wsgi [None req-cf7e010f-abde-42bd-b029-5ab982cd6a44 a2c78cabff1f49d394cdc774da803f1f b7cf0cf2248a460c822a2e34d6e4a317 - - default default] 199.204.45.72 "GET /v2.0/ports/7e347ed7-3551-4199-a8fb-6690433f1bc6 HTTP/1.1" status: 200 len: 1402 time: 0.0365176
2026-06-03 01:12:02.524 10 INFO neutron.db.ovn_revision_numbers_db [None req-dbc9f89f-e92a-4e04-812f-3625a8e15218 a2c78cabff1f49d394cdc774da803f1f b7cf0cf2248a460c822a2e34d6e4a317 - - default default] Successfully bumped revision number for resource 7e347ed7-3551-4199-a8fb-6690433f1bc6 (type: ports) to 6
2026-06-03 01:12:02.537 10 INFO neutron.wsgi [None req-dbc9f89f-e92a-4e04-812f-3625a8e15218 a2c78cabff1f49d394cdc774da803f1f b7cf0cf2248a460c822a2e34d6e4a317 - - default default] 199.204.45.72 "PUT /v2.0/ports/7e347ed7-3551-4199-a8fb-6690433f1bc6 HTTP/1.1" status: 200 len: 1203 time: 0.4751365 /var/lib/openstack/lib/python3.10/site-packages/pycadf/identifier.py:71: UserWarning: Invalid uuid: neutron. To ensure interoperability, identifiers should be a valid uuid. warnings.warn(('Invalid uuid: %s. To ensure interoperability, '
2026-06-03 01:12:02.588 10 INFO neutron.notifiers.nova [-] Nova event matching ['req-ea226a77-ecfd-4a99-9a70-cf31eeced1fb'] response: {'name': 'network-changed', 'server_uuid': '40292f59-e95c-4d3c-b719-15c7daeebc58', 'tag': '7e347ed7-3551-4199-a8fb-6690433f1bc6', 'status': 'completed', 'code': 200}
2026-06-03 01:12:02.605 10 INFO neutron.wsgi [None req-e67a5a36-eb5f-479d-975a-cac6deafd5ae a2c78cabff1f49d394cdc774da803f1f b7cf0cf2248a460c822a2e34d6e4a317 - - default default] 199.204.45.72 "GET /v2.0/networks/da459078-4828-4b8a-8fc8-11b9f5b114b1 HTTP/1.1" status: 200 len: 999 time: 0.0578616
2026-06-03 01:12:02.659 10 INFO neutron.wsgi [None req-68be7ba5-1150-422b-86fe-70711d47a448 a2c78cabff1f49d394cdc774da803f1f b7cf0cf2248a460c822a2e34d6e4a317 - - default default] 199.204.45.72 "GET /v2.0/ports?device_id=40292f59-e95c-4d3c-b719-15c7daeebc58 HTTP/1.1" status: 200 len: 3742 time: 0.0473096
