2026-06-03 01:09:34.362 10 WARNING neutron_lib.context [None req-2cde508e-b03e-4b9c-9f4f-e73a813231ca cfe64ff813f741059e3457603e3caec3 2606399b3f0d4e5485b25d323e1d8fb3 - - default default] Method 'is_advsvc' is deprecated since 2023.2 release (neutron-lib 3.8.0) and will be removed once support for the old RBAC API policies will be removed from Neutron. Please use method 'is_service_role' instead.
2026-06-03 01:09:34.494 10 INFO neutron.db.ovn_revision_numbers_db [None req-2cde508e-b03e-4b9c-9f4f-e73a813231ca cfe64ff813f741059e3457603e3caec3 2606399b3f0d4e5485b25d323e1d8fb3 - - default default] Successfully bumped revision number for resource 3b9a6bc2-ead8-45bf-8764-4107f4594181 (type: routers) to 1
2026-06-03 01:09:34.509 10 INFO neutron.wsgi [None req-2cde508e-b03e-4b9c-9f4f-e73a813231ca cfe64ff813f741059e3457603e3caec3 2606399b3f0d4e5485b25d323e1d8fb3 - - default default] 10.0.0.22 "POST /v2.0/routers HTTP/1.1" status: 201 len: 769 time: 0.1519513
2026-06-03 01:09:34.518 10 WARNING neutron_lib.context [None req-ca616778-eb62-4256-b065-a4229445a86f cfe64ff813f741059e3457603e3caec3 2606399b3f0d4e5485b25d323e1d8fb3 - - default default] Method 'is_advsvc' is deprecated since 2023.2 release (neutron-lib 3.8.0) and will be removed once support for the old RBAC API policies will be removed from Neutron. Please use method 'is_service_role' instead.
2026-06-03 01:09:34.522 9 INFO neutron.db.ovn_revision_numbers_db [None req-39a3fa12-53ea-4902-ac21-e8de455a6603 3f4f27b2bf594f46b753f0eeb54bfae5 63bcbe22be7b4125bcf045a72c2c9d50 - - default default] Successfully bumped revision number for resource 3f43199b-f2b3-49a3-b212-0ad5224dda82 (type: security_groups) to 1
2026-06-03 01:09:34.545 9 INFO neutron.db.ovn_revision_numbers_db [None req-39a3fa12-53ea-4902-ac21-e8de455a6603 3f4f27b2bf594f46b753f0eeb54bfae5 63bcbe22be7b4125bcf045a72c2c9d50 - - default default] Successfully bumped revision number for resource 01d8d384-d9f6-452d-b382-6effb5eda408 (type: security_group_rules) to 0
2026-06-03 01:09:34.562 9 INFO neutron.db.ovn_revision_numbers_db [None req-39a3fa12-53ea-4902-ac21-e8de455a6603 3f4f27b2bf594f46b753f0eeb54bfae5 63bcbe22be7b4125bcf045a72c2c9d50 - - default default] Successfully bumped revision number for resource 146b34e7-f73e-47f6-86e8-16b5cdf3d606 (type: security_group_rules) to 0
2026-06-03 01:09:34.582 9 INFO neutron.db.ovn_revision_numbers_db [None req-39a3fa12-53ea-4902-ac21-e8de455a6603 3f4f27b2bf594f46b753f0eeb54bfae5 63bcbe22be7b4125bcf045a72c2c9d50 - - default default] Successfully bumped revision number for resource 69186cea-fc19-4f3e-9e3c-f3bb2c82de82 (type: security_group_rules) to 0
2026-06-03 01:09:34.585 9 WARNING neutron.scheduler.dhcp_agent_scheduler [None req-73a98fd7-71d8-486f-be1d-9501b835c05d 7c551abc215d4a7aa64089358a3ea675 3d70adec2e0f4574a467af2de14bc825 - - default default] No more DHCP agents
2026-06-03 01:09:34.590 9 WARNING neutron.api.rpc.agentnotifiers.dhcp_rpc_agent_api [None req-73a98fd7-71d8-486f-be1d-9501b835c05d 7c551abc215d4a7aa64089358a3ea675 3d70adec2e0f4574a467af2de14bc825 - - default default] Unable to schedule network 5da5ee6b-b207-43eb-8ca8-5a13cfca4de4: no agents available; will retry on subsequent port and subnet creation events.
2026-06-03 01:09:34.609 9 INFO neutron.db.ovn_revision_numbers_db [None req-39a3fa12-53ea-4902-ac21-e8de455a6603 3f4f27b2bf594f46b753f0eeb54bfae5 63bcbe22be7b4125bcf045a72c2c9d50 - - default default] Successfully bumped revision number for resource c3c408f3-666c-44f5-8381-6c1458b9dffa (type: security_group_rules) to 0
2026-06-03 01:09:34.647 10 INFO neutron.db.ovn_revision_numbers_db [None req-ca616778-eb62-4256-b065-a4229445a86f cfe64ff813f741059e3457603e3caec3 2606399b3f0d4e5485b25d323e1d8fb3 - - default default] Successfully bumped revision number for resource c0933b27-b9c4-4656-af1b-abad839705b6 (type: routers) to 1
2026-06-03 01:09:34.663 10 INFO neutron.wsgi [None req-ca616778-eb62-4256-b065-a4229445a86f cfe64ff813f741059e3457603e3caec3 2606399b3f0d4e5485b25d323e1d8fb3 - - default default] 10.0.0.22 "POST /v2.0/routers HTTP/1.1" status: 201 len: 769 time: 0.1496491
2026-06-03 01:09:34.670 9 INFO neutron.db.segments_db [None req-39a3fa12-53ea-4902-ac21-e8de455a6603 3f4f27b2bf594f46b753f0eeb54bfae5 63bcbe22be7b4125bcf045a72c2c9d50 - - default default] Added segment 9b750222-92f4-416c-8912-f830d1bc2a35 of type geneve for network a29813ca-33eb-4c99-b855-ad705bb90ceb
2026-06-03 01:09:34.783 9 INFO neutron.wsgi [None req-daeb2995-de20-44c8-8840-39e2d5f76c49 cfe64ff813f741059e3457603e3caec3 2606399b3f0d4e5485b25d323e1d8fb3 - - default default] 10.0.0.22 "PUT /v2.0/routers/a2c2ba1f-a0fd-4a05-a54d-b19ed084a706/tags HTTP/1.1" status: 200 len: 210 time: 0.1136181
2026-06-03 01:09:34.882 10 INFO neutron.wsgi [None req-7e729295-81a7-44ed-8b6d-24e4b67bb43e cfe64ff813f741059e3457603e3caec3 2606399b3f0d4e5485b25d323e1d8fb3 - - default default] 10.0.0.22 "PUT /v2.0/routers/e8565e4b-398e-4ada-9d69-b839b3fac1cb/tags HTTP/1.1" status: 200 len: 218 time: 0.0937583
2026-06-03 01:09:34.927 9 INFO neutron.db.ovn_revision_numbers_db [None req-39a3fa12-53ea-4902-ac21-e8de455a6603 3f4f27b2bf594f46b753f0eeb54bfae5 63bcbe22be7b4125bcf045a72c2c9d50 - - default default] Successfully bumped revision number for resource a29813ca-33eb-4c99-b855-ad705bb90ceb (type: networks) to 1
2026-06-03 01:09:34.965 10 INFO neutron.wsgi [None req-3727a0f6-750a-489f-90ef-cf7efa536e1c cfe64ff813f741059e3457603e3caec3 2606399b3f0d4e5485b25d323e1d8fb3 - - default default] 10.0.0.22 "PUT /v2.0/routers/0f186b36-1245-4838-af12-8b42d94c8bda/tags HTTP/1.1" status: 200 len: 227 time: 0.0738344
2026-06-03 01:09:35.038 10 INFO neutron.wsgi [None req-0a83734d-64b4-4e7c-935e-00403adf948c cfe64ff813f741059e3457603e3caec3 2606399b3f0d4e5485b25d323e1d8fb3 - - default default] 10.0.0.22 "PUT /v2.0/routers/3b9a6bc2-ead8-45bf-8764-4107f4594181/tags HTTP/1.1" status: 200 len: 212 time: 0.0661917
2026-06-03 01:09:35.116 10 INFO neutron.wsgi [None req-10396bcb-37b1-48a0-8e92-6c864be593af cfe64ff813f741059e3457603e3caec3 2606399b3f0d4e5485b25d323e1d8fb3 - - default default] 10.0.0.22 "GET /v2.0/routers?tags=red HTTP/1.1" status: 200 len: 1946 time: 0.0715525
2026-06-03 01:09:35.205 10 INFO neutron.wsgi [None req-a86315c1-d1fe-42fe-b08a-1ec280e2c839 cfe64ff813f741059e3457603e3caec3 2606399b3f0d4e5485b25d323e1d8fb3 - - default default] 10.0.0.22 "GET /v2.0/routers?tags=red%2Cblue HTTP/1.1" status: 200 len: 1375 time: 0.0813363
2026-06-03 01:09:35.420 9 WARNING neutron.scheduler.dhcp_agent_scheduler [None req-39a3fa12-53ea-4902-ac21-e8de455a6603 3f4f27b2bf594f46b753f0eeb54bfae5 63bcbe22be7b4125bcf045a72c2c9d50 - - default default] No more DHCP agents
2026-06-03 01:09:35.423 9 WARNING neutron.api.rpc.agentnotifiers.dhcp_rpc_agent_api [None req-39a3fa12-53ea-4902-ac21-e8de455a6603 3f4f27b2bf594f46b753f0eeb54bfae5 63bcbe22be7b4125bcf045a72c2c9d50 - - default default] Unable to schedule network a29813ca-33eb-4c99-b855-ad705bb90ceb: no agents available; will retry on subsequent port and subnet creation events.
2026-06-03 01:09:35.498 10 INFO neutron.wsgi [None req-59008b2c-8769-4c64-917d-87264d515896 cfe64ff813f741059e3457603e3caec3 2606399b3f0d4e5485b25d323e1d8fb3 - - default default] 10.0.0.22 "GET /v2.0/routers?tags-any=blue HTTP/1.1" status: 200 len: 1375 time: 0.2878411
2026-06-03 01:09:35.537 9 INFO neutron.db.ovn_revision_numbers_db [None req-39a3fa12-53ea-4902-ac21-e8de455a6603 3f4f27b2bf594f46b753f0eeb54bfae5 63bcbe22be7b4125bcf045a72c2c9d50 - - default default] Successfully bumped revision number for resource 629ca8c2-f963-4489-967c-9f40e82f2e7c (type: ports) to 1
2026-06-03 01:09:35.562 10 INFO neutron.wsgi [None req-f64cd474-dd4a-48c9-85d0-d3040ff5b941 cfe64ff813f741059e3457603e3caec3 2606399b3f0d4e5485b25d323e1d8fb3 - - default default] 10.0.0.22 "GET /v2.0/routers?tags-any=red%2Cblue HTTP/1.1" status: 200 len: 1946 time: 0.0573027
2026-06-03 01:09:35.569 9 INFO neutron.wsgi [None req-39a3fa12-53ea-4902-ac21-e8de455a6603 3f4f27b2bf594f46b753f0eeb54bfae5 63bcbe22be7b4125bcf045a72c2c9d50 - - default default] 10.0.0.22 "POST /v2.0/networks HTTP/1.1" status: 201 len: 830 time: 1.3101723
2026-06-03 01:09:35.583 9 WARNING neutron_lib.context [None req-f88e2fa2-5ff2-4767-bd66-64535b325f64 3f4f27b2bf594f46b753f0eeb54bfae5 63bcbe22be7b4125bcf045a72c2c9d50 - - default default] Method 'is_advsvc' is deprecated since 2023.2 release (neutron-lib 3.8.0) and will be removed once support for the old RBAC API policies will be removed from Neutron. Please use method 'is_service_role' instead.
2026-06-03 01:09:35.644 10 INFO neutron.wsgi [None req-22cbd566-7944-4c69-b401-7ee8abfca192 cfe64ff813f741059e3457603e3caec3 2606399b3f0d4e5485b25d323e1d8fb3 - - default default] 10.0.0.22 "GET /v2.0/routers?not-tags=red HTTP/1.1" status: 200 len: 1347 time: 0.0739307
2026-06-03 01:09:35.655 9 INFO neutron.db.ovn_revision_numbers_db [None req-73a98fd7-71d8-486f-be1d-9501b835c05d 7c551abc215d4a7aa64089358a3ea675 3d70adec2e0f4574a467af2de14bc825 - - default default] Successfully bumped revision number for resource 90a69a81-afd3-4bcf-b91d-f4546ca8bf41 (type: ports) to 2
2026-06-03 01:09:35.719 9 INFO neutron.db.ovn_revision_numbers_db [None req-73a98fd7-71d8-486f-be1d-9501b835c05d 7c551abc215d4a7aa64089358a3ea675 3d70adec2e0f4574a467af2de14bc825 - - default default] Successfully bumped revision number for resource fbbf0a52-8d6f-4d44-9434-38f0c57dab80 (type: subnets) to 0
2026-06-03 01:09:35.727 10 INFO neutron.wsgi [None req-adc5d92f-456e-431f-bf3e-0572a3df2cdf cfe64ff813f741059e3457603e3caec3 2606399b3f0d4e5485b25d323e1d8fb3 - - default default] 10.0.0.22 "GET /v2.0/routers?not-tags=red%2Cblue HTTP/1.1" status: 200 len: 1918 time: 0.0779471
2026-06-03 01:09:35.742 9 INFO neutron.wsgi [None req-73a98fd7-71d8-486f-be1d-9501b835c05d 7c551abc215d4a7aa64089358a3ea675 3d70adec2e0f4574a467af2de14bc825 - - default default] 10.0.0.22 "POST /v2.0/subnets HTTP/1.1" status: 201 len: 804 time: 1.4446661
2026-06-03 01:09:35.751 9 WARNING neutron_lib.context [None req-498ff61d-3ac0-4bf8-9d45-11269b863c69 7c551abc215d4a7aa64089358a3ea675 3d70adec2e0f4574a467af2de14bc825 - - default default] Method 'is_advsvc' is deprecated since 2023.2 release (neutron-lib 3.8.0) and will be removed once support for the old RBAC API policies will be removed from Neutron. Please use method 'is_service_role' instead.
2026-06-03 01:09:35.827 10 INFO neutron.wsgi [None req-4a4ced82-7d80-4253-b51f-fe1d35522386 cfe64ff813f741059e3457603e3caec3 2606399b3f0d4e5485b25d323e1d8fb3 - - default default] 10.0.0.22 "GET /v2.0/routers?not-tags-any=blue HTTP/1.1" status: 200 len: 1918 time: 0.0915947
2026-06-03 01:09:35.863 9 INFO neutron.db.segments_db [None req-498ff61d-3ac0-4bf8-9d45-11269b863c69 7c551abc215d4a7aa64089358a3ea675 3d70adec2e0f4574a467af2de14bc825 - - default default] Added segment d09b3801-14d9-4767-9c85-c52906305440 of type geneve for network 4ad514c3-d437-43d0-9bfe-37193cc80070
2026-06-03 01:09:35.894 10 INFO neutron.wsgi [None req-e4f6b82c-d0f1-4fa5-a5b7-2b66ace032a9 cfe64ff813f741059e3457603e3caec3 2606399b3f0d4e5485b25d323e1d8fb3 - - default default] 10.0.0.22 "GET /v2.0/routers?not-tags-any=red%2Cblue HTTP/1.1" status: 200 len: 1347 time: 0.0621009
2026-06-03 01:09:35.898 9 WARNING neutron.scheduler.dhcp_agent_scheduler [None req-f88e2fa2-5ff2-4767-bd66-64535b325f64 3f4f27b2bf594f46b753f0eeb54bfae5 63bcbe22be7b4125bcf045a72c2c9d50 - - default default] No more DHCP agents
2026-06-03 01:09:35.904 9 WARNING neutron.api.rpc.agentnotifiers.dhcp_rpc_agent_api [None req-f88e2fa2-5ff2-4767-bd66-64535b325f64 3f4f27b2bf594f46b753f0eeb54bfae5 63bcbe22be7b4125bcf045a72c2c9d50 - - default default] Unable to schedule network a29813ca-33eb-4c99-b855-ad705bb90ceb: no agents available; will retry on subsequent port and subnet creation events.
2026-06-03 01:09:35.956 10 INFO neutron.wsgi [None req-81ba2727-c527-48ae-bf2e-b65b02d5e187 cfe64ff813f741059e3457603e3caec3 2606399b3f0d4e5485b25d323e1d8fb3 - - default default] 10.0.0.22 "GET /v2.0/routers/a2c2ba1f-a0fd-4a05-a54d-b19ed084a706 HTTP/1.1" status: 200 len: 775 time: 0.0543530 /var/lib/openstack/lib/python3.10/site-packages/pycadf/identifier.py:71: UserWarning: Invalid uuid: neutron. To ensure interoperability, identifiers should be a valid uuid. warnings.warn(('Invalid uuid: %s. To ensure interoperability, '
2026-06-03 01:09:36.120 9 INFO neutron.db.ovn_revision_numbers_db [None req-f88e2fa2-5ff2-4767-bd66-64535b325f64 3f4f27b2bf594f46b753f0eeb54bfae5 63bcbe22be7b4125bcf045a72c2c9d50 - - default default] Successfully bumped revision number for resource b28d5852-1f9d-41e6-8db6-23385eb81bf8 (type: ports) to 1
2026-06-03 01:09:36.162 9 INFO neutron.db.ovn_revision_numbers_db [None req-498ff61d-3ac0-4bf8-9d45-11269b863c69 7c551abc215d4a7aa64089358a3ea675 3d70adec2e0f4574a467af2de14bc825 - - default default] Successfully bumped revision number for resource 4ad514c3-d437-43d0-9bfe-37193cc80070 (type: networks) to 1
2026-06-03 01:09:36.185 9 INFO neutron.wsgi [None req-f88e2fa2-5ff2-4767-bd66-64535b325f64 3f4f27b2bf594f46b753f0eeb54bfae5 63bcbe22be7b4125bcf045a72c2c9d50 - - default default] 10.0.0.22 "POST /v2.0/ports HTTP/1.1" status: 201 len: 942 time: 0.6056931
2026-06-03 01:09:36.199 10 WARNING neutron_lib.context [None req-ed243097-eb05-42c9-8088-ec80616e4cab 3f4f27b2bf594f46b753f0eeb54bfae5 63bcbe22be7b4125bcf045a72c2c9d50 - - default default] Method 'is_advsvc' is deprecated since 2023.2 release (neutron-lib 3.8.0) and will be removed once support for the old RBAC API policies will be removed from Neutron. Please use method 'is_service_role' instead.
2026-06-03 01:09:36.287 10 INFO neutron.db.segments_db [None req-ed243097-eb05-42c9-8088-ec80616e4cab 3f4f27b2bf594f46b753f0eeb54bfae5 63bcbe22be7b4125bcf045a72c2c9d50 - - default default] Added segment 6d516816-f5b0-4f25-86b6-fc02c87e0578 of type geneve for network 31047cb9-3ca7-487f-8b9a-78d4d2f5e9be
2026-06-03 01:09:36.436 10 INFO neutron.db.ovn_revision_numbers_db [None req-ed243097-eb05-42c9-8088-ec80616e4cab 3f4f27b2bf594f46b753f0eeb54bfae5 63bcbe22be7b4125bcf045a72c2c9d50 - - default default] Successfully bumped revision number for resource 31047cb9-3ca7-487f-8b9a-78d4d2f5e9be (type: networks) to 1
2026-06-03 01:09:36.488 9 WARNING neutron.scheduler.dhcp_agent_scheduler [None req-498ff61d-3ac0-4bf8-9d45-11269b863c69 7c551abc215d4a7aa64089358a3ea675 3d70adec2e0f4574a467af2de14bc825 - - default default] No more DHCP agents
2026-06-03 01:09:36.489 9 WARNING neutron.api.rpc.agentnotifiers.dhcp_rpc_agent_api [None req-498ff61d-3ac0-4bf8-9d45-11269b863c69 7c551abc215d4a7aa64089358a3ea675 3d70adec2e0f4574a467af2de14bc825 - - default default] Unable to schedule network 4ad514c3-d437-43d0-9bfe-37193cc80070: no agents available; will retry on subsequent port and subnet creation events.
2026-06-03 01:09:36.493 9 INFO neutron.db.ovn_revision_numbers_db [None req-3b2e8021-38af-4774-99cb-1068718ebda4 cfe64ff813f741059e3457603e3caec3 2606399b3f0d4e5485b25d323e1d8fb3 - - default default] Successfully bumped revision number for resource a2c2ba1f-a0fd-4a05-a54d-b19ed084a706 (type: routers) to 2
2026-06-03 01:09:36.503 9 INFO neutron.wsgi [None req-3b2e8021-38af-4774-99cb-1068718ebda4 cfe64ff813f741059e3457603e3caec3 2606399b3f0d4e5485b25d323e1d8fb3 - - default default] 10.0.0.22 "PUT /v2.0/routers/a2c2ba1f-a0fd-4a05-a54d-b19ed084a706 HTTP/1.1" status: 200 len: 775 time: 0.5407887
2026-06-03 01:09:36.540 10 INFO neutron.wsgi [None req-97d44a20-d50c-42b8-9c0a-4ead75943885 cfe64ff813f741059e3457603e3caec3 2606399b3f0d4e5485b25d323e1d8fb3 - - default default] 10.0.0.22 "GET /v2.0/ports?device_id=a2c2ba1f-a0fd-4a05-a54d-b19ed084a706 HTTP/1.1" status: 200 len: 205 time: 0.0303540
2026-06-03 01:09:36.621 9 INFO neutron.db.ovn_revision_numbers_db [None req-498ff61d-3ac0-4bf8-9d45-11269b863c69 7c551abc215d4a7aa64089358a3ea675 3d70adec2e0f4574a467af2de14bc825 - - default default] Successfully bumped revision number for resource 1e5f968a-b507-4132-8ea0-4e1ce79060e1 (type: ports) to 1
2026-06-03 01:09:36.675 9 INFO neutron.wsgi [None req-498ff61d-3ac0-4bf8-9d45-11269b863c69 7c551abc215d4a7aa64089358a3ea675 3d70adec2e0f4574a467af2de14bc825 - - default default] 10.0.0.22 "POST /v2.0/networks HTTP/1.1" status: 201 len: 831 time: 0.9292252
2026-06-03 01:09:36.685 10 WARNING neutron.scheduler.dhcp_agent_scheduler [None req-ed243097-eb05-42c9-8088-ec80616e4cab 3f4f27b2bf594f46b753f0eeb54bfae5 63bcbe22be7b4125bcf045a72c2c9d50 - - default default] No more DHCP agents
2026-06-03 01:09:36.694 10 WARNING neutron_lib.context [None req-12d54bcf-5fa6-44d6-b5d0-24127dc03d7e 7c551abc215d4a7aa64089358a3ea675 3d70adec2e0f4574a467af2de14bc825 - - default default] Method 'is_advsvc' is deprecated since 2023.2 release (neutron-lib 3.8.0) and will be removed once support for the old RBAC API policies will be removed from Neutron. Please use method 'is_service_role' instead.
2026-06-03 01:09:36.702 10 WARNING neutron.api.rpc.agentnotifiers.dhcp_rpc_agent_api [None req-ed243097-eb05-42c9-8088-ec80616e4cab 3f4f27b2bf594f46b753f0eeb54bfae5 63bcbe22be7b4125bcf045a72c2c9d50 - - default default] Unable to schedule network 31047cb9-3ca7-487f-8b9a-78d4d2f5e9be: no agents available; will retry on subsequent port and subnet creation events.
2026-06-03 01:09:36.868 10 INFO neutron.db.ovn_revision_numbers_db [None req-ed243097-eb05-42c9-8088-ec80616e4cab 3f4f27b2bf594f46b753f0eeb54bfae5 63bcbe22be7b4125bcf045a72c2c9d50 - - default default] Successfully bumped revision number for resource bc77e6d3-c53a-4227-b84b-ad2661ac08fc (type: ports) to 1
2026-06-03 01:09:36.924 10 INFO neutron.wsgi [None req-ed243097-eb05-42c9-8088-ec80616e4cab 3f4f27b2bf594f46b753f0eeb54bfae5 63bcbe22be7b4125bcf045a72c2c9d50 - - default default] 10.0.0.22 "POST /v2.0/networks HTTP/1.1" status: 201 len: 830 time: 0.7340896
2026-06-03 01:09:36.941 10 WARNING neutron_lib.context [None req-08db2b71-0c3e-4e9f-ad18-78d757058bfb 3f4f27b2bf594f46b753f0eeb54bfae5 63bcbe22be7b4125bcf045a72c2c9d50 - - default default] Method 'is_advsvc' is deprecated since 2023.2 release (neutron-lib 3.8.0) and will be removed once support for the old RBAC API policies will be removed from Neutron. Please use method 'is_service_role' instead.
2026-06-03 01:09:37.092 10 WARNING neutron.scheduler.dhcp_agent_scheduler [None req-12d54bcf-5fa6-44d6-b5d0-24127dc03d7e 7c551abc215d4a7aa64089358a3ea675 3d70adec2e0f4574a467af2de14bc825 - - default default] No more DHCP agents
2026-06-03 01:09:37.097 10 WARNING neutron.api.rpc.agentnotifiers.dhcp_rpc_agent_api [None req-12d54bcf-5fa6-44d6-b5d0-24127dc03d7e 7c551abc215d4a7aa64089358a3ea675 3d70adec2e0f4574a467af2de14bc825 - - default default] Unable to schedule network 4ad514c3-d437-43d0-9bfe-37193cc80070: no agents available; will retry on subsequent port and subnet creation events.
2026-06-03 01:09:37.175 9 INFO neutron.wsgi [None req-0d26233b-7b6d-4225-8859-dc464069ffdc cfe64ff813f741059e3457603e3caec3 2606399b3f0d4e5485b25d323e1d8fb3 - - default default] 10.0.0.22 "DELETE /v2.0/routers/a2c2ba1f-a0fd-4a05-a54d-b19ed084a706 HTTP/1.1" status: 204 len: 168 time: 0.6268883
2026-06-03 01:09:37.229 9 INFO neutron.wsgi [None req-7f0962fd-7a01-440c-a020-c798aa07aa7e cfe64ff813f741059e3457603e3caec3 2606399b3f0d4e5485b25d323e1d8fb3 - - default default] 10.0.0.22 "GET /v2.0/routers/e8565e4b-398e-4ada-9d69-b839b3fac1cb HTTP/1.1" status: 200 len: 783 time: 0.0490322
2026-06-03 01:09:37.296 10 WARNING neutron.scheduler.dhcp_agent_scheduler [None req-08db2b71-0c3e-4e9f-ad18-78d757058bfb 3f4f27b2bf594f46b753f0eeb54bfae5 63bcbe22be7b4125bcf045a72c2c9d50 - - default default] No more DHCP agents
2026-06-03 01:09:37.302 10 WARNING neutron.api.rpc.agentnotifiers.dhcp_rpc_agent_api [None req-08db2b71-0c3e-4e9f-ad18-78d757058bfb 3f4f27b2bf594f46b753f0eeb54bfae5 63bcbe22be7b4125bcf045a72c2c9d50 - - default default] Unable to schedule network 31047cb9-3ca7-487f-8b9a-78d4d2f5e9be: no agents available; will retry on subsequent port and subnet creation events.
2026-06-03 01:09:37.439 10 INFO neutron.db.ovn_revision_numbers_db [None req-08db2b71-0c3e-4e9f-ad18-78d757058bfb 3f4f27b2bf594f46b753f0eeb54bfae5 63bcbe22be7b4125bcf045a72c2c9d50 - - default default] Successfully bumped revision number for resource ebd945d1-ace7-4b5e-b398-38468e0f56c9 (type: ports) to 1
2026-06-03 01:09:37.483 10 INFO neutron.wsgi [None req-08db2b71-0c3e-4e9f-ad18-78d757058bfb 3f4f27b2bf594f46b753f0eeb54bfae5 63bcbe22be7b4125bcf045a72c2c9d50 - - default default] 10.0.0.22 "POST /v2.0/ports HTTP/1.1" status: 201 len: 942 time: 0.5482967 /var/lib/openstack/lib/python3.10/site-packages/pycadf/identifier.py:71: UserWarning: Invalid uuid: neutron. To ensure interoperability, identifiers should be a valid uuid. warnings.warn(('Invalid uuid: %s. To ensure interoperability, '
2026-06-03 01:09:37.494 10 WARNING neutron_lib.context [None req-a242085b-2dfe-418c-87a6-ca6cb5aecc48 3f4f27b2bf594f46b753f0eeb54bfae5 63bcbe22be7b4125bcf045a72c2c9d50 - - default default] Method 'is_advsvc' is deprecated since 2023.2 release (neutron-lib 3.8.0) and will be removed once support for the old RBAC API policies will be removed from Neutron. Please use method 'is_service_role' instead.
2026-06-03 01:09:37.624 10 INFO neutron.db.segments_db [None req-a242085b-2dfe-418c-87a6-ca6cb5aecc48 3f4f27b2bf594f46b753f0eeb54bfae5 63bcbe22be7b4125bcf045a72c2c9d50 - - default default] Added segment e5656fb8-9732-4808-9c29-2d2c6c9840ee of type geneve for network 8374e511-7f14-43fb-af93-f3895fcd6747
2026-06-03 01:09:37.650 9 INFO neutron.db.ovn_revision_numbers_db [None req-69b17345-24cc-4ca5-a9d1-8a98aef41514 cfe64ff813f741059e3457603e3caec3 2606399b3f0d4e5485b25d323e1d8fb3 - - default default] Successfully bumped revision number for resource e8565e4b-398e-4ada-9d69-b839b3fac1cb (type: routers) to 2
2026-06-03 01:09:37.657 9 INFO neutron.wsgi [None req-69b17345-24cc-4ca5-a9d1-8a98aef41514 cfe64ff813f741059e3457603e3caec3 2606399b3f0d4e5485b25d323e1d8fb3 - - default default] 10.0.0.22 "PUT /v2.0/routers/e8565e4b-398e-4ada-9d69-b839b3fac1cb HTTP/1.1" status: 200 len: 783 time: 0.4223814
2026-06-03 01:09:37.685 9 INFO neutron.wsgi [None req-7cf0ffdc-8b47-4a00-8b1c-99a0904e16c3 cfe64ff813f741059e3457603e3caec3 2606399b3f0d4e5485b25d323e1d8fb3 - - default default] 10.0.0.22 "GET /v2.0/ports?device_id=e8565e4b-398e-4ada-9d69-b839b3fac1cb HTTP/1.1" status: 200 len: 205 time: 0.0228276
2026-06-03 01:09:37.959 9 INFO neutron.wsgi [None req-a89f0d7b-e53f-4e61-937e-6d65d22769d9 cfe64ff813f741059e3457603e3caec3 2606399b3f0d4e5485b25d323e1d8fb3 - - default default] 10.0.0.22 "DELETE /v2.0/routers/e8565e4b-398e-4ada-9d69-b839b3fac1cb HTTP/1.1" status: 204 len: 168 time: 0.2693272
2026-06-03 01:09:38.013 9 INFO neutron.wsgi [None req-0df3c04a-cfaa-4260-bf49-6cd921a0a2f6 cfe64ff813f741059e3457603e3caec3 2606399b3f0d4e5485b25d323e1d8fb3 - - default default] 10.0.0.22 "GET /v2.0/routers/0f186b36-1245-4838-af12-8b42d94c8bda HTTP/1.1" status: 200 len: 792 time: 0.0480912
2026-06-03 01:09:38.037 10 INFO neutron.db.ovn_revision_numbers_db [None req-a242085b-2dfe-418c-87a6-ca6cb5aecc48 3f4f27b2bf594f46b753f0eeb54bfae5 63bcbe22be7b4125bcf045a72c2c9d50 - - default default] Successfully bumped revision number for resource 8374e511-7f14-43fb-af93-f3895fcd6747 (type: networks) to 1
2026-06-03 01:09:38.076 10 INFO neutron.db.ovn_revision_numbers_db [None req-12d54bcf-5fa6-44d6-b5d0-24127dc03d7e 7c551abc215d4a7aa64089358a3ea675 3d70adec2e0f4574a467af2de14bc825 - - default default] Successfully bumped revision number for resource 1e5f968a-b507-4132-8ea0-4e1ce79060e1 (type: ports) to 2
2026-06-03 01:09:38.128 10 INFO neutron.db.ovn_revision_numbers_db [None req-12d54bcf-5fa6-44d6-b5d0-24127dc03d7e 7c551abc215d4a7aa64089358a3ea675 3d70adec2e0f4574a467af2de14bc825 - - default default] Successfully bumped revision number for resource b205e6f3-1277-438f-972b-06a92c2e6c12 (type: subnets) to 0
2026-06-03 01:09:38.152 10 INFO neutron.wsgi [None req-12d54bcf-5fa6-44d6-b5d0-24127dc03d7e 7c551abc215d4a7aa64089358a3ea675 3d70adec2e0f4574a467af2de14bc825 - - default default] 10.0.0.22 "POST /v2.0/subnets HTTP/1.1" status: 201 len: 804 time: 1.4697635
2026-06-03 01:09:38.163 10 WARNING neutron_lib.context [None req-4ec0b220-7a4c-4a18-a19d-b7e7d3289a2f 7c551abc215d4a7aa64089358a3ea675 3d70adec2e0f4574a467af2de14bc825 - - default default] Method 'is_advsvc' is deprecated since 2023.2 release (neutron-lib 3.8.0) and will be removed once support for the old RBAC API policies will be removed from Neutron. Please use method 'is_service_role' instead.
2026-06-03 01:09:38.249 10 WARNING neutron.scheduler.dhcp_agent_scheduler [None req-a242085b-2dfe-418c-87a6-ca6cb5aecc48 3f4f27b2bf594f46b753f0eeb54bfae5 63bcbe22be7b4125bcf045a72c2c9d50 - - default default] No more DHCP agents
2026-06-03 01:09:38.251 10 WARNING neutron.api.rpc.agentnotifiers.dhcp_rpc_agent_api [None req-a242085b-2dfe-418c-87a6-ca6cb5aecc48 3f4f27b2bf594f46b753f0eeb54bfae5 63bcbe22be7b4125bcf045a72c2c9d50 - - default default] Unable to schedule network 8374e511-7f14-43fb-af93-f3895fcd6747: no agents available; will retry on subsequent port and subnet creation events.
2026-06-03 01:09:38.280 10 INFO neutron.db.segments_db [None req-4ec0b220-7a4c-4a18-a19d-b7e7d3289a2f 7c551abc215d4a7aa64089358a3ea675 3d70adec2e0f4574a467af2de14bc825 - - default default] Added segment 1243affe-9ff4-4df9-b169-c40998477f8d of type geneve for network 28a26ca2-88ef-413e-a23b-0cef696b90c8
2026-06-03 01:09:38.358 10 INFO neutron.db.ovn_revision_numbers_db [None req-a242085b-2dfe-418c-87a6-ca6cb5aecc48 3f4f27b2bf594f46b753f0eeb54bfae5 63bcbe22be7b4125bcf045a72c2c9d50 - - default default] Successfully bumped revision number for resource a1e1a2f0-6255-4700-8a91-415e6bfdb799 (type: ports) to 1
2026-06-03 01:09:38.404 10 INFO neutron.wsgi [None req-a242085b-2dfe-418c-87a6-ca6cb5aecc48 3f4f27b2bf594f46b753f0eeb54bfae5 63bcbe22be7b4125bcf045a72c2c9d50 - - default default] 10.0.0.22 "POST /v2.0/networks HTTP/1.1" status: 201 len: 831 time: 0.9155257
2026-06-03 01:09:38.421 9 WARNING neutron_lib.context [None req-4eeaae38-9f33-4acb-a726-0de01e7f666c 3f4f27b2bf594f46b753f0eeb54bfae5 63bcbe22be7b4125bcf045a72c2c9d50 - - default default] Method 'is_advsvc' is deprecated since 2023.2 release (neutron-lib 3.8.0) and will be removed once support for the old RBAC API policies will be removed from Neutron. Please use method 'is_service_role' instead.
2026-06-03 01:09:38.446 10 INFO neutron.db.ovn_revision_numbers_db [None req-4ec0b220-7a4c-4a18-a19d-b7e7d3289a2f 7c551abc215d4a7aa64089358a3ea675 3d70adec2e0f4574a467af2de14bc825 - - default default] Successfully bumped revision number for resource 28a26ca2-88ef-413e-a23b-0cef696b90c8 (type: networks) to 1
2026-06-03 01:09:38.448 9 INFO neutron.db.ovn_revision_numbers_db [None req-bffcca12-a9df-4bcc-a7ef-e9e139fe19d1 cfe64ff813f741059e3457603e3caec3 2606399b3f0d4e5485b25d323e1d8fb3 - - default default] Successfully bumped revision number for resource 0f186b36-1245-4838-af12-8b42d94c8bda (type: routers) to 2
2026-06-03 01:09:38.454 9 INFO neutron.wsgi [None req-bffcca12-a9df-4bcc-a7ef-e9e139fe19d1 cfe64ff813f741059e3457603e3caec3 2606399b3f0d4e5485b25d323e1d8fb3 - - default default] 10.0.0.22 "PUT /v2.0/routers/0f186b36-1245-4838-af12-8b42d94c8bda HTTP/1.1" status: 200 len: 792 time: 0.4343278
2026-06-03 01:09:38.477 9 INFO neutron.wsgi [None req-a50e16dc-2743-43f8-80b5-6c658b22ad9f cfe64ff813f741059e3457603e3caec3 2606399b3f0d4e5485b25d323e1d8fb3 - - default default] 10.0.0.22 "GET /v2.0/ports?device_id=0f186b36-1245-4838-af12-8b42d94c8bda HTTP/1.1" status: 200 len: 205 time: 0.0192692
2026-06-03 01:09:38.512 9 INFO neutron.wsgi [-] 10.0.0.124 "GET / HTTP/1.1" status: 200 len: 247 time: 0.0013747
2026-06-03 01:09:38.513 9 INFO neutron.wsgi [-] 10.0.0.124 "GET / HTTP/1.1" status: 200 len: 247 time: 0.0009778
2026-06-03 01:09:38.651 10 WARNING neutron.scheduler.dhcp_agent_scheduler [None req-4ec0b220-7a4c-4a18-a19d-b7e7d3289a2f 7c551abc215d4a7aa64089358a3ea675 3d70adec2e0f4574a467af2de14bc825 - - default default] No more DHCP agents
2026-06-03 01:09:38.654 10 WARNING neutron.api.rpc.agentnotifiers.dhcp_rpc_agent_api [None req-4ec0b220-7a4c-4a18-a19d-b7e7d3289a2f 7c551abc215d4a7aa64089358a3ea675 3d70adec2e0f4574a467af2de14bc825 - - default default] Unable to schedule network 28a26ca2-88ef-413e-a23b-0cef696b90c8: no agents available; will retry on subsequent port and subnet creation events.
2026-06-03 01:09:38.743 10 INFO neutron.db.ovn_revision_numbers_db [None req-4ec0b220-7a4c-4a18-a19d-b7e7d3289a2f 7c551abc215d4a7aa64089358a3ea675 3d70adec2e0f4574a467af2de14bc825 - - default default] Successfully bumped revision number for resource eda05368-d995-4d8c-8144-a86c7d6eeba9 (type: ports) to 1
2026-06-03 01:09:38.782 10 INFO neutron.wsgi [None req-4ec0b220-7a4c-4a18-a19d-b7e7d3289a2f 7c551abc215d4a7aa64089358a3ea675 3d70adec2e0f4574a467af2de14bc825 - - default default] 10.0.0.22 "POST /v2.0/networks HTTP/1.1" status: 201 len: 831 time: 0.6246088
2026-06-03 01:09:38.804 10 WARNING neutron_lib.context [None req-394d328a-2ff9-4a61-8b59-19bd014e2685 7c551abc215d4a7aa64089358a3ea675 3d70adec2e0f4574a467af2de14bc825 - - default default] Method 'is_advsvc' is deprecated since 2023.2 release (neutron-lib 3.8.0) and will be removed once support for the old RBAC API policies will be removed from Neutron. Please use method 'is_service_role' instead.
2026-06-03 01:09:39.064 10 WARNING neutron.scheduler.dhcp_agent_scheduler [None req-394d328a-2ff9-4a61-8b59-19bd014e2685 7c551abc215d4a7aa64089358a3ea675 3d70adec2e0f4574a467af2de14bc825 - - default default] No more DHCP agents
2026-06-03 01:09:39.068 10 WARNING neutron.api.rpc.agentnotifiers.dhcp_rpc_agent_api [None req-394d328a-2ff9-4a61-8b59-19bd014e2685 7c551abc215d4a7aa64089358a3ea675 3d70adec2e0f4574a467af2de14bc825 - - default default] Unable to schedule network 28a26ca2-88ef-413e-a23b-0cef696b90c8: no agents available; will retry on subsequent port and subnet creation events.
2026-06-03 01:09:39.102 9 INFO neutron.wsgi [req-4bb1e84a-2f8a-4214-b2e6-d6265b73db29 req-42d56bc2-8b5b-49d8-bd50-f771f629bf30 a40210201caa49bb93cd515aa8095e00 a78bb181ca684beda97a5b9e234ddee7 - - 27592d6e2a0a46d8aa949fa5c795dc48 27592d6e2a0a46d8aa949fa5c795dc48] 10.0.0.42 "GET /v2.0/ports?device_id=1b284a5b-4556-440c-91df-d7a7eea374f2 HTTP/1.1" status: 200 len: 1638 time: 0.0894985
2026-06-03 01:09:39.140 9 INFO neutron.wsgi [None req-d63abd2c-c817-4b16-8d0c-b4dd10afd265 cfe64ff813f741059e3457603e3caec3 2606399b3f0d4e5485b25d323e1d8fb3 - - default default] 10.0.0.22 "DELETE /v2.0/routers/0f186b36-1245-4838-af12-8b42d94c8bda HTTP/1.1" status: 204 len: 168 time: 0.6583364
2026-06-03 01:09:39.166 9 INFO neutron.wsgi [req-4bb1e84a-2f8a-4214-b2e6-d6265b73db29 req-fb9b873a-204a-496d-91ef-3e12bd0aac5d a40210201caa49bb93cd515aa8095e00 a78bb181ca684beda97a5b9e234ddee7 - - 27592d6e2a0a46d8aa949fa5c795dc48 27592d6e2a0a46d8aa949fa5c795dc48] 10.0.0.42 "GET /v2.0/security-groups?id=092416a5-ae73-47a2-95ac-abf9ac6f70e8&fields=id&fields=name HTTP/1.1" status: 200 len: 310 time: 0.0533159
2026-06-03 01:09:39.199 10 INFO neutron.wsgi [None req-182d8bc1-6805-443e-bf21-02e684c77232 cfe64ff813f741059e3457603e3caec3 2606399b3f0d4e5485b25d323e1d8fb3 - - default default] 10.0.0.22 "GET /v2.0/routers/3b9a6bc2-ead8-45bf-8764-4107f4594181 HTTP/1.1" status: 200 len: 777 time: 0.0544412
2026-06-03 01:09:39.213 9 WARNING neutron.scheduler.dhcp_agent_scheduler [None req-4eeaae38-9f33-4acb-a726-0de01e7f666c 3f4f27b2bf594f46b753f0eeb54bfae5 63bcbe22be7b4125bcf045a72c2c9d50 - - default default] No more DHCP agents
2026-06-03 01:09:39.215 9 WARNING neutron.api.rpc.agentnotifiers.dhcp_rpc_agent_api [None req-4eeaae38-9f33-4acb-a726-0de01e7f666c 3f4f27b2bf594f46b753f0eeb54bfae5 63bcbe22be7b4125bcf045a72c2c9d50 - - default default] Unable to schedule network 8374e511-7f14-43fb-af93-f3895fcd6747: no agents available; will retry on subsequent port and subnet creation events.
2026-06-03 01:09:39.327 9 INFO neutron.db.ovn_revision_numbers_db [None req-4eeaae38-9f33-4acb-a726-0de01e7f666c 3f4f27b2bf594f46b753f0eeb54bfae5 63bcbe22be7b4125bcf045a72c2c9d50 - - default default] Successfully bumped revision number for resource 3407c69a-bfec-49da-9627-efaae3b7df71 (type: ports) to 1
2026-06-03 01:09:39.354 9 INFO neutron.wsgi [None req-4eeaae38-9f33-4acb-a726-0de01e7f666c 3f4f27b2bf594f46b753f0eeb54bfae5 63bcbe22be7b4125bcf045a72c2c9d50 - - default default] 10.0.0.22 "POST /v2.0/ports HTTP/1.1" status: 201 len: 942 time: 0.9367435 /var/lib/openstack/lib/python3.10/site-packages/pycadf/identifier.py:71: UserWarning: Invalid uuid: neutron. To ensure interoperability, identifiers should be a valid uuid. warnings.warn(('Invalid uuid: %s. To ensure interoperability, '
2026-06-03 01:09:39.363 9 WARNING neutron_lib.context [None req-4eadbd69-ae94-4d55-9a54-6471d158f800 3f4f27b2bf594f46b753f0eeb54bfae5 63bcbe22be7b4125bcf045a72c2c9d50 - - default default] Method 'is_advsvc' is deprecated since 2023.2 release (neutron-lib 3.8.0) and will be removed once support for the old RBAC API policies will be removed from Neutron. Please use method 'is_service_role' instead.
2026-06-03 01:09:39.471 9 INFO neutron.db.segments_db [None req-4eadbd69-ae94-4d55-9a54-6471d158f800 3f4f27b2bf594f46b753f0eeb54bfae5 63bcbe22be7b4125bcf045a72c2c9d50 - - default default] Added segment d7b7f30f-608d-4ad8-9e3f-a72e8e0ea8ab of type geneve for network 09182975-d62b-4247-9dfc-8846f2ddd474
2026-06-03 01:09:39.624 9 INFO neutron.db.ovn_revision_numbers_db [None req-4eadbd69-ae94-4d55-9a54-6471d158f800 3f4f27b2bf594f46b753f0eeb54bfae5 63bcbe22be7b4125bcf045a72c2c9d50 - - default default] Successfully bumped revision number for resource 09182975-d62b-4247-9dfc-8846f2ddd474 (type: networks) to 1
2026-06-03 01:09:39.865 9 WARNING neutron.scheduler.dhcp_agent_scheduler [None req-4eadbd69-ae94-4d55-9a54-6471d158f800 3f4f27b2bf594f46b753f0eeb54bfae5 63bcbe22be7b4125bcf045a72c2c9d50 - - default default] No more DHCP agents
2026-06-03 01:09:39.867 9 WARNING neutron.api.rpc.agentnotifiers.dhcp_rpc_agent_api [None req-4eadbd69-ae94-4d55-9a54-6471d158f800 3f4f27b2bf594f46b753f0eeb54bfae5 63bcbe22be7b4125bcf045a72c2c9d50 - - default default] Unable to schedule network 09182975-d62b-4247-9dfc-8846f2ddd474: no agents available; will retry on subsequent port and subnet creation events.
2026-06-03 01:09:39.955 9 INFO neutron.db.ovn_revision_numbers_db [None req-4eadbd69-ae94-4d55-9a54-6471d158f800 3f4f27b2bf594f46b753f0eeb54bfae5 63bcbe22be7b4125bcf045a72c2c9d50 - - default default] Successfully bumped revision number for resource 8f0068ad-ac11-4b1c-b7ab-85b34737baf6 (type: ports) to 1
2026-06-03 01:09:39.976 10 INFO neutron.db.ovn_revision_numbers_db [None req-4dacf9ba-04e5-43d2-94a9-00746be42d4d cfe64ff813f741059e3457603e3caec3 2606399b3f0d4e5485b25d323e1d8fb3 - - default default] Successfully bumped revision number for resource 3b9a6bc2-ead8-45bf-8764-4107f4594181 (type: routers) to 2
2026-06-03 01:09:39.980 9 INFO neutron.wsgi [None req-4eadbd69-ae94-4d55-9a54-6471d158f800 3f4f27b2bf594f46b753f0eeb54bfae5 63bcbe22be7b4125bcf045a72c2c9d50 - - default default] 10.0.0.22 "POST /v2.0/networks HTTP/1.1" status: 201 len: 831 time: 0.6225295
2026-06-03 01:09:39.982 10 INFO neutron.wsgi [None req-4dacf9ba-04e5-43d2-94a9-00746be42d4d cfe64ff813f741059e3457603e3caec3 2606399b3f0d4e5485b25d323e1d8fb3 - - default default] 10.0.0.22 "PUT /v2.0/routers/3b9a6bc2-ead8-45bf-8764-4107f4594181 HTTP/1.1" status: 200 len: 777 time: 0.7768703
2026-06-03 01:09:39.991 10 WARNING neutron_lib.context [None req-695d35bb-85fe-4f53-a02b-6128ca9e2e24 3f4f27b2bf594f46b753f0eeb54bfae5 63bcbe22be7b4125bcf045a72c2c9d50 - - default default] Method 'is_advsvc' is deprecated since 2023.2 release (neutron-lib 3.8.0) and will be removed once support for the old RBAC API policies will be removed from Neutron. Please use method 'is_service_role' instead.
2026-06-03 01:09:40.009 9 INFO neutron.wsgi [None req-12e14f98-4768-4c21-acfa-3ac7f49cc697 cfe64ff813f741059e3457603e3caec3 2606399b3f0d4e5485b25d323e1d8fb3 - - default default] 10.0.0.22 "GET /v2.0/ports?device_id=3b9a6bc2-ead8-45bf-8764-4107f4594181 HTTP/1.1" status: 200 len: 205 time: 0.0219052
2026-06-03 01:09:40.181 10 INFO neutron.db.ovn_revision_numbers_db [None req-394d328a-2ff9-4a61-8b59-19bd014e2685 7c551abc215d4a7aa64089358a3ea675 3d70adec2e0f4574a467af2de14bc825 - - default default] Successfully bumped revision number for resource eda05368-d995-4d8c-8144-a86c7d6eeba9 (type: ports) to 2
2026-06-03 01:09:40.232 10 INFO neutron.db.ovn_revision_numbers_db [None req-394d328a-2ff9-4a61-8b59-19bd014e2685 7c551abc215d4a7aa64089358a3ea675 3d70adec2e0f4574a467af2de14bc825 - - default default] Successfully bumped revision number for resource 20102e51-af2c-4e0b-9f38-8f5ff8f0184a (type: subnets) to 0
2026-06-03 01:09:40.250 10 INFO neutron.wsgi [None req-394d328a-2ff9-4a61-8b59-19bd014e2685 7c551abc215d4a7aa64089358a3ea675 3d70adec2e0f4574a467af2de14bc825 - - default default] 10.0.0.22 "POST /v2.0/subnets HTTP/1.1" status: 201 len: 804 time: 1.4533563 /var/lib/openstack/lib/python3.10/site-packages/pycadf/identifier.py:71: UserWarning: Invalid uuid: neutron. To ensure interoperability, identifiers should be a valid uuid. warnings.warn(('Invalid uuid: %s. To ensure interoperability, '
2026-06-03 01:09:40.259 10 WARNING neutron_lib.context [None req-31178eff-75fd-4b2f-b4d9-8035f115416b 7c551abc215d4a7aa64089358a3ea675 3d70adec2e0f4574a467af2de14bc825 - - default default] Method 'is_advsvc' is deprecated since 2023.2 release (neutron-lib 3.8.0) and will be removed once support for the old RBAC API policies will be removed from Neutron. Please use method 'is_service_role' instead.
2026-06-03 01:09:40.265 9 INFO neutron.wsgi [None req-bfe2ecda-830b-4b95-801a-17341dc3d36a cfe64ff813f741059e3457603e3caec3 2606399b3f0d4e5485b25d323e1d8fb3 - - default default] 10.0.0.22 "DELETE /v2.0/routers/3b9a6bc2-ead8-45bf-8764-4107f4594181 HTTP/1.1" status: 204 len: 168 time: 0.2489159
2026-06-03 01:09:40.287 10 WARNING neutron.scheduler.dhcp_agent_scheduler [None req-695d35bb-85fe-4f53-a02b-6128ca9e2e24 3f4f27b2bf594f46b753f0eeb54bfae5 63bcbe22be7b4125bcf045a72c2c9d50 - - default default] No more DHCP agents
2026-06-03 01:09:40.289 10 WARNING neutron.api.rpc.agentnotifiers.dhcp_rpc_agent_api [None req-695d35bb-85fe-4f53-a02b-6128ca9e2e24 3f4f27b2bf594f46b753f0eeb54bfae5 63bcbe22be7b4125bcf045a72c2c9d50 - - default default] Unable to schedule network 09182975-d62b-4247-9dfc-8846f2ddd474: no agents available; will retry on subsequent port and subnet creation events.
2026-06-03 01:09:40.316 9 INFO neutron.wsgi [None req-86698bd6-a58c-4570-b47b-e9bb527f75f2 cfe64ff813f741059e3457603e3caec3 2606399b3f0d4e5485b25d323e1d8fb3 - - default default] 10.0.0.22 "GET /v2.0/routers/c0933b27-b9c4-4656-af1b-abad839705b6 HTTP/1.1" status: 200 len: 770 time: 0.0446405
2026-06-03 01:09:40.378 10 INFO neutron.db.segments_db [None req-31178eff-75fd-4b2f-b4d9-8035f115416b 7c551abc215d4a7aa64089358a3ea675 3d70adec2e0f4574a467af2de14bc825 - - default default] Added segment ae500e54-7605-4447-be4e-659a2e998cdf of type geneve for network 6a1f3f44-0cb2-4fa8-a759-026bee0099c4
2026-06-03 01:09:40.382 10 INFO neutron.db.ovn_revision_numbers_db [None req-695d35bb-85fe-4f53-a02b-6128ca9e2e24 3f4f27b2bf594f46b753f0eeb54bfae5 63bcbe22be7b4125bcf045a72c2c9d50 - - default default] Successfully bumped revision number for resource 299bc529-b54b-447d-83ec-bcac76af8a28 (type: ports) to 1
2026-06-03 01:09:40.420 10 INFO neutron.wsgi [None req-695d35bb-85fe-4f53-a02b-6128ca9e2e24 3f4f27b2bf594f46b753f0eeb54bfae5 63bcbe22be7b4125bcf045a72c2c9d50 - - default default] 10.0.0.22 "POST /v2.0/ports HTTP/1.1" status: 201 len: 942 time: 0.4349711
2026-06-03 01:09:40.436 9 WARNING neutron_lib.context [None req-e155a5fb-60e0-4b99-a390-a5f730bdd073 3f4f27b2bf594f46b753f0eeb54bfae5 63bcbe22be7b4125bcf045a72c2c9d50 - - default default] Method 'is_advsvc' is deprecated since 2023.2 release (neutron-lib 3.8.0) and will be removed once support for the old RBAC API policies will be removed from Neutron. Please use method 'is_service_role' instead.
2026-06-03 01:09:40.527 10 INFO neutron.db.ovn_revision_numbers_db [None req-31178eff-75fd-4b2f-b4d9-8035f115416b 7c551abc215d4a7aa64089358a3ea675 3d70adec2e0f4574a467af2de14bc825 - - default default] Successfully bumped revision number for resource 6a1f3f44-0cb2-4fa8-a759-026bee0099c4 (type: networks) to 1
2026-06-03 01:09:40.577 9 INFO neutron.db.segments_db [None req-e155a5fb-60e0-4b99-a390-a5f730bdd073 3f4f27b2bf594f46b753f0eeb54bfae5 63bcbe22be7b4125bcf045a72c2c9d50 - - default default] Added segment 131cba1c-a1d0-4443-911f-326367780a8d of type geneve for network c46fa7fb-0197-4924-a5b6-835fdfa75f15
2026-06-03 01:09:40.694 9 INFO neutron.wsgi [None req-41514c22-4bab-48bc-b000-060ee281a890 cfe64ff813f741059e3457603e3caec3 2606399b3f0d4e5485b25d323e1d8fb3 - - default default] 10.0.0.22 "PUT /v2.0/routers/c0933b27-b9c4-4656-af1b-abad839705b6 HTTP/1.1" status: 200 len: 770 time: 0.3722615
2026-06-03 01:09:40.721 10 WARNING neutron.scheduler.dhcp_agent_scheduler [None req-31178eff-75fd-4b2f-b4d9-8035f115416b 7c551abc215d4a7aa64089358a3ea675 3d70adec2e0f4574a467af2de14bc825 - - default default] No more DHCP agents
2026-06-03 01:09:40.723 10 WARNING neutron.api.rpc.agentnotifiers.dhcp_rpc_agent_api [None req-31178eff-75fd-4b2f-b4d9-8035f115416b 7c551abc215d4a7aa64089358a3ea675 3d70adec2e0f4574a467af2de14bc825 - - default default] Unable to schedule network 6a1f3f44-0cb2-4fa8-a759-026bee0099c4: no agents available; will retry on subsequent port and subnet creation events.
2026-06-03 01:09:40.735 9 INFO neutron.wsgi [None req-59a7f351-b8a5-470f-8ec4-196206896406 cfe64ff813f741059e3457603e3caec3 2606399b3f0d4e5485b25d323e1d8fb3 - - default default] 10.0.0.22 "GET /v2.0/ports?device_id=c0933b27-b9c4-4656-af1b-abad839705b6 HTTP/1.1" status: 200 len: 205 time: 0.0342567 /var/lib/openstack/lib/python3.10/site-packages/pycadf/identifier.py:71: UserWarning: Invalid uuid: neutron. To ensure interoperability, identifiers should be a valid uuid. warnings.warn(('Invalid uuid: %s. To ensure interoperability, '
2026-06-03 01:09:40.768 9 INFO neutron.db.ovn_revision_numbers_db [None req-e155a5fb-60e0-4b99-a390-a5f730bdd073 3f4f27b2bf594f46b753f0eeb54bfae5 63bcbe22be7b4125bcf045a72c2c9d50 - - default default] Successfully bumped revision number for resource c46fa7fb-0197-4924-a5b6-835fdfa75f15 (type: networks) to 1
2026-06-03 01:09:40.903 10 INFO neutron.db.ovn_revision_numbers_db [None req-31178eff-75fd-4b2f-b4d9-8035f115416b 7c551abc215d4a7aa64089358a3ea675 3d70adec2e0f4574a467af2de14bc825 - - default default] Successfully bumped revision number for resource 6b3ffc76-70e1-4954-bd29-7aac3196a2b9 (type: ports) to 1
2026-06-03 01:09:40.945 10 INFO neutron.wsgi [None req-31178eff-75fd-4b2f-b4d9-8035f115416b 7c551abc215d4a7aa64089358a3ea675 3d70adec2e0f4574a467af2de14bc825 - - default default] 10.0.0.22 "POST /v2.0/networks HTTP/1.1" status: 201 len: 831 time: 0.6897109
2026-06-03 01:09:40.954 9 WARNING neutron.scheduler.dhcp_agent_scheduler [None req-e155a5fb-60e0-4b99-a390-a5f730bdd073 3f4f27b2bf594f46b753f0eeb54bfae5 63bcbe22be7b4125bcf045a72c2c9d50 - - default default] No more DHCP agents
2026-06-03 01:09:40.957 9 WARNING neutron_lib.context [None req-75b23a63-f762-4ca0-b806-f55c6b941711 7c551abc215d4a7aa64089358a3ea675 3d70adec2e0f4574a467af2de14bc825 - - default default] Method 'is_advsvc' is deprecated since 2023.2 release (neutron-lib 3.8.0) and will be removed once support for the old RBAC API policies will be removed from Neutron. Please use method 'is_service_role' instead.
2026-06-03 01:09:40.961 9 WARNING neutron.api.rpc.agentnotifiers.dhcp_rpc_agent_api [None req-e155a5fb-60e0-4b99-a390-a5f730bdd073 3f4f27b2bf594f46b753f0eeb54bfae5 63bcbe22be7b4125bcf045a72c2c9d50 - - default default] Unable to schedule network c46fa7fb-0197-4924-a5b6-835fdfa75f15: no agents available; will retry on subsequent port and subnet creation events.
2026-06-03 01:09:41.013 10 INFO neutron.wsgi [None req-24c8c78c-a651-4120-984d-3b961159c874 cfe64ff813f741059e3457603e3caec3 2606399b3f0d4e5485b25d323e1d8fb3 - - default default] 10.0.0.22 "DELETE /v2.0/routers/c0933b27-b9c4-4656-af1b-abad839705b6 HTTP/1.1" status: 204 len: 168 time: 0.2699585
2026-06-03 01:09:41.095 9 INFO neutron.db.ovn_revision_numbers_db [None req-e155a5fb-60e0-4b99-a390-a5f730bdd073 3f4f27b2bf594f46b753f0eeb54bfae5 63bcbe22be7b4125bcf045a72c2c9d50 - - default default] Successfully bumped revision number for resource 4c5636da-59af-4037-ada5-bb3bc6baf3f9 (type: ports) to 1
2026-06-03 01:09:41.147 9 INFO neutron.wsgi [None req-e155a5fb-60e0-4b99-a390-a5f730bdd073 3f4f27b2bf594f46b753f0eeb54bfae5 63bcbe22be7b4125bcf045a72c2c9d50 - - default default] 10.0.0.22 "POST /v2.0/networks HTTP/1.1" status: 201 len: 830 time: 0.7178111
2026-06-03 01:09:41.160 10 WARNING neutron_lib.context [None req-18ea3d44-f7b6-4b58-bed3-75bbca534832 3f4f27b2bf594f46b753f0eeb54bfae5 63bcbe22be7b4125bcf045a72c2c9d50 - - default default] Method 'is_advsvc' is deprecated since 2023.2 release (neutron-lib 3.8.0) and will be removed once support for the old RBAC API policies will be removed from Neutron. Please use method 'is_service_role' instead.
2026-06-03 01:09:41.260 9 WARNING neutron.scheduler.dhcp_agent_scheduler [None req-75b23a63-f762-4ca0-b806-f55c6b941711 7c551abc215d4a7aa64089358a3ea675 3d70adec2e0f4574a467af2de14bc825 - - default default] No more DHCP agents
2026-06-03 01:09:41.264 9 WARNING neutron.api.rpc.agentnotifiers.dhcp_rpc_agent_api [None req-75b23a63-f762-4ca0-b806-f55c6b941711 7c551abc215d4a7aa64089358a3ea675 3d70adec2e0f4574a467af2de14bc825 - - default default] Unable to schedule network 6a1f3f44-0cb2-4fa8-a759-026bee0099c4: no agents available; will retry on subsequent port and subnet creation events.
2026-06-03 01:09:41.445 10 WARNING neutron.scheduler.dhcp_agent_scheduler [None req-18ea3d44-f7b6-4b58-bed3-75bbca534832 3f4f27b2bf594f46b753f0eeb54bfae5 63bcbe22be7b4125bcf045a72c2c9d50 - - default default] No more DHCP agents
2026-06-03 01:09:41.449 10 WARNING neutron.api.rpc.agentnotifiers.dhcp_rpc_agent_api [None req-18ea3d44-f7b6-4b58-bed3-75bbca534832 3f4f27b2bf594f46b753f0eeb54bfae5 63bcbe22be7b4125bcf045a72c2c9d50 - - default default] Unable to schedule network c46fa7fb-0197-4924-a5b6-835fdfa75f15: no agents available; will retry on subsequent port and subnet creation events.
2026-06-03 01:09:41.542 10 INFO neutron.db.ovn_revision_numbers_db [None req-18ea3d44-f7b6-4b58-bed3-75bbca534832 3f4f27b2bf594f46b753f0eeb54bfae5 63bcbe22be7b4125bcf045a72c2c9d50 - - default default] Successfully bumped revision number for resource 4a5054b5-fc46-4d81-8232-27b000837416 (type: ports) to 1
2026-06-03 01:09:41.567 10 INFO neutron.wsgi [None req-18ea3d44-f7b6-4b58-bed3-75bbca534832 3f4f27b2bf594f46b753f0eeb54bfae5 63bcbe22be7b4125bcf045a72c2c9d50 - - default default] 10.0.0.22 "POST /v2.0/ports HTTP/1.1" status: 201 len: 942 time: 0.4144843
2026-06-03 01:09:41.651 9 INFO neutron.wsgi [None req-e3dc921a-2043-4928-8bd4-038160ad4829 3f4f27b2bf594f46b753f0eeb54bfae5 63bcbe22be7b4125bcf045a72c2c9d50 - - default default] 10.0.0.22 "PUT /v2.0/ports/b28d5852-1f9d-41e6-8db6-23385eb81bf8/tags HTTP/1.1" status: 200 len: 210 time: 0.0787714
2026-06-03 01:09:41.705 9 INFO neutron.wsgi [None req-9ef9f202-bbfe-405f-b69d-924cb66be386 3f4f27b2bf594f46b753f0eeb54bfae5 63bcbe22be7b4125bcf045a72c2c9d50 - - default default] 10.0.0.22 "PUT /v2.0/ports/ebd945d1-ace7-4b5e-b398-38468e0f56c9/tags HTTP/1.1" status: 200 len: 218 time: 0.0495472 /var/lib/openstack/lib/python3.10/site-packages/pycadf/identifier.py:71: UserWarning: Invalid uuid: neutron. To ensure interoperability, identifiers should be a valid uuid. warnings.warn(('Invalid uuid: %s. To ensure interoperability, '
2026-06-03 01:09:41.784 10 INFO neutron.wsgi [None req-1cef9e93-2534-42bd-8eab-c367157f265f 3f4f27b2bf594f46b753f0eeb54bfae5 63bcbe22be7b4125bcf045a72c2c9d50 - - default default] 10.0.0.22 "PUT /v2.0/ports/3407c69a-bfec-49da-9627-efaae3b7df71/tags HTTP/1.1" status: 200 len: 227 time: 0.0687263
2026-06-03 01:09:41.869 9 INFO neutron.wsgi [None req-843df495-d762-4c99-8018-92ea4079efeb 3f4f27b2bf594f46b753f0eeb54bfae5 63bcbe22be7b4125bcf045a72c2c9d50 - - default default] 10.0.0.22 "PUT /v2.0/ports/299bc529-b54b-447d-83ec-bcac76af8a28/tags HTTP/1.1" status: 200 len: 212 time: 0.0810063
2026-06-03 01:09:41.890 9 INFO neutron.db.ovn_revision_numbers_db [None req-75b23a63-f762-4ca0-b806-f55c6b941711 7c551abc215d4a7aa64089358a3ea675 3d70adec2e0f4574a467af2de14bc825 - - default default] Successfully bumped revision number for resource 6b3ffc76-70e1-4954-bd29-7aac3196a2b9 (type: ports) to 2
2026-06-03 01:09:41.924 9 INFO neutron.db.ovn_revision_numbers_db [None req-75b23a63-f762-4ca0-b806-f55c6b941711 7c551abc215d4a7aa64089358a3ea675 3d70adec2e0f4574a467af2de14bc825 - - default default] Successfully bumped revision number for resource bf405fd3-ca48-40e2-bb34-1563ba57066a (type: subnets) to 0
2026-06-03 01:09:41.943 9 INFO neutron.wsgi [None req-75b23a63-f762-4ca0-b806-f55c6b941711 7c551abc215d4a7aa64089358a3ea675 3d70adec2e0f4574a467af2de14bc825 - - default default] 10.0.0.22 "POST /v2.0/subnets HTTP/1.1" status: 201 len: 804 time: 0.9909427
2026-06-03 01:09:42.032 9 INFO neutron.wsgi [None req-11e89ff4-475f-4412-bfcf-3c434f48163a 7c551abc215d4a7aa64089358a3ea675 3d70adec2e0f4574a467af2de14bc825 - - default default] 10.0.0.22 "PUT /v2.0/subnets/714f9430-c126-4e12-bad3-d61889147e4b/tags HTTP/1.1" status: 200 len: 210 time: 0.0809066
2026-06-03 01:09:42.096 9 INFO neutron.wsgi [None req-45789655-55dc-4431-90eb-ed051c951cd3 7c551abc215d4a7aa64089358a3ea675 3d70adec2e0f4574a467af2de14bc825 - - default default] 10.0.0.22 "PUT /v2.0/subnets/fbbf0a52-8d6f-4d44-9434-38f0c57dab80/tags HTTP/1.1" status: 200 len: 218 time: 0.0573287
