2026-06-03 01:06:45.579 10 WARNING neutron.api.rpc.agentnotifiers.dhcp_rpc_agent_api [None req-8026ada7-86f8-4104-bf8f-7522529dce21 a2c78cabff1f49d394cdc774da803f1f b7cf0cf2248a460c822a2e34d6e4a317 - - default default] Unable to schedule network e91bce8d-a756-4785-91fb-ab9bf47ce5a7: no agents available; will retry on subsequent port and subnet creation events.
2026-06-03 01:06:45.672 9 INFO neutron.db.ovn_revision_numbers_db [None req-e65c09cd-328c-425d-bbce-46aebfbe51be - - - - - -] Successfully bumped revision number for resource dc74679b-58e2-4c8d-96ea-6691332a1068 (type: ports) to 1
2026-06-03 01:06:45.842 10 INFO neutron.db.ovn_revision_numbers_db [None req-8026ada7-86f8-4104-bf8f-7522529dce21 a2c78cabff1f49d394cdc774da803f1f b7cf0cf2248a460c822a2e34d6e4a317 - - default default] Successfully bumped revision number for resource 5179ec9b-5ccf-4dbf-b3a0-326ad003790e (type: ports) to 1
2026-06-03 01:06:46.076 10 INFO neutron.wsgi [None req-6a23afa5-9abc-440e-82b1-8efb5ad40f21 d215895fbe30497f9b9468a0fc80fe89 176edb739a32482697152877f1ef98b2 - - default default] 10.0.0.22 "DELETE /v2.0/ports/05e29eff-1563-4ebd-970a-debee31739fa HTTP/1.1" status: 204 len: 168 time: 0.5422070
2026-06-03 01:06:46.102 10 INFO neutron.pecan_wsgi.hooks.translation [None req-b6afd0ab-d481-4346-8f89-794175c60f33 d215895fbe30497f9b9468a0fc80fe89 176edb739a32482697152877f1ef98b2 - - default default] DELETE failed (client error): The resource could not be found.
2026-06-03 01:06:46.105 10 INFO neutron.wsgi [None req-b6afd0ab-d481-4346-8f89-794175c60f33 d215895fbe30497f9b9468a0fc80fe89 176edb739a32482697152877f1ef98b2 - - default default] 10.0.0.22 "DELETE /v2.0/ports/05e29eff-1563-4ebd-970a-debee31739fa HTTP/1.1" status: 404 len: 333 time: 0.0241599
2026-06-03 01:06:46.145 9 INFO neutron.pecan_wsgi.hooks.translation [None req-3d997362-a2a6-4864-890e-00dd7b3ec389 d215895fbe30497f9b9468a0fc80fe89 176edb739a32482697152877f1ef98b2 - - default default] GET failed (client error): The resource could not be found.
2026-06-03 01:06:46.147 9 INFO neutron.wsgi [None req-3d997362-a2a6-4864-890e-00dd7b3ec389 d215895fbe30497f9b9468a0fc80fe89 176edb739a32482697152877f1ef98b2 - - default default] 10.0.0.22 "GET /v2.0/ports/05e29eff-1563-4ebd-970a-debee31739fa HTTP/1.1" status: 404 len: 333 time: 0.0379570
2026-06-03 01:06:46.182 9 INFO neutron.db.ovn_revision_numbers_db [None req-e65c09cd-328c-425d-bbce-46aebfbe51be - - - - - -] Successfully bumped revision number for resource dc74679b-58e2-4c8d-96ea-6691332a1068 (type: router_ports) to 3
2026-06-03 01:06:46.466 9 INFO neutron.db.ovn_revision_numbers_db [None req-e65c09cd-328c-425d-bbce-46aebfbe51be - - - - - -] Successfully bumped revision number for resource dc74679b-58e2-4c8d-96ea-6691332a1068 (type: ports) to 2
2026-06-03 01:06:46.676 10 INFO neutron.wsgi [None req-583dfd5e-40bf-49da-9b6e-721c58dcc02c d215895fbe30497f9b9468a0fc80fe89 176edb739a32482697152877f1ef98b2 - - default default] 10.0.0.22 "DELETE /v2.0/subnets/46b3ff0a-c8f2-46d3-92cc-b8fee13e22f7 HTTP/1.1" status: 204 len: 168 time: 0.5197790
2026-06-03 01:06:46.694 10 INFO neutron.db.ovn_revision_numbers_db [None req-6aa7d3e9-3b4d-4fb6-9846-5c02268d6fb6 a2c78cabff1f49d394cdc774da803f1f b7cf0cf2248a460c822a2e34d6e4a317 - - default default] Successfully bumped revision number for resource c7a9e58f-eee1-4671-b48a-c19ca034ad19 (type: security_groups) to 1
2026-06-03 01:06:46.735 10 INFO neutron.db.ovn_revision_numbers_db [None req-6aa7d3e9-3b4d-4fb6-9846-5c02268d6fb6 a2c78cabff1f49d394cdc774da803f1f b7cf0cf2248a460c822a2e34d6e4a317 - - default default] Successfully bumped revision number for resource 1c6de6f8-ce54-4399-8779-0c2e9c77691d (type: security_group_rules) to 0
2026-06-03 01:06:46.765 10 INFO neutron.db.ovn_revision_numbers_db [None req-6aa7d3e9-3b4d-4fb6-9846-5c02268d6fb6 a2c78cabff1f49d394cdc774da803f1f b7cf0cf2248a460c822a2e34d6e4a317 - - default default] Successfully bumped revision number for resource 457ce4b4-8f78-40f2-af9c-88b0546d4e87 (type: security_group_rules) to 0
2026-06-03 01:06:46.784 10 INFO neutron.db.ovn_revision_numbers_db [None req-6aa7d3e9-3b4d-4fb6-9846-5c02268d6fb6 a2c78cabff1f49d394cdc774da803f1f b7cf0cf2248a460c822a2e34d6e4a317 - - default default] Successfully bumped revision number for resource 8f60050f-0693-4da6-a3d4-e7de2333ba24 (type: security_group_rules) to 0
2026-06-03 01:06:46.805 10 ERROR ovsdbapp.backend.ovs_idl.command [None req-8026ada7-86f8-4104-bf8f-7522529dce21 a2c78cabff1f49d394cdc774da803f1f b7cf0cf2248a460c822a2e34d6e4a317 - - default default] Error executing command (DbGetCommand): ovsdbapp.backend.ovs_idl.idlutils.RowNotFound: Cannot find Logical_Router_Port with name=lrp-5179ec9b-5ccf-4dbf-b3a0-326ad003790e
2026-06-03 01:06:46.805 10 ERROR ovsdbapp.backend.ovs_idl.command
Traceback (most recent call last):
2026-06-03 01:06:46.805 10 ERROR ovsdbapp.backend.ovs_idl.command
File "/var/lib/openstack/lib/python3.10/site-packages/ovsdbapp/backend/ovs_idl/command.py", line 47, in execute
2026-06-03 01:06:46.805 10 ERROR ovsdbapp.backend.ovs_idl.command self.run_idl(None)
2026-06-03 01:06:46.805 10 ERROR ovsdbapp.backend.ovs_idl.command
File "/var/lib/openstack/lib/python3.10/site-packages/ovsdbapp/backend/ovs_idl/command.py", line 235, in run_idl
2026-06-03 01:06:46.805 10 ERROR ovsdbapp.backend.ovs_idl.command record = self.api.lookup(self.table, self.record)
2026-06-03 01:06:46.805 10 ERROR ovsdbapp.backend.ovs_idl.command
File "/var/lib/openstack/lib/python3.10/site-packages/ovsdbapp/backend/ovs_idl/__init__.py", line 184, in lookup
2026-06-03 01:06:46.805 10 ERROR ovsdbapp.backend.ovs_idl.command return self._lookup(table, record)
2026-06-03 01:06:46.805 10 ERROR ovsdbapp.backend.ovs_idl.command
File "/var/lib/openstack/lib/python3.10/site-packages/ovsdbapp/backend/ovs_idl/__init__.py", line 235, in _lookup
2026-06-03 01:06:46.805 10 ERROR ovsdbapp.backend.ovs_idl.command row = idlutils.row_by_value(self, rl.table, rl.column, record)
2026-06-03 01:06:46.805 10 ERROR ovsdbapp.backend.ovs_idl.command
File "/var/lib/openstack/lib/python3.10/site-packages/ovsdbapp/backend/ovs_idl/idlutils.py", line 114, in row_by_value
2026-06-03 01:06:46.805 10 ERROR ovsdbapp.backend.ovs_idl.command raise RowNotFound(table=table, col=column, match=match)
2026-06-03 01:06:46.805 10 ERROR ovsdbapp.backend.ovs_idl.command ovsdbapp.backend.ovs_idl.idlutils.RowNotFound: Cannot find Logical_Router_Port with name=lrp-5179ec9b-5ccf-4dbf-b3a0-326ad003790e
2026-06-03 01:06:46.805 10 ERROR ovsdbapp.backend.ovs_idl.command 
2026-06-03 01:06:46.806 10 ERROR neutron_lib.callbacks.manager [None req-8026ada7-86f8-4104-bf8f-7522529dce21 a2c78cabff1f49d394cdc774da803f1f b7cf0cf2248a460c822a2e34d6e4a317 - - default default] Error during notification for neutron.services.ovn_l3.plugin.OVNL3RouterPlugin._port_update-8776969588454 port, after_update: ovsdbapp.backend.ovs_idl.idlutils.RowNotFound: Cannot find Logical_Router_Port with name=lrp-5179ec9b-5ccf-4dbf-b3a0-326ad003790e
2026-06-03 01:06:46.806 10 ERROR neutron_lib.callbacks.manager
Traceback (most recent call last):
2026-06-03 01:06:46.806 10 ERROR neutron_lib.callbacks.manager
File "/var/lib/openstack/lib/python3.10/site-packages/neutron_lib/callbacks/manager.py", line 189, in _notify_loop
2026-06-03 01:06:46.806 10 ERROR neutron_lib.callbacks.manager callback.method(resource, event, trigger, payload=payload)
2026-06-03 01:06:46.806 10 ERROR neutron_lib.callbacks.manager
File "/var/lib/openstack/lib/python3.10/site-packages/neutron/services/ovn_l3/plugin.py", line 391, in _port_update
2026-06-03 01:06:46.806 10 ERROR neutron_lib.callbacks.manager l3plugin._ovn_client.update_router_port(context,
2026-06-03 01:06:46.806 10 ERROR neutron_lib.callbacks.manager
File "/var/lib/openstack/lib/python3.10/site-packages/neutron/plugins/ml2/drivers/ovn/mech_driver/ovsdb/ovn_client.py", line 1878, in update_router_port
2026-06-03 01:06:46.806 10 ERROR neutron_lib.callbacks.manager self._update_lrouter_port(context, port, if_exists=if_exists,
2026-06-03 01:06:46.806 10 ERROR neutron_lib.callbacks.manager
File "/var/lib/openstack/lib/python3.10/site-packages/neutron/plugins/ml2/drivers/ovn/mech_driver/ovsdb/ovn_client.py", line 1855, in _update_lrouter_port
2026-06-03 01:06:46.806 10 ERROR neutron_lib.callbacks.manager external_ids = self._nb_idl.db_get(
2026-06-03 01:06:46.806 10 ERROR neutron_lib.callbacks.manager
File "/var/lib/openstack/lib/python3.10/site-packages/ovsdbapp/backend/ovs_idl/command.py", line 47, in execute
2026-06-03 01:06:46.806 10 ERROR neutron_lib.callbacks.manager self.run_idl(None)
2026-06-03 01:06:46.806 10 ERROR neutron_lib.callbacks.manager
File "/var/lib/openstack/lib/python3.10/site-packages/ovsdbapp/backend/ovs_idl/command.py", line 235, in run_idl
2026-06-03 01:06:46.806 10 ERROR neutron_lib.callbacks.manager record = self.api.lookup(self.table, self.record)
2026-06-03 01:06:46.806 10 ERROR neutron_lib.callbacks.manager
File "/var/lib/openstack/lib/python3.10/site-packages/ovsdbapp/backend/ovs_idl/__init__.py", line 184, in lookup
2026-06-03 01:06:46.806 10 ERROR neutron_lib.callbacks.manager return self._lookup(table, record)
2026-06-03 01:06:46.806 10 ERROR neutron_lib.callbacks.manager
File "/var/lib/openstack/lib/python3.10/site-packages/ovsdbapp/backend/ovs_idl/__init__.py", line 235, in _lookup
2026-06-03 01:06:46.806 10 ERROR neutron_lib.callbacks.manager row = idlutils.row_by_value(self, rl.table, rl.column, record)
2026-06-03 01:06:46.806 10 ERROR neutron_lib.callbacks.manager
File "/var/lib/openstack/lib/python3.10/site-packages/ovsdbapp/backend/ovs_idl/idlutils.py", line 114, in row_by_value
2026-06-03 01:06:46.806 10 ERROR neutron_lib.callbacks.manager raise RowNotFound(table=table, col=column, match=match)
2026-06-03 01:06:46.806 10 ERROR neutron_lib.callbacks.manager ovsdbapp.backend.ovs_idl.idlutils.RowNotFound: Cannot find Logical_Router_Port with name=lrp-5179ec9b-5ccf-4dbf-b3a0-326ad003790e
2026-06-03 01:06:46.806 10 ERROR neutron_lib.callbacks.manager 
2026-06-03 01:06:46.815 10 INFO neutron.db.ovn_revision_numbers_db [None req-6aa7d3e9-3b4d-4fb6-9846-5c02268d6fb6 a2c78cabff1f49d394cdc774da803f1f b7cf0cf2248a460c822a2e34d6e4a317 - - default default] Successfully bumped revision number for resource b9317c31-98e0-42d2-979f-43a68a9ba200 (type: security_group_rules) to 0
2026-06-03 01:06:46.856 10 INFO neutron.wsgi [None req-6aa7d3e9-3b4d-4fb6-9846-5c02268d6fb6 a2c78cabff1f49d394cdc774da803f1f b7cf0cf2248a460c822a2e34d6e4a317 - - default default] 10.0.0.22 "GET /v2.0/security-groups?tenant_id=8f37a3f8bdf24dd5a1eb5dbf8019781f&name=default HTTP/1.1" status: 200 len: 3120 time: 0.7496419
2026-06-03 01:06:47.043 9 INFO neutron.db.ovn_revision_numbers_db [None req-e65c09cd-328c-425d-bbce-46aebfbe51be - - - - - -] Successfully bumped revision number for resource dc74679b-58e2-4c8d-96ea-6691332a1068 (type: ports) to 4
2026-06-03 01:06:47.118 10 INFO neutron.db.ovn_revision_numbers_db [None req-8026ada7-86f8-4104-bf8f-7522529dce21 a2c78cabff1f49d394cdc774da803f1f b7cf0cf2248a460c822a2e34d6e4a317 - - default default] Successfully bumped revision number for resource 5179ec9b-5ccf-4dbf-b3a0-326ad003790e (type: ports) to 1
2026-06-03 01:06:47.221 10 WARNING neutron.scheduler.dhcp_agent_scheduler [None req-8026ada7-86f8-4104-bf8f-7522529dce21 a2c78cabff1f49d394cdc774da803f1f b7cf0cf2248a460c822a2e34d6e4a317 - - default default] No more DHCP agents
2026-06-03 01:06:47.223 10 WARNING neutron.api.rpc.agentnotifiers.dhcp_rpc_agent_api [None req-8026ada7-86f8-4104-bf8f-7522529dce21 a2c78cabff1f49d394cdc774da803f1f b7cf0cf2248a460c822a2e34d6e4a317 - - default default] Unable to schedule network e91bce8d-a756-4785-91fb-ab9bf47ce5a7: no agents available; will retry on subsequent port and subnet creation events.
2026-06-03 01:06:47.674 9 INFO neutron.services.segments.plugin [-] Segment c8b9c7f1-5f90-43b4-96f0-b1efb7395b73 resource provider aggregate not found
2026-06-03 01:06:47.683 9 INFO neutron.services.segments.plugin [-] Segment c8b9c7f1-5f90-43b4-96f0-b1efb7395b73 resource provider aggregate not found
2026-06-03 01:06:47.689 9 INFO neutron.wsgi [None req-e97244cd-8679-4fb8-bb14-cb6fcfa702ae a2c78cabff1f49d394cdc774da803f1f b7cf0cf2248a460c822a2e34d6e4a317 - - default default] 10.0.0.22 "DELETE /v2.0/security-groups/c7a9e58f-eee1-4671-b48a-c19ca034ad19 HTTP/1.1" status: 204 len: 168 time: 0.8248246
2026-06-03 01:06:47.697 9 INFO neutron.services.segments.plugin [-] Segment c8b9c7f1-5f90-43b4-96f0-b1efb7395b73 resource provider not found; error: Placement Client Error (4xx): {"errors": [{"status": 404, "title": "Not Found", "detail": "The resource could not be found.\n\n No resource provider with uuid c8b9c7f1-5f90-43b4-96f0-b1efb7395b73 found for delete ", "request_id": "req-76fe8146-b489-4983-9a04-4526ba8d9c42"}]}
2026-06-03 01:06:47.702 9 INFO neutron.services.segments.plugin [-] Segment c8b9c7f1-5f90-43b4-96f0-b1efb7395b73 resource provider not found; error: Placement Client Error (4xx): {"errors": [{"status": 404, "title": "Not Found", "detail": "The resource could not be found.\n\n No resource provider with uuid c8b9c7f1-5f90-43b4-96f0-b1efb7395b73 found for delete ", "request_id": "req-fb96aac7-fe11-4be5-a234-c1a46af03e54"}]}
2026-06-03 01:06:47.713 9 INFO neutron.wsgi [None req-55b12f97-8acc-49c0-983f-aa57108f7e5a d215895fbe30497f9b9468a0fc80fe89 176edb739a32482697152877f1ef98b2 - - default default] 10.0.0.22 "DELETE /v2.0/networks/26d5b627-aee3-4d94-b072-68231d9ad444 HTTP/1.1" status: 204 len: 168 time: 1.0302474
2026-06-03 01:06:47.728 10 WARNING neutron_lib.context [None req-20513cec-a364-46d1-a8ef-cee33c71deac d215895fbe30497f9b9468a0fc80fe89 176edb739a32482697152877f1ef98b2 - - default default] Method 'is_advsvc' is deprecated since 2023.2 release (neutron-lib 3.8.0) and will be removed once support for the old RBAC API policies will be removed from Neutron. Please use method 'is_service_role' instead.
2026-06-03 01:06:47.770 9 INFO neutron.db.ovn_revision_numbers_db [None req-e65c09cd-328c-425d-bbce-46aebfbe51be - - - - - -] Successfully bumped revision number for resource dc74679b-58e2-4c8d-96ea-6691332a1068 (type: router_ports) to 4
2026-06-03 01:06:47.828 10 INFO neutron.db.ovn_revision_numbers_db [None req-8026ada7-86f8-4104-bf8f-7522529dce21 a2c78cabff1f49d394cdc774da803f1f b7cf0cf2248a460c822a2e34d6e4a317 - - default default] Successfully bumped revision number for resource 5179ec9b-5ccf-4dbf-b3a0-326ad003790e (type: router_ports) to 1
2026-06-03 01:06:47.834 10 INFO neutron.wsgi [None req-8026ada7-86f8-4104-bf8f-7522529dce21 a2c78cabff1f49d394cdc774da803f1f b7cf0cf2248a460c822a2e34d6e4a317 - - default default] 10.0.0.22 "PUT /v2.0/routers/29bc4d69-9055-4943-838c-4fe29722fb84/add_router_interface HTTP/1.1" status: 200 len: 503 time: 2.9171607
2026-06-03 01:06:47.840 9 INFO neutron.plugins.ml2.drivers.ovn.mech_driver.mech_driver [None req-3e339426-8027-42b5-8b14-f57166ed1b46 - - - - - -] OVN reports status up for port: 5179ec9b-5ccf-4dbf-b3a0-326ad003790e
2026-06-03 01:06:47.846 9 INFO neutron.plugins.ml2.plugin [None req-3e339426-8027-42b5-8b14-f57166ed1b46 - - - - - -] Attempt 1 to provision port 5179ec9b-5ccf-4dbf-b3a0-326ad003790e
2026-06-03 01:06:47.848 10 INFO neutron.db.segments_db [None req-20513cec-a364-46d1-a8ef-cee33c71deac d215895fbe30497f9b9468a0fc80fe89 176edb739a32482697152877f1ef98b2 - - default default] Added segment 38470b1f-918f-49d1-9e4c-b1fe0ab53af1 of type geneve for network be0766e5-c5f3-4ee3-814f-fb7e33fca995
2026-06-03 01:06:48.071 10 INFO neutron.db.ovn_revision_numbers_db [None req-20513cec-a364-46d1-a8ef-cee33c71deac d215895fbe30497f9b9468a0fc80fe89 176edb739a32482697152877f1ef98b2 - - default default] Successfully bumped revision number for resource be0766e5-c5f3-4ee3-814f-fb7e33fca995 (type: networks) to 1
2026-06-03 01:06:48.177 9 INFO neutron.db.ovn_revision_numbers_db [None req-04b44ae1-5f97-48a7-9a5a-ebff8809a3d6 a2c78cabff1f49d394cdc774da803f1f b7cf0cf2248a460c822a2e34d6e4a317 - - default default] Successfully bumped revision number for resource e38eba96-b759-4528-9d70-db2bad52a116 (type: security_groups) to 1
2026-06-03 01:06:48.204 9 INFO neutron.db.ovn_revision_numbers_db [None req-04b44ae1-5f97-48a7-9a5a-ebff8809a3d6 a2c78cabff1f49d394cdc774da803f1f b7cf0cf2248a460c822a2e34d6e4a317 - - default default] Successfully bumped revision number for resource 33ec6f2f-0de8-4ede-b8f8-69fb566c713f (type: security_group_rules) to 0
2026-06-03 01:06:48.227 9 INFO neutron.db.ovn_revision_numbers_db [None req-04b44ae1-5f97-48a7-9a5a-ebff8809a3d6 a2c78cabff1f49d394cdc774da803f1f b7cf0cf2248a460c822a2e34d6e4a317 - - default default] Successfully bumped revision number for resource 73e27a70-da71-4cd5-b718-e7d6670769d4 (type: security_group_rules) to 0
2026-06-03 01:06:48.245 9 INFO neutron.db.ovn_revision_numbers_db [None req-04b44ae1-5f97-48a7-9a5a-ebff8809a3d6 a2c78cabff1f49d394cdc774da803f1f b7cf0cf2248a460c822a2e34d6e4a317 - - default default] Successfully bumped revision number for resource 875a118b-1eae-46ea-a0cd-a86cfe3ca422 (type: security_group_rules) to 0
2026-06-03 01:06:48.256 10 WARNING neutron.scheduler.dhcp_agent_scheduler [None req-20513cec-a364-46d1-a8ef-cee33c71deac d215895fbe30497f9b9468a0fc80fe89 176edb739a32482697152877f1ef98b2 - - default default] No more DHCP agents
2026-06-03 01:06:48.259 10 WARNING neutron.api.rpc.agentnotifiers.dhcp_rpc_agent_api [None req-20513cec-a364-46d1-a8ef-cee33c71deac d215895fbe30497f9b9468a0fc80fe89 176edb739a32482697152877f1ef98b2 - - default default] Unable to schedule network be0766e5-c5f3-4ee3-814f-fb7e33fca995: no agents available; will retry on subsequent port and subnet creation events.
2026-06-03 01:06:48.274 9 INFO neutron.db.ovn_revision_numbers_db [None req-04b44ae1-5f97-48a7-9a5a-ebff8809a3d6 a2c78cabff1f49d394cdc774da803f1f b7cf0cf2248a460c822a2e34d6e4a317 - - default default] Successfully bumped revision number for resource 9c0ac85d-cfc9-425b-aabe-a675b8fce0cb (type: security_group_rules) to 0
2026-06-03 01:06:48.307 9 INFO neutron.wsgi [None req-04b44ae1-5f97-48a7-9a5a-ebff8809a3d6 a2c78cabff1f49d394cdc774da803f1f b7cf0cf2248a460c822a2e34d6e4a317 - - default default] 10.0.0.22 "GET /v2.0/security-groups?tenant_id=b05f8bf9bc5d48eea1683eab6d93cd52&name=default HTTP/1.1" status: 200 len: 3120 time: 0.3327379
2026-06-03 01:06:48.356 10 INFO neutron.db.ovn_revision_numbers_db [None req-20513cec-a364-46d1-a8ef-cee33c71deac d215895fbe30497f9b9468a0fc80fe89 176edb739a32482697152877f1ef98b2 - - default default] Successfully bumped revision number for resource 6dabcf42-9ea1-481c-a4a3-e3d71da92745 (type: ports) to 1
2026-06-03 01:06:48.387 10 INFO neutron.wsgi [None req-20513cec-a364-46d1-a8ef-cee33c71deac d215895fbe30497f9b9468a0fc80fe89 176edb739a32482697152877f1ef98b2 - - default default] 10.0.0.22 "POST /v2.0/networks HTTP/1.1" status: 201 len: 835 time: 0.6640966
2026-06-03 01:06:48.399 10 WARNING neutron_lib.context [None req-5ddafe98-0c75-4879-9a32-1666def6082e d215895fbe30497f9b9468a0fc80fe89 176edb739a32482697152877f1ef98b2 - - default default] Method 'is_advsvc' is deprecated since 2023.2 release (neutron-lib 3.8.0) and will be removed once support for the old RBAC API policies will be removed from Neutron. Please use method 'is_service_role' instead.
2026-06-03 01:06:48.459 9 INFO neutron.db.ovn_revision_numbers_db [None req-3e339426-8027-42b5-8b14-f57166ed1b46 - - - - - -] Successfully bumped revision number for resource 5179ec9b-5ccf-4dbf-b3a0-326ad003790e (type: ports) to 2
2026-06-03 01:06:48.578 9 WARNING neutron_lib.context [None req-c0093995-27ec-42dc-8c49-a4de7180cf87 9fa71889841a40449b64ca64fc3e74b4 59d5fbed09934234ac25c8e949215c11 - - default default] Method 'is_advsvc' is deprecated since 2023.2 release (neutron-lib 3.8.0) and will be removed once support for the old RBAC API policies will be removed from Neutron. Please use method 'is_service_role' instead.
2026-06-03 01:06:48.655 10 WARNING neutron.scheduler.dhcp_agent_scheduler [None req-5ddafe98-0c75-4879-9a32-1666def6082e d215895fbe30497f9b9468a0fc80fe89 176edb739a32482697152877f1ef98b2 - - default default] No more DHCP agents
2026-06-03 01:06:48.658 10 WARNING neutron.api.rpc.agentnotifiers.dhcp_rpc_agent_api [None req-5ddafe98-0c75-4879-9a32-1666def6082e d215895fbe30497f9b9468a0fc80fe89 176edb739a32482697152877f1ef98b2 - - default default] Unable to schedule network be0766e5-c5f3-4ee3-814f-fb7e33fca995: no agents available; will retry on subsequent port and subnet creation events.
2026-06-03 01:06:48.661 9 INFO neutron.wsgi [None req-d3cf6f43-2a6c-48d6-ae78-ae13c56568c0 a2c78cabff1f49d394cdc774da803f1f b7cf0cf2248a460c822a2e34d6e4a317 - - default default] 10.0.0.22 "DELETE /v2.0/security-groups/e38eba96-b759-4528-9d70-db2bad52a116 HTTP/1.1" status: 204 len: 168 time: 0.3505738
2026-06-03 01:06:48.666 9 INFO neutron.db.ovn_revision_numbers_db [None req-3e339426-8027-42b5-8b14-f57166ed1b46 - - - - - -] Successfully bumped revision number for resource 5179ec9b-5ccf-4dbf-b3a0-326ad003790e (type: router_ports) to 2
2026-06-03 01:06:48.688 10 INFO neutron.db.ovn_revision_numbers_db [None req-5ddafe98-0c75-4879-9a32-1666def6082e d215895fbe30497f9b9468a0fc80fe89 176edb739a32482697152877f1ef98b2 - - default default] Successfully bumped revision number for resource 886d84c3-2420-4028-b48d-3a3138c55594 (type: subnets) to 0
2026-06-03 01:06:48.705 10 INFO neutron.wsgi [None req-5ddafe98-0c75-4879-9a32-1666def6082e d215895fbe30497f9b9468a0fc80fe89 176edb739a32482697152877f1ef98b2 - - default default] 10.0.0.22 "POST /v2.0/subnets HTTP/1.1" status: 201 len: 821 time: 0.3124187
2026-06-03 01:06:48.730 10 WARNING neutron_lib.context [None req-3e0b8a18-6317-423d-9ff4-18d4f35b75a6 d215895fbe30497f9b9468a0fc80fe89 176edb739a32482697152877f1ef98b2 - - default default] Method 'is_advsvc' is deprecated since 2023.2 release (neutron-lib 3.8.0) and will be removed once support for the old RBAC API policies will be removed from Neutron. Please use method 'is_service_role' instead.
2026-06-03 01:06:48.760 9 INFO neutron.db.ovn_revision_numbers_db [None req-c0093995-27ec-42dc-8c49-a4de7180cf87 9fa71889841a40449b64ca64fc3e74b4 59d5fbed09934234ac25c8e949215c11 - - default default] Successfully bumped revision number for resource ac0e0658-af8f-4f15-9277-4ca47a09ffe4 (type: security_groups) to 1
2026-06-03 01:06:48.777 9 INFO neutron.db.ovn_revision_numbers_db [None req-c0093995-27ec-42dc-8c49-a4de7180cf87 9fa71889841a40449b64ca64fc3e74b4 59d5fbed09934234ac25c8e949215c11 - - default default] Successfully bumped revision number for resource c1a0163c-a474-437b-861b-833de074fed0 (type: security_group_rules) to 0
2026-06-03 01:06:48.790 9 INFO neutron.db.ovn_revision_numbers_db [None req-c0093995-27ec-42dc-8c49-a4de7180cf87 9fa71889841a40449b64ca64fc3e74b4 59d5fbed09934234ac25c8e949215c11 - - default default] Successfully bumped revision number for resource da1ec3b2-f8fc-4683-b47e-9a0cf58dc8e0 (type: security_group_rules) to 0
2026-06-03 01:06:48.811 9 INFO neutron.wsgi [None req-c0093995-27ec-42dc-8c49-a4de7180cf87 9fa71889841a40449b64ca64fc3e74b4 59d5fbed09934234ac25c8e949215c11 - - default default] 10.0.0.22 "POST /v2.0/security-groups HTTP/1.1" status: 201 len: 1860 time: 0.2397659
2026-06-03 01:06:48.822 9 WARNING neutron_lib.context [None req-98782b89-5a53-479f-b726-63abe1ecf260 9fa71889841a40449b64ca64fc3e74b4 59d5fbed09934234ac25c8e949215c11 - - default default] Method 'is_advsvc' is deprecated since 2023.2 release (neutron-lib 3.8.0) and will be removed once support for the old RBAC API policies will be removed from Neutron. Please use method 'is_service_role' instead.
2026-06-03 01:06:48.962 9 INFO neutron.db.ovn_revision_numbers_db [None req-98782b89-5a53-479f-b726-63abe1ecf260 9fa71889841a40449b64ca64fc3e74b4 59d5fbed09934234ac25c8e949215c11 - - default default] Successfully bumped revision number for resource 3fe79a0e-9096-4399-849e-ded979c1c54c (type: security_group_rules) to 0
2026-06-03 01:06:48.990 9 INFO neutron.wsgi [None req-98782b89-5a53-479f-b726-63abe1ecf260 9fa71889841a40449b64ca64fc3e74b4 59d5fbed09934234ac25c8e949215c11 - - default default] 10.0.0.22 "POST /v2.0/security-group-rules HTTP/1.1" status: 201 len: 796 time: 0.1741650
2026-06-03 01:06:49.002 9 WARNING neutron_lib.context [None req-9db07d7b-bb75-47f2-bf22-e027042c425e 9fa71889841a40449b64ca64fc3e74b4 59d5fbed09934234ac25c8e949215c11 - - default default] Method 'is_advsvc' is deprecated since 2023.2 release (neutron-lib 3.8.0) and will be removed once support for the old RBAC API policies will be removed from Neutron. Please use method 'is_service_role' instead.
2026-06-03 01:06:49.069 10 WARNING neutron.scheduler.dhcp_agent_scheduler [None req-3e0b8a18-6317-423d-9ff4-18d4f35b75a6 d215895fbe30497f9b9468a0fc80fe89 176edb739a32482697152877f1ef98b2 - - default default] No more DHCP agents
2026-06-03 01:06:49.072 10 WARNING neutron.api.rpc.agentnotifiers.dhcp_rpc_agent_api [None req-3e0b8a18-6317-423d-9ff4-18d4f35b75a6 d215895fbe30497f9b9468a0fc80fe89 176edb739a32482697152877f1ef98b2 - - default default] Unable to schedule network be0766e5-c5f3-4ee3-814f-fb7e33fca995: no agents available; will retry on subsequent port and subnet creation events.
2026-06-03 01:06:49.178 9 INFO neutron.db.ovn_revision_numbers_db [None req-9db07d7b-bb75-47f2-bf22-e027042c425e 9fa71889841a40449b64ca64fc3e74b4 59d5fbed09934234ac25c8e949215c11 - - default default] Successfully bumped revision number for resource 48c46755-7f8d-4d26-84a2-f811599444a9 (type: security_group_rules) to 0
2026-06-03 01:06:49.222 9 INFO neutron.wsgi [None req-9db07d7b-bb75-47f2-bf22-e027042c425e 9fa71889841a40449b64ca64fc3e74b4 59d5fbed09934234ac25c8e949215c11 - - default default] 10.0.0.22 "POST /v2.0/security-group-rules HTTP/1.1" status: 201 len: 801 time: 0.2254925
2026-06-03 01:06:49.231 9 WARNING neutron_lib.context [None req-e493d4c2-a7ff-4ad1-a5e3-78e9a13ea7f8 9fa71889841a40449b64ca64fc3e74b4 59d5fbed09934234ac25c8e949215c11 - - default default] Method 'is_advsvc' is deprecated since 2023.2 release (neutron-lib 3.8.0) and will be removed once support for the old RBAC API policies will be removed from Neutron. Please use method 'is_service_role' instead.
2026-06-03 01:06:49.258 10 INFO neutron.db.ovn_revision_numbers_db [None req-3e0b8a18-6317-423d-9ff4-18d4f35b75a6 d215895fbe30497f9b9468a0fc80fe89 176edb739a32482697152877f1ef98b2 - - default default] Successfully bumped revision number for resource 7e9809d5-1174-474f-b55d-ef38490e538f (type: ports) to 1
2026-06-03 01:06:49.285 10 INFO neutron.wsgi [None req-3e0b8a18-6317-423d-9ff4-18d4f35b75a6 d215895fbe30497f9b9468a0fc80fe89 176edb739a32482697152877f1ef98b2 - - default default] 10.0.0.22 "POST /v2.0/ports HTTP/1.1" status: 201 len: 1126 time: 0.5618818
2026-06-03 01:06:49.421 10 INFO neutron.db.ovn_revision_numbers_db [None req-1c22cec0-288d-4b8e-927b-000c942f06cf a2c78cabff1f49d394cdc774da803f1f b7cf0cf2248a460c822a2e34d6e4a317 - - default default] Successfully bumped revision number for resource 851b6f90-b12e-435e-816c-f11f24f2dab7 (type: security_groups) to 1
2026-06-03 01:06:49.451 10 INFO neutron.db.ovn_revision_numbers_db [None req-1c22cec0-288d-4b8e-927b-000c942f06cf a2c78cabff1f49d394cdc774da803f1f b7cf0cf2248a460c822a2e34d6e4a317 - - default default] Successfully bumped revision number for resource 13f42a60-6ebf-4075-b5aa-7730852adbaa (type: security_group_rules) to 0
2026-06-03 01:06:49.476 10 INFO neutron.db.ovn_revision_numbers_db [None req-1c22cec0-288d-4b8e-927b-000c942f06cf a2c78cabff1f49d394cdc774da803f1f b7cf0cf2248a460c822a2e34d6e4a317 - - default default] Successfully bumped revision number for resource 429d0a6d-0f60-4505-a6ed-99a388cd6d60 (type: security_group_rules) to 0
2026-06-03 01:06:49.496 10 INFO neutron.db.ovn_revision_numbers_db [None req-1c22cec0-288d-4b8e-927b-000c942f06cf a2c78cabff1f49d394cdc774da803f1f b7cf0cf2248a460c822a2e34d6e4a317 - - default default] Successfully bumped revision number for resource 862ca6ef-788b-423c-827d-62109c793f87 (type: security_group_rules) to 0
2026-06-03 01:06:49.515 9 WARNING neutron.scheduler.dhcp_agent_scheduler [None req-e493d4c2-a7ff-4ad1-a5e3-78e9a13ea7f8 9fa71889841a40449b64ca64fc3e74b4 59d5fbed09934234ac25c8e949215c11 - - default default] No more DHCP agents
2026-06-03 01:06:49.517 9 WARNING neutron.api.rpc.agentnotifiers.dhcp_rpc_agent_api [None req-e493d4c2-a7ff-4ad1-a5e3-78e9a13ea7f8 9fa71889841a40449b64ca64fc3e74b4 59d5fbed09934234ac25c8e949215c11 - - default default] Unable to schedule network 8856a006-1498-4c6b-adb8-aca6c2ef139f: no agents available; will retry on subsequent port and subnet creation events.
2026-06-03 01:06:49.527 10 INFO neutron.db.ovn_revision_numbers_db [None req-1c22cec0-288d-4b8e-927b-000c942f06cf a2c78cabff1f49d394cdc774da803f1f b7cf0cf2248a460c822a2e34d6e4a317 - - default default] Successfully bumped revision number for resource 8661cf7e-5692-4192-914e-0e3aa26863ec (type: security_group_rules) to 0
2026-06-03 01:06:49.554 10 INFO neutron.wsgi [None req-1c22cec0-288d-4b8e-927b-000c942f06cf a2c78cabff1f49d394cdc774da803f1f b7cf0cf2248a460c822a2e34d6e4a317 - - default default] 10.0.0.22 "GET /v2.0/security-groups?tenant_id=8d76f6d5728f41e6a5a1564cf64b0218&name=default HTTP/1.1" status: 200 len: 3120 time: 0.5440323
2026-06-03 01:06:49.692 10 INFO neutron.wsgi [None req-1228930d-579e-494e-bdf4-c944f33c04fd d215895fbe30497f9b9468a0fc80fe89 176edb739a32482697152877f1ef98b2 - - default default] 10.0.0.22 "DELETE /v2.0/ports/7e9809d5-1174-474f-b55d-ef38490e538f HTTP/1.1" status: 204 len: 168 time: 0.4013400
2026-06-03 01:06:49.717 9 INFO neutron.pecan_wsgi.hooks.translation [None req-dc2dbf9f-d9af-491f-a14d-6e535b80bd64 d215895fbe30497f9b9468a0fc80fe89 176edb739a32482697152877f1ef98b2 - - default default] GET failed (client error): The resource could not be found.
2026-06-03 01:06:49.719 9 INFO neutron.wsgi [None req-dc2dbf9f-d9af-491f-a14d-6e535b80bd64 d215895fbe30497f9b9468a0fc80fe89 176edb739a32482697152877f1ef98b2 - - default default] 10.0.0.22 "GET /v2.0/ports/7e9809d5-1174-474f-b55d-ef38490e538f HTTP/1.1" status: 404 len: 333 time: 0.0202565
2026-06-03 01:06:49.840 10 INFO neutron.wsgi [None req-9aee59ca-9ca1-413b-a02f-e531034e4289 a2c78cabff1f49d394cdc774da803f1f b7cf0cf2248a460c822a2e34d6e4a317 - - default default] 10.0.0.22 "DELETE /v2.0/security-groups/851b6f90-b12e-435e-816c-f11f24f2dab7 HTTP/1.1" status: 204 len: 168 time: 0.2756135
2026-06-03 01:06:49.950 9 INFO neutron.wsgi [None req-e493d4c2-a7ff-4ad1-a5e3-78e9a13ea7f8 9fa71889841a40449b64ca64fc3e74b4 59d5fbed09934234ac25c8e949215c11 - - default default] 10.0.0.22 "POST /v2.0/floatingips HTTP/1.1" status: 201 len: 751 time: 0.7239327
2026-06-03 01:06:49.977 9 INFO neutron.wsgi [None req-de40edaf-0ce4-45b1-8546-3ec024088a37 d215895fbe30497f9b9468a0fc80fe89 176edb739a32482697152877f1ef98b2 - - default default] 10.0.0.22 "DELETE /v2.0/subnets/886d84c3-2420-4028-b48d-3a3138c55594 HTTP/1.1" status: 204 len: 168 time: 0.2510359
2026-06-03 01:06:50.105 10 INFO neutron.db.ovn_revision_numbers_db [None req-3c330d13-9847-4bbe-8cf4-fe2effabc60f a2c78cabff1f49d394cdc774da803f1f b7cf0cf2248a460c822a2e34d6e4a317 - - default default] Successfully bumped revision number for resource 76198da4-3e08-4892-a35d-fb0fb0b5018c (type: security_groups) to 1
2026-06-03 01:06:50.126 10 INFO neutron.db.ovn_revision_numbers_db [None req-3c330d13-9847-4bbe-8cf4-fe2effabc60f a2c78cabff1f49d394cdc774da803f1f b7cf0cf2248a460c822a2e34d6e4a317 - - default default] Successfully bumped revision number for resource 0605cc63-4cd7-4767-aa48-b252e8e2a7a0 (type: security_group_rules) to 0
2026-06-03 01:06:50.149 10 INFO neutron.db.ovn_revision_numbers_db [None req-3c330d13-9847-4bbe-8cf4-fe2effabc60f a2c78cabff1f49d394cdc774da803f1f b7cf0cf2248a460c822a2e34d6e4a317 - - default default] Successfully bumped revision number for resource 5a62926b-ff9d-494d-b481-55d63b4d78fb (type: security_group_rules) to 0
2026-06-03 01:06:50.168 10 INFO neutron.db.ovn_revision_numbers_db [None req-3c330d13-9847-4bbe-8cf4-fe2effabc60f a2c78cabff1f49d394cdc774da803f1f b7cf0cf2248a460c822a2e34d6e4a317 - - default default] Successfully bumped revision number for resource 5cc6fc6f-05d9-4c9d-b9dd-1a839dd7a23c (type: security_group_rules) to 0
2026-06-03 01:06:50.184 10 INFO neutron.db.ovn_revision_numbers_db [None req-3c330d13-9847-4bbe-8cf4-fe2effabc60f a2c78cabff1f49d394cdc774da803f1f b7cf0cf2248a460c822a2e34d6e4a317 - - default default] Successfully bumped revision number for resource fc2db75d-bf47-4273-a01c-8ffbf51c9987 (type: security_group_rules) to 0
2026-06-03 01:06:50.213 10 INFO neutron.wsgi [None req-3c330d13-9847-4bbe-8cf4-fe2effabc60f a2c78cabff1f49d394cdc774da803f1f b7cf0cf2248a460c822a2e34d6e4a317 - - default default] 10.0.0.22 "GET /v2.0/security-groups?tenant_id=4cfb4a2a4ac7452d8b97832efd298bb9&name=default HTTP/1.1" status: 200 len: 3120 time: 0.2525418
2026-06-03 01:06:50.394 9 INFO neutron.services.segments.plugin [-] Segment 38470b1f-918f-49d1-9e4c-b1fe0ab53af1 resource provider aggregate not found
2026-06-03 01:06:50.398 9 INFO neutron.services.segments.plugin [-] Segment 38470b1f-918f-49d1-9e4c-b1fe0ab53af1 resource provider aggregate not found
2026-06-03 01:06:50.417 9 INFO neutron.services.segments.plugin [-] Segment 38470b1f-918f-49d1-9e4c-b1fe0ab53af1 resource provider not found; error: Placement Client Error (4xx): {"errors": [{"status": 404, "title": "Not Found", "detail": "The resource could not be found.\n\n No resource provider with uuid 38470b1f-918f-49d1-9e4c-b1fe0ab53af1 found for delete ", "request_id": "req-df1c1239-f088-4ad3-b0aa-2a3f4a07c3fb"}]}
2026-06-03 01:06:50.419 9 INFO neutron.services.segments.plugin [-] Segment 38470b1f-918f-49d1-9e4c-b1fe0ab53af1 resource provider not found; error: Placement Client Error (4xx): {"errors": [{"status": 404, "title": "Not Found", "detail": "The resource could not be found.\n\n No resource provider with uuid 38470b1f-918f-49d1-9e4c-b1fe0ab53af1 found for delete ", "request_id": "req-d7358b7f-e082-4bf5-991b-3efe1f943f5d"}]}
2026-06-03 01:06:50.468 9 INFO neutron.wsgi [None req-18fd6a00-496d-473f-a010-9eee76732db5 d215895fbe30497f9b9468a0fc80fe89 176edb739a32482697152877f1ef98b2 - - default default] 10.0.0.22 "DELETE /v2.0/networks/be0766e5-c5f3-4ee3-814f-fb7e33fca995 HTTP/1.1" status: 204 len: 168 time: 0.4854794
2026-06-03 01:06:50.475 9 INFO neutron.wsgi [req-78bb2cab-6107-4f02-825f-aa1326ecbb19 req-339fe80f-976f-4f0d-9e9b-f11b66e2ee2e 9fa71889841a40449b64ca64fc3e74b4 59d5fbed09934234ac25c8e949215c11 - - default default] 10.0.0.91 "GET /v2.0/security-groups?name=tempest-securitygroup--2004149342&fields=id&tenant_id=59d5fbed09934234ac25c8e949215c11 HTTP/1.1" status: 200 len: 267 time: 0.0699584
2026-06-03 01:06:50.480 10 WARNING neutron_lib.context [None req-35c0808a-d1a2-48e3-bb08-34e4f5d2e64c d215895fbe30497f9b9468a0fc80fe89 176edb739a32482697152877f1ef98b2 - - default default] Method 'is_advsvc' is deprecated since 2023.2 release (neutron-lib 3.8.0) and will be removed once support for the old RBAC API policies will be removed from Neutron. Please use method 'is_service_role' instead.
2026-06-03 01:06:50.546 9 INFO neutron.wsgi [req-78bb2cab-6107-4f02-825f-aa1326ecbb19 req-e1d92756-c7cc-4aeb-9a03-1261ba5015c1 9fa71889841a40449b64ca64fc3e74b4 59d5fbed09934234ac25c8e949215c11 - - default default] 10.0.0.91 "GET /v2.0/networks?id=e91bce8d-a756-4785-91fb-ab9bf47ce5a7 HTTP/1.1" status: 200 len: 874 time: 0.0611315
2026-06-03 01:06:50.572 9 INFO neutron.wsgi [req-78bb2cab-6107-4f02-825f-aa1326ecbb19 req-b34d2223-1ffe-429f-b24f-41305acb5b44 9fa71889841a40449b64ca64fc3e74b4 59d5fbed09934234ac25c8e949215c11 - - default default] 10.0.0.91 "GET /v2.0/quotas/59d5fbed09934234ac25c8e949215c11 HTTP/1.1" status: 200 len: 491 time: 0.0164599
2026-06-03 01:06:50.575 9 INFO neutron.wsgi [None req-34cfdec2-41e9-42ef-8a2a-d5c7b440e392 a2c78cabff1f49d394cdc774da803f1f b7cf0cf2248a460c822a2e34d6e4a317 - - default default] 10.0.0.22 "DELETE /v2.0/security-groups/76198da4-3e08-4892-a35d-fb0fb0b5018c HTTP/1.1" status: 204 len: 168 time: 0.3553839
2026-06-03 01:06:50.682 9 INFO neutron.wsgi [req-78bb2cab-6107-4f02-825f-aa1326ecbb19 req-cd13eae6-b3e6-42fd-ada7-444433c49952 9fa71889841a40449b64ca64fc3e74b4 59d5fbed09934234ac25c8e949215c11 - - default default] 10.0.0.91 "GET /v2.0/ports?tenant_id=59d5fbed09934234ac25c8e949215c11&fields=id HTTP/1.1" status: 200 len: 302 time: 0.1016190
2026-06-03 01:06:50.703 10 INFO neutron.wsgi [None req-33637c5e-e763-4fd0-9989-c77f717664bd 9aa065a2257a465e8a891bd2f9353370 153411e23d274659bed9c1b8db0eb573 - - default default] 10.0.0.22 "GET /v2.0/extensions HTTP/1.1" status: 200 len: 18678 time: 0.1940672
2026-06-03 01:06:50.717 9 INFO neutron.wsgi [None req-8aabe7d5-16c7-4c8b-b580-6c719e2a2e5a 9aa065a2257a465e8a891bd2f9353370 153411e23d274659bed9c1b8db0eb573 - - default default] 10.0.0.22 "GET /v2.0/extensions/address-group HTTP/1.1" status: 200 len: 353 time: 0.0076787
2026-06-03 01:06:50.729 10 INFO neutron.wsgi [None req-a4450b76-4822-456e-b3d8-66fca25ef97c 9aa065a2257a465e8a891bd2f9353370 153411e23d274659bed9c1b8db0eb573 - - default default] 10.0.0.22 "GET /v2.0/extensions/address-scope HTTP/1.1" status: 200 len: 357 time: 0.0074368
2026-06-03 01:06:50.746 9 INFO neutron.wsgi [None req-7bbb518a-69cb-421e-8d8f-6d5fb712e5d2 9aa065a2257a465e8a891bd2f9353370 153411e23d274659bed9c1b8db0eb573 - - default default] 10.0.0.22 "GET /v2.0/extensions/agent HTTP/1.1" status: 200 len: 347 time: 0.0098605
2026-06-03 01:06:50.759 10 INFO neutron.wsgi [None req-62d959c7-f2d3-4626-8654-3883b157cc95 9aa065a2257a465e8a891bd2f9353370 153411e23d274659bed9c1b8db0eb573 - - default default] 10.0.0.22 "GET /v2.0/extensions/allowed-address-pairs HTTP/1.1" status: 200 len: 378 time: 0.0068548
2026-06-03 01:06:50.771 10 INFO neutron.wsgi [None req-325b47a3-43b9-4c78-9902-dd43b2e5155d 9aa065a2257a465e8a891bd2f9353370 153411e23d274659bed9c1b8db0eb573 - - default default] 10.0.0.22 "GET /v2.0/extensions/auto-allocated-topology HTTP/1.1" status: 200 len: 394 time: 0.0080354
2026-06-03 01:06:50.772 9 INFO neutron.wsgi [req-78bb2cab-6107-4f02-825f-aa1326ecbb19 req-b62a841e-d162-44eb-89d9-deebc61e61ef a40210201caa49bb93cd515aa8095e00 a78bb181ca684beda97a5b9e234ddee7 - - 27592d6e2a0a46d8aa949fa5c795dc48 27592d6e2a0a46d8aa949fa5c795dc48] 10.0.0.91 "GET /v2.0/networks/e91bce8d-a756-4785-91fb-ab9bf47ce5a7?fields=segments HTTP/1.1" status: 200 len: 212 time: 0.0757382
2026-06-03 01:06:50.782 9 INFO neutron.wsgi [None req-3220fc46-d243-40a4-9f95-c95627682012 9aa065a2257a465e8a891bd2f9353370 153411e23d274659bed9c1b8db0eb573 - - default default] 10.0.0.22 "GET /v2.0/extensions/availability_zone HTTP/1.1" status: 200 len: 372 time: 0.0059307 /var/lib/openstack/lib/python3.10/site-packages/pycadf/identifier.py:71: UserWarning: Invalid uuid: neutron. To ensure interoperability, identifiers should be a valid uuid. warnings.warn(('Invalid uuid: %s. To ensure interoperability, '
2026-06-03 01:06:50.793 10 INFO neutron.wsgi [None req-240a36c9-70dd-4b5e-9b27-3eb57dcf50c8 9aa065a2257a465e8a891bd2f9353370 153411e23d274659bed9c1b8db0eb573 - - default default] 10.0.0.22 "GET /v2.0/extensions/default-subnetpools HTTP/1.1" status: 200 len: 405 time: 0.0058374
2026-06-03 01:06:50.802 10 INFO neutron.wsgi [None req-3b7949d6-9b72-47c4-a6c1-f0e4db1bdc43 9aa065a2257a465e8a891bd2f9353370 153411e23d274659bed9c1b8db0eb573 - - default default] 10.0.0.22 "GET /v2.0/extensions/dhcp_agent_scheduler HTTP/1.1" status: 200 len: 381 time: 0.0050573
2026-06-03 01:06:50.812 10 INFO neutron.wsgi [None req-075e7764-31a0-4a7c-a6bd-b2d7b2cb96a3 9aa065a2257a465e8a891bd2f9353370 153411e23d274659bed9c1b8db0eb573 - - default default] 10.0.0.22 "GET /v2.0/extensions/dns-integration HTTP/1.1" status: 200 len: 366 time: 0.0052316
2026-06-03 01:06:50.823 10 INFO neutron.wsgi [None req-78af63cb-867b-49bc-b994-9f44b1c2e9be 9aa065a2257a465e8a891bd2f9353370 153411e23d274659bed9c1b8db0eb573 - - default default] 10.0.0.22 "GET /v2.0/extensions/dns-domain-ports HTTP/1.1" status: 200 len: 399 time: 0.0068130
2026-06-03 01:06:50.836 10 INFO neutron.wsgi [None req-14c72674-4dbc-47a8-96ec-deafdae34d13 9aa065a2257a465e8a891bd2f9353370 153411e23d274659bed9c1b8db0eb573 - - default default] 10.0.0.22 "GET /v2.0/extensions/dns-integration-domain-keywords HTTP/1.1" status: 200 len: 477 time: 0.0068932
2026-06-03 01:06:50.847 9 INFO neutron.wsgi [req-78bb2cab-6107-4f02-825f-aa1326ecbb19 req-d258b634-9a06-43a2-9d31-b389d2e7a352 a40210201caa49bb93cd515aa8095e00 a78bb181ca684beda97a5b9e234ddee7 - - 27592d6e2a0a46d8aa949fa5c795dc48 27592d6e2a0a46d8aa949fa5c795dc48] 10.0.0.91 "GET /v2.0/networks/e91bce8d-a756-4785-91fb-ab9bf47ce5a7?fields=provider%3Aphysical_network&fields=provider%3Anetwork_type HTTP/1.1" status: 200 len: 277 time: 0.0641115
2026-06-03 01:06:50.858 10 INFO neutron.wsgi [None req-e75356d7-729c-403d-8766-43c8cf35daa1 9aa065a2257a465e8a891bd2f9353370 153411e23d274659bed9c1b8db0eb573 - - default default] 10.0.0.22 "GET /v2.0/extensions/empty-string-filtering HTTP/1.1" status: 200 len: 413 time: 0.0139794
2026-06-03 01:06:50.868 9 INFO neutron.wsgi [None req-63061965-7f63-45dd-8fc5-f50d7b922f8e 9aa065a2257a465e8a891bd2f9353370 153411e23d274659bed9c1b8db0eb573 - - default default] 10.0.0.22 "GET /v2.0/extensions/external-net HTTP/1.1" status: 200 len: 394 time: 0.0043588
2026-06-03 01:06:50.878 9 INFO neutron.wsgi [None req-2254724f-e43d-4fac-b196-a8a859487d12 9aa065a2257a465e8a891bd2f9353370 153411e23d274659bed9c1b8db0eb573 - - default default] 10.0.0.22 "GET /v2.0/extensions/extra_dhcp_opt HTTP/1.1" status: 200 len: 498 time: 0.0065839
2026-06-03 01:06:50.878 10 WARNING neutron.scheduler.dhcp_agent_scheduler [None req-35c0808a-d1a2-48e3-bb08-34e4f5d2e64c d215895fbe30497f9b9468a0fc80fe89 176edb739a32482697152877f1ef98b2 - - default default] No more DHCP agents
2026-06-03 01:06:50.882 10 WARNING neutron.api.rpc.agentnotifiers.dhcp_rpc_agent_api [None req-35c0808a-d1a2-48e3-bb08-34e4f5d2e64c d215895fbe30497f9b9468a0fc80fe89 176edb739a32482697152877f1ef98b2 - - default default] Unable to schedule network b23f3709-4e49-4b82-a483-0153e98c0466: no agents available; will retry on subsequent port and subnet creation events.
2026-06-03 01:06:50.887 9 INFO neutron.wsgi [None req-f28743c9-6d53-498c-a58f-1579484f1880 9aa065a2257a465e8a891bd2f9353370 153411e23d274659bed9c1b8db0eb573 - - default default] 10.0.0.22 "GET /v2.0/extensions/extraroute HTTP/1.1" status: 200 len: 375 time: 0.0051761
2026-06-03 01:06:50.900 9 INFO neutron.wsgi [None req-689fca97-4883-4892-91f0-0314edf14cad 9aa065a2257a465e8a891bd2f9353370 153411e23d274659bed9c1b8db0eb573 - - default default] 10.0.0.22 "GET /v2.0/extensions/floating-ip-port-forwarding-detail HTTP/1.1" status: 200 len: 465 time: 0.0061193
2026-06-03 01:06:50.910 9 INFO neutron.wsgi [None req-bc03d51b-bcdf-433f-8911-f96164cda28e 9aa065a2257a465e8a891bd2f9353370 153411e23d274659bed9c1b8db0eb573 - - default default] 10.0.0.22 "GET /v2.0/extensions/fip-port-details HTTP/1.1" status: 200 len: 406 time: 0.0048101
2026-06-03 01:06:50.919 9 INFO neutron.wsgi [None req-984007d6-2416-47f3-8d15-fd7cbd03f35c 9aa065a2257a465e8a891bd2f9353370 153411e23d274659bed9c1b8db0eb573 - - default default] 10.0.0.22 "GET /v2.0/extensions/flavors HTTP/1.1" status: 200 len: 387 time: 0.0050318 /var/lib/openstack/lib/python3.10/site-packages/pycadf/identifier.py:71: UserWarning: Invalid uuid: neutron. To ensure interoperability, identifiers should be a valid uuid. warnings.warn(('Invalid uuid: %s. To ensure interoperability, '
2026-06-03 01:06:50.934 10 INFO neutron.wsgi [None req-90ab7b09-10ee-4bdb-af98-42f25a577f9a 9aa065a2257a465e8a891bd2f9353370 153411e23d274659bed9c1b8db0eb573 - - default default] 10.0.0.22 "GET /v2.0/extensions/floatingip-pools HTTP/1.1" status: 200 len: 382 time: 0.0091748
2026-06-03 01:06:50.948 9 INFO neutron.wsgi [None req-cdb3c770-047c-4f6b-b997-3b40eedbeb37 9aa065a2257a465e8a891bd2f9353370 153411e23d274659bed9c1b8db0eb573 - - default default] 10.0.0.22 "GET /v2.0/extensions/ip_allocation HTTP/1.1" status: 200 len: 356 time: 0.0087643
2026-06-03 01:06:50.959 9 INFO neutron.wsgi [None req-2b62dfc8-337c-436c-8b4d-d70e71277eaf 9aa065a2257a465e8a891bd2f9353370 153411e23d274659bed9c1b8db0eb573 - - default default] 10.0.0.22 "GET /v2.0/extensions/l2_adjacency HTTP/1.1" status: 200 len: 372 time: 0.0055470
2026-06-03 01:06:50.968 9 INFO neutron.wsgi [None req-547b946f-81cc-4a47-90e4-6ee3a4a6c3e2 9aa065a2257a465e8a891bd2f9353370 153411e23d274659bed9c1b8db0eb573 - - default default] 10.0.0.22 "GET /v2.0/extensions/router HTTP/1.1" status: 200 len: 450 time: 0.0053666
2026-06-03 01:06:50.979 9 INFO neutron.wsgi [None req-60c55362-86de-440a-a7e3-d5423815f53c 9aa065a2257a465e8a891bd2f9353370 153411e23d274659bed9c1b8db0eb573 - - default default] 10.0.0.22 "GET /v2.0/extensions/enable-default-route-bfd HTTP/1.1" status: 200 len: 406 time: 0.0060441
2026-06-03 01:06:50.994 10 INFO neutron.db.ovn_revision_numbers_db [None req-35c0808a-d1a2-48e3-bb08-34e4f5d2e64c d215895fbe30497f9b9468a0fc80fe89 176edb739a32482697152877f1ef98b2 - - default default] Successfully bumped revision number for resource 40781b84-2754-4d45-9574-2d4d54aa2ec3 (type: ports) to 1
2026-06-03 01:06:50.994 9 INFO neutron.wsgi [None req-9e539e59-9b0c-43eb-a604-30136f18ee79 9aa065a2257a465e8a891bd2f9353370 153411e23d274659bed9c1b8db0eb573 - - default default] 10.0.0.22 "GET /v2.0/extensions/enable-default-route-ecmp HTTP/1.1" status: 200 len: 409 time: 0.0095279
2026-06-03 01:06:51.006 9 INFO neutron.wsgi [None req-9e971f2a-1fc6-451b-a11c-614cd3729044 9aa065a2257a465e8a891bd2f9353370 153411e23d274659bed9c1b8db0eb573 - - default default] 10.0.0.22 "GET /v2.0/extensions/ext-gw-mode HTTP/1.1" status: 200 len: 462 time: 0.0071468
2026-06-03 01:06:51.027 10 INFO neutron.wsgi [None req-35c0808a-d1a2-48e3-bb08-34e4f5d2e64c d215895fbe30497f9b9468a0fc80fe89 176edb739a32482697152877f1ef98b2 - - default default] 10.0.0.22 "POST /v2.0/ports HTTP/1.1" status: 201 len: 978 time: 0.5518129
2026-06-03 01:06:51.027 9 INFO neutron.wsgi [None req-dafd16f8-f047-463b-97ff-b040c6632a9a 9aa065a2257a465e8a891bd2f9353370 153411e23d274659bed9c1b8db0eb573 - - default default] 10.0.0.22 "GET /v2.0/extensions/l3-ha HTTP/1.1" status: 200 len: 360 time: 0.0157206
2026-06-03 01:06:51.038 10 INFO neutron.wsgi [None req-252484da-a2e2-4797-b0c6-77b9176d934c 9aa065a2257a465e8a891bd2f9353370 153411e23d274659bed9c1b8db0eb573 - - default default] 10.0.0.22 "GET /v2.0/extensions/external-gateway-multihoming HTTP/1.1" status: 200 len: 421 time: 0.0061507
2026-06-03 01:06:51.046 9 INFO neutron.wsgi [req-7c32e24b-a5bd-4376-b231-79c4118da9b2 req-14694f79-45f7-464e-a2c3-c48b541c4a7f 9fa71889841a40449b64ca64fc3e74b4 59d5fbed09934234ac25c8e949215c11 - - default default] 10.0.0.91 "GET /v2.0/ports?device_id=e5d0c4af-6710-4626-8cc6-adb742188185 HTTP/1.1" status: 200 len: 210 time: 0.0332932
2026-06-03 01:06:51.052 9 INFO neutron.wsgi [None req-0b603a70-8e18-4301-9cba-924c0cccfb41 9aa065a2257a465e8a891bd2f9353370 153411e23d274659bed9c1b8db0eb573 - - default default] 10.0.0.22 "GET /v2.0/extensions/l3-flavors HTTP/1.1" status: 200 len: 366 time: 0.0085585
2026-06-03 01:06:51.065 9 INFO neutron.wsgi [None req-4007876b-34df-481a-8cf8-39db0e0ca1a2 9aa065a2257a465e8a891bd2f9353370 153411e23d274659bed9c1b8db0eb573 - - default default] 10.0.0.22 "GET /v2.0/extensions/logging HTTP/1.1" status: 200 len: 407 time: 0.0056715
2026-06-03 01:06:51.075 9 INFO neutron.wsgi [None req-33811697-5629-4ac4-b1c9-d740fc423ba6 9aa065a2257a465e8a891bd2f9353370 153411e23d274659bed9c1b8db0eb573 - - default default] 10.0.0.22 "GET /v2.0/extensions/multi-provider HTTP/1.1" status: 200 len: 406 time: 0.0054958
2026-06-03 01:06:51.084 9 INFO neutron.wsgi [None req-8e176fad-aee4-4359-9e76-7df4f16c6f3b 9aa065a2257a465e8a891bd2f9353370 153411e23d274659bed9c1b8db0eb573 - - default default] 10.0.0.22 "GET /v2.0/extensions/net-mtu HTTP/1.1" status: 200 len: 370 time: 0.0054324
2026-06-03 01:06:51.096 10 INFO neutron.wsgi [None req-1c1cf57a-291b-4d1d-9c91-f1c355768334 9aa065a2257a465e8a891bd2f9353370 153411e23d274659bed9c1b8db0eb573 - - default default] 10.0.0.22 "GET /v2.0/extensions/net-mtu-writable HTTP/1.1" status: 200 len: 401 time: 0.0074728
2026-06-03 01:06:51.108 9 INFO neutron.wsgi [None req-7ba87d60-00bb-4e20-a049-a66cca96174c 9aa065a2257a465e8a891bd2f9353370 153411e23d274659bed9c1b8db0eb573 - - default default] 10.0.0.22 "GET /v2.0/extensions/network_availability_zone HTTP/1.1" status: 200 len: 394 time: 0.0062160
2026-06-03 01:06:51.119 9 INFO neutron.wsgi [None req-81766ec9-dc7e-43e0-bc7e-3090620dc5eb 9aa065a2257a465e8a891bd2f9353370 153411e23d274659bed9c1b8db0eb573 - - default default] 10.0.0.22 "GET /v2.0/extensions/network-ip-availability HTTP/1.1" status: 200 len: 410 time: 0.0055077
2026-06-03 01:06:51.131 10 INFO neutron.wsgi [None req-05c80f74-baa6-41ed-bc1e-4d24cae59a0b 9aa065a2257a465e8a891bd2f9353370 153411e23d274659bed9c1b8db0eb573 - - default default] 10.0.0.22 "GET /v2.0/extensions/pagination HTTP/1.1" status: 200 len: 386 time: 0.0074446
2026-06-03 01:06:51.141 9 INFO neutron.wsgi [None req-a3adf7b9-20da-4615-8e23-01325299abf2 9aa065a2257a465e8a891bd2f9353370 153411e23d274659bed9c1b8db0eb573 - - default default] 10.0.0.22 "GET /v2.0/extensions/port-device-profile HTTP/1.1" status: 200 len: 383 time: 0.0056381
2026-06-03 01:06:51.151 9 INFO neutron.wsgi [None req-902ab3a1-2b9b-44eb-a5be-a647f93b8f8f 9aa065a2257a465e8a891bd2f9353370 153411e23d274659bed9c1b8db0eb573 - - default default] 10.0.0.22 "GET /v2.0/extensions/port-mac-address-regenerate HTTP/1.1" status: 200 len: 403 time: 0.0070624
2026-06-03 01:06:51.168 9 INFO neutron.wsgi [None req-9875bb1c-02f6-42d4-bb02-6543b894aafa 9aa065a2257a465e8a891bd2f9353370 153411e23d274659bed9c1b8db0eb573 - - default default] 10.0.0.22 "GET /v2.0/extensions/port-numa-affinity-policy HTTP/1.1" status: 200 len: 392 time: 0.0127983
