2026-06-03 01:09:58.724 10 WARNING neutron_lib.context [None req-af75234e-55b6-46cd-9ea7-0922f23c194b a0b35ca52c15498183cb28712f1e3a60 b86ae0bb7326497faf264929dd53b7f4 - - default default] Method 'is_advsvc' is deprecated since 2023.2 release (neutron-lib 3.8.0) and will be removed once support for the old RBAC API policies will be removed from Neutron. Please use method 'is_service_role' instead.
2026-06-03 01:09:58.736 9 INFO neutron.db.ovn_revision_numbers_db [None req-d9f3f550-0e37-42b6-94fa-5e2158a8e465 a2c78cabff1f49d394cdc774da803f1f b7cf0cf2248a460c822a2e34d6e4a317 - - default default] Successfully bumped revision number for resource cb86f886-7ba8-49c4-ae44-347dd7d8f4e6 (type: security_group_rules) to 0
2026-06-03 01:09:58.752 9 INFO neutron.db.ovn_revision_numbers_db [None req-d9f3f550-0e37-42b6-94fa-5e2158a8e465 a2c78cabff1f49d394cdc774da803f1f b7cf0cf2248a460c822a2e34d6e4a317 - - default default] Successfully bumped revision number for resource d686d3fb-baee-474a-8d92-a2607e86e2c6 (type: security_group_rules) to 0
2026-06-03 01:09:58.781 9 INFO neutron.wsgi [None req-d9f3f550-0e37-42b6-94fa-5e2158a8e465 a2c78cabff1f49d394cdc774da803f1f b7cf0cf2248a460c822a2e34d6e4a317 - - default default] 10.0.0.22 "GET /v2.0/security-groups?tenant_id=65583ee7b7124459a8e9b37c2e69c183&name=default HTTP/1.1" status: 200 len: 3120 time: 0.2633557
2026-06-03 01:09:59.028 9 INFO neutron.db.ovn_revision_numbers_db [None req-5e83b823-0471-42c6-a6f2-f0f598e0d756 a2c78cabff1f49d394cdc774da803f1f b7cf0cf2248a460c822a2e34d6e4a317 - - default default] Successfully bumped revision number for resource bf9115d9-7c40-41bf-975b-184e5b2c7cb3 (type: security_groups) to 1
2026-06-03 01:09:59.042 9 INFO neutron.db.ovn_revision_numbers_db [None req-5e83b823-0471-42c6-a6f2-f0f598e0d756 a2c78cabff1f49d394cdc774da803f1f b7cf0cf2248a460c822a2e34d6e4a317 - - default default] Successfully bumped revision number for resource 14f0c95b-aa0e-4a75-b038-3383d3d3f180 (type: security_group_rules) to 0
2026-06-03 01:09:59.066 9 INFO neutron.db.ovn_revision_numbers_db [None req-5e83b823-0471-42c6-a6f2-f0f598e0d756 a2c78cabff1f49d394cdc774da803f1f b7cf0cf2248a460c822a2e34d6e4a317 - - default default] Successfully bumped revision number for resource 55757a13-5fb2-4c93-862b-2c3c63e6f0ee (type: security_group_rules) to 0
2026-06-03 01:09:59.087 10 WARNING neutron.scheduler.dhcp_agent_scheduler [None req-af75234e-55b6-46cd-9ea7-0922f23c194b a0b35ca52c15498183cb28712f1e3a60 b86ae0bb7326497faf264929dd53b7f4 - - default default] No more DHCP agents
2026-06-03 01:09:59.088 9 INFO neutron.wsgi [None req-043dd0fd-7146-4cff-b37b-66a0cb02a69e a2c78cabff1f49d394cdc774da803f1f b7cf0cf2248a460c822a2e34d6e4a317 - - default default] 10.0.0.22 "DELETE /v2.0/security-groups/06a6f757-1445-4abd-8dc6-e7ccf48a1691 HTTP/1.1" status: 204 len: 168 time: 0.2999699
2026-06-03 01:09:59.089 9 INFO neutron.db.ovn_revision_numbers_db [None req-5e83b823-0471-42c6-a6f2-f0f598e0d756 a2c78cabff1f49d394cdc774da803f1f b7cf0cf2248a460c822a2e34d6e4a317 - - default default] Successfully bumped revision number for resource 7eccdbd4-112c-468d-bf88-a56cc603f014 (type: security_group_rules) to 0
2026-06-03 01:09:59.090 10 WARNING neutron.api.rpc.agentnotifiers.dhcp_rpc_agent_api [None req-af75234e-55b6-46cd-9ea7-0922f23c194b a0b35ca52c15498183cb28712f1e3a60 b86ae0bb7326497faf264929dd53b7f4 - - default default] Unable to schedule network 8856a006-1498-4c6b-adb8-aca6c2ef139f: no agents available; will retry on subsequent port and subnet creation events.
2026-06-03 01:09:59.102 9 INFO neutron.db.ovn_revision_numbers_db [None req-5e83b823-0471-42c6-a6f2-f0f598e0d756 a2c78cabff1f49d394cdc774da803f1f b7cf0cf2248a460c822a2e34d6e4a317 - - default default] Successfully bumped revision number for resource 9f3ff74b-f9c8-415c-9f85-d6962014f460 (type: security_group_rules) to 0
2026-06-03 01:09:59.123 9 INFO neutron.wsgi [None req-5e83b823-0471-42c6-a6f2-f0f598e0d756 a2c78cabff1f49d394cdc774da803f1f b7cf0cf2248a460c822a2e34d6e4a317 - - default default] 10.0.0.22 "GET /v2.0/security-groups?tenant_id=fb793f5b06de4fa382c69ef9a7076d0d&name=default HTTP/1.1" status: 200 len: 3120 time: 0.2720621
2026-06-03 01:09:59.251 9 INFO neutron.wsgi [req-3d704360-9ea5-4b81-bb56-f97f6b3c6c85 req-ec378b26-6f73-4bbe-a844-e67df7bd7c7c a2c78cabff1f49d394cdc774da803f1f b7cf0cf2248a460c822a2e34d6e4a317 - - default default] 10.0.0.91 "GET /v2.0/ports?device_id=40292f59-e95c-4d3c-b719-15c7daeebc58 HTTP/1.1" status: 200 len: 210 time: 0.0225294
2026-06-03 01:09:59.336 9 INFO neutron.wsgi [req-95246071-7044-4ff5-87f5-f5c6866d96a0 req-d26a7929-9670-4e5c-bc3c-679e702c70cd a2c78cabff1f49d394cdc774da803f1f b7cf0cf2248a460c822a2e34d6e4a317 - - default default] 10.0.0.91 "GET /v2.0/ports?device_id=40292f59-e95c-4d3c-b719-15c7daeebc58 HTTP/1.1" status: 200 len: 210 time: 0.0242810
2026-06-03 01:09:59.421 9 INFO neutron.wsgi [None req-8d33558e-e672-46bf-9eb0-4ccff8b2af00 a2c78cabff1f49d394cdc774da803f1f b7cf0cf2248a460c822a2e34d6e4a317 - - default default] 10.0.0.22 "DELETE /v2.0/security-groups/bf9115d9-7c40-41bf-975b-184e5b2c7cb3 HTTP/1.1" status: 204 len: 168 time: 0.2899837
2026-06-03 01:09:59.500 10 INFO neutron.wsgi [None req-af75234e-55b6-46cd-9ea7-0922f23c194b a0b35ca52c15498183cb28712f1e3a60 b86ae0bb7326497faf264929dd53b7f4 - - default default] 10.0.0.22 "POST /v2.0/floatingips HTTP/1.1" status: 201 len: 751 time: 0.9071453
2026-06-03 01:09:59.572 10 INFO neutron.wsgi [None req-c9d0ed18-c4d8-4066-906a-c1b3e65dfe13 a0b35ca52c15498183cb28712f1e3a60 b86ae0bb7326497faf264929dd53b7f4 - - default default] 10.0.0.22 "PUT /v2.0/floatingips/e569440a-752c-4925-9650-76e73ae0f5af/tags HTTP/1.1" status: 200 len: 218 time: 0.0649900
2026-06-03 01:09:59.620 10 INFO neutron.wsgi [None req-d1161919-9b73-42b9-92c4-29730826ed49 a0b35ca52c15498183cb28712f1e3a60 b86ae0bb7326497faf264929dd53b7f4 - - default default] 10.0.0.22 "GET /v2.0/floatingips/e569440a-752c-4925-9650-76e73ae0f5af/tags HTTP/1.1" status: 200 len: 218 time: 0.0417051
2026-06-03 01:09:59.674 10 INFO neutron.wsgi [None req-da6055ca-599d-4d6c-8744-d5254074fea5 a0b35ca52c15498183cb28712f1e3a60 b86ae0bb7326497faf264929dd53b7f4 - - default default] 10.0.0.22 "PUT /v2.0/floatingips/e569440a-752c-4925-9650-76e73ae0f5af/tags/green HTTP/1.1" status: 201 len: 201 time: 0.0475953
2026-06-03 01:09:59.732 10 INFO neutron.wsgi [None req-6b05e54c-73d7-4698-a954-2f386fbb3440 a0b35ca52c15498183cb28712f1e3a60 b86ae0bb7326497faf264929dd53b7f4 - - default default] 10.0.0.22 "GET /v2.0/floatingips/e569440a-752c-4925-9650-76e73ae0f5af/tags HTTP/1.1" status: 200 len: 227 time: 0.0505011
2026-06-03 01:09:59.801 10 INFO neutron.db.ovn_revision_numbers_db [None req-fd2a7806-1e45-43a9-8833-98f4e15a1a1c a2c78cabff1f49d394cdc774da803f1f b7cf0cf2248a460c822a2e34d6e4a317 - - default default] Successfully bumped revision number for resource e167b3e2-93f4-4c6c-b4f7-77850c04ec01 (type: security_groups) to 1
2026-06-03 01:09:59.811 9 INFO neutron.wsgi [None req-e54b6767-5037-4a64-a62a-3815ba0a72db a0b35ca52c15498183cb28712f1e3a60 b86ae0bb7326497faf264929dd53b7f4 - - default default] 10.0.0.22 "PUT /v2.0/floatingips/e569440a-752c-4925-9650-76e73ae0f5af/tags/red HTTP/1.1" status: 201 len: 201 time: 0.0714564
2026-06-03 01:09:59.824 10 INFO neutron.db.ovn_revision_numbers_db [None req-fd2a7806-1e45-43a9-8833-98f4e15a1a1c a2c78cabff1f49d394cdc774da803f1f b7cf0cf2248a460c822a2e34d6e4a317 - - default default] Successfully bumped revision number for resource 34b9c0a8-0f11-47e5-ac95-6a6e336c9f63 (type: security_group_rules) to 0
2026-06-03 01:09:59.852 10 INFO neutron.wsgi [None req-cf86401a-75ea-4b6b-ae86-4187ec87370b a0b35ca52c15498183cb28712f1e3a60 b86ae0bb7326497faf264929dd53b7f4 - - default default] 10.0.0.22 "GET /v2.0/floatingips/e569440a-752c-4925-9650-76e73ae0f5af/tags HTTP/1.1" status: 200 len: 227 time: 0.0350323
2026-06-03 01:09:59.853 10 INFO neutron.db.ovn_revision_numbers_db [None req-fd2a7806-1e45-43a9-8833-98f4e15a1a1c a2c78cabff1f49d394cdc774da803f1f b7cf0cf2248a460c822a2e34d6e4a317 - - default default] Successfully bumped revision number for resource 35cda22d-0df5-4811-9a44-fb742333d8c0 (type: security_group_rules) to 0
2026-06-03 01:09:59.865 10 INFO neutron.db.ovn_revision_numbers_db [None req-fd2a7806-1e45-43a9-8833-98f4e15a1a1c a2c78cabff1f49d394cdc774da803f1f b7cf0cf2248a460c822a2e34d6e4a317 - - default default] Successfully bumped revision number for resource d19ef373-e0a0-4b55-a004-254a877df4f3 (type: security_group_rules) to 0
2026-06-03 01:09:59.866 9 INFO neutron.wsgi [req-bd66a448-bef1-4956-931d-ba8849ebb938 req-fac7fc0e-ecf4-4d0b-ad2f-aaf752d350b6 a2c78cabff1f49d394cdc774da803f1f b7cf0cf2248a460c822a2e34d6e4a317 - - default default] 199.204.45.72 "GET /v2.0/networks?id=e18cbb1a-7ae0-418d-8aee-bae4b35b11ee HTTP/1.1" status: 200 len: 937 time: 0.0685635
2026-06-03 01:09:59.884 10 INFO neutron.db.ovn_revision_numbers_db [None req-fd2a7806-1e45-43a9-8833-98f4e15a1a1c a2c78cabff1f49d394cdc774da803f1f b7cf0cf2248a460c822a2e34d6e4a317 - - default default] Successfully bumped revision number for resource fc9ba5c4-6cb2-4fa3-bd2d-0d6f9e03473c (type: security_group_rules) to 0
2026-06-03 01:09:59.915 10 INFO neutron.wsgi [None req-fd2a7806-1e45-43a9-8833-98f4e15a1a1c a2c78cabff1f49d394cdc774da803f1f b7cf0cf2248a460c822a2e34d6e4a317 - - default default] 10.0.0.22 "GET /v2.0/security-groups?tenant_id=97e752ace0884093b9132d9c89f2d72e&name=default HTTP/1.1" status: 200 len: 3120 time: 0.3086126
2026-06-03 01:09:59.920 9 INFO neutron.wsgi [None req-4ceecefb-76a4-4a0c-afe2-9d769b061fc2 a0b35ca52c15498183cb28712f1e3a60 b86ae0bb7326497faf264929dd53b7f4 - - default default] 10.0.0.22 "PUT /v2.0/floatingips/e569440a-752c-4925-9650-76e73ae0f5af/tags/black.or.white HTTP/1.1" status: 201 len: 201 time: 0.0625930
2026-06-03 01:09:59.944 9 INFO neutron.wsgi [req-bd66a448-bef1-4956-931d-ba8849ebb938 req-2b81299a-a07d-4a5a-81fd-d94b4a6857ad a2c78cabff1f49d394cdc774da803f1f b7cf0cf2248a460c822a2e34d6e4a317 - - default default] 199.204.45.72 "GET /v2.0/security-groups?fields=id&fields=name&tenant_id=b7cf0cf2248a460c822a2e34d6e4a317 HTTP/1.1" status: 200 len: 542 time: 0.0594633
2026-06-03 01:09:59.968 9 INFO neutron.wsgi [None req-96822495-3f6d-471f-8288-5c9cfc03aa59 a0b35ca52c15498183cb28712f1e3a60 b86ae0bb7326497faf264929dd53b7f4 - - default default] 10.0.0.22 "GET /v2.0/floatingips/e569440a-752c-4925-9650-76e73ae0f5af/tags HTTP/1.1" status: 200 len: 245 time: 0.0437062
2026-06-03 01:10:00.040 9 INFO neutron.wsgi [None req-dd8697a5-9465-46ab-8515-a551361bff14 a0b35ca52c15498183cb28712f1e3a60 b86ae0bb7326497faf264929dd53b7f4 - - default default] 10.0.0.22 "PUT /v2.0/floatingips/e569440a-752c-4925-9650-76e73ae0f5af/tags HTTP/1.1" status: 200 len: 230 time: 0.0664637
2026-06-03 01:10:00.093 9 INFO neutron.wsgi [None req-90d5b562-d7e4-49a1-800d-95b27a7c1e75 a0b35ca52c15498183cb28712f1e3a60 b86ae0bb7326497faf264929dd53b7f4 - - default default] 10.0.0.22 "GET /v2.0/floatingips/e569440a-752c-4925-9650-76e73ae0f5af/tags HTTP/1.1" status: 200 len: 230 time: 0.0468040
2026-06-03 01:10:00.124 10 INFO neutron.wsgi [None req-e7080d35-ff9e-49bd-9c89-5abfb5038725 a0b35ca52c15498183cb28712f1e3a60 b86ae0bb7326497faf264929dd53b7f4 - - default default] 10.0.0.22 "GET /v2.0/floatingips/e569440a-752c-4925-9650-76e73ae0f5af/tags/red HTTP/1.1" status: 204 len: 168 time: 0.0274940
2026-06-03 01:10:00.198 10 INFO neutron.wsgi [None req-7a642fe1-554f-4f3e-8325-6d5701f6525a a2c78cabff1f49d394cdc774da803f1f b7cf0cf2248a460c822a2e34d6e4a317 - - default default] 10.0.0.22 "DELETE /v2.0/security-groups/e167b3e2-93f4-4c6c-b4f7-77850c04ec01 HTTP/1.1" status: 204 len: 168 time: 0.2773333
2026-06-03 01:10:00.206 10 INFO neutron.api.v2.resource [None req-fbc2da65-459f-414e-944e-e5e25ff1b438 a0b35ca52c15498183cb28712f1e3a60 b86ae0bb7326497faf264929dd53b7f4 - - default default] show failed (client error): The resource could not be found.
2026-06-03 01:10:00.207 10 INFO neutron.wsgi [None req-fbc2da65-459f-414e-944e-e5e25ff1b438 a0b35ca52c15498183cb28712f1e3a60 b86ae0bb7326497faf264929dd53b7f4 - - default default] 10.0.0.22 "GET /v2.0/floatingips/e569440a-752c-4925-9650-76e73ae0f5af/tags/green HTTP/1.1" status: 404 len: 299 time: 0.0758636
2026-06-03 01:10:00.280 10 INFO neutron.wsgi [None req-ae9a4a80-c5c1-42f0-9a89-1e1a862698af a0b35ca52c15498183cb28712f1e3a60 b86ae0bb7326497faf264929dd53b7f4 - - default default] 10.0.0.22 "DELETE /v2.0/floatingips/e569440a-752c-4925-9650-76e73ae0f5af/tags/red HTTP/1.1" status: 204 len: 168 time: 0.0648334
2026-06-03 01:10:00.320 9 WARNING neutron.scheduler.dhcp_agent_scheduler [req-bd66a448-bef1-4956-931d-ba8849ebb938 req-1c0a3e67-1f3e-43ab-bde7-98f871d58d95 a2c78cabff1f49d394cdc774da803f1f b7cf0cf2248a460c822a2e34d6e4a317 - - default default] No more DHCP agents
2026-06-03 01:10:00.322 9 WARNING neutron.api.rpc.agentnotifiers.dhcp_rpc_agent_api [req-bd66a448-bef1-4956-931d-ba8849ebb938 req-1c0a3e67-1f3e-43ab-bde7-98f871d58d95 a2c78cabff1f49d394cdc774da803f1f b7cf0cf2248a460c822a2e34d6e4a317 - - default default] Unable to schedule network e18cbb1a-7ae0-418d-8aee-bae4b35b11ee: no agents available; will retry on subsequent port and subnet creation events.
2026-06-03 01:10:00.323 10 INFO neutron.wsgi [None req-f307c745-eead-4b1d-b724-05bef5344c93 a0b35ca52c15498183cb28712f1e3a60 b86ae0bb7326497faf264929dd53b7f4 - - default default] 10.0.0.22 "GET /v2.0/floatingips/e569440a-752c-4925-9650-76e73ae0f5af/tags HTTP/1.1" status: 200 len: 223 time: 0.0380986
2026-06-03 01:10:00.366 10 INFO neutron.api.v2.resource [None req-94fef508-3a5f-4663-9da9-f11c900149ab a0b35ca52c15498183cb28712f1e3a60 b86ae0bb7326497faf264929dd53b7f4 - - default default] delete failed (client error): The resource could not be found.
2026-06-03 01:10:00.367 10 INFO neutron.wsgi [None req-94fef508-3a5f-4663-9da9-f11c900149ab a0b35ca52c15498183cb28712f1e3a60 b86ae0bb7326497faf264929dd53b7f4 - - default default] 10.0.0.22 "DELETE /v2.0/floatingips/e569440a-752c-4925-9650-76e73ae0f5af/tags/green HTTP/1.1" status: 404 len: 299 time: 0.0385551
2026-06-03 01:10:00.427 10 INFO neutron.wsgi [None req-f56b81bd-299b-4647-a26d-bd710e02a841 a0b35ca52c15498183cb28712f1e3a60 b86ae0bb7326497faf264929dd53b7f4 - - default default] 10.0.0.22 "DELETE /v2.0/floatingips/e569440a-752c-4925-9650-76e73ae0f5af/tags HTTP/1.1" status: 204 len: 168 time: 0.0548534 /var/lib/openstack/lib/python3.10/site-packages/pycadf/identifier.py:71: UserWarning: Invalid uuid: neutron. To ensure interoperability, identifiers should be a valid uuid. warnings.warn(('Invalid uuid: %s. To ensure interoperability, '
2026-06-03 01:10:00.512 9 INFO neutron.wsgi [None req-8844ddbd-fc75-4656-842c-40b0dddaf2db a0b35ca52c15498183cb28712f1e3a60 b86ae0bb7326497faf264929dd53b7f4 - - default default] 10.0.0.22 "GET /v2.0/floatingips/e569440a-752c-4925-9650-76e73ae0f5af/tags HTTP/1.1" status: 200 len: 205 time: 0.0620189
2026-06-03 01:10:00.532 9 INFO neutron.db.ovn_revision_numbers_db [req-bd66a448-bef1-4956-931d-ba8849ebb938 req-1c0a3e67-1f3e-43ab-bde7-98f871d58d95 a2c78cabff1f49d394cdc774da803f1f b7cf0cf2248a460c822a2e34d6e4a317 - - default default] Successfully bumped revision number for resource 2992d179-961b-4429-ae7e-f407f7e5390d (type: ports) to 1
2026-06-03 01:10:00.557 9 INFO neutron.wsgi [req-bd66a448-bef1-4956-931d-ba8849ebb938 req-1c0a3e67-1f3e-43ab-bde7-98f871d58d95 a2c78cabff1f49d394cdc774da803f1f b7cf0cf2248a460c822a2e34d6e4a317 - - default default] 199.204.45.72 "POST /v2.0/ports HTTP/1.1" status: 201 len: 1283 time: 0.6014669
2026-06-03 01:10:00.943 10 INFO neutron.wsgi [None req-b10c0e4c-7029-49f7-abe2-4da2ffa69490 a0b35ca52c15498183cb28712f1e3a60 b86ae0bb7326497faf264929dd53b7f4 - - default default] 10.0.0.22 "DELETE /v2.0/floatingips/e569440a-752c-4925-9650-76e73ae0f5af HTTP/1.1" status: 204 len: 168 time: 0.4249725
2026-06-03 01:10:01.059 9 INFO neutron.db.ovn_revision_numbers_db [req-bd66a448-bef1-4956-931d-ba8849ebb938 req-12d67041-8892-4ba9-abb5-df7103b1b9ab a40210201caa49bb93cd515aa8095e00 a78bb181ca684beda97a5b9e234ddee7 - - 27592d6e2a0a46d8aa949fa5c795dc48 27592d6e2a0a46d8aa949fa5c795dc48] Successfully bumped revision number for resource 2992d179-961b-4429-ae7e-f407f7e5390d (type: ports) to 2
2026-06-03 01:10:01.339 9 INFO neutron.db.ovn_revision_numbers_db [req-bd66a448-bef1-4956-931d-ba8849ebb938 req-12d67041-8892-4ba9-abb5-df7103b1b9ab a40210201caa49bb93cd515aa8095e00 a78bb181ca684beda97a5b9e234ddee7 - - 27592d6e2a0a46d8aa949fa5c795dc48 27592d6e2a0a46d8aa949fa5c795dc48] Successfully bumped revision number for resource 2992d179-961b-4429-ae7e-f407f7e5390d (type: ports) to 2
2026-06-03 01:10:01.369 9 INFO neutron.wsgi [req-bd66a448-bef1-4956-931d-ba8849ebb938 req-12d67041-8892-4ba9-abb5-df7103b1b9ab a40210201caa49bb93cd515aa8095e00 a78bb181ca684beda97a5b9e234ddee7 - - 27592d6e2a0a46d8aa949fa5c795dc48 27592d6e2a0a46d8aa949fa5c795dc48] 199.204.45.72 "PUT /v2.0/ports/2992d179-961b-4429-ae7e-f407f7e5390d HTTP/1.1" status: 200 len: 1380 time: 0.8049705
2026-06-03 01:10:01.419 9 INFO neutron.notifiers.nova [-] Nova event matching ['req-52d1c239-ce8d-4758-9184-ce88cf267425'] response: {'name': 'network-changed', 'server_uuid': '40292f59-e95c-4d3c-b719-15c7daeebc58', 'tag': '2992d179-961b-4429-ae7e-f407f7e5390d', 'status': 'completed', 'code': 200} /var/lib/openstack/lib/python3.10/site-packages/pycadf/identifier.py:71: UserWarning: Invalid uuid: neutron. To ensure interoperability, identifiers should be a valid uuid. warnings.warn(('Invalid uuid: %s. To ensure interoperability, '
2026-06-03 01:10:01.458 9 INFO neutron.wsgi [req-bd66a448-bef1-4956-931d-ba8849ebb938 req-a3a4c413-1c47-43d1-a1f9-f9bf2e933144 a40210201caa49bb93cd515aa8095e00 a78bb181ca684beda97a5b9e234ddee7 - - 27592d6e2a0a46d8aa949fa5c795dc48 27592d6e2a0a46d8aa949fa5c795dc48] 199.204.45.72 "GET /v2.0/ports?tenant_id=b7cf0cf2248a460c822a2e34d6e4a317&device_id=40292f59-e95c-4d3c-b719-15c7daeebc58 HTTP/1.1" status: 200 len: 1411 time: 0.0369854
2026-06-03 01:10:01.489 9 INFO neutron.wsgi [req-bd66a448-bef1-4956-931d-ba8849ebb938 req-8924b186-f46f-48cf-9126-68d1f639df19 a40210201caa49bb93cd515aa8095e00 a78bb181ca684beda97a5b9e234ddee7 - - 27592d6e2a0a46d8aa949fa5c795dc48 27592d6e2a0a46d8aa949fa5c795dc48] 199.204.45.72 "GET /v2.0/floatingips?fixed_ip_address=172.24.0.30&port_id=2992d179-961b-4429-ae7e-f407f7e5390d HTTP/1.1" status: 200 len: 217 time: 0.0225179
2026-06-03 01:10:01.543 9 INFO neutron.wsgi [req-bd66a448-bef1-4956-931d-ba8849ebb938 req-62b65d3a-f727-441e-a775-94bcdb70730c a40210201caa49bb93cd515aa8095e00 a78bb181ca684beda97a5b9e234ddee7 - - 27592d6e2a0a46d8aa949fa5c795dc48 27592d6e2a0a46d8aa949fa5c795dc48] 199.204.45.72 "GET /v2.0/subnets?id=2b1c4ed1-24e8-4f59-b8be-070e6eb3e012 HTTP/1.1" status: 200 len: 829 time: 0.0452716
2026-06-03 01:10:01.576 9 INFO neutron.wsgi [req-bd66a448-bef1-4956-931d-ba8849ebb938 req-3709f153-15f6-4fdd-a8dc-43d3d39ecb67 a40210201caa49bb93cd515aa8095e00 a78bb181ca684beda97a5b9e234ddee7 - - 27592d6e2a0a46d8aa949fa5c795dc48 27592d6e2a0a46d8aa949fa5c795dc48] 199.204.45.72 "GET /v2.0/ports?network_id=e18cbb1a-7ae0-418d-8aee-bae4b35b11ee&device_owner=network%3Adhcp HTTP/1.1" status: 200 len: 210 time: 0.0256953
2026-06-03 01:10:01.653 9 INFO neutron.wsgi [req-bd66a448-bef1-4956-931d-ba8849ebb938 req-53ff799f-3646-4f46-9f5b-5d7f4bb74c2a a40210201caa49bb93cd515aa8095e00 a78bb181ca684beda97a5b9e234ddee7 - - 27592d6e2a0a46d8aa949fa5c795dc48 27592d6e2a0a46d8aa949fa5c795dc48] 199.204.45.72 "GET /v2.0/networks/e18cbb1a-7ae0-418d-8aee-bae4b35b11ee?fields=segments HTTP/1.1" status: 200 len: 212 time: 0.0712287
2026-06-03 01:10:01.735 9 INFO neutron.wsgi [req-bd66a448-bef1-4956-931d-ba8849ebb938 req-5bbcb4ab-9aaa-413c-90c4-36d701e23d57 a40210201caa49bb93cd515aa8095e00 a78bb181ca684beda97a5b9e234ddee7 - - 27592d6e2a0a46d8aa949fa5c795dc48 27592d6e2a0a46d8aa949fa5c795dc48] 199.204.45.72 "GET /v2.0/networks/e18cbb1a-7ae0-418d-8aee-bae4b35b11ee?fields=provider%3Aphysical_network&fields=provider%3Anetwork_type HTTP/1.1" status: 200 len: 277 time: 0.0734148
2026-06-03 01:10:01.844 9 INFO neutron.wsgi [req-884644dd-cc3b-45a7-b090-504df35e2961 req-b1b5ef26-e585-4bd4-8656-4bc5d7cbd770 a40210201caa49bb93cd515aa8095e00 a78bb181ca684beda97a5b9e234ddee7 - - 27592d6e2a0a46d8aa949fa5c795dc48 27592d6e2a0a46d8aa949fa5c795dc48] 199.204.45.72 "GET /v2.0/ports?tenant_id=b7cf0cf2248a460c822a2e34d6e4a317&device_id=40292f59-e95c-4d3c-b719-15c7daeebc58 HTTP/1.1" status: 200 len: 1411 time: 0.0663569
2026-06-03 01:10:02.180 9 INFO neutron.wsgi [req-884644dd-cc3b-45a7-b090-504df35e2961 req-1fffa525-0e4a-462c-891c-043cde5d6b22 a40210201caa49bb93cd515aa8095e00 a78bb181ca684beda97a5b9e234ddee7 - - 27592d6e2a0a46d8aa949fa5c795dc48 27592d6e2a0a46d8aa949fa5c795dc48] 199.204.45.72 "GET /v2.0/networks?id=e18cbb1a-7ae0-418d-8aee-bae4b35b11ee HTTP/1.1" status: 200 len: 937 time: 0.3260641
2026-06-03 01:10:02.200 9 INFO neutron.wsgi [req-52909a9f-4993-42db-ad2a-4204328191b7 req-2d7a62bf-76cc-42e3-9f1f-cb48fa15d61b a40210201caa49bb93cd515aa8095e00 a78bb181ca684beda97a5b9e234ddee7 - - 27592d6e2a0a46d8aa949fa5c795dc48 27592d6e2a0a46d8aa949fa5c795dc48] 199.204.45.72 "GET /v2.0/ports?device_id=40292f59-e95c-4d3c-b719-15c7daeebc58 HTTP/1.1" status: 200 len: 1411 time: 0.2613845
2026-06-03 01:10:02.220 9 INFO neutron.wsgi [req-884644dd-cc3b-45a7-b090-504df35e2961 req-2d6d238a-117e-45f7-8d55-1ae4d59c9c2c a40210201caa49bb93cd515aa8095e00 a78bb181ca684beda97a5b9e234ddee7 - - 27592d6e2a0a46d8aa949fa5c795dc48 27592d6e2a0a46d8aa949fa5c795dc48] 199.204.45.72 "GET /v2.0/floatingips?fixed_ip_address=172.24.0.30&port_id=2992d179-961b-4429-ae7e-f407f7e5390d HTTP/1.1" status: 200 len: 217 time: 0.0326738
2026-06-03 01:10:02.277 9 INFO neutron.wsgi [req-884644dd-cc3b-45a7-b090-504df35e2961 req-590c8f07-98b7-48b9-ad2b-dcea64a199a2 a40210201caa49bb93cd515aa8095e00 a78bb181ca684beda97a5b9e234ddee7 - - 27592d6e2a0a46d8aa949fa5c795dc48 27592d6e2a0a46d8aa949fa5c795dc48] 199.204.45.72 "GET /v2.0/subnets?id=2b1c4ed1-24e8-4f59-b8be-070e6eb3e012 HTTP/1.1" status: 200 len: 829 time: 0.0459597
2026-06-03 01:10:02.287 9 INFO neutron.wsgi [req-52909a9f-4993-42db-ad2a-4204328191b7 req-602c6932-7d02-40e7-bcc8-f2019a03a5b1 a40210201caa49bb93cd515aa8095e00 a78bb181ca684beda97a5b9e234ddee7 - - 27592d6e2a0a46d8aa949fa5c795dc48 27592d6e2a0a46d8aa949fa5c795dc48] 199.204.45.72 "GET /v2.0/security-groups?id=e286dc1c-8345-4021-b698-5ba081beed04&fields=id&fields=name HTTP/1.1" status: 200 len: 294 time: 0.0709097
2026-06-03 01:10:02.306 9 INFO neutron.wsgi [req-884644dd-cc3b-45a7-b090-504df35e2961 req-7cbf459a-9b54-4d0a-be68-b0ad63d43fbf a40210201caa49bb93cd515aa8095e00 a78bb181ca684beda97a5b9e234ddee7 - - 27592d6e2a0a46d8aa949fa5c795dc48 27592d6e2a0a46d8aa949fa5c795dc48] 199.204.45.72 "GET /v2.0/ports?network_id=e18cbb1a-7ae0-418d-8aee-bae4b35b11ee&device_owner=network%3Adhcp HTTP/1.1" status: 200 len: 210 time: 0.0189636
2026-06-03 01:10:02.318 9 INFO neutron.db.ovn_revision_numbers_db [None req-97ff9502-d5d8-44c2-b110-eeebf1db4b97 a2c78cabff1f49d394cdc774da803f1f b7cf0cf2248a460c822a2e34d6e4a317 - - default default] Successfully bumped revision number for resource e186f686-c73c-4e7c-9047-c9577156c4e5 (type: security_groups) to 1
2026-06-03 01:10:02.347 9 INFO neutron.db.ovn_revision_numbers_db [None req-97ff9502-d5d8-44c2-b110-eeebf1db4b97 a2c78cabff1f49d394cdc774da803f1f b7cf0cf2248a460c822a2e34d6e4a317 - - default default] Successfully bumped revision number for resource 35546f57-4e3e-4adb-b75f-c06488254764 (type: security_group_rules) to 0
2026-06-03 01:10:02.392 10 INFO neutron.plugins.ml2.drivers.ovn.mech_driver.mech_driver [None req-d254c2f5-fbc4-4d6c-bee9-11794dbcca2b - - - - - -] OVN reports status up for port: 2992d179-961b-4429-ae7e-f407f7e5390d
2026-06-03 01:10:02.401 9 INFO neutron.db.ovn_revision_numbers_db [None req-97ff9502-d5d8-44c2-b110-eeebf1db4b97 a2c78cabff1f49d394cdc774da803f1f b7cf0cf2248a460c822a2e34d6e4a317 - - default default] Successfully bumped revision number for resource 89323d3e-86f1-4e33-9ee3-f7a25c887b87 (type: security_group_rules) to 0
2026-06-03 01:10:02.408 9 INFO neutron.wsgi [req-61b5ac76-a522-45ae-88b5-68c73913efd3 req-2ff77aec-0d6a-450f-8436-e0ffd2780d92 a2c78cabff1f49d394cdc774da803f1f b7cf0cf2248a460c822a2e34d6e4a317 - - default default] 10.0.0.91 "GET /v2.0/ports?device_id=40292f59-e95c-4d3c-b719-15c7daeebc58 HTTP/1.1" status: 200 len: 1411 time: 0.0728025
2026-06-03 01:10:02.410 10 INFO neutron.plugins.ml2.plugin [None req-d254c2f5-fbc4-4d6c-bee9-11794dbcca2b - - - - - -] Attempt 1 to provision port 2992d179-961b-4429-ae7e-f407f7e5390d
2026-06-03 01:10:02.430 9 INFO neutron.wsgi [req-884644dd-cc3b-45a7-b090-504df35e2961 req-101a38ff-5240-41e1-8486-69ffe3c69a63 a40210201caa49bb93cd515aa8095e00 a78bb181ca684beda97a5b9e234ddee7 - - 27592d6e2a0a46d8aa949fa5c795dc48 27592d6e2a0a46d8aa949fa5c795dc48] 199.204.45.72 "GET /v2.0/networks/e18cbb1a-7ae0-418d-8aee-bae4b35b11ee?fields=segments HTTP/1.1" status: 200 len: 212 time: 0.1036131
2026-06-03 01:10:02.447 9 INFO neutron.db.ovn_revision_numbers_db [None req-97ff9502-d5d8-44c2-b110-eeebf1db4b97 a2c78cabff1f49d394cdc774da803f1f b7cf0cf2248a460c822a2e34d6e4a317 - - default default] Successfully bumped revision number for resource a5b9144f-de57-4cd1-898b-29ea6b78f57a (type: security_group_rules) to 0
2026-06-03 01:10:02.478 9 INFO neutron.db.ovn_revision_numbers_db [None req-97ff9502-d5d8-44c2-b110-eeebf1db4b97 a2c78cabff1f49d394cdc774da803f1f b7cf0cf2248a460c822a2e34d6e4a317 - - default default] Successfully bumped revision number for resource eb4b1a03-ca3d-4a2f-bb73-f8da1719e3c9 (type: security_group_rules) to 0
2026-06-03 01:10:02.511 9 INFO neutron.wsgi [None req-97ff9502-d5d8-44c2-b110-eeebf1db4b97 a2c78cabff1f49d394cdc774da803f1f b7cf0cf2248a460c822a2e34d6e4a317 - - default default] 10.0.0.22 "GET /v2.0/security-groups?tenant_id=b86ae0bb7326497faf264929dd53b7f4&name=default HTTP/1.1" status: 200 len: 3120 time: 0.7704225
2026-06-03 01:10:02.513 9 INFO neutron.wsgi [req-61b5ac76-a522-45ae-88b5-68c73913efd3 req-983d3b7a-5fba-4402-ba41-2e326f349ec5 a2c78cabff1f49d394cdc774da803f1f b7cf0cf2248a460c822a2e34d6e4a317 - - default default] 10.0.0.91 "GET /v2.0/security-groups?id=e286dc1c-8345-4021-b698-5ba081beed04&fields=id&fields=name HTTP/1.1" status: 200 len: 294 time: 0.0815814
2026-06-03 01:10:02.528 9 INFO neutron.wsgi [req-884644dd-cc3b-45a7-b090-504df35e2961 req-c1a6351a-4c73-46fe-80ff-c577552f2866 a40210201caa49bb93cd515aa8095e00 a78bb181ca684beda97a5b9e234ddee7 - - 27592d6e2a0a46d8aa949fa5c795dc48 27592d6e2a0a46d8aa949fa5c795dc48] 199.204.45.72 "GET /v2.0/networks/e18cbb1a-7ae0-418d-8aee-bae4b35b11ee?fields=provider%3Aphysical_network&fields=provider%3Anetwork_type HTTP/1.1" status: 200 len: 277 time: 0.0900085
2026-06-03 01:10:02.635 10 INFO neutron.notifiers.nova [-] Nova event matching ['req-f0169e76-7589-4805-89fe-e36457dcc480'] response: {'server_uuid': '40292f59-e95c-4d3c-b719-15c7daeebc58', 'name': 'network-vif-plugged', 'status': 'completed', 'tag': '2992d179-961b-4429-ae7e-f407f7e5390d', 'code': 200}
2026-06-03 01:10:02.637 9 INFO neutron.wsgi [req-941b5bd2-3f56-4e5d-aab7-71320b3e8ab3 req-3adac10e-a8c5-4fc0-a70e-eb8600ce3594 a2c78cabff1f49d394cdc774da803f1f b7cf0cf2248a460c822a2e34d6e4a317 - - default default] 10.0.0.91 "GET /v2.0/ports?device_id=40292f59-e95c-4d3c-b719-15c7daeebc58 HTTP/1.1" status: 200 len: 1413 time: 0.0415027
2026-06-03 01:10:03.148 10 INFO neutron.db.ovn_revision_numbers_db [None req-d254c2f5-fbc4-4d6c-bee9-11794dbcca2b - - - - - -] Successfully bumped revision number for resource 2992d179-961b-4429-ae7e-f407f7e5390d (type: ports) to 4
2026-06-03 01:10:03.191 10 INFO neutron.wsgi [None req-e5019943-9e49-4e22-80c1-d03e976921e9 a2c78cabff1f49d394cdc774da803f1f b7cf0cf2248a460c822a2e34d6e4a317 - - default default] 10.0.0.22 "DELETE /v2.0/security-groups/e186f686-c73c-4e7c-9047-c9577156c4e5 HTTP/1.1" status: 204 len: 168 time: 0.6736162
2026-06-03 01:10:03.310 9 WARNING neutron_lib.context [None req-8fc14959-b315-4da7-8d46-c08d59088e4a ea4dc35dd2924100b885daab2a9a4be2 1743c3185c4a47f8a82189b86a68611f - - default default] Method 'is_advsvc' is deprecated since 2023.2 release (neutron-lib 3.8.0) and will be removed once support for the old RBAC API policies will be removed from Neutron. Please use method 'is_service_role' instead. /var/lib/openstack/lib/python3.10/site-packages/pycadf/identifier.py:71: UserWarning: Invalid uuid: neutron. To ensure interoperability, identifiers should be a valid uuid. warnings.warn(('Invalid uuid: %s. To ensure interoperability, '
2026-06-03 01:10:03.447 9 INFO neutron.db.ovn_revision_numbers_db [None req-8fc14959-b315-4da7-8d46-c08d59088e4a ea4dc35dd2924100b885daab2a9a4be2 1743c3185c4a47f8a82189b86a68611f - - default default] Successfully bumped revision number for resource 981140df-ea9a-46a4-88a3-974ede657988 (type: routers) to 1
2026-06-03 01:10:03.464 9 INFO neutron.wsgi [None req-8fc14959-b315-4da7-8d46-c08d59088e4a ea4dc35dd2924100b885daab2a9a4be2 1743c3185c4a47f8a82189b86a68611f - - default default] 10.0.0.22 "POST /v2.0/routers HTTP/1.1" status: 201 len: 769 time: 0.4343059
2026-06-03 01:10:03.577 10 INFO neutron.wsgi [None req-56a9f23c-92a1-48a1-8eb9-47d09b75f77a ea4dc35dd2924100b885daab2a9a4be2 1743c3185c4a47f8a82189b86a68611f - - default default] 10.0.0.22 "PUT /v2.0/routers/981140df-ea9a-46a4-88a3-974ede657988/tags HTTP/1.1" status: 200 len: 218 time: 0.1017785
2026-06-03 01:10:03.595 10 INFO neutron.db.ovn_revision_numbers_db [None req-bb1bb29d-784a-4ff1-acd7-2b08e31d6413 a2c78cabff1f49d394cdc774da803f1f b7cf0cf2248a460c822a2e34d6e4a317 - - default default] Successfully bumped revision number for resource bf992c6f-7a38-45d9-b608-7bd26f8cfe7d (type: security_groups) to 1
2026-06-03 01:10:03.646 10 INFO neutron.db.ovn_revision_numbers_db [None req-bb1bb29d-784a-4ff1-acd7-2b08e31d6413 a2c78cabff1f49d394cdc774da803f1f b7cf0cf2248a460c822a2e34d6e4a317 - - default default] Successfully bumped revision number for resource 4e66fcef-e8b1-4981-9705-c8bce3cae692 (type: security_group_rules) to 0
2026-06-03 01:10:03.650 10 INFO neutron.wsgi [None req-f32dae14-e9ca-4cab-90e0-fdad7a1ef201 ea4dc35dd2924100b885daab2a9a4be2 1743c3185c4a47f8a82189b86a68611f - - default default] 10.0.0.22 "GET /v2.0/routers/981140df-ea9a-46a4-88a3-974ede657988/tags HTTP/1.1" status: 200 len: 218 time: 0.0672936
2026-06-03 01:10:03.665 10 INFO neutron.db.ovn_revision_numbers_db [None req-bb1bb29d-784a-4ff1-acd7-2b08e31d6413 a2c78cabff1f49d394cdc774da803f1f b7cf0cf2248a460c822a2e34d6e4a317 - - default default] Successfully bumped revision number for resource b946a134-285f-40fd-88b5-973f69b4c721 (type: security_group_rules) to 0
2026-06-03 01:10:03.710 10 INFO neutron.db.ovn_revision_numbers_db [None req-bb1bb29d-784a-4ff1-acd7-2b08e31d6413 a2c78cabff1f49d394cdc774da803f1f b7cf0cf2248a460c822a2e34d6e4a317 - - default default] Successfully bumped revision number for resource bdbb63b9-cacb-4315-a7de-64086f963bc5 (type: security_group_rules) to 0
2026-06-03 01:10:03.726 10 INFO neutron.wsgi [None req-9f2b6f64-d7fb-460c-bc20-d6edb5d8fb71 ea4dc35dd2924100b885daab2a9a4be2 1743c3185c4a47f8a82189b86a68611f - - default default] 10.0.0.22 "PUT /v2.0/routers/981140df-ea9a-46a4-88a3-974ede657988/tags/green HTTP/1.1" status: 201 len: 201 time: 0.0710263
2026-06-03 01:10:03.729 10 INFO neutron.db.ovn_revision_numbers_db [None req-bb1bb29d-784a-4ff1-acd7-2b08e31d6413 a2c78cabff1f49d394cdc774da803f1f b7cf0cf2248a460c822a2e34d6e4a317 - - default default] Successfully bumped revision number for resource c4b68fa5-a22b-41cb-8a46-7f4401936962 (type: security_group_rules) to 0
2026-06-03 01:10:03.752 10 INFO neutron.wsgi [None req-bb1bb29d-784a-4ff1-acd7-2b08e31d6413 a2c78cabff1f49d394cdc774da803f1f b7cf0cf2248a460c822a2e34d6e4a317 - - default default] 10.0.0.22 "GET /v2.0/security-groups?tenant_id=55d82c82e52546a0a3921fcbfdaacb49&name=default HTTP/1.1" status: 200 len: 3120 time: 0.3450592
2026-06-03 01:10:03.796 9 INFO neutron.wsgi [None req-318841e5-5667-491b-8520-33a8574acc52 ea4dc35dd2924100b885daab2a9a4be2 1743c3185c4a47f8a82189b86a68611f - - default default] 10.0.0.22 "GET /v2.0/routers/981140df-ea9a-46a4-88a3-974ede657988/tags HTTP/1.1" status: 200 len: 227 time: 0.0642018
2026-06-03 01:10:03.875 9 INFO neutron.wsgi [None req-c1454e29-326c-4796-874b-605b83b317cc ea4dc35dd2924100b885daab2a9a4be2 1743c3185c4a47f8a82189b86a68611f - - default default] 10.0.0.22 "PUT /v2.0/routers/981140df-ea9a-46a4-88a3-974ede657988/tags/red HTTP/1.1" status: 201 len: 201 time: 0.0719948
2026-06-03 01:10:03.938 9 INFO neutron.wsgi [None req-678edaff-597f-4e8d-92a7-007caea046d7 ea4dc35dd2924100b885daab2a9a4be2 1743c3185c4a47f8a82189b86a68611f - - default default] 10.0.0.22 "GET /v2.0/routers/981140df-ea9a-46a4-88a3-974ede657988/tags HTTP/1.1" status: 200 len: 227 time: 0.0578427
2026-06-03 01:10:03.971 10 WARNING neutron_lib.context [None req-4da05a09-8378-4225-9e33-6f52f114d032 e8cbcb396d0c40eb87fac7043e98c897 5ad123fb37164df5a4e5c6fc67bfb3e2 - - default default] Method 'is_advsvc' is deprecated since 2023.2 release (neutron-lib 3.8.0) and will be removed once support for the old RBAC API policies will be removed from Neutron. Please use method 'is_service_role' instead.
2026-06-03 01:10:04.008 9 INFO neutron.wsgi [None req-0e967f5d-2d9f-4823-abde-35ad129e039c ea4dc35dd2924100b885daab2a9a4be2 1743c3185c4a47f8a82189b86a68611f - - default default] 10.0.0.22 "PUT /v2.0/routers/981140df-ea9a-46a4-88a3-974ede657988/tags/black.or.white HTTP/1.1" status: 201 len: 201 time: 0.0657377
2026-06-03 01:10:04.031 10 INFO neutron.wsgi [None req-95243206-6968-4f55-b574-fbe202786d3a a2c78cabff1f49d394cdc774da803f1f b7cf0cf2248a460c822a2e34d6e4a317 - - default default] 10.0.0.22 "DELETE /v2.0/security-groups/bf992c6f-7a38-45d9-b608-7bd26f8cfe7d HTTP/1.1" status: 204 len: 168 time: 0.2711687
2026-06-03 01:10:04.068 9 INFO neutron.wsgi [None req-732e4ede-c00d-4c1f-ab9d-6641197c0e4f ea4dc35dd2924100b885daab2a9a4be2 1743c3185c4a47f8a82189b86a68611f - - default default] 10.0.0.22 "GET /v2.0/routers/981140df-ea9a-46a4-88a3-974ede657988/tags HTTP/1.1" status: 200 len: 245 time: 0.0553021
2026-06-03 01:10:04.151 10 INFO neutron.db.ovn_revision_numbers_db [None req-4da05a09-8378-4225-9e33-6f52f114d032 e8cbcb396d0c40eb87fac7043e98c897 5ad123fb37164df5a4e5c6fc67bfb3e2 - - default default] Successfully bumped revision number for resource 1828bf43-d513-4383-8bf1-65b70edc3cf6 (type: security_groups) to 1
2026-06-03 01:10:04.156 10 INFO neutron.wsgi [None req-9b4b554c-39f9-4cbd-9b6e-258c5952219b ea4dc35dd2924100b885daab2a9a4be2 1743c3185c4a47f8a82189b86a68611f - - default default] 10.0.0.22 "PUT /v2.0/routers/981140df-ea9a-46a4-88a3-974ede657988/tags HTTP/1.1" status: 200 len: 230 time: 0.0833349
2026-06-03 01:10:04.170 10 INFO neutron.db.ovn_revision_numbers_db [None req-4da05a09-8378-4225-9e33-6f52f114d032 e8cbcb396d0c40eb87fac7043e98c897 5ad123fb37164df5a4e5c6fc67bfb3e2 - - default default] Successfully bumped revision number for resource 52f185e3-c56d-445e-be5b-ba84dabc42dd (type: security_group_rules) to 0
2026-06-03 01:10:04.188 10 INFO neutron.db.ovn_revision_numbers_db [None req-4da05a09-8378-4225-9e33-6f52f114d032 e8cbcb396d0c40eb87fac7043e98c897 5ad123fb37164df5a4e5c6fc67bfb3e2 - - default default] Successfully bumped revision number for resource 7e1ad449-78f7-4a7f-b9bd-dce5eae75961 (type: security_group_rules) to 0
2026-06-03 01:10:04.204 10 INFO neutron.db.ovn_revision_numbers_db [None req-4da05a09-8378-4225-9e33-6f52f114d032 e8cbcb396d0c40eb87fac7043e98c897 5ad123fb37164df5a4e5c6fc67bfb3e2 - - default default] Successfully bumped revision number for resource f090ad10-ab53-4ee6-8671-2b44109e146a (type: security_group_rules) to 0
2026-06-03 01:10:04.218 10 INFO neutron.db.ovn_revision_numbers_db [None req-4da05a09-8378-4225-9e33-6f52f114d032 e8cbcb396d0c40eb87fac7043e98c897 5ad123fb37164df5a4e5c6fc67bfb3e2 - - default default] Successfully bumped revision number for resource f23cd769-bd7b-4f81-a582-69d1ffb6242f (type: security_group_rules) to 0
2026-06-03 01:10:04.223 9 INFO neutron.wsgi [None req-eb6ba303-dd7c-4400-aa09-35a02d7b83f0 ea4dc35dd2924100b885daab2a9a4be2 1743c3185c4a47f8a82189b86a68611f - - default default] 10.0.0.22 "GET /v2.0/routers/981140df-ea9a-46a4-88a3-974ede657988/tags HTTP/1.1" status: 200 len: 230 time: 0.0599222
2026-06-03 01:10:04.276 9 INFO neutron.wsgi [None req-a065bcca-a42b-4f30-bd26-79b37460e31b ea4dc35dd2924100b885daab2a9a4be2 1743c3185c4a47f8a82189b86a68611f - - default default] 10.0.0.22 "GET /v2.0/routers/981140df-ea9a-46a4-88a3-974ede657988/tags/red HTTP/1.1" status: 204 len: 168 time: 0.0458782
2026-06-03 01:10:04.279 10 INFO neutron.db.segments_db [None req-4da05a09-8378-4225-9e33-6f52f114d032 e8cbcb396d0c40eb87fac7043e98c897 5ad123fb37164df5a4e5c6fc67bfb3e2 - - default default] Added segment 471745be-07c7-41df-a678-8ffbd310bd9d of type geneve for network 25846ed8-996c-4590-b297-33aa97d0dc16
2026-06-03 01:10:04.353 9 INFO neutron.api.v2.resource [None req-627bbdf3-61ca-4549-bec1-5d16c3ba0931 ea4dc35dd2924100b885daab2a9a4be2 1743c3185c4a47f8a82189b86a68611f - - default default] show failed (client error): The resource could not be found.
2026-06-03 01:10:04.354 9 INFO neutron.wsgi [None req-627bbdf3-61ca-4549-bec1-5d16c3ba0931 ea4dc35dd2924100b885daab2a9a4be2 1743c3185c4a47f8a82189b86a68611f - - default default] 10.0.0.22 "GET /v2.0/routers/981140df-ea9a-46a4-88a3-974ede657988/tags/green HTTP/1.1" status: 404 len: 299 time: 0.0677593
2026-06-03 01:10:04.452 9 INFO neutron.wsgi [None req-0961936b-2c70-479e-b34b-d5bbe3c8ae7b ea4dc35dd2924100b885daab2a9a4be2 1743c3185c4a47f8a82189b86a68611f - - default default] 10.0.0.22 "DELETE /v2.0/routers/981140df-ea9a-46a4-88a3-974ede657988/tags/red HTTP/1.1" status: 204 len: 168 time: 0.0928683
2026-06-03 01:10:04.460 10 INFO neutron.db.ovn_revision_numbers_db [None req-4da05a09-8378-4225-9e33-6f52f114d032 e8cbcb396d0c40eb87fac7043e98c897 5ad123fb37164df5a4e5c6fc67bfb3e2 - - default default] Successfully bumped revision number for resource 25846ed8-996c-4590-b297-33aa97d0dc16 (type: networks) to 1
2026-06-03 01:10:04.536 9 INFO neutron.wsgi [None req-e2f073bc-379e-4675-a429-e97948edfc66 ea4dc35dd2924100b885daab2a9a4be2 1743c3185c4a47f8a82189b86a68611f - - default default] 10.0.0.22 "GET /v2.0/routers/981140df-ea9a-46a4-88a3-974ede657988/tags HTTP/1.1" status: 200 len: 223 time: 0.0727355
2026-06-03 01:10:04.596 9 INFO neutron.api.v2.resource [None req-1c13939a-7491-4c41-a96a-5e3f84bb527c ea4dc35dd2924100b885daab2a9a4be2 1743c3185c4a47f8a82189b86a68611f - - default default] delete failed (client error): The resource could not be found.
2026-06-03 01:10:04.597 9 INFO neutron.wsgi [None req-1c13939a-7491-4c41-a96a-5e3f84bb527c ea4dc35dd2924100b885daab2a9a4be2 1743c3185c4a47f8a82189b86a68611f - - default default] 10.0.0.22 "DELETE /v2.0/routers/981140df-ea9a-46a4-88a3-974ede657988/tags/green HTTP/1.1" status: 404 len: 299 time: 0.0570045
2026-06-03 01:10:04.675 10 INFO neutron.notifiers.nova [-] Nova event matching ['req-1cd80c29-98d9-49e1-a192-7e0dce308cd3'] response: {'server_uuid': '40292f59-e95c-4d3c-b719-15c7daeebc58', 'name': 'network-vif-plugged', 'status': 'completed', 'tag': '2992d179-961b-4429-ae7e-f407f7e5390d', 'code': 200}
2026-06-03 01:10:04.680 9 INFO neutron.wsgi [None req-928acda6-b075-46c7-b010-6aff2bdc8a42 ea4dc35dd2924100b885daab2a9a4be2 1743c3185c4a47f8a82189b86a68611f - - default default] 10.0.0.22 "DELETE /v2.0/routers/981140df-ea9a-46a4-88a3-974ede657988/tags HTTP/1.1" status: 204 len: 168 time: 0.0787580
2026-06-03 01:10:04.683 10 WARNING neutron.scheduler.dhcp_agent_scheduler [None req-4da05a09-8378-4225-9e33-6f52f114d032 e8cbcb396d0c40eb87fac7043e98c897 5ad123fb37164df5a4e5c6fc67bfb3e2 - - default default] No more DHCP agents
2026-06-03 01:10:04.685 10 WARNING neutron.api.rpc.agentnotifiers.dhcp_rpc_agent_api [None req-4da05a09-8378-4225-9e33-6f52f114d032 e8cbcb396d0c40eb87fac7043e98c897 5ad123fb37164df5a4e5c6fc67bfb3e2 - - default default] Unable to schedule network 25846ed8-996c-4590-b297-33aa97d0dc16: no agents available; will retry on subsequent port and subnet creation events.
2026-06-03 01:10:04.763 9 INFO neutron.wsgi [None req-e710d967-b913-4085-8bed-50662f8026d3 ea4dc35dd2924100b885daab2a9a4be2 1743c3185c4a47f8a82189b86a68611f - - default default] 10.0.0.22 "GET /v2.0/routers/981140df-ea9a-46a4-88a3-974ede657988/tags HTTP/1.1" status: 200 len: 205 time: 0.0760474
2026-06-03 01:10:04.777 10 INFO neutron.db.ovn_revision_numbers_db [None req-4da05a09-8378-4225-9e33-6f52f114d032 e8cbcb396d0c40eb87fac7043e98c897 5ad123fb37164df5a4e5c6fc67bfb3e2 - - default default] Successfully bumped revision number for resource daa6c107-e3dc-40c3-9455-1487897f88f5 (type: ports) to 1
2026-06-03 01:10:04.833 10 INFO neutron.wsgi [None req-4da05a09-8378-4225-9e33-6f52f114d032 e8cbcb396d0c40eb87fac7043e98c897 5ad123fb37164df5a4e5c6fc67bfb3e2 - - default default] 10.0.0.22 "POST /v2.0/networks HTTP/1.1" status: 201 len: 831 time: 0.9934111
2026-06-03 01:10:04.836 10 INFO neutron.wsgi [None req-3bc1e70f-fe82-4f5a-bc56-d5f661da17f5 ea4dc35dd2924100b885daab2a9a4be2 1743c3185c4a47f8a82189b86a68611f - - default default] 10.0.0.22 "GET /v2.0/routers/981140df-ea9a-46a4-88a3-974ede657988 HTTP/1.1" status: 200 len: 770 time: 0.0514646
2026-06-03 01:10:04.891 10 INFO neutron.wsgi [None req-b0701e69-c961-4360-a6e3-0ecd86c387e9 e8cbcb396d0c40eb87fac7043e98c897 5ad123fb37164df5a4e5c6fc67bfb3e2 - - default default] 10.0.0.22 "PUT /v2.0/networks/25846ed8-996c-4590-b297-33aa97d0dc16/tags HTTP/1.1" status: 200 len: 218 time: 0.0517507
2026-06-03 01:10:05.235 9 INFO neutron.wsgi [None req-0fb98a28-1d83-4f56-99e5-7290d4a920a9 e8cbcb396d0c40eb87fac7043e98c897 5ad123fb37164df5a4e5c6fc67bfb3e2 - - default default] 10.0.0.22 "GET /v2.0/networks/25846ed8-996c-4590-b297-33aa97d0dc16/tags HTTP/1.1" status: 200 len: 218 time: 0.3167560
2026-06-03 01:10:05.305 10 INFO neutron.wsgi [None req-3e7e4125-caca-476b-9c65-be41ad9907f5 e8cbcb396d0c40eb87fac7043e98c897 5ad123fb37164df5a4e5c6fc67bfb3e2 - - default default] 10.0.0.22 "PUT /v2.0/networks/25846ed8-996c-4590-b297-33aa97d0dc16/tags/green HTTP/1.1" status: 201 len: 201 time: 0.0626128
2026-06-03 01:10:05.353 10 INFO neutron.wsgi [None req-f3677e9d-094f-450a-adb2-1daf416364a4 e8cbcb396d0c40eb87fac7043e98c897 5ad123fb37164df5a4e5c6fc67bfb3e2 - - default default] 10.0.0.22 "GET /v2.0/networks/25846ed8-996c-4590-b297-33aa97d0dc16/tags HTTP/1.1" status: 200 len: 227 time: 0.0429370
2026-06-03 01:10:05.461 9 INFO neutron.wsgi [None req-c9d577ee-4b15-445e-ae22-a45c8ed7a0b4 e8cbcb396d0c40eb87fac7043e98c897 5ad123fb37164df5a4e5c6fc67bfb3e2 - - default default] 10.0.0.22 "PUT /v2.0/networks/25846ed8-996c-4590-b297-33aa97d0dc16/tags/red HTTP/1.1" status: 201 len: 201 time: 0.1001461
2026-06-03 01:10:05.517 10 INFO neutron.wsgi [None req-d111a59c-7836-44e5-8b2e-85b7c24556f4 e8cbcb396d0c40eb87fac7043e98c897 5ad123fb37164df5a4e5c6fc67bfb3e2 - - default default] 10.0.0.22 "GET /v2.0/networks/25846ed8-996c-4590-b297-33aa97d0dc16/tags HTTP/1.1" status: 200 len: 227 time: 0.0506444
2026-06-03 01:10:05.522 9 INFO neutron.db.ovn_revision_numbers_db [None req-6f032f01-cb48-43d0-9c48-872a75d612c8 ea4dc35dd2924100b885daab2a9a4be2 1743c3185c4a47f8a82189b86a68611f - - default default] Successfully bumped revision number for resource 981140df-ea9a-46a4-88a3-974ede657988 (type: routers) to 7
2026-06-03 01:10:05.529 9 INFO neutron.wsgi [None req-6f032f01-cb48-43d0-9c48-872a75d612c8 ea4dc35dd2924100b885daab2a9a4be2 1743c3185c4a47f8a82189b86a68611f - - default default] 10.0.0.22 "PUT /v2.0/routers/981140df-ea9a-46a4-88a3-974ede657988 HTTP/1.1" status: 200 len: 770 time: 0.6879175
2026-06-03 01:10:05.557 9 INFO neutron.wsgi [None req-0830d2c7-3def-49f3-bf51-15c60a8c1bca ea4dc35dd2924100b885daab2a9a4be2 1743c3185c4a47f8a82189b86a68611f - - default default] 10.0.0.22 "GET /v2.0/ports?device_id=981140df-ea9a-46a4-88a3-974ede657988 HTTP/1.1" status: 200 len: 205 time: 0.0225902
2026-06-03 01:10:05.618 10 INFO neutron.wsgi [None req-9e8f101d-f3e9-4918-ba96-e9aac2fbfe76 e8cbcb396d0c40eb87fac7043e98c897 5ad123fb37164df5a4e5c6fc67bfb3e2 - - default default] 10.0.0.22 "PUT /v2.0/networks/25846ed8-996c-4590-b297-33aa97d0dc16/tags/black.or.white HTTP/1.1" status: 201 len: 201 time: 0.0953226
2026-06-03 01:10:05.686 9 INFO neutron.wsgi [None req-6c0eb822-ec32-4b76-a10e-b26e9df341f0 e8cbcb396d0c40eb87fac7043e98c897 5ad123fb37164df5a4e5c6fc67bfb3e2 - - default default] 10.0.0.22 "GET /v2.0/networks/25846ed8-996c-4590-b297-33aa97d0dc16/tags HTTP/1.1" status: 200 len: 245 time: 0.0561495
2026-06-03 01:10:05.697 9 INFO neutron.wsgi [req-7345f4ab-1dc7-4fd4-be26-0e618225b018 req-6bb04332-190e-48a6-95cd-c067aa980423 a2c78cabff1f49d394cdc774da803f1f b7cf0cf2248a460c822a2e34d6e4a317 - - default default] 10.0.0.91 "GET /v2.0/ports?device_id=40292f59-e95c-4d3c-b719-15c7daeebc58 HTTP/1.1" status: 200 len: 1413 time: 0.0589268
2026-06-03 01:10:05.765 9 INFO neutron.wsgi [req-7345f4ab-1dc7-4fd4-be26-0e618225b018 req-d918eebf-bbe0-485a-a99b-96a31a48d349 a2c78cabff1f49d394cdc774da803f1f b7cf0cf2248a460c822a2e34d6e4a317 - - default default] 10.0.0.91 "GET /v2.0/security-groups?id=e286dc1c-8345-4021-b698-5ba081beed04&fields=id&fields=name HTTP/1.1" status: 200 len: 294 time: 0.0640688
2026-06-03 01:10:05.773 9 INFO neutron.wsgi [None req-05f05595-a2a7-4006-aab4-e258e4097255 e8cbcb396d0c40eb87fac7043e98c897 5ad123fb37164df5a4e5c6fc67bfb3e2 - - default default] 10.0.0.22 "PUT /v2.0/networks/25846ed8-996c-4590-b297-33aa97d0dc16/tags HTTP/1.1" status: 200 len: 230 time: 0.0817454
2026-06-03 01:10:05.816 10 INFO neutron.wsgi [None req-79e82775-5196-4532-a714-0e134e9ce1d7 ea4dc35dd2924100b885daab2a9a4be2 1743c3185c4a47f8a82189b86a68611f - - default default] 10.0.0.22 "DELETE /v2.0/routers/981140df-ea9a-46a4-88a3-974ede657988 HTTP/1.1" status: 204 len: 168 time: 0.2535663
2026-06-03 01:10:05.830 9 INFO neutron.wsgi [None req-80a94c09-3418-47d0-90f3-9d3d74fb5da4 e8cbcb396d0c40eb87fac7043e98c897 5ad123fb37164df5a4e5c6fc67bfb3e2 - - default default] 10.0.0.22 "GET /v2.0/networks/25846ed8-996c-4590-b297-33aa97d0dc16/tags HTTP/1.1" status: 200 len: 230 time: 0.0528634
2026-06-03 01:10:05.891 9 INFO neutron.wsgi [req-6f225f46-5c2d-4c0d-9848-041d3c392b0c req-9bebdab8-dbc4-4839-ade4-f3cd601d183f a2c78cabff1f49d394cdc774da803f1f b7cf0cf2248a460c822a2e34d6e4a317 - - default default] 10.0.0.91 "GET /v2.0/ports?device_id=40292f59-e95c-4d3c-b719-15c7daeebc58 HTTP/1.1" status: 200 len: 1413 time: 0.0571330
2026-06-03 01:10:05.915 9 INFO neutron.wsgi [None req-eac4bb68-0c1d-43ba-90ac-e251116b73db e8cbcb396d0c40eb87fac7043e98c897 5ad123fb37164df5a4e5c6fc67bfb3e2 - - default default] 10.0.0.22 "GET /v2.0/networks/25846ed8-996c-4590-b297-33aa97d0dc16/tags/red HTTP/1.1" status: 204 len: 168 time: 0.0795779
2026-06-03 01:10:05.977 9 INFO neutron.api.v2.resource [None req-8a92b879-6e1b-440c-81f1-9bc20b1f6379 e8cbcb396d0c40eb87fac7043e98c897 5ad123fb37164df5a4e5c6fc67bfb3e2 - - default default] show failed (client error): The resource could not be found.
2026-06-03 01:10:05.978 9 INFO neutron.wsgi [None req-8a92b879-6e1b-440c-81f1-9bc20b1f6379 e8cbcb396d0c40eb87fac7043e98c897 5ad123fb37164df5a4e5c6fc67bfb3e2 - - default default] 10.0.0.22 "GET /v2.0/networks/25846ed8-996c-4590-b297-33aa97d0dc16/tags/green HTTP/1.1" status: 404 len: 299 time: 0.0586462
2026-06-03 01:10:06.040 9 INFO neutron.wsgi [None req-77962177-952a-4b58-bc26-0b547905f96a e8cbcb396d0c40eb87fac7043e98c897 5ad123fb37164df5a4e5c6fc67bfb3e2 - - default default] 10.0.0.22 "DELETE /v2.0/networks/25846ed8-996c-4590-b297-33aa97d0dc16/tags/red HTTP/1.1" status: 204 len: 168 time: 0.0573184
2026-06-03 01:10:06.099 9 INFO neutron.wsgi [None req-d506c9fc-7e00-4a05-84d0-a6642ce636fe e8cbcb396d0c40eb87fac7043e98c897 5ad123fb37164df5a4e5c6fc67bfb3e2 - - default default] 10.0.0.22 "GET /v2.0/networks/25846ed8-996c-4590-b297-33aa97d0dc16/tags HTTP/1.1" status: 200 len: 223 time: 0.0539069
2026-06-03 01:10:06.150 9 INFO neutron.api.v2.resource [None req-f9a6bafe-599b-4c81-9f72-7de0c57511b7 e8cbcb396d0c40eb87fac7043e98c897 5ad123fb37164df5a4e5c6fc67bfb3e2 - - default default] delete failed (client error): The resource could not be found.
2026-06-03 01:10:06.151 9 INFO neutron.wsgi [None req-f9a6bafe-599b-4c81-9f72-7de0c57511b7 e8cbcb396d0c40eb87fac7043e98c897 5ad123fb37164df5a4e5c6fc67bfb3e2 - - default default] 10.0.0.22 "DELETE /v2.0/networks/25846ed8-996c-4590-b297-33aa97d0dc16/tags/green HTTP/1.1" status: 404 len: 299 time: 0.0440736
2026-06-03 01:10:06.217 9 INFO neutron.wsgi [None req-b5f766c8-7ae6-431c-834b-bcf3f7c3e01e e8cbcb396d0c40eb87fac7043e98c897 5ad123fb37164df5a4e5c6fc67bfb3e2 - - default default] 10.0.0.22 "DELETE /v2.0/networks/25846ed8-996c-4590-b297-33aa97d0dc16/tags HTTP/1.1" status: 204 len: 168 time: 0.0601935
2026-06-03 01:10:06.264 9 INFO neutron.wsgi [None req-11072462-b2de-4d84-9b02-9ed0d182337f e8cbcb396d0c40eb87fac7043e98c897 5ad123fb37164df5a4e5c6fc67bfb3e2 - - default default] 10.0.0.22 "GET /v2.0/networks/25846ed8-996c-4590-b297-33aa97d0dc16/tags HTTP/1.1" status: 200 len: 205 time: 0.0425949
2026-06-03 01:10:06.643 9 INFO neutron.services.segments.plugin [-] Segment 471745be-07c7-41df-a678-8ffbd310bd9d resource provider aggregate not found
2026-06-03 01:10:06.647 9 INFO neutron.services.segments.plugin [-] Segment 471745be-07c7-41df-a678-8ffbd310bd9d resource provider aggregate not found
2026-06-03 01:10:06.668 9 INFO neutron.services.segments.plugin [-] Segment 471745be-07c7-41df-a678-8ffbd310bd9d resource provider not found; error: Placement Client Error (4xx): {"errors": [{"status": 404, "title": "Not Found", "detail": "The resource could not be found.\n\n No resource provider with uuid 471745be-07c7-41df-a678-8ffbd310bd9d found for delete ", "request_id": "req-75dfb9e9-5152-4aad-89d2-727ebbc51e89"}]}
