2026-06-03 01:07:29.387 10 INFO neutron.wsgi [None req-8f24fca6-e8d6-4057-9cc5-f356aa66c3c1 5e8ee07d8895477cb1ffee091962cfa5 5fc0878c80ab4d25a52c6ed78b35f317 - - default default] 10.0.0.22 "POST /v2.0/ports HTTP/1.1" status: 201 len: 974 time: 0.6152191 /var/lib/openstack/lib/python3.10/site-packages/pycadf/identifier.py:71: UserWarning: Invalid uuid: neutron. To ensure interoperability, identifiers should be a valid uuid. warnings.warn(('Invalid uuid: %s. To ensure interoperability, '
2026-06-03 01:07:29.466 10 WARNING neutron.scheduler.dhcp_agent_scheduler [None req-72ec3ec2-cee8-4a1d-b073-afe8a2b802c9 95868a243dab4a628b679bd6521cba62 8e767df1d81f47c48ccb89dde67ef4db - - default default] No more DHCP agents
2026-06-03 01:07:29.470 10 WARNING neutron.api.rpc.agentnotifiers.dhcp_rpc_agent_api [None req-72ec3ec2-cee8-4a1d-b073-afe8a2b802c9 95868a243dab4a628b679bd6521cba62 8e767df1d81f47c48ccb89dde67ef4db - - default default] Unable to schedule network dbbd416f-586c-4904-b912-8dbdd1e1c76a: no agents available; will retry on subsequent port and subnet creation events.
2026-06-03 01:07:29.707 10 INFO neutron.plugins.ml2.drivers.ovn.mech_driver.mech_driver [None req-d254c2f5-fbc4-4d6c-bee9-11794dbcca2b - - - - - -] OVN reports status down for port: d7aa1fee-5cad-459e-a58f-2eade6df240d
2026-06-03 01:07:29.780 10 INFO neutron.db.ovn_revision_numbers_db [None req-46d27c38-f6a9-43d9-bd79-bea2cb7041be 5e8ee07d8895477cb1ffee091962cfa5 5fc0878c80ab4d25a52c6ed78b35f317 - - default default] Successfully bumped revision number for resource d7aa1fee-5cad-459e-a58f-2eade6df240d (type: ports) to 2
2026-06-03 01:07:29.816 10 INFO neutron.wsgi [None req-46d27c38-f6a9-43d9-bd79-bea2cb7041be 5e8ee07d8895477cb1ffee091962cfa5 5fc0878c80ab4d25a52c6ed78b35f317 - - default default] 10.0.0.22 "PUT /v2.0/ports/d7aa1fee-5cad-459e-a58f-2eade6df240d HTTP/1.1" status: 200 len: 946 time: 0.4251084 /var/lib/openstack/lib/python3.10/site-packages/pycadf/identifier.py:71: UserWarning: Invalid uuid: neutron. To ensure interoperability, identifiers should be a valid uuid. warnings.warn(('Invalid uuid: %s. To ensure interoperability, '
2026-06-03 01:07:30.336 10 WARNING neutron_lib.context [None req-4e5063af-ee54-4dbe-8697-0058465dde28 1352552ae77e40feaeb3e2e7d9b19a9d b262ca6730274cf18a53fafa029bd57b - - default default] Method 'is_advsvc' is deprecated since 2023.2 release (neutron-lib 3.8.0) and will be removed once support for the old RBAC API policies will be removed from Neutron. Please use method 'is_service_role' instead.
2026-06-03 01:07:30.362 10 INFO neutron.db.ovn_revision_numbers_db [None req-72ec3ec2-cee8-4a1d-b073-afe8a2b802c9 95868a243dab4a628b679bd6521cba62 8e767df1d81f47c48ccb89dde67ef4db - - default default] Successfully bumped revision number for resource e6a2f83d-afba-4c2e-beb1-d5ac62099990 (type: ports) to 2
2026-06-03 01:07:30.417 10 INFO neutron.db.ovn_revision_numbers_db [None req-72ec3ec2-cee8-4a1d-b073-afe8a2b802c9 95868a243dab4a628b679bd6521cba62 8e767df1d81f47c48ccb89dde67ef4db - - default default] Successfully bumped revision number for resource 3d056bb2-f701-440a-bf83-4b989356c644 (type: subnets) to 0
2026-06-03 01:07:30.422 9 INFO neutron.wsgi [None req-6c3d5d4e-7500-4e6c-a708-ea0ae7d1ebc4 5e8ee07d8895477cb1ffee091962cfa5 5fc0878c80ab4d25a52c6ed78b35f317 - - default default] 10.0.0.22 "DELETE /v2.0/ports/d7aa1fee-5cad-459e-a58f-2eade6df240d HTTP/1.1" status: 204 len: 168 time: 0.6014924
2026-06-03 01:07:30.468 10 WARNING neutron.scheduler.dhcp_agent_scheduler [None req-72ec3ec2-cee8-4a1d-b073-afe8a2b802c9 95868a243dab4a628b679bd6521cba62 8e767df1d81f47c48ccb89dde67ef4db - - default default] No more DHCP agents
2026-06-03 01:07:30.471 10 WARNING neutron.api.rpc.agentnotifiers.dhcp_rpc_agent_api [None req-72ec3ec2-cee8-4a1d-b073-afe8a2b802c9 95868a243dab4a628b679bd6521cba62 8e767df1d81f47c48ccb89dde67ef4db - - default default] Unable to schedule network b05423de-22c4-43fd-bddf-db97352fd4d2: no agents available; will retry on subsequent port and subnet creation events.
2026-06-03 01:07:30.494 9 INFO neutron.wsgi [None req-73f6b121-cedb-4cbe-a4eb-26c9112f473c 5e8ee07d8895477cb1ffee091962cfa5 5fc0878c80ab4d25a52c6ed78b35f317 - - default default] 10.0.0.22 "GET /v2.0/ports HTTP/1.1" status: 200 len: 1728 time: 0.0664163
2026-06-03 01:07:30.517 9 INFO neutron.pecan_wsgi.hooks.translation [None req-8e26e7bd-d00c-487d-937b-a66a2a3cddff 5e8ee07d8895477cb1ffee091962cfa5 5fc0878c80ab4d25a52c6ed78b35f317 - - default default] GET failed (client error): The resource could not be found.
2026-06-03 01:07:30.519 9 INFO neutron.wsgi [None req-8e26e7bd-d00c-487d-937b-a66a2a3cddff 5e8ee07d8895477cb1ffee091962cfa5 5fc0878c80ab4d25a52c6ed78b35f317 - - default default] 10.0.0.22 "GET /v2.0/ports/d7aa1fee-5cad-459e-a58f-2eade6df240d HTTP/1.1" status: 404 len: 333 time: 0.0207889
2026-06-03 01:07:30.571 10 INFO neutron.db.ovn_revision_numbers_db [None req-4e5063af-ee54-4dbe-8697-0058465dde28 1352552ae77e40feaeb3e2e7d9b19a9d b262ca6730274cf18a53fafa029bd57b - - default default] Successfully bumped revision number for resource 6261a9dc-1cba-4fba-936c-d9e91d7e5d2a (type: security_groups) to 1
2026-06-03 01:07:30.574 9 INFO neutron.wsgi [None req-70ca5634-2807-4c89-90ed-3575eb483ad9 5e8ee07d8895477cb1ffee091962cfa5 5fc0878c80ab4d25a52c6ed78b35f317 - - default default] 10.0.0.22 "GET /v2.0/ports HTTP/1.1" status: 200 len: 1728 time: 0.0497909
2026-06-03 01:07:30.594 10 INFO neutron.db.ovn_revision_numbers_db [None req-4e5063af-ee54-4dbe-8697-0058465dde28 1352552ae77e40feaeb3e2e7d9b19a9d b262ca6730274cf18a53fafa029bd57b - - default default] Successfully bumped revision number for resource 38f91f50-3e0b-4ff3-987b-a2006187f8c0 (type: security_group_rules) to 0
2026-06-03 01:07:30.616 10 INFO neutron.db.ovn_revision_numbers_db [None req-4e5063af-ee54-4dbe-8697-0058465dde28 1352552ae77e40feaeb3e2e7d9b19a9d b262ca6730274cf18a53fafa029bd57b - - default default] Successfully bumped revision number for resource 4812f367-63aa-4753-a008-de0f5407a69b (type: security_group_rules) to 0
2026-06-03 01:07:30.627 9 INFO neutron.wsgi [None req-93bd9e9e-dc9a-4dbf-bd58-ccd0e4af7c16 5e8ee07d8895477cb1ffee091962cfa5 5fc0878c80ab4d25a52c6ed78b35f317 - - default default] 10.0.0.22 "GET /v2.0/ports/660c2005-ef6d-4602-ac75-3b7bd7cdd4c2 HTTP/1.1" status: 200 len: 968 time: 0.0464416
2026-06-03 01:07:30.642 10 INFO neutron.db.ovn_revision_numbers_db [None req-4e5063af-ee54-4dbe-8697-0058465dde28 1352552ae77e40feaeb3e2e7d9b19a9d b262ca6730274cf18a53fafa029bd57b - - default default] Successfully bumped revision number for resource 6e2a2d61-b3d6-4b0c-be04-358f9d0763ef (type: security_group_rules) to 0
2026-06-03 01:07:30.652 9 INFO neutron.pecan_wsgi.hooks.translation [None req-6caa1a69-1f3b-4e7d-8d5c-d379df3ed2ac 5e8ee07d8895477cb1ffee091962cfa5 5fc0878c80ab4d25a52c6ed78b35f317 - - default default] DELETE failed (client error): The resource could not be found.
2026-06-03 01:07:30.655 9 INFO neutron.wsgi [None req-6caa1a69-1f3b-4e7d-8d5c-d379df3ed2ac 5e8ee07d8895477cb1ffee091962cfa5 5fc0878c80ab4d25a52c6ed78b35f317 - - default default] 10.0.0.22 "DELETE /v2.0/ports/03c567c1-5a64-481e-8664-ca634201184b HTTP/1.1" status: 404 len: 333 time: 0.0207081
2026-06-03 01:07:30.670 10 INFO neutron.db.ovn_revision_numbers_db [None req-4e5063af-ee54-4dbe-8697-0058465dde28 1352552ae77e40feaeb3e2e7d9b19a9d b262ca6730274cf18a53fafa029bd57b - - default default] Successfully bumped revision number for resource e263f304-e17b-4478-a115-d516ff982a76 (type: security_group_rules) to 0
2026-06-03 01:07:30.682 9 INFO neutron.pecan_wsgi.hooks.translation [None req-2c9c547d-b15e-40f1-ba4f-080552f88606 5e8ee07d8895477cb1ffee091962cfa5 5fc0878c80ab4d25a52c6ed78b35f317 - - default default] DELETE failed (client error): The resource could not be found.
2026-06-03 01:07:30.685 9 INFO neutron.wsgi [None req-2c9c547d-b15e-40f1-ba4f-080552f88606 5e8ee07d8895477cb1ffee091962cfa5 5fc0878c80ab4d25a52c6ed78b35f317 - - default default] 10.0.0.22 "DELETE /v2.0/subnets/031fc358-0df6-4c6b-aadc-c449c9381bc9 HTTP/1.1" status: 404 len: 337 time: 0.0255320
2026-06-03 01:07:30.716 10 INFO neutron.pecan_wsgi.hooks.translation [None req-54edcfe9-46ce-4750-8fbe-b0bceccde35c 5e8ee07d8895477cb1ffee091962cfa5 5fc0878c80ab4d25a52c6ed78b35f317 - - default default] DELETE failed (client error): The resource could not be found.
2026-06-03 01:07:30.719 10 INFO neutron.wsgi [None req-54edcfe9-46ce-4750-8fbe-b0bceccde35c 5e8ee07d8895477cb1ffee091962cfa5 5fc0878c80ab4d25a52c6ed78b35f317 - - default default] 10.0.0.22 "DELETE /v2.0/subnets/4871923c-18ca-4147-a20a-1c3175a46cb7 HTTP/1.1" status: 404 len: 337 time: 0.0275054
2026-06-03 01:07:30.729 10 INFO neutron.db.segments_db [None req-4e5063af-ee54-4dbe-8697-0058465dde28 1352552ae77e40feaeb3e2e7d9b19a9d b262ca6730274cf18a53fafa029bd57b - - default default] Added segment dd6e8ce3-51c3-47e6-90c8-d7026c8b652f of type geneve for network af0be528-5a50-45b4-b2c2-09155a33d95b
2026-06-03 01:07:30.931 10 INFO neutron.db.ovn_revision_numbers_db [None req-4e5063af-ee54-4dbe-8697-0058465dde28 1352552ae77e40feaeb3e2e7d9b19a9d b262ca6730274cf18a53fafa029bd57b - - default default] Successfully bumped revision number for resource af0be528-5a50-45b4-b2c2-09155a33d95b (type: networks) to 1
2026-06-03 01:07:30.988 9 INFO neutron.wsgi [None req-400499e4-714a-4cec-b846-70c95815521e 5e8ee07d8895477cb1ffee091962cfa5 5fc0878c80ab4d25a52c6ed78b35f317 - - default default] 10.0.0.22 "DELETE /v2.0/ports/660c2005-ef6d-4602-ac75-3b7bd7cdd4c2 HTTP/1.1" status: 204 len: 168 time: 0.2648509
2026-06-03 01:07:31.202 10 WARNING neutron.scheduler.dhcp_agent_scheduler [None req-4e5063af-ee54-4dbe-8697-0058465dde28 1352552ae77e40feaeb3e2e7d9b19a9d b262ca6730274cf18a53fafa029bd57b - - default default] No more DHCP agents
2026-06-03 01:07:31.205 10 WARNING neutron.api.rpc.agentnotifiers.dhcp_rpc_agent_api [None req-4e5063af-ee54-4dbe-8697-0058465dde28 1352552ae77e40feaeb3e2e7d9b19a9d b262ca6730274cf18a53fafa029bd57b - - default default] Unable to schedule network af0be528-5a50-45b4-b2c2-09155a33d95b: no agents available; will retry on subsequent port and subnet creation events.
2026-06-03 01:07:31.213 10 INFO neutron.db.ovn_revision_numbers_db [None req-72ec3ec2-cee8-4a1d-b073-afe8a2b802c9 95868a243dab4a628b679bd6521cba62 8e767df1d81f47c48ccb89dde67ef4db - - default default] Successfully bumped revision number for resource afe8d7e2-8561-4ec8-bb75-7778a9333fb3 (type: ports) to 2
2026-06-03 01:07:31.266 10 INFO neutron.db.ovn_revision_numbers_db [None req-72ec3ec2-cee8-4a1d-b073-afe8a2b802c9 95868a243dab4a628b679bd6521cba62 8e767df1d81f47c48ccb89dde67ef4db - - default default] Successfully bumped revision number for resource 1b362906-4688-4fcb-93ef-d5d81c394840 (type: subnets) to 0
2026-06-03 01:07:31.292 10 INFO neutron.wsgi [None req-72ec3ec2-cee8-4a1d-b073-afe8a2b802c9 95868a243dab4a628b679bd6521cba62 8e767df1d81f47c48ccb89dde67ef4db - - default default] 10.0.0.22 "POST /v2.0/subnets HTTP/1.1" status: 201 len: 1426 time: 2.5863385
2026-06-03 01:07:31.319 10 INFO neutron.db.ovn_revision_numbers_db [None req-4e5063af-ee54-4dbe-8697-0058465dde28 1352552ae77e40feaeb3e2e7d9b19a9d b262ca6730274cf18a53fafa029bd57b - - default default] Successfully bumped revision number for resource 7dbc4615-83da-42f4-828b-a2d7333a197d (type: ports) to 1
2026-06-03 01:07:31.353 10 INFO neutron.wsgi [None req-a65bdd19-c775-4088-b216-f1c281830727 95868a243dab4a628b679bd6521cba62 8e767df1d81f47c48ccb89dde67ef4db - - default default] 10.0.0.22 "GET /v2.0/subnets HTTP/1.1" status: 200 len: 2034 time: 0.0562882
2026-06-03 01:07:31.361 10 INFO neutron.wsgi [None req-4e5063af-ee54-4dbe-8697-0058465dde28 1352552ae77e40feaeb3e2e7d9b19a9d b262ca6730274cf18a53fafa029bd57b - - default default] 10.0.0.22 "POST /v2.0/networks HTTP/1.1" status: 201 len: 832 time: 1.3741229
2026-06-03 01:07:31.373 9 WARNING neutron_lib.context [None req-bd53446f-a337-4ec1-a867-ac63494406c2 1352552ae77e40feaeb3e2e7d9b19a9d b262ca6730274cf18a53fafa029bd57b - - default default] Method 'is_advsvc' is deprecated since 2023.2 release (neutron-lib 3.8.0) and will be removed once support for the old RBAC API policies will be removed from Neutron. Please use method 'is_service_role' instead.
2026-06-03 01:07:31.418 9 INFO neutron.services.segments.plugin [-] Segment 7ea0c9d6-39e8-4195-bf4b-79da96dd4135 resource provider aggregate not found
2026-06-03 01:07:31.424 9 INFO neutron.services.segments.plugin [-] Segment 7ea0c9d6-39e8-4195-bf4b-79da96dd4135 resource provider aggregate not found
2026-06-03 01:07:31.441 9 INFO neutron.services.segments.plugin [-] Segment 7ea0c9d6-39e8-4195-bf4b-79da96dd4135 resource provider not found; error: Placement Client Error (4xx): {"errors": [{"status": 404, "title": "Not Found", "detail": "The resource could not be found.\n\n No resource provider with uuid 7ea0c9d6-39e8-4195-bf4b-79da96dd4135 found for delete ", "request_id": "req-1c626259-d114-4efb-a542-8a9ebee72402"}]}
2026-06-03 01:07:31.442 9 INFO neutron.services.segments.plugin [-] Segment 7ea0c9d6-39e8-4195-bf4b-79da96dd4135 resource provider not found; error: Placement Client Error (4xx): {"errors": [{"status": 404, "title": "Not Found", "detail": "The resource could not be found.\n\n No resource provider with uuid 7ea0c9d6-39e8-4195-bf4b-79da96dd4135 found for delete ", "request_id": "req-6112dc82-f233-4353-a091-804bfe8aa99e"}]}
2026-06-03 01:07:31.484 9 INFO neutron.wsgi [None req-50aafad9-4b7b-4f09-a974-b5d59ec5db57 5e8ee07d8895477cb1ffee091962cfa5 5fc0878c80ab4d25a52c6ed78b35f317 - - default default] 10.0.0.22 "DELETE /v2.0/networks/44b796b3-44b2-4d9c-a142-6a788fd5a21a HTTP/1.1" status: 204 len: 168 time: 0.4892991
2026-06-03 01:07:31.599 10 INFO neutron.wsgi [None req-75ab1c32-f669-4f47-b0a8-2f6880173f18 95868a243dab4a628b679bd6521cba62 8e767df1d81f47c48ccb89dde67ef4db - - default default] 10.0.0.22 "DELETE /v2.0/subnets/3d056bb2-f701-440a-bf83-4b989356c644 HTTP/1.1" status: 204 len: 168 time: 0.2334812
2026-06-03 01:07:31.835 10 INFO neutron.wsgi [None req-d5446a1f-8bb9-4a35-bab0-1cb0335d0184 95868a243dab4a628b679bd6521cba62 8e767df1d81f47c48ccb89dde67ef4db - - default default] 10.0.0.22 "DELETE /v2.0/subnets/1b362906-4688-4fcb-93ef-d5d81c394840 HTTP/1.1" status: 204 len: 168 time: 0.2263563
2026-06-03 01:07:31.879 10 INFO neutron.wsgi [None req-2116c831-8b8c-463a-a0c2-830db607136b 95868a243dab4a628b679bd6521cba62 8e767df1d81f47c48ccb89dde67ef4db - - default default] 10.0.0.22 "GET /v2.0/subnets HTTP/1.1" status: 200 len: 820 time: 0.0384262
2026-06-03 01:07:32.044 9 WARNING neutron.scheduler.dhcp_agent_scheduler [None req-bd53446f-a337-4ec1-a867-ac63494406c2 1352552ae77e40feaeb3e2e7d9b19a9d b262ca6730274cf18a53fafa029bd57b - - default default] No more DHCP agents
2026-06-03 01:07:32.048 9 WARNING neutron.api.rpc.agentnotifiers.dhcp_rpc_agent_api [None req-bd53446f-a337-4ec1-a867-ac63494406c2 1352552ae77e40feaeb3e2e7d9b19a9d b262ca6730274cf18a53fafa029bd57b - - default default] Unable to schedule network 8856a006-1498-4c6b-adb8-aca6c2ef139f: no agents available; will retry on subsequent port and subnet creation events.
2026-06-03 01:07:32.238 9 INFO neutron.db.ovn_revision_numbers_db [None req-bd53446f-a337-4ec1-a867-ac63494406c2 1352552ae77e40feaeb3e2e7d9b19a9d b262ca6730274cf18a53fafa029bd57b - - default default] Successfully bumped revision number for resource 59d90877-bae4-4007-96db-fa5496924bd6 (type: ports) to 1
2026-06-03 01:07:32.255 10 INFO neutron.wsgi [None req-207e9430-cc92-485e-ae87-67e740688b2d a2c78cabff1f49d394cdc774da803f1f b7cf0cf2248a460c822a2e34d6e4a317 - - default default] 10.0.0.22 "GET /v2.0/security-groups?tenant_id=5fc0878c80ab4d25a52c6ed78b35f317&name=default HTTP/1.1" status: 200 len: 3120 time: 0.1627038
2026-06-03 01:07:32.321 10 INFO neutron.services.segments.plugin [-] Segment 90e4ded3-4f89-406b-8fd9-cdbdfbddfc2a resource provider aggregate not found
2026-06-03 01:07:32.325 10 INFO neutron.services.segments.plugin [-] Segment 90e4ded3-4f89-406b-8fd9-cdbdfbddfc2a resource provider aggregate not found
2026-06-03 01:07:32.343 10 INFO neutron.services.segments.plugin [-] Segment 90e4ded3-4f89-406b-8fd9-cdbdfbddfc2a resource provider not found; error: Placement Client Error (4xx): {"errors": [{"status": 404, "title": "Not Found", "detail": "The resource could not be found.\n\n No resource provider with uuid 90e4ded3-4f89-406b-8fd9-cdbdfbddfc2a found for delete ", "request_id": "req-7f072786-4811-419d-a626-7db0445814a9"}]}
2026-06-03 01:07:32.345 10 INFO neutron.services.segments.plugin [-] Segment 90e4ded3-4f89-406b-8fd9-cdbdfbddfc2a resource provider not found; error: Placement Client Error (4xx): {"errors": [{"status": 404, "title": "Not Found", "detail": "The resource could not be found.\n\n No resource provider with uuid 90e4ded3-4f89-406b-8fd9-cdbdfbddfc2a found for delete ", "request_id": "req-0df64656-673b-4ea3-b9de-379542867808"}]}
2026-06-03 01:07:32.377 10 INFO neutron.wsgi [None req-f66301a9-d580-4651-b0a1-1e2a7b017523 95868a243dab4a628b679bd6521cba62 8e767df1d81f47c48ccb89dde67ef4db - - default default] 10.0.0.22 "DELETE /v2.0/networks/b05423de-22c4-43fd-bddf-db97352fd4d2 HTTP/1.1" status: 204 len: 168 time: 0.4931095
2026-06-03 01:07:32.571 10 INFO neutron.wsgi [None req-a42b1441-6111-4535-8464-6e1289bf70aa a2c78cabff1f49d394cdc774da803f1f b7cf0cf2248a460c822a2e34d6e4a317 - - default default] 10.0.0.22 "DELETE /v2.0/security-groups/53924693-3cbb-4537-9adf-4f06e8f99b1f HTTP/1.1" status: 204 len: 168 time: 0.3055885
2026-06-03 01:07:33.001 9 INFO neutron.wsgi [None req-0651c82c-f338-4710-974d-bd416522e85c 95868a243dab4a628b679bd6521cba62 8e767df1d81f47c48ccb89dde67ef4db - - default default] 10.0.0.22 "DELETE /v2.0/networks/dbbd416f-586c-4904-b912-8dbdd1e1c76a HTTP/1.1" status: 204 len: 168 time: 0.6140361
2026-06-03 01:07:33.100 9 INFO neutron.plugins.ml2.drivers.ovn.mech_driver.ovsdb.commands [None req-ff57f355-0083-488f-a099-c8d17c87d6d7 - - - - - -] Schedule LRP lrp-59d90877-bae4-4007-96db-fa5496924bd6 on gateway 4cb08b9a-c142-4949-9507-1182f231dc65 with priority 1
2026-06-03 01:07:33.107 9 INFO neutron.plugins.ml2.drivers.ovn.mech_driver.mech_driver [None req-3e339426-8027-42b5-8b14-f57166ed1b46 - - - - - -] OVN reports status up for port: 59d90877-bae4-4007-96db-fa5496924bd6
2026-06-03 01:07:33.129 9 INFO neutron.plugins.ml2.plugin [None req-3e339426-8027-42b5-8b14-f57166ed1b46 - - - - - -] Attempt 1 to provision port 59d90877-bae4-4007-96db-fa5496924bd6
2026-06-03 01:07:33.131 9 INFO neutron.plugins.ml2.drivers.ovn.mech_driver.ovsdb.ovsdb_monitor [None req-e65c09cd-328c-425d-bbce-46aebfbe51be - - - - - -] Router 1b142ab2-87d1-486f-a12a-93e94b47f54c is bound to host instance
2026-06-03 01:07:33.172 9 INFO neutron.db.ovn_revision_numbers_db [None req-bd53446f-a337-4ec1-a867-ac63494406c2 1352552ae77e40feaeb3e2e7d9b19a9d b262ca6730274cf18a53fafa029bd57b - - default default] Successfully bumped revision number for resource 59d90877-bae4-4007-96db-fa5496924bd6 (type: router_ports) to 1
2026-06-03 01:07:33.471 10 INFO neutron.wsgi [None req-7b7b36dc-5062-43fc-a75a-7a9dcbe0acf1 95868a243dab4a628b679bd6521cba62 8e767df1d81f47c48ccb89dde67ef4db - - default default] 10.0.0.22 "DELETE /v2.0/networks/a23fcbe8-d29c-4d6e-bd57-aedd181962ff HTTP/1.1" status: 204 len: 168 time: 0.4645827
2026-06-03 01:07:33.504 9 INFO neutron.services.segments.plugin [-] Segment 3c8f98b6-9589-483b-9450-7ec7a83a85dc resource provider aggregate not found
2026-06-03 01:07:33.512 9 INFO neutron.services.segments.plugin [-] Segment 3c8f98b6-9589-483b-9450-7ec7a83a85dc resource provider aggregate not found
2026-06-03 01:07:33.531 9 INFO neutron.services.segments.plugin [-] Segment 3c8f98b6-9589-483b-9450-7ec7a83a85dc resource provider not found; error: Placement Client Error (4xx): {"errors": [{"status": 404, "title": "Not Found", "detail": "The resource could not be found.\n\n No resource provider with uuid 3c8f98b6-9589-483b-9450-7ec7a83a85dc found for delete ", "request_id": "req-42fd743c-8903-4b1c-9400-b28dad7d784a"}]}
2026-06-03 01:07:33.553 9 INFO neutron.services.segments.plugin [-] Segment 3c8f98b6-9589-483b-9450-7ec7a83a85dc resource provider not found; error: Placement Client Error (4xx): {"errors": [{"status": 404, "title": "Not Found", "detail": "The resource could not be found.\n\n No resource provider with uuid 3c8f98b6-9589-483b-9450-7ec7a83a85dc found for delete ", "request_id": "req-83577385-c08d-4d8b-b04f-3e42d320d37f"}]}
2026-06-03 01:07:33.614 9 INFO neutron.db.ovn_revision_numbers_db [None req-bd53446f-a337-4ec1-a867-ac63494406c2 1352552ae77e40feaeb3e2e7d9b19a9d b262ca6730274cf18a53fafa029bd57b - - default default] Successfully bumped revision number for resource 1b142ab2-87d1-486f-a12a-93e94b47f54c (type: routers) to 2
2026-06-03 01:07:33.652 9 INFO neutron.wsgi [None req-bd53446f-a337-4ec1-a867-ac63494406c2 1352552ae77e40feaeb3e2e7d9b19a9d b262ca6730274cf18a53fafa029bd57b - - default default] 10.0.0.22 "POST /v2.0/routers HTTP/1.1" status: 201 len: 1154 time: 2.2849014
2026-06-03 01:07:33.914 10 INFO neutron.wsgi [None req-d020e0dd-ddb1-4cc6-88ab-cd33d0f99944 95868a243dab4a628b679bd6521cba62 8e767df1d81f47c48ccb89dde67ef4db - - default default] 10.0.0.22 "DELETE /v2.0/networks/fbdc9a3d-1996-4641-84fa-05e684ce5416 HTTP/1.1" status: 204 len: 168 time: 0.4320388
2026-06-03 01:07:33.952 10 INFO neutron.wsgi [None req-d60f9570-43d3-44ed-8687-7ba4b4232b6c 464c5be3da3b4ae89af3559c37c3989e 1513772994c240338fdeba9328f10a50 - - default default] 10.0.0.22 "GET /v2.0/subnets?project_id=b262ca6730274cf18a53fafa029bd57b&cidr=10.100.0.0%2F28 HTTP/1.1" status: 200 len: 207 time: 0.2926326
2026-06-03 01:07:34.047 10 INFO neutron.wsgi [None req-82057fae-e1cb-4126-a237-db62edbb1347 464c5be3da3b4ae89af3559c37c3989e 1513772994c240338fdeba9328f10a50 - - default default] 10.0.0.22 "GET /v2.0/networks?router%3Aexternal=True HTTP/1.1" status: 200 len: 947 time: 0.0878894
2026-06-03 01:07:34.074 10 INFO neutron.wsgi [None req-c8221fec-5671-472a-aeba-a6cee29e71a1 464c5be3da3b4ae89af3559c37c3989e 1513772994c240338fdeba9328f10a50 - - default default] 10.0.0.22 "GET /v2.0/subnets?network_id=8856a006-1498-4c6b-adb8-aca6c2ef139f&cidr=10.100.0.0%2F28 HTTP/1.1" status: 200 len: 207 time: 0.0221691
2026-06-03 01:07:34.085 10 WARNING neutron_lib.context [None req-968ac0b9-2766-40f1-85d7-d7f1dd474982 1352552ae77e40feaeb3e2e7d9b19a9d b262ca6730274cf18a53fafa029bd57b - - default default] Method 'is_advsvc' is deprecated since 2023.2 release (neutron-lib 3.8.0) and will be removed once support for the old RBAC API policies will be removed from Neutron. Please use method 'is_service_role' instead.
2026-06-03 01:07:34.323 9 INFO neutron.db.ovn_revision_numbers_db [None req-e65c09cd-328c-425d-bbce-46aebfbe51be - - - - - -] Successfully bumped revision number for resource 59d90877-bae4-4007-96db-fa5496924bd6 (type: ports) to 1
2026-06-03 01:07:34.370 10 INFO neutron.services.segments.plugin [-] Segment b76707ed-44d3-4203-9b06-155940078aa4 resource provider aggregate not found
2026-06-03 01:07:34.376 10 INFO neutron.services.segments.plugin [-] Segment b76707ed-44d3-4203-9b06-155940078aa4 resource provider aggregate not found
2026-06-03 01:07:34.395 10 WARNING neutron.scheduler.dhcp_agent_scheduler [None req-968ac0b9-2766-40f1-85d7-d7f1dd474982 1352552ae77e40feaeb3e2e7d9b19a9d b262ca6730274cf18a53fafa029bd57b - - default default] No more DHCP agents
2026-06-03 01:07:34.400 10 INFO neutron.services.segments.plugin [-] Segment b76707ed-44d3-4203-9b06-155940078aa4 resource provider not found; error: Placement Client Error (4xx): {"errors": [{"status": 404, "title": "Not Found", "detail": "The resource could not be found.\n\n No resource provider with uuid b76707ed-44d3-4203-9b06-155940078aa4 found for delete ", "request_id": "req-fd26b4aa-e566-48b1-aa5f-17f931e273a1"}]}
2026-06-03 01:07:34.405 10 INFO neutron.services.segments.plugin [-] Segment b76707ed-44d3-4203-9b06-155940078aa4 resource provider not found; error: Placement Client Error (4xx): {"errors": [{"status": 404, "title": "Not Found", "detail": "The resource could not be found.\n\n No resource provider with uuid b76707ed-44d3-4203-9b06-155940078aa4 found for delete ", "request_id": "req-c1a26d61-334c-4d87-ae86-b7f1e2e12d36"}]}
2026-06-03 01:07:34.409 10 WARNING neutron.api.rpc.agentnotifiers.dhcp_rpc_agent_api [None req-968ac0b9-2766-40f1-85d7-d7f1dd474982 1352552ae77e40feaeb3e2e7d9b19a9d b262ca6730274cf18a53fafa029bd57b - - default default] Unable to schedule network af0be528-5a50-45b4-b2c2-09155a33d95b: no agents available; will retry on subsequent port and subnet creation events.
2026-06-03 01:07:34.431 10 INFO neutron.services.segments.plugin [-] Segment 977bdeb1-d897-48a9-953d-15aa1be8670c resource provider aggregate not found
2026-06-03 01:07:34.437 10 INFO neutron.services.segments.plugin [-] Segment 977bdeb1-d897-48a9-953d-15aa1be8670c resource provider aggregate not found
2026-06-03 01:07:34.450 10 INFO neutron.services.segments.plugin [-] Segment 977bdeb1-d897-48a9-953d-15aa1be8670c resource provider not found; error: Placement Client Error (4xx): {"errors": [{"status": 404, "title": "Not Found", "detail": "The resource could not be found.\n\n No resource provider with uuid 977bdeb1-d897-48a9-953d-15aa1be8670c found for delete ", "request_id": "req-98a456c7-ce15-4adf-aed2-a18518d2ed5c"}]}
2026-06-03 01:07:34.457 10 INFO neutron.services.segments.plugin [-] Segment 977bdeb1-d897-48a9-953d-15aa1be8670c resource provider not found; error: Placement Client Error (4xx): {"errors": [{"status": 404, "title": "Not Found", "detail": "The resource could not be found.\n\n No resource provider with uuid 977bdeb1-d897-48a9-953d-15aa1be8670c found for delete ", "request_id": "req-79ad2219-4461-49cd-b422-f18edd19cc0a"}]}
2026-06-03 01:07:34.616 10 INFO neutron.wsgi [None req-993eaa89-037e-409a-9301-3b3cd9829510 a2c78cabff1f49d394cdc774da803f1f b7cf0cf2248a460c822a2e34d6e4a317 - - default default] 10.0.0.22 "GET /v2.0/security-groups?tenant_id=8e767df1d81f47c48ccb89dde67ef4db&name=default HTTP/1.1" status: 200 len: 3120 time: 0.1695857
2026-06-03 01:07:34.621 9 WARNING neutron_lib.context [None req-9d3e59a2-7a3a-450e-b6bb-8cf89bf0ba7f ceaf0d291df44a4ba765b57ae7c0cac0 82f1d886b6c6462f89cbd03518c31dd3 - - default default] Method 'is_advsvc' is deprecated since 2023.2 release (neutron-lib 3.8.0) and will be removed once support for the old RBAC API policies will be removed from Neutron. Please use method 'is_service_role' instead.
2026-06-03 01:07:34.761 9 INFO neutron.db.ovn_revision_numbers_db [None req-e65c09cd-328c-425d-bbce-46aebfbe51be - - - - - -] Successfully bumped revision number for resource 59d90877-bae4-4007-96db-fa5496924bd6 (type: router_ports) to 3
2026-06-03 01:07:34.837 9 INFO neutron.db.ovn_revision_numbers_db [None req-9d3e59a2-7a3a-450e-b6bb-8cf89bf0ba7f ceaf0d291df44a4ba765b57ae7c0cac0 82f1d886b6c6462f89cbd03518c31dd3 - - default default] Successfully bumped revision number for resource d37baad4-f4dd-4e86-8d81-1b41eb879854 (type: security_groups) to 1
2026-06-03 01:07:34.852 9 INFO neutron.db.ovn_revision_numbers_db [None req-9d3e59a2-7a3a-450e-b6bb-8cf89bf0ba7f ceaf0d291df44a4ba765b57ae7c0cac0 82f1d886b6c6462f89cbd03518c31dd3 - - default default] Successfully bumped revision number for resource 36c86b89-4742-4d72-89ce-2cca80983966 (type: security_group_rules) to 0
2026-06-03 01:07:34.875 9 INFO neutron.db.ovn_revision_numbers_db [None req-9d3e59a2-7a3a-450e-b6bb-8cf89bf0ba7f ceaf0d291df44a4ba765b57ae7c0cac0 82f1d886b6c6462f89cbd03518c31dd3 - - default default] Successfully bumped revision number for resource 876d9432-b43f-4d47-93a6-ff504916c77e (type: security_group_rules) to 0
2026-06-03 01:07:34.895 9 INFO neutron.db.ovn_revision_numbers_db [None req-9d3e59a2-7a3a-450e-b6bb-8cf89bf0ba7f ceaf0d291df44a4ba765b57ae7c0cac0 82f1d886b6c6462f89cbd03518c31dd3 - - default default] Successfully bumped revision number for resource 8de6b876-52a2-4c5c-82e7-3262e6426bc5 (type: security_group_rules) to 0
2026-06-03 01:07:34.926 9 INFO neutron.db.ovn_revision_numbers_db [None req-9d3e59a2-7a3a-450e-b6bb-8cf89bf0ba7f ceaf0d291df44a4ba765b57ae7c0cac0 82f1d886b6c6462f89cbd03518c31dd3 - - default default] Successfully bumped revision number for resource bbdde2fe-3b8c-46b9-957e-11ebc92c92a6 (type: security_group_rules) to 0
2026-06-03 01:07:34.960 10 INFO neutron.wsgi [None req-c34d8c74-43fb-464c-99a5-432f014e5f6e a2c78cabff1f49d394cdc774da803f1f b7cf0cf2248a460c822a2e34d6e4a317 - - default default] 10.0.0.22 "DELETE /v2.0/security-groups/a799eab4-543b-4312-9651-96f3dfb787f8 HTTP/1.1" status: 204 len: 168 time: 0.3350224
2026-06-03 01:07:34.986 9 INFO neutron.db.segments_db [None req-9d3e59a2-7a3a-450e-b6bb-8cf89bf0ba7f ceaf0d291df44a4ba765b57ae7c0cac0 82f1d886b6c6462f89cbd03518c31dd3 - - default default] Added segment e0c98cfe-55ee-4947-a9b9-eae5f95bd903 of type geneve for network 670dd948-b6bd-4a84-ace8-bbe744e62568
2026-06-03 01:07:35.038 10 INFO neutron.db.ovn_revision_numbers_db [None req-968ac0b9-2766-40f1-85d7-d7f1dd474982 1352552ae77e40feaeb3e2e7d9b19a9d b262ca6730274cf18a53fafa029bd57b - - default default] Successfully bumped revision number for resource 7dbc4615-83da-42f4-828b-a2d7333a197d (type: ports) to 2
2026-06-03 01:07:35.057 9 INFO neutron.db.ovn_revision_numbers_db [None req-e65c09cd-328c-425d-bbce-46aebfbe51be - - - - - -] Successfully bumped revision number for resource 59d90877-bae4-4007-96db-fa5496924bd6 (type: ports) to 2
2026-06-03 01:07:35.071 10 INFO neutron.db.ovn_revision_numbers_db [None req-968ac0b9-2766-40f1-85d7-d7f1dd474982 1352552ae77e40feaeb3e2e7d9b19a9d b262ca6730274cf18a53fafa029bd57b - - default default] Successfully bumped revision number for resource 90b3ab8b-cbfe-40e1-88c8-7b590e132014 (type: subnets) to 0
2026-06-03 01:07:35.089 10 INFO neutron.wsgi [None req-968ac0b9-2766-40f1-85d7-d7f1dd474982 1352552ae77e40feaeb3e2e7d9b19a9d b262ca6730274cf18a53fafa029bd57b - - default default] 10.0.0.22 "POST /v2.0/subnets HTTP/1.1" status: 201 len: 832 time: 1.0090153
2026-06-03 01:07:35.187 9 INFO neutron.db.ovn_revision_numbers_db [None req-9d3e59a2-7a3a-450e-b6bb-8cf89bf0ba7f ceaf0d291df44a4ba765b57ae7c0cac0 82f1d886b6c6462f89cbd03518c31dd3 - - default default] Successfully bumped revision number for resource 670dd948-b6bd-4a84-ace8-bbe744e62568 (type: networks) to 1
2026-06-03 01:07:35.428 9 WARNING neutron.scheduler.dhcp_agent_scheduler [None req-9d3e59a2-7a3a-450e-b6bb-8cf89bf0ba7f ceaf0d291df44a4ba765b57ae7c0cac0 82f1d886b6c6462f89cbd03518c31dd3 - - default default] No more DHCP agents
2026-06-03 01:07:35.434 9 WARNING neutron.api.rpc.agentnotifiers.dhcp_rpc_agent_api [None req-9d3e59a2-7a3a-450e-b6bb-8cf89bf0ba7f ceaf0d291df44a4ba765b57ae7c0cac0 82f1d886b6c6462f89cbd03518c31dd3 - - default default] Unable to schedule network 670dd948-b6bd-4a84-ace8-bbe744e62568: no agents available; will retry on subsequent port and subnet creation events.
2026-06-03 01:07:35.606 9 INFO neutron.db.ovn_revision_numbers_db [None req-9d3e59a2-7a3a-450e-b6bb-8cf89bf0ba7f ceaf0d291df44a4ba765b57ae7c0cac0 82f1d886b6c6462f89cbd03518c31dd3 - - default default] Successfully bumped revision number for resource 6d5a67a2-59bc-4173-80f8-1fd82c73286a (type: ports) to 1
2026-06-03 01:07:35.629 9 INFO neutron.db.ovn_revision_numbers_db [None req-e65c09cd-328c-425d-bbce-46aebfbe51be - - - - - -] Successfully bumped revision number for resource 59d90877-bae4-4007-96db-fa5496924bd6 (type: ports) to 4
2026-06-03 01:07:35.634 9 INFO neutron.wsgi [None req-9d3e59a2-7a3a-450e-b6bb-8cf89bf0ba7f ceaf0d291df44a4ba765b57ae7c0cac0 82f1d886b6c6462f89cbd03518c31dd3 - - default default] 10.0.0.22 "POST /v2.0/networks HTTP/1.1" status: 201 len: 833 time: 1.2214112
2026-06-03 01:07:35.647 9 WARNING neutron_lib.context [None req-7f6264e4-f4cd-46ed-a785-445b81e4ef1b ceaf0d291df44a4ba765b57ae7c0cac0 82f1d886b6c6462f89cbd03518c31dd3 - - default default] Method 'is_advsvc' is deprecated since 2023.2 release (neutron-lib 3.8.0) and will be removed once support for the old RBAC API policies will be removed from Neutron. Please use method 'is_service_role' instead.
2026-06-03 01:07:35.713 10 WARNING neutron.scheduler.dhcp_agent_scheduler [None req-88056981-9f80-4a5e-a4ee-c326832c3ea3 1352552ae77e40feaeb3e2e7d9b19a9d b262ca6730274cf18a53fafa029bd57b - - default default] No more DHCP agents
2026-06-03 01:07:35.715 10 WARNING neutron.api.rpc.agentnotifiers.dhcp_rpc_agent_api [None req-88056981-9f80-4a5e-a4ee-c326832c3ea3 1352552ae77e40feaeb3e2e7d9b19a9d b262ca6730274cf18a53fafa029bd57b - - default default] Unable to schedule network af0be528-5a50-45b4-b2c2-09155a33d95b: no agents available; will retry on subsequent port and subnet creation events.
2026-06-03 01:07:35.801 9 INFO neutron.db.segments_db [None req-7f6264e4-f4cd-46ed-a785-445b81e4ef1b ceaf0d291df44a4ba765b57ae7c0cac0 82f1d886b6c6462f89cbd03518c31dd3 - - default default] Added segment 592e2499-d408-4a19-90ca-50b420939dcf of type geneve for network f8d5caec-0179-4d79-a5b0-7fb12f355a0e
2026-06-03 01:07:35.865 10 INFO neutron.db.ovn_revision_numbers_db [None req-88056981-9f80-4a5e-a4ee-c326832c3ea3 1352552ae77e40feaeb3e2e7d9b19a9d b262ca6730274cf18a53fafa029bd57b - - default default] Successfully bumped revision number for resource 122fb4b9-5d52-4231-92d1-d8246d41fd4b (type: ports) to 1
2026-06-03 01:07:36.266 9 INFO neutron.db.ovn_revision_numbers_db [None req-e65c09cd-328c-425d-bbce-46aebfbe51be - - - - - -] Successfully bumped revision number for resource 59d90877-bae4-4007-96db-fa5496924bd6 (type: router_ports) to 4
2026-06-03 01:07:36.275 9 INFO neutron.db.ovn_revision_numbers_db [None req-7f6264e4-f4cd-46ed-a785-445b81e4ef1b ceaf0d291df44a4ba765b57ae7c0cac0 82f1d886b6c6462f89cbd03518c31dd3 - - default default] Successfully bumped revision number for resource f8d5caec-0179-4d79-a5b0-7fb12f355a0e (type: networks) to 1
2026-06-03 01:07:36.520 9 WARNING neutron.scheduler.dhcp_agent_scheduler [None req-7f6264e4-f4cd-46ed-a785-445b81e4ef1b ceaf0d291df44a4ba765b57ae7c0cac0 82f1d886b6c6462f89cbd03518c31dd3 - - default default] No more DHCP agents
2026-06-03 01:07:36.524 9 WARNING neutron.api.rpc.agentnotifiers.dhcp_rpc_agent_api [None req-7f6264e4-f4cd-46ed-a785-445b81e4ef1b ceaf0d291df44a4ba765b57ae7c0cac0 82f1d886b6c6462f89cbd03518c31dd3 - - default default] Unable to schedule network f8d5caec-0179-4d79-a5b0-7fb12f355a0e: no agents available; will retry on subsequent port and subnet creation events.
2026-06-03 01:07:36.632 9 INFO neutron.db.ovn_revision_numbers_db [None req-7f6264e4-f4cd-46ed-a785-445b81e4ef1b ceaf0d291df44a4ba765b57ae7c0cac0 82f1d886b6c6462f89cbd03518c31dd3 - - default default] Successfully bumped revision number for resource 53cb0111-d71e-4f66-a57e-376fd42617ae (type: ports) to 1
2026-06-03 01:07:36.658 9 INFO neutron.wsgi [None req-7f6264e4-f4cd-46ed-a785-445b81e4ef1b ceaf0d291df44a4ba765b57ae7c0cac0 82f1d886b6c6462f89cbd03518c31dd3 - - default default] 10.0.0.22 "POST /v2.0/networks HTTP/1.1" status: 201 len: 832 time: 1.0173497
2026-06-03 01:07:36.671 9 WARNING neutron_lib.context [None req-66c1fda7-b0f0-40c6-90b4-4d96354b4566 ceaf0d291df44a4ba765b57ae7c0cac0 82f1d886b6c6462f89cbd03518c31dd3 - - default default] Method 'is_advsvc' is deprecated since 2023.2 release (neutron-lib 3.8.0) and will be removed once support for the old RBAC API policies will be removed from Neutron. Please use method 'is_service_role' instead.
2026-06-03 01:07:36.761 10 ERROR ovsdbapp.backend.ovs_idl.command [None req-88056981-9f80-4a5e-a4ee-c326832c3ea3 1352552ae77e40feaeb3e2e7d9b19a9d b262ca6730274cf18a53fafa029bd57b - - default default] Error executing command (DbGetCommand): ovsdbapp.backend.ovs_idl.idlutils.RowNotFound: Cannot find Logical_Router_Port with name=lrp-122fb4b9-5d52-4231-92d1-d8246d41fd4b
2026-06-03 01:07:36.761 10 ERROR ovsdbapp.backend.ovs_idl.command
Traceback (most recent call last):
2026-06-03 01:07:36.761 10 ERROR ovsdbapp.backend.ovs_idl.command
File "/var/lib/openstack/lib/python3.10/site-packages/ovsdbapp/backend/ovs_idl/command.py", line 47, in execute
2026-06-03 01:07:36.761 10 ERROR ovsdbapp.backend.ovs_idl.command self.run_idl(None)
2026-06-03 01:07:36.761 10 ERROR ovsdbapp.backend.ovs_idl.command
File "/var/lib/openstack/lib/python3.10/site-packages/ovsdbapp/backend/ovs_idl/command.py", line 235, in run_idl
2026-06-03 01:07:36.761 10 ERROR ovsdbapp.backend.ovs_idl.command record = self.api.lookup(self.table, self.record)
2026-06-03 01:07:36.761 10 ERROR ovsdbapp.backend.ovs_idl.command
File "/var/lib/openstack/lib/python3.10/site-packages/ovsdbapp/backend/ovs_idl/__init__.py", line 184, in lookup
2026-06-03 01:07:36.761 10 ERROR ovsdbapp.backend.ovs_idl.command return self._lookup(table, record)
2026-06-03 01:07:36.761 10 ERROR ovsdbapp.backend.ovs_idl.command
File "/var/lib/openstack/lib/python3.10/site-packages/ovsdbapp/backend/ovs_idl/__init__.py", line 235, in _lookup
2026-06-03 01:07:36.761 10 ERROR ovsdbapp.backend.ovs_idl.command row = idlutils.row_by_value(self, rl.table, rl.column, record)
2026-06-03 01:07:36.761 10 ERROR ovsdbapp.backend.ovs_idl.command
File "/var/lib/openstack/lib/python3.10/site-packages/ovsdbapp/backend/ovs_idl/idlutils.py", line 114, in row_by_value
2026-06-03 01:07:36.761 10 ERROR ovsdbapp.backend.ovs_idl.command raise RowNotFound(table=table, col=column, match=match)
2026-06-03 01:07:36.761 10 ERROR ovsdbapp.backend.ovs_idl.command ovsdbapp.backend.ovs_idl.idlutils.RowNotFound: Cannot find Logical_Router_Port with name=lrp-122fb4b9-5d52-4231-92d1-d8246d41fd4b
2026-06-03 01:07:36.761 10 ERROR ovsdbapp.backend.ovs_idl.command 
2026-06-03 01:07:36.761 10 ERROR neutron_lib.callbacks.manager [None req-88056981-9f80-4a5e-a4ee-c326832c3ea3 1352552ae77e40feaeb3e2e7d9b19a9d b262ca6730274cf18a53fafa029bd57b - - default default] Error during notification for neutron.services.ovn_l3.plugin.OVNL3RouterPlugin._port_update-8776969588454 port, after_update: ovsdbapp.backend.ovs_idl.idlutils.RowNotFound: Cannot find Logical_Router_Port with name=lrp-122fb4b9-5d52-4231-92d1-d8246d41fd4b
2026-06-03 01:07:36.761 10 ERROR neutron_lib.callbacks.manager
Traceback (most recent call last):
2026-06-03 01:07:36.761 10 ERROR neutron_lib.callbacks.manager
File "/var/lib/openstack/lib/python3.10/site-packages/neutron_lib/callbacks/manager.py", line 189, in _notify_loop
2026-06-03 01:07:36.761 10 ERROR neutron_lib.callbacks.manager callback.method(resource, event, trigger, payload=payload)
2026-06-03 01:07:36.761 10 ERROR neutron_lib.callbacks.manager
File "/var/lib/openstack/lib/python3.10/site-packages/neutron/services/ovn_l3/plugin.py", line 391, in _port_update
2026-06-03 01:07:36.761 10 ERROR neutron_lib.callbacks.manager l3plugin._ovn_client.update_router_port(context,
2026-06-03 01:07:36.761 10 ERROR neutron_lib.callbacks.manager
File "/var/lib/openstack/lib/python3.10/site-packages/neutron/plugins/ml2/drivers/ovn/mech_driver/ovsdb/ovn_client.py", line 1878, in update_router_port
2026-06-03 01:07:36.761 10 ERROR neutron_lib.callbacks.manager self._update_lrouter_port(context, port, if_exists=if_exists,
2026-06-03 01:07:36.761 10 ERROR neutron_lib.callbacks.manager
File "/var/lib/openstack/lib/python3.10/site-packages/neutron/plugins/ml2/drivers/ovn/mech_driver/ovsdb/ovn_client.py", line 1855, in _update_lrouter_port
2026-06-03 01:07:36.761 10 ERROR neutron_lib.callbacks.manager external_ids = self._nb_idl.db_get(
2026-06-03 01:07:36.761 10 ERROR neutron_lib.callbacks.manager
File "/var/lib/openstack/lib/python3.10/site-packages/ovsdbapp/backend/ovs_idl/command.py", line 47, in execute
2026-06-03 01:07:36.761 10 ERROR neutron_lib.callbacks.manager self.run_idl(None)
2026-06-03 01:07:36.761 10 ERROR neutron_lib.callbacks.manager
File "/var/lib/openstack/lib/python3.10/site-packages/ovsdbapp/backend/ovs_idl/command.py", line 235, in run_idl
2026-06-03 01:07:36.761 10 ERROR neutron_lib.callbacks.manager record = self.api.lookup(self.table, self.record)
2026-06-03 01:07:36.761 10 ERROR neutron_lib.callbacks.manager
File "/var/lib/openstack/lib/python3.10/site-packages/ovsdbapp/backend/ovs_idl/__init__.py", line 184, in lookup
2026-06-03 01:07:36.761 10 ERROR neutron_lib.callbacks.manager return self._lookup(table, record)
2026-06-03 01:07:36.761 10 ERROR neutron_lib.callbacks.manager
File "/var/lib/openstack/lib/python3.10/site-packages/ovsdbapp/backend/ovs_idl/__init__.py", line 235, in _lookup
2026-06-03 01:07:36.761 10 ERROR neutron_lib.callbacks.manager row = idlutils.row_by_value(self, rl.table, rl.column, record)
2026-06-03 01:07:36.761 10 ERROR neutron_lib.callbacks.manager
File "/var/lib/openstack/lib/python3.10/site-packages/ovsdbapp/backend/ovs_idl/idlutils.py", line 114, in row_by_value
2026-06-03 01:07:36.761 10 ERROR neutron_lib.callbacks.manager raise RowNotFound(table=table, col=column, match=match)
2026-06-03 01:07:36.761 10 ERROR neutron_lib.callbacks.manager ovsdbapp.backend.ovs_idl.idlutils.RowNotFound: Cannot find Logical_Router_Port with name=lrp-122fb4b9-5d52-4231-92d1-d8246d41fd4b
2026-06-03 01:07:36.761 10 ERROR neutron_lib.callbacks.manager 
2026-06-03 01:07:36.857 9 WARNING neutron_lib.context [None req-e1864076-0381-4106-bd81-3ca9ab285b95 4c85549995d04189b09463c7ae434283 061005a07aae4e4ea5012d652830491b - - default default] Method 'is_advsvc' is deprecated since 2023.2 release (neutron-lib 3.8.0) and will be removed once support for the old RBAC API policies will be removed from Neutron. Please use method 'is_service_role' instead.
2026-06-03 01:07:36.916 9 WARNING neutron.scheduler.dhcp_agent_scheduler [None req-66c1fda7-b0f0-40c6-90b4-4d96354b4566 ceaf0d291df44a4ba765b57ae7c0cac0 82f1d886b6c6462f89cbd03518c31dd3 - - default default] No more DHCP agents
2026-06-03 01:07:36.921 9 WARNING neutron.api.rpc.agentnotifiers.dhcp_rpc_agent_api [None req-66c1fda7-b0f0-40c6-90b4-4d96354b4566 ceaf0d291df44a4ba765b57ae7c0cac0 82f1d886b6c6462f89cbd03518c31dd3 - - default default] Unable to schedule network 670dd948-b6bd-4a84-ace8-bbe744e62568: no agents available; will retry on subsequent port and subnet creation events.
2026-06-03 01:07:36.962 9 INFO neutron.db.ovn_revision_numbers_db [None req-66c1fda7-b0f0-40c6-90b4-4d96354b4566 ceaf0d291df44a4ba765b57ae7c0cac0 82f1d886b6c6462f89cbd03518c31dd3 - - default default] Successfully bumped revision number for resource a2a0a53f-5dec-46fe-974c-d693a9329515 (type: subnets) to 0
2026-06-03 01:07:36.977 9 INFO neutron.plugins.ml2.drivers.ovn.mech_driver.mech_driver [None req-3e339426-8027-42b5-8b14-f57166ed1b46 - - - - - -] OVN reports status up for port: 122fb4b9-5d52-4231-92d1-d8246d41fd4b
2026-06-03 01:07:36.991 9 INFO neutron.wsgi [None req-66c1fda7-b0f0-40c6-90b4-4d96354b4566 ceaf0d291df44a4ba765b57ae7c0cac0 82f1d886b6c6462f89cbd03518c31dd3 - - default default] 10.0.0.22 "POST /v2.0/subnets HTTP/1.1" status: 201 len: 821 time: 0.3252151
2026-06-03 01:07:36.994 9 INFO neutron.plugins.ml2.plugin [None req-3e339426-8027-42b5-8b14-f57166ed1b46 - - - - - -] Attempt 1 to provision port 122fb4b9-5d52-4231-92d1-d8246d41fd4b
2026-06-03 01:07:36.994 10 INFO neutron.db.ovn_revision_numbers_db [None req-88056981-9f80-4a5e-a4ee-c326832c3ea3 1352552ae77e40feaeb3e2e7d9b19a9d b262ca6730274cf18a53fafa029bd57b - - default default] Successfully bumped revision number for resource 122fb4b9-5d52-4231-92d1-d8246d41fd4b (type: ports) to 1
2026-06-03 01:07:37.011 9 WARNING neutron_lib.context [None req-ed29ebd7-e3b8-4ab6-a384-989a0af708dc ceaf0d291df44a4ba765b57ae7c0cac0 82f1d886b6c6462f89cbd03518c31dd3 - - default default] Method 'is_advsvc' is deprecated since 2023.2 release (neutron-lib 3.8.0) and will be removed once support for the old RBAC API policies will be removed from Neutron. Please use method 'is_service_role' instead.
2026-06-03 01:07:37.072 10 WARNING neutron.scheduler.dhcp_agent_scheduler [None req-88056981-9f80-4a5e-a4ee-c326832c3ea3 1352552ae77e40feaeb3e2e7d9b19a9d b262ca6730274cf18a53fafa029bd57b - - default default] No more DHCP agents
2026-06-03 01:07:37.074 10 WARNING neutron.api.rpc.agentnotifiers.dhcp_rpc_agent_api [None req-88056981-9f80-4a5e-a4ee-c326832c3ea3 1352552ae77e40feaeb3e2e7d9b19a9d b262ca6730274cf18a53fafa029bd57b - - default default] Unable to schedule network af0be528-5a50-45b4-b2c2-09155a33d95b: no agents available; will retry on subsequent port and subnet creation events.
2026-06-03 01:07:37.085 9 INFO neutron.db.ovn_revision_numbers_db [None req-e1864076-0381-4106-bd81-3ca9ab285b95 4c85549995d04189b09463c7ae434283 061005a07aae4e4ea5012d652830491b - - default default] Successfully bumped revision number for resource 40b4a28b-55ff-495e-b4d5-416d8fbba079 (type: security_groups) to 1
2026-06-03 01:07:37.126 9 INFO neutron.db.ovn_revision_numbers_db [None req-e1864076-0381-4106-bd81-3ca9ab285b95 4c85549995d04189b09463c7ae434283 061005a07aae4e4ea5012d652830491b - - default default] Successfully bumped revision number for resource 2e59eaed-5715-45b6-8fa6-f28ac25d6e3e (type: security_group_rules) to 0
2026-06-03 01:07:37.158 9 INFO neutron.db.ovn_revision_numbers_db [None req-e1864076-0381-4106-bd81-3ca9ab285b95 4c85549995d04189b09463c7ae434283 061005a07aae4e4ea5012d652830491b - - default default] Successfully bumped revision number for resource 5fb00d94-0ea3-47a3-b32c-85ac513217f1 (type: security_group_rules) to 0
2026-06-03 01:07:37.221 9 INFO neutron.db.ovn_revision_numbers_db [None req-e1864076-0381-4106-bd81-3ca9ab285b95 4c85549995d04189b09463c7ae434283 061005a07aae4e4ea5012d652830491b - - default default] Successfully bumped revision number for resource 7ccc47e4-39f5-4556-8893-15756f16a311 (type: security_group_rules) to 0
2026-06-03 01:07:37.247 9 INFO neutron.db.ovn_revision_numbers_db [None req-e1864076-0381-4106-bd81-3ca9ab285b95 4c85549995d04189b09463c7ae434283 061005a07aae4e4ea5012d652830491b - - default default] Successfully bumped revision number for resource e446c43e-9fd8-41a2-97ed-2a69071e4c16 (type: security_group_rules) to 0
2026-06-03 01:07:37.438 9 WARNING neutron.scheduler.dhcp_agent_scheduler [None req-ed29ebd7-e3b8-4ab6-a384-989a0af708dc ceaf0d291df44a4ba765b57ae7c0cac0 82f1d886b6c6462f89cbd03518c31dd3 - - default default] No more DHCP agents
2026-06-03 01:07:37.447 9 WARNING neutron.api.rpc.agentnotifiers.dhcp_rpc_agent_api [None req-ed29ebd7-e3b8-4ab6-a384-989a0af708dc ceaf0d291df44a4ba765b57ae7c0cac0 82f1d886b6c6462f89cbd03518c31dd3 - - default default] Unable to schedule network f8d5caec-0179-4d79-a5b0-7fb12f355a0e: no agents available; will retry on subsequent port and subnet creation events.
2026-06-03 01:07:37.484 10 INFO neutron.db.ovn_revision_numbers_db [None req-88056981-9f80-4a5e-a4ee-c326832c3ea3 1352552ae77e40feaeb3e2e7d9b19a9d b262ca6730274cf18a53fafa029bd57b - - default default] Successfully bumped revision number for resource 122fb4b9-5d52-4231-92d1-d8246d41fd4b (type: router_ports) to 1
2026-06-03 01:07:37.485 9 INFO neutron.db.ovn_revision_numbers_db [None req-e1864076-0381-4106-bd81-3ca9ab285b95 4c85549995d04189b09463c7ae434283 061005a07aae4e4ea5012d652830491b - - default default] Successfully bumped revision number for resource b290be79-ded1-413c-96e6-b3287a867766 (type: security_groups) to 1
2026-06-03 01:07:37.491 10 INFO neutron.wsgi [None req-88056981-9f80-4a5e-a4ee-c326832c3ea3 1352552ae77e40feaeb3e2e7d9b19a9d b262ca6730274cf18a53fafa029bd57b - - default default] 10.0.0.22 "PUT /v2.0/routers/1b142ab2-87d1-486f-a12a-93e94b47f54c/add_router_interface HTTP/1.1" status: 200 len: 503 time: 2.3965778
2026-06-03 01:07:37.516 9 INFO neutron.db.ovn_revision_numbers_db [None req-e1864076-0381-4106-bd81-3ca9ab285b95 4c85549995d04189b09463c7ae434283 061005a07aae4e4ea5012d652830491b - - default default] Successfully bumped revision number for resource 554f277d-5510-4758-8e3f-da31bc2a0c65 (type: security_group_rules) to 0
2026-06-03 01:07:37.523 9 INFO neutron.db.ovn_revision_numbers_db [None req-ed29ebd7-e3b8-4ab6-a384-989a0af708dc ceaf0d291df44a4ba765b57ae7c0cac0 82f1d886b6c6462f89cbd03518c31dd3 - - default default] Successfully bumped revision number for resource 2ef5c22e-d4cd-4eb3-bf74-858c19358f6d (type: subnets) to 0
2026-06-03 01:07:37.550 9 INFO neutron.db.ovn_revision_numbers_db [None req-e1864076-0381-4106-bd81-3ca9ab285b95 4c85549995d04189b09463c7ae434283 061005a07aae4e4ea5012d652830491b - - default default] Successfully bumped revision number for resource 643a4398-1f79-4685-8d4b-7004da38a364 (type: security_group_rules) to 0
2026-06-03 01:07:37.558 9 INFO neutron.wsgi [None req-ed29ebd7-e3b8-4ab6-a384-989a0af708dc ceaf0d291df44a4ba765b57ae7c0cac0 82f1d886b6c6462f89cbd03518c31dd3 - - default default] 10.0.0.22 "POST /v2.0/subnets HTTP/1.1" status: 201 len: 830 time: 0.5618176
2026-06-03 01:07:37.581 9 WARNING neutron_lib.context [None req-ff4d43f8-c226-4a5a-9a0b-edfec7b00070 ceaf0d291df44a4ba765b57ae7c0cac0 82f1d886b6c6462f89cbd03518c31dd3 - - default default] Method 'is_advsvc' is deprecated since 2023.2 release (neutron-lib 3.8.0) and will be removed once support for the old RBAC API policies will be removed from Neutron. Please use method 'is_service_role' instead.
2026-06-03 01:07:37.593 9 INFO neutron.wsgi [None req-e1864076-0381-4106-bd81-3ca9ab285b95 4c85549995d04189b09463c7ae434283 061005a07aae4e4ea5012d652830491b - - default default] 10.0.0.22 "POST /v2.0/security-groups HTTP/1.1" status: 201 len: 1825 time: 0.9316645
2026-06-03 01:07:37.624 10 INFO neutron.wsgi [None req-9d10ee3d-1d9c-4f8e-89fc-a7754fbb8451 464c5be3da3b4ae89af3559c37c3989e 1513772994c240338fdeba9328f10a50 - - default default] 10.0.0.22 "GET /v2.0/networks HTTP/1.1" status: 200 len: 5368 time: 0.1281805
2026-06-03 01:07:37.684 10 INFO neutron.wsgi [None req-dfc14612-97fe-42a1-9d34-f5d116a24e3b 464c5be3da3b4ae89af3559c37c3989e 1513772994c240338fdeba9328f10a50 - - default default] 10.0.0.22 "GET /v2.0/subnets HTTP/1.1" status: 200 len: 4022 time: 0.0539510
