2026-06-03 01:09:49.723 10 INFO neutron.db.ovn_revision_numbers_db [None req-aaf1fd5b-ee73-4f7d-8b58-dc28a351a851 64fcd0d4557849f1934a472c4412323f da0d7704cacd4baaa4ea427554a25746 - - default default] Successfully bumped revision number for resource 320e40fb-b236-4131-99bb-85f10e44f7e8 (type: security_group_rules) to 0
2026-06-03 01:09:49.730 9 INFO neutron.wsgi [None req-af83ba0f-18c0-47c5-8e0e-304e76a6780e a2c78cabff1f49d394cdc774da803f1f b7cf0cf2248a460c822a2e34d6e4a317 - - default default] 10.0.0.22 "DELETE /v2.0/security-groups/6dfc346b-4801-4ad9-85bd-617c9308f442 HTTP/1.1" status: 204 len: 168 time: 0.2355225
2026-06-03 01:09:49.747 10 INFO neutron.db.ovn_revision_numbers_db [None req-aaf1fd5b-ee73-4f7d-8b58-dc28a351a851 64fcd0d4557849f1934a472c4412323f da0d7704cacd4baaa4ea427554a25746 - - default default] Successfully bumped revision number for resource 9670ac09-bad9-4ff8-8e69-2556601bfb9d (type: security_group_rules) to 0
2026-06-03 01:09:49.771 10 INFO neutron.db.ovn_revision_numbers_db [None req-aaf1fd5b-ee73-4f7d-8b58-dc28a351a851 64fcd0d4557849f1934a472c4412323f da0d7704cacd4baaa4ea427554a25746 - - default default] Successfully bumped revision number for resource 9a4b22da-c1f8-4982-b15a-f6f0891d7ff3 (type: security_group_rules) to 0
2026-06-03 01:09:49.774 9 INFO neutron.wsgi [None req-dd0d3e90-7091-4f72-ba06-f77b6b173078 a2c78cabff1f49d394cdc774da803f1f b7cf0cf2248a460c822a2e34d6e4a317 - - default default] 10.0.0.22 "DELETE /v2.0/security-groups/a55fcc8d-a610-44c8-8fe8-7e927a44c7cd HTTP/1.1" status: 204 len: 168 time: 0.2073786
2026-06-03 01:09:49.785 10 INFO neutron.db.ovn_revision_numbers_db [None req-aaf1fd5b-ee73-4f7d-8b58-dc28a351a851 64fcd0d4557849f1934a472c4412323f da0d7704cacd4baaa4ea427554a25746 - - default default] Successfully bumped revision number for resource ce1e3c46-c819-454f-9955-3bf47e1eb702 (type: security_group_rules) to 0 /var/lib/openstack/lib/python3.10/site-packages/pycadf/identifier.py:71: UserWarning: Invalid uuid: neutron. To ensure interoperability, identifiers should be a valid uuid. warnings.warn(('Invalid uuid: %s. To ensure interoperability, '
2026-06-03 01:09:49.921 9 INFO neutron.wsgi [None req-d3452d7f-bdfa-4fc6-a484-101033db1772 a2c78cabff1f49d394cdc774da803f1f b7cf0cf2248a460c822a2e34d6e4a317 - - default default] 10.0.0.22 "GET /v2.0/security-groups?tenant_id=63bcbe22be7b4125bcf045a72c2c9d50&name=default HTTP/1.1" status: 200 len: 3120 time: 0.0420518
2026-06-03 01:09:49.948 10 INFO neutron.db.ovn_revision_numbers_db [None req-aaf1fd5b-ee73-4f7d-8b58-dc28a351a851 64fcd0d4557849f1934a472c4412323f da0d7704cacd4baaa4ea427554a25746 - - default default] Successfully bumped revision number for resource 62328ea6-bf80-4c0e-a5f0-069737803739 (type: security_groups) to 1
2026-06-03 01:09:49.955 10 INFO neutron.wsgi [None req-b7d6b7b6-6d7e-4161-bcce-cc479bf95186 a2c78cabff1f49d394cdc774da803f1f b7cf0cf2248a460c822a2e34d6e4a317 - - default default] 10.0.0.22 "GET /v2.0/security-groups?tenant_id=3d70adec2e0f4574a467af2de14bc825&name=default HTTP/1.1" status: 200 len: 3120 time: 0.0676594
2026-06-03 01:09:49.974 10 INFO neutron.db.ovn_revision_numbers_db [None req-aaf1fd5b-ee73-4f7d-8b58-dc28a351a851 64fcd0d4557849f1934a472c4412323f da0d7704cacd4baaa4ea427554a25746 - - default default] Successfully bumped revision number for resource adbe2348-8305-440d-96c7-022b090b5efc (type: security_group_rules) to 0
2026-06-03 01:09:49.994 10 INFO neutron.db.ovn_revision_numbers_db [None req-aaf1fd5b-ee73-4f7d-8b58-dc28a351a851 64fcd0d4557849f1934a472c4412323f da0d7704cacd4baaa4ea427554a25746 - - default default] Successfully bumped revision number for resource b265baf5-763d-46ed-9445-310baef34f96 (type: security_group_rules) to 0
2026-06-03 01:09:50.024 10 INFO neutron.wsgi [None req-aaf1fd5b-ee73-4f7d-8b58-dc28a351a851 64fcd0d4557849f1934a472c4412323f da0d7704cacd4baaa4ea427554a25746 - - default default] 10.0.0.22 "POST /v2.0/security-groups HTTP/1.1" status: 201 len: 1801 time: 0.6907823
2026-06-03 01:09:50.035 10 WARNING neutron_lib.context [None req-6fa3c727-fd1f-48f2-8f43-97948d57a938 64fcd0d4557849f1934a472c4412323f da0d7704cacd4baaa4ea427554a25746 - - default default] Method 'is_advsvc' is deprecated since 2023.2 release (neutron-lib 3.8.0) and will be removed once support for the old RBAC API policies will be removed from Neutron. Please use method 'is_service_role' instead.
2026-06-03 01:09:50.075 10 INFO neutron.db.ovn_revision_numbers_db [None req-16fa244b-84a7-4113-8428-444b0c338870 a2c78cabff1f49d394cdc774da803f1f b7cf0cf2248a460c822a2e34d6e4a317 - - default default] Successfully bumped revision number for resource 56ac7342-69e3-43a9-907d-cc262cebc6fd (type: ports) to 2
2026-06-03 01:09:50.087 10 INFO neutron.wsgi [None req-16fa244b-84a7-4113-8428-444b0c338870 a2c78cabff1f49d394cdc774da803f1f b7cf0cf2248a460c822a2e34d6e4a317 - - default default] 199.204.45.72 "PUT /v2.0/ports/56ac7342-69e3-43a9-907d-cc262cebc6fd HTTP/1.1" status: 200 len: 1328 time: 0.4805799
2026-06-03 01:09:50.167 10 INFO neutron.wsgi [None req-1d1ba73e-56ba-4468-9ecf-1bb7fc9c72c5 a2c78cabff1f49d394cdc774da803f1f b7cf0cf2248a460c822a2e34d6e4a317 - - default default] 199.204.45.72 "GET /v2.0/extensions/security-group HTTP/1.1" status: 200 len: 369 time: 0.0054662
2026-06-03 01:09:50.179 10 INFO neutron.wsgi [None req-5d002b9a-5a68-450a-ab94-8a33810bb09d a2c78cabff1f49d394cdc774da803f1f b7cf0cf2248a460c822a2e34d6e4a317 - - default default] 199.204.45.72 "GET /v2.0/extensions/dns-integration HTTP/1.1" status: 200 len: 371 time: 0.0045345
2026-06-03 01:09:50.190 10 INFO neutron.wsgi [None req-7c1357eb-51bb-467e-977d-38ab4810bdb8 a2c78cabff1f49d394cdc774da803f1f b7cf0cf2248a460c822a2e34d6e4a317 - - default default] 199.204.45.72 "GET /v2.0/extensions/qos HTTP/1.1" status: 200 len: 365 time: 0.0061293
2026-06-03 01:09:50.200 10 INFO neutron.wsgi [None req-7cfc4234-8209-4d92-aadb-e5adffe5e159 a2c78cabff1f49d394cdc774da803f1f b7cf0cf2248a460c822a2e34d6e4a317 - - default default] 199.204.45.72 "GET /v2.0/extensions/allowed-address-pairs HTTP/1.1" status: 200 len: 383 time: 0.0049303
2026-06-03 01:09:50.200 9 INFO neutron.wsgi [None req-2a2ce37b-c4d0-4fcd-b54c-0b6c9b690fca a2c78cabff1f49d394cdc774da803f1f b7cf0cf2248a460c822a2e34d6e4a317 - - default default] 10.0.0.22 "DELETE /v2.0/security-groups/3f43199b-f2b3-49a3-b212-0ad5224dda82 HTTP/1.1" status: 204 len: 168 time: 0.2752616
2026-06-03 01:09:50.216 10 INFO neutron.db.ovn_revision_numbers_db [None req-6fa3c727-fd1f-48f2-8f43-97948d57a938 64fcd0d4557849f1934a472c4412323f da0d7704cacd4baaa4ea427554a25746 - - default default] Successfully bumped revision number for resource 1348cf80-a867-4501-baa4-267e07d9cf04 (type: security_groups) to 1
2026-06-03 01:09:50.225 9 INFO neutron.wsgi [None req-7fe958c9-3e32-4a9b-8a1b-99498e4ebc1c a2c78cabff1f49d394cdc774da803f1f b7cf0cf2248a460c822a2e34d6e4a317 - - default default] 10.0.0.22 "DELETE /v2.0/security-groups/3eb1425f-5f0b-4e1f-8dfc-33d92bb0ab29 HTTP/1.1" status: 204 len: 168 time: 0.2640119
2026-06-03 01:09:50.240 10 INFO neutron.wsgi [None req-5e5dcf0d-e2cc-41c5-b30e-c0e1da44446d a2c78cabff1f49d394cdc774da803f1f b7cf0cf2248a460c822a2e34d6e4a317 - - default default] 199.204.45.72 "GET /v2.0/subnets/b8b02666-1bd5-4e39-89d6-747121e385bd HTTP/1.1" status: 200 len: 851 time: 0.0347509
2026-06-03 01:09:50.240 10 INFO neutron.db.ovn_revision_numbers_db [None req-6fa3c727-fd1f-48f2-8f43-97948d57a938 64fcd0d4557849f1934a472c4412323f da0d7704cacd4baaa4ea427554a25746 - - default default] Successfully bumped revision number for resource 23c4ddc0-0f33-4932-9753-a67fd8a8d385 (type: security_group_rules) to 0
2026-06-03 01:09:50.252 10 INFO neutron.db.ovn_revision_numbers_db [None req-6fa3c727-fd1f-48f2-8f43-97948d57a938 64fcd0d4557849f1934a472c4412323f da0d7704cacd4baaa4ea427554a25746 - - default default] Successfully bumped revision number for resource 8fcc35eb-507b-4020-9bf9-9a860cb56f97 (type: security_group_rules) to 0
2026-06-03 01:09:50.271 10 INFO neutron.wsgi [None req-6fa3c727-fd1f-48f2-8f43-97948d57a938 64fcd0d4557849f1934a472c4412323f da0d7704cacd4baaa4ea427554a25746 - - default default] 10.0.0.22 "POST /v2.0/security-groups HTTP/1.1" status: 201 len: 1801 time: 0.2407641
2026-06-03 01:09:50.283 9 WARNING neutron_lib.context [None req-d57a4966-f6b6-493b-a863-11353ec1b31e 64fcd0d4557849f1934a472c4412323f da0d7704cacd4baaa4ea427554a25746 - - default default] Method 'is_advsvc' is deprecated since 2023.2 release (neutron-lib 3.8.0) and will be removed once support for the old RBAC API policies will be removed from Neutron. Please use method 'is_service_role' instead.
2026-06-03 01:09:50.383 9 INFO neutron.db.ovn_revision_numbers_db [None req-d57a4966-f6b6-493b-a863-11353ec1b31e 64fcd0d4557849f1934a472c4412323f da0d7704cacd4baaa4ea427554a25746 - - default default] Successfully bumped revision number for resource c2ea1021-d73b-4141-a394-af25f8fa9f0c (type: security_groups) to 1
2026-06-03 01:09:50.396 9 INFO neutron.db.ovn_revision_numbers_db [None req-d57a4966-f6b6-493b-a863-11353ec1b31e 64fcd0d4557849f1934a472c4412323f da0d7704cacd4baaa4ea427554a25746 - - default default] Successfully bumped revision number for resource 7c2a5d81-7eda-45eb-b201-cfb151eb2b87 (type: security_group_rules) to 0
2026-06-03 01:09:50.411 9 INFO neutron.db.ovn_revision_numbers_db [None req-d57a4966-f6b6-493b-a863-11353ec1b31e 64fcd0d4557849f1934a472c4412323f da0d7704cacd4baaa4ea427554a25746 - - default default] Successfully bumped revision number for resource a51c301b-a5a2-4752-97e3-ffbdb6af1fdc (type: security_group_rules) to 0
2026-06-03 01:09:50.429 9 INFO neutron.wsgi [None req-d57a4966-f6b6-493b-a863-11353ec1b31e 64fcd0d4557849f1934a472c4412323f da0d7704cacd4baaa4ea427554a25746 - - default default] 10.0.0.22 "POST /v2.0/security-groups HTTP/1.1" status: 201 len: 1801 time: 0.1530302
2026-06-03 01:09:50.438 10 WARNING neutron_lib.context [None req-c9e5159f-b0d1-40f7-9a2d-21732fb8940c 64fcd0d4557849f1934a472c4412323f da0d7704cacd4baaa4ea427554a25746 - - default default] Method 'is_advsvc' is deprecated since 2023.2 release (neutron-lib 3.8.0) and will be removed once support for the old RBAC API policies will be removed from Neutron. Please use method 'is_service_role' instead.
2026-06-03 01:09:50.535 10 INFO neutron.db.ovn_revision_numbers_db [None req-539ba9fc-2bee-48fd-bdc0-efa5534bba90 a2c78cabff1f49d394cdc774da803f1f b7cf0cf2248a460c822a2e34d6e4a317 - - default default] Successfully bumped revision number for resource d1e7749b-7714-41b4-8944-5f5896a996fc (type: security_groups) to 1
2026-06-03 01:09:50.555 10 INFO neutron.db.ovn_revision_numbers_db [None req-539ba9fc-2bee-48fd-bdc0-efa5534bba90 a2c78cabff1f49d394cdc774da803f1f b7cf0cf2248a460c822a2e34d6e4a317 - - default default] Successfully bumped revision number for resource 433e0e38-f335-499e-9d74-10c92b7ac48c (type: security_group_rules) to 0
2026-06-03 01:09:50.575 10 INFO neutron.db.ovn_revision_numbers_db [None req-539ba9fc-2bee-48fd-bdc0-efa5534bba90 a2c78cabff1f49d394cdc774da803f1f b7cf0cf2248a460c822a2e34d6e4a317 - - default default] Successfully bumped revision number for resource a55f4150-83e8-40b0-98e5-2e18fde60b7a (type: security_group_rules) to 0
2026-06-03 01:09:50.595 10 INFO neutron.db.ovn_revision_numbers_db [None req-539ba9fc-2bee-48fd-bdc0-efa5534bba90 a2c78cabff1f49d394cdc774da803f1f b7cf0cf2248a460c822a2e34d6e4a317 - - default default] Successfully bumped revision number for resource b4731ca9-4d16-4b83-9966-c388ae2f254a (type: security_group_rules) to 0
2026-06-03 01:09:50.597 10 INFO neutron.db.ovn_revision_numbers_db [None req-c9e5159f-b0d1-40f7-9a2d-21732fb8940c 64fcd0d4557849f1934a472c4412323f da0d7704cacd4baaa4ea427554a25746 - - default default] Successfully bumped revision number for resource 1e1c28cc-9238-466f-9259-12075ca6bb73 (type: security_groups) to 1
2026-06-03 01:09:50.614 10 INFO neutron.db.ovn_revision_numbers_db [None req-539ba9fc-2bee-48fd-bdc0-efa5534bba90 a2c78cabff1f49d394cdc774da803f1f b7cf0cf2248a460c822a2e34d6e4a317 - - default default] Successfully bumped revision number for resource db81934b-3058-4d7a-be8c-9c2530b270a0 (type: security_group_rules) to 0
2026-06-03 01:09:50.620 10 INFO neutron.db.ovn_revision_numbers_db [None req-c9e5159f-b0d1-40f7-9a2d-21732fb8940c 64fcd0d4557849f1934a472c4412323f da0d7704cacd4baaa4ea427554a25746 - - default default] Successfully bumped revision number for resource 394f33e1-7abd-4649-8e79-5d1427342818 (type: security_group_rules) to 0
2026-06-03 01:09:50.639 10 INFO neutron.wsgi [None req-539ba9fc-2bee-48fd-bdc0-efa5534bba90 a2c78cabff1f49d394cdc774da803f1f b7cf0cf2248a460c822a2e34d6e4a317 - - default default] 10.0.0.22 "GET /v2.0/security-groups?tenant_id=cd5e5ce0c6a542aca6d244a518a856cc&name=default HTTP/1.1" status: 200 len: 3120 time: 0.2552531
2026-06-03 01:09:50.661 10 INFO neutron.db.ovn_revision_numbers_db [None req-c9e5159f-b0d1-40f7-9a2d-21732fb8940c 64fcd0d4557849f1934a472c4412323f da0d7704cacd4baaa4ea427554a25746 - - default default] Successfully bumped revision number for resource a1d2d9fc-0e65-4be4-a303-424d4fd70536 (type: security_group_rules) to 0
2026-06-03 01:09:50.686 10 INFO neutron.wsgi [None req-c9e5159f-b0d1-40f7-9a2d-21732fb8940c 64fcd0d4557849f1934a472c4412323f da0d7704cacd4baaa4ea427554a25746 - - default default] 10.0.0.22 "POST /v2.0/security-groups HTTP/1.1" status: 201 len: 1801 time: 0.2520125
2026-06-03 01:09:50.697 9 WARNING neutron_lib.context [None req-563b5697-85bb-4f72-993d-8814860b9db0 64fcd0d4557849f1934a472c4412323f da0d7704cacd4baaa4ea427554a25746 - - default default] Method 'is_advsvc' is deprecated since 2023.2 release (neutron-lib 3.8.0) and will be removed once support for the old RBAC API policies will be removed from Neutron. Please use method 'is_service_role' instead.
2026-06-03 01:09:50.869 9 INFO neutron.db.ovn_revision_numbers_db [None req-563b5697-85bb-4f72-993d-8814860b9db0 64fcd0d4557849f1934a472c4412323f da0d7704cacd4baaa4ea427554a25746 - - default default] Successfully bumped revision number for resource a9541061-0088-4087-97ed-5458f745d398 (type: security_groups) to 1
2026-06-03 01:09:50.885 9 INFO neutron.db.ovn_revision_numbers_db [None req-563b5697-85bb-4f72-993d-8814860b9db0 64fcd0d4557849f1934a472c4412323f da0d7704cacd4baaa4ea427554a25746 - - default default] Successfully bumped revision number for resource 87545bfe-48cd-4dbd-af33-5771d307086e (type: security_group_rules) to 0
2026-06-03 01:09:50.907 9 INFO neutron.db.ovn_revision_numbers_db [None req-563b5697-85bb-4f72-993d-8814860b9db0 64fcd0d4557849f1934a472c4412323f da0d7704cacd4baaa4ea427554a25746 - - default default] Successfully bumped revision number for resource 8dc06295-448e-40dd-9504-c02957877b58 (type: security_group_rules) to 0
2026-06-03 01:09:50.929 9 INFO neutron.wsgi [None req-9e108cda-03ec-49cc-96c8-f9b84463cea1 a2c78cabff1f49d394cdc774da803f1f b7cf0cf2248a460c822a2e34d6e4a317 - - default default] 10.0.0.22 "DELETE /v2.0/security-groups/d1e7749b-7714-41b4-8944-5f5896a996fc HTTP/1.1" status: 204 len: 168 time: 0.2840037
2026-06-03 01:09:50.933 9 INFO neutron.wsgi [None req-563b5697-85bb-4f72-993d-8814860b9db0 64fcd0d4557849f1934a472c4412323f da0d7704cacd4baaa4ea427554a25746 - - default default] 10.0.0.22 "POST /v2.0/security-groups HTTP/1.1" status: 201 len: 1801 time: 0.2419319
2026-06-03 01:09:50.974 9 INFO neutron.wsgi [None req-acc1ace9-97fd-4486-9446-a985ed11cd38 64fcd0d4557849f1934a472c4412323f da0d7704cacd4baaa4ea427554a25746 - - default default] 10.0.0.22 "PUT /v2.0/security-groups/62328ea6-bf80-4c0e-a5f0-069737803739/tags HTTP/1.1" status: 200 len: 210 time: 0.0362437
2026-06-03 01:09:51.026 9 INFO neutron.wsgi [None req-cc0de2d2-7d9c-44a8-96ef-d6539d0df852 64fcd0d4557849f1934a472c4412323f da0d7704cacd4baaa4ea427554a25746 - - default default] 10.0.0.22 "PUT /v2.0/security-groups/1348cf80-a867-4501-baa4-267e07d9cf04/tags HTTP/1.1" status: 200 len: 218 time: 0.0482552
2026-06-03 01:09:51.069 9 INFO neutron.wsgi [None req-9091bbe1-b852-4abf-9a41-2184fa903703 64fcd0d4557849f1934a472c4412323f da0d7704cacd4baaa4ea427554a25746 - - default default] 10.0.0.22 "PUT /v2.0/security-groups/c2ea1021-d73b-4141-a394-af25f8fa9f0c/tags HTTP/1.1" status: 200 len: 227 time: 0.0351696
2026-06-03 01:09:51.141 9 INFO neutron.wsgi [None req-6bd28c3e-15d0-4d3d-8654-59d7cbd00e60 64fcd0d4557849f1934a472c4412323f da0d7704cacd4baaa4ea427554a25746 - - default default] 10.0.0.22 "PUT /v2.0/security-groups/1e1c28cc-9238-466f-9259-12075ca6bb73/tags HTTP/1.1" status: 200 len: 212 time: 0.0677943
2026-06-03 01:09:51.204 9 INFO neutron.wsgi [None req-2efdbfdc-88f2-448c-98e8-20477ebd9f6a 64fcd0d4557849f1934a472c4412323f da0d7704cacd4baaa4ea427554a25746 - - default default] 10.0.0.22 "GET /v2.0/security-groups?tags=red HTTP/1.1" status: 200 len: 4999 time: 0.0539577
2026-06-03 01:09:51.255 9 INFO neutron.wsgi [None req-ddc8db25-4ee5-451c-99d7-37403d85841f 64fcd0d4557849f1934a472c4412323f da0d7704cacd4baaa4ea427554a25746 - - default default] 10.0.0.22 "GET /v2.0/security-groups?tags=red%2Cblue HTTP/1.1" status: 200 len: 3413 time: 0.0448139
2026-06-03 01:09:51.306 9 INFO neutron.wsgi [None req-53cbf44e-2873-46f7-92dc-f9c4d8acd250 64fcd0d4557849f1934a472c4412323f da0d7704cacd4baaa4ea427554a25746 - - default default] 10.0.0.22 "GET /v2.0/security-groups?tags-any=blue HTTP/1.1" status: 200 len: 3413 time: 0.0440197
2026-06-03 01:09:51.366 10 INFO neutron.wsgi [None req-f2c44b89-ef57-4421-8c58-85bddc4bab66 64fcd0d4557849f1934a472c4412323f da0d7704cacd4baaa4ea427554a25746 - - default default] 10.0.0.22 "GET /v2.0/security-groups?tags-any=red%2Cblue HTTP/1.1" status: 200 len: 4999 time: 0.0543666
2026-06-03 01:09:51.426 10 INFO neutron.wsgi [None req-8d3f6914-2164-443d-a53a-2e130d712172 64fcd0d4557849f1934a472c4412323f da0d7704cacd4baaa4ea427554a25746 - - default default] 10.0.0.22 "GET /v2.0/security-groups?not-tags=red HTTP/1.1" status: 200 len: 6289 time: 0.0544052
2026-06-03 01:09:51.503 9 INFO neutron.wsgi [None req-03988849-859d-4354-b263-fef3791c0707 64fcd0d4557849f1934a472c4412323f da0d7704cacd4baaa4ea427554a25746 - - default default] 10.0.0.22 "GET /v2.0/security-groups?not-tags=red%2Cblue HTTP/1.1" status: 200 len: 7875 time: 0.0637145
2026-06-03 01:09:51.850 9 INFO neutron.wsgi [None req-545ceb86-7be2-4636-b6b5-a8d6f3d2f80f 64fcd0d4557849f1934a472c4412323f da0d7704cacd4baaa4ea427554a25746 - - default default] 10.0.0.22 "GET /v2.0/security-groups?not-tags-any=blue HTTP/1.1" status: 200 len: 7875 time: 0.3423159
2026-06-03 01:09:51.927 9 INFO neutron.wsgi [None req-4cf392a9-a6d5-452b-b4b8-3a88850760db 64fcd0d4557849f1934a472c4412323f da0d7704cacd4baaa4ea427554a25746 - - default default] 10.0.0.22 "GET /v2.0/security-groups?not-tags-any=red%2Cblue HTTP/1.1" status: 200 len: 6289 time: 0.0694122
2026-06-03 01:09:52.084 10 INFO neutron.wsgi [None req-7d7f617f-6ed1-4299-83fe-7bb24c704f07 64fcd0d4557849f1934a472c4412323f da0d7704cacd4baaa4ea427554a25746 - - default default] 10.0.0.22 "DELETE /v2.0/security-groups/62328ea6-bf80-4c0e-a5f0-069737803739 HTTP/1.1" status: 204 len: 168 time: 0.1437523
2026-06-03 01:09:52.223 9 INFO neutron.wsgi [None req-31c20d54-cd32-48dd-bd92-ba6ef574188f 64fcd0d4557849f1934a472c4412323f da0d7704cacd4baaa4ea427554a25746 - - default default] 10.0.0.22 "DELETE /v2.0/security-groups/1348cf80-a867-4501-baa4-267e07d9cf04 HTTP/1.1" status: 204 len: 168 time: 0.1345713
2026-06-03 01:09:52.359 9 INFO neutron.wsgi [None req-ddf6496c-6dd4-4dd9-8a88-1b35fe50b208 64fcd0d4557849f1934a472c4412323f da0d7704cacd4baaa4ea427554a25746 - - default default] 10.0.0.22 "DELETE /v2.0/security-groups/c2ea1021-d73b-4141-a394-af25f8fa9f0c HTTP/1.1" status: 204 len: 168 time: 0.1308515
2026-06-03 01:09:52.506 9 INFO neutron.wsgi [None req-fe22858a-8d6d-4c8f-9bb9-aa3a8dd13f60 64fcd0d4557849f1934a472c4412323f da0d7704cacd4baaa4ea427554a25746 - - default default] 10.0.0.22 "DELETE /v2.0/security-groups/1e1c28cc-9238-466f-9259-12075ca6bb73 HTTP/1.1" status: 204 len: 168 time: 0.1414425
2026-06-03 01:09:52.668 10 INFO neutron.wsgi [None req-86baf314-25b7-48b8-9991-42ae0887e83b 64fcd0d4557849f1934a472c4412323f da0d7704cacd4baaa4ea427554a25746 - - default default] 10.0.0.22 "DELETE /v2.0/security-groups/a9541061-0088-4087-97ed-5458f745d398 HTTP/1.1" status: 204 len: 168 time: 0.1551499
2026-06-03 01:09:53.512 10 INFO neutron.wsgi [-] 10.0.0.124 "GET / HTTP/1.1" status: 200 len: 247 time: 0.0026805
2026-06-03 01:09:53.516 10 INFO neutron.wsgi [-] 10.0.0.124 "GET / HTTP/1.1" status: 200 len: 247 time: 0.0024390
2026-06-03 01:09:53.659 9 INFO neutron.wsgi [None req-85621a31-cfdb-4b9e-8b5f-ea83ce81d5c9 a2c78cabff1f49d394cdc774da803f1f b7cf0cf2248a460c822a2e34d6e4a317 - - default default] 10.0.0.22 "GET /v2.0/security-groups?tenant_id=da0d7704cacd4baaa4ea427554a25746&name=default HTTP/1.1" status: 200 len: 3120 time: 0.1483757
2026-06-03 01:09:53.908 9 INFO neutron.wsgi [None req-73f49815-7d24-4999-ad52-101a5d15d2a2 a2c78cabff1f49d394cdc774da803f1f b7cf0cf2248a460c822a2e34d6e4a317 - - default default] 10.0.0.22 "DELETE /v2.0/security-groups/31fceb9c-1949-4bb4-94c3-b680b725034b HTTP/1.1" status: 204 len: 168 time: 0.2427547
2026-06-03 01:09:54.133 9 INFO neutron.db.ovn_revision_numbers_db [None req-4859f9d0-36a5-4d93-8f3e-aae642e40e9d a2c78cabff1f49d394cdc774da803f1f b7cf0cf2248a460c822a2e34d6e4a317 - - default default] Successfully bumped revision number for resource 5df6f63d-448b-40e9-bba1-7759f753d9c9 (type: security_groups) to 1
2026-06-03 01:09:54.149 9 INFO neutron.db.ovn_revision_numbers_db [None req-4859f9d0-36a5-4d93-8f3e-aae642e40e9d a2c78cabff1f49d394cdc774da803f1f b7cf0cf2248a460c822a2e34d6e4a317 - - default default] Successfully bumped revision number for resource 3c01febe-cfe1-4aad-b374-58caacd75f61 (type: security_group_rules) to 0
2026-06-03 01:09:54.161 9 INFO neutron.db.ovn_revision_numbers_db [None req-4859f9d0-36a5-4d93-8f3e-aae642e40e9d a2c78cabff1f49d394cdc774da803f1f b7cf0cf2248a460c822a2e34d6e4a317 - - default default] Successfully bumped revision number for resource 5a080304-c99f-44be-bd65-1e971e3346c6 (type: security_group_rules) to 0
2026-06-03 01:09:54.204 9 INFO neutron.db.ovn_revision_numbers_db [None req-4859f9d0-36a5-4d93-8f3e-aae642e40e9d a2c78cabff1f49d394cdc774da803f1f b7cf0cf2248a460c822a2e34d6e4a317 - - default default] Successfully bumped revision number for resource 6159d24c-7b63-4264-85b4-f38f3069cdc9 (type: security_group_rules) to 0
2026-06-03 01:09:54.222 9 INFO neutron.db.ovn_revision_numbers_db [None req-4859f9d0-36a5-4d93-8f3e-aae642e40e9d a2c78cabff1f49d394cdc774da803f1f b7cf0cf2248a460c822a2e34d6e4a317 - - default default] Successfully bumped revision number for resource 751db5b6-9f31-4e82-81be-d55935956431 (type: security_group_rules) to 0
2026-06-03 01:09:54.250 9 INFO neutron.wsgi [None req-4859f9d0-36a5-4d93-8f3e-aae642e40e9d a2c78cabff1f49d394cdc774da803f1f b7cf0cf2248a460c822a2e34d6e4a317 - - default default] 10.0.0.22 "GET /v2.0/security-groups?tenant_id=9b8a85c1330949f8a9682289e6469e8a&name=default HTTP/1.1" status: 200 len: 3120 time: 0.2486396
2026-06-03 01:09:54.506 9 INFO neutron.wsgi [None req-9ff2792f-e7cf-4da4-9c7b-f34a9585d0ae a2c78cabff1f49d394cdc774da803f1f b7cf0cf2248a460c822a2e34d6e4a317 - - default default] 10.0.0.22 "DELETE /v2.0/security-groups/5df6f63d-448b-40e9-bba1-7759f753d9c9 HTTP/1.1" status: 204 len: 168 time: 0.2502079
2026-06-03 01:09:54.804 10 INFO neutron.db.ovn_revision_numbers_db [None req-ed3b2ac0-398b-462c-b1d1-4f9eb4d86fdc a2c78cabff1f49d394cdc774da803f1f b7cf0cf2248a460c822a2e34d6e4a317 - - default default] Successfully bumped revision number for resource a9e0e138-dc47-485f-a7c8-46efb3c46388 (type: security_groups) to 1
2026-06-03 01:09:54.817 10 INFO neutron.db.ovn_revision_numbers_db [None req-ed3b2ac0-398b-462c-b1d1-4f9eb4d86fdc a2c78cabff1f49d394cdc774da803f1f b7cf0cf2248a460c822a2e34d6e4a317 - - default default] Successfully bumped revision number for resource 1048f296-d50e-41d9-9fbd-aaad2539cc65 (type: security_group_rules) to 0
2026-06-03 01:09:54.832 10 INFO neutron.db.ovn_revision_numbers_db [None req-ed3b2ac0-398b-462c-b1d1-4f9eb4d86fdc a2c78cabff1f49d394cdc774da803f1f b7cf0cf2248a460c822a2e34d6e4a317 - - default default] Successfully bumped revision number for resource 6556283a-c4aa-4dff-8850-4632249f1a38 (type: security_group_rules) to 0
2026-06-03 01:09:54.847 10 INFO neutron.db.ovn_revision_numbers_db [None req-ed3b2ac0-398b-462c-b1d1-4f9eb4d86fdc a2c78cabff1f49d394cdc774da803f1f b7cf0cf2248a460c822a2e34d6e4a317 - - default default] Successfully bumped revision number for resource 97cae4c2-63d6-42c3-854f-502b6478fc46 (type: security_group_rules) to 0
2026-06-03 01:09:54.860 10 INFO neutron.db.ovn_revision_numbers_db [None req-ed3b2ac0-398b-462c-b1d1-4f9eb4d86fdc a2c78cabff1f49d394cdc774da803f1f b7cf0cf2248a460c822a2e34d6e4a317 - - default default] Successfully bumped revision number for resource e19a0c3f-9a12-4087-96ab-f9979b3d9a3d (type: security_group_rules) to 0
2026-06-03 01:09:54.884 10 INFO neutron.wsgi [None req-ed3b2ac0-398b-462c-b1d1-4f9eb4d86fdc a2c78cabff1f49d394cdc774da803f1f b7cf0cf2248a460c822a2e34d6e4a317 - - default default] 10.0.0.22 "GET /v2.0/security-groups?tenant_id=1f0113d697f74d28b83f987311f69c9f&name=default HTTP/1.1" status: 200 len: 3120 time: 0.2081485
2026-06-03 01:09:55.033 9 WARNING neutron_lib.context [None req-d2133ccc-9892-448e-a02e-554c2511cd4d f7a4e98c1f584d61837eb703eecdf4a6 1c2fc296ce1e46ffb60dfdeddb225a60 - - default default] Method 'is_advsvc' is deprecated since 2023.2 release (neutron-lib 3.8.0) and will be removed once support for the old RBAC API policies will be removed from Neutron. Please use method 'is_service_role' instead.
2026-06-03 01:09:55.086 9 INFO neutron.wsgi [None req-d2133ccc-9892-448e-a02e-554c2511cd4d f7a4e98c1f584d61837eb703eecdf4a6 1c2fc296ce1e46ffb60dfdeddb225a60 - - default default] 10.0.0.22 "POST /v2.0/subnetpools HTTP/1.1" status: 201 len: 715 time: 0.1615770
2026-06-03 01:09:55.099 9 WARNING neutron_lib.context [None req-47e4163e-f0f6-4387-8a40-7c74b7a2650f f7a4e98c1f584d61837eb703eecdf4a6 1c2fc296ce1e46ffb60dfdeddb225a60 - - default default] Method 'is_advsvc' is deprecated since 2023.2 release (neutron-lib 3.8.0) and will be removed once support for the old RBAC API policies will be removed from Neutron. Please use method 'is_service_role' instead.
2026-06-03 01:09:55.135 10 INFO neutron.wsgi [None req-9bdb5dbb-ec4d-44c9-bb52-724b900b55e8 a2c78cabff1f49d394cdc774da803f1f b7cf0cf2248a460c822a2e34d6e4a317 - - default default] 10.0.0.22 "DELETE /v2.0/security-groups/a9e0e138-dc47-485f-a7c8-46efb3c46388 HTTP/1.1" status: 204 len: 168 time: 0.2460043
2026-06-03 01:09:55.163 9 INFO neutron.wsgi [None req-47e4163e-f0f6-4387-8a40-7c74b7a2650f f7a4e98c1f584d61837eb703eecdf4a6 1c2fc296ce1e46ffb60dfdeddb225a60 - - default default] 10.0.0.22 "POST /v2.0/subnetpools HTTP/1.1" status: 201 len: 715 time: 0.0724199
2026-06-03 01:09:55.180 9 WARNING neutron_lib.context [None req-d0fbe8c9-e224-4605-825d-de475c434293 f7a4e98c1f584d61837eb703eecdf4a6 1c2fc296ce1e46ffb60dfdeddb225a60 - - default default] Method 'is_advsvc' is deprecated since 2023.2 release (neutron-lib 3.8.0) and will be removed once support for the old RBAC API policies will be removed from Neutron. Please use method 'is_service_role' instead.
2026-06-03 01:09:55.238 9 INFO neutron.wsgi [None req-d0fbe8c9-e224-4605-825d-de475c434293 f7a4e98c1f584d61837eb703eecdf4a6 1c2fc296ce1e46ffb60dfdeddb225a60 - - default default] 10.0.0.22 "POST /v2.0/subnetpools HTTP/1.1" status: 201 len: 715 time: 0.0666380
2026-06-03 01:09:55.251 10 WARNING neutron_lib.context [None req-f72dbce4-bb71-4ad4-8109-8d0947ad199f f7a4e98c1f584d61837eb703eecdf4a6 1c2fc296ce1e46ffb60dfdeddb225a60 - - default default] Method 'is_advsvc' is deprecated since 2023.2 release (neutron-lib 3.8.0) and will be removed once support for the old RBAC API policies will be removed from Neutron. Please use method 'is_service_role' instead.
2026-06-03 01:09:55.357 10 INFO neutron.wsgi [None req-f72dbce4-bb71-4ad4-8109-8d0947ad199f f7a4e98c1f584d61837eb703eecdf4a6 1c2fc296ce1e46ffb60dfdeddb225a60 - - default default] 10.0.0.22 "POST /v2.0/subnetpools HTTP/1.1" status: 201 len: 715 time: 0.1143577
2026-06-03 01:09:55.368 10 WARNING neutron_lib.context [None req-c186e7bf-1cfa-432b-9e24-b7dcc14081c1 f7a4e98c1f584d61837eb703eecdf4a6 1c2fc296ce1e46ffb60dfdeddb225a60 - - default default] Method 'is_advsvc' is deprecated since 2023.2 release (neutron-lib 3.8.0) and will be removed once support for the old RBAC API policies will be removed from Neutron. Please use method 'is_service_role' instead.
2026-06-03 01:09:55.384 10 INFO neutron.wsgi [None req-3ab047d1-d939-476f-9840-f6afba6ad339 d4973fd4d02e4d909f7afbde2bec933c 02dbb657abdc4a54b4be4cc55f6de6e3 - - default default] 10.0.0.22 "POST /v2.0/qos/policies HTTP/1.1" status: 201 len: 558 time: 0.1564195
2026-06-03 01:09:55.436 10 INFO neutron.wsgi [None req-c186e7bf-1cfa-432b-9e24-b7dcc14081c1 f7a4e98c1f584d61837eb703eecdf4a6 1c2fc296ce1e46ffb60dfdeddb225a60 - - default default] 10.0.0.22 "POST /v2.0/subnetpools HTTP/1.1" status: 201 len: 715 time: 0.0742302
2026-06-03 01:09:55.454 9 INFO neutron.wsgi [None req-f41ea0ac-fab9-413e-a665-00b33b4b9448 d4973fd4d02e4d909f7afbde2bec933c 02dbb657abdc4a54b4be4cc55f6de6e3 - - default default] 10.0.0.22 "POST /v2.0/qos/policies HTTP/1.1" status: 201 len: 558 time: 0.0654402
2026-06-03 01:09:55.482 10 INFO neutron.wsgi [None req-9007f69c-ec18-4d0f-a2c3-cc125dcb6c77 f7a4e98c1f584d61837eb703eecdf4a6 1c2fc296ce1e46ffb60dfdeddb225a60 - - default default] 10.0.0.22 "PUT /v2.0/subnetpools/839f56b5-97e6-4964-b2fc-942b40f86ddb/tags HTTP/1.1" status: 200 len: 210 time: 0.0412512
2026-06-03 01:09:55.513 9 INFO neutron.wsgi [None req-c512f88f-20e2-44ec-b87b-7025571697d9 d4973fd4d02e4d909f7afbde2bec933c 02dbb657abdc4a54b4be4cc55f6de6e3 - - default default] 10.0.0.22 "POST /v2.0/qos/policies HTTP/1.1" status: 201 len: 558 time: 0.0523138
2026-06-03 01:09:55.524 10 INFO neutron.wsgi [None req-32239e63-d62e-46cc-86f8-228e9642092c f7a4e98c1f584d61837eb703eecdf4a6 1c2fc296ce1e46ffb60dfdeddb225a60 - - default default] 10.0.0.22 "PUT /v2.0/subnetpools/c0fd9e72-b3cd-4641-bd75-942698afcabb/tags HTTP/1.1" status: 200 len: 218 time: 0.0364673
2026-06-03 01:09:55.563 10 INFO neutron.wsgi [None req-48e48ee2-e071-4840-8f46-60d976335f5b f7a4e98c1f584d61837eb703eecdf4a6 1c2fc296ce1e46ffb60dfdeddb225a60 - - default default] 10.0.0.22 "PUT /v2.0/subnetpools/91506c35-9977-4532-88f8-2535af5e890d/tags HTTP/1.1" status: 200 len: 227 time: 0.0346222
2026-06-03 01:09:55.563 9 INFO neutron.wsgi [None req-17fd3db0-fe99-4b78-9f3c-3f86cd4c0d03 d4973fd4d02e4d909f7afbde2bec933c 02dbb657abdc4a54b4be4cc55f6de6e3 - - default default] 10.0.0.22 "POST /v2.0/qos/policies HTTP/1.1" status: 201 len: 558 time: 0.0456176
2026-06-03 01:09:55.602 10 INFO neutron.wsgi [None req-4ff6142a-aadd-4e91-b4e4-bb2eddf209e2 f7a4e98c1f584d61837eb703eecdf4a6 1c2fc296ce1e46ffb60dfdeddb225a60 - - default default] 10.0.0.22 "PUT /v2.0/subnetpools/832d00f5-9c9c-4002-ab68-6cb4caea5d94/tags HTTP/1.1" status: 200 len: 212 time: 0.0348830
2026-06-03 01:09:55.611 9 INFO neutron.wsgi [None req-c74651ff-f6e8-4024-9100-7ce39e851b32 d4973fd4d02e4d909f7afbde2bec933c 02dbb657abdc4a54b4be4cc55f6de6e3 - - default default] 10.0.0.22 "POST /v2.0/qos/policies HTTP/1.1" status: 201 len: 558 time: 0.0426934
2026-06-03 01:09:55.635 10 INFO neutron.wsgi [None req-0b2f5fe1-43ab-4cf1-9b7c-b3dcc17d57d8 f7a4e98c1f584d61837eb703eecdf4a6 1c2fc296ce1e46ffb60dfdeddb225a60 - - default default] 10.0.0.22 "GET /v2.0/subnetpools?tags=red HTTP/1.1" status: 200 len: 1758 time: 0.0279551
2026-06-03 01:09:55.655 9 INFO neutron.wsgi [None req-ebfd7ae9-460f-45bf-b9bf-3d6b4ebc6ca6 d4973fd4d02e4d909f7afbde2bec933c 02dbb657abdc4a54b4be4cc55f6de6e3 - - default default] 10.0.0.22 "PUT /v2.0/policies/7e321d85-e0d0-4c3c-8dfe-af35950a358f/tags HTTP/1.1" status: 200 len: 210 time: 0.0390828
2026-06-03 01:09:55.682 9 INFO neutron.wsgi [None req-ef0775be-15f0-4878-a6a9-95db9a88bb9e f7a4e98c1f584d61837eb703eecdf4a6 1c2fc296ce1e46ffb60dfdeddb225a60 - - default default] 10.0.0.22 "GET /v2.0/subnetpools?tags=red%2Cblue HTTP/1.1" status: 200 len: 1251 time: 0.0401754
2026-06-03 01:09:55.706 9 INFO neutron.wsgi [None req-3b0d1ced-bd80-4b50-9f57-d27b953717ff d4973fd4d02e4d909f7afbde2bec933c 02dbb657abdc4a54b4be4cc55f6de6e3 - - default default] 10.0.0.22 "PUT /v2.0/policies/53826c89-769c-42d7-ae02-2a12b3127800/tags HTTP/1.1" status: 200 len: 218 time: 0.0455515
2026-06-03 01:09:55.712 9 INFO neutron.wsgi [None req-b58aaa84-bce7-4819-ac73-9dfd0153ec99 f7a4e98c1f584d61837eb703eecdf4a6 1c2fc296ce1e46ffb60dfdeddb225a60 - - default default] 10.0.0.22 "GET /v2.0/subnetpools?tags-any=blue HTTP/1.1" status: 200 len: 1251 time: 0.0264282
2026-06-03 01:09:55.745 9 INFO neutron.wsgi [None req-708a4249-d3b6-439e-b5d7-3775f5dbd264 f7a4e98c1f584d61837eb703eecdf4a6 1c2fc296ce1e46ffb60dfdeddb225a60 - - default default] 10.0.0.22 "GET /v2.0/subnetpools?tags-any=red%2Cblue HTTP/1.1" status: 200 len: 1758 time: 0.0265696
2026-06-03 01:09:55.747 10 INFO neutron.wsgi [None req-dba0baba-1251-40dc-b88d-dc9b14077535 d4973fd4d02e4d909f7afbde2bec933c 02dbb657abdc4a54b4be4cc55f6de6e3 - - default default] 10.0.0.22 "PUT /v2.0/policies/dd68e153-60f0-4e28-877e-e5d3eabd095c/tags HTTP/1.1" status: 200 len: 227 time: 0.0353556
2026-06-03 01:09:55.773 9 INFO neutron.wsgi [None req-22365e49-77ee-4336-976f-84917c100ddc f7a4e98c1f584d61837eb703eecdf4a6 1c2fc296ce1e46ffb60dfdeddb225a60 - - default default] 10.0.0.22 "GET /v2.0/subnetpools?not-tags=red HTTP/1.1" status: 200 len: 1223 time: 0.0231977
2026-06-03 01:09:55.779 10 INFO neutron.wsgi [None req-48ec52ea-1ec6-4f87-a229-6ff8d267e393 d4973fd4d02e4d909f7afbde2bec933c 02dbb657abdc4a54b4be4cc55f6de6e3 - - default default] 10.0.0.22 "PUT /v2.0/policies/2da42a97-c523-4f58-9150-982ab8640843/tags HTTP/1.1" status: 200 len: 212 time: 0.0268207
2026-06-03 01:09:55.808 9 INFO neutron.wsgi [None req-9986832a-6db3-4a39-b573-5c298ea88af5 f7a4e98c1f584d61837eb703eecdf4a6 1c2fc296ce1e46ffb60dfdeddb225a60 - - default default] 10.0.0.22 "GET /v2.0/subnetpools?not-tags=red%2Cblue HTTP/1.1" status: 200 len: 1730 time: 0.0282471
2026-06-03 01:09:55.836 9 INFO neutron.wsgi [None req-8760d799-a31b-4084-8c41-a63dccf61f11 f7a4e98c1f584d61837eb703eecdf4a6 1c2fc296ce1e46ffb60dfdeddb225a60 - - default default] 10.0.0.22 "GET /v2.0/subnetpools?not-tags-any=blue HTTP/1.1" status: 200 len: 1730 time: 0.0234716
2026-06-03 01:09:55.864 9 INFO neutron.wsgi [None req-f4440684-83b8-4b06-b4d8-4accde101af5 f7a4e98c1f584d61837eb703eecdf4a6 1c2fc296ce1e46ffb60dfdeddb225a60 - - default default] 10.0.0.22 "GET /v2.0/subnetpools?not-tags-any=red%2Cblue HTTP/1.1" status: 200 len: 1223 time: 0.0226498
2026-06-03 01:09:55.934 9 INFO neutron.wsgi [None req-e2278b27-dc40-4c48-b711-5ff3bdcdedcd f7a4e98c1f584d61837eb703eecdf4a6 1c2fc296ce1e46ffb60dfdeddb225a60 - - default default] 10.0.0.22 "DELETE /v2.0/subnetpools/839f56b5-97e6-4964-b2fc-942b40f86ddb HTTP/1.1" status: 204 len: 168 time: 0.0635512
2026-06-03 01:09:56.006 9 INFO neutron.wsgi [None req-b4890d50-377f-438f-9137-d0febe2fba08 f7a4e98c1f584d61837eb703eecdf4a6 1c2fc296ce1e46ffb60dfdeddb225a60 - - default default] 10.0.0.22 "DELETE /v2.0/subnetpools/c0fd9e72-b3cd-4641-bd75-942698afcabb HTTP/1.1" status: 204 len: 168 time: 0.0646493
2026-06-03 01:09:56.063 9 INFO neutron.wsgi [None req-3aece871-a3ff-479d-b71f-af8766fad94f f7a4e98c1f584d61837eb703eecdf4a6 1c2fc296ce1e46ffb60dfdeddb225a60 - - default default] 10.0.0.22 "DELETE /v2.0/subnetpools/91506c35-9977-4532-88f8-2535af5e890d HTTP/1.1" status: 204 len: 168 time: 0.0530946
2026-06-03 01:09:56.128 9 INFO neutron.wsgi [None req-40222234-fdef-42e1-a54f-09ee9aac876f f7a4e98c1f584d61837eb703eecdf4a6 1c2fc296ce1e46ffb60dfdeddb225a60 - - default default] 10.0.0.22 "DELETE /v2.0/subnetpools/832d00f5-9c9c-4002-ab68-6cb4caea5d94 HTTP/1.1" status: 204 len: 168 time: 0.0593922
2026-06-03 01:09:56.209 10 INFO neutron.wsgi [None req-53184869-655d-4ab5-99e4-348ea788aaf0 f7a4e98c1f584d61837eb703eecdf4a6 1c2fc296ce1e46ffb60dfdeddb225a60 - - default default] 10.0.0.22 "DELETE /v2.0/subnetpools/8f0d6da1-ff38-48e5-a18a-57eb948b2193 HTTP/1.1" status: 204 len: 168 time: 0.0754025
2026-06-03 01:09:56.434 10 INFO neutron.wsgi [None req-cdc22793-8460-4b9a-8002-bdca41918b84 8816b2f84d4d49eabad3637932bfd14a 97e752ace0884093b9132d9c89f2d72e - - default default] 10.0.0.22 "GET /v2.0/qos/policies?tags=red HTTP/1.1" status: 200 len: 1296 time: 0.2759218
2026-06-03 01:09:56.497 10 INFO neutron.wsgi [None req-db2359f5-07d2-4f3d-b0cb-764db2e05b00 8816b2f84d4d49eabad3637932bfd14a 97e752ace0884093b9132d9c89f2d72e - - default default] 10.0.0.22 "GET /v2.0/qos/policies?tags=red%2Cblue HTTP/1.1" status: 200 len: 941 time: 0.0569513
2026-06-03 01:09:56.556 9 INFO neutron.wsgi [None req-74bb6649-3e6f-46c5-9e1d-588f5507b667 8816b2f84d4d49eabad3637932bfd14a 97e752ace0884093b9132d9c89f2d72e - - default default] 10.0.0.22 "GET /v2.0/qos/policies?tags-any=blue HTTP/1.1" status: 200 len: 941 time: 0.0540149
2026-06-03 01:09:56.630 9 INFO neutron.wsgi [None req-907243d2-994a-4e5f-8b89-795d73c94dd5 8816b2f84d4d49eabad3637932bfd14a 97e752ace0884093b9132d9c89f2d72e - - default default] 10.0.0.22 "GET /v2.0/qos/policies?tags-any=red%2Cblue HTTP/1.1" status: 200 len: 1296 time: 0.0689652
2026-06-03 01:09:56.695 9 INFO neutron.wsgi [None req-4d14c7b3-173c-44a0-b177-888b40e616bf 8816b2f84d4d49eabad3637932bfd14a 97e752ace0884093b9132d9c89f2d72e - - default default] 10.0.0.22 "GET /v2.0/qos/policies?not-tags=red HTTP/1.1" status: 200 len: 913 time: 0.0582473
2026-06-03 01:09:56.787 9 INFO neutron.wsgi [None req-2e564fe0-1144-4cb9-bbff-ff90d3b18091 8816b2f84d4d49eabad3637932bfd14a 97e752ace0884093b9132d9c89f2d72e - - default default] 10.0.0.22 "GET /v2.0/qos/policies?not-tags=red%2Cblue HTTP/1.1" status: 200 len: 1268 time: 0.0868468
2026-06-03 01:09:56.857 9 INFO neutron.wsgi [None req-aefeab6f-fcc9-4578-80be-e46cc314f9d5 8816b2f84d4d49eabad3637932bfd14a 97e752ace0884093b9132d9c89f2d72e - - default default] 10.0.0.22 "GET /v2.0/qos/policies?not-tags-any=blue HTTP/1.1" status: 200 len: 1268 time: 0.0630631
2026-06-03 01:09:56.909 9 INFO neutron.wsgi [None req-c042b15f-bc69-40cc-806d-f6d900c0bff7 8816b2f84d4d49eabad3637932bfd14a 97e752ace0884093b9132d9c89f2d72e - - default default] 10.0.0.22 "GET /v2.0/qos/policies?not-tags-any=red%2Cblue HTTP/1.1" status: 200 len: 913 time: 0.0464003
2026-06-03 01:09:56.981 9 INFO neutron.wsgi [None req-656b290a-2715-4f02-9968-a3d7f2c9594a d4973fd4d02e4d909f7afbde2bec933c 02dbb657abdc4a54b4be4cc55f6de6e3 - - default default] 10.0.0.22 "DELETE /v2.0/qos/policies/7e321d85-e0d0-4c3c-8dfe-af35950a358f HTTP/1.1" status: 204 len: 168 time: 0.0660760
2026-06-03 01:09:57.046 9 INFO neutron.wsgi [None req-8edaf497-c628-493e-b16d-ce77c3bb9e1f d4973fd4d02e4d909f7afbde2bec933c 02dbb657abdc4a54b4be4cc55f6de6e3 - - default default] 10.0.0.22 "DELETE /v2.0/qos/policies/53826c89-769c-42d7-ae02-2a12b3127800 HTTP/1.1" status: 204 len: 168 time: 0.0596166
2026-06-03 01:09:57.110 9 INFO neutron.wsgi [None req-c809a873-ae28-4ecd-b356-22f8e4140b66 d4973fd4d02e4d909f7afbde2bec933c 02dbb657abdc4a54b4be4cc55f6de6e3 - - default default] 10.0.0.22 "DELETE /v2.0/qos/policies/dd68e153-60f0-4e28-877e-e5d3eabd095c HTTP/1.1" status: 204 len: 168 time: 0.0580168
2026-06-03 01:09:57.179 9 INFO neutron.wsgi [None req-7a25df3e-29da-454f-a9db-e29ea80698a2 d4973fd4d02e4d909f7afbde2bec933c 02dbb657abdc4a54b4be4cc55f6de6e3 - - default default] 10.0.0.22 "DELETE /v2.0/qos/policies/2da42a97-c523-4f58-9150-982ab8640843 HTTP/1.1" status: 204 len: 168 time: 0.0631168
2026-06-03 01:09:57.248 9 INFO neutron.wsgi [None req-8eb960de-005c-4a26-bb5e-9d0ac48b207c d4973fd4d02e4d909f7afbde2bec933c 02dbb657abdc4a54b4be4cc55f6de6e3 - - default default] 10.0.0.22 "DELETE /v2.0/qos/policies/f9f16b25-c525-49db-9050-98efdea6ed18 HTTP/1.1" status: 204 len: 168 time: 0.0651984
2026-06-03 01:09:57.357 10 INFO neutron.db.ovn_revision_numbers_db [None req-d04fba80-52f4-4091-ac9e-93af98a240b1 a2c78cabff1f49d394cdc774da803f1f b7cf0cf2248a460c822a2e34d6e4a317 - - default default] Successfully bumped revision number for resource e4104b2d-4af0-48af-8773-59cc745465f3 (type: security_groups) to 1
2026-06-03 01:09:57.374 10 INFO neutron.db.ovn_revision_numbers_db [None req-d04fba80-52f4-4091-ac9e-93af98a240b1 a2c78cabff1f49d394cdc774da803f1f b7cf0cf2248a460c822a2e34d6e4a317 - - default default] Successfully bumped revision number for resource 00f3a173-8136-4012-9ca1-9a8558676d32 (type: security_group_rules) to 0
2026-06-03 01:09:57.419 10 INFO neutron.db.ovn_revision_numbers_db [None req-d04fba80-52f4-4091-ac9e-93af98a240b1 a2c78cabff1f49d394cdc774da803f1f b7cf0cf2248a460c822a2e34d6e4a317 - - default default] Successfully bumped revision number for resource 35328f93-957d-4e39-8ceb-2bed856b40bb (type: security_group_rules) to 0
2026-06-03 01:09:57.441 10 INFO neutron.db.ovn_revision_numbers_db [None req-d04fba80-52f4-4091-ac9e-93af98a240b1 a2c78cabff1f49d394cdc774da803f1f b7cf0cf2248a460c822a2e34d6e4a317 - - default default] Successfully bumped revision number for resource 909ba3c4-2816-4330-aa0b-9eeb6f23b527 (type: security_group_rules) to 0
2026-06-03 01:09:57.458 10 INFO neutron.db.ovn_revision_numbers_db [None req-d04fba80-52f4-4091-ac9e-93af98a240b1 a2c78cabff1f49d394cdc774da803f1f b7cf0cf2248a460c822a2e34d6e4a317 - - default default] Successfully bumped revision number for resource ebf32a65-095c-4fcf-adad-003e14229edb (type: security_group_rules) to 0
2026-06-03 01:09:57.483 10 INFO neutron.wsgi [None req-d04fba80-52f4-4091-ac9e-93af98a240b1 a2c78cabff1f49d394cdc774da803f1f b7cf0cf2248a460c822a2e34d6e4a317 - - default default] 10.0.0.22 "GET /v2.0/security-groups?tenant_id=1c2fc296ce1e46ffb60dfdeddb225a60&name=default HTTP/1.1" status: 200 len: 3120 time: 0.4692171
2026-06-03 01:09:57.704 9 INFO neutron.wsgi [None req-2781cc31-4ac4-4e4c-a578-71264bc62a5b a2c78cabff1f49d394cdc774da803f1f b7cf0cf2248a460c822a2e34d6e4a317 - - default default] 10.0.0.22 "DELETE /v2.0/security-groups/e4104b2d-4af0-48af-8773-59cc745465f3 HTTP/1.1" status: 204 len: 168 time: 0.2166812
2026-06-03 01:09:58.008 9 INFO neutron.db.ovn_revision_numbers_db [None req-1f04190a-ef3d-4ab7-850e-7ce6fee408ce a2c78cabff1f49d394cdc774da803f1f b7cf0cf2248a460c822a2e34d6e4a317 - - default default] Successfully bumped revision number for resource bc149c59-39d0-4bbc-af4f-b3b8e8ab4d08 (type: security_groups) to 1
2026-06-03 01:09:58.026 9 INFO neutron.db.ovn_revision_numbers_db [None req-1f04190a-ef3d-4ab7-850e-7ce6fee408ce a2c78cabff1f49d394cdc774da803f1f b7cf0cf2248a460c822a2e34d6e4a317 - - default default] Successfully bumped revision number for resource a5563b38-7cfb-4028-83c9-8e7c428ab030 (type: security_group_rules) to 0
2026-06-03 01:09:58.047 9 INFO neutron.db.ovn_revision_numbers_db [None req-1f04190a-ef3d-4ab7-850e-7ce6fee408ce a2c78cabff1f49d394cdc774da803f1f b7cf0cf2248a460c822a2e34d6e4a317 - - default default] Successfully bumped revision number for resource d23e0789-2ea9-4579-9235-0b08e0ad93bb (type: security_group_rules) to 0
2026-06-03 01:09:58.062 9 INFO neutron.db.ovn_revision_numbers_db [None req-1f04190a-ef3d-4ab7-850e-7ce6fee408ce a2c78cabff1f49d394cdc774da803f1f b7cf0cf2248a460c822a2e34d6e4a317 - - default default] Successfully bumped revision number for resource d59528d8-38f0-417c-b467-447dbef3848c (type: security_group_rules) to 0
2026-06-03 01:09:58.077 9 INFO neutron.db.ovn_revision_numbers_db [None req-1f04190a-ef3d-4ab7-850e-7ce6fee408ce a2c78cabff1f49d394cdc774da803f1f b7cf0cf2248a460c822a2e34d6e4a317 - - default default] Successfully bumped revision number for resource f3007e06-2c13-4d1d-8ca6-f7edd82134f8 (type: security_group_rules) to 0
2026-06-03 01:09:58.101 9 INFO neutron.wsgi [None req-1f04190a-ef3d-4ab7-850e-7ce6fee408ce a2c78cabff1f49d394cdc774da803f1f b7cf0cf2248a460c822a2e34d6e4a317 - - default default] 10.0.0.22 "GET /v2.0/security-groups?tenant_id=0b7057e160474bd2b2458e5430083dbf&name=default HTTP/1.1" status: 200 len: 3120 time: 0.2324326
2026-06-03 01:09:58.276 9 INFO neutron.db.ovn_revision_numbers_db [None req-4c83dab1-8bad-46e9-b6b8-cc6eb2d1cae4 a2c78cabff1f49d394cdc774da803f1f b7cf0cf2248a460c822a2e34d6e4a317 - - default default] Successfully bumped revision number for resource 7fba5411-4b3b-4a76-abe8-fd3ae2801d0e (type: security_groups) to 1
2026-06-03 01:09:58.281 9 INFO neutron.wsgi [req-bd66a448-bef1-4956-931d-ba8849ebb938 req-26d411ea-4862-413d-b28f-11e5bb285b14 a2c78cabff1f49d394cdc774da803f1f b7cf0cf2248a460c822a2e34d6e4a317 - - default default] 10.0.0.91 "GET /v2.0/security-groups?id=e286dc1c-8345-4021-b698-5ba081beed04&fields=id HTTP/1.1" status: 200 len: 267 time: 0.0603838
2026-06-03 01:09:58.305 9 INFO neutron.db.ovn_revision_numbers_db [None req-4c83dab1-8bad-46e9-b6b8-cc6eb2d1cae4 a2c78cabff1f49d394cdc774da803f1f b7cf0cf2248a460c822a2e34d6e4a317 - - default default] Successfully bumped revision number for resource 02f966fa-9288-4aa3-9a30-4e1dc1fabed0 (type: security_group_rules) to 0
2026-06-03 01:09:58.345 9 INFO neutron.db.ovn_revision_numbers_db [None req-4c83dab1-8bad-46e9-b6b8-cc6eb2d1cae4 a2c78cabff1f49d394cdc774da803f1f b7cf0cf2248a460c822a2e34d6e4a317 - - default default] Successfully bumped revision number for resource 11bde2c0-57df-4baa-8684-9a011aead67f (type: security_group_rules) to 0
2026-06-03 01:09:58.365 9 INFO neutron.db.ovn_revision_numbers_db [None req-4c83dab1-8bad-46e9-b6b8-cc6eb2d1cae4 a2c78cabff1f49d394cdc774da803f1f b7cf0cf2248a460c822a2e34d6e4a317 - - default default] Successfully bumped revision number for resource 7d3ff583-e91e-48a8-a545-8c043e2553e2 (type: security_group_rules) to 0
2026-06-03 01:09:58.370 9 INFO neutron.wsgi [req-bd66a448-bef1-4956-931d-ba8849ebb938 req-02580b42-a2e2-4442-9faa-1b986a4f1f6d a2c78cabff1f49d394cdc774da803f1f b7cf0cf2248a460c822a2e34d6e4a317 - - default default] 10.0.0.91 "GET /v2.0/networks?id=e18cbb1a-7ae0-418d-8aee-bae4b35b11ee HTTP/1.1" status: 200 len: 937 time: 0.0777559
2026-06-03 01:09:58.373 10 INFO neutron.wsgi [None req-9151f15f-8ce0-41fe-b169-267ac3d1ea91 a2c78cabff1f49d394cdc774da803f1f b7cf0cf2248a460c822a2e34d6e4a317 - - default default] 10.0.0.22 "DELETE /v2.0/security-groups/bc149c59-39d0-4bbc-af4f-b3b8e8ab4d08 HTTP/1.1" status: 204 len: 168 time: 0.2618756
2026-06-03 01:09:58.384 9 INFO neutron.db.ovn_revision_numbers_db [None req-4c83dab1-8bad-46e9-b6b8-cc6eb2d1cae4 a2c78cabff1f49d394cdc774da803f1f b7cf0cf2248a460c822a2e34d6e4a317 - - default default] Successfully bumped revision number for resource f66aa73e-c203-41e3-9b7c-fb8428cdb43b (type: security_group_rules) to 0
2026-06-03 01:09:58.389 9 INFO neutron.wsgi [req-bd66a448-bef1-4956-931d-ba8849ebb938 req-0380dc5d-dcda-4824-93c0-20b2d9837af8 a2c78cabff1f49d394cdc774da803f1f b7cf0cf2248a460c822a2e34d6e4a317 - - default default] 10.0.0.91 "GET /v2.0/quotas/b7cf0cf2248a460c822a2e34d6e4a317 HTTP/1.1" status: 200 len: 490 time: 0.0123436
2026-06-03 01:09:58.406 9 INFO neutron.wsgi [None req-4c83dab1-8bad-46e9-b6b8-cc6eb2d1cae4 a2c78cabff1f49d394cdc774da803f1f b7cf0cf2248a460c822a2e34d6e4a317 - - default default] 10.0.0.22 "GET /v2.0/security-groups?tenant_id=02dbb657abdc4a54b4be4cc55f6de6e3&name=default HTTP/1.1" status: 200 len: 3120 time: 0.4013717
2026-06-03 01:09:58.460 9 INFO neutron.wsgi [req-bd66a448-bef1-4956-931d-ba8849ebb938 req-ca8dede6-210d-4fe7-b843-73bbe131e909 a2c78cabff1f49d394cdc774da803f1f b7cf0cf2248a460c822a2e34d6e4a317 - - default default] 10.0.0.91 "GET /v2.0/ports?tenant_id=b7cf0cf2248a460c822a2e34d6e4a317&fields=id HTTP/1.1" status: 200 len: 348 time: 0.0608208
2026-06-03 01:09:58.553 9 INFO neutron.wsgi [req-bd66a448-bef1-4956-931d-ba8849ebb938 req-7df48d1f-02c8-436e-a927-ed55944754b6 a40210201caa49bb93cd515aa8095e00 a78bb181ca684beda97a5b9e234ddee7 - - 27592d6e2a0a46d8aa949fa5c795dc48 27592d6e2a0a46d8aa949fa5c795dc48] 10.0.0.91 "GET /v2.0/networks/e18cbb1a-7ae0-418d-8aee-bae4b35b11ee?fields=segments HTTP/1.1" status: 200 len: 212 time: 0.0783806
2026-06-03 01:09:58.652 9 INFO neutron.wsgi [req-bd66a448-bef1-4956-931d-ba8849ebb938 req-0c00c70d-7da2-41ec-be3c-f42063f20dfb a40210201caa49bb93cd515aa8095e00 a78bb181ca684beda97a5b9e234ddee7 - - 27592d6e2a0a46d8aa949fa5c795dc48 27592d6e2a0a46d8aa949fa5c795dc48] 10.0.0.91 "GET /v2.0/networks/e18cbb1a-7ae0-418d-8aee-bae4b35b11ee?fields=provider%3Aphysical_network&fields=provider%3Anetwork_type HTTP/1.1" status: 200 len: 277 time: 0.0879240
2026-06-03 01:09:58.682 10 INFO neutron.wsgi [None req-e21acea1-c281-4d78-a245-1cf7acb78712 a2c78cabff1f49d394cdc774da803f1f b7cf0cf2248a460c822a2e34d6e4a317 - - default default] 10.0.0.22 "DELETE /v2.0/security-groups/7fba5411-4b3b-4a76-abe8-fd3ae2801d0e HTTP/1.1" status: 204 len: 168 time: 0.2694199
2026-06-03 01:09:58.694 9 INFO neutron.db.ovn_revision_numbers_db [None req-d9f3f550-0e37-42b6-94fa-5e2158a8e465 a2c78cabff1f49d394cdc774da803f1f b7cf0cf2248a460c822a2e34d6e4a317 - - default default] Successfully bumped revision number for resource 06a6f757-1445-4abd-8dc6-e7ccf48a1691 (type: security_groups) to 1
2026-06-03 01:09:58.709 9 INFO neutron.db.ovn_revision_numbers_db [None req-d9f3f550-0e37-42b6-94fa-5e2158a8e465 a2c78cabff1f49d394cdc774da803f1f b7cf0cf2248a460c822a2e34d6e4a317 - - default default] Successfully bumped revision number for resource 0e727345-7b8c-4d90-bbfc-f38fd229aed2 (type: security_group_rules) to 0
2026-06-03 01:09:58.722 9 INFO neutron.db.ovn_revision_numbers_db [None req-d9f3f550-0e37-42b6-94fa-5e2158a8e465 a2c78cabff1f49d394cdc774da803f1f b7cf0cf2248a460c822a2e34d6e4a317 - - default default] Successfully bumped revision number for resource 9e78d6b5-0bf9-434d-8b38-f7155915aedc (type: security_group_rules) to 0
