2026-06-03 01:07:14.633 9 WARNING neutron.api.rpc.agentnotifiers.dhcp_rpc_agent_api [None req-7aaa93ab-2228-4d40-8deb-1d2901c0f6ca a2c78cabff1f49d394cdc774da803f1f b7cf0cf2248a460c822a2e34d6e4a317 - - default default] Unable to schedule network 11959fa2-5f4b-4570-a12a-a6e325708b26: no agents available; will retry on subsequent port and subnet creation events.
2026-06-03 01:07:14.802 9 INFO neutron.db.ovn_revision_numbers_db [None req-7aaa93ab-2228-4d40-8deb-1d2901c0f6ca a2c78cabff1f49d394cdc774da803f1f b7cf0cf2248a460c822a2e34d6e4a317 - - default default] Successfully bumped revision number for resource 31e8bcfa-0082-4b35-9376-7b95bcf9589c (type: ports) to 1
2026-06-03 01:07:14.994 10 INFO neutron.db.ovn_revision_numbers_db [None req-b10d756b-152a-4be2-9b1e-fcf6c64ff021 - - - - - -] Successfully bumped revision number for resource da191a07-c214-4754-a279-f59b376f7315 (type: ports) to 1
2026-06-03 01:07:15.164 10 INFO neutron.services.segments.plugin [-] Segment 962fb86a-5000-4c92-a7c9-dbd98f4e280b resource provider aggregate not found
2026-06-03 01:07:15.175 10 INFO neutron.services.segments.plugin [-] Segment 962fb86a-5000-4c92-a7c9-dbd98f4e280b resource provider aggregate not found
2026-06-03 01:07:15.210 10 INFO neutron.services.segments.plugin [-] Segment 962fb86a-5000-4c92-a7c9-dbd98f4e280b resource provider not found; error: Placement Client Error (4xx): {"errors": [{"status": 404, "title": "Not Found", "detail": "The resource could not be found.\n\n No resource provider with uuid 962fb86a-5000-4c92-a7c9-dbd98f4e280b found for delete ", "request_id": "req-b816ea92-78fb-4580-8d09-9d4faf37a6a3"}]}
2026-06-03 01:07:15.211 10 INFO neutron.services.segments.plugin [-] Segment 962fb86a-5000-4c92-a7c9-dbd98f4e280b resource provider not found; error: Placement Client Error (4xx): {"errors": [{"status": 404, "title": "Not Found", "detail": "The resource could not be found.\n\n No resource provider with uuid 962fb86a-5000-4c92-a7c9-dbd98f4e280b found for delete ", "request_id": "req-82a3410d-520d-44bf-af8f-26062cfc1dc8"}]}
2026-06-03 01:07:15.231 10 INFO neutron.wsgi [None req-c82bdf73-e00f-44cc-a4ba-62b9c2813f05 d4d16f3a088b451b99755aef12b41689 3bf75af2a0d54a4fbae4777ad98f61a7 - - default default] 10.0.0.22 "PUT /v2.0/routers/b1e933c1-c394-40d6-99fd-1cce3eb7a44a/remove_router_interface HTTP/1.1" status: 200 len: 503 time: 2.3280797
2026-06-03 01:07:15.257 10 INFO neutron.wsgi [None req-21487ebf-6123-4ec2-93d0-7996fce887e3 45e3ac2890a04ec78a0e1788ea65531c 45e91e3a25da4e7181f0e4e83ee4f241 - - default default] 10.0.0.22 "DELETE /v2.0/networks/7a3aba90-85e2-414f-8a85-b56401893eb3 HTTP/1.1" status: 204 len: 168 time: 1.1302898
2026-06-03 01:07:15.604 10 INFO neutron.db.ovn_revision_numbers_db [None req-b10d756b-152a-4be2-9b1e-fcf6c64ff021 - - - - - -] Successfully bumped revision number for resource da191a07-c214-4754-a279-f59b376f7315 (type: router_ports) to 3
2026-06-03 01:07:15.793 9 ERROR ovsdbapp.backend.ovs_idl.command [None req-7aaa93ab-2228-4d40-8deb-1d2901c0f6ca a2c78cabff1f49d394cdc774da803f1f b7cf0cf2248a460c822a2e34d6e4a317 - - default default] Error executing command (DbGetCommand): ovsdbapp.backend.ovs_idl.idlutils.RowNotFound: Cannot find Logical_Router_Port with name=lrp-31e8bcfa-0082-4b35-9376-7b95bcf9589c
2026-06-03 01:07:15.793 9 ERROR ovsdbapp.backend.ovs_idl.command
Traceback (most recent call last):
2026-06-03 01:07:15.793 9 ERROR ovsdbapp.backend.ovs_idl.command
File "/var/lib/openstack/lib/python3.10/site-packages/ovsdbapp/backend/ovs_idl/command.py", line 47, in execute
2026-06-03 01:07:15.793 9 ERROR ovsdbapp.backend.ovs_idl.command self.run_idl(None)
2026-06-03 01:07:15.793 9 ERROR ovsdbapp.backend.ovs_idl.command
File "/var/lib/openstack/lib/python3.10/site-packages/ovsdbapp/backend/ovs_idl/command.py", line 235, in run_idl
2026-06-03 01:07:15.793 9 ERROR ovsdbapp.backend.ovs_idl.command record = self.api.lookup(self.table, self.record)
2026-06-03 01:07:15.793 9 ERROR ovsdbapp.backend.ovs_idl.command
File "/var/lib/openstack/lib/python3.10/site-packages/ovsdbapp/backend/ovs_idl/__init__.py", line 184, in lookup
2026-06-03 01:07:15.793 9 ERROR ovsdbapp.backend.ovs_idl.command return self._lookup(table, record)
2026-06-03 01:07:15.793 9 ERROR ovsdbapp.backend.ovs_idl.command
File "/var/lib/openstack/lib/python3.10/site-packages/ovsdbapp/backend/ovs_idl/__init__.py", line 235, in _lookup
2026-06-03 01:07:15.793 9 ERROR ovsdbapp.backend.ovs_idl.command row = idlutils.row_by_value(self, rl.table, rl.column, record)
2026-06-03 01:07:15.793 9 ERROR ovsdbapp.backend.ovs_idl.command
File "/var/lib/openstack/lib/python3.10/site-packages/ovsdbapp/backend/ovs_idl/idlutils.py", line 114, in row_by_value
2026-06-03 01:07:15.793 9 ERROR ovsdbapp.backend.ovs_idl.command raise RowNotFound(table=table, col=column, match=match)
2026-06-03 01:07:15.793 9 ERROR ovsdbapp.backend.ovs_idl.command ovsdbapp.backend.ovs_idl.idlutils.RowNotFound: Cannot find Logical_Router_Port with name=lrp-31e8bcfa-0082-4b35-9376-7b95bcf9589c
2026-06-03 01:07:15.793 9 ERROR ovsdbapp.backend.ovs_idl.command 
2026-06-03 01:07:15.793 9 ERROR neutron_lib.callbacks.manager [None req-7aaa93ab-2228-4d40-8deb-1d2901c0f6ca a2c78cabff1f49d394cdc774da803f1f b7cf0cf2248a460c822a2e34d6e4a317 - - default default] Error during notification for neutron.services.ovn_l3.plugin.OVNL3RouterPlugin._port_update-8776969588454 port, after_update: ovsdbapp.backend.ovs_idl.idlutils.RowNotFound: Cannot find Logical_Router_Port with name=lrp-31e8bcfa-0082-4b35-9376-7b95bcf9589c
2026-06-03 01:07:15.793 9 ERROR neutron_lib.callbacks.manager
Traceback (most recent call last):
2026-06-03 01:07:15.793 9 ERROR neutron_lib.callbacks.manager
File "/var/lib/openstack/lib/python3.10/site-packages/neutron_lib/callbacks/manager.py", line 189, in _notify_loop
2026-06-03 01:07:15.793 9 ERROR neutron_lib.callbacks.manager callback.method(resource, event, trigger, payload=payload)
2026-06-03 01:07:15.793 9 ERROR neutron_lib.callbacks.manager
File "/var/lib/openstack/lib/python3.10/site-packages/neutron/services/ovn_l3/plugin.py", line 391, in _port_update
2026-06-03 01:07:15.793 9 ERROR neutron_lib.callbacks.manager l3plugin._ovn_client.update_router_port(context,
2026-06-03 01:07:15.793 9 ERROR neutron_lib.callbacks.manager
File "/var/lib/openstack/lib/python3.10/site-packages/neutron/plugins/ml2/drivers/ovn/mech_driver/ovsdb/ovn_client.py", line 1878, in update_router_port
2026-06-03 01:07:15.793 9 ERROR neutron_lib.callbacks.manager self._update_lrouter_port(context, port, if_exists=if_exists,
2026-06-03 01:07:15.793 9 ERROR neutron_lib.callbacks.manager
File "/var/lib/openstack/lib/python3.10/site-packages/neutron/plugins/ml2/drivers/ovn/mech_driver/ovsdb/ovn_client.py", line 1855, in _update_lrouter_port
2026-06-03 01:07:15.793 9 ERROR neutron_lib.callbacks.manager external_ids = self._nb_idl.db_get(
2026-06-03 01:07:15.793 9 ERROR neutron_lib.callbacks.manager
File "/var/lib/openstack/lib/python3.10/site-packages/ovsdbapp/backend/ovs_idl/command.py", line 47, in execute
2026-06-03 01:07:15.793 9 ERROR neutron_lib.callbacks.manager self.run_idl(None)
2026-06-03 01:07:15.793 9 ERROR neutron_lib.callbacks.manager
File "/var/lib/openstack/lib/python3.10/site-packages/ovsdbapp/backend/ovs_idl/command.py", line 235, in run_idl
2026-06-03 01:07:15.793 9 ERROR neutron_lib.callbacks.manager record = self.api.lookup(self.table, self.record)
2026-06-03 01:07:15.793 9 ERROR neutron_lib.callbacks.manager
File "/var/lib/openstack/lib/python3.10/site-packages/ovsdbapp/backend/ovs_idl/__init__.py", line 184, in lookup
2026-06-03 01:07:15.793 9 ERROR neutron_lib.callbacks.manager return self._lookup(table, record)
2026-06-03 01:07:15.793 9 ERROR neutron_lib.callbacks.manager
File "/var/lib/openstack/lib/python3.10/site-packages/ovsdbapp/backend/ovs_idl/__init__.py", line 235, in _lookup
2026-06-03 01:07:15.793 9 ERROR neutron_lib.callbacks.manager row = idlutils.row_by_value(self, rl.table, rl.column, record)
2026-06-03 01:07:15.793 9 ERROR neutron_lib.callbacks.manager
File "/var/lib/openstack/lib/python3.10/site-packages/ovsdbapp/backend/ovs_idl/idlutils.py", line 114, in row_by_value
2026-06-03 01:07:15.793 9 ERROR neutron_lib.callbacks.manager raise RowNotFound(table=table, col=column, match=match)
2026-06-03 01:07:15.793 9 ERROR neutron_lib.callbacks.manager ovsdbapp.backend.ovs_idl.idlutils.RowNotFound: Cannot find Logical_Router_Port with name=lrp-31e8bcfa-0082-4b35-9376-7b95bcf9589c
2026-06-03 01:07:15.793 9 ERROR neutron_lib.callbacks.manager 
2026-06-03 01:07:15.867 10 INFO neutron.db.ovn_revision_numbers_db [None req-b10d756b-152a-4be2-9b1e-fcf6c64ff021 - - - - - -] Successfully bumped revision number for resource da191a07-c214-4754-a279-f59b376f7315 (type: ports) to 2 /var/lib/openstack/lib/python3.10/site-packages/pycadf/identifier.py:71: UserWarning: Invalid uuid: neutron. To ensure interoperability, identifiers should be a valid uuid. warnings.warn(('Invalid uuid: %s. To ensure interoperability, '
2026-06-03 01:07:16.089 10 INFO neutron.wsgi [None req-b74a5aed-12b3-4748-8bf8-8a5337689312 a2c78cabff1f49d394cdc774da803f1f b7cf0cf2248a460c822a2e34d6e4a317 - - default default] 10.0.0.22 "GET /v2.0/security-groups?tenant_id=45e91e3a25da4e7181f0e4e83ee4f241&name=default HTTP/1.1" status: 200 len: 3120 time: 0.2402585
2026-06-03 01:07:16.127 9 INFO neutron.db.ovn_revision_numbers_db [None req-7aaa93ab-2228-4d40-8deb-1d2901c0f6ca a2c78cabff1f49d394cdc774da803f1f b7cf0cf2248a460c822a2e34d6e4a317 - - default default] Successfully bumped revision number for resource 31e8bcfa-0082-4b35-9376-7b95bcf9589c (type: ports) to 1
2026-06-03 01:07:16.289 9 WARNING neutron.scheduler.dhcp_agent_scheduler [None req-7aaa93ab-2228-4d40-8deb-1d2901c0f6ca a2c78cabff1f49d394cdc774da803f1f b7cf0cf2248a460c822a2e34d6e4a317 - - default default] No more DHCP agents
2026-06-03 01:07:16.297 9 WARNING neutron.api.rpc.agentnotifiers.dhcp_rpc_agent_api [None req-7aaa93ab-2228-4d40-8deb-1d2901c0f6ca a2c78cabff1f49d394cdc774da803f1f b7cf0cf2248a460c822a2e34d6e4a317 - - default default] Unable to schedule network 11959fa2-5f4b-4570-a12a-a6e325708b26: no agents available; will retry on subsequent port and subnet creation events.
2026-06-03 01:07:16.349 10 INFO neutron.db.ovn_revision_numbers_db [None req-b10d756b-152a-4be2-9b1e-fcf6c64ff021 - - - - - -] Successfully bumped revision number for resource da191a07-c214-4754-a279-f59b376f7315 (type: ports) to 4
2026-06-03 01:07:16.474 10 INFO neutron.plugins.ml2.drivers.ovn.mech_driver.mech_driver [None req-d254c2f5-fbc4-4d6c-bee9-11794dbcca2b - - - - - -] OVN reports status up for port: 31e8bcfa-0082-4b35-9376-7b95bcf9589c
2026-06-03 01:07:16.487 10 INFO neutron.plugins.ml2.plugin [None req-d254c2f5-fbc4-4d6c-bee9-11794dbcca2b - - - - - -] Attempt 1 to provision port 31e8bcfa-0082-4b35-9376-7b95bcf9589c
2026-06-03 01:07:16.715 10 INFO neutron.db.ovn_revision_numbers_db [None req-b10d756b-152a-4be2-9b1e-fcf6c64ff021 - - - - - -] Successfully bumped revision number for resource da191a07-c214-4754-a279-f59b376f7315 (type: router_ports) to 4
2026-06-03 01:07:16.888 9 INFO neutron.wsgi [None req-8d933ffa-05ec-438e-bc8f-d52efdf61661 a2c78cabff1f49d394cdc774da803f1f b7cf0cf2248a460c822a2e34d6e4a317 - - default default] 10.0.0.22 "DELETE /v2.0/security-groups/434f01f8-3019-4787-8f02-5db426467122 HTTP/1.1" status: 204 len: 168 time: 0.7907107
2026-06-03 01:07:16.999 9 INFO neutron.wsgi [None req-9d4dbb13-b87a-47b6-bf4b-d93ae4e9b7c4 d4d16f3a088b451b99755aef12b41689 3bf75af2a0d54a4fbae4777ad98f61a7 - - default default] 10.0.0.22 "DELETE /v2.0/routers/b1e933c1-c394-40d6-99fd-1cce3eb7a44a HTTP/1.1" status: 204 len: 168 time: 1.7634323
2026-06-03 01:07:17.030 10 INFO neutron.db.ovn_revision_numbers_db [None req-d254c2f5-fbc4-4d6c-bee9-11794dbcca2b - - - - - -] Successfully bumped revision number for resource 31e8bcfa-0082-4b35-9376-7b95bcf9589c (type: ports) to 2
2026-06-03 01:07:17.166 10 ERROR ovsdbapp.backend.ovs_idl.command [None req-d254c2f5-fbc4-4d6c-bee9-11794dbcca2b - - - - - -] Error executing command (DbGetCommand): ovsdbapp.backend.ovs_idl.idlutils.RowNotFound: Cannot find Logical_Router_Port with name=lrp-31e8bcfa-0082-4b35-9376-7b95bcf9589c
2026-06-03 01:07:17.166 10 ERROR ovsdbapp.backend.ovs_idl.command
Traceback (most recent call last):
2026-06-03 01:07:17.166 10 ERROR ovsdbapp.backend.ovs_idl.command
File "/var/lib/openstack/lib/python3.10/site-packages/ovsdbapp/backend/ovs_idl/command.py", line 47, in execute
2026-06-03 01:07:17.166 10 ERROR ovsdbapp.backend.ovs_idl.command self.run_idl(None)
2026-06-03 01:07:17.166 10 ERROR ovsdbapp.backend.ovs_idl.command
File "/var/lib/openstack/lib/python3.10/site-packages/ovsdbapp/backend/ovs_idl/command.py", line 235, in run_idl
2026-06-03 01:07:17.166 10 ERROR ovsdbapp.backend.ovs_idl.command record = self.api.lookup(self.table, self.record)
2026-06-03 01:07:17.166 10 ERROR ovsdbapp.backend.ovs_idl.command
File "/var/lib/openstack/lib/python3.10/site-packages/ovsdbapp/backend/ovs_idl/__init__.py", line 184, in lookup
2026-06-03 01:07:17.166 10 ERROR ovsdbapp.backend.ovs_idl.command return self._lookup(table, record)
2026-06-03 01:07:17.166 10 ERROR ovsdbapp.backend.ovs_idl.command
File "/var/lib/openstack/lib/python3.10/site-packages/ovsdbapp/backend/ovs_idl/__init__.py", line 235, in _lookup
2026-06-03 01:07:17.166 10 ERROR ovsdbapp.backend.ovs_idl.command row = idlutils.row_by_value(self, rl.table, rl.column, record)
2026-06-03 01:07:17.166 10 ERROR ovsdbapp.backend.ovs_idl.command
File "/var/lib/openstack/lib/python3.10/site-packages/ovsdbapp/backend/ovs_idl/idlutils.py", line 114, in row_by_value
2026-06-03 01:07:17.166 10 ERROR ovsdbapp.backend.ovs_idl.command raise RowNotFound(table=table, col=column, match=match)
2026-06-03 01:07:17.166 10 ERROR ovsdbapp.backend.ovs_idl.command ovsdbapp.backend.ovs_idl.idlutils.RowNotFound: Cannot find Logical_Router_Port with name=lrp-31e8bcfa-0082-4b35-9376-7b95bcf9589c
2026-06-03 01:07:17.166 10 ERROR ovsdbapp.backend.ovs_idl.command 
2026-06-03 01:07:17.167 10 ERROR neutron_lib.callbacks.manager [None req-d254c2f5-fbc4-4d6c-bee9-11794dbcca2b - - - - - -] Error during notification for neutron.services.ovn_l3.plugin.OVNL3RouterPlugin._port_update-8776969588454 port, after_update: ovsdbapp.backend.ovs_idl.idlutils.RowNotFound: Cannot find Logical_Router_Port with name=lrp-31e8bcfa-0082-4b35-9376-7b95bcf9589c
2026-06-03 01:07:17.167 10 ERROR neutron_lib.callbacks.manager
Traceback (most recent call last):
2026-06-03 01:07:17.167 10 ERROR neutron_lib.callbacks.manager
File "/var/lib/openstack/lib/python3.10/site-packages/neutron_lib/callbacks/manager.py", line 189, in _notify_loop
2026-06-03 01:07:17.167 10 ERROR neutron_lib.callbacks.manager callback.method(resource, event, trigger, payload=payload)
2026-06-03 01:07:17.167 10 ERROR neutron_lib.callbacks.manager
File "/var/lib/openstack/lib/python3.10/site-packages/neutron/services/ovn_l3/plugin.py", line 391, in _port_update
2026-06-03 01:07:17.167 10 ERROR neutron_lib.callbacks.manager l3plugin._ovn_client.update_router_port(context,
2026-06-03 01:07:17.167 10 ERROR neutron_lib.callbacks.manager
File "/var/lib/openstack/lib/python3.10/site-packages/neutron/plugins/ml2/drivers/ovn/mech_driver/ovsdb/ovn_client.py", line 1878, in update_router_port
2026-06-03 01:07:17.167 10 ERROR neutron_lib.callbacks.manager self._update_lrouter_port(context, port, if_exists=if_exists,
2026-06-03 01:07:17.167 10 ERROR neutron_lib.callbacks.manager
File "/var/lib/openstack/lib/python3.10/site-packages/neutron/plugins/ml2/drivers/ovn/mech_driver/ovsdb/ovn_client.py", line 1855, in _update_lrouter_port
2026-06-03 01:07:17.167 10 ERROR neutron_lib.callbacks.manager external_ids = self._nb_idl.db_get(
2026-06-03 01:07:17.167 10 ERROR neutron_lib.callbacks.manager
File "/var/lib/openstack/lib/python3.10/site-packages/ovsdbapp/backend/ovs_idl/command.py", line 47, in execute
2026-06-03 01:07:17.167 10 ERROR neutron_lib.callbacks.manager self.run_idl(None)
2026-06-03 01:07:17.167 10 ERROR neutron_lib.callbacks.manager
File "/var/lib/openstack/lib/python3.10/site-packages/ovsdbapp/backend/ovs_idl/command.py", line 235, in run_idl
2026-06-03 01:07:17.167 10 ERROR neutron_lib.callbacks.manager record = self.api.lookup(self.table, self.record)
2026-06-03 01:07:17.167 10 ERROR neutron_lib.callbacks.manager
File "/var/lib/openstack/lib/python3.10/site-packages/ovsdbapp/backend/ovs_idl/__init__.py", line 184, in lookup
2026-06-03 01:07:17.167 10 ERROR neutron_lib.callbacks.manager return self._lookup(table, record)
2026-06-03 01:07:17.167 10 ERROR neutron_lib.callbacks.manager
File "/var/lib/openstack/lib/python3.10/site-packages/ovsdbapp/backend/ovs_idl/__init__.py", line 235, in _lookup
2026-06-03 01:07:17.167 10 ERROR neutron_lib.callbacks.manager row = idlutils.row_by_value(self, rl.table, rl.column, record)
2026-06-03 01:07:17.167 10 ERROR neutron_lib.callbacks.manager
File "/var/lib/openstack/lib/python3.10/site-packages/ovsdbapp/backend/ovs_idl/idlutils.py", line 114, in row_by_value
2026-06-03 01:07:17.167 10 ERROR neutron_lib.callbacks.manager raise RowNotFound(table=table, col=column, match=match)
2026-06-03 01:07:17.167 10 ERROR neutron_lib.callbacks.manager ovsdbapp.backend.ovs_idl.idlutils.RowNotFound: Cannot find Logical_Router_Port with name=lrp-31e8bcfa-0082-4b35-9376-7b95bcf9589c
2026-06-03 01:07:17.167 10 ERROR neutron_lib.callbacks.manager 
2026-06-03 01:07:17.274 9 INFO neutron.wsgi [None req-a30ee925-631a-4d4e-ba71-176dff7f56e1 d4d16f3a088b451b99755aef12b41689 3bf75af2a0d54a4fbae4777ad98f61a7 - - default default] 10.0.0.22 "DELETE /v2.0/subnets/b9cc2892-efd6-46ed-9cf7-d6de472871a7 HTTP/1.1" status: 204 len: 168 time: 0.2686443
2026-06-03 01:07:17.322 9 INFO neutron.db.ovn_revision_numbers_db [None req-7aaa93ab-2228-4d40-8deb-1d2901c0f6ca a2c78cabff1f49d394cdc774da803f1f b7cf0cf2248a460c822a2e34d6e4a317 - - default default] Successfully bumped revision number for resource 31e8bcfa-0082-4b35-9376-7b95bcf9589c (type: router_ports) to 1
2026-06-03 01:07:17.330 9 INFO neutron.wsgi [None req-7aaa93ab-2228-4d40-8deb-1d2901c0f6ca a2c78cabff1f49d394cdc774da803f1f b7cf0cf2248a460c822a2e34d6e4a317 - - default default] 10.0.0.22 "PUT /v2.0/routers/4b62c075-c499-4194-a4a1-3fb1db53cc95/add_router_interface HTTP/1.1" status: 200 len: 503 time: 3.6328580
2026-06-03 01:07:17.683 10 INFO neutron.services.segments.plugin [-] Segment 7f11cdd2-38aa-4f7a-b81d-441b88ba3d96 resource provider aggregate not found
2026-06-03 01:07:17.687 10 INFO neutron.services.segments.plugin [-] Segment 7f11cdd2-38aa-4f7a-b81d-441b88ba3d96 resource provider aggregate not found
2026-06-03 01:07:17.704 10 INFO neutron.services.segments.plugin [-] Segment 7f11cdd2-38aa-4f7a-b81d-441b88ba3d96 resource provider not found; error: Placement Client Error (4xx): {"errors": [{"status": 404, "title": "Not Found", "detail": "The resource could not be found.\n\n No resource provider with uuid 7f11cdd2-38aa-4f7a-b81d-441b88ba3d96 found for delete ", "request_id": "req-32547403-fafb-4090-b4a3-a25be2708936"}]}
2026-06-03 01:07:17.707 10 INFO neutron.services.segments.plugin [-] Segment 7f11cdd2-38aa-4f7a-b81d-441b88ba3d96 resource provider not found; error: Placement Client Error (4xx): {"errors": [{"status": 404, "title": "Not Found", "detail": "The resource could not be found.\n\n No resource provider with uuid 7f11cdd2-38aa-4f7a-b81d-441b88ba3d96 found for delete ", "request_id": "req-cc97e205-3181-43f8-a9b5-d59384924b41"}]}
2026-06-03 01:07:17.733 10 INFO neutron.wsgi [None req-97d11845-bd53-4d1b-a4d7-e0d4f9c2c710 d4d16f3a088b451b99755aef12b41689 3bf75af2a0d54a4fbae4777ad98f61a7 - - default default] 10.0.0.22 "DELETE /v2.0/networks/da466789-8b6c-4e6c-96e6-c14d57e11bed HTTP/1.1" status: 204 len: 168 time: 0.4539971
2026-06-03 01:07:18.034 9 WARNING neutron_lib.context [None req-250df029-80df-47dc-9386-b90001a6b29f c04e69b9c8ec4a699347d984ed8df56e a31ff7f9186140c9be0d23f304edaf85 - - default default] Method 'is_advsvc' is deprecated since 2023.2 release (neutron-lib 3.8.0) and will be removed once support for the old RBAC API policies will be removed from Neutron. Please use method 'is_service_role' instead.
2026-06-03 01:07:18.171 9 INFO neutron.db.ovn_revision_numbers_db [None req-250df029-80df-47dc-9386-b90001a6b29f c04e69b9c8ec4a699347d984ed8df56e a31ff7f9186140c9be0d23f304edaf85 - - default default] Successfully bumped revision number for resource 64d35d48-205f-4a25-9a09-374e68832cbb (type: security_groups) to 1
2026-06-03 01:07:18.184 9 INFO neutron.db.ovn_revision_numbers_db [None req-250df029-80df-47dc-9386-b90001a6b29f c04e69b9c8ec4a699347d984ed8df56e a31ff7f9186140c9be0d23f304edaf85 - - default default] Successfully bumped revision number for resource 1750f950-15fd-470a-ad3f-88d6b28de8d4 (type: security_group_rules) to 0
2026-06-03 01:07:18.199 9 INFO neutron.db.ovn_revision_numbers_db [None req-250df029-80df-47dc-9386-b90001a6b29f c04e69b9c8ec4a699347d984ed8df56e a31ff7f9186140c9be0d23f304edaf85 - - default default] Successfully bumped revision number for resource c82db63a-f717-4fe6-9ed4-229f08bfff40 (type: security_group_rules) to 0
2026-06-03 01:07:18.221 9 INFO neutron.wsgi [None req-250df029-80df-47dc-9386-b90001a6b29f c04e69b9c8ec4a699347d984ed8df56e a31ff7f9186140c9be0d23f304edaf85 - - default default] 10.0.0.22 "POST /v2.0/security-groups HTTP/1.1" status: 201 len: 1860 time: 0.1940289
2026-06-03 01:07:18.232 9 WARNING neutron_lib.context [None req-714eb70b-eee5-4ebf-b490-34ed5d3c285b c04e69b9c8ec4a699347d984ed8df56e a31ff7f9186140c9be0d23f304edaf85 - - default default] Method 'is_advsvc' is deprecated since 2023.2 release (neutron-lib 3.8.0) and will be removed once support for the old RBAC API policies will be removed from Neutron. Please use method 'is_service_role' instead.
2026-06-03 01:07:18.359 9 INFO neutron.db.ovn_revision_numbers_db [None req-714eb70b-eee5-4ebf-b490-34ed5d3c285b c04e69b9c8ec4a699347d984ed8df56e a31ff7f9186140c9be0d23f304edaf85 - - default default] Successfully bumped revision number for resource a02485a0-e924-4627-bcd4-d7cbd0fea66b (type: security_group_rules) to 0
2026-06-03 01:07:18.394 9 INFO neutron.wsgi [None req-714eb70b-eee5-4ebf-b490-34ed5d3c285b c04e69b9c8ec4a699347d984ed8df56e a31ff7f9186140c9be0d23f304edaf85 - - default default] 10.0.0.22 "POST /v2.0/security-group-rules HTTP/1.1" status: 201 len: 796 time: 0.1675396
2026-06-03 01:07:18.404 9 WARNING neutron_lib.context [None req-2a0e873e-8d7c-4401-a335-6330c3e07d9d c04e69b9c8ec4a699347d984ed8df56e a31ff7f9186140c9be0d23f304edaf85 - - default default] Method 'is_advsvc' is deprecated since 2023.2 release (neutron-lib 3.8.0) and will be removed once support for the old RBAC API policies will be removed from Neutron. Please use method 'is_service_role' instead.
2026-06-03 01:07:18.487 10 INFO neutron.wsgi [None req-6d9cc2fa-d938-4479-b4ce-caa66d5f1437 a2c78cabff1f49d394cdc774da803f1f b7cf0cf2248a460c822a2e34d6e4a317 - - default default] 10.0.0.22 "GET /v2.0/security-groups?tenant_id=3bf75af2a0d54a4fbae4777ad98f61a7&name=default HTTP/1.1" status: 200 len: 3120 time: 0.2841470
2026-06-03 01:07:18.550 9 INFO neutron.db.ovn_revision_numbers_db [None req-2a0e873e-8d7c-4401-a335-6330c3e07d9d c04e69b9c8ec4a699347d984ed8df56e a31ff7f9186140c9be0d23f304edaf85 - - default default] Successfully bumped revision number for resource 3e9fbf09-f410-48c1-9f4f-7066e5d87cfc (type: security_group_rules) to 0
2026-06-03 01:07:18.581 9 INFO neutron.wsgi [None req-2a0e873e-8d7c-4401-a335-6330c3e07d9d c04e69b9c8ec4a699347d984ed8df56e a31ff7f9186140c9be0d23f304edaf85 - - default default] 10.0.0.22 "POST /v2.0/security-group-rules HTTP/1.1" status: 201 len: 801 time: 0.1827693
2026-06-03 01:07:18.593 10 WARNING neutron_lib.context [None req-f19f513e-c12a-4a12-89d5-45dd7daf1412 c04e69b9c8ec4a699347d984ed8df56e a31ff7f9186140c9be0d23f304edaf85 - - default default] Method 'is_advsvc' is deprecated since 2023.2 release (neutron-lib 3.8.0) and will be removed once support for the old RBAC API policies will be removed from Neutron. Please use method 'is_service_role' instead.
2026-06-03 01:07:18.836 9 WARNING neutron_lib.context [None req-79595148-7ce0-4b52-9dd1-d5651074d80e 5e8ee07d8895477cb1ffee091962cfa5 5fc0878c80ab4d25a52c6ed78b35f317 - - default default] Method 'is_advsvc' is deprecated since 2023.2 release (neutron-lib 3.8.0) and will be removed once support for the old RBAC API policies will be removed from Neutron. Please use method 'is_service_role' instead.
2026-06-03 01:07:18.901 10 INFO neutron.wsgi [None req-40ebaa43-ab83-47b4-a8aa-3441e4df56ac a2c78cabff1f49d394cdc774da803f1f b7cf0cf2248a460c822a2e34d6e4a317 - - default default] 10.0.0.22 "DELETE /v2.0/security-groups/ce3eb34e-8030-464c-b774-bd8721888a6c HTTP/1.1" status: 204 len: 168 time: 0.4094079
2026-06-03 01:07:18.963 10 WARNING neutron.scheduler.dhcp_agent_scheduler [None req-f19f513e-c12a-4a12-89d5-45dd7daf1412 c04e69b9c8ec4a699347d984ed8df56e a31ff7f9186140c9be0d23f304edaf85 - - default default] No more DHCP agents
2026-06-03 01:07:18.967 10 WARNING neutron.api.rpc.agentnotifiers.dhcp_rpc_agent_api [None req-f19f513e-c12a-4a12-89d5-45dd7daf1412 c04e69b9c8ec4a699347d984ed8df56e a31ff7f9186140c9be0d23f304edaf85 - - default default] Unable to schedule network 8856a006-1498-4c6b-adb8-aca6c2ef139f: no agents available; will retry on subsequent port and subnet creation events.
2026-06-03 01:07:18.996 9 INFO neutron.db.ovn_revision_numbers_db [None req-79595148-7ce0-4b52-9dd1-d5651074d80e 5e8ee07d8895477cb1ffee091962cfa5 5fc0878c80ab4d25a52c6ed78b35f317 - - default default] Successfully bumped revision number for resource 53924693-3cbb-4537-9adf-4f06e8f99b1f (type: security_groups) to 1
2026-06-03 01:07:19.014 9 INFO neutron.db.ovn_revision_numbers_db [None req-79595148-7ce0-4b52-9dd1-d5651074d80e 5e8ee07d8895477cb1ffee091962cfa5 5fc0878c80ab4d25a52c6ed78b35f317 - - default default] Successfully bumped revision number for resource 2a79157c-8c23-4f9f-a470-6dd3b66d823c (type: security_group_rules) to 0
2026-06-03 01:07:19.032 9 INFO neutron.db.ovn_revision_numbers_db [None req-79595148-7ce0-4b52-9dd1-d5651074d80e 5e8ee07d8895477cb1ffee091962cfa5 5fc0878c80ab4d25a52c6ed78b35f317 - - default default] Successfully bumped revision number for resource 4b74d6f7-7a6a-4080-b37e-4774e39c06d8 (type: security_group_rules) to 0
2026-06-03 01:07:19.050 9 INFO neutron.db.ovn_revision_numbers_db [None req-79595148-7ce0-4b52-9dd1-d5651074d80e 5e8ee07d8895477cb1ffee091962cfa5 5fc0878c80ab4d25a52c6ed78b35f317 - - default default] Successfully bumped revision number for resource 8945fbed-b307-4efe-8953-52e882354ae7 (type: security_group_rules) to 0
2026-06-03 01:07:19.066 9 INFO neutron.db.ovn_revision_numbers_db [None req-79595148-7ce0-4b52-9dd1-d5651074d80e 5e8ee07d8895477cb1ffee091962cfa5 5fc0878c80ab4d25a52c6ed78b35f317 - - default default] Successfully bumped revision number for resource f9fcfc6e-49b1-48ba-afe8-3db37a285956 (type: security_group_rules) to 0
2026-06-03 01:07:19.116 9 INFO neutron.db.segments_db [None req-79595148-7ce0-4b52-9dd1-d5651074d80e 5e8ee07d8895477cb1ffee091962cfa5 5fc0878c80ab4d25a52c6ed78b35f317 - - default default] Added segment 7ea0c9d6-39e8-4195-bf4b-79da96dd4135 of type geneve for network 44b796b3-44b2-4d9c-a142-6a788fd5a21a
2026-06-03 01:07:19.267 9 INFO neutron.db.ovn_revision_numbers_db [None req-79595148-7ce0-4b52-9dd1-d5651074d80e 5e8ee07d8895477cb1ffee091962cfa5 5fc0878c80ab4d25a52c6ed78b35f317 - - default default] Successfully bumped revision number for resource 44b796b3-44b2-4d9c-a142-6a788fd5a21a (type: networks) to 1
2026-06-03 01:07:19.493 9 WARNING neutron.scheduler.dhcp_agent_scheduler [None req-79595148-7ce0-4b52-9dd1-d5651074d80e 5e8ee07d8895477cb1ffee091962cfa5 5fc0878c80ab4d25a52c6ed78b35f317 - - default default] No more DHCP agents
2026-06-03 01:07:19.494 9 WARNING neutron.api.rpc.agentnotifiers.dhcp_rpc_agent_api [None req-79595148-7ce0-4b52-9dd1-d5651074d80e 5e8ee07d8895477cb1ffee091962cfa5 5fc0878c80ab4d25a52c6ed78b35f317 - - default default] Unable to schedule network 44b796b3-44b2-4d9c-a142-6a788fd5a21a: no agents available; will retry on subsequent port and subnet creation events.
2026-06-03 01:07:19.571 10 INFO neutron.wsgi [None req-f19f513e-c12a-4a12-89d5-45dd7daf1412 c04e69b9c8ec4a699347d984ed8df56e a31ff7f9186140c9be0d23f304edaf85 - - default default] 10.0.0.22 "POST /v2.0/floatingips HTTP/1.1" status: 201 len: 751 time: 0.9838893
2026-06-03 01:07:19.585 9 INFO neutron.db.ovn_revision_numbers_db [None req-79595148-7ce0-4b52-9dd1-d5651074d80e 5e8ee07d8895477cb1ffee091962cfa5 5fc0878c80ab4d25a52c6ed78b35f317 - - default default] Successfully bumped revision number for resource e717b57d-5ad3-4fc1-88ba-41b73b9b9fd5 (type: ports) to 1
2026-06-03 01:07:19.632 9 INFO neutron.wsgi [None req-79595148-7ce0-4b52-9dd1-d5651074d80e 5e8ee07d8895477cb1ffee091962cfa5 5fc0878c80ab4d25a52c6ed78b35f317 - - default default] 10.0.0.22 "POST /v2.0/networks HTTP/1.1" status: 201 len: 844 time: 0.9639516
2026-06-03 01:07:19.641 9 WARNING neutron_lib.context [None req-ebe036b1-15a8-45c0-8ff6-6f3fdb92cefb 5e8ee07d8895477cb1ffee091962cfa5 5fc0878c80ab4d25a52c6ed78b35f317 - - default default] Method 'is_advsvc' is deprecated since 2023.2 release (neutron-lib 3.8.0) and will be removed once support for the old RBAC API policies will be removed from Neutron. Please use method 'is_service_role' instead.
2026-06-03 01:07:19.909 9 WARNING neutron.scheduler.dhcp_agent_scheduler [None req-ebe036b1-15a8-45c0-8ff6-6f3fdb92cefb 5e8ee07d8895477cb1ffee091962cfa5 5fc0878c80ab4d25a52c6ed78b35f317 - - default default] No more DHCP agents
2026-06-03 01:07:19.912 9 WARNING neutron.api.rpc.agentnotifiers.dhcp_rpc_agent_api [None req-ebe036b1-15a8-45c0-8ff6-6f3fdb92cefb 5e8ee07d8895477cb1ffee091962cfa5 5fc0878c80ab4d25a52c6ed78b35f317 - - default default] Unable to schedule network 44b796b3-44b2-4d9c-a142-6a788fd5a21a: no agents available; will retry on subsequent port and subnet creation events.
2026-06-03 01:07:19.998 9 INFO neutron.db.ovn_revision_numbers_db [None req-ebe036b1-15a8-45c0-8ff6-6f3fdb92cefb 5e8ee07d8895477cb1ffee091962cfa5 5fc0878c80ab4d25a52c6ed78b35f317 - - default default] Successfully bumped revision number for resource 660c2005-ef6d-4602-ac75-3b7bd7cdd4c2 (type: ports) to 1
2026-06-03 01:07:20.024 9 INFO neutron.wsgi [None req-ebe036b1-15a8-45c0-8ff6-6f3fdb92cefb 5e8ee07d8895477cb1ffee091962cfa5 5fc0878c80ab4d25a52c6ed78b35f317 - - default default] 10.0.0.22 "POST /v2.0/ports HTTP/1.1" status: 201 len: 973 time: 0.3870363 /var/lib/openstack/lib/python3.10/site-packages/pycadf/identifier.py:71: UserWarning: Invalid uuid: neutron. To ensure interoperability, identifiers should be a valid uuid. warnings.warn(('Invalid uuid: %s. To ensure interoperability, '
2026-06-03 01:07:20.036 9 WARNING neutron_lib.context [None req-0df52fab-159e-400f-bdf5-2577c8ece782 5e8ee07d8895477cb1ffee091962cfa5 5fc0878c80ab4d25a52c6ed78b35f317 - - default default] Method 'is_advsvc' is deprecated since 2023.2 release (neutron-lib 3.8.0) and will be removed once support for the old RBAC API policies will be removed from Neutron. Please use method 'is_service_role' instead.
2026-06-03 01:07:20.095 9 INFO neutron.wsgi [req-221e717c-8235-4484-ba4e-b425ae5db286 req-6a092a93-ead8-4acf-9f11-4d499ae41521 c04e69b9c8ec4a699347d984ed8df56e a31ff7f9186140c9be0d23f304edaf85 - - default default] 10.0.0.91 "GET /v2.0/security-groups?name=tempest-securitygroup--142806900&fields=id&tenant_id=a31ff7f9186140c9be0d23f304edaf85 HTTP/1.1" status: 200 len: 267 time: 0.0479813
2026-06-03 01:07:20.166 9 INFO neutron.db.segments_db [None req-0df52fab-159e-400f-bdf5-2577c8ece782 5e8ee07d8895477cb1ffee091962cfa5 5fc0878c80ab4d25a52c6ed78b35f317 - - default default] Added segment 46098fd0-8ea5-4480-9c94-05f33fdf0935 of type geneve for network 18501c3f-3c5f-4ad0-9c42-12d719c78496
2026-06-03 01:07:20.204 9 INFO neutron.wsgi [req-221e717c-8235-4484-ba4e-b425ae5db286 req-5b701af8-3e14-4d30-a0f8-8631cd082d8d c04e69b9c8ec4a699347d984ed8df56e a31ff7f9186140c9be0d23f304edaf85 - - default default] 10.0.0.91 "GET /v2.0/networks?id=11959fa2-5f4b-4570-a12a-a6e325708b26 HTTP/1.1" status: 200 len: 874 time: 0.0999846
2026-06-03 01:07:20.232 9 INFO neutron.wsgi [req-221e717c-8235-4484-ba4e-b425ae5db286 req-283c49d6-28b1-4b95-8ed3-a394058efd12 c04e69b9c8ec4a699347d984ed8df56e a31ff7f9186140c9be0d23f304edaf85 - - default default] 10.0.0.91 "GET /v2.0/quotas/a31ff7f9186140c9be0d23f304edaf85 HTTP/1.1" status: 200 len: 491 time: 0.0217552
2026-06-03 01:07:20.396 9 INFO neutron.wsgi [req-221e717c-8235-4484-ba4e-b425ae5db286 req-83ba4b62-1567-40ce-b632-2eb40906c262 c04e69b9c8ec4a699347d984ed8df56e a31ff7f9186140c9be0d23f304edaf85 - - default default] 10.0.0.91 "GET /v2.0/ports?tenant_id=a31ff7f9186140c9be0d23f304edaf85&fields=id HTTP/1.1" status: 200 len: 302 time: 0.1569114
2026-06-03 01:07:20.396 9 INFO neutron.db.ovn_revision_numbers_db [None req-0df52fab-159e-400f-bdf5-2577c8ece782 5e8ee07d8895477cb1ffee091962cfa5 5fc0878c80ab4d25a52c6ed78b35f317 - - default default] Successfully bumped revision number for resource 18501c3f-3c5f-4ad0-9c42-12d719c78496 (type: networks) to 1
2026-06-03 01:07:20.748 9 INFO neutron.wsgi [req-221e717c-8235-4484-ba4e-b425ae5db286 req-a8f3ae56-3737-4258-aef6-3151037a72ed a40210201caa49bb93cd515aa8095e00 a78bb181ca684beda97a5b9e234ddee7 - - 27592d6e2a0a46d8aa949fa5c795dc48 27592d6e2a0a46d8aa949fa5c795dc48] 10.0.0.91 "GET /v2.0/networks/11959fa2-5f4b-4570-a12a-a6e325708b26?fields=segments HTTP/1.1" status: 200 len: 212 time: 0.3406310
2026-06-03 01:07:20.808 10 WARNING neutron_lib.context [None req-f83b07fc-1c74-4c73-a7e7-08276ea2b931 95868a243dab4a628b679bd6521cba62 8e767df1d81f47c48ccb89dde67ef4db - - default default] Method 'is_advsvc' is deprecated since 2023.2 release (neutron-lib 3.8.0) and will be removed once support for the old RBAC API policies will be removed from Neutron. Please use method 'is_service_role' instead.
2026-06-03 01:07:20.809 10 WARNING neutron_lib.context [None req-f83b07fc-1c74-4c73-a7e7-08276ea2b931 95868a243dab4a628b679bd6521cba62 8e767df1d81f47c48ccb89dde67ef4db - - default default] Method 'is_advsvc' is deprecated since 2023.2 release (neutron-lib 3.8.0) and will be removed once support for the old RBAC API policies will be removed from Neutron. Please use method 'is_service_role' instead.
2026-06-03 01:07:20.857 9 INFO neutron.wsgi [req-221e717c-8235-4484-ba4e-b425ae5db286 req-deca6eed-bd60-4f29-88b7-6d6f05851629 a40210201caa49bb93cd515aa8095e00 a78bb181ca684beda97a5b9e234ddee7 - - 27592d6e2a0a46d8aa949fa5c795dc48 27592d6e2a0a46d8aa949fa5c795dc48] 10.0.0.91 "GET /v2.0/networks/11959fa2-5f4b-4570-a12a-a6e325708b26?fields=provider%3Aphysical_network&fields=provider%3Anetwork_type HTTP/1.1" status: 200 len: 277 time: 0.0989480
2026-06-03 01:07:20.892 9 WARNING neutron.scheduler.dhcp_agent_scheduler [None req-0df52fab-159e-400f-bdf5-2577c8ece782 5e8ee07d8895477cb1ffee091962cfa5 5fc0878c80ab4d25a52c6ed78b35f317 - - default default] No more DHCP agents
2026-06-03 01:07:20.894 9 WARNING neutron.api.rpc.agentnotifiers.dhcp_rpc_agent_api [None req-0df52fab-159e-400f-bdf5-2577c8ece782 5e8ee07d8895477cb1ffee091962cfa5 5fc0878c80ab4d25a52c6ed78b35f317 - - default default] Unable to schedule network 18501c3f-3c5f-4ad0-9c42-12d719c78496: no agents available; will retry on subsequent port and subnet creation events.
2026-06-03 01:07:20.976 10 INFO neutron.db.ovn_revision_numbers_db [None req-f83b07fc-1c74-4c73-a7e7-08276ea2b931 95868a243dab4a628b679bd6521cba62 8e767df1d81f47c48ccb89dde67ef4db - - default default] Successfully bumped revision number for resource a799eab4-543b-4312-9651-96f3dfb787f8 (type: security_groups) to 1
2026-06-03 01:07:20.990 10 INFO neutron.db.ovn_revision_numbers_db [None req-f83b07fc-1c74-4c73-a7e7-08276ea2b931 95868a243dab4a628b679bd6521cba62 8e767df1d81f47c48ccb89dde67ef4db - - default default] Successfully bumped revision number for resource 3c551d5d-9c21-4869-b30f-09c6c2dc9198 (type: security_group_rules) to 0
2026-06-03 01:07:21.005 9 INFO neutron.wsgi [req-efa22df1-c8ea-4df8-a98f-8ab7690ed3d7 req-acb201b2-89ce-4943-b8d8-61ce43db9200 c04e69b9c8ec4a699347d984ed8df56e a31ff7f9186140c9be0d23f304edaf85 - - default default] 10.0.0.91 "GET /v2.0/ports?device_id=1dd0d8e6-1295-49fc-8b50-063aa8dc0bb5 HTTP/1.1" status: 200 len: 210 time: 0.0216911
2026-06-03 01:07:21.007 9 INFO neutron.db.ovn_revision_numbers_db [None req-0df52fab-159e-400f-bdf5-2577c8ece782 5e8ee07d8895477cb1ffee091962cfa5 5fc0878c80ab4d25a52c6ed78b35f317 - - default default] Successfully bumped revision number for resource 9dddecf5-9e09-49fc-8614-f178b639c16a (type: ports) to 1
2026-06-03 01:07:21.008 10 INFO neutron.db.ovn_revision_numbers_db [None req-f83b07fc-1c74-4c73-a7e7-08276ea2b931 95868a243dab4a628b679bd6521cba62 8e767df1d81f47c48ccb89dde67ef4db - - default default] Successfully bumped revision number for resource 6cb85851-95be-4b34-ada3-a7a625c5a5e5 (type: security_group_rules) to 0
2026-06-03 01:07:21.028 10 INFO neutron.db.ovn_revision_numbers_db [None req-f83b07fc-1c74-4c73-a7e7-08276ea2b931 95868a243dab4a628b679bd6521cba62 8e767df1d81f47c48ccb89dde67ef4db - - default default] Successfully bumped revision number for resource 90330917-5293-4876-a050-76b7f61ca799 (type: security_group_rules) to 0
2026-06-03 01:07:21.032 9 INFO neutron.wsgi [None req-0df52fab-159e-400f-bdf5-2577c8ece782 5e8ee07d8895477cb1ffee091962cfa5 5fc0878c80ab4d25a52c6ed78b35f317 - - default default] 10.0.0.22 "POST /v2.0/networks HTTP/1.1" status: 201 len: 831 time: 1.0028200
2026-06-03 01:07:21.043 9 WARNING neutron_lib.context [None req-c2a3829b-4685-4bd5-9938-a704ce21185c 5e8ee07d8895477cb1ffee091962cfa5 5fc0878c80ab4d25a52c6ed78b35f317 - - default default] Method 'is_advsvc' is deprecated since 2023.2 release (neutron-lib 3.8.0) and will be removed once support for the old RBAC API policies will be removed from Neutron. Please use method 'is_service_role' instead.
2026-06-03 01:07:21.044 10 INFO neutron.db.ovn_revision_numbers_db [None req-f83b07fc-1c74-4c73-a7e7-08276ea2b931 95868a243dab4a628b679bd6521cba62 8e767df1d81f47c48ccb89dde67ef4db - - default default] Successfully bumped revision number for resource 9302920b-004a-4ca8-bae5-d84d886735f7 (type: security_group_rules) to 0
2026-06-03 01:07:21.126 10 INFO neutron.db.segments_db [None req-f83b07fc-1c74-4c73-a7e7-08276ea2b931 95868a243dab4a628b679bd6521cba62 8e767df1d81f47c48ccb89dde67ef4db - - default default] Added segment 56d5bf9b-b249-4f0d-aa54-e4574f9d5d7f of type geneve for network 8f45e2bf-3c0c-419e-bd3e-554c299d5828
2026-06-03 01:07:21.256 10 INFO neutron.db.segments_db [None req-f83b07fc-1c74-4c73-a7e7-08276ea2b931 95868a243dab4a628b679bd6521cba62 8e767df1d81f47c48ccb89dde67ef4db - - default default] Added segment f07590d0-7c20-4ecb-ac81-159f979bbcd4 of type geneve for network b0b8411e-89b8-47b6-88eb-9d17f2c5fcfd
2026-06-03 01:07:21.317 9 WARNING neutron.scheduler.dhcp_agent_scheduler [None req-c2a3829b-4685-4bd5-9938-a704ce21185c 5e8ee07d8895477cb1ffee091962cfa5 5fc0878c80ab4d25a52c6ed78b35f317 - - default default] No more DHCP agents
2026-06-03 01:07:21.322 9 WARNING neutron.api.rpc.agentnotifiers.dhcp_rpc_agent_api [None req-c2a3829b-4685-4bd5-9938-a704ce21185c 5e8ee07d8895477cb1ffee091962cfa5 5fc0878c80ab4d25a52c6ed78b35f317 - - default default] Unable to schedule network 18501c3f-3c5f-4ad0-9c42-12d719c78496: no agents available; will retry on subsequent port and subnet creation events.
2026-06-03 01:07:21.413 10 INFO neutron.db.ovn_revision_numbers_db [None req-f83b07fc-1c74-4c73-a7e7-08276ea2b931 95868a243dab4a628b679bd6521cba62 8e767df1d81f47c48ccb89dde67ef4db - - default default] Successfully bumped revision number for resource 8f45e2bf-3c0c-419e-bd3e-554c299d5828 (type: networks) to 1
2026-06-03 01:07:21.664 10 WARNING neutron.scheduler.dhcp_agent_scheduler [None req-f83b07fc-1c74-4c73-a7e7-08276ea2b931 95868a243dab4a628b679bd6521cba62 8e767df1d81f47c48ccb89dde67ef4db - - default default] No more DHCP agents
2026-06-03 01:07:21.667 10 WARNING neutron.api.rpc.agentnotifiers.dhcp_rpc_agent_api [None req-f83b07fc-1c74-4c73-a7e7-08276ea2b931 95868a243dab4a628b679bd6521cba62 8e767df1d81f47c48ccb89dde67ef4db - - default default] Unable to schedule network 8f45e2bf-3c0c-419e-bd3e-554c299d5828: no agents available; will retry on subsequent port and subnet creation events.
2026-06-03 01:07:21.748 10 INFO neutron.db.ovn_revision_numbers_db [None req-f83b07fc-1c74-4c73-a7e7-08276ea2b931 95868a243dab4a628b679bd6521cba62 8e767df1d81f47c48ccb89dde67ef4db - - default default] Successfully bumped revision number for resource ea72d6ae-eebd-497e-b1e7-0de0061e3771 (type: ports) to 1
2026-06-03 01:07:21.798 9 INFO neutron.wsgi [req-221e717c-8235-4484-ba4e-b425ae5db286 req-19c64793-8555-47e9-b0f0-86a1c239b411 c04e69b9c8ec4a699347d984ed8df56e a31ff7f9186140c9be0d23f304edaf85 - - default default] 199.204.45.72 "GET /v2.0/networks?id=11959fa2-5f4b-4570-a12a-a6e325708b26 HTTP/1.1" status: 200 len: 874 time: 0.0889356
2026-06-03 01:07:21.818 10 INFO neutron.db.ovn_revision_numbers_db [None req-f83b07fc-1c74-4c73-a7e7-08276ea2b931 95868a243dab4a628b679bd6521cba62 8e767df1d81f47c48ccb89dde67ef4db - - default default] Successfully bumped revision number for resource b0b8411e-89b8-47b6-88eb-9d17f2c5fcfd (type: networks) to 1
2026-06-03 01:07:21.868 9 INFO neutron.wsgi [req-221e717c-8235-4484-ba4e-b425ae5db286 req-0e30b59b-5f9e-48dd-83f8-cd67cc517bcd c04e69b9c8ec4a699347d984ed8df56e a31ff7f9186140c9be0d23f304edaf85 - - default default] 199.204.45.72 "GET /v2.0/security-groups?fields=id&fields=name&tenant_id=a31ff7f9186140c9be0d23f304edaf85 HTTP/1.1" status: 200 len: 379 time: 0.0570600
2026-06-03 01:07:21.882 10 WARNING neutron.plugins.ml2.drivers.ovn.mech_driver.ovsdb.ovn_client [None req-d254c2f5-fbc4-4d6c-bee9-11794dbcca2b - - - - - -] No hosting information found for port 31e8bcfa-0082-4b35-9376-7b95bcf9589c: RuntimeError: No hosting information found for port 31e8bcfa-0082-4b35-9376-7b95bcf9589c
2026-06-03 01:07:21.900 9 WARNING neutron_lib.context [req-221e717c-8235-4484-ba4e-b425ae5db286 req-538182bb-cee1-4482-a64f-b245de0882e9 c04e69b9c8ec4a699347d984ed8df56e a31ff7f9186140c9be0d23f304edaf85 - - default default] Method 'is_advsvc' is deprecated since 2023.2 release (neutron-lib 3.8.0) and will be removed once support for the old RBAC API policies will be removed from Neutron. Please use method 'is_service_role' instead.
2026-06-03 01:07:22.017 9 INFO neutron.db.ovn_revision_numbers_db [None req-c2a3829b-4685-4bd5-9938-a704ce21185c 5e8ee07d8895477cb1ffee091962cfa5 5fc0878c80ab4d25a52c6ed78b35f317 - - default default] Successfully bumped revision number for resource 9dddecf5-9e09-49fc-8614-f178b639c16a (type: ports) to 2
2026-06-03 01:07:22.062 10 WARNING neutron.scheduler.dhcp_agent_scheduler [None req-f83b07fc-1c74-4c73-a7e7-08276ea2b931 95868a243dab4a628b679bd6521cba62 8e767df1d81f47c48ccb89dde67ef4db - - default default] No more DHCP agents
2026-06-03 01:07:22.073 10 WARNING neutron.api.rpc.agentnotifiers.dhcp_rpc_agent_api [None req-f83b07fc-1c74-4c73-a7e7-08276ea2b931 95868a243dab4a628b679bd6521cba62 8e767df1d81f47c48ccb89dde67ef4db - - default default] Unable to schedule network b0b8411e-89b8-47b6-88eb-9d17f2c5fcfd: no agents available; will retry on subsequent port and subnet creation events.
2026-06-03 01:07:22.075 9 INFO neutron.db.ovn_revision_numbers_db [None req-c2a3829b-4685-4bd5-9938-a704ce21185c 5e8ee07d8895477cb1ffee091962cfa5 5fc0878c80ab4d25a52c6ed78b35f317 - - default default] Successfully bumped revision number for resource 4871923c-18ca-4147-a20a-1c3175a46cb7 (type: subnets) to 0
2026-06-03 01:07:22.105 9 INFO neutron.wsgi [None req-c2a3829b-4685-4bd5-9938-a704ce21185c 5e8ee07d8895477cb1ffee091962cfa5 5fc0878c80ab4d25a52c6ed78b35f317 - - default default] 10.0.0.22 "POST /v2.0/subnets HTTP/1.1" status: 201 len: 801 time: 1.0679562
2026-06-03 01:07:22.131 10 WARNING neutron_lib.context [None req-8223e63a-638b-4944-aa86-e985713e50e5 5e8ee07d8895477cb1ffee091962cfa5 5fc0878c80ab4d25a52c6ed78b35f317 - - default default] Method 'is_advsvc' is deprecated since 2023.2 release (neutron-lib 3.8.0) and will be removed once support for the old RBAC API policies will be removed from Neutron. Please use method 'is_service_role' instead.
2026-06-03 01:07:22.141 9 INFO neutron.wsgi [req-e8894611-0eb8-4ace-a280-0a5bf4da989b req-3e0b2896-0ed3-4403-b0fc-b1253317a856 c04e69b9c8ec4a699347d984ed8df56e a31ff7f9186140c9be0d23f304edaf85 - - default default] 10.0.0.91 "GET /v2.0/ports?device_id=1dd0d8e6-1295-49fc-8b50-063aa8dc0bb5 HTTP/1.1" status: 200 len: 210 time: 0.0330086
2026-06-03 01:07:22.224 10 INFO neutron.db.ovn_revision_numbers_db [None req-f83b07fc-1c74-4c73-a7e7-08276ea2b931 95868a243dab4a628b679bd6521cba62 8e767df1d81f47c48ccb89dde67ef4db - - default default] Successfully bumped revision number for resource 88de7016-ca82-4918-8a43-b04bc1bc5736 (type: ports) to 1
2026-06-03 01:07:22.272 10 INFO neutron.wsgi [None req-f83b07fc-1c74-4c73-a7e7-08276ea2b931 95868a243dab4a628b679bd6521cba62 8e767df1d81f47c48ccb89dde67ef4db - - default default] 10.0.0.22 "POST /v2.0/networks HTTP/1.1" status: 201 len: 1445 time: 1.6514912
2026-06-03 01:07:22.369 9 WARNING neutron.scheduler.dhcp_agent_scheduler [req-221e717c-8235-4484-ba4e-b425ae5db286 req-538182bb-cee1-4482-a64f-b245de0882e9 c04e69b9c8ec4a699347d984ed8df56e a31ff7f9186140c9be0d23f304edaf85 - - default default] No more DHCP agents
2026-06-03 01:07:22.371 9 WARNING neutron.api.rpc.agentnotifiers.dhcp_rpc_agent_api [req-221e717c-8235-4484-ba4e-b425ae5db286 req-538182bb-cee1-4482-a64f-b245de0882e9 c04e69b9c8ec4a699347d984ed8df56e a31ff7f9186140c9be0d23f304edaf85 - - default default] Unable to schedule network 11959fa2-5f4b-4570-a12a-a6e325708b26: no agents available; will retry on subsequent port and subnet creation events.
2026-06-03 01:07:22.405 10 INFO neutron.wsgi [None req-9924cd75-c187-436d-bd0e-23dc68d2b061 95868a243dab4a628b679bd6521cba62 8e767df1d81f47c48ccb89dde67ef4db - - default default] 10.0.0.22 "GET /v2.0/networks HTTP/1.1" status: 200 len: 2051 time: 0.1283131 /var/lib/openstack/lib/python3.10/site-packages/pycadf/identifier.py:71: UserWarning: Invalid uuid: neutron. To ensure interoperability, identifiers should be a valid uuid. warnings.warn(('Invalid uuid: %s. To ensure interoperability, '
2026-06-03 01:07:22.587 9 INFO neutron.db.ovn_revision_numbers_db [req-221e717c-8235-4484-ba4e-b425ae5db286 req-538182bb-cee1-4482-a64f-b245de0882e9 c04e69b9c8ec4a699347d984ed8df56e a31ff7f9186140c9be0d23f304edaf85 - - default default] Successfully bumped revision number for resource d89dba45-d7ec-401a-9826-cb9ee80ab48b (type: ports) to 1
2026-06-03 01:07:22.627 10 WARNING neutron.scheduler.dhcp_agent_scheduler [None req-8223e63a-638b-4944-aa86-e985713e50e5 5e8ee07d8895477cb1ffee091962cfa5 5fc0878c80ab4d25a52c6ed78b35f317 - - default default] No more DHCP agents
2026-06-03 01:07:22.629 10 WARNING neutron.api.rpc.agentnotifiers.dhcp_rpc_agent_api [None req-8223e63a-638b-4944-aa86-e985713e50e5 5e8ee07d8895477cb1ffee091962cfa5 5fc0878c80ab4d25a52c6ed78b35f317 - - default default] Unable to schedule network 18501c3f-3c5f-4ad0-9c42-12d719c78496: no agents available; will retry on subsequent port and subnet creation events.
2026-06-03 01:07:22.635 9 INFO neutron.wsgi [req-221e717c-8235-4484-ba4e-b425ae5db286 req-538182bb-cee1-4482-a64f-b245de0882e9 c04e69b9c8ec4a699347d984ed8df56e a31ff7f9186140c9be0d23f304edaf85 - - default default] 199.204.45.72 "POST /v2.0/ports HTTP/1.1" status: 201 len: 1158 time: 0.7412295
2026-06-03 01:07:22.816 10 INFO neutron.db.ovn_revision_numbers_db [None req-8223e63a-638b-4944-aa86-e985713e50e5 5e8ee07d8895477cb1ffee091962cfa5 5fc0878c80ab4d25a52c6ed78b35f317 - - default default] Successfully bumped revision number for resource 89a64ade-41c1-4a59-b1a2-53873d10fbb1 (type: ports) to 1
2026-06-03 01:07:22.841 10 INFO neutron.wsgi [None req-8223e63a-638b-4944-aa86-e985713e50e5 5e8ee07d8895477cb1ffee091962cfa5 5fc0878c80ab4d25a52c6ed78b35f317 - - default default] 10.0.0.22 "POST /v2.0/ports HTTP/1.1" status: 201 len: 1152 time: 0.7182260 /var/lib/openstack/lib/python3.10/site-packages/pycadf/identifier.py:71: UserWarning: Invalid uuid: neutron. To ensure interoperability, identifiers should be a valid uuid. warnings.warn(('Invalid uuid: %s. To ensure interoperability, '
2026-06-03 01:07:22.942 9 INFO neutron.services.segments.plugin [-] Segment 56d5bf9b-b249-4f0d-aa54-e4574f9d5d7f resource provider aggregate not found
2026-06-03 01:07:22.946 9 INFO neutron.services.segments.plugin [-] Segment 56d5bf9b-b249-4f0d-aa54-e4574f9d5d7f resource provider aggregate not found
2026-06-03 01:07:22.962 9 INFO neutron.services.segments.plugin [-] Segment 56d5bf9b-b249-4f0d-aa54-e4574f9d5d7f resource provider not found; error: Placement Client Error (4xx): {"errors": [{"status": 404, "title": "Not Found", "detail": "The resource could not be found.\n\n No resource provider with uuid 56d5bf9b-b249-4f0d-aa54-e4574f9d5d7f found for delete ", "request_id": "req-c4deac2b-59ce-4bc8-aae6-7c6b6a106e9e"}]}
2026-06-03 01:07:22.965 9 INFO neutron.services.segments.plugin [-] Segment 56d5bf9b-b249-4f0d-aa54-e4574f9d5d7f resource provider not found; error: Placement Client Error (4xx): {"errors": [{"status": 404, "title": "Not Found", "detail": "The resource could not be found.\n\n No resource provider with uuid 56d5bf9b-b249-4f0d-aa54-e4574f9d5d7f found for delete ", "request_id": "req-4e6fbb1e-1a78-400b-b058-6130c3a6d1c6"}]}
