2026-06-03 01:05:50.955 9 ERROR neutron_lib.callbacks.manager 
2026-06-03 01:05:51.006 10 INFO neutron.db.ovn_revision_numbers_db [None req-373a3ac8-40ac-444f-85f0-ab0d1a5d3dbe a2c78cabff1f49d394cdc774da803f1f b7cf0cf2248a460c822a2e34d6e4a317 - - default default] Successfully bumped revision number for resource 88683f6c-261d-47b1-83d5-5ff4ddc421be (type: subnets) to 0
2026-06-03 01:05:51.077 10 INFO neutron.wsgi [None req-373a3ac8-40ac-444f-85f0-ab0d1a5d3dbe a2c78cabff1f49d394cdc774da803f1f b7cf0cf2248a460c822a2e34d6e4a317 - - default default] 10.0.0.22 "POST /v2.0/subnets HTTP/1.1" status: 201 len: 867 time: 2.2292681
2026-06-03 01:05:51.300 9 INFO neutron.db.ovn_revision_numbers_db [None req-54d6ebbb-39a9-4a07-8bbd-3cdad99c25b4 a2c78cabff1f49d394cdc774da803f1f b7cf0cf2248a460c822a2e34d6e4a317 - - default default] Successfully bumped revision number for resource b623f835-6906-4d93-ae59-568b4ad12402 (type: ports) to 1
2026-06-03 01:05:51.302 10 INFO neutron.plugins.ml2.drivers.ovn.mech_driver.mech_driver [None req-d254c2f5-fbc4-4d6c-bee9-11794dbcca2b - - - - - -] OVN reports status up for port: b623f835-6906-4d93-ae59-568b4ad12402
2026-06-03 01:05:51.353 9 INFO neutron.db.ovn_revision_numbers_db [None req-e65c09cd-328c-425d-bbce-46aebfbe51be - - - - - -] Successfully bumped revision number for resource a9fbb21b-dbf8-4191-ba34-66f2bd832a53 (type: router_ports) to 4
2026-06-03 01:05:51.391 9 WARNING neutron.scheduler.dhcp_agent_scheduler [None req-54d6ebbb-39a9-4a07-8bbd-3cdad99c25b4 a2c78cabff1f49d394cdc774da803f1f b7cf0cf2248a460c822a2e34d6e4a317 - - default default] No more DHCP agents
2026-06-03 01:05:51.393 9 WARNING neutron.api.rpc.agentnotifiers.dhcp_rpc_agent_api [None req-54d6ebbb-39a9-4a07-8bbd-3cdad99c25b4 a2c78cabff1f49d394cdc774da803f1f b7cf0cf2248a460c822a2e34d6e4a317 - - default default] Unable to schedule network 68fdfd02-46a7-49e7-b09c-9bf636606530: no agents available; will retry on subsequent port and subnet creation events.
2026-06-03 01:05:51.602 10 INFO neutron.plugins.ml2.plugin [None req-d254c2f5-fbc4-4d6c-bee9-11794dbcca2b - - - - - -] Attempt 1 to provision port b623f835-6906-4d93-ae59-568b4ad12402
2026-06-03 01:05:51.709 10 INFO neutron.db.ovn_revision_numbers_db [None req-b10d756b-152a-4be2-9b1e-fcf6c64ff021 - - - - - -] Successfully bumped revision number for resource daa2a149-2de3-40f2-9f0f-066c0817f45d (type: ports) to 2
2026-06-03 01:05:51.730 10 ERROR ovsdbapp.backend.ovs_idl.command [None req-29f1c4a7-0a2f-4695-b052-5a6d33d592fd a2c78cabff1f49d394cdc774da803f1f b7cf0cf2248a460c822a2e34d6e4a317 - - default default] Error executing command (DbGetCommand): ovsdbapp.backend.ovs_idl.idlutils.RowNotFound: Cannot find Logical_Router_Port with name=lrp-5a4a2dbc-8c5d-4268-a92b-3893f61da1d6
2026-06-03 01:05:51.730 10 ERROR ovsdbapp.backend.ovs_idl.command
Traceback (most recent call last):
2026-06-03 01:05:51.730 10 ERROR ovsdbapp.backend.ovs_idl.command
File "/var/lib/openstack/lib/python3.10/site-packages/ovsdbapp/backend/ovs_idl/command.py", line 47, in execute
2026-06-03 01:05:51.730 10 ERROR ovsdbapp.backend.ovs_idl.command self.run_idl(None)
2026-06-03 01:05:51.730 10 ERROR ovsdbapp.backend.ovs_idl.command
File "/var/lib/openstack/lib/python3.10/site-packages/ovsdbapp/backend/ovs_idl/command.py", line 235, in run_idl
2026-06-03 01:05:51.730 10 ERROR ovsdbapp.backend.ovs_idl.command record = self.api.lookup(self.table, self.record)
2026-06-03 01:05:51.730 10 ERROR ovsdbapp.backend.ovs_idl.command
File "/var/lib/openstack/lib/python3.10/site-packages/ovsdbapp/backend/ovs_idl/__init__.py", line 184, in lookup
2026-06-03 01:05:51.730 10 ERROR ovsdbapp.backend.ovs_idl.command return self._lookup(table, record)
2026-06-03 01:05:51.730 10 ERROR ovsdbapp.backend.ovs_idl.command
File "/var/lib/openstack/lib/python3.10/site-packages/ovsdbapp/backend/ovs_idl/__init__.py", line 235, in _lookup
2026-06-03 01:05:51.730 10 ERROR ovsdbapp.backend.ovs_idl.command row = idlutils.row_by_value(self, rl.table, rl.column, record)
2026-06-03 01:05:51.730 10 ERROR ovsdbapp.backend.ovs_idl.command
File "/var/lib/openstack/lib/python3.10/site-packages/ovsdbapp/backend/ovs_idl/idlutils.py", line 114, in row_by_value
2026-06-03 01:05:51.730 10 ERROR ovsdbapp.backend.ovs_idl.command raise RowNotFound(table=table, col=column, match=match)
2026-06-03 01:05:51.730 10 ERROR ovsdbapp.backend.ovs_idl.command ovsdbapp.backend.ovs_idl.idlutils.RowNotFound: Cannot find Logical_Router_Port with name=lrp-5a4a2dbc-8c5d-4268-a92b-3893f61da1d6
2026-06-03 01:05:51.730 10 ERROR ovsdbapp.backend.ovs_idl.command 
2026-06-03 01:05:51.731 10 ERROR neutron_lib.callbacks.manager [None req-29f1c4a7-0a2f-4695-b052-5a6d33d592fd a2c78cabff1f49d394cdc774da803f1f b7cf0cf2248a460c822a2e34d6e4a317 - - default default] Error during notification for neutron.services.ovn_l3.plugin.OVNL3RouterPlugin._port_update-8776969588454 port, after_update: ovsdbapp.backend.ovs_idl.idlutils.RowNotFound: Cannot find Logical_Router_Port with name=lrp-5a4a2dbc-8c5d-4268-a92b-3893f61da1d6
2026-06-03 01:05:51.731 10 ERROR neutron_lib.callbacks.manager
Traceback (most recent call last):
2026-06-03 01:05:51.731 10 ERROR neutron_lib.callbacks.manager
File "/var/lib/openstack/lib/python3.10/site-packages/neutron_lib/callbacks/manager.py", line 189, in _notify_loop
2026-06-03 01:05:51.731 10 ERROR neutron_lib.callbacks.manager callback.method(resource, event, trigger, payload=payload)
2026-06-03 01:05:51.731 10 ERROR neutron_lib.callbacks.manager
File "/var/lib/openstack/lib/python3.10/site-packages/neutron/services/ovn_l3/plugin.py", line 391, in _port_update
2026-06-03 01:05:51.731 10 ERROR neutron_lib.callbacks.manager l3plugin._ovn_client.update_router_port(context,
2026-06-03 01:05:51.731 10 ERROR neutron_lib.callbacks.manager
File "/var/lib/openstack/lib/python3.10/site-packages/neutron/plugins/ml2/drivers/ovn/mech_driver/ovsdb/ovn_client.py", line 1878, in update_router_port
2026-06-03 01:05:51.731 10 ERROR neutron_lib.callbacks.manager self._update_lrouter_port(context, port, if_exists=if_exists,
2026-06-03 01:05:51.731 10 ERROR neutron_lib.callbacks.manager
File "/var/lib/openstack/lib/python3.10/site-packages/neutron/plugins/ml2/drivers/ovn/mech_driver/ovsdb/ovn_client.py", line 1855, in _update_lrouter_port
2026-06-03 01:05:51.731 10 ERROR neutron_lib.callbacks.manager external_ids = self._nb_idl.db_get(
2026-06-03 01:05:51.731 10 ERROR neutron_lib.callbacks.manager
File "/var/lib/openstack/lib/python3.10/site-packages/ovsdbapp/backend/ovs_idl/command.py", line 47, in execute
2026-06-03 01:05:51.731 10 ERROR neutron_lib.callbacks.manager self.run_idl(None)
2026-06-03 01:05:51.731 10 ERROR neutron_lib.callbacks.manager
File "/var/lib/openstack/lib/python3.10/site-packages/ovsdbapp/backend/ovs_idl/command.py", line 235, in run_idl
2026-06-03 01:05:51.731 10 ERROR neutron_lib.callbacks.manager record = self.api.lookup(self.table, self.record)
2026-06-03 01:05:51.731 10 ERROR neutron_lib.callbacks.manager
File "/var/lib/openstack/lib/python3.10/site-packages/ovsdbapp/backend/ovs_idl/__init__.py", line 184, in lookup
2026-06-03 01:05:51.731 10 ERROR neutron_lib.callbacks.manager return self._lookup(table, record)
2026-06-03 01:05:51.731 10 ERROR neutron_lib.callbacks.manager
File "/var/lib/openstack/lib/python3.10/site-packages/ovsdbapp/backend/ovs_idl/__init__.py", line 235, in _lookup
2026-06-03 01:05:51.731 10 ERROR neutron_lib.callbacks.manager row = idlutils.row_by_value(self, rl.table, rl.column, record)
2026-06-03 01:05:51.731 10 ERROR neutron_lib.callbacks.manager
File "/var/lib/openstack/lib/python3.10/site-packages/ovsdbapp/backend/ovs_idl/idlutils.py", line 114, in row_by_value
2026-06-03 01:05:51.731 10 ERROR neutron_lib.callbacks.manager raise RowNotFound(table=table, col=column, match=match)
2026-06-03 01:05:51.731 10 ERROR neutron_lib.callbacks.manager ovsdbapp.backend.ovs_idl.idlutils.RowNotFound: Cannot find Logical_Router_Port with name=lrp-5a4a2dbc-8c5d-4268-a92b-3893f61da1d6
2026-06-03 01:05:51.731 10 ERROR neutron_lib.callbacks.manager 
2026-06-03 01:05:51.746 10 ERROR ovsdbapp.backend.ovs_idl.command [None req-0d427c3f-3647-4afa-a09f-e09825982f35 a2c78cabff1f49d394cdc774da803f1f b7cf0cf2248a460c822a2e34d6e4a317 - - default default] Error executing command (DbGetCommand): ovsdbapp.backend.ovs_idl.idlutils.RowNotFound: Cannot find Logical_Router_Port with name=lrp-9b9c362e-f6f5-40e5-8221-6b25fd1d2454
2026-06-03 01:05:51.746 10 ERROR ovsdbapp.backend.ovs_idl.command
Traceback (most recent call last):
2026-06-03 01:05:51.746 10 ERROR ovsdbapp.backend.ovs_idl.command
File "/var/lib/openstack/lib/python3.10/site-packages/ovsdbapp/backend/ovs_idl/command.py", line 47, in execute
2026-06-03 01:05:51.746 10 ERROR ovsdbapp.backend.ovs_idl.command self.run_idl(None)
2026-06-03 01:05:51.746 10 ERROR ovsdbapp.backend.ovs_idl.command
File "/var/lib/openstack/lib/python3.10/site-packages/ovsdbapp/backend/ovs_idl/command.py", line 235, in run_idl
2026-06-03 01:05:51.746 10 ERROR ovsdbapp.backend.ovs_idl.command record = self.api.lookup(self.table, self.record)
2026-06-03 01:05:51.746 10 ERROR ovsdbapp.backend.ovs_idl.command
File "/var/lib/openstack/lib/python3.10/site-packages/ovsdbapp/backend/ovs_idl/__init__.py", line 184, in lookup
2026-06-03 01:05:51.746 10 ERROR ovsdbapp.backend.ovs_idl.command return self._lookup(table, record)
2026-06-03 01:05:51.746 10 ERROR ovsdbapp.backend.ovs_idl.command
File "/var/lib/openstack/lib/python3.10/site-packages/ovsdbapp/backend/ovs_idl/__init__.py", line 235, in _lookup
2026-06-03 01:05:51.746 10 ERROR ovsdbapp.backend.ovs_idl.command row = idlutils.row_by_value(self, rl.table, rl.column, record)
2026-06-03 01:05:51.746 10 ERROR ovsdbapp.backend.ovs_idl.command
File "/var/lib/openstack/lib/python3.10/site-packages/ovsdbapp/backend/ovs_idl/idlutils.py", line 114, in row_by_value
2026-06-03 01:05:51.746 10 ERROR ovsdbapp.backend.ovs_idl.command raise RowNotFound(table=table, col=column, match=match)
2026-06-03 01:05:51.746 10 ERROR ovsdbapp.backend.ovs_idl.command ovsdbapp.backend.ovs_idl.idlutils.RowNotFound: Cannot find Logical_Router_Port with name=lrp-9b9c362e-f6f5-40e5-8221-6b25fd1d2454
2026-06-03 01:05:51.746 10 ERROR ovsdbapp.backend.ovs_idl.command 
2026-06-03 01:05:51.747 10 ERROR neutron_lib.callbacks.manager [None req-0d427c3f-3647-4afa-a09f-e09825982f35 a2c78cabff1f49d394cdc774da803f1f b7cf0cf2248a460c822a2e34d6e4a317 - - default default] Error during notification for neutron.services.ovn_l3.plugin.OVNL3RouterPlugin._port_update-8776969588454 port, after_update: ovsdbapp.backend.ovs_idl.idlutils.RowNotFound: Cannot find Logical_Router_Port with name=lrp-9b9c362e-f6f5-40e5-8221-6b25fd1d2454
2026-06-03 01:05:51.747 10 ERROR neutron_lib.callbacks.manager
Traceback (most recent call last):
2026-06-03 01:05:51.747 10 ERROR neutron_lib.callbacks.manager
File "/var/lib/openstack/lib/python3.10/site-packages/neutron_lib/callbacks/manager.py", line 189, in _notify_loop
2026-06-03 01:05:51.747 10 ERROR neutron_lib.callbacks.manager callback.method(resource, event, trigger, payload=payload)
2026-06-03 01:05:51.747 10 ERROR neutron_lib.callbacks.manager
File "/var/lib/openstack/lib/python3.10/site-packages/neutron/services/ovn_l3/plugin.py", line 391, in _port_update
2026-06-03 01:05:51.747 10 ERROR neutron_lib.callbacks.manager l3plugin._ovn_client.update_router_port(context,
2026-06-03 01:05:51.747 10 ERROR neutron_lib.callbacks.manager
File "/var/lib/openstack/lib/python3.10/site-packages/neutron/plugins/ml2/drivers/ovn/mech_driver/ovsdb/ovn_client.py", line 1878, in update_router_port
2026-06-03 01:05:51.747 10 ERROR neutron_lib.callbacks.manager self._update_lrouter_port(context, port, if_exists=if_exists,
2026-06-03 01:05:51.747 10 ERROR neutron_lib.callbacks.manager
File "/var/lib/openstack/lib/python3.10/site-packages/neutron/plugins/ml2/drivers/ovn/mech_driver/ovsdb/ovn_client.py", line 1855, in _update_lrouter_port
2026-06-03 01:05:51.747 10 ERROR neutron_lib.callbacks.manager external_ids = self._nb_idl.db_get(
2026-06-03 01:05:51.747 10 ERROR neutron_lib.callbacks.manager
File "/var/lib/openstack/lib/python3.10/site-packages/ovsdbapp/backend/ovs_idl/command.py", line 47, in execute
2026-06-03 01:05:51.747 10 ERROR neutron_lib.callbacks.manager self.run_idl(None)
2026-06-03 01:05:51.747 10 ERROR neutron_lib.callbacks.manager
File "/var/lib/openstack/lib/python3.10/site-packages/ovsdbapp/backend/ovs_idl/command.py", line 235, in run_idl
2026-06-03 01:05:51.747 10 ERROR neutron_lib.callbacks.manager record = self.api.lookup(self.table, self.record)
2026-06-03 01:05:51.747 10 ERROR neutron_lib.callbacks.manager
File "/var/lib/openstack/lib/python3.10/site-packages/ovsdbapp/backend/ovs_idl/__init__.py", line 184, in lookup
2026-06-03 01:05:51.747 10 ERROR neutron_lib.callbacks.manager return self._lookup(table, record)
2026-06-03 01:05:51.747 10 ERROR neutron_lib.callbacks.manager
File "/var/lib/openstack/lib/python3.10/site-packages/ovsdbapp/backend/ovs_idl/__init__.py", line 235, in _lookup
2026-06-03 01:05:51.747 10 ERROR neutron_lib.callbacks.manager row = idlutils.row_by_value(self, rl.table, rl.column, record)
2026-06-03 01:05:51.747 10 ERROR neutron_lib.callbacks.manager
File "/var/lib/openstack/lib/python3.10/site-packages/ovsdbapp/backend/ovs_idl/idlutils.py", line 114, in row_by_value
2026-06-03 01:05:51.747 10 ERROR neutron_lib.callbacks.manager raise RowNotFound(table=table, col=column, match=match)
2026-06-03 01:05:51.747 10 ERROR neutron_lib.callbacks.manager ovsdbapp.backend.ovs_idl.idlutils.RowNotFound: Cannot find Logical_Router_Port with name=lrp-9b9c362e-f6f5-40e5-8221-6b25fd1d2454
2026-06-03 01:05:51.747 10 ERROR neutron_lib.callbacks.manager 
2026-06-03 01:05:52.211 9 INFO neutron.db.ovn_revision_numbers_db [None req-54d6ebbb-39a9-4a07-8bbd-3cdad99c25b4 a2c78cabff1f49d394cdc774da803f1f b7cf0cf2248a460c822a2e34d6e4a317 - - default default] Successfully bumped revision number for resource b623f835-6906-4d93-ae59-568b4ad12402 (type: router_ports) to 1
2026-06-03 01:05:52.215 9 INFO neutron.wsgi [None req-54d6ebbb-39a9-4a07-8bbd-3cdad99c25b4 a2c78cabff1f49d394cdc774da803f1f b7cf0cf2248a460c822a2e34d6e4a317 - - default default] 10.0.0.22 "PUT /v2.0/routers/6230e30b-1968-4890-82cb-1a4e4829e941/add_router_interface HTTP/1.1" status: 200 len: 503 time: 3.3530061
2026-06-03 01:05:52.542 10 INFO neutron.db.ovn_revision_numbers_db [None req-0d427c3f-3647-4afa-a09f-e09825982f35 a2c78cabff1f49d394cdc774da803f1f b7cf0cf2248a460c822a2e34d6e4a317 - - default default] Successfully bumped revision number for resource 9b9c362e-f6f5-40e5-8221-6b25fd1d2454 (type: ports) to 1
2026-06-03 01:05:52.584 10 INFO neutron.db.ovn_revision_numbers_db [None req-29f1c4a7-0a2f-4695-b052-5a6d33d592fd a2c78cabff1f49d394cdc774da803f1f b7cf0cf2248a460c822a2e34d6e4a317 - - default default] Successfully bumped revision number for resource 5a4a2dbc-8c5d-4268-a92b-3893f61da1d6 (type: ports) to 1
2026-06-03 01:05:52.785 10 WARNING neutron.scheduler.dhcp_agent_scheduler [None req-0d427c3f-3647-4afa-a09f-e09825982f35 a2c78cabff1f49d394cdc774da803f1f b7cf0cf2248a460c822a2e34d6e4a317 - - default default] No more DHCP agents
2026-06-03 01:05:52.804 10 WARNING neutron.api.rpc.agentnotifiers.dhcp_rpc_agent_api [None req-0d427c3f-3647-4afa-a09f-e09825982f35 a2c78cabff1f49d394cdc774da803f1f b7cf0cf2248a460c822a2e34d6e4a317 - - default default] Unable to schedule network 6602ce42-1504-4664-8ded-01bff961e6ec: no agents available; will retry on subsequent port and subnet creation events.
2026-06-03 01:05:52.814 9 WARNING neutron_lib.context [None req-52501fab-3715-46b6-83d5-ec1fd87b82a0 78f182d457044ca890b2c18deee644df 3784312952bd47ccb38cd80d2bad3593 - - default default] Method 'is_advsvc' is deprecated since 2023.2 release (neutron-lib 3.8.0) and will be removed once support for the old RBAC API policies will be removed from Neutron. Please use method 'is_service_role' instead.
2026-06-03 01:05:52.824 10 WARNING neutron.scheduler.dhcp_agent_scheduler [None req-23e4e506-9bf3-4ca6-9b2c-e83e5840c50b a2c78cabff1f49d394cdc774da803f1f b7cf0cf2248a460c822a2e34d6e4a317 - - default default] No more DHCP agents
2026-06-03 01:05:52.831 10 WARNING neutron.api.rpc.agentnotifiers.dhcp_rpc_agent_api [None req-23e4e506-9bf3-4ca6-9b2c-e83e5840c50b a2c78cabff1f49d394cdc774da803f1f b7cf0cf2248a460c822a2e34d6e4a317 - - default default] Unable to schedule network 8856a006-1498-4c6b-adb8-aca6c2ef139f: no agents available; will retry on subsequent port and subnet creation events.
2026-06-03 01:05:52.854 10 WARNING neutron.scheduler.dhcp_agent_scheduler [None req-29f1c4a7-0a2f-4695-b052-5a6d33d592fd a2c78cabff1f49d394cdc774da803f1f b7cf0cf2248a460c822a2e34d6e4a317 - - default default] No more DHCP agents
2026-06-03 01:05:52.881 10 WARNING neutron.api.rpc.agentnotifiers.dhcp_rpc_agent_api [None req-29f1c4a7-0a2f-4695-b052-5a6d33d592fd a2c78cabff1f49d394cdc774da803f1f b7cf0cf2248a460c822a2e34d6e4a317 - - default default] Unable to schedule network 74e1f08f-3426-4033-bcdc-0a1a85d7b772: no agents available; will retry on subsequent port and subnet creation events.
2026-06-03 01:05:52.939 9 INFO neutron.db.ovn_revision_numbers_db [None req-52501fab-3715-46b6-83d5-ec1fd87b82a0 78f182d457044ca890b2c18deee644df 3784312952bd47ccb38cd80d2bad3593 - - default default] Successfully bumped revision number for resource 283dfce7-03d4-46da-a1a1-9da318c7426f (type: security_groups) to 1
2026-06-03 01:05:52.953 9 INFO neutron.db.ovn_revision_numbers_db [None req-52501fab-3715-46b6-83d5-ec1fd87b82a0 78f182d457044ca890b2c18deee644df 3784312952bd47ccb38cd80d2bad3593 - - default default] Successfully bumped revision number for resource a1d9ef1e-29d0-4cab-a1ac-58acfbfd4575 (type: security_group_rules) to 0
2026-06-03 01:05:52.971 9 INFO neutron.db.ovn_revision_numbers_db [None req-52501fab-3715-46b6-83d5-ec1fd87b82a0 78f182d457044ca890b2c18deee644df 3784312952bd47ccb38cd80d2bad3593 - - default default] Successfully bumped revision number for resource a9b031da-b8f6-4550-afaf-0e568d5da61e (type: security_group_rules) to 0
2026-06-03 01:05:52.994 9 INFO neutron.wsgi [None req-52501fab-3715-46b6-83d5-ec1fd87b82a0 78f182d457044ca890b2c18deee644df 3784312952bd47ccb38cd80d2bad3593 - - default default] 10.0.0.22 "POST /v2.0/security-groups HTTP/1.1" status: 201 len: 1860 time: 0.1897504
2026-06-03 01:05:53.006 9 WARNING neutron_lib.context [None req-c3c4b84a-bb0a-413b-ba7f-a98c7bea8ee5 78f182d457044ca890b2c18deee644df 3784312952bd47ccb38cd80d2bad3593 - - default default] Method 'is_advsvc' is deprecated since 2023.2 release (neutron-lib 3.8.0) and will be removed once support for the old RBAC API policies will be removed from Neutron. Please use method 'is_service_role' instead.
2026-06-03 01:05:53.094 10 INFO neutron.db.ovn_revision_numbers_db [None req-d254c2f5-fbc4-4d6c-bee9-11794dbcca2b - - - - - -] Successfully bumped revision number for resource b623f835-6906-4d93-ae59-568b4ad12402 (type: ports) to 2
2026-06-03 01:05:53.277 9 INFO neutron.db.ovn_revision_numbers_db [None req-c3c4b84a-bb0a-413b-ba7f-a98c7bea8ee5 78f182d457044ca890b2c18deee644df 3784312952bd47ccb38cd80d2bad3593 - - default default] Successfully bumped revision number for resource adb7de76-0965-461a-9485-aa8b5ebb3bae (type: security_group_rules) to 0
2026-06-03 01:05:53.306 9 INFO neutron.wsgi [None req-c3c4b84a-bb0a-413b-ba7f-a98c7bea8ee5 78f182d457044ca890b2c18deee644df 3784312952bd47ccb38cd80d2bad3593 - - default default] 10.0.0.22 "POST /v2.0/security-group-rules HTTP/1.1" status: 201 len: 796 time: 0.3043590
2026-06-03 01:05:53.317 9 WARNING neutron_lib.context [None req-df09a216-efcc-4345-bfc5-e89fa7d7465c 78f182d457044ca890b2c18deee644df 3784312952bd47ccb38cd80d2bad3593 - - default default] Method 'is_advsvc' is deprecated since 2023.2 release (neutron-lib 3.8.0) and will be removed once support for the old RBAC API policies will be removed from Neutron. Please use method 'is_service_role' instead.
2026-06-03 01:05:53.398 10 INFO neutron.db.ovn_revision_numbers_db [None req-b10d756b-152a-4be2-9b1e-fcf6c64ff021 - - - - - -] Successfully bumped revision number for resource daa2a149-2de3-40f2-9f0f-066c0817f45d (type: ports) to 4
2026-06-03 01:05:53.450 10 INFO neutron.db.ovn_revision_numbers_db [None req-23e4e506-9bf3-4ca6-9b2c-e83e5840c50b a2c78cabff1f49d394cdc774da803f1f b7cf0cf2248a460c822a2e34d6e4a317 - - default default] Successfully bumped revision number for resource bb66de24-d63b-416f-bd0c-1f99e60bbb7f (type: ports) to 1
2026-06-03 01:05:53.469 9 INFO neutron.db.ovn_revision_numbers_db [None req-df09a216-efcc-4345-bfc5-e89fa7d7465c 78f182d457044ca890b2c18deee644df 3784312952bd47ccb38cd80d2bad3593 - - default default] Successfully bumped revision number for resource c50be8a2-f3b4-4cb1-a25d-3810a10713a1 (type: security_group_rules) to 0
2026-06-03 01:05:53.505 9 INFO neutron.wsgi [None req-df09a216-efcc-4345-bfc5-e89fa7d7465c 78f182d457044ca890b2c18deee644df 3784312952bd47ccb38cd80d2bad3593 - - default default] 10.0.0.22 "POST /v2.0/security-group-rules HTTP/1.1" status: 201 len: 801 time: 0.1928942
2026-06-03 01:05:53.511 9 INFO neutron.wsgi [-] 10.0.0.124 "GET / HTTP/1.1" status: 200 len: 247 time: 0.0015955
2026-06-03 01:05:53.513 9 INFO neutron.wsgi [-] 10.0.0.124 "GET / HTTP/1.1" status: 200 len: 247 time: 0.0011683
2026-06-03 01:05:53.518 9 WARNING neutron_lib.context [None req-041578ce-ff44-40e6-aafd-bcc3136d11b6 78f182d457044ca890b2c18deee644df 3784312952bd47ccb38cd80d2bad3593 - - default default] Method 'is_advsvc' is deprecated since 2023.2 release (neutron-lib 3.8.0) and will be removed once support for the old RBAC API policies will be removed from Neutron. Please use method 'is_service_role' instead.
2026-06-03 01:05:53.740 10 INFO neutron.db.ovn_revision_numbers_db [None req-d254c2f5-fbc4-4d6c-bee9-11794dbcca2b - - - - - -] Successfully bumped revision number for resource b623f835-6906-4d93-ae59-568b4ad12402 (type: router_ports) to 2
2026-06-03 01:05:53.853 9 WARNING neutron.scheduler.dhcp_agent_scheduler [None req-041578ce-ff44-40e6-aafd-bcc3136d11b6 78f182d457044ca890b2c18deee644df 3784312952bd47ccb38cd80d2bad3593 - - default default] No more DHCP agents
2026-06-03 01:05:53.855 9 WARNING neutron.api.rpc.agentnotifiers.dhcp_rpc_agent_api [None req-041578ce-ff44-40e6-aafd-bcc3136d11b6 78f182d457044ca890b2c18deee644df 3784312952bd47ccb38cd80d2bad3593 - - default default] Unable to schedule network 8856a006-1498-4c6b-adb8-aca6c2ef139f: no agents available; will retry on subsequent port and subnet creation events.
2026-06-03 01:05:54.159 9 INFO neutron.wsgi [None req-041578ce-ff44-40e6-aafd-bcc3136d11b6 78f182d457044ca890b2c18deee644df 3784312952bd47ccb38cd80d2bad3593 - - default default] 10.0.0.22 "POST /v2.0/floatingips HTTP/1.1" status: 201 len: 751 time: 0.6498539
2026-06-03 01:05:54.384 10 INFO neutron.db.ovn_revision_numbers_db [None req-b10d756b-152a-4be2-9b1e-fcf6c64ff021 - - - - - -] Successfully bumped revision number for resource daa2a149-2de3-40f2-9f0f-066c0817f45d (type: router_ports) to 4
2026-06-03 01:05:54.453 10 INFO neutron.plugins.ml2.drivers.ovn.mech_driver.ovsdb.ovsdb_monitor [None req-b10d756b-152a-4be2-9b1e-fcf6c64ff021 - - - - - -] Router 6230e30b-1968-4890-82cb-1a4e4829e941 is bound to host instance
2026-06-03 01:05:55.053 9 INFO neutron.wsgi [req-4c0d9bd2-492d-4280-85db-82ebce886b0a req-a97a5772-d56e-46d3-b594-276845e11382 78f182d457044ca890b2c18deee644df 3784312952bd47ccb38cd80d2bad3593 - - default default] 10.0.0.91 "GET /v2.0/security-groups?name=tempest-securitygroup--834779251&fields=id&tenant_id=3784312952bd47ccb38cd80d2bad3593 HTTP/1.1" status: 200 len: 267 time: 0.0445123
2026-06-03 01:05:55.159 9 INFO neutron.wsgi [req-4c0d9bd2-492d-4280-85db-82ebce886b0a req-dc16821d-f19b-4c76-b626-233fab71f4f5 78f182d457044ca890b2c18deee644df 3784312952bd47ccb38cd80d2bad3593 - - default default] 10.0.0.91 "GET /v2.0/networks?id=68fdfd02-46a7-49e7-b09c-9bf636606530 HTTP/1.1" status: 200 len: 882 time: 0.0974557
2026-06-03 01:05:55.175 9 INFO neutron.wsgi [req-4c0d9bd2-492d-4280-85db-82ebce886b0a req-1f7e9218-be49-4d24-b4cc-b2492a583a66 78f182d457044ca890b2c18deee644df 3784312952bd47ccb38cd80d2bad3593 - - default default] 10.0.0.91 "GET /v2.0/quotas/3784312952bd47ccb38cd80d2bad3593 HTTP/1.1" status: 200 len: 491 time: 0.0105186
2026-06-03 01:05:55.285 9 INFO neutron.wsgi [req-4c0d9bd2-492d-4280-85db-82ebce886b0a req-e33ae601-89ae-40f8-a48e-ddcdf471ec26 78f182d457044ca890b2c18deee644df 3784312952bd47ccb38cd80d2bad3593 - - default default] 10.0.0.91 "GET /v2.0/ports?tenant_id=3784312952bd47ccb38cd80d2bad3593&fields=id HTTP/1.1" status: 200 len: 302 time: 0.1021786
2026-06-03 01:05:55.453 10 INFO neutron.db.ovn_revision_numbers_db [None req-0d427c3f-3647-4afa-a09f-e09825982f35 a2c78cabff1f49d394cdc774da803f1f b7cf0cf2248a460c822a2e34d6e4a317 - - default default] Successfully bumped revision number for resource 9b9c362e-f6f5-40e5-8221-6b25fd1d2454 (type: router_ports) to 1
2026-06-03 01:05:55.499 10 INFO neutron.plugins.ml2.drivers.ovn.mech_driver.ovsdb.commands [None req-51edbbb8-50d4-4c12-832a-6b7501fe4794 - - - - - -] Schedule LRP lrp-bb66de24-d63b-416f-bd0c-1f99e60bbb7f on gateway 4cb08b9a-c142-4949-9507-1182f231dc65 with priority 1
2026-06-03 01:05:55.527 10 INFO neutron.wsgi [None req-0d427c3f-3647-4afa-a09f-e09825982f35 a2c78cabff1f49d394cdc774da803f1f b7cf0cf2248a460c822a2e34d6e4a317 - - default default] 10.0.0.22 "PUT /v2.0/routers/4f08fadd-2239-4f10-8929-8c0108d18c84/add_router_interface HTTP/1.1" status: 200 len: 503 time: 7.5228310
2026-06-03 01:05:55.577 10 INFO neutron.db.ovn_revision_numbers_db [None req-29f1c4a7-0a2f-4695-b052-5a6d33d592fd a2c78cabff1f49d394cdc774da803f1f b7cf0cf2248a460c822a2e34d6e4a317 - - default default] Successfully bumped revision number for resource 5a4a2dbc-8c5d-4268-a92b-3893f61da1d6 (type: router_ports) to 1
2026-06-03 01:05:55.583 10 INFO neutron.wsgi [None req-29f1c4a7-0a2f-4695-b052-5a6d33d592fd a2c78cabff1f49d394cdc774da803f1f b7cf0cf2248a460c822a2e34d6e4a317 - - default default] 10.0.0.22 "PUT /v2.0/routers/5ca0fd73-c6ef-4355-987f-e77fae1f4805/add_router_interface HTTP/1.1" status: 200 len: 503 time: 7.5330739
2026-06-03 01:05:55.611 10 INFO neutron.db.ovn_revision_numbers_db [None req-23e4e506-9bf3-4ca6-9b2c-e83e5840c50b a2c78cabff1f49d394cdc774da803f1f b7cf0cf2248a460c822a2e34d6e4a317 - - default default] Successfully bumped revision number for resource bb66de24-d63b-416f-bd0c-1f99e60bbb7f (type: router_ports) to 1
2026-06-03 01:05:55.682 9 INFO neutron.wsgi [req-4c0d9bd2-492d-4280-85db-82ebce886b0a req-cbd137d4-8f3a-4bf0-bd7b-0cbb2b98b8e0 a40210201caa49bb93cd515aa8095e00 a78bb181ca684beda97a5b9e234ddee7 - - 27592d6e2a0a46d8aa949fa5c795dc48 27592d6e2a0a46d8aa949fa5c795dc48] 10.0.0.91 "GET /v2.0/extensions HTTP/1.1" status: 200 len: 18683 time: 0.0405078
2026-06-03 01:05:55.717 10 INFO neutron.db.ovn_revision_numbers_db [None req-23e4e506-9bf3-4ca6-9b2c-e83e5840c50b a2c78cabff1f49d394cdc774da803f1f b7cf0cf2248a460c822a2e34d6e4a317 - - default default] Successfully bumped revision number for resource 715e536a-c7fa-4dd6-99df-ae3592a8b458 (type: routers) to 2
2026-06-03 01:05:55.750 10 INFO neutron.wsgi [None req-23e4e506-9bf3-4ca6-9b2c-e83e5840c50b a2c78cabff1f49d394cdc774da803f1f b7cf0cf2248a460c822a2e34d6e4a317 - - default default] 10.0.0.22 "POST /v2.0/routers HTTP/1.1" status: 201 len: 1169 time: 4.6676140
2026-06-03 01:05:55.751 9 INFO neutron.plugins.ml2.drivers.ovn.mech_driver.mech_driver [None req-3e339426-8027-42b5-8b14-f57166ed1b46 - - - - - -] OVN reports status up for port: 9b9c362e-f6f5-40e5-8221-6b25fd1d2454
2026-06-03 01:05:55.779 9 INFO neutron.plugins.ml2.plugin [None req-3e339426-8027-42b5-8b14-f57166ed1b46 - - - - - -] Attempt 1 to provision port 9b9c362e-f6f5-40e5-8221-6b25fd1d2454
2026-06-03 01:05:55.797 9 INFO neutron.wsgi [req-4c0d9bd2-492d-4280-85db-82ebce886b0a req-16e9ce00-3735-467b-867e-f044b43c3ea9 a40210201caa49bb93cd515aa8095e00 a78bb181ca684beda97a5b9e234ddee7 - - 27592d6e2a0a46d8aa949fa5c795dc48 27592d6e2a0a46d8aa949fa5c795dc48] 10.0.0.91 "GET /v2.0/networks/68fdfd02-46a7-49e7-b09c-9bf636606530?fields=segments HTTP/1.1" status: 200 len: 212 time: 0.1074524
2026-06-03 01:05:55.952 10 INFO neutron.db.ovn_revision_numbers_db [None req-b10d756b-152a-4be2-9b1e-fcf6c64ff021 - - - - - -] Successfully bumped revision number for resource 687cc177-e7f1-4304-b0a2-6c3d2356de57 (type: ports) to 1
2026-06-03 01:05:56.051 9 WARNING neutron_lib.context [None req-b8d146a9-4904-4a76-807c-7a9892662ba4 d8cf2e0ecc644cf2b21f4f80ae81d8b8 707ba4312029457c9e6ea5fcf939b179 - - default default] Method 'is_advsvc' is deprecated since 2023.2 release (neutron-lib 3.8.0) and will be removed once support for the old RBAC API policies will be removed from Neutron. Please use method 'is_service_role' instead.
2026-06-03 01:05:56.076 9 INFO neutron.wsgi [req-4c0d9bd2-492d-4280-85db-82ebce886b0a req-a19fbad9-a276-4ac8-81a3-90834cfd6e74 a40210201caa49bb93cd515aa8095e00 a78bb181ca684beda97a5b9e234ddee7 - - 27592d6e2a0a46d8aa949fa5c795dc48 27592d6e2a0a46d8aa949fa5c795dc48] 10.0.0.91 "GET /v2.0/networks/68fdfd02-46a7-49e7-b09c-9bf636606530?fields=provider%3Aphysical_network&fields=provider%3Anetwork_type HTTP/1.1" status: 200 len: 277 time: 0.2624903
2026-06-03 01:05:56.280 9 INFO neutron.db.ovn_revision_numbers_db [None req-b8d146a9-4904-4a76-807c-7a9892662ba4 d8cf2e0ecc644cf2b21f4f80ae81d8b8 707ba4312029457c9e6ea5fcf939b179 - - default default] Successfully bumped revision number for resource 4ba249aa-665e-4797-b417-45d8af54d5db (type: security_groups) to 1
2026-06-03 01:05:56.332 9 INFO neutron.wsgi [req-d01db387-e970-496e-b790-e7adb5717ece req-8f4013c8-72c4-415e-a0f0-ffc8bd08f5f1 78f182d457044ca890b2c18deee644df 3784312952bd47ccb38cd80d2bad3593 - - default default] 10.0.0.91 "GET /v2.0/ports?device_id=d4806901-7f40-44bf-9725-1a48de4d39a6 HTTP/1.1" status: 200 len: 210 time: 0.0485015
2026-06-03 01:05:56.344 9 INFO neutron.db.ovn_revision_numbers_db [None req-b8d146a9-4904-4a76-807c-7a9892662ba4 d8cf2e0ecc644cf2b21f4f80ae81d8b8 707ba4312029457c9e6ea5fcf939b179 - - default default] Successfully bumped revision number for resource d1bb3a0c-2fa3-4af5-ba47-96611cbc940d (type: security_group_rules) to 0
2026-06-03 01:05:56.377 9 INFO neutron.db.ovn_revision_numbers_db [None req-b8d146a9-4904-4a76-807c-7a9892662ba4 d8cf2e0ecc644cf2b21f4f80ae81d8b8 707ba4312029457c9e6ea5fcf939b179 - - default default] Successfully bumped revision number for resource f658da04-4d96-4fb0-9fcc-c09277fb6141 (type: security_group_rules) to 0
2026-06-03 01:05:56.416 9 INFO neutron.wsgi [None req-b8d146a9-4904-4a76-807c-7a9892662ba4 d8cf2e0ecc644cf2b21f4f80ae81d8b8 707ba4312029457c9e6ea5fcf939b179 - - default default] 10.0.0.22 "POST /v2.0/security-groups HTTP/1.1" status: 201 len: 1861 time: 0.3709347
2026-06-03 01:05:56.439 9 WARNING neutron_lib.context [None req-5892d5f0-523d-4ab4-8258-bb3b136b1a8b d8cf2e0ecc644cf2b21f4f80ae81d8b8 707ba4312029457c9e6ea5fcf939b179 - - default default] Method 'is_advsvc' is deprecated since 2023.2 release (neutron-lib 3.8.0) and will be removed once support for the old RBAC API policies will be removed from Neutron. Please use method 'is_service_role' instead.
2026-06-03 01:05:56.482 9 WARNING neutron_lib.context [req-554df6e0-7df1-4b49-b7ef-8b2016ff671f req-fa855bbb-959b-444c-953f-ed12876a8ab7 31f66ee0660c47cba422fd2d7f3ac26a 466d919b2ed249dd97b5adeeabd4f97e - - default default] Method 'is_advsvc' is deprecated since 2023.2 release (neutron-lib 3.8.0) and will be removed once support for the old RBAC API policies will be removed from Neutron. Please use method 'is_service_role' instead.
2026-06-03 01:05:56.586 10 INFO neutron.db.ovn_revision_numbers_db [None req-b10d756b-152a-4be2-9b1e-fcf6c64ff021 - - - - - -] Successfully bumped revision number for resource 687cc177-e7f1-4304-b0a2-6c3d2356de57 (type: router_ports) to 3
2026-06-03 01:05:56.768 9 INFO neutron.db.ovn_revision_numbers_db [None req-3e339426-8027-42b5-8b14-f57166ed1b46 - - - - - -] Successfully bumped revision number for resource 9b9c362e-f6f5-40e5-8221-6b25fd1d2454 (type: ports) to 2
2026-06-03 01:05:56.801 9 INFO neutron.db.ovn_revision_numbers_db [None req-5892d5f0-523d-4ab4-8258-bb3b136b1a8b d8cf2e0ecc644cf2b21f4f80ae81d8b8 707ba4312029457c9e6ea5fcf939b179 - - default default] Successfully bumped revision number for resource 8740908c-3e3c-4c18-82cd-57ef6e0faa59 (type: security_group_rules) to 0
2026-06-03 01:05:56.860 9 INFO neutron.db.ovn_revision_numbers_db [req-554df6e0-7df1-4b49-b7ef-8b2016ff671f req-fa855bbb-959b-444c-953f-ed12876a8ab7 31f66ee0660c47cba422fd2d7f3ac26a 466d919b2ed249dd97b5adeeabd4f97e - - default default] Successfully bumped revision number for resource f68c0c9f-bb33-4e66-a04f-5fa15dc75524 (type: security_groups) to 1
2026-06-03 01:05:56.873 10 INFO neutron.db.ovn_revision_numbers_db [None req-b10d756b-152a-4be2-9b1e-fcf6c64ff021 - - - - - -] Successfully bumped revision number for resource 687cc177-e7f1-4304-b0a2-6c3d2356de57 (type: ports) to 2
2026-06-03 01:05:56.919 9 INFO neutron.wsgi [None req-5892d5f0-523d-4ab4-8258-bb3b136b1a8b d8cf2e0ecc644cf2b21f4f80ae81d8b8 707ba4312029457c9e6ea5fcf939b179 - - default default] 10.0.0.22 "POST /v2.0/security-group-rules HTTP/1.1" status: 201 len: 796 time: 0.4876535
2026-06-03 01:05:56.931 10 WARNING neutron_lib.context [None req-2b57849b-ac0c-453c-bebe-6a541cdbc3d0 d8cf2e0ecc644cf2b21f4f80ae81d8b8 707ba4312029457c9e6ea5fcf939b179 - - default default] Method 'is_advsvc' is deprecated since 2023.2 release (neutron-lib 3.8.0) and will be removed once support for the old RBAC API policies will be removed from Neutron. Please use method 'is_service_role' instead.
2026-06-03 01:05:56.933 9 INFO neutron.db.ovn_revision_numbers_db [req-554df6e0-7df1-4b49-b7ef-8b2016ff671f req-fa855bbb-959b-444c-953f-ed12876a8ab7 31f66ee0660c47cba422fd2d7f3ac26a 466d919b2ed249dd97b5adeeabd4f97e - - default default] Successfully bumped revision number for resource 26c5d76d-11b6-40e8-ab53-fbf769359326 (type: security_group_rules) to 0
2026-06-03 01:05:56.961 9 INFO neutron.db.ovn_revision_numbers_db [req-554df6e0-7df1-4b49-b7ef-8b2016ff671f req-fa855bbb-959b-444c-953f-ed12876a8ab7 31f66ee0660c47cba422fd2d7f3ac26a 466d919b2ed249dd97b5adeeabd4f97e - - default default] Successfully bumped revision number for resource 81ccfc57-ef81-4e8b-80fc-6897e2671521 (type: security_group_rules) to 0
2026-06-03 01:05:56.998 9 INFO neutron.wsgi [req-554df6e0-7df1-4b49-b7ef-8b2016ff671f req-fa855bbb-959b-444c-953f-ed12876a8ab7 31f66ee0660c47cba422fd2d7f3ac26a 466d919b2ed249dd97b5adeeabd4f97e - - default default] 10.0.0.91 "POST /v2.0/security-groups HTTP/1.1" status: 201 len: 1890 time: 0.5663574
2026-06-03 01:05:57.021 9 WARNING neutron.scheduler.dhcp_agent_scheduler [None req-954f8d54-1588-47db-ac9f-928ca0e79877 a2c78cabff1f49d394cdc774da803f1f b7cf0cf2248a460c822a2e34d6e4a317 - - default default] No more DHCP agents
2026-06-03 01:05:57.030 9 WARNING neutron.api.rpc.agentnotifiers.dhcp_rpc_agent_api [None req-954f8d54-1588-47db-ac9f-928ca0e79877 a2c78cabff1f49d394cdc774da803f1f b7cf0cf2248a460c822a2e34d6e4a317 - - default default] Unable to schedule network afb0f5ac-f5b6-46f3-9c3d-9d72c99c5c35: no agents available; will retry on subsequent port and subnet creation events.
2026-06-03 01:05:57.095 9 INFO neutron.db.ovn_revision_numbers_db [None req-3e339426-8027-42b5-8b14-f57166ed1b46 - - - - - -] Successfully bumped revision number for resource 9b9c362e-f6f5-40e5-8221-6b25fd1d2454 (type: router_ports) to 2
2026-06-03 01:05:57.098 9 INFO neutron.wsgi [req-42c1620b-ffa4-491a-bd33-df665be7eedb req-f86359aa-00f8-4537-beed-58dd4ed25485 31f66ee0660c47cba422fd2d7f3ac26a 466d919b2ed249dd97b5adeeabd4f97e - - default default] 10.0.0.91 "GET /v2.0/security-groups/f68c0c9f-bb33-4e66-a04f-5fa15dc75524 HTTP/1.1" status: 200 len: 1885 time: 0.0648632
2026-06-03 01:05:57.116 9 WARNING neutron_lib.context [req-42c1620b-ffa4-491a-bd33-df665be7eedb req-1e14f83c-850c-4c86-a1e7-5f4cf90ddf21 31f66ee0660c47cba422fd2d7f3ac26a 466d919b2ed249dd97b5adeeabd4f97e - - default default] Method 'is_advsvc' is deprecated since 2023.2 release (neutron-lib 3.8.0) and will be removed once support for the old RBAC API policies will be removed from Neutron. Please use method 'is_service_role' instead.
2026-06-03 01:05:57.243 10 INFO neutron.db.ovn_revision_numbers_db [None req-2b57849b-ac0c-453c-bebe-6a541cdbc3d0 d8cf2e0ecc644cf2b21f4f80ae81d8b8 707ba4312029457c9e6ea5fcf939b179 - - default default] Successfully bumped revision number for resource 0f3868e5-773d-494b-90c6-c9bae0f2a569 (type: security_group_rules) to 0
2026-06-03 01:05:57.290 10 INFO neutron.wsgi [None req-2b57849b-ac0c-453c-bebe-6a541cdbc3d0 d8cf2e0ecc644cf2b21f4f80ae81d8b8 707ba4312029457c9e6ea5fcf939b179 - - default default] 10.0.0.22 "POST /v2.0/security-group-rules HTTP/1.1" status: 201 len: 801 time: 0.3654301
2026-06-03 01:05:57.301 10 WARNING neutron_lib.context [None req-521583a7-356e-43dd-a396-467223fc3d49 d8cf2e0ecc644cf2b21f4f80ae81d8b8 707ba4312029457c9e6ea5fcf939b179 - - default default] Method 'is_advsvc' is deprecated since 2023.2 release (neutron-lib 3.8.0) and will be removed once support for the old RBAC API policies will be removed from Neutron. Please use method 'is_service_role' instead.
2026-06-03 01:05:57.433 9 INFO neutron.db.ovn_revision_numbers_db [None req-954f8d54-1588-47db-ac9f-928ca0e79877 a2c78cabff1f49d394cdc774da803f1f b7cf0cf2248a460c822a2e34d6e4a317 - - default default] Successfully bumped revision number for resource 969a7acf-26bc-4283-aa0a-5bd1b9b3fac4 (type: ports) to 1
2026-06-03 01:05:57.489 10 INFO neutron.db.ovn_revision_numbers_db [None req-b10d756b-152a-4be2-9b1e-fcf6c64ff021 - - - - - -] Successfully bumped revision number for resource 687cc177-e7f1-4304-b0a2-6c3d2356de57 (type: ports) to 4
2026-06-03 01:05:57.500 9 INFO neutron.wsgi [req-fc57be33-07f5-43f6-beaf-f67348ce1662 req-76ca2778-4b93-46a6-a3e1-61d4a30265d1 78f182d457044ca890b2c18deee644df 3784312952bd47ccb38cd80d2bad3593 - - default default] 10.0.0.91 "GET /v2.0/ports?device_id=d4806901-7f40-44bf-9725-1a48de4d39a6 HTTP/1.1" status: 200 len: 210 time: 0.0258734
2026-06-03 01:05:57.561 9 INFO neutron.db.ovn_revision_numbers_db [req-42c1620b-ffa4-491a-bd33-df665be7eedb req-1e14f83c-850c-4c86-a1e7-5f4cf90ddf21 31f66ee0660c47cba422fd2d7f3ac26a 466d919b2ed249dd97b5adeeabd4f97e - - default default] Successfully bumped revision number for resource 0203fcc0-e818-4f96-a746-1fb3a470390f (type: security_group_rules) to 0
2026-06-03 01:05:57.615 9 INFO neutron.wsgi [req-42c1620b-ffa4-491a-bd33-df665be7eedb req-1e14f83c-850c-4c86-a1e7-5f4cf90ddf21 31f66ee0660c47cba422fd2d7f3ac26a 466d919b2ed249dd97b5adeeabd4f97e - - default default] 10.0.0.91 "POST /v2.0/security-group-rules HTTP/1.1" status: 201 len: 818 time: 0.5063589
2026-06-03 01:05:57.650 9 WARNING neutron_lib.context [req-cbe5027c-5f4e-42ef-8c3b-a630b512e095 req-3433ec59-d69f-46b7-a262-aecb4819a8b9 31f66ee0660c47cba422fd2d7f3ac26a 466d919b2ed249dd97b5adeeabd4f97e - - default default] Method 'is_advsvc' is deprecated since 2023.2 release (neutron-lib 3.8.0) and will be removed once support for the old RBAC API policies will be removed from Neutron. Please use method 'is_service_role' instead.
2026-06-03 01:05:57.772 10 WARNING neutron.scheduler.dhcp_agent_scheduler [None req-521583a7-356e-43dd-a396-467223fc3d49 d8cf2e0ecc644cf2b21f4f80ae81d8b8 707ba4312029457c9e6ea5fcf939b179 - - default default] No more DHCP agents
2026-06-03 01:05:57.781 10 WARNING neutron.api.rpc.agentnotifiers.dhcp_rpc_agent_api [None req-521583a7-356e-43dd-a396-467223fc3d49 d8cf2e0ecc644cf2b21f4f80ae81d8b8 707ba4312029457c9e6ea5fcf939b179 - - default default] Unable to schedule network 8856a006-1498-4c6b-adb8-aca6c2ef139f: no agents available; will retry on subsequent port and subnet creation events.
2026-06-03 01:05:57.826 9 INFO neutron.db.ovn_revision_numbers_db [req-cbe5027c-5f4e-42ef-8c3b-a630b512e095 req-3433ec59-d69f-46b7-a262-aecb4819a8b9 31f66ee0660c47cba422fd2d7f3ac26a 466d919b2ed249dd97b5adeeabd4f97e - - default default] Successfully bumped revision number for resource 7049f8fc-762c-4f80-ac3b-4b5ef0ed7875 (type: security_groups) to 1
2026-06-03 01:05:57.845 9 INFO neutron.db.ovn_revision_numbers_db [req-cbe5027c-5f4e-42ef-8c3b-a630b512e095 req-3433ec59-d69f-46b7-a262-aecb4819a8b9 31f66ee0660c47cba422fd2d7f3ac26a 466d919b2ed249dd97b5adeeabd4f97e - - default default] Successfully bumped revision number for resource 1a6c1bf8-9a25-4bcf-9142-4cd8020ddc43 (type: security_group_rules) to 0
2026-06-03 01:05:57.863 10 INFO neutron.db.ovn_revision_numbers_db [None req-b10d756b-152a-4be2-9b1e-fcf6c64ff021 - - - - - -] Successfully bumped revision number for resource 687cc177-e7f1-4304-b0a2-6c3d2356de57 (type: router_ports) to 4
2026-06-03 01:05:57.889 9 INFO neutron.db.ovn_revision_numbers_db [req-cbe5027c-5f4e-42ef-8c3b-a630b512e095 req-3433ec59-d69f-46b7-a262-aecb4819a8b9 31f66ee0660c47cba422fd2d7f3ac26a 466d919b2ed249dd97b5adeeabd4f97e - - default default] Successfully bumped revision number for resource 66d2151e-405e-402e-a671-5c8ee0e0bd2f (type: security_group_rules) to 0
2026-06-03 01:05:57.909 10 INFO neutron.plugins.ml2.drivers.ovn.mech_driver.ovsdb.ovsdb_monitor [None req-b10d756b-152a-4be2-9b1e-fcf6c64ff021 - - - - - -] Router 715e536a-c7fa-4dd6-99df-ae3592a8b458 is bound to host instance
2026-06-03 01:05:57.929 9 INFO neutron.wsgi [req-cbe5027c-5f4e-42ef-8c3b-a630b512e095 req-3433ec59-d69f-46b7-a262-aecb4819a8b9 31f66ee0660c47cba422fd2d7f3ac26a 466d919b2ed249dd97b5adeeabd4f97e - - default default] 10.0.0.91 "POST /v2.0/security-groups HTTP/1.1" status: 201 len: 1891 time: 0.2840705
2026-06-03 01:05:57.967 9 INFO neutron.wsgi [req-4c0d9bd2-492d-4280-85db-82ebce886b0a req-eecb2a9f-a8af-4afd-8f32-b3ca975cb5e9 78f182d457044ca890b2c18deee644df 3784312952bd47ccb38cd80d2bad3593 - - default default] 199.204.45.72 "GET /v2.0/networks?id=68fdfd02-46a7-49e7-b09c-9bf636606530 HTTP/1.1" status: 200 len: 882 time: 0.1635292
2026-06-03 01:05:58.036 9 INFO neutron.wsgi [req-6b52d2d6-7dab-49d9-9ff0-792030814044 req-1f802484-633a-4bc9-abdb-2cf4624f5f4b 31f66ee0660c47cba422fd2d7f3ac26a 466d919b2ed249dd97b5adeeabd4f97e - - default default] 10.0.0.91 "GET /v2.0/security-groups/7049f8fc-762c-4f80-ac3b-4b5ef0ed7875 HTTP/1.1" status: 200 len: 1886 time: 0.0828686
2026-06-03 01:05:58.065 9 WARNING neutron_lib.context [req-6b52d2d6-7dab-49d9-9ff0-792030814044 req-bc40ce48-4950-45f7-821e-824e0a8f1b47 31f66ee0660c47cba422fd2d7f3ac26a 466d919b2ed249dd97b5adeeabd4f97e - - default default] Method 'is_advsvc' is deprecated since 2023.2 release (neutron-lib 3.8.0) and will be removed once support for the old RBAC API policies will be removed from Neutron. Please use method 'is_service_role' instead.
2026-06-03 01:05:58.096 9 INFO neutron.wsgi [req-4c0d9bd2-492d-4280-85db-82ebce886b0a req-13fa3630-5d37-4929-bfa4-ac3a219b6ffd 78f182d457044ca890b2c18deee644df 3784312952bd47ccb38cd80d2bad3593 - - default default] 199.204.45.72 "GET /v2.0/security-groups?fields=id&fields=name&tenant_id=3784312952bd47ccb38cd80d2bad3593 HTTP/1.1" status: 200 len: 379 time: 0.0973666
2026-06-03 01:05:58.110 9 WARNING neutron_lib.context [req-4c0d9bd2-492d-4280-85db-82ebce886b0a req-3080a37a-0802-4ecf-9709-66f81fdcc0a8 78f182d457044ca890b2c18deee644df 3784312952bd47ccb38cd80d2bad3593 - - default default] Method 'is_advsvc' is deprecated since 2023.2 release (neutron-lib 3.8.0) and will be removed once support for the old RBAC API policies will be removed from Neutron. Please use method 'is_service_role' instead.
2026-06-03 01:05:58.151 9 ERROR ovsdbapp.backend.ovs_idl.command [None req-954f8d54-1588-47db-ac9f-928ca0e79877 a2c78cabff1f49d394cdc774da803f1f b7cf0cf2248a460c822a2e34d6e4a317 - - default default] Error executing command (DbGetCommand): ovsdbapp.backend.ovs_idl.idlutils.RowNotFound: Cannot find Logical_Router_Port with name=lrp-969a7acf-26bc-4283-aa0a-5bd1b9b3fac4
2026-06-03 01:05:58.151 9 ERROR ovsdbapp.backend.ovs_idl.command
Traceback (most recent call last):
2026-06-03 01:05:58.151 9 ERROR ovsdbapp.backend.ovs_idl.command
File "/var/lib/openstack/lib/python3.10/site-packages/ovsdbapp/backend/ovs_idl/command.py", line 47, in execute
2026-06-03 01:05:58.151 9 ERROR ovsdbapp.backend.ovs_idl.command self.run_idl(None)
2026-06-03 01:05:58.151 9 ERROR ovsdbapp.backend.ovs_idl.command
File "/var/lib/openstack/lib/python3.10/site-packages/ovsdbapp/backend/ovs_idl/command.py", line 235, in run_idl
2026-06-03 01:05:58.151 9 ERROR ovsdbapp.backend.ovs_idl.command record = self.api.lookup(self.table, self.record)
2026-06-03 01:05:58.151 9 ERROR ovsdbapp.backend.ovs_idl.command
File "/var/lib/openstack/lib/python3.10/site-packages/ovsdbapp/backend/ovs_idl/__init__.py", line 184, in lookup
2026-06-03 01:05:58.151 9 ERROR ovsdbapp.backend.ovs_idl.command return self._lookup(table, record)
2026-06-03 01:05:58.151 9 ERROR ovsdbapp.backend.ovs_idl.command
File "/var/lib/openstack/lib/python3.10/site-packages/ovsdbapp/backend/ovs_idl/__init__.py", line 235, in _lookup
2026-06-03 01:05:58.151 9 ERROR ovsdbapp.backend.ovs_idl.command row = idlutils.row_by_value(self, rl.table, rl.column, record)
2026-06-03 01:05:58.151 9 ERROR ovsdbapp.backend.ovs_idl.command
File "/var/lib/openstack/lib/python3.10/site-packages/ovsdbapp/backend/ovs_idl/idlutils.py", line 114, in row_by_value
2026-06-03 01:05:58.151 9 ERROR ovsdbapp.backend.ovs_idl.command raise RowNotFound(table=table, col=column, match=match)
2026-06-03 01:05:58.151 9 ERROR ovsdbapp.backend.ovs_idl.command ovsdbapp.backend.ovs_idl.idlutils.RowNotFound: Cannot find Logical_Router_Port with name=lrp-969a7acf-26bc-4283-aa0a-5bd1b9b3fac4
2026-06-03 01:05:58.151 9 ERROR ovsdbapp.backend.ovs_idl.command 
2026-06-03 01:05:58.152 9 ERROR neutron_lib.callbacks.manager [None req-954f8d54-1588-47db-ac9f-928ca0e79877 a2c78cabff1f49d394cdc774da803f1f b7cf0cf2248a460c822a2e34d6e4a317 - - default default] Error during notification for neutron.services.ovn_l3.plugin.OVNL3RouterPlugin._port_update-8776969588454 port, after_update: ovsdbapp.backend.ovs_idl.idlutils.RowNotFound: Cannot find Logical_Router_Port with name=lrp-969a7acf-26bc-4283-aa0a-5bd1b9b3fac4
2026-06-03 01:05:58.152 9 ERROR neutron_lib.callbacks.manager
Traceback (most recent call last):
2026-06-03 01:05:58.152 9 ERROR neutron_lib.callbacks.manager
File "/var/lib/openstack/lib/python3.10/site-packages/neutron_lib/callbacks/manager.py", line 189, in _notify_loop
2026-06-03 01:05:58.152 9 ERROR neutron_lib.callbacks.manager callback.method(resource, event, trigger, payload=payload)
2026-06-03 01:05:58.152 9 ERROR neutron_lib.callbacks.manager
File "/var/lib/openstack/lib/python3.10/site-packages/neutron/services/ovn_l3/plugin.py", line 391, in _port_update
2026-06-03 01:05:58.152 9 ERROR neutron_lib.callbacks.manager l3plugin._ovn_client.update_router_port(context,
2026-06-03 01:05:58.152 9 ERROR neutron_lib.callbacks.manager
File "/var/lib/openstack/lib/python3.10/site-packages/neutron/plugins/ml2/drivers/ovn/mech_driver/ovsdb/ovn_client.py", line 1878, in update_router_port
2026-06-03 01:05:58.152 9 ERROR neutron_lib.callbacks.manager self._update_lrouter_port(context, port, if_exists=if_exists,
2026-06-03 01:05:58.152 9 ERROR neutron_lib.callbacks.manager
File "/var/lib/openstack/lib/python3.10/site-packages/neutron/plugins/ml2/drivers/ovn/mech_driver/ovsdb/ovn_client.py", line 1855, in _update_lrouter_port
2026-06-03 01:05:58.152 9 ERROR neutron_lib.callbacks.manager external_ids = self._nb_idl.db_get(
2026-06-03 01:05:58.152 9 ERROR neutron_lib.callbacks.manager
File "/var/lib/openstack/lib/python3.10/site-packages/ovsdbapp/backend/ovs_idl/command.py", line 47, in execute
2026-06-03 01:05:58.152 9 ERROR neutron_lib.callbacks.manager self.run_idl(None)
2026-06-03 01:05:58.152 9 ERROR neutron_lib.callbacks.manager
File "/var/lib/openstack/lib/python3.10/site-packages/ovsdbapp/backend/ovs_idl/command.py", line 235, in run_idl
2026-06-03 01:05:58.152 9 ERROR neutron_lib.callbacks.manager record = self.api.lookup(self.table, self.record)
2026-06-03 01:05:58.152 9 ERROR neutron_lib.callbacks.manager
File "/var/lib/openstack/lib/python3.10/site-packages/ovsdbapp/backend/ovs_idl/__init__.py", line 184, in lookup
2026-06-03 01:05:58.152 9 ERROR neutron_lib.callbacks.manager return self._lookup(table, record)
2026-06-03 01:05:58.152 9 ERROR neutron_lib.callbacks.manager
File "/var/lib/openstack/lib/python3.10/site-packages/ovsdbapp/backend/ovs_idl/__init__.py", line 235, in _lookup
2026-06-03 01:05:58.152 9 ERROR neutron_lib.callbacks.manager row = idlutils.row_by_value(self, rl.table, rl.column, record)
2026-06-03 01:05:58.152 9 ERROR neutron_lib.callbacks.manager
File "/var/lib/openstack/lib/python3.10/site-packages/ovsdbapp/backend/ovs_idl/idlutils.py", line 114, in row_by_value
2026-06-03 01:05:58.152 9 ERROR neutron_lib.callbacks.manager raise RowNotFound(table=table, col=column, match=match)
2026-06-03 01:05:58.152 9 ERROR neutron_lib.callbacks.manager ovsdbapp.backend.ovs_idl.idlutils.RowNotFound: Cannot find Logical_Router_Port with name=lrp-969a7acf-26bc-4283-aa0a-5bd1b9b3fac4
2026-06-03 01:05:58.152 9 ERROR neutron_lib.callbacks.manager 
2026-06-03 01:05:58.484 9 INFO neutron.db.ovn_revision_numbers_db [None req-954f8d54-1588-47db-ac9f-928ca0e79877 a2c78cabff1f49d394cdc774da803f1f b7cf0cf2248a460c822a2e34d6e4a317 - - default default] Successfully bumped revision number for resource 969a7acf-26bc-4283-aa0a-5bd1b9b3fac4 (type: ports) to 1
2026-06-03 01:05:58.510 10 INFO neutron.wsgi [None req-521583a7-356e-43dd-a396-467223fc3d49 d8cf2e0ecc644cf2b21f4f80ae81d8b8 707ba4312029457c9e6ea5fcf939b179 - - default default] 10.0.0.22 "POST /v2.0/floatingips HTTP/1.1" status: 201 len: 751 time: 1.2134881
