2026-06-03 01:08:58.486 9 INFO neutron.wsgi [None req-a0d6b116-13c4-46b3-b0e1-686ea6df8012 fa4d36092e8a4fc58350fb2881394082 2e320aba51a74aac98587d719f7191a0 - - default default] 10.0.0.22 "POST /v2.0/networks HTTP/1.1" status: 201 len: 852 time: 1.0656400
2026-06-03 01:08:58.492 9 INFO neutron.wsgi [req-90834d32-32e0-46ab-9cb0-9fb0c4b5aa7c req-37b6a858-b024-4d4f-826b-31dcd83572f6 a40210201caa49bb93cd515aa8095e00 a78bb181ca684beda97a5b9e234ddee7 - - 27592d6e2a0a46d8aa949fa5c795dc48 27592d6e2a0a46d8aa949fa5c795dc48] 199.204.45.72 "GET /v2.0/networks/c1793c01-188b-4c22-bb57-84239a1989cd?fields=provider%3Aphysical_network&fields=provider%3Anetwork_type HTTP/1.1" status: 200 len: 277 time: 0.0940287
2026-06-03 01:08:58.498 10 WARNING neutron_lib.context [None req-158bbe0b-0c2a-4743-bfe6-ae61ec52d9d1 fa4d36092e8a4fc58350fb2881394082 2e320aba51a74aac98587d719f7191a0 - - default default] Method 'is_advsvc' is deprecated since 2023.2 release (neutron-lib 3.8.0) and will be removed once support for the old RBAC API policies will be removed from Neutron. Please use method 'is_service_role' instead.
2026-06-03 01:08:58.585 9 INFO neutron.wsgi [req-8e8b533b-a3b5-4fea-8f3a-10e5c3ab13f7 req-1645d76f-9ccb-459e-aa7e-b1e8a50c4486 a40210201caa49bb93cd515aa8095e00 a78bb181ca684beda97a5b9e234ddee7 - - 27592d6e2a0a46d8aa949fa5c795dc48 27592d6e2a0a46d8aa949fa5c795dc48] 199.204.45.72 "GET /v2.0/ports?tenant_id=ed9d869ee1ef46feb38b89400587a4de&device_id=6455a708-4fe5-4585-b96e-369874600ede HTTP/1.1" status: 200 len: 1446 time: 0.0503509
2026-06-03 01:08:58.624 10 INFO neutron.db.segments_db [None req-158bbe0b-0c2a-4743-bfe6-ae61ec52d9d1 fa4d36092e8a4fc58350fb2881394082 2e320aba51a74aac98587d719f7191a0 - - default default] Added segment 9ec7b83f-f32e-47da-b259-a9e430c4aa91 of type geneve for network c5b1aa27-8dbe-49da-a7e5-79893eaf4bf3
2026-06-03 01:08:58.706 9 INFO neutron.wsgi [req-8e8b533b-a3b5-4fea-8f3a-10e5c3ab13f7 req-7dd5e492-b14d-4fd3-8182-e1b79b7e36f9 a40210201caa49bb93cd515aa8095e00 a78bb181ca684beda97a5b9e234ddee7 - - 27592d6e2a0a46d8aa949fa5c795dc48 27592d6e2a0a46d8aa949fa5c795dc48] 199.204.45.72 "GET /v2.0/networks?id=c1793c01-188b-4c22-bb57-84239a1989cd HTTP/1.1" status: 200 len: 971 time: 0.1117952
2026-06-03 01:08:58.743 9 INFO neutron.wsgi [req-8e8b533b-a3b5-4fea-8f3a-10e5c3ab13f7 req-dcc3ebca-b133-4c0c-abca-a507ae082348 a40210201caa49bb93cd515aa8095e00 a78bb181ca684beda97a5b9e234ddee7 - - 27592d6e2a0a46d8aa949fa5c795dc48 27592d6e2a0a46d8aa949fa5c795dc48] 199.204.45.72 "GET /v2.0/floatingips?fixed_ip_address=10.100.0.6&port_id=a4622355-5c70-4492-9575-f11087393773 HTTP/1.1" status: 200 len: 217 time: 0.0299487
2026-06-03 01:08:58.748 9 INFO neutron.wsgi [req-f3eb9127-2211-447c-8e9f-fc21cd915132 req-aa093a52-b3e1-472e-b3a4-570e05eb2eda a40210201caa49bb93cd515aa8095e00 a78bb181ca684beda97a5b9e234ddee7 - - 27592d6e2a0a46d8aa949fa5c795dc48 27592d6e2a0a46d8aa949fa5c795dc48] 199.204.45.72 "GET /v2.0/ports?device_id=6455a708-4fe5-4585-b96e-369874600ede HTTP/1.1" status: 200 len: 1446 time: 0.0783308
2026-06-03 01:08:58.800 10 WARNING neutron.scheduler.dhcp_agent_scheduler [None req-88215169-e4e9-454b-94aa-441f11af2b4e d284bce0a4de46b0adc81a37dd013ba2 c2599e35cc2b44ff8db0738993e1fbc3 - - default default] No more DHCP agents
2026-06-03 01:08:58.801 9 INFO neutron.wsgi [req-8e8b533b-a3b5-4fea-8f3a-10e5c3ab13f7 req-acffd8dc-be56-42aa-9a44-8a47d206d5bf a40210201caa49bb93cd515aa8095e00 a78bb181ca684beda97a5b9e234ddee7 - - 27592d6e2a0a46d8aa949fa5c795dc48 27592d6e2a0a46d8aa949fa5c795dc48] 199.204.45.72 "GET /v2.0/subnets?id=5d6850ba-4f61-4e81-b763-3a73f2640cc9 HTTP/1.1" status: 200 len: 866 time: 0.0453506
2026-06-03 01:08:58.803 10 WARNING neutron.api.rpc.agentnotifiers.dhcp_rpc_agent_api [None req-88215169-e4e9-454b-94aa-441f11af2b4e d284bce0a4de46b0adc81a37dd013ba2 c2599e35cc2b44ff8db0738993e1fbc3 - - default default] Unable to schedule network c8113e95-bab5-473f-93f4-63adf44bfb4f: no agents available; will retry on subsequent port and subnet creation events.
2026-06-03 01:08:58.821 10 INFO neutron.db.ovn_revision_numbers_db [None req-158bbe0b-0c2a-4743-bfe6-ae61ec52d9d1 fa4d36092e8a4fc58350fb2881394082 2e320aba51a74aac98587d719f7191a0 - - default default] Successfully bumped revision number for resource c5b1aa27-8dbe-49da-a7e5-79893eaf4bf3 (type: networks) to 1
2026-06-03 01:08:58.829 9 INFO neutron.wsgi [req-8e8b533b-a3b5-4fea-8f3a-10e5c3ab13f7 req-53caa242-f505-4a8d-9ae3-83efe92411de a40210201caa49bb93cd515aa8095e00 a78bb181ca684beda97a5b9e234ddee7 - - 27592d6e2a0a46d8aa949fa5c795dc48 27592d6e2a0a46d8aa949fa5c795dc48] 199.204.45.72 "GET /v2.0/ports?network_id=c1793c01-188b-4c22-bb57-84239a1989cd&device_owner=network%3Adhcp HTTP/1.1" status: 200 len: 210 time: 0.0227668
2026-06-03 01:08:58.833 9 INFO neutron.wsgi [req-f3eb9127-2211-447c-8e9f-fc21cd915132 req-a63af617-ae13-4656-b2c4-bb4498fdfe70 a40210201caa49bb93cd515aa8095e00 a78bb181ca684beda97a5b9e234ddee7 - - 27592d6e2a0a46d8aa949fa5c795dc48 27592d6e2a0a46d8aa949fa5c795dc48] 199.204.45.72 "GET /v2.0/security-groups?id=61657549-2191-49a4-9784-9c430a27fb51&id=2c2fa997-78ae-4480-99ec-29580cd87d64&fields=id&fields=name HTTP/1.1" status: 200 len: 405 time: 0.0765557
2026-06-03 01:08:58.936 9 INFO neutron.plugins.ml2.drivers.ovn.mech_driver.mech_driver [None req-3e339426-8027-42b5-8b14-f57166ed1b46 - - - - - -] OVN reports status up for port: a4622355-5c70-4492-9575-f11087393773
2026-06-03 01:08:58.956 9 INFO neutron.wsgi [req-8e8b533b-a3b5-4fea-8f3a-10e5c3ab13f7 req-895f0315-f516-4841-8847-85b7c85430c1 a40210201caa49bb93cd515aa8095e00 a78bb181ca684beda97a5b9e234ddee7 - - 27592d6e2a0a46d8aa949fa5c795dc48 27592d6e2a0a46d8aa949fa5c795dc48] 199.204.45.72 "GET /v2.0/networks/c1793c01-188b-4c22-bb57-84239a1989cd?fields=segments HTTP/1.1" status: 200 len: 212 time: 0.0957165
2026-06-03 01:08:58.963 9 INFO neutron.plugins.ml2.plugin [None req-3e339426-8027-42b5-8b14-f57166ed1b46 - - - - - -] Attempt 1 to provision port a4622355-5c70-4492-9575-f11087393773
2026-06-03 01:08:59.048 9 INFO neutron.wsgi [req-8e8b533b-a3b5-4fea-8f3a-10e5c3ab13f7 req-905f1c93-080b-45b7-b3a8-fa0b55de8071 a40210201caa49bb93cd515aa8095e00 a78bb181ca684beda97a5b9e234ddee7 - - 27592d6e2a0a46d8aa949fa5c795dc48 27592d6e2a0a46d8aa949fa5c795dc48] 199.204.45.72 "GET /v2.0/networks/c1793c01-188b-4c22-bb57-84239a1989cd?fields=provider%3Aphysical_network&fields=provider%3Anetwork_type HTTP/1.1" status: 200 len: 277 time: 0.0814877
2026-06-03 01:08:59.138 10 WARNING neutron.scheduler.dhcp_agent_scheduler [None req-158bbe0b-0c2a-4743-bfe6-ae61ec52d9d1 fa4d36092e8a4fc58350fb2881394082 2e320aba51a74aac98587d719f7191a0 - - default default] No more DHCP agents
2026-06-03 01:08:59.140 10 WARNING neutron.api.rpc.agentnotifiers.dhcp_rpc_agent_api [None req-158bbe0b-0c2a-4743-bfe6-ae61ec52d9d1 fa4d36092e8a4fc58350fb2881394082 2e320aba51a74aac98587d719f7191a0 - - default default] Unable to schedule network c5b1aa27-8dbe-49da-a7e5-79893eaf4bf3: no agents available; will retry on subsequent port and subnet creation events.
2026-06-03 01:08:59.262 10 INFO neutron.db.ovn_revision_numbers_db [None req-158bbe0b-0c2a-4743-bfe6-ae61ec52d9d1 fa4d36092e8a4fc58350fb2881394082 2e320aba51a74aac98587d719f7191a0 - - default default] Successfully bumped revision number for resource 035e9bd5-1ec9-4b6c-b621-cd895a8ddd2f (type: ports) to 1
2026-06-03 01:08:59.306 9 INFO neutron.db.ovn_revision_numbers_db [None req-3e339426-8027-42b5-8b14-f57166ed1b46 - - - - - -] Successfully bumped revision number for resource a4622355-5c70-4492-9575-f11087393773 (type: ports) to 4
2026-06-03 01:08:59.318 10 INFO neutron.wsgi [None req-158bbe0b-0c2a-4743-bfe6-ae61ec52d9d1 fa4d36092e8a4fc58350fb2881394082 2e320aba51a74aac98587d719f7191a0 - - default default] 10.0.0.22 "POST /v2.0/networks HTTP/1.1" status: 201 len: 852 time: 0.8263633 /var/lib/openstack/lib/python3.10/site-packages/pycadf/identifier.py:71: UserWarning: Invalid uuid: neutron. To ensure interoperability, identifiers should be a valid uuid. warnings.warn(('Invalid uuid: %s. To ensure interoperability, '
2026-06-03 01:08:59.538 10 INFO neutron.db.ovn_revision_numbers_db [None req-88215169-e4e9-454b-94aa-441f11af2b4e d284bce0a4de46b0adc81a37dd013ba2 c2599e35cc2b44ff8db0738993e1fbc3 - - default default] Successfully bumped revision number for resource aeb7e311-1a63-4d1b-9af6-d6c400f2f4d7 (type: ports) to 2
2026-06-03 01:08:59.578 10 INFO neutron.db.ovn_revision_numbers_db [None req-88215169-e4e9-454b-94aa-441f11af2b4e d284bce0a4de46b0adc81a37dd013ba2 c2599e35cc2b44ff8db0738993e1fbc3 - - default default] Successfully bumped revision number for resource e915b316-6b37-4c2d-b7db-88d9e558fd61 (type: subnets) to 0
2026-06-03 01:08:59.597 10 INFO neutron.wsgi [None req-88215169-e4e9-454b-94aa-441f11af2b4e d284bce0a4de46b0adc81a37dd013ba2 c2599e35cc2b44ff8db0738993e1fbc3 - - default default] 10.0.0.22 "POST /v2.0/subnets HTTP/1.1" status: 201 len: 831 time: 1.1235516
2026-06-03 01:08:59.608 10 WARNING neutron_lib.context [None req-e9f27af7-d540-42e8-8b22-f3f36c9a4118 d284bce0a4de46b0adc81a37dd013ba2 c2599e35cc2b44ff8db0738993e1fbc3 - - default default] Method 'is_advsvc' is deprecated since 2023.2 release (neutron-lib 3.8.0) and will be removed once support for the old RBAC API policies will be removed from Neutron. Please use method 'is_service_role' instead.
2026-06-03 01:08:59.617 9 INFO neutron.wsgi [req-65f02900-bf8d-4c4c-bc00-0fb8114540c3 req-06f49434-8a51-477b-bad1-502a25595e96 0c494c530d4e41108445b9366cba3fe6 ed9d869ee1ef46feb38b89400587a4de - - default default] 10.0.0.91 "GET /v2.0/ports?device_id=6455a708-4fe5-4585-b96e-369874600ede HTTP/1.1" status: 200 len: 1210 time: 0.0982511
2026-06-03 01:08:59.678 9 INFO neutron.wsgi [req-65f02900-bf8d-4c4c-bc00-0fb8114540c3 req-365a264d-d592-4b0b-afe6-fc8e11ff23f9 0c494c530d4e41108445b9366cba3fe6 ed9d869ee1ef46feb38b89400587a4de - - default default] 10.0.0.91 "GET /v2.0/security-groups?id=2c2fa997-78ae-4480-99ec-29580cd87d64&id=61657549-2191-49a4-9784-9c430a27fb51&fields=id&fields=name HTTP/1.1" status: 200 len: 405 time: 0.0532181
2026-06-03 01:08:59.804 10 WARNING neutron_lib.context [None req-ba1fec6e-8b0c-439d-8773-3213ca54cd6a fa4d36092e8a4fc58350fb2881394082 2e320aba51a74aac98587d719f7191a0 - - default default] Method 'is_advsvc' is deprecated since 2023.2 release (neutron-lib 3.8.0) and will be removed once support for the old RBAC API policies will be removed from Neutron. Please use method 'is_service_role' instead.
2026-06-03 01:08:59.875 10 WARNING neutron_lib.context [None req-ba1fec6e-8b0c-439d-8773-3213ca54cd6a fa4d36092e8a4fc58350fb2881394082 2e320aba51a74aac98587d719f7191a0 - - default default] Method 'is_advsvc' is deprecated since 2023.2 release (neutron-lib 3.8.0) and will be removed once support for the old RBAC API policies will be removed from Neutron. Please use method 'is_service_role' instead.
2026-06-03 01:08:59.935 10 WARNING neutron.scheduler.dhcp_agent_scheduler [None req-e9f27af7-d540-42e8-8b22-f3f36c9a4118 d284bce0a4de46b0adc81a37dd013ba2 c2599e35cc2b44ff8db0738993e1fbc3 - - default default] No more DHCP agents
2026-06-03 01:08:59.940 10 WARNING neutron.api.rpc.agentnotifiers.dhcp_rpc_agent_api [None req-e9f27af7-d540-42e8-8b22-f3f36c9a4118 d284bce0a4de46b0adc81a37dd013ba2 c2599e35cc2b44ff8db0738993e1fbc3 - - default default] Unable to schedule network c8113e95-bab5-473f-93f4-63adf44bfb4f: no agents available; will retry on subsequent port and subnet creation events.
2026-06-03 01:08:59.991 10 INFO neutron.db.ovn_revision_numbers_db [None req-e9f27af7-d540-42e8-8b22-f3f36c9a4118 d284bce0a4de46b0adc81a37dd013ba2 c2599e35cc2b44ff8db0738993e1fbc3 - - default default] Successfully bumped revision number for resource 2d2d37c6-9314-4039-9224-8b14af4274af (type: subnets) to 0
2026-06-03 01:09:00.018 10 INFO neutron.wsgi [None req-e9f27af7-d540-42e8-8b22-f3f36c9a4118 d284bce0a4de46b0adc81a37dd013ba2 c2599e35cc2b44ff8db0738993e1fbc3 - - default default] 10.0.0.22 "POST /v2.0/subnets HTTP/1.1" status: 201 len: 902 time: 0.4159143
2026-06-03 01:09:00.034 9 WARNING neutron_lib.context [None req-8c79f9c2-d3ff-4e4a-af83-14a446bcbb30 d284bce0a4de46b0adc81a37dd013ba2 c2599e35cc2b44ff8db0738993e1fbc3 - - default default] Method 'is_advsvc' is deprecated since 2023.2 release (neutron-lib 3.8.0) and will be removed once support for the old RBAC API policies will be removed from Neutron. Please use method 'is_service_role' instead.
2026-06-03 01:09:00.039 9 INFO neutron.notifiers.nova [-] Nova event matching ['req-f2c8d510-27a9-4979-92fc-80b872457485'] response: {'server_uuid': '6455a708-4fe5-4585-b96e-369874600ede', 'name': 'network-vif-plugged', 'status': 'completed', 'tag': 'a4622355-5c70-4492-9575-f11087393773', 'code': 200}
2026-06-03 01:09:00.039 9 INFO neutron.notifiers.nova [-] Nova event matching ['req-f2c8d510-27a9-4979-92fc-80b872457485'] response: {'server_uuid': '6455a708-4fe5-4585-b96e-369874600ede', 'name': 'network-vif-plugged', 'status': 'completed', 'tag': 'a4622355-5c70-4492-9575-f11087393773', 'code': 200}
2026-06-03 01:09:00.361 10 WARNING neutron.scheduler.dhcp_agent_scheduler [None req-ba1fec6e-8b0c-439d-8773-3213ca54cd6a fa4d36092e8a4fc58350fb2881394082 2e320aba51a74aac98587d719f7191a0 - - default default] No more DHCP agents
2026-06-03 01:09:00.362 10 WARNING neutron.api.rpc.agentnotifiers.dhcp_rpc_agent_api [None req-ba1fec6e-8b0c-439d-8773-3213ca54cd6a fa4d36092e8a4fc58350fb2881394082 2e320aba51a74aac98587d719f7191a0 - - default default] Unable to schedule network 467f4fe5-d54f-4a73-a2b4-9f6e0a93ffa1: no agents available; will retry on subsequent port and subnet creation events.
2026-06-03 01:09:00.399 10 INFO neutron.db.ovn_revision_numbers_db [None req-ba1fec6e-8b0c-439d-8773-3213ca54cd6a fa4d36092e8a4fc58350fb2881394082 2e320aba51a74aac98587d719f7191a0 - - default default] Successfully bumped revision number for resource 9cc834f9-7e5d-4bbc-98f2-eb28765c0eb3 (type: subnets) to 0
2026-06-03 01:09:00.427 10 WARNING neutron.scheduler.dhcp_agent_scheduler [None req-ba1fec6e-8b0c-439d-8773-3213ca54cd6a fa4d36092e8a4fc58350fb2881394082 2e320aba51a74aac98587d719f7191a0 - - default default] No more DHCP agents
2026-06-03 01:09:00.431 10 WARNING neutron.api.rpc.agentnotifiers.dhcp_rpc_agent_api [None req-ba1fec6e-8b0c-439d-8773-3213ca54cd6a fa4d36092e8a4fc58350fb2881394082 2e320aba51a74aac98587d719f7191a0 - - default default] Unable to schedule network c5b1aa27-8dbe-49da-a7e5-79893eaf4bf3: no agents available; will retry on subsequent port and subnet creation events.
2026-06-03 01:09:00.467 10 INFO neutron.db.ovn_revision_numbers_db [None req-ba1fec6e-8b0c-439d-8773-3213ca54cd6a fa4d36092e8a4fc58350fb2881394082 2e320aba51a74aac98587d719f7191a0 - - default default] Successfully bumped revision number for resource c34b6060-a620-4856-a9af-7937e48d400a (type: subnets) to 0
2026-06-03 01:09:00.487 10 INFO neutron.wsgi [None req-ba1fec6e-8b0c-439d-8773-3213ca54cd6a fa4d36092e8a4fc58350fb2881394082 2e320aba51a74aac98587d719f7191a0 - - default default] 10.0.0.22 "POST /v2.0/subnets HTTP/1.1" status: 201 len: 1476 time: 0.6898272
2026-06-03 01:09:00.574 9 INFO neutron.wsgi [None req-010d8f0a-0dca-4aa5-8126-802dd57c318a fa4d36092e8a4fc58350fb2881394082 2e320aba51a74aac98587d719f7191a0 - - default default] 10.0.0.22 "GET /v2.0/subnets HTTP/1.1" status: 200 len: 2084 time: 0.0809293
2026-06-03 01:09:00.765 10 INFO neutron.db.ovn_revision_numbers_db [None req-d19dc0e7-a60f-470b-b79a-ddf55f325407 a2c78cabff1f49d394cdc774da803f1f b7cf0cf2248a460c822a2e34d6e4a317 - - default default] Successfully bumped revision number for resource 397fc7c7-30db-481e-94ee-370e983f3e53 (type: security_groups) to 1
2026-06-03 01:09:00.791 10 INFO neutron.wsgi [None req-87bb68a4-2fbc-428c-a8c1-972e31a58ba1 fa4d36092e8a4fc58350fb2881394082 2e320aba51a74aac98587d719f7191a0 - - default default] 10.0.0.22 "DELETE /v2.0/subnets/9cc834f9-7e5d-4bbc-98f2-eb28765c0eb3 HTTP/1.1" status: 204 len: 168 time: 0.2013438
2026-06-03 01:09:00.793 10 INFO neutron.db.ovn_revision_numbers_db [None req-d19dc0e7-a60f-470b-b79a-ddf55f325407 a2c78cabff1f49d394cdc774da803f1f b7cf0cf2248a460c822a2e34d6e4a317 - - default default] Successfully bumped revision number for resource 46a32853-419d-42e3-8617-d0e3b22da5c3 (type: security_group_rules) to 0
2026-06-03 01:09:00.811 9 INFO neutron.wsgi [req-f11d93af-0a96-4bca-9eed-a2dc92a61297 req-e5ee99d1-7b30-4700-b86c-1831f6343fa7 0c494c530d4e41108445b9366cba3fe6 ed9d869ee1ef46feb38b89400587a4de - - default default] 10.0.0.91 "GET /v2.0/ports?device_id=6455a708-4fe5-4585-b96e-369874600ede HTTP/1.1" status: 200 len: 1210 time: 0.0665834
2026-06-03 01:09:00.816 10 INFO neutron.db.ovn_revision_numbers_db [None req-d19dc0e7-a60f-470b-b79a-ddf55f325407 a2c78cabff1f49d394cdc774da803f1f b7cf0cf2248a460c822a2e34d6e4a317 - - default default] Successfully bumped revision number for resource 484e874a-d78d-4d6b-b44c-a302fae45648 (type: security_group_rules) to 0
2026-06-03 01:09:00.833 10 INFO neutron.db.ovn_revision_numbers_db [None req-d19dc0e7-a60f-470b-b79a-ddf55f325407 a2c78cabff1f49d394cdc774da803f1f b7cf0cf2248a460c822a2e34d6e4a317 - - default default] Successfully bumped revision number for resource 56bc0b33-30ab-4683-b8a3-1851305cadae (type: security_group_rules) to 0
2026-06-03 01:09:00.840 9 WARNING neutron.scheduler.dhcp_agent_scheduler [None req-8c79f9c2-d3ff-4e4a-af83-14a446bcbb30 d284bce0a4de46b0adc81a37dd013ba2 c2599e35cc2b44ff8db0738993e1fbc3 - - default default] No more DHCP agents
2026-06-03 01:09:00.845 9 WARNING neutron.api.rpc.agentnotifiers.dhcp_rpc_agent_api [None req-8c79f9c2-d3ff-4e4a-af83-14a446bcbb30 d284bce0a4de46b0adc81a37dd013ba2 c2599e35cc2b44ff8db0738993e1fbc3 - - default default] Unable to schedule network 8856a006-1498-4c6b-adb8-aca6c2ef139f: no agents available; will retry on subsequent port and subnet creation events.
2026-06-03 01:09:00.856 10 INFO neutron.db.ovn_revision_numbers_db [None req-d19dc0e7-a60f-470b-b79a-ddf55f325407 a2c78cabff1f49d394cdc774da803f1f b7cf0cf2248a460c822a2e34d6e4a317 - - default default] Successfully bumped revision number for resource 8cae1990-5d7d-4b07-98d4-034c777f8a04 (type: security_group_rules) to 0
2026-06-03 01:09:00.879 9 INFO neutron.wsgi [req-f11d93af-0a96-4bca-9eed-a2dc92a61297 req-f0e9cca8-0fee-4496-8579-cffb0d89c6e2 0c494c530d4e41108445b9366cba3fe6 ed9d869ee1ef46feb38b89400587a4de - - default default] 10.0.0.91 "GET /v2.0/security-groups?id=2c2fa997-78ae-4480-99ec-29580cd87d64&id=61657549-2191-49a4-9784-9c430a27fb51&fields=id&fields=name HTTP/1.1" status: 200 len: 405 time: 0.0560329
2026-06-03 01:09:00.894 10 INFO neutron.wsgi [None req-d19dc0e7-a60f-470b-b79a-ddf55f325407 a2c78cabff1f49d394cdc774da803f1f b7cf0cf2248a460c822a2e34d6e4a317 - - default default] 10.0.0.22 "GET /v2.0/security-groups?tenant_id=b8828f6025f946298554673c2dfda8b7&name=default HTTP/1.1" status: 200 len: 3120 time: 0.4764316
2026-06-03 01:09:01.002 10 INFO neutron.wsgi [None req-e66e8e13-fa3f-495c-8ddb-7e3e799703c9 fa4d36092e8a4fc58350fb2881394082 2e320aba51a74aac98587d719f7191a0 - - default default] 10.0.0.22 "DELETE /v2.0/subnets/c34b6060-a620-4856-a9af-7937e48d400a HTTP/1.1" status: 204 len: 168 time: 0.2053597
2026-06-03 01:09:01.011 9 INFO neutron.wsgi [req-356c77fa-724b-4544-8aad-e1ccc43e8b71 req-830600d7-8321-493b-86fc-c921580c87a7 0c494c530d4e41108445b9366cba3fe6 ed9d869ee1ef46feb38b89400587a4de - - default default] 10.0.0.91 "GET /v2.0/ports?device_id=6455a708-4fe5-4585-b96e-369874600ede HTTP/1.1" status: 200 len: 1210 time: 0.0640638
2026-06-03 01:09:01.058 10 INFO neutron.wsgi [None req-2f51ec98-9b0a-488e-bd48-3fc430153762 fa4d36092e8a4fc58350fb2881394082 2e320aba51a74aac98587d719f7191a0 - - default default] 10.0.0.22 "GET /v2.0/subnets HTTP/1.1" status: 200 len: 820 time: 0.0498013
2026-06-03 01:09:01.170 9 INFO neutron.db.ovn_revision_numbers_db [None req-8c79f9c2-d3ff-4e4a-af83-14a446bcbb30 d284bce0a4de46b0adc81a37dd013ba2 c2599e35cc2b44ff8db0738993e1fbc3 - - default default] Successfully bumped revision number for resource e4401459-2ca3-48f9-a7cf-0e386f3c6aa5 (type: ports) to 1
2026-06-03 01:09:01.475 9 INFO neutron.wsgi [None req-1998d08e-d9e0-4d4b-8106-e2586df8aafa a2c78cabff1f49d394cdc774da803f1f b7cf0cf2248a460c822a2e34d6e4a317 - - default default] 10.0.0.22 "DELETE /v2.0/security-groups/397fc7c7-30db-481e-94ee-370e983f3e53 HTTP/1.1" status: 204 len: 168 time: 0.5651524
2026-06-03 01:09:01.488 10 INFO neutron.services.segments.plugin [-] Segment 9ec7b83f-f32e-47da-b259-a9e430c4aa91 resource provider aggregate not found
2026-06-03 01:09:01.493 10 INFO neutron.services.segments.plugin [-] Segment 9ec7b83f-f32e-47da-b259-a9e430c4aa91 resource provider aggregate not found
2026-06-03 01:09:01.505 10 INFO neutron.services.segments.plugin [-] Segment 9ec7b83f-f32e-47da-b259-a9e430c4aa91 resource provider not found; error: Placement Client Error (4xx): {"errors": [{"status": 404, "title": "Not Found", "detail": "The resource could not be found.\n\n No resource provider with uuid 9ec7b83f-f32e-47da-b259-a9e430c4aa91 found for delete ", "request_id": "req-ccb99b2e-8003-411a-92a2-6ed02fecd16d"}]}
2026-06-03 01:09:01.515 10 INFO neutron.services.segments.plugin [-] Segment 9ec7b83f-f32e-47da-b259-a9e430c4aa91 resource provider not found; error: Placement Client Error (4xx): {"errors": [{"status": 404, "title": "Not Found", "detail": "The resource could not be found.\n\n No resource provider with uuid 9ec7b83f-f32e-47da-b259-a9e430c4aa91 found for delete ", "request_id": "req-4a67cead-d9f4-49aa-8d6a-59abd3a9378d"}]}
2026-06-03 01:09:01.552 10 INFO neutron.wsgi [None req-a9f8bad0-3372-4b04-9e91-689c70c71a13 fa4d36092e8a4fc58350fb2881394082 2e320aba51a74aac98587d719f7191a0 - - default default] 10.0.0.22 "DELETE /v2.0/networks/c5b1aa27-8dbe-49da-a7e5-79893eaf4bf3 HTTP/1.1" status: 204 len: 168 time: 0.4841371
2026-06-03 01:09:02.029 10 INFO neutron.wsgi [None req-9a80ea51-b02f-4184-9cf3-0e595b609d0f fa4d36092e8a4fc58350fb2881394082 2e320aba51a74aac98587d719f7191a0 - - default default] 10.0.0.22 "DELETE /v2.0/networks/467f4fe5-d54f-4a73-a2b4-9f6e0a93ffa1 HTTP/1.1" status: 204 len: 168 time: 0.4683583
2026-06-03 01:09:02.262 9 INFO neutron.db.ovn_revision_numbers_db [None req-3f371d5e-1d0e-4993-bc19-2432b8d91955 0c494c530d4e41108445b9366cba3fe6 ed9d869ee1ef46feb38b89400587a4de - - default default] Successfully bumped revision number for resource 2f053c37-841c-4731-b11e-b3ca4c67422d (type: floatingips) to 1
2026-06-03 01:09:02.431 9 INFO neutron.plugins.ml2.drivers.ovn.mech_driver.ovsdb.commands [None req-ff57f355-0083-488f-a099-c8d17c87d6d7 - - - - - -] Schedule LRP lrp-e4401459-2ca3-48f9-a7cf-0e386f3c6aa5 on gateway 4cb08b9a-c142-4949-9507-1182f231dc65 with priority 1
2026-06-03 01:09:02.459 9 INFO neutron.db.ovn_revision_numbers_db [None req-3f371d5e-1d0e-4993-bc19-2432b8d91955 0c494c530d4e41108445b9366cba3fe6 ed9d869ee1ef46feb38b89400587a4de - - default default] Successfully bumped revision number for resource 2f053c37-841c-4731-b11e-b3ca4c67422d (type: floatingips) to 2
2026-06-03 01:09:02.460 9 INFO neutron.db.l3_db [None req-3f371d5e-1d0e-4993-bc19-2432b8d91955 0c494c530d4e41108445b9366cba3fe6 ed9d869ee1ef46feb38b89400587a4de - - default default] Floating IP 2f053c37-841c-4731-b11e-b3ca4c67422d associated. External IP: 10.96.250.219, port: a4622355-5c70-4492-9575-f11087393773.
2026-06-03 01:09:02.471 10 INFO neutron.plugins.ml2.drivers.ovn.mech_driver.ovsdb.ovsdb_monitor [None req-b10d756b-152a-4be2-9b1e-fcf6c64ff021 - - - - - -] Router e1edd81e-735d-489b-868b-5a937f27e0e9 is bound to host instance
2026-06-03 01:09:02.475 10 INFO neutron.plugins.ml2.drivers.ovn.mech_driver.mech_driver [None req-d254c2f5-fbc4-4d6c-bee9-11794dbcca2b - - - - - -] OVN reports status up for port: e4401459-2ca3-48f9-a7cf-0e386f3c6aa5
2026-06-03 01:09:02.492 9 INFO neutron.db.ovn_revision_numbers_db [None req-8c79f9c2-d3ff-4e4a-af83-14a446bcbb30 d284bce0a4de46b0adc81a37dd013ba2 c2599e35cc2b44ff8db0738993e1fbc3 - - default default] Successfully bumped revision number for resource e4401459-2ca3-48f9-a7cf-0e386f3c6aa5 (type: router_ports) to 1
2026-06-03 01:09:02.498 9 INFO neutron.wsgi [None req-3f371d5e-1d0e-4993-bc19-2432b8d91955 0c494c530d4e41108445b9366cba3fe6 ed9d869ee1ef46feb38b89400587a4de - - default default] 10.0.0.22 "PUT /v2.0/floatingips/2f053c37-841c-4731-b11e-b3ca4c67422d HTTP/1.1" status: 200 len: 1049 time: 1.4549019
2026-06-03 01:09:02.566 9 INFO neutron.notifiers.nova [-] Nova event matching ['req-99b4591c-f1c7-4a29-954d-c028a40af271'] response: {'name': 'network-changed', 'server_uuid': '6455a708-4fe5-4585-b96e-369874600ede', 'tag': 'a4622355-5c70-4492-9575-f11087393773', 'status': 'completed', 'code': 200} /var/lib/openstack/lib/python3.10/site-packages/pycadf/identifier.py:71: UserWarning: Invalid uuid: neutron. To ensure interoperability, identifiers should be a valid uuid. warnings.warn(('Invalid uuid: %s. To ensure interoperability, '
2026-06-03 01:09:02.599 9 INFO neutron.db.ovn_revision_numbers_db [None req-8c79f9c2-d3ff-4e4a-af83-14a446bcbb30 d284bce0a4de46b0adc81a37dd013ba2 c2599e35cc2b44ff8db0738993e1fbc3 - - default default] Successfully bumped revision number for resource e1edd81e-735d-489b-868b-5a937f27e0e9 (type: routers) to 2
2026-06-03 01:09:02.642 9 INFO neutron.wsgi [None req-8c79f9c2-d3ff-4e4a-af83-14a446bcbb30 d284bce0a4de46b0adc81a37dd013ba2 c2599e35cc2b44ff8db0738993e1fbc3 - - default default] 10.0.0.22 "POST /v2.0/routers HTTP/1.1" status: 201 len: 1143 time: 2.6186223
2026-06-03 01:09:02.656 9 INFO neutron.wsgi [req-cc92fc87-1a92-4b53-b13a-5e875ba095ac req-33efeb2b-bceb-44e5-a849-3efd3310c733 a40210201caa49bb93cd515aa8095e00 a78bb181ca684beda97a5b9e234ddee7 - - 27592d6e2a0a46d8aa949fa5c795dc48 27592d6e2a0a46d8aa949fa5c795dc48] 199.204.45.72 "GET /v2.0/ports?tenant_id=ed9d869ee1ef46feb38b89400587a4de&device_id=6455a708-4fe5-4585-b96e-369874600ede HTTP/1.1" status: 200 len: 1448 time: 0.0675774
2026-06-03 01:09:02.759 10 INFO neutron.plugins.ml2.plugin [None req-d254c2f5-fbc4-4d6c-bee9-11794dbcca2b - - - - - -] Attempt 1 to provision port e4401459-2ca3-48f9-a7cf-0e386f3c6aa5
2026-06-03 01:09:02.766 9 INFO neutron.wsgi [req-cc92fc87-1a92-4b53-b13a-5e875ba095ac req-d1075d5c-cc0c-4527-9821-b69c61efbcc2 a40210201caa49bb93cd515aa8095e00 a78bb181ca684beda97a5b9e234ddee7 - - 27592d6e2a0a46d8aa949fa5c795dc48 27592d6e2a0a46d8aa949fa5c795dc48] 199.204.45.72 "GET /v2.0/networks?id=c1793c01-188b-4c22-bb57-84239a1989cd HTTP/1.1" status: 200 len: 971 time: 0.1045690
2026-06-03 01:09:02.806 10 INFO neutron.wsgi [None req-dbf60621-8463-4972-a1d8-e1937c78824c fa4d36092e8a4fc58350fb2881394082 2e320aba51a74aac98587d719f7191a0 - - default default] 10.0.0.22 "DELETE /v2.0/networks/576d8570-7497-4199-a9b3-401fa7383a86 HTTP/1.1" status: 204 len: 168 time: 0.7637711
2026-06-03 01:09:03.124 9 INFO neutron.wsgi [req-cc92fc87-1a92-4b53-b13a-5e875ba095ac req-20db44fa-2ad5-4c3b-93fe-dc1c8731694f a40210201caa49bb93cd515aa8095e00 a78bb181ca684beda97a5b9e234ddee7 - - 27592d6e2a0a46d8aa949fa5c795dc48 27592d6e2a0a46d8aa949fa5c795dc48] 199.204.45.72 "GET /v2.0/floatingips?fixed_ip_address=10.100.0.6&port_id=a4622355-5c70-4492-9575-f11087393773 HTTP/1.1" status: 200 len: 1059 time: 0.3516901
2026-06-03 01:09:03.174 9 INFO neutron.wsgi [req-cc92fc87-1a92-4b53-b13a-5e875ba095ac req-ad0d9760-c8f4-4fc9-9f2c-0f1f23dd689d a40210201caa49bb93cd515aa8095e00 a78bb181ca684beda97a5b9e234ddee7 - - 27592d6e2a0a46d8aa949fa5c795dc48 27592d6e2a0a46d8aa949fa5c795dc48] 199.204.45.72 "GET /v2.0/subnets?id=5d6850ba-4f61-4e81-b763-3a73f2640cc9 HTTP/1.1" status: 200 len: 866 time: 0.0449035
2026-06-03 01:09:03.217 9 INFO neutron.wsgi [req-cc92fc87-1a92-4b53-b13a-5e875ba095ac req-c1af2e01-e9ac-481d-91b4-9b474c995d57 a40210201caa49bb93cd515aa8095e00 a78bb181ca684beda97a5b9e234ddee7 - - 27592d6e2a0a46d8aa949fa5c795dc48 27592d6e2a0a46d8aa949fa5c795dc48] 199.204.45.72 "GET /v2.0/ports?network_id=c1793c01-188b-4c22-bb57-84239a1989cd&device_owner=network%3Adhcp HTTP/1.1" status: 200 len: 210 time: 0.0284331
2026-06-03 01:09:03.353 9 INFO neutron.wsgi [req-cc92fc87-1a92-4b53-b13a-5e875ba095ac req-5a92cbfa-0c76-42b1-bbf7-d82e02c4d36c a40210201caa49bb93cd515aa8095e00 a78bb181ca684beda97a5b9e234ddee7 - - 27592d6e2a0a46d8aa949fa5c795dc48 27592d6e2a0a46d8aa949fa5c795dc48] 199.204.45.72 "GET /v2.0/networks/c1793c01-188b-4c22-bb57-84239a1989cd?fields=segments HTTP/1.1" status: 200 len: 212 time: 0.1247880
2026-06-03 01:09:03.463 9 INFO neutron.wsgi [req-cc92fc87-1a92-4b53-b13a-5e875ba095ac req-5d20a56c-9819-4894-b186-0c79d3bb8ffd a40210201caa49bb93cd515aa8095e00 a78bb181ca684beda97a5b9e234ddee7 - - 27592d6e2a0a46d8aa949fa5c795dc48 27592d6e2a0a46d8aa949fa5c795dc48] 199.204.45.72 "GET /v2.0/networks/c1793c01-188b-4c22-bb57-84239a1989cd?fields=provider%3Aphysical_network&fields=provider%3Anetwork_type HTTP/1.1" status: 200 len: 277 time: 0.1024349
2026-06-03 01:09:03.561 10 INFO neutron.services.segments.plugin [-] Segment 4e11c1f4-7f24-4c88-ad9b-da31c12bc91e resource provider aggregate not found
2026-06-03 01:09:03.566 10 INFO neutron.services.segments.plugin [-] Segment 4e11c1f4-7f24-4c88-ad9b-da31c12bc91e resource provider aggregate not found
2026-06-03 01:09:03.594 10 INFO neutron.services.segments.plugin [-] Segment 4e11c1f4-7f24-4c88-ad9b-da31c12bc91e resource provider not found; error: Placement Client Error (4xx): {"errors": [{"status": 404, "title": "Not Found", "detail": "The resource could not be found.\n\n No resource provider with uuid 4e11c1f4-7f24-4c88-ad9b-da31c12bc91e found for delete ", "request_id": "req-a58560b2-5733-40c8-9f08-07d42dfb6081"}]}
2026-06-03 01:09:03.601 10 INFO neutron.services.segments.plugin [-] Segment 4e11c1f4-7f24-4c88-ad9b-da31c12bc91e resource provider not found; error: Placement Client Error (4xx): {"errors": [{"status": 404, "title": "Not Found", "detail": "The resource could not be found.\n\n No resource provider with uuid 4e11c1f4-7f24-4c88-ad9b-da31c12bc91e found for delete ", "request_id": "req-19fcc94f-1afc-4777-8ba8-0e0132de590f"}]}
2026-06-03 01:09:03.621 10 INFO neutron.services.segments.plugin [-] Segment e4ac734c-690f-448c-9ae5-f909add2219e resource provider aggregate not found
2026-06-03 01:09:03.625 10 INFO neutron.services.segments.plugin [-] Segment e4ac734c-690f-448c-9ae5-f909add2219e resource provider aggregate not found
2026-06-03 01:09:03.643 10 INFO neutron.services.segments.plugin [-] Segment e4ac734c-690f-448c-9ae5-f909add2219e resource provider not found; error: Placement Client Error (4xx): {"errors": [{"status": 404, "title": "Not Found", "detail": "The resource could not be found.\n\n No resource provider with uuid e4ac734c-690f-448c-9ae5-f909add2219e found for delete ", "request_id": "req-d909d7f6-4a34-4a25-90f1-85fab36ecb9f"}]}
2026-06-03 01:09:03.645 10 INFO neutron.services.segments.plugin [-] Segment e4ac734c-690f-448c-9ae5-f909add2219e resource provider not found; error: Placement Client Error (4xx): {"errors": [{"status": 404, "title": "Not Found", "detail": "The resource could not be found.\n\n No resource provider with uuid e4ac734c-690f-448c-9ae5-f909add2219e found for delete ", "request_id": "req-341719ad-5199-44f7-a658-645fc85ae2ae"}]}
2026-06-03 01:09:03.682 10 INFO neutron.db.ovn_revision_numbers_db [None req-b10d756b-152a-4be2-9b1e-fcf6c64ff021 - - - - - -] Successfully bumped revision number for resource e4401459-2ca3-48f9-a7cf-0e386f3c6aa5 (type: ports) to 1
2026-06-03 01:09:03.714 9 INFO neutron.services.segments.plugin [-] Segment 8de53a57-0731-4ebb-b7f0-7f2704f3c078 resource provider aggregate not found
2026-06-03 01:09:03.718 9 INFO neutron.services.segments.plugin [-] Segment 8de53a57-0731-4ebb-b7f0-7f2704f3c078 resource provider aggregate not found
2026-06-03 01:09:03.731 9 INFO neutron.services.segments.plugin [-] Segment 8de53a57-0731-4ebb-b7f0-7f2704f3c078 resource provider not found; error: Placement Client Error (4xx): {"errors": [{"status": 404, "title": "Not Found", "detail": "The resource could not be found.\n\n No resource provider with uuid 8de53a57-0731-4ebb-b7f0-7f2704f3c078 found for delete ", "request_id": "req-4df5ab25-012b-4a50-907c-d4523540da56"}]}
2026-06-03 01:09:03.758 9 INFO neutron.services.segments.plugin [-] Segment 8de53a57-0731-4ebb-b7f0-7f2704f3c078 resource provider not found; error: Placement Client Error (4xx): {"errors": [{"status": 404, "title": "Not Found", "detail": "The resource could not be found.\n\n No resource provider with uuid 8de53a57-0731-4ebb-b7f0-7f2704f3c078 found for delete ", "request_id": "req-86881305-d37e-40d0-b7d2-8e77feae9f77"}]}
2026-06-03 01:09:03.761 9 INFO neutron.wsgi [None req-ff8857e0-7c06-4431-ba5b-fcbf6011766a fa4d36092e8a4fc58350fb2881394082 2e320aba51a74aac98587d719f7191a0 - - default default] 10.0.0.22 "DELETE /v2.0/networks/cc3a22a2-e0d0-4809-a6b0-e85111f04193 HTTP/1.1" status: 204 len: 168 time: 0.9496629
2026-06-03 01:09:03.921 9 WARNING neutron.scheduler.dhcp_agent_scheduler [None req-414b5a7b-dfa8-4b0f-bc63-bbc9afc0cd2c d284bce0a4de46b0adc81a37dd013ba2 c2599e35cc2b44ff8db0738993e1fbc3 - - default default] No more DHCP agents
2026-06-03 01:09:03.924 9 WARNING neutron.api.rpc.agentnotifiers.dhcp_rpc_agent_api [None req-414b5a7b-dfa8-4b0f-bc63-bbc9afc0cd2c d284bce0a4de46b0adc81a37dd013ba2 c2599e35cc2b44ff8db0738993e1fbc3 - - default default] Unable to schedule network 45da26ae-60d3-4d9e-89a9-f4ef1d9631a7: no agents available; will retry on subsequent port and subnet creation events.
2026-06-03 01:09:04.102 10 INFO neutron.db.ovn_revision_numbers_db [None req-b10d756b-152a-4be2-9b1e-fcf6c64ff021 - - - - - -] Successfully bumped revision number for resource e4401459-2ca3-48f9-a7cf-0e386f3c6aa5 (type: router_ports) to 3
2026-06-03 01:09:04.108 9 INFO neutron.db.ovn_revision_numbers_db [None req-414b5a7b-dfa8-4b0f-bc63-bbc9afc0cd2c d284bce0a4de46b0adc81a37dd013ba2 c2599e35cc2b44ff8db0738993e1fbc3 - - default default] Successfully bumped revision number for resource 84ae35a5-92b2-4a75-a93c-396ee58f28db (type: ports) to 1
2026-06-03 01:09:04.375 10 INFO neutron.db.ovn_revision_numbers_db [None req-b10d756b-152a-4be2-9b1e-fcf6c64ff021 - - - - - -] Successfully bumped revision number for resource e4401459-2ca3-48f9-a7cf-0e386f3c6aa5 (type: ports) to 2
2026-06-03 01:09:04.642 9 INFO neutron.wsgi [None req-ce877a19-961f-477c-b79a-5298705c79d7 a2c78cabff1f49d394cdc774da803f1f b7cf0cf2248a460c822a2e34d6e4a317 - - default default] 10.0.0.22 "GET /v2.0/security-groups?tenant_id=2e320aba51a74aac98587d719f7191a0&name=default HTTP/1.1" status: 200 len: 3120 time: 0.2872863
2026-06-03 01:09:04.825 10 INFO neutron.db.ovn_revision_numbers_db [None req-b10d756b-152a-4be2-9b1e-fcf6c64ff021 - - - - - -] Successfully bumped revision number for resource e4401459-2ca3-48f9-a7cf-0e386f3c6aa5 (type: ports) to 4
2026-06-03 01:09:04.835 9 ERROR ovsdbapp.backend.ovs_idl.command [None req-414b5a7b-dfa8-4b0f-bc63-bbc9afc0cd2c d284bce0a4de46b0adc81a37dd013ba2 c2599e35cc2b44ff8db0738993e1fbc3 - - default default] Error executing command (DbGetCommand): ovsdbapp.backend.ovs_idl.idlutils.RowNotFound: Cannot find Logical_Router_Port with name=lrp-84ae35a5-92b2-4a75-a93c-396ee58f28db
2026-06-03 01:09:04.835 9 ERROR ovsdbapp.backend.ovs_idl.command
Traceback (most recent call last):
2026-06-03 01:09:04.835 9 ERROR ovsdbapp.backend.ovs_idl.command
File "/var/lib/openstack/lib/python3.10/site-packages/ovsdbapp/backend/ovs_idl/command.py", line 47, in execute
2026-06-03 01:09:04.835 9 ERROR ovsdbapp.backend.ovs_idl.command self.run_idl(None)
2026-06-03 01:09:04.835 9 ERROR ovsdbapp.backend.ovs_idl.command
File "/var/lib/openstack/lib/python3.10/site-packages/ovsdbapp/backend/ovs_idl/command.py", line 235, in run_idl
2026-06-03 01:09:04.835 9 ERROR ovsdbapp.backend.ovs_idl.command record = self.api.lookup(self.table, self.record)
2026-06-03 01:09:04.835 9 ERROR ovsdbapp.backend.ovs_idl.command
File "/var/lib/openstack/lib/python3.10/site-packages/ovsdbapp/backend/ovs_idl/__init__.py", line 184, in lookup
2026-06-03 01:09:04.835 9 ERROR ovsdbapp.backend.ovs_idl.command return self._lookup(table, record)
2026-06-03 01:09:04.835 9 ERROR ovsdbapp.backend.ovs_idl.command
File "/var/lib/openstack/lib/python3.10/site-packages/ovsdbapp/backend/ovs_idl/__init__.py", line 235, in _lookup
2026-06-03 01:09:04.835 9 ERROR ovsdbapp.backend.ovs_idl.command row = idlutils.row_by_value(self, rl.table, rl.column, record)
2026-06-03 01:09:04.835 9 ERROR ovsdbapp.backend.ovs_idl.command
File "/var/lib/openstack/lib/python3.10/site-packages/ovsdbapp/backend/ovs_idl/idlutils.py", line 114, in row_by_value
2026-06-03 01:09:04.835 9 ERROR ovsdbapp.backend.ovs_idl.command raise RowNotFound(table=table, col=column, match=match)
2026-06-03 01:09:04.835 9 ERROR ovsdbapp.backend.ovs_idl.command ovsdbapp.backend.ovs_idl.idlutils.RowNotFound: Cannot find Logical_Router_Port with name=lrp-84ae35a5-92b2-4a75-a93c-396ee58f28db
2026-06-03 01:09:04.835 9 ERROR ovsdbapp.backend.ovs_idl.command 
2026-06-03 01:09:04.836 9 ERROR neutron_lib.callbacks.manager [None req-414b5a7b-dfa8-4b0f-bc63-bbc9afc0cd2c d284bce0a4de46b0adc81a37dd013ba2 c2599e35cc2b44ff8db0738993e1fbc3 - - default default] Error during notification for neutron.services.ovn_l3.plugin.OVNL3RouterPlugin._port_update-8776969588454 port, after_update: ovsdbapp.backend.ovs_idl.idlutils.RowNotFound: Cannot find Logical_Router_Port with name=lrp-84ae35a5-92b2-4a75-a93c-396ee58f28db
2026-06-03 01:09:04.836 9 ERROR neutron_lib.callbacks.manager
Traceback (most recent call last):
2026-06-03 01:09:04.836 9 ERROR neutron_lib.callbacks.manager
File "/var/lib/openstack/lib/python3.10/site-packages/neutron_lib/callbacks/manager.py", line 189, in _notify_loop
2026-06-03 01:09:04.836 9 ERROR neutron_lib.callbacks.manager callback.method(resource, event, trigger, payload=payload)
2026-06-03 01:09:04.836 9 ERROR neutron_lib.callbacks.manager
File "/var/lib/openstack/lib/python3.10/site-packages/neutron/services/ovn_l3/plugin.py", line 391, in _port_update
2026-06-03 01:09:04.836 9 ERROR neutron_lib.callbacks.manager l3plugin._ovn_client.update_router_port(context,
2026-06-03 01:09:04.836 9 ERROR neutron_lib.callbacks.manager
File "/var/lib/openstack/lib/python3.10/site-packages/neutron/plugins/ml2/drivers/ovn/mech_driver/ovsdb/ovn_client.py", line 1878, in update_router_port
2026-06-03 01:09:04.836 9 ERROR neutron_lib.callbacks.manager self._update_lrouter_port(context, port, if_exists=if_exists,
2026-06-03 01:09:04.836 9 ERROR neutron_lib.callbacks.manager
File "/var/lib/openstack/lib/python3.10/site-packages/neutron/plugins/ml2/drivers/ovn/mech_driver/ovsdb/ovn_client.py", line 1855, in _update_lrouter_port
2026-06-03 01:09:04.836 9 ERROR neutron_lib.callbacks.manager external_ids = self._nb_idl.db_get(
2026-06-03 01:09:04.836 9 ERROR neutron_lib.callbacks.manager
File "/var/lib/openstack/lib/python3.10/site-packages/ovsdbapp/backend/ovs_idl/command.py", line 47, in execute
2026-06-03 01:09:04.836 9 ERROR neutron_lib.callbacks.manager self.run_idl(None)
2026-06-03 01:09:04.836 9 ERROR neutron_lib.callbacks.manager
File "/var/lib/openstack/lib/python3.10/site-packages/ovsdbapp/backend/ovs_idl/command.py", line 235, in run_idl
2026-06-03 01:09:04.836 9 ERROR neutron_lib.callbacks.manager record = self.api.lookup(self.table, self.record)
2026-06-03 01:09:04.836 9 ERROR neutron_lib.callbacks.manager
File "/var/lib/openstack/lib/python3.10/site-packages/ovsdbapp/backend/ovs_idl/__init__.py", line 184, in lookup
2026-06-03 01:09:04.836 9 ERROR neutron_lib.callbacks.manager return self._lookup(table, record)
2026-06-03 01:09:04.836 9 ERROR neutron_lib.callbacks.manager
File "/var/lib/openstack/lib/python3.10/site-packages/ovsdbapp/backend/ovs_idl/__init__.py", line 235, in _lookup
2026-06-03 01:09:04.836 9 ERROR neutron_lib.callbacks.manager row = idlutils.row_by_value(self, rl.table, rl.column, record)
2026-06-03 01:09:04.836 9 ERROR neutron_lib.callbacks.manager
File "/var/lib/openstack/lib/python3.10/site-packages/ovsdbapp/backend/ovs_idl/idlutils.py", line 114, in row_by_value
2026-06-03 01:09:04.836 9 ERROR neutron_lib.callbacks.manager raise RowNotFound(table=table, col=column, match=match)
2026-06-03 01:09:04.836 9 ERROR neutron_lib.callbacks.manager ovsdbapp.backend.ovs_idl.idlutils.RowNotFound: Cannot find Logical_Router_Port with name=lrp-84ae35a5-92b2-4a75-a93c-396ee58f28db
2026-06-03 01:09:04.836 9 ERROR neutron_lib.callbacks.manager 
2026-06-03 01:09:05.043 10 INFO neutron.wsgi [None req-ba062788-5c60-4515-8ba4-f129cc8bbe20 a2c78cabff1f49d394cdc774da803f1f b7cf0cf2248a460c822a2e34d6e4a317 - - default default] 10.0.0.22 "DELETE /v2.0/security-groups/f15a1dac-dfb9-46f1-b61a-a696a7a6d24a HTTP/1.1" status: 204 len: 168 time: 0.3947675
2026-06-03 01:09:05.107 9 INFO neutron.db.ovn_revision_numbers_db [None req-414b5a7b-dfa8-4b0f-bc63-bbc9afc0cd2c d284bce0a4de46b0adc81a37dd013ba2 c2599e35cc2b44ff8db0738993e1fbc3 - - default default] Successfully bumped revision number for resource 84ae35a5-92b2-4a75-a93c-396ee58f28db (type: ports) to 1
2026-06-03 01:09:05.168 10 INFO neutron.db.ovn_revision_numbers_db [None req-b10d756b-152a-4be2-9b1e-fcf6c64ff021 - - - - - -] Successfully bumped revision number for resource e4401459-2ca3-48f9-a7cf-0e386f3c6aa5 (type: router_ports) to 4
2026-06-03 01:09:05.181 9 WARNING neutron.scheduler.dhcp_agent_scheduler [None req-414b5a7b-dfa8-4b0f-bc63-bbc9afc0cd2c d284bce0a4de46b0adc81a37dd013ba2 c2599e35cc2b44ff8db0738993e1fbc3 - - default default] No more DHCP agents
2026-06-03 01:09:05.183 9 WARNING neutron.api.rpc.agentnotifiers.dhcp_rpc_agent_api [None req-414b5a7b-dfa8-4b0f-bc63-bbc9afc0cd2c d284bce0a4de46b0adc81a37dd013ba2 c2599e35cc2b44ff8db0738993e1fbc3 - - default default] Unable to schedule network 45da26ae-60d3-4d9e-89a9-f4ef1d9631a7: no agents available; will retry on subsequent port and subnet creation events.
2026-06-03 01:09:05.549 9 INFO neutron.db.ovn_revision_numbers_db [None req-414b5a7b-dfa8-4b0f-bc63-bbc9afc0cd2c d284bce0a4de46b0adc81a37dd013ba2 c2599e35cc2b44ff8db0738993e1fbc3 - - default default] Successfully bumped revision number for resource 84ae35a5-92b2-4a75-a93c-396ee58f28db (type: router_ports) to 1
2026-06-03 01:09:05.558 9 INFO neutron.wsgi [None req-414b5a7b-dfa8-4b0f-bc63-bbc9afc0cd2c d284bce0a4de46b0adc81a37dd013ba2 c2599e35cc2b44ff8db0738993e1fbc3 - - default default] 10.0.0.22 "PUT /v2.0/routers/e1edd81e-735d-489b-868b-5a937f27e0e9/add_router_interface HTTP/1.1" status: 200 len: 503 time: 2.9082282
2026-06-03 01:09:05.766 10 INFO neutron.plugins.ml2.drivers.ovn.mech_driver.mech_driver [None req-d254c2f5-fbc4-4d6c-bee9-11794dbcca2b - - - - - -] OVN reports status up for port: 84ae35a5-92b2-4a75-a93c-396ee58f28db
2026-06-03 01:09:05.777 10 INFO neutron.plugins.ml2.plugin [None req-d254c2f5-fbc4-4d6c-bee9-11794dbcca2b - - - - - -] Attempt 1 to provision port 84ae35a5-92b2-4a75-a93c-396ee58f28db
2026-06-03 01:09:06.566 10 WARNING neutron.scheduler.dhcp_agent_scheduler [None req-674d6e2a-2522-4acc-8484-2da4e373c48b d284bce0a4de46b0adc81a37dd013ba2 c2599e35cc2b44ff8db0738993e1fbc3 - - default default] No more DHCP agents
2026-06-03 01:09:06.570 10 WARNING neutron.api.rpc.agentnotifiers.dhcp_rpc_agent_api [None req-674d6e2a-2522-4acc-8484-2da4e373c48b d284bce0a4de46b0adc81a37dd013ba2 c2599e35cc2b44ff8db0738993e1fbc3 - - default default] Unable to schedule network da459078-4828-4b8a-8fc8-11b9f5b114b1: no agents available; will retry on subsequent port and subnet creation events.
2026-06-03 01:09:06.598 10 INFO neutron.db.ovn_revision_numbers_db [None req-d254c2f5-fbc4-4d6c-bee9-11794dbcca2b - - - - - -] Successfully bumped revision number for resource 84ae35a5-92b2-4a75-a93c-396ee58f28db (type: ports) to 2
2026-06-03 01:09:06.789 10 INFO neutron.db.ovn_revision_numbers_db [None req-d254c2f5-fbc4-4d6c-bee9-11794dbcca2b - - - - - -] Successfully bumped revision number for resource 84ae35a5-92b2-4a75-a93c-396ee58f28db (type: router_ports) to 2
2026-06-03 01:09:06.833 10 INFO neutron.db.ovn_revision_numbers_db [None req-674d6e2a-2522-4acc-8484-2da4e373c48b d284bce0a4de46b0adc81a37dd013ba2 c2599e35cc2b44ff8db0738993e1fbc3 - - default default] Successfully bumped revision number for resource a83fed49-ad83-49fd-81c1-98e56f16b710 (type: ports) to 1
2026-06-03 01:09:07.559 10 ERROR ovsdbapp.backend.ovs_idl.command [None req-674d6e2a-2522-4acc-8484-2da4e373c48b d284bce0a4de46b0adc81a37dd013ba2 c2599e35cc2b44ff8db0738993e1fbc3 - - default default] Error executing command (DbGetCommand): ovsdbapp.backend.ovs_idl.idlutils.RowNotFound: Cannot find Logical_Router_Port with name=lrp-a83fed49-ad83-49fd-81c1-98e56f16b710
2026-06-03 01:09:07.559 10 ERROR ovsdbapp.backend.ovs_idl.command
Traceback (most recent call last):
2026-06-03 01:09:07.559 10 ERROR ovsdbapp.backend.ovs_idl.command
File "/var/lib/openstack/lib/python3.10/site-packages/ovsdbapp/backend/ovs_idl/command.py", line 47, in execute
2026-06-03 01:09:07.559 10 ERROR ovsdbapp.backend.ovs_idl.command self.run_idl(None)
2026-06-03 01:09:07.559 10 ERROR ovsdbapp.backend.ovs_idl.command
File "/var/lib/openstack/lib/python3.10/site-packages/ovsdbapp/backend/ovs_idl/command.py", line 235, in run_idl
2026-06-03 01:09:07.559 10 ERROR ovsdbapp.backend.ovs_idl.command record = self.api.lookup(self.table, self.record)
2026-06-03 01:09:07.559 10 ERROR ovsdbapp.backend.ovs_idl.command
File "/var/lib/openstack/lib/python3.10/site-packages/ovsdbapp/backend/ovs_idl/__init__.py", line 184, in lookup
2026-06-03 01:09:07.559 10 ERROR ovsdbapp.backend.ovs_idl.command return self._lookup(table, record)
2026-06-03 01:09:07.559 10 ERROR ovsdbapp.backend.ovs_idl.command
File "/var/lib/openstack/lib/python3.10/site-packages/ovsdbapp/backend/ovs_idl/__init__.py", line 235, in _lookup
2026-06-03 01:09:07.559 10 ERROR ovsdbapp.backend.ovs_idl.command row = idlutils.row_by_value(self, rl.table, rl.column, record)
2026-06-03 01:09:07.559 10 ERROR ovsdbapp.backend.ovs_idl.command
File "/var/lib/openstack/lib/python3.10/site-packages/ovsdbapp/backend/ovs_idl/idlutils.py", line 114, in row_by_value
2026-06-03 01:09:07.559 10 ERROR ovsdbapp.backend.ovs_idl.command raise RowNotFound(table=table, col=column, match=match)
2026-06-03 01:09:07.559 10 ERROR ovsdbapp.backend.ovs_idl.command ovsdbapp.backend.ovs_idl.idlutils.RowNotFound: Cannot find Logical_Router_Port with name=lrp-a83fed49-ad83-49fd-81c1-98e56f16b710
2026-06-03 01:09:07.559 10 ERROR ovsdbapp.backend.ovs_idl.command 
2026-06-03 01:09:07.559 10 ERROR neutron_lib.callbacks.manager [None req-674d6e2a-2522-4acc-8484-2da4e373c48b d284bce0a4de46b0adc81a37dd013ba2 c2599e35cc2b44ff8db0738993e1fbc3 - - default default] Error during notification for neutron.services.ovn_l3.plugin.OVNL3RouterPlugin._port_update-8776969588454 port, after_update: ovsdbapp.backend.ovs_idl.idlutils.RowNotFound: Cannot find Logical_Router_Port with name=lrp-a83fed49-ad83-49fd-81c1-98e56f16b710
2026-06-03 01:09:07.559 10 ERROR neutron_lib.callbacks.manager
Traceback (most recent call last):
2026-06-03 01:09:07.559 10 ERROR neutron_lib.callbacks.manager
File "/var/lib/openstack/lib/python3.10/site-packages/neutron_lib/callbacks/manager.py", line 189, in _notify_loop
2026-06-03 01:09:07.559 10 ERROR neutron_lib.callbacks.manager callback.method(resource, event, trigger, payload=payload)
2026-06-03 01:09:07.559 10 ERROR neutron_lib.callbacks.manager
File "/var/lib/openstack/lib/python3.10/site-packages/neutron/services/ovn_l3/plugin.py", line 391, in _port_update
2026-06-03 01:09:07.559 10 ERROR neutron_lib.callbacks.manager l3plugin._ovn_client.update_router_port(context,
2026-06-03 01:09:07.559 10 ERROR neutron_lib.callbacks.manager
File "/var/lib/openstack/lib/python3.10/site-packages/neutron/plugins/ml2/drivers/ovn/mech_driver/ovsdb/ovn_client.py", line 1878, in update_router_port
2026-06-03 01:09:07.559 10 ERROR neutron_lib.callbacks.manager self._update_lrouter_port(context, port, if_exists=if_exists,
2026-06-03 01:09:07.559 10 ERROR neutron_lib.callbacks.manager
File "/var/lib/openstack/lib/python3.10/site-packages/neutron/plugins/ml2/drivers/ovn/mech_driver/ovsdb/ovn_client.py", line 1855, in _update_lrouter_port
2026-06-03 01:09:07.559 10 ERROR neutron_lib.callbacks.manager external_ids = self._nb_idl.db_get(
2026-06-03 01:09:07.559 10 ERROR neutron_lib.callbacks.manager
File "/var/lib/openstack/lib/python3.10/site-packages/ovsdbapp/backend/ovs_idl/command.py", line 47, in execute
2026-06-03 01:09:07.559 10 ERROR neutron_lib.callbacks.manager self.run_idl(None)
2026-06-03 01:09:07.559 10 ERROR neutron_lib.callbacks.manager
File "/var/lib/openstack/lib/python3.10/site-packages/ovsdbapp/backend/ovs_idl/command.py", line 235, in run_idl
2026-06-03 01:09:07.559 10 ERROR neutron_lib.callbacks.manager record = self.api.lookup(self.table, self.record)
2026-06-03 01:09:07.559 10 ERROR neutron_lib.callbacks.manager
File "/var/lib/openstack/lib/python3.10/site-packages/ovsdbapp/backend/ovs_idl/__init__.py", line 184, in lookup
2026-06-03 01:09:07.559 10 ERROR neutron_lib.callbacks.manager return self._lookup(table, record)
2026-06-03 01:09:07.559 10 ERROR neutron_lib.callbacks.manager
File "/var/lib/openstack/lib/python3.10/site-packages/ovsdbapp/backend/ovs_idl/__init__.py", line 235, in _lookup
2026-06-03 01:09:07.559 10 ERROR neutron_lib.callbacks.manager row = idlutils.row_by_value(self, rl.table, rl.column, record)
2026-06-03 01:09:07.559 10 ERROR neutron_lib.callbacks.manager
File "/var/lib/openstack/lib/python3.10/site-packages/ovsdbapp/backend/ovs_idl/idlutils.py", line 114, in row_by_value
2026-06-03 01:09:07.559 10 ERROR neutron_lib.callbacks.manager raise RowNotFound(table=table, col=column, match=match)
2026-06-03 01:09:07.559 10 ERROR neutron_lib.callbacks.manager ovsdbapp.backend.ovs_idl.idlutils.RowNotFound: Cannot find Logical_Router_Port with name=lrp-a83fed49-ad83-49fd-81c1-98e56f16b710
2026-06-03 01:09:07.559 10 ERROR neutron_lib.callbacks.manager 
