Apr 02 19:08:37.113783 np0000163147 nova-scheduler[107146]: DEBUG cotyledon.oslo_config_glue [-] workarounds.disable_fallback_pcpu_query = False {{(pid=107146) log_opt_values /opt/stack/data/venv/lib/python3.12/site-packages/oslo_config/cfg.py:3006}}
Apr 02 19:08:37.113783 np0000163147 nova-scheduler[107146]: DEBUG cotyledon.oslo_config_glue [-] workarounds.disable_group_policy_check_upcall = False {{(pid=107146) log_opt_values /opt/stack/data/venv/lib/python3.12/site-packages/oslo_config/cfg.py:3006}}
Apr 02 19:08:37.114034 np0000163147 nova-scheduler[107146]: DEBUG cotyledon.oslo_config_glue [-] workarounds.disable_libvirt_livesnapshot = False {{(pid=107146) log_opt_values /opt/stack/data/venv/lib/python3.12/site-packages/oslo_config/cfg.py:3006}}
Apr 02 19:08:37.114034 np0000163147 nova-scheduler[107146]: DEBUG cotyledon.oslo_config_glue [-] workarounds.disable_rootwrap = False {{(pid=107146) log_opt_values /opt/stack/data/venv/lib/python3.12/site-packages/oslo_config/cfg.py:3006}}
Apr 02 19:08:37.114034 np0000163147 nova-scheduler[107146]: DEBUG cotyledon.oslo_config_glue [-] workarounds.enable_numa_live_migration = False {{(pid=107146) log_opt_values /opt/stack/data/venv/lib/python3.12/site-packages/oslo_config/cfg.py:3006}}
Apr 02 19:08:37.114034 np0000163147 nova-scheduler[107146]: DEBUG cotyledon.oslo_config_glue [-] workarounds.enable_qemu_monitor_announce_self = False {{(pid=107146) log_opt_values /opt/stack/data/venv/lib/python3.12/site-packages/oslo_config/cfg.py:3006}}
Apr 02 19:08:37.114034 np0000163147 nova-scheduler[107146]: DEBUG cotyledon.oslo_config_glue [-] workarounds.ensure_libvirt_rbd_instance_dir_cleanup = False {{(pid=107146) log_opt_values /opt/stack/data/venv/lib/python3.12/site-packages/oslo_config/cfg.py:3006}}
Apr 02 19:08:37.114034 np0000163147 nova-scheduler[107146]: DEBUG cotyledon.oslo_config_glue [-] workarounds.handle_virt_lifecycle_events = True {{(pid=107146) log_opt_values /opt/stack/data/venv/lib/python3.12/site-packages/oslo_config/cfg.py:3006}}
Apr 02 19:08:37.114034 np0000163147 nova-scheduler[107146]: DEBUG cotyledon.oslo_config_glue [-] workarounds.libvirt_disable_apic = False {{(pid=107146) log_opt_values /opt/stack/data/venv/lib/python3.12/site-packages/oslo_config/cfg.py:3006}}
Apr 02 19:08:37.114034 np0000163147 nova-scheduler[107146]: DEBUG cotyledon.oslo_config_glue [-] workarounds.never_download_image_if_on_rbd = False {{(pid=107146) log_opt_values /opt/stack/data/venv/lib/python3.12/site-packages/oslo_config/cfg.py:3006}}
Apr 02 19:08:37.114034 np0000163147 nova-scheduler[107146]: DEBUG cotyledon.oslo_config_glue [-] workarounds.qemu_monitor_announce_self_count = 3 {{(pid=107146) log_opt_values /opt/stack/data/venv/lib/python3.12/site-packages/oslo_config/cfg.py:3006}}
Apr 02 19:08:37.114286 np0000163147 nova-scheduler[107146]: DEBUG cotyledon.oslo_config_glue [-] workarounds.qemu_monitor_announce_self_interval = 1 {{(pid=107146) log_opt_values /opt/stack/data/venv/lib/python3.12/site-packages/oslo_config/cfg.py:3006}}
Apr 02 19:08:37.114286 np0000163147 nova-scheduler[107146]: DEBUG cotyledon.oslo_config_glue [-] workarounds.reserve_disk_resource_for_image_cache = False {{(pid=107146) log_opt_values /opt/stack/data/venv/lib/python3.12/site-packages/oslo_config/cfg.py:3006}}
Apr 02 19:08:37.114286 np0000163147 nova-scheduler[107146]: DEBUG cotyledon.oslo_config_glue [-] workarounds.skip_cpu_compare_at_startup = False {{(pid=107146) log_opt_values /opt/stack/data/venv/lib/python3.12/site-packages/oslo_config/cfg.py:3006}}
Apr 02 19:08:37.114286 np0000163147 nova-scheduler[107146]: DEBUG cotyledon.oslo_config_glue [-] workarounds.skip_cpu_compare_on_dest = False {{(pid=107146) log_opt_values /opt/stack/data/venv/lib/python3.12/site-packages/oslo_config/cfg.py:3006}}
Apr 02 19:08:37.114286 np0000163147 nova-scheduler[107146]: DEBUG cotyledon.oslo_config_glue [-] workarounds.skip_hypervisor_version_check_on_lm = False {{(pid=107146) log_opt_values /opt/stack/data/venv/lib/python3.12/site-packages/oslo_config/cfg.py:3006}}
Apr 02 19:08:37.114286 np0000163147 nova-scheduler[107146]: DEBUG cotyledon.oslo_config_glue [-] workarounds.skip_reserve_in_use_ironic_nodes = False {{(pid=107146) log_opt_values /opt/stack/data/venv/lib/python3.12/site-packages/oslo_config/cfg.py:3006}}
Apr 02 19:08:37.114286 np0000163147 nova-scheduler[107146]: DEBUG cotyledon.oslo_config_glue [-] workarounds.unified_limits_count_pcpu_as_vcpu = False {{(pid=107146) log_opt_values /opt/stack/data/venv/lib/python3.12/site-packages/oslo_config/cfg.py:3006}}
Apr 02 19:08:37.114286 np0000163147 nova-scheduler[107146]: DEBUG cotyledon.oslo_config_glue [-] workarounds.wait_for_vif_plugged_event_during_hard_reboot = [] {{(pid=107146) log_opt_values /opt/stack/data/venv/lib/python3.12/site-packages/oslo_config/cfg.py:3006}}
Apr 02 19:08:37.114509 np0000163147 nova-scheduler[107146]: DEBUG cotyledon.oslo_config_glue [-] wsgi.api_paste_config = /etc/nova/api-paste.ini {{(pid=107146) log_opt_values /opt/stack/data/venv/lib/python3.12/site-packages/oslo_config/cfg.py:3006}}
Apr 02 19:08:37.114509 np0000163147 nova-scheduler[107146]: DEBUG cotyledon.oslo_config_glue [-] wsgi.secure_proxy_ssl_header = None {{(pid=107146) log_opt_values /opt/stack/data/venv/lib/python3.12/site-packages/oslo_config/cfg.py:3006}}
Apr 02 19:08:37.114509 np0000163147 nova-scheduler[107146]: DEBUG cotyledon.oslo_config_glue [-] zvm.ca_file = None {{(pid=107146) log_opt_values /opt/stack/data/venv/lib/python3.12/site-packages/oslo_config/cfg.py:3006}}
Apr 02 19:08:37.114509 np0000163147 nova-scheduler[107146]: DEBUG cotyledon.oslo_config_glue [-] zvm.cloud_connector_url = None {{(pid=107146) log_opt_values /opt/stack/data/venv/lib/python3.12/site-packages/oslo_config/cfg.py:3006}}
Apr 02 19:08:37.114509 np0000163147 nova-scheduler[107146]: DEBUG cotyledon.oslo_config_glue [-] zvm.image_tmp_path = /opt/stack/data/nova/images {{(pid=107146) log_opt_values /opt/stack/data/venv/lib/python3.12/site-packages/oslo_config/cfg.py:3006}}
Apr 02 19:08:37.114509 np0000163147 nova-scheduler[107146]: DEBUG cotyledon.oslo_config_glue [-] zvm.reachable_timeout = 300 {{(pid=107146) log_opt_values /opt/stack/data/venv/lib/python3.12/site-packages/oslo_config/cfg.py:3006}}
Apr 02 19:08:37.114509 np0000163147 nova-scheduler[107146]: DEBUG cotyledon.oslo_config_glue [-] oslo_versionedobjects.fatal_exception_format_errors = False {{(pid=107146) log_opt_values /opt/stack/data/venv/lib/python3.12/site-packages/oslo_config/cfg.py:3006}}
Apr 02 19:08:37.114509 np0000163147 nova-scheduler[107146]: DEBUG cotyledon.oslo_config_glue [-] oslo_middleware.http_basic_auth_user_file = /etc/htpasswd {{(pid=107146) log_opt_values /opt/stack/data/venv/lib/python3.12/site-packages/oslo_config/cfg.py:3006}}
Apr 02 19:08:37.114509 np0000163147 nova-scheduler[107146]: DEBUG cotyledon.oslo_config_glue [-] oslo_messaging_metrics.metrics_buffer_size = 1000 {{(pid=107146) log_opt_values /opt/stack/data/venv/lib/python3.12/site-packages/oslo_config/cfg.py:3006}}
Apr 02 19:08:37.114741 np0000163147 nova-scheduler[107146]: DEBUG cotyledon.oslo_config_glue [-] oslo_messaging_metrics.metrics_enabled = False {{(pid=107146) log_opt_values /opt/stack/data/venv/lib/python3.12/site-packages/oslo_config/cfg.py:3006}}
Apr 02 19:08:37.114741 np0000163147 nova-scheduler[107146]: DEBUG cotyledon.oslo_config_glue [-] oslo_messaging_metrics.metrics_process_name = {{(pid=107146) log_opt_values /opt/stack/data/venv/lib/python3.12/site-packages/oslo_config/cfg.py:3006}}
Apr 02 19:08:37.114741 np0000163147 nova-scheduler[107146]: DEBUG cotyledon.oslo_config_glue [-] oslo_messaging_metrics.metrics_socket_file = /var/tmp/metrics_collector.sock {{(pid=107146) log_opt_values /opt/stack/data/venv/lib/python3.12/site-packages/oslo_config/cfg.py:3006}}
Apr 02 19:08:37.114741 np0000163147 nova-scheduler[107146]: DEBUG cotyledon.oslo_config_glue [-] oslo_messaging_metrics.metrics_thread_stop_timeout = 10 {{(pid=107146) log_opt_values /opt/stack/data/venv/lib/python3.12/site-packages/oslo_config/cfg.py:3006}}
Apr 02 19:08:37.114741 np0000163147 nova-scheduler[107146]: DEBUG cotyledon.oslo_config_glue [-] profiler.connection_string = messaging:// {{(pid=107146) log_opt_values /opt/stack/data/venv/lib/python3.12/site-packages/oslo_config/cfg.py:3006}}
Apr 02 19:08:37.114741 np0000163147 nova-scheduler[107146]: DEBUG cotyledon.oslo_config_glue [-] profiler.enabled = False {{(pid=107146) log_opt_values /opt/stack/data/venv/lib/python3.12/site-packages/oslo_config/cfg.py:3006}}
Apr 02 19:08:37.114741 np0000163147 nova-scheduler[107146]: DEBUG cotyledon.oslo_config_glue [-] profiler.es_doc_type = notification {{(pid=107146) log_opt_values /opt/stack/data/venv/lib/python3.12/site-packages/oslo_config/cfg.py:3006}}
Apr 02 19:08:37.114741 np0000163147 nova-scheduler[107146]: DEBUG cotyledon.oslo_config_glue [-] profiler.es_scroll_size = 10000 {{(pid=107146) log_opt_values /opt/stack/data/venv/lib/python3.12/site-packages/oslo_config/cfg.py:3006}}
Apr 02 19:08:37.114741 np0000163147 nova-scheduler[107146]: DEBUG cotyledon.oslo_config_glue [-] profiler.es_scroll_time = 2m {{(pid=107146) log_opt_values /opt/stack/data/venv/lib/python3.12/site-packages/oslo_config/cfg.py:3006}}
Apr 02 19:08:37.114972 np0000163147 nova-scheduler[107146]: DEBUG cotyledon.oslo_config_glue [-] profiler.filter_error_trace = False {{(pid=107146) log_opt_values /opt/stack/data/venv/lib/python3.12/site-packages/oslo_config/cfg.py:3006}}
Apr 02 19:08:37.114972 np0000163147 nova-scheduler[107146]: DEBUG cotyledon.oslo_config_glue [-] profiler.hmac_keys = **** {{(pid=107146) log_opt_values /opt/stack/data/venv/lib/python3.12/site-packages/oslo_config/cfg.py:3006}}
Apr 02 19:08:37.114972 np0000163147 nova-scheduler[107146]: DEBUG cotyledon.oslo_config_glue [-] profiler.sentinel_service_name = mymaster {{(pid=107146) log_opt_values /opt/stack/data/venv/lib/python3.12/site-packages/oslo_config/cfg.py:3006}}
Apr 02 19:08:37.114972 np0000163147 nova-scheduler[107146]: DEBUG cotyledon.oslo_config_glue [-] profiler.socket_timeout = 0.1 {{(pid=107146) log_opt_values /opt/stack/data/venv/lib/python3.12/site-packages/oslo_config/cfg.py:3006}}
Apr 02 19:08:37.114972 np0000163147 nova-scheduler[107146]: DEBUG cotyledon.oslo_config_glue [-] profiler.trace_requests = False {{(pid=107146) log_opt_values /opt/stack/data/venv/lib/python3.12/site-packages/oslo_config/cfg.py:3006}}
Apr 02 19:08:37.114972 np0000163147 nova-scheduler[107146]: DEBUG cotyledon.oslo_config_glue [-] profiler.trace_sqlalchemy = False {{(pid=107146) log_opt_values /opt/stack/data/venv/lib/python3.12/site-packages/oslo_config/cfg.py:3006}}
Apr 02 19:08:37.114972 np0000163147 nova-scheduler[107146]: DEBUG cotyledon.oslo_config_glue [-] profiler_jaeger.process_tags = {} {{(pid=107146) log_opt_values /opt/stack/data/venv/lib/python3.12/site-packages/oslo_config/cfg.py:3006}}
Apr 02 19:08:37.114972 np0000163147 nova-scheduler[107146]: DEBUG cotyledon.oslo_config_glue [-] profiler_jaeger.service_name_prefix = None {{(pid=107146) log_opt_values /opt/stack/data/venv/lib/python3.12/site-packages/oslo_config/cfg.py:3006}}
Apr 02 19:08:37.114972 np0000163147 nova-scheduler[107146]: DEBUG cotyledon.oslo_config_glue [-] profiler_otlp.service_name_prefix = None {{(pid=107146) log_opt_values /opt/stack/data/venv/lib/python3.12/site-packages/oslo_config/cfg.py:3006}}
Apr 02 19:08:37.115198 np0000163147 nova-scheduler[107146]: DEBUG cotyledon.oslo_config_glue [-] oslo_messaging_rabbit.amqp_auto_delete = False {{(pid=107146) log_opt_values /opt/stack/data/venv/lib/python3.12/site-packages/oslo_config/cfg.py:3006}}
Apr 02 19:08:37.115198 np0000163147 nova-scheduler[107146]: DEBUG cotyledon.oslo_config_glue [-] oslo_messaging_rabbit.amqp_durable_queues = False {{(pid=107146) log_opt_values /opt/stack/data/venv/lib/python3.12/site-packages/oslo_config/cfg.py:3006}}
Apr 02 19:08:37.115198 np0000163147 nova-scheduler[107146]: DEBUG cotyledon.oslo_config_glue [-] oslo_messaging_rabbit.conn_pool_min_size = 2 {{(pid=107146) log_opt_values /opt/stack/data/venv/lib/python3.12/site-packages/oslo_config/cfg.py:3006}}
Apr 02 19:08:37.115198 np0000163147 nova-scheduler[107146]: DEBUG cotyledon.oslo_config_glue [-] oslo_messaging_rabbit.conn_pool_ttl = 1200 {{(pid=107146) log_opt_values /opt/stack/data/venv/lib/python3.12/site-packages/oslo_config/cfg.py:3006}}
Apr 02 19:08:37.115198 np0000163147 nova-scheduler[107146]: DEBUG cotyledon.oslo_config_glue [-] oslo_messaging_rabbit.direct_mandatory_flag = True {{(pid=107146) log_opt_values /opt/stack/data/venv/lib/python3.12/site-packages/oslo_config/cfg.py:3006}}
Apr 02 19:08:37.115198 np0000163147 nova-scheduler[107146]: DEBUG cotyledon.oslo_config_glue [-] oslo_messaging_rabbit.enable_cancel_on_failover = False {{(pid=107146) log_opt_values /opt/stack/data/venv/lib/python3.12/site-packages/oslo_config/cfg.py:3006}}
Apr 02 19:08:37.115198 np0000163147 nova-scheduler[107146]: DEBUG cotyledon.oslo_config_glue [-] oslo_messaging_rabbit.heartbeat_in_pthread = False {{(pid=107146) log_opt_values /opt/stack/data/venv/lib/python3.12/site-packages/oslo_config/cfg.py:3006}}
Apr 02 19:08:37.115198 np0000163147 nova-scheduler[107146]: DEBUG cotyledon.oslo_config_glue [-] oslo_messaging_rabbit.heartbeat_rate = 3 {{(pid=107146) log_opt_values /opt/stack/data/venv/lib/python3.12/site-packages/oslo_config/cfg.py:3006}}
Apr 02 19:08:37.115198 np0000163147 nova-scheduler[107146]: DEBUG cotyledon.oslo_config_glue [-] oslo_messaging_rabbit.heartbeat_timeout_threshold = 60 {{(pid=107146) log_opt_values /opt/stack/data/venv/lib/python3.12/site-packages/oslo_config/cfg.py:3006}}
Apr 02 19:08:37.115431 np0000163147 nova-scheduler[107146]: DEBUG cotyledon.oslo_config_glue [-] oslo_messaging_rabbit.hostname = np0000163147 {{(pid=107146) log_opt_values /opt/stack/data/venv/lib/python3.12/site-packages/oslo_config/cfg.py:3006}}
Apr 02 19:08:37.115431 np0000163147 nova-scheduler[107146]: DEBUG cotyledon.oslo_config_glue [-] oslo_messaging_rabbit.kombu_compression = None {{(pid=107146) log_opt_values /opt/stack/data/venv/lib/python3.12/site-packages/oslo_config/cfg.py:3006}}
Apr 02 19:08:37.115431 np0000163147 nova-scheduler[107146]: DEBUG cotyledon.oslo_config_glue [-] oslo_messaging_rabbit.kombu_failover_strategy = round-robin {{(pid=107146) log_opt_values /opt/stack/data/venv/lib/python3.12/site-packages/oslo_config/cfg.py:3006}}
Apr 02 19:08:37.115431 np0000163147 nova-scheduler[107146]: DEBUG cotyledon.oslo_config_glue [-] oslo_messaging_rabbit.kombu_missing_consumer_retry_timeout = 60 {{(pid=107146) log_opt_values /opt/stack/data/venv/lib/python3.12/site-packages/oslo_config/cfg.py:3006}}
Apr 02 19:08:37.115431 np0000163147 nova-scheduler[107146]: DEBUG cotyledon.oslo_config_glue [-] oslo_messaging_rabbit.kombu_reconnect_delay = 1.0 {{(pid=107146) log_opt_values /opt/stack/data/venv/lib/python3.12/site-packages/oslo_config/cfg.py:3006}}
Apr 02 19:08:37.115431 np0000163147 nova-scheduler[107146]: DEBUG cotyledon.oslo_config_glue [-] oslo_messaging_rabbit.kombu_reconnect_splay = 0.0 {{(pid=107146) log_opt_values /opt/stack/data/venv/lib/python3.12/site-packages/oslo_config/cfg.py:3006}}
Apr 02 19:08:37.115431 np0000163147 nova-scheduler[107146]: DEBUG cotyledon.oslo_config_glue [-] oslo_messaging_rabbit.processname = nova-scheduler {{(pid=107146) log_opt_values /opt/stack/data/venv/lib/python3.12/site-packages/oslo_config/cfg.py:3006}}
Apr 02 19:08:37.115431 np0000163147 nova-scheduler[107146]: DEBUG cotyledon.oslo_config_glue [-] oslo_messaging_rabbit.rabbit_ha_queues = False {{(pid=107146) log_opt_values /opt/stack/data/venv/lib/python3.12/site-packages/oslo_config/cfg.py:3006}}
Apr 02 19:08:37.115431 np0000163147 nova-scheduler[107146]: DEBUG cotyledon.oslo_config_glue [-] oslo_messaging_rabbit.rabbit_interval_max = 30 {{(pid=107146) log_opt_values /opt/stack/data/venv/lib/python3.12/site-packages/oslo_config/cfg.py:3006}}
Apr 02 19:08:37.115682 np0000163147 nova-scheduler[107146]: DEBUG cotyledon.oslo_config_glue [-] oslo_messaging_rabbit.rabbit_login_method = AMQPLAIN {{(pid=107146) log_opt_values /opt/stack/data/venv/lib/python3.12/site-packages/oslo_config/cfg.py:3006}}
Apr 02 19:08:37.115682 np0000163147 nova-scheduler[107146]: DEBUG cotyledon.oslo_config_glue [-] oslo_messaging_rabbit.rabbit_qos_prefetch_count = 0 {{(pid=107146) log_opt_values /opt/stack/data/venv/lib/python3.12/site-packages/oslo_config/cfg.py:3006}}
Apr 02 19:08:37.115682 np0000163147 nova-scheduler[107146]: DEBUG cotyledon.oslo_config_glue [-] oslo_messaging_rabbit.rabbit_quorum_delivery_limit = 0 {{(pid=107146) log_opt_values /opt/stack/data/venv/lib/python3.12/site-packages/oslo_config/cfg.py:3006}}
Apr 02 19:08:37.115682 np0000163147 nova-scheduler[107146]: DEBUG cotyledon.oslo_config_glue [-] oslo_messaging_rabbit.rabbit_quorum_max_memory_bytes = 0 {{(pid=107146) log_opt_values /opt/stack/data/venv/lib/python3.12/site-packages/oslo_config/cfg.py:3006}}
Apr 02 19:08:37.115682 np0000163147 nova-scheduler[107146]: DEBUG cotyledon.oslo_config_glue [-] oslo_messaging_rabbit.rabbit_quorum_max_memory_length = 0 {{(pid=107146) log_opt_values /opt/stack/data/venv/lib/python3.12/site-packages/oslo_config/cfg.py:3006}}
Apr 02 19:08:37.115682 np0000163147 nova-scheduler[107146]: DEBUG cotyledon.oslo_config_glue [-] oslo_messaging_rabbit.rabbit_quorum_queue = False {{(pid=107146) log_opt_values /opt/stack/data/venv/lib/python3.12/site-packages/oslo_config/cfg.py:3006}}
Apr 02 19:08:37.115682 np0000163147 nova-scheduler[107146]: DEBUG cotyledon.oslo_config_glue [-] oslo_messaging_rabbit.rabbit_retry_backoff = 2 {{(pid=107146) log_opt_values /opt/stack/data/venv/lib/python3.12/site-packages/oslo_config/cfg.py:3006}}
Apr 02 19:08:37.115682 np0000163147 nova-scheduler[107146]: DEBUG cotyledon.oslo_config_glue [-] oslo_messaging_rabbit.rabbit_retry_interval = 1 {{(pid=107146) log_opt_values /opt/stack/data/venv/lib/python3.12/site-packages/oslo_config/cfg.py:3006}}
Apr 02 19:08:37.115886 np0000163147 nova-scheduler[107146]: DEBUG cotyledon.oslo_config_glue [-] oslo_messaging_rabbit.rabbit_stream_fanout = False {{(pid=107146) log_opt_values /opt/stack/data/venv/lib/python3.12/site-packages/oslo_config/cfg.py:3006}}
Apr 02 19:08:37.115886 np0000163147 nova-scheduler[107146]: DEBUG cotyledon.oslo_config_glue [-] oslo_messaging_rabbit.rabbit_transient_queues_ttl = 1800 {{(pid=107146) log_opt_values /opt/stack/data/venv/lib/python3.12/site-packages/oslo_config/cfg.py:3006}}
Apr 02 19:08:37.115886 np0000163147 nova-scheduler[107146]: DEBUG cotyledon.oslo_config_glue [-] oslo_messaging_rabbit.rabbit_transient_quorum_queue = False {{(pid=107146) log_opt_values /opt/stack/data/venv/lib/python3.12/site-packages/oslo_config/cfg.py:3006}}
Apr 02 19:08:37.115886 np0000163147 nova-scheduler[107146]: DEBUG cotyledon.oslo_config_glue [-] oslo_messaging_rabbit.rpc_conn_pool_size = 30 {{(pid=107146) log_opt_values /opt/stack/data/venv/lib/python3.12/site-packages/oslo_config/cfg.py:3006}}
Apr 02 19:08:37.115886 np0000163147 nova-scheduler[107146]: DEBUG cotyledon.oslo_config_glue [-] oslo_messaging_rabbit.ssl = False {{(pid=107146) log_opt_values /opt/stack/data/venv/lib/python3.12/site-packages/oslo_config/cfg.py:3006}}
Apr 02 19:08:37.115886 np0000163147 nova-scheduler[107146]: DEBUG cotyledon.oslo_config_glue [-] oslo_messaging_rabbit.ssl_ca_file = {{(pid=107146) log_opt_values /opt/stack/data/venv/lib/python3.12/site-packages/oslo_config/cfg.py:3006}}
Apr 02 19:08:37.116053 np0000163147 nova-scheduler[107140]: INFO dbcounter [None req-5749d1b7-4d3b-46fd-91bd-14a8d43b381b None None] Registered counter for database nova_cell0
Apr 02 19:08:37.116083 np0000163147 nova-scheduler[107146]: DEBUG cotyledon.oslo_config_glue [-] oslo_messaging_rabbit.ssl_cert_file = {{(pid=107146) log_opt_values /opt/stack/data/venv/lib/python3.12/site-packages/oslo_config/cfg.py:3006}}
Apr 02 19:08:37.116112 np0000163147 nova-scheduler[107129]: DEBUG dbcounter [-] [107129] Writer thread running {{(pid=107129) stat_writer /opt/stack/data/venv/lib/python3.12/site-packages/dbcounter.py:102}}
Apr 02 19:08:37.116149 np0000163147 nova-scheduler[107146]: DEBUG cotyledon.oslo_config_glue [-] oslo_messaging_rabbit.ssl_enforce_fips_mode = False {{(pid=107146) log_opt_values /opt/stack/data/venv/lib/python3.12/site-packages/oslo_config/cfg.py:3006}}
Apr 02 19:08:37.116149 np0000163147 nova-scheduler[107146]: DEBUG cotyledon.oslo_config_glue [-] oslo_messaging_rabbit.ssl_key_file = {{(pid=107146) log_opt_values /opt/stack/data/venv/lib/python3.12/site-packages/oslo_config/cfg.py:3006}}
Apr 02 19:08:37.116149 np0000163147 nova-scheduler[107146]: DEBUG cotyledon.oslo_config_glue [-] oslo_messaging_rabbit.ssl_version = {{(pid=107146) log_opt_values /opt/stack/data/venv/lib/python3.12/site-packages/oslo_config/cfg.py:3006}}
Apr 02 19:08:37.116149 np0000163147 nova-scheduler[107146]: DEBUG cotyledon.oslo_config_glue [-] oslo_messaging_rabbit.use_queue_manager = False {{(pid=107146) log_opt_values /opt/stack/data/venv/lib/python3.12/site-packages/oslo_config/cfg.py:3006}}
Apr 02 19:08:37.116149 np0000163147 nova-scheduler[107146]: DEBUG cotyledon.oslo_config_glue [-] oslo_messaging_notifications.driver = ['messagingv2'] {{(pid=107146) log_opt_values /opt/stack/data/venv/lib/python3.12/site-packages/oslo_config/cfg.py:3006}}
Apr 02 19:08:37.116149 np0000163147 nova-scheduler[107146]: DEBUG cotyledon.oslo_config_glue [-] oslo_messaging_notifications.retry = -1 {{(pid=107146) log_opt_values /opt/stack/data/venv/lib/python3.12/site-packages/oslo_config/cfg.py:3006}}
Apr 02 19:08:37.116149 np0000163147 nova-scheduler[107146]: DEBUG cotyledon.oslo_config_glue [-] oslo_messaging_notifications.topics = ['notifications'] {{(pid=107146) log_opt_values /opt/stack/data/venv/lib/python3.12/site-packages/oslo_config/cfg.py:3006}}
Apr 02 19:08:37.116149 np0000163147 nova-scheduler[107146]: DEBUG cotyledon.oslo_config_glue [-] oslo_messaging_notifications.transport_url = **** {{(pid=107146) log_opt_values /opt/stack/data/venv/lib/python3.12/site-packages/oslo_config/cfg.py:3006}}
Apr 02 19:08:37.116149 np0000163147 nova-scheduler[107146]: DEBUG cotyledon.oslo_config_glue [-] oslo_limit.auth_section = None {{(pid=107146) log_opt_values /opt/stack/data/venv/lib/python3.12/site-packages/oslo_config/cfg.py:3006}}
Apr 02 19:08:37.116379 np0000163147 nova-scheduler[107146]: DEBUG cotyledon.oslo_config_glue [-] oslo_limit.auth_type = None {{(pid=107146) log_opt_values /opt/stack/data/venv/lib/python3.12/site-packages/oslo_config/cfg.py:3006}}
Apr 02 19:08:37.116379 np0000163147 nova-scheduler[107146]: DEBUG cotyledon.oslo_config_glue [-] oslo_limit.cafile = None {{(pid=107146) log_opt_values /opt/stack/data/venv/lib/python3.12/site-packages/oslo_config/cfg.py:3006}}
Apr 02 19:08:37.116379 np0000163147 nova-scheduler[107146]: DEBUG cotyledon.oslo_config_glue [-] oslo_limit.certfile = None {{(pid=107146) log_opt_values /opt/stack/data/venv/lib/python3.12/site-packages/oslo_config/cfg.py:3006}}
Apr 02 19:08:37.116379 np0000163147 nova-scheduler[107146]: DEBUG cotyledon.oslo_config_glue [-] oslo_limit.collect_timing = False {{(pid=107146) log_opt_values /opt/stack/data/venv/lib/python3.12/site-packages/oslo_config/cfg.py:3006}}
Apr 02 19:08:37.116379 np0000163147 nova-scheduler[107146]: DEBUG cotyledon.oslo_config_glue [-] oslo_limit.connect_retries = None {{(pid=107146) log_opt_values /opt/stack/data/venv/lib/python3.12/site-packages/oslo_config/cfg.py:3006}}
Apr 02 19:08:37.116379 np0000163147 nova-scheduler[107146]: DEBUG cotyledon.oslo_config_glue [-] oslo_limit.connect_retry_delay = None {{(pid=107146) log_opt_values /opt/stack/data/venv/lib/python3.12/site-packages/oslo_config/cfg.py:3006}}
Apr 02 19:08:37.116379 np0000163147 nova-scheduler[107146]: DEBUG cotyledon.oslo_config_glue [-] oslo_limit.endpoint_id = None {{(pid=107146) log_opt_values /opt/stack/data/venv/lib/python3.12/site-packages/oslo_config/cfg.py:3006}}
Apr 02 19:08:37.116379 np0000163147 nova-scheduler[107146]: DEBUG cotyledon.oslo_config_glue [-] oslo_limit.endpoint_interface = public {{(pid=107146) log_opt_values /opt/stack/data/venv/lib/python3.12/site-packages/oslo_config/cfg.py:3006}}
Apr 02 19:08:37.116379 np0000163147 nova-scheduler[107146]: DEBUG cotyledon.oslo_config_glue [-] oslo_limit.endpoint_override = None {{(pid=107146) log_opt_values /opt/stack/data/venv/lib/python3.12/site-packages/oslo_config/cfg.py:3006}}
Apr 02 19:08:37.116639 np0000163147 nova-scheduler[107146]: DEBUG cotyledon.oslo_config_glue [-] oslo_limit.endpoint_region_name = None {{(pid=107146) log_opt_values /opt/stack/data/venv/lib/python3.12/site-packages/oslo_config/cfg.py:3006}}
Apr 02 19:08:37.116639 np0000163147 nova-scheduler[107146]: DEBUG cotyledon.oslo_config_glue [-] oslo_limit.endpoint_service_name = None {{(pid=107146) log_opt_values /opt/stack/data/venv/lib/python3.12/site-packages/oslo_config/cfg.py:3006}}
Apr 02 19:08:37.116639 np0000163147 nova-scheduler[107146]: DEBUG cotyledon.oslo_config_glue [-] oslo_limit.endpoint_service_type = None {{(pid=107146) log_opt_values /opt/stack/data/venv/lib/python3.12/site-packages/oslo_config/cfg.py:3006}}
Apr 02 19:08:37.116639 np0000163147 nova-scheduler[107146]: DEBUG cotyledon.oslo_config_glue [-] oslo_limit.insecure = False {{(pid=107146) log_opt_values /opt/stack/data/venv/lib/python3.12/site-packages/oslo_config/cfg.py:3006}}
Apr 02 19:08:37.116639 np0000163147 nova-scheduler[107146]: DEBUG cotyledon.oslo_config_glue [-] oslo_limit.keyfile = None {{(pid=107146) log_opt_values /opt/stack/data/venv/lib/python3.12/site-packages/oslo_config/cfg.py:3006}}
Apr 02 19:08:37.116639 np0000163147 nova-scheduler[107146]: DEBUG cotyledon.oslo_config_glue [-] oslo_limit.max_version = None {{(pid=107146) log_opt_values /opt/stack/data/venv/lib/python3.12/site-packages/oslo_config/cfg.py:3006}}
Apr 02 19:08:37.116639 np0000163147 nova-scheduler[107146]: DEBUG cotyledon.oslo_config_glue [-] oslo_limit.min_version = None {{(pid=107146) log_opt_values /opt/stack/data/venv/lib/python3.12/site-packages/oslo_config/cfg.py:3006}}
Apr 02 19:08:37.116639 np0000163147 nova-scheduler[107146]: DEBUG cotyledon.oslo_config_glue [-] oslo_limit.region_name = None {{(pid=107146) log_opt_values /opt/stack/data/venv/lib/python3.12/site-packages/oslo_config/cfg.py:3006}}
Apr 02 19:08:37.116639 np0000163147 nova-scheduler[107146]: DEBUG cotyledon.oslo_config_glue [-] oslo_limit.retriable_status_codes = None {{(pid=107146) log_opt_values /opt/stack/data/venv/lib/python3.12/site-packages/oslo_config/cfg.py:3006}}
Apr 02 19:08:37.116913 np0000163147 nova-scheduler[107146]: DEBUG cotyledon.oslo_config_glue [-] oslo_limit.service_name = None {{(pid=107146) log_opt_values /opt/stack/data/venv/lib/python3.12/site-packages/oslo_config/cfg.py:3006}}
Apr 02 19:08:37.116913 np0000163147 nova-scheduler[107146]: DEBUG cotyledon.oslo_config_glue [-] oslo_limit.service_type = None {{(pid=107146) log_opt_values /opt/stack/data/venv/lib/python3.12/site-packages/oslo_config/cfg.py:3006}}
Apr 02 19:08:37.116913 np0000163147 nova-scheduler[107146]: DEBUG cotyledon.oslo_config_glue [-] oslo_limit.split_loggers = False {{(pid=107146) log_opt_values /opt/stack/data/venv/lib/python3.12/site-packages/oslo_config/cfg.py:3006}}
Apr 02 19:08:37.116913 np0000163147 nova-scheduler[107146]: DEBUG cotyledon.oslo_config_glue [-] oslo_limit.status_code_retries = None {{(pid=107146) log_opt_values /opt/stack/data/venv/lib/python3.12/site-packages/oslo_config/cfg.py:3006}}
Apr 02 19:08:37.116913 np0000163147 nova-scheduler[107146]: DEBUG cotyledon.oslo_config_glue [-] oslo_limit.status_code_retry_delay = None {{(pid=107146) log_opt_values /opt/stack/data/venv/lib/python3.12/site-packages/oslo_config/cfg.py:3006}}
Apr 02 19:08:37.116913 np0000163147 nova-scheduler[107146]: DEBUG cotyledon.oslo_config_glue [-] oslo_limit.timeout = None {{(pid=107146) log_opt_values /opt/stack/data/venv/lib/python3.12/site-packages/oslo_config/cfg.py:3006}}
Apr 02 19:08:37.116913 np0000163147 nova-scheduler[107146]: DEBUG cotyledon.oslo_config_glue [-] oslo_limit.valid_interfaces = None {{(pid=107146) log_opt_values /opt/stack/data/venv/lib/python3.12/site-packages/oslo_config/cfg.py:3006}}
Apr 02 19:08:37.116913 np0000163147 nova-scheduler[107146]: DEBUG cotyledon.oslo_config_glue [-] oslo_limit.version = None {{(pid=107146) log_opt_values /opt/stack/data/venv/lib/python3.12/site-packages/oslo_config/cfg.py:3006}}
Apr 02 19:08:37.116913 np0000163147 nova-scheduler[107146]: DEBUG cotyledon.oslo_config_glue [-] oslo_reports.file_event_handler = None {{(pid=107146) log_opt_values /opt/stack/data/venv/lib/python3.12/site-packages/oslo_config/cfg.py:3006}}
Apr 02 19:08:37.117151 np0000163147 nova-scheduler[107146]: DEBUG cotyledon.oslo_config_glue [-] oslo_reports.file_event_handler_interval = 1 {{(pid=107146) log_opt_values /opt/stack/data/venv/lib/python3.12/site-packages/oslo_config/cfg.py:3006}}
Apr 02 19:08:37.117151 np0000163147 nova-scheduler[107146]: DEBUG cotyledon.oslo_config_glue [-] oslo_reports.log_dir = None {{(pid=107146) log_opt_values /opt/stack/data/venv/lib/python3.12/site-packages/oslo_config/cfg.py:3006}}
Apr 02 19:08:37.117151 np0000163147 nova-scheduler[107146]: DEBUG cotyledon.oslo_config_glue [-] ******************************************************************************** {{(pid=107146) log_opt_values /opt/stack/data/venv/lib/python3.12/site-packages/oslo_config/cfg.py:3013}}
Apr 02 19:08:37.117151 np0000163147 nova-scheduler[107146]: DEBUG cotyledon._service_worker [-] Run service ServiceWrapper(3) [107146] {{(pid=107146) wait_forever /opt/stack/data/venv/lib/python3.12/site-packages/cotyledon/_service_worker.py:218}}
Apr 02 19:08:37.117260 np0000163147 nova-scheduler[107121]: DEBUG nova.service [None req-fc4f0fdb-380d-4812-a8f1-d76c32ef1f87 None None] Creating RPC server for service: nova-scheduler on topic: scheduler {{(pid=107121) start /opt/stack/nova/nova/service.py:195}}
Apr 02 19:08:37.117298 np0000163147 nova-scheduler[107146]: INFO nova.service [-] Starting scheduler node (version 33.1.0)
Apr 02 19:08:37.117328 np0000163147 nova-scheduler[107129]: DEBUG nova.service [None req-fdc7f6a1-c7bf-48b7-8195-0ff584a6dcc3 None None] Creating RPC server for service: nova-scheduler on topic: scheduler {{(pid=107129) start /opt/stack/nova/nova/service.py:195}}
Apr 02 19:08:37.117358 np0000163147 nova-scheduler[107140]: DEBUG oslo_db.sqlalchemy.engines [None req-5749d1b7-4d3b-46fd-91bd-14a8d43b381b None None] MySQL server mode set to STRICT_TRANS_TABLES,STRICT_ALL_TABLES,NO_ZERO_IN_DATE,NO_ZERO_DATE,ERROR_FOR_DIVISION_BY_ZERO,TRADITIONAL,NO_ENGINE_SUBSTITUTION {{(pid=107140) _check_effective_sql_mode /opt/stack/data/venv/lib/python3.12/site-packages/oslo_db/sqlalchemy/engines.py:325}}
Apr 02 19:08:37.117389 np0000163147 nova-scheduler[107146]: INFO dbcounter [None req-d34df475-1529-4215-9668-b7b4e8ffe815 None None] Registered counter for database nova_cell0
Apr 02 19:08:37.117389 np0000163147 nova-scheduler[107146]: DEBUG oslo_db.sqlalchemy.engines [None req-d34df475-1529-4215-9668-b7b4e8ffe815 None None] MySQL server mode set to STRICT_TRANS_TABLES,STRICT_ALL_TABLES,NO_ZERO_IN_DATE,NO_ZERO_DATE,ERROR_FOR_DIVISION_BY_ZERO,TRADITIONAL,NO_ENGINE_SUBSTITUTION {{(pid=107146) _check_effective_sql_mode /opt/stack/data/venv/lib/python3.12/site-packages/oslo_db/sqlalchemy/engines.py:325}}
Apr 02 19:08:37.121210 np0000163147 nova-scheduler[107140]: DEBUG dbcounter [-] [107140] Writer thread running {{(pid=107140) stat_writer /opt/stack/data/venv/lib/python3.12/site-packages/dbcounter.py:102}}
Apr 02 19:08:37.122435 np0000163147 nova-scheduler[107121]: DEBUG nova.service [None req-fc4f0fdb-380d-4812-a8f1-d76c32ef1f87 None None] Join ServiceGroup membership for this service scheduler {{(pid=107121) start /opt/stack/nova/nova/service.py:221}}
Apr 02 19:08:37.122638 np0000163147 nova-scheduler[107121]: DEBUG nova.servicegroup.drivers.db [None req-fc4f0fdb-380d-4812-a8f1-d76c32ef1f87 None None] DB_Driver: join new ServiceGroup member np0000163147 to the scheduler group, service = {{(pid=107121) join /opt/stack/nova/nova/servicegroup/drivers/db.py:44}}
Apr 02 19:08:37.124372 np0000163147 nova-scheduler[107140]: DEBUG nova.service [None req-5749d1b7-4d3b-46fd-91bd-14a8d43b381b None None] Creating RPC server for service: nova-scheduler on topic: scheduler {{(pid=107140) start /opt/stack/nova/nova/service.py:195}}
Apr 02 19:08:37.126072 np0000163147 nova-scheduler[107146]: DEBUG dbcounter [-] [107146] Writer thread running {{(pid=107146) stat_writer /opt/stack/data/venv/lib/python3.12/site-packages/dbcounter.py:102}}
Apr 02 19:08:37.128988 np0000163147 nova-scheduler[107129]: DEBUG nova.service [None req-fdc7f6a1-c7bf-48b7-8195-0ff584a6dcc3 None None] Join ServiceGroup membership for this service scheduler {{(pid=107129) start /opt/stack/nova/nova/service.py:221}}
Apr 02 19:08:37.129202 np0000163147 nova-scheduler[107129]: DEBUG nova.servicegroup.drivers.db [None req-fdc7f6a1-c7bf-48b7-8195-0ff584a6dcc3 None None] DB_Driver: join new ServiceGroup member np0000163147 to the scheduler group, service = {{(pid=107129) join /opt/stack/nova/nova/servicegroup/drivers/db.py:44}}
Apr 02 19:08:37.129325 np0000163147 nova-scheduler[107146]: DEBUG nova.service [None req-d34df475-1529-4215-9668-b7b4e8ffe815 None None] Creating RPC server for service: nova-scheduler on topic: scheduler {{(pid=107146) start /opt/stack/nova/nova/service.py:195}}
Apr 02 19:08:37.143747 np0000163147 nova-scheduler[107140]: DEBUG nova.service [None req-5749d1b7-4d3b-46fd-91bd-14a8d43b381b None None] Join ServiceGroup membership for this service scheduler {{(pid=107140) start /opt/stack/nova/nova/service.py:221}}
Apr 02 19:08:37.144010 np0000163147 nova-scheduler[107140]: DEBUG nova.servicegroup.drivers.db [None req-5749d1b7-4d3b-46fd-91bd-14a8d43b381b None None] DB_Driver: join new ServiceGroup member np0000163147 to the scheduler group, service = {{(pid=107140) join /opt/stack/nova/nova/servicegroup/drivers/db.py:44}}
Apr 02 19:08:37.146261 np0000163147 nova-scheduler[107140]: DEBUG oslo.service.backend._threading.loopingcall [None req-9c8c1200-1b57-4738-9938-2103e19f6a2c None None] Dynamic interval looping call 'nova.service.Service.periodic_tasks' sleeping for 60.00 seconds {{(pid=107140) _run_loop /opt/stack/data/venv/lib/python3.12/site-packages/oslo_service/backend/_threading/loopingcall.py:125}}
Apr 02 19:08:37.151798 np0000163147 nova-scheduler[107146]: DEBUG nova.service [None req-d34df475-1529-4215-9668-b7b4e8ffe815 None None] Join ServiceGroup membership for this service scheduler {{(pid=107146) start /opt/stack/nova/nova/service.py:221}}
Apr 02 19:08:37.152042 np0000163147 nova-scheduler[107146]: DEBUG nova.servicegroup.drivers.db [None req-d34df475-1529-4215-9668-b7b4e8ffe815 None None] DB_Driver: join new ServiceGroup member np0000163147 to the scheduler group, service = {{(pid=107146) join /opt/stack/nova/nova/servicegroup/drivers/db.py:44}}
Apr 02 19:08:42.142001 np0000163147 nova-scheduler[107121]: DEBUG oslo.service.backend._threading.loopingcall [-] Fixed interval looping call 'nova.servicegroup.drivers.db.DbDriver._report_state' sleeping for 119.98 seconds {{(pid=107121) _run_loop /opt/stack/data/venv/lib/python3.12/site-packages/oslo_service/backend/_threading/loopingcall.py:125}}
Apr 02 19:08:42.145548 np0000163147 nova-scheduler[107129]: DEBUG oslo.service.backend._threading.loopingcall [-] Fixed interval looping call 'nova.servicegroup.drivers.db.DbDriver._report_state' sleeping for 119.99 seconds {{(pid=107129) _run_loop /opt/stack/data/venv/lib/python3.12/site-packages/oslo_service/backend/_threading/loopingcall.py:125}}
Apr 02 19:08:42.158093 np0000163147 nova-scheduler[107140]: DEBUG oslo.service.backend._threading.loopingcall [-] Fixed interval looping call 'nova.servicegroup.drivers.db.DbDriver._report_state' sleeping for 119.99 seconds {{(pid=107140) _run_loop /opt/stack/data/venv/lib/python3.12/site-packages/oslo_service/backend/_threading/loopingcall.py:125}}
Apr 02 19:08:42.165072 np0000163147 nova-scheduler[107146]: DEBUG oslo.service.backend._threading.loopingcall [-] Fixed interval looping call 'nova.servicegroup.drivers.db.DbDriver._report_state' sleeping for 119.99 seconds {{(pid=107146) _run_loop /opt/stack/data/venv/lib/python3.12/site-packages/oslo_service/backend/_threading/loopingcall.py:125}}
Apr 02 19:08:45.743406 np0000163147 nova-scheduler[106399]: DEBUG dbcounter [-] [106399] Writing DB stats nova_api:SELECT=3 {{(pid=106399) stat_writer /opt/stack/data/venv/lib/python3.12/site-packages/dbcounter.py:115}}
Apr 02 19:08:45.850367 np0000163147 nova-scheduler[106399]: DEBUG dbcounter [-] [106399] Writing DB stats nova_cell0:SELECT=1 {{(pid=106399) stat_writer /opt/stack/data/venv/lib/python3.12/site-packages/dbcounter.py:115}}
Apr 02 19:08:45.856381 np0000163147 nova-scheduler[106399]: DEBUG dbcounter [-] [106399] Writing DB stats nova_cell1:SELECT=1 {{(pid=106399) stat_writer /opt/stack/data/venv/lib/python3.12/site-packages/dbcounter.py:115}}
Apr 02 19:08:49.124885 np0000163147 nova-scheduler[107121]: DEBUG oslo.service.backend._threading.loopingcall [None req-9daa6dd7-626c-4159-b4e8-17602cd18a02 None None] Dynamic interval looping call 'nova.service.Service.periodic_tasks' sleeping for 60.00 seconds {{(pid=107121) _run_loop /opt/stack/data/venv/lib/python3.12/site-packages/oslo_service/backend/_threading/loopingcall.py:125}}
Apr 02 19:08:52.136608 np0000163147 nova-scheduler[107121]: DEBUG dbcounter [-] [107121] Writing DB stats nova_cell0:SELECT=4,nova_cell0:INSERT=1,nova_cell0:UPDATE=1 {{(pid=107121) stat_writer /opt/stack/data/venv/lib/python3.12/site-packages/dbcounter.py:115}}
Apr 02 19:08:52.142097 np0000163147 nova-scheduler[107129]: DEBUG dbcounter [-] [107129] Writing DB stats nova_cell0:SELECT=3 {{(pid=107129) stat_writer /opt/stack/data/venv/lib/python3.12/site-packages/dbcounter.py:115}}
Apr 02 19:08:52.154573 np0000163147 nova-scheduler[107140]: DEBUG dbcounter [-] [107140] Writing DB stats nova_cell0:SELECT=3 {{(pid=107140) stat_writer /opt/stack/data/venv/lib/python3.12/site-packages/dbcounter.py:115}}
Apr 02 19:08:52.161548 np0000163147 nova-scheduler[107146]: DEBUG dbcounter [-] [107146] Writing DB stats nova_cell0:SELECT=3 {{(pid=107146) stat_writer /opt/stack/data/venv/lib/python3.12/site-packages/dbcounter.py:115}}
Apr 02 19:09:03.154286 np0000163147 nova-scheduler[107146]: DEBUG oslo.service.backend._threading.loopingcall [None req-9909612a-e1c9-4121-99c3-fb11009add80 None None] Dynamic interval looping call 'nova.service.Service.periodic_tasks' sleeping for 60.00 seconds {{(pid=107146) _run_loop /opt/stack/data/venv/lib/python3.12/site-packages/oslo_service/backend/_threading/loopingcall.py:125}}
Apr 02 19:09:05.132010 np0000163147 nova-scheduler[107129]: DEBUG oslo.service.backend._threading.loopingcall [None req-d8b3c321-ae80-4052-a755-af3c333ed601 None None] Dynamic interval looping call 'nova.service.Service.periodic_tasks' sleeping for 60.00 seconds {{(pid=107129) _run_loop /opt/stack/data/venv/lib/python3.12/site-packages/oslo_service/backend/_threading/loopingcall.py:125}}
Apr 02 19:09:37.147143 np0000163147 nova-scheduler[107140]: DEBUG oslo.service.backend._threading.loopingcall [None req-9c8c1200-1b57-4738-9938-2103e19f6a2c None None] Dynamic interval looping call 'nova.service.Service.periodic_tasks' sleeping for 60.00 seconds {{(pid=107140) _run_loop /opt/stack/data/venv/lib/python3.12/site-packages/oslo_service/backend/_threading/loopingcall.py:125}}
Apr 02 19:09:49.126114 np0000163147 nova-scheduler[107121]: DEBUG oslo.service.backend._threading.loopingcall [None req-9daa6dd7-626c-4159-b4e8-17602cd18a02 None None] Dynamic interval looping call 'nova.service.Service.periodic_tasks' sleeping for 60.00 seconds {{(pid=107121) _run_loop /opt/stack/data/venv/lib/python3.12/site-packages/oslo_service/backend/_threading/loopingcall.py:125}}
Apr 02 19:10:03.154989 np0000163147 nova-scheduler[107146]: DEBUG oslo.service.backend._threading.loopingcall [None req-9909612a-e1c9-4121-99c3-fb11009add80 None None] Dynamic interval looping call 'nova.service.Service.periodic_tasks' sleeping for 60.00 seconds {{(pid=107146) _run_loop /opt/stack/data/venv/lib/python3.12/site-packages/oslo_service/backend/_threading/loopingcall.py:125}}
Apr 02 19:10:05.132841 np0000163147 nova-scheduler[107129]: DEBUG oslo.service.backend._threading.loopingcall [None req-d8b3c321-ae80-4052-a755-af3c333ed601 None None] Dynamic interval looping call 'nova.service.Service.periodic_tasks' sleeping for 60.00 seconds {{(pid=107129) _run_loop /opt/stack/data/venv/lib/python3.12/site-packages/oslo_service/backend/_threading/loopingcall.py:125}}
Apr 02 19:10:37.148052 np0000163147 nova-scheduler[107140]: DEBUG oslo.service.backend._threading.loopingcall [None req-9c8c1200-1b57-4738-9938-2103e19f6a2c None None] Dynamic interval looping call 'nova.service.Service.periodic_tasks' sleeping for 60.00 seconds {{(pid=107140) _run_loop /opt/stack/data/venv/lib/python3.12/site-packages/oslo_service/backend/_threading/loopingcall.py:125}}
Apr 02 19:10:42.132718 np0000163147 nova-scheduler[107121]: DEBUG oslo.service.backend._threading.loopingcall [-] Fixed interval looping call 'nova.servicegroup.drivers.db.DbDriver._report_state' sleeping for 119.99 seconds {{(pid=107121) _run_loop /opt/stack/data/venv/lib/python3.12/site-packages/oslo_service/backend/_threading/loopingcall.py:125}}
Apr 02 19:10:42.141948 np0000163147 nova-scheduler[107129]: DEBUG oslo.service.backend._threading.loopingcall [-] Fixed interval looping call 'nova.servicegroup.drivers.db.DbDriver._report_state' sleeping for 119.99 seconds {{(pid=107129) _run_loop /opt/stack/data/venv/lib/python3.12/site-packages/oslo_service/backend/_threading/loopingcall.py:125}}
Apr 02 19:10:42.153099 np0000163147 nova-scheduler[107140]: DEBUG oslo.service.backend._threading.loopingcall [-] Fixed interval looping call 'nova.servicegroup.drivers.db.DbDriver._report_state' sleeping for 120.00 seconds {{(pid=107140) _run_loop /opt/stack/data/venv/lib/python3.12/site-packages/oslo_service/backend/_threading/loopingcall.py:125}}
Apr 02 19:10:42.163708 np0000163147 nova-scheduler[107146]: DEBUG oslo.service.backend._threading.loopingcall [-] Fixed interval looping call 'nova.servicegroup.drivers.db.DbDriver._report_state' sleeping for 119.99 seconds {{(pid=107146) _run_loop /opt/stack/data/venv/lib/python3.12/site-packages/oslo_service/backend/_threading/loopingcall.py:125}}
Apr 02 19:10:49.126930 np0000163147 nova-scheduler[107121]: DEBUG oslo.service.backend._threading.loopingcall [None req-9daa6dd7-626c-4159-b4e8-17602cd18a02 None None] Dynamic interval looping call 'nova.service.Service.periodic_tasks' sleeping for 60.00 seconds {{(pid=107121) _run_loop /opt/stack/data/venv/lib/python3.12/site-packages/oslo_service/backend/_threading/loopingcall.py:125}}
Apr 02 19:10:52.127318 np0000163147 nova-scheduler[107121]: DEBUG dbcounter [-] [107121] Writing DB stats nova_cell0:SELECT=1,nova_cell0:UPDATE=1 {{(pid=107121) stat_writer /opt/stack/data/venv/lib/python3.12/site-packages/dbcounter.py:115}}
Apr 02 19:10:52.138851 np0000163147 nova-scheduler[107129]: DEBUG dbcounter [-] [107129] Writing DB stats nova_cell0:SELECT=1 {{(pid=107129) stat_writer /opt/stack/data/venv/lib/python3.12/site-packages/dbcounter.py:115}}
Apr 02 19:10:52.150621 np0000163147 nova-scheduler[107140]: DEBUG dbcounter [-] [107140] Writing DB stats nova_cell0:SELECT=1 {{(pid=107140) stat_writer /opt/stack/data/venv/lib/python3.12/site-packages/dbcounter.py:115}}
Apr 02 19:10:52.160909 np0000163147 nova-scheduler[107146]: DEBUG dbcounter [-] [107146] Writing DB stats nova_cell0:SELECT=1 {{(pid=107146) stat_writer /opt/stack/data/venv/lib/python3.12/site-packages/dbcounter.py:115}}
Apr 02 19:11:03.155832 np0000163147 nova-scheduler[107146]: DEBUG oslo.service.backend._threading.loopingcall [None req-9909612a-e1c9-4121-99c3-fb11009add80 None None] Dynamic interval looping call 'nova.service.Service.periodic_tasks' sleeping for 60.00 seconds {{(pid=107146) _run_loop /opt/stack/data/venv/lib/python3.12/site-packages/oslo_service/backend/_threading/loopingcall.py:125}}
Apr 02 19:11:05.133558 np0000163147 nova-scheduler[107129]: DEBUG oslo.service.backend._threading.loopingcall [None req-d8b3c321-ae80-4052-a755-af3c333ed601 None None] Dynamic interval looping call 'nova.service.Service.periodic_tasks' sleeping for 60.00 seconds {{(pid=107129) _run_loop /opt/stack/data/venv/lib/python3.12/site-packages/oslo_service/backend/_threading/loopingcall.py:125}}
Apr 02 19:11:37.148899 np0000163147 nova-scheduler[107140]: DEBUG oslo.service.backend._threading.loopingcall [None req-9c8c1200-1b57-4738-9938-2103e19f6a2c None None] Dynamic interval looping call 'nova.service.Service.periodic_tasks' sleeping for 60.00 seconds {{(pid=107140) _run_loop /opt/stack/data/venv/lib/python3.12/site-packages/oslo_service/backend/_threading/loopingcall.py:125}}
Apr 02 19:11:49.127838 np0000163147 nova-scheduler[107121]: DEBUG oslo.service.backend._threading.loopingcall [None req-9daa6dd7-626c-4159-b4e8-17602cd18a02 None None] Dynamic interval looping call 'nova.service.Service.periodic_tasks' sleeping for 60.00 seconds {{(pid=107121) _run_loop /opt/stack/data/venv/lib/python3.12/site-packages/oslo_service/backend/_threading/loopingcall.py:125}}
Apr 02 19:12:03.156607 np0000163147 nova-scheduler[107146]: DEBUG oslo.service.backend._threading.loopingcall [None req-9909612a-e1c9-4121-99c3-fb11009add80 None None] Dynamic interval looping call 'nova.service.Service.periodic_tasks' sleeping for 60.00 seconds {{(pid=107146) _run_loop /opt/stack/data/venv/lib/python3.12/site-packages/oslo_service/backend/_threading/loopingcall.py:125}}
Apr 02 19:12:05.134309 np0000163147 nova-scheduler[107129]: DEBUG oslo.service.backend._threading.loopingcall [None req-d8b3c321-ae80-4052-a755-af3c333ed601 None None] Dynamic interval looping call 'nova.service.Service.periodic_tasks' sleeping for 60.00 seconds {{(pid=107129) _run_loop /opt/stack/data/venv/lib/python3.12/site-packages/oslo_service/backend/_threading/loopingcall.py:125}}
Apr 02 19:12:33.962039 np0000163147 nova-scheduler[107121]: DEBUG nova.scheduler.manager [None req-50d64ce9-bac4-49c6-b7a6-ab4ed12965fa demo demo] Starting to schedule for instances: ['95c735fb-100e-4d30-8146-df5b329e8f93'] {{(pid=107121) select_destinations /opt/stack/nova/nova/scheduler/manager.py:210}}
Apr 02 19:12:33.965023 np0000163147 nova-scheduler[107121]: DEBUG oslo_db.sqlalchemy.engines [None req-50d64ce9-bac4-49c6-b7a6-ab4ed12965fa demo demo] Parent process 106399 forked (107121) with an open database connection, which is being discarded and recreated. {{(pid=107121) checkout /opt/stack/data/venv/lib/python3.12/site-packages/oslo_db/sqlalchemy/engines.py:402}}
Apr 02 19:12:33.973214 np0000163147 nova-scheduler[107121]: DEBUG dbcounter [-] [107121] Writer thread running {{(pid=107121) stat_writer /opt/stack/data/venv/lib/python3.12/site-packages/dbcounter.py:102}}
Apr 02 19:12:33.976890 np0000163147 nova-scheduler[107121]: DEBUG nova.scheduler.request_filter [None req-50d64ce9-bac4-49c6-b7a6-ab4ed12965fa demo demo] Request filter 'map_az_to_placement_aggregate' took 0.0 seconds {{(pid=107121) wrapper /opt/stack/nova/nova/scheduler/request_filter.py:46}}
Apr 02 19:12:33.977218 np0000163147 nova-scheduler[107121]: DEBUG nova.scheduler.request_filter [None req-50d64ce9-bac4-49c6-b7a6-ab4ed12965fa demo demo] compute_status_filter request filter added forbidden trait COMPUTE_STATUS_DISABLED {{(pid=107121) compute_status_filter /opt/stack/nova/nova/scheduler/request_filter.py:253}}
Apr 02 19:12:33.977300 np0000163147 nova-scheduler[107121]: DEBUG nova.scheduler.request_filter [None req-50d64ce9-bac4-49c6-b7a6-ab4ed12965fa demo demo] Request filter 'compute_status_filter' took 0.0 seconds {{(pid=107121) wrapper /opt/stack/nova/nova/scheduler/request_filter.py:46}}
Apr 02 19:12:33.977518 np0000163147 nova-scheduler[107121]: DEBUG nova.scheduler.request_filter [None req-50d64ce9-bac4-49c6-b7a6-ab4ed12965fa demo demo] Request filter 'accelerators_filter' took 0.0 seconds {{(pid=107121) wrapper /opt/stack/nova/nova/scheduler/request_filter.py:46}}
Apr 02 19:12:33.977681 np0000163147 nova-scheduler[107121]: DEBUG nova.scheduler.request_filter [None req-50d64ce9-bac4-49c6-b7a6-ab4ed12965fa demo demo] Request filter 'packed_virtqueue_filter' took 0.0 seconds {{(pid=107121) wrapper /opt/stack/nova/nova/scheduler/request_filter.py:46}}
Apr 02 19:12:33.980073 np0000163147 nova-scheduler[107121]: WARNING neutronclient.v2_0.client [None req-50d64ce9-bac4-49c6-b7a6-ab4ed12965fa demo demo] The python binding code in neutronclient is deprecated in favor of OpenstackSDK, please use that as this will be removed in a future release.
Apr 02 19:12:34.209399 np0000163147 nova-scheduler[107121]: DEBUG nova.scheduler.request_filter [None req-50d64ce9-bac4-49c6-b7a6-ab4ed12965fa demo demo] Request filter 'remote_managed_ports_filter' took 0.2 seconds {{(pid=107121) wrapper /opt/stack/nova/nova/scheduler/request_filter.py:46}}
Apr 02 19:12:34.209837 np0000163147 nova-scheduler[107121]: DEBUG nova.scheduler.request_filter [None req-50d64ce9-bac4-49c6-b7a6-ab4ed12965fa demo demo] ephemeral_encryption_filter skipped {{(pid=107121) ephemeral_encryption_filter /opt/stack/nova/nova/scheduler/request_filter.py:426}}
Apr 02 19:12:34.210228 np0000163147 nova-scheduler[107121]: DEBUG nova.scheduler.request_filter [None req-50d64ce9-bac4-49c6-b7a6-ab4ed12965fa demo demo] virtio_sound_filter skipped {{(pid=107121) virtio_sound_filter /opt/stack/nova/nova/scheduler/request_filter.py:460}}
