2026-05-09 23:00:32.135 7 INFO placement.requestlog [None req-91648058-3ef8-4958-82f7-93cbdf597d46 1ec7f01c10a641228b1841a38aac426e 011a973e87d5429e9b9619dcce67e37c - - b8ffee989e41495893f386df6fc4f21d b8ffee989e41495893f386df6fc4f21d] 10.0.0.240 "DELETE /resource_providers/c8085a9c-5761-4cdb-b5b9-cef3bf840a32" status: 404 len: 246 microversion: 1.1 [pid: 7|app: 0|req: 424/851] 10.0.0.240 () {34 vars in 816 bytes} [Sat May 9 23:00:32 2026] DELETE /resource_providers/c8085a9c-5761-4cdb-b5b9-cef3bf840a32 => generated 246 bytes in 10 msecs (HTTP/1.1 404) 6 headers in 231 bytes (1 switches on core 0)
2026-05-09 23:00:33.782 8 INFO placement.requestlog [None req-0fd17eac-52bd-4d40-8984-92d84008b90b 1ec7f01c10a641228b1841a38aac426e 011a973e87d5429e9b9619dcce67e37c - - b8ffee989e41495893f386df6fc4f21d b8ffee989e41495893f386df6fc4f21d] 10.0.0.240 "GET /resource_providers/33e2846e-b2a4-473e-b0f3-1d0a2ae7092c/aggregates" status: 404 len: 235 microversion: 1.1 [pid: 8|app: 0|req: 428/852] 10.0.0.240 () {32 vars in 816 bytes} [Sat May 9 23:00:33 2026] GET /resource_providers/33e2846e-b2a4-473e-b0f3-1d0a2ae7092c/aggregates => generated 235 bytes in 16 msecs (HTTP/1.1 404) 5 headers in 202 bytes (1 switches on core 0)
2026-05-09 23:00:33.789 7 INFO placement.requestlog [None req-1e46abb9-7c2c-414b-b74a-b2e7eb5d28c7 1ec7f01c10a641228b1841a38aac426e 011a973e87d5429e9b9619dcce67e37c - - b8ffee989e41495893f386df6fc4f21d b8ffee989e41495893f386df6fc4f21d] 10.0.0.240 "GET /resource_providers/33e2846e-b2a4-473e-b0f3-1d0a2ae7092c/aggregates" status: 404 len: 235 microversion: 1.1 [pid: 7|app: 0|req: 425/853] 10.0.0.240 () {32 vars in 816 bytes} [Sat May 9 23:00:33 2026] GET /resource_providers/33e2846e-b2a4-473e-b0f3-1d0a2ae7092c/aggregates => generated 235 bytes in 9 msecs (HTTP/1.1 404) 5 headers in 202 bytes (1 switches on core 0)
2026-05-09 23:00:33.815 8 INFO placement.requestlog [None req-97f752bf-9412-4803-9e5f-cfab15bf98df 1ec7f01c10a641228b1841a38aac426e 011a973e87d5429e9b9619dcce67e37c - - b8ffee989e41495893f386df6fc4f21d b8ffee989e41495893f386df6fc4f21d] 10.0.0.240 "DELETE /resource_providers/33e2846e-b2a4-473e-b0f3-1d0a2ae7092c" status: 404 len: 246 microversion: 1.1
2026-05-09 23:00:33.816 7 INFO placement.requestlog [None req-fcbc21fb-ccdf-4ace-a5fb-b66a915a0d17 1ec7f01c10a641228b1841a38aac426e 011a973e87d5429e9b9619dcce67e37c - - b8ffee989e41495893f386df6fc4f21d b8ffee989e41495893f386df6fc4f21d] 10.0.0.240 "DELETE /resource_providers/33e2846e-b2a4-473e-b0f3-1d0a2ae7092c" status: 404 len: 246 microversion: 1.1 [pid: 8|app: 0|req: 429/855] 10.0.0.240 () {34 vars in 816 bytes} [Sat May 9 23:00:33 2026] DELETE /resource_providers/33e2846e-b2a4-473e-b0f3-1d0a2ae7092c => generated 246 bytes in 16 msecs (HTTP/1.1 404) 6 headers in 231 bytes (1 switches on core 0) [pid: 7|app: 0|req: 426/855] 10.0.0.240 () {34 vars in 816 bytes} [Sat May 9 23:00:33 2026] DELETE /resource_providers/33e2846e-b2a4-473e-b0f3-1d0a2ae7092c => generated 246 bytes in 7 msecs (HTTP/1.1 404) 6 headers in 231 bytes (1 switches on core 0)
2026-05-09 23:00:34.157 7 INFO placement.requestlog [None req-7cedd11f-2dd3-4ea5-a3d3-c4edf25a5b7e 1ec7f01c10a641228b1841a38aac426e 011a973e87d5429e9b9619dcce67e37c - - b8ffee989e41495893f386df6fc4f21d b8ffee989e41495893f386df6fc4f21d] 10.0.0.240 "GET /resource_providers/24bdacb2-886e-4032-90fd-057596614ef7/aggregates" status: 404 len: 235 microversion: 1.1 [pid: 7|app: 0|req: 427/856] 10.0.0.240 () {32 vars in 816 bytes} [Sat May 9 23:00:34 2026] GET /resource_providers/24bdacb2-886e-4032-90fd-057596614ef7/aggregates => generated 235 bytes in 10 msecs (HTTP/1.1 404) 5 headers in 202 bytes (1 switches on core 0)
2026-05-09 23:00:34.159 8 INFO placement.requestlog [None req-28fdcdfe-4f6a-44b4-babb-ff5ed34dd71f 1ec7f01c10a641228b1841a38aac426e 011a973e87d5429e9b9619dcce67e37c - - b8ffee989e41495893f386df6fc4f21d b8ffee989e41495893f386df6fc4f21d] 10.0.0.240 "GET /resource_providers/24bdacb2-886e-4032-90fd-057596614ef7/aggregates" status: 404 len: 235 microversion: 1.1 [pid: 8|app: 0|req: 430/857] 10.0.0.240 () {32 vars in 816 bytes} [Sat May 9 23:00:34 2026] GET /resource_providers/24bdacb2-886e-4032-90fd-057596614ef7/aggregates => generated 235 bytes in 10 msecs (HTTP/1.1 404) 5 headers in 202 bytes (1 switches on core 0)
2026-05-09 23:00:34.178 7 INFO placement.requestlog [None req-4697da04-d110-4ef5-9a2b-797c19d19cf7 1ec7f01c10a641228b1841a38aac426e 011a973e87d5429e9b9619dcce67e37c - - b8ffee989e41495893f386df6fc4f21d b8ffee989e41495893f386df6fc4f21d] 10.0.0.240 "DELETE /resource_providers/24bdacb2-886e-4032-90fd-057596614ef7" status: 404 len: 246 microversion: 1.1 [pid: 7|app: 0|req: 428/858] 10.0.0.240 () {34 vars in 816 bytes} [Sat May 9 23:00:34 2026] DELETE /resource_providers/24bdacb2-886e-4032-90fd-057596614ef7 => generated 246 bytes in 11 msecs (HTTP/1.1 404) 6 headers in 231 bytes (1 switches on core 0)
2026-05-09 23:00:34.186 8 INFO placement.requestlog [None req-571f790e-7a3c-45f2-befc-8b4208c0e4b0 1ec7f01c10a641228b1841a38aac426e 011a973e87d5429e9b9619dcce67e37c - - b8ffee989e41495893f386df6fc4f21d b8ffee989e41495893f386df6fc4f21d] 10.0.0.240 "DELETE /resource_providers/24bdacb2-886e-4032-90fd-057596614ef7" status: 404 len: 246 microversion: 1.1 [pid: 8|app: 0|req: 431/859] 10.0.0.240 () {34 vars in 816 bytes} [Sat May 9 23:00:34 2026] DELETE /resource_providers/24bdacb2-886e-4032-90fd-057596614ef7 => generated 246 bytes in 10 msecs (HTTP/1.1 404) 6 headers in 231 bytes (1 switches on core 0)
2026-05-09 23:00:34.201 7 INFO placement.requestlog [None req-ea89f30d-cab9-4a2d-93a0-ec79bda1927f 1ec7f01c10a641228b1841a38aac426e 011a973e87d5429e9b9619dcce67e37c - - b8ffee989e41495893f386df6fc4f21d b8ffee989e41495893f386df6fc4f21d] 10.0.0.240 "GET /resource_providers/822aa76a-9d84-4a7f-b800-e901dbdf1597/aggregates" status: 404 len: 235 microversion: 1.1 [pid: 7|app: 0|req: 429/860] 10.0.0.240 () {32 vars in 816 bytes} [Sat May 9 23:00:34 2026] GET /resource_providers/822aa76a-9d84-4a7f-b800-e901dbdf1597/aggregates => generated 235 bytes in 9 msecs (HTTP/1.1 404) 5 headers in 202 bytes (1 switches on core 0)
2026-05-09 23:00:34.215 8 INFO placement.requestlog [None req-aeb7584c-62cf-4be8-b32d-e1fb06c76737 1ec7f01c10a641228b1841a38aac426e 011a973e87d5429e9b9619dcce67e37c - - b8ffee989e41495893f386df6fc4f21d b8ffee989e41495893f386df6fc4f21d] 10.0.0.240 "GET /resource_providers/822aa76a-9d84-4a7f-b800-e901dbdf1597/aggregates" status: 404 len: 235 microversion: 1.1 [pid: 8|app: 0|req: 432/861] 10.0.0.240 () {32 vars in 816 bytes} [Sat May 9 23:00:34 2026] GET /resource_providers/822aa76a-9d84-4a7f-b800-e901dbdf1597/aggregates => generated 235 bytes in 14 msecs (HTTP/1.1 404) 5 headers in 202 bytes (1 switches on core 0)
2026-05-09 23:00:34.217 7 INFO placement.requestlog [None req-23e9d553-ac18-4a19-9de8-80f1911ded0a 1ec7f01c10a641228b1841a38aac426e 011a973e87d5429e9b9619dcce67e37c - - b8ffee989e41495893f386df6fc4f21d b8ffee989e41495893f386df6fc4f21d] 10.0.0.240 "DELETE /resource_providers/822aa76a-9d84-4a7f-b800-e901dbdf1597" status: 404 len: 246 microversion: 1.1 [pid: 7|app: 0|req: 430/862] 10.0.0.240 () {34 vars in 816 bytes} [Sat May 9 23:00:34 2026] DELETE /resource_providers/822aa76a-9d84-4a7f-b800-e901dbdf1597 => generated 246 bytes in 6 msecs (HTTP/1.1 404) 6 headers in 231 bytes (1 switches on core 0)
2026-05-09 23:00:34.237 8 INFO placement.requestlog [None req-051999ef-0a02-4304-a200-4cdd88538ad1 1ec7f01c10a641228b1841a38aac426e 011a973e87d5429e9b9619dcce67e37c - - b8ffee989e41495893f386df6fc4f21d b8ffee989e41495893f386df6fc4f21d] 10.0.0.240 "DELETE /resource_providers/822aa76a-9d84-4a7f-b800-e901dbdf1597" status: 404 len: 246 microversion: 1.1 [pid: 8|app: 0|req: 433/863] 10.0.0.240 () {34 vars in 816 bytes} [Sat May 9 23:00:34 2026] DELETE /resource_providers/822aa76a-9d84-4a7f-b800-e901dbdf1597 => generated 246 bytes in 12 msecs (HTTP/1.1 404) 6 headers in 231 bytes (1 switches on core 0)
2026-05-09 23:00:34.740 7 INFO placement.requestlog [None req-26e0212c-32e5-486d-b9e4-b5cdbe6d321e - - - - - -] 10.0.0.32 "GET /" status: 200 len: 136 microversion: 1.0
2026-05-09 23:00:34.741 8 INFO placement.requestlog [None req-3c4130ff-1a99-4f7b-8671-034c13d1037c - - - - - -] 10.0.0.32 "GET /" status: 200 len: 136 microversion: 1.0
2026-05-09 23:00:44.740 7 INFO placement.requestlog [None req-96d2af2b-2526-464c-ad55-4a5a21b54ffb - - - - - -] 10.0.0.32 "GET /" status: 200 len: 136 microversion: 1.0
2026-05-09 23:00:44.741 8 INFO placement.requestlog [None req-0295c6f5-2896-49ba-9bef-1b98d4e20a8c - - - - - -] 10.0.0.32 "GET /" status: 200 len: 136 microversion: 1.0
2026-05-09 23:00:46.140 7 INFO placement.requestlog [None req-e1312338-18b3-4b93-b101-1090ff40b9cf 1ec7f01c10a641228b1841a38aac426e 011a973e87d5429e9b9619dcce67e37c - - b8ffee989e41495893f386df6fc4f21d b8ffee989e41495893f386df6fc4f21d] 10.0.0.240 "GET /resource_providers/6275c5bf-9a94-429c-9d57-d39239f95230/aggregates" status: 404 len: 235 microversion: 1.1 [pid: 7|app: 0|req: 433/868] 10.0.0.240 () {32 vars in 816 bytes} [Sat May 9 23:00:46 2026] GET /resource_providers/6275c5bf-9a94-429c-9d57-d39239f95230/aggregates => generated 235 bytes in 18 msecs (HTTP/1.1 404) 5 headers in 202 bytes (1 switches on core 0)
2026-05-09 23:00:46.146 8 INFO placement.requestlog [None req-98f9bc7e-ae54-4c12-a2c0-35cc0e025065 1ec7f01c10a641228b1841a38aac426e 011a973e87d5429e9b9619dcce67e37c - - b8ffee989e41495893f386df6fc4f21d b8ffee989e41495893f386df6fc4f21d] 10.0.0.240 "GET /resource_providers/6275c5bf-9a94-429c-9d57-d39239f95230/aggregates" status: 404 len: 235 microversion: 1.1 [pid: 8|app: 0|req: 436/869] 10.0.0.240 () {32 vars in 816 bytes} [Sat May 9 23:00:46 2026] GET /resource_providers/6275c5bf-9a94-429c-9d57-d39239f95230/aggregates => generated 235 bytes in 20 msecs (HTTP/1.1 404) 5 headers in 202 bytes (1 switches on core 0)
2026-05-09 23:00:46.169 7 INFO placement.requestlog [None req-2c893e28-3a64-456b-b1e4-451eaeaf9b38 1ec7f01c10a641228b1841a38aac426e 011a973e87d5429e9b9619dcce67e37c - - b8ffee989e41495893f386df6fc4f21d b8ffee989e41495893f386df6fc4f21d] 10.0.0.240 "DELETE /resource_providers/6275c5bf-9a94-429c-9d57-d39239f95230" status: 404 len: 246 microversion: 1.1 [pid: 7|app: 0|req: 434/870] 10.0.0.240 () {34 vars in 816 bytes} [Sat May 9 23:00:46 2026] DELETE /resource_providers/6275c5bf-9a94-429c-9d57-d39239f95230 => generated 246 bytes in 17 msecs (HTTP/1.1 404) 6 headers in 231 bytes (1 switches on core 0)
2026-05-09 23:00:46.176 8 INFO placement.requestlog [None req-62a91b76-7cd8-4a4b-8009-837b6f6841f1 1ec7f01c10a641228b1841a38aac426e 011a973e87d5429e9b9619dcce67e37c - - b8ffee989e41495893f386df6fc4f21d b8ffee989e41495893f386df6fc4f21d] 10.0.0.240 "DELETE /resource_providers/6275c5bf-9a94-429c-9d57-d39239f95230" status: 404 len: 246 microversion: 1.1 [pid: 8|app: 0|req: 437/871] 10.0.0.240 () {34 vars in 816 bytes} [Sat May 9 23:00:46 2026] DELETE /resource_providers/6275c5bf-9a94-429c-9d57-d39239f95230 => generated 246 bytes in 19 msecs (HTTP/1.1 404) 6 headers in 231 bytes (1 switches on core 0)
2026-05-09 23:00:48.209 7 INFO placement.requestlog [None req-f77d32a9-41dc-4320-b2c9-6c33090750b6 1ec7f01c10a641228b1841a38aac426e 011a973e87d5429e9b9619dcce67e37c - - b8ffee989e41495893f386df6fc4f21d b8ffee989e41495893f386df6fc4f21d] 10.0.0.240 "GET /resource_providers/661d3b6c-fdec-4960-b8ba-716046de70b6/aggregates" status: 404 len: 235 microversion: 1.1 [pid: 7|app: 0|req: 435/872] 10.0.0.240 () {32 vars in 816 bytes} [Sat May 9 23:00:48 2026] GET /resource_providers/661d3b6c-fdec-4960-b8ba-716046de70b6/aggregates => generated 235 bytes in 17 msecs (HTTP/1.1 404) 5 headers in 202 bytes (1 switches on core 0)
2026-05-09 23:00:48.219 8 INFO placement.requestlog [None req-5acc2a81-b6fe-4f3d-9495-d2dce62a0044 1ec7f01c10a641228b1841a38aac426e 011a973e87d5429e9b9619dcce67e37c - - b8ffee989e41495893f386df6fc4f21d b8ffee989e41495893f386df6fc4f21d] 10.0.0.240 "GET /resource_providers/661d3b6c-fdec-4960-b8ba-716046de70b6/aggregates" status: 404 len: 235 microversion: 1.1 [pid: 8|app: 0|req: 438/873] 10.0.0.240 () {32 vars in 816 bytes} [Sat May 9 23:00:48 2026] GET /resource_providers/661d3b6c-fdec-4960-b8ba-716046de70b6/aggregates => generated 235 bytes in 20 msecs (HTTP/1.1 404) 5 headers in 202 bytes (1 switches on core 0)
2026-05-09 23:00:48.243 7 INFO placement.requestlog [None req-1392c8fd-0e5f-4b7d-8db3-4b1eb97f07f7 1ec7f01c10a641228b1841a38aac426e 011a973e87d5429e9b9619dcce67e37c - - b8ffee989e41495893f386df6fc4f21d b8ffee989e41495893f386df6fc4f21d] 10.0.0.240 "DELETE /resource_providers/661d3b6c-fdec-4960-b8ba-716046de70b6" status: 404 len: 246 microversion: 1.1 [pid: 7|app: 0|req: 436/874] 10.0.0.240 () {34 vars in 816 bytes} [Sat May 9 23:00:48 2026] DELETE /resource_providers/661d3b6c-fdec-4960-b8ba-716046de70b6 => generated 246 bytes in 23 msecs (HTTP/1.1 404) 6 headers in 231 bytes (1 switches on core 0)
2026-05-09 23:00:48.247 8 INFO placement.requestlog [None req-007278e9-1b40-434d-8c8f-9e5354016705 1ec7f01c10a641228b1841a38aac426e 011a973e87d5429e9b9619dcce67e37c - - b8ffee989e41495893f386df6fc4f21d b8ffee989e41495893f386df6fc4f21d] 10.0.0.240 "DELETE /resource_providers/661d3b6c-fdec-4960-b8ba-716046de70b6" status: 404 len: 246 microversion: 1.1 [pid: 8|app: 0|req: 439/875] 10.0.0.240 () {34 vars in 816 bytes} [Sat May 9 23:00:48 2026] DELETE /resource_providers/661d3b6c-fdec-4960-b8ba-716046de70b6 => generated 246 bytes in 14 msecs (HTTP/1.1 404) 6 headers in 231 bytes (1 switches on core 0)
2026-05-09 23:00:51.314 7 INFO placement.requestlog [None req-127071ab-87f8-4e0a-8846-2dcb5575c490 1ec7f01c10a641228b1841a38aac426e 011a973e87d5429e9b9619dcce67e37c - - b8ffee989e41495893f386df6fc4f21d b8ffee989e41495893f386df6fc4f21d] 10.0.0.240 "GET /resource_providers/bcbc2ac3-d907-4d14-83a9-e22fc226efd1/aggregates" status: 404 len: 235 microversion: 1.1
2026-05-09 23:00:51.314 8 INFO placement.requestlog [None req-bc1688d5-7764-4902-aa51-4c4e5f57b2f1 1ec7f01c10a641228b1841a38aac426e 011a973e87d5429e9b9619dcce67e37c - - b8ffee989e41495893f386df6fc4f21d b8ffee989e41495893f386df6fc4f21d] 10.0.0.240 "GET /resource_providers/bcbc2ac3-d907-4d14-83a9-e22fc226efd1/aggregates" status: 404 len: 235 microversion: 1.1 [pid: 7|app: 0|req: 437/877] 10.0.0.240 () {32 vars in 816 bytes} [Sat May 9 23:00:51 2026] GET /resource_providers/bcbc2ac3-d907-4d14-83a9-e22fc226efd1/aggregates => generated 235 bytes in 15 msecs (HTTP/1.1 404) 5 headers in 202 bytes (1 switches on core 0) [pid: 8|app: 0|req: 440/877] 10.0.0.240 () {32 vars in 816 bytes} [Sat May 9 23:00:51 2026] GET /resource_providers/bcbc2ac3-d907-4d14-83a9-e22fc226efd1/aggregates => generated 235 bytes in 14 msecs (HTTP/1.1 404) 5 headers in 202 bytes (1 switches on core 0)
2026-05-09 23:00:51.341 8 INFO placement.requestlog [None req-e619a153-01f5-4bd5-b448-375adf1659f5 1ec7f01c10a641228b1841a38aac426e 011a973e87d5429e9b9619dcce67e37c - - b8ffee989e41495893f386df6fc4f21d b8ffee989e41495893f386df6fc4f21d] 10.0.0.240 "DELETE /resource_providers/bcbc2ac3-d907-4d14-83a9-e22fc226efd1" status: 404 len: 246 microversion: 1.1 [pid: 8|app: 0|req: 441/878] 10.0.0.240 () {34 vars in 816 bytes} [Sat May 9 23:00:51 2026] DELETE /resource_providers/bcbc2ac3-d907-4d14-83a9-e22fc226efd1 => generated 246 bytes in 11 msecs (HTTP/1.1 404) 6 headers in 231 bytes (1 switches on core 0)
2026-05-09 23:00:51.353 7 INFO placement.requestlog [None req-67c3ddc5-d10f-416c-a058-47d572cf93f4 1ec7f01c10a641228b1841a38aac426e 011a973e87d5429e9b9619dcce67e37c - - b8ffee989e41495893f386df6fc4f21d b8ffee989e41495893f386df6fc4f21d] 10.0.0.240 "DELETE /resource_providers/bcbc2ac3-d907-4d14-83a9-e22fc226efd1" status: 404 len: 246 microversion: 1.1 [pid: 7|app: 0|req: 438/879] 10.0.0.240 () {34 vars in 816 bytes} [Sat May 9 23:00:51 2026] DELETE /resource_providers/bcbc2ac3-d907-4d14-83a9-e22fc226efd1 => generated 246 bytes in 24 msecs (HTTP/1.1 404) 6 headers in 231 bytes (1 switches on core 0)
2026-05-09 23:00:52.666 8 INFO placement.requestlog [req-6e69befe-daf7-44fa-a6cc-34e81dc4d560 req-347ef2aa-4705-413e-b623-9645abce3502 53e313a651374291b8dd0a0acd16fd5e 011a973e87d5429e9b9619dcce67e37c - - b8ffee989e41495893f386df6fc4f21d b8ffee989e41495893f386df6fc4f21d] 199.204.45.229 "GET /resource_providers/94593a13-22cd-42eb-8bd2-e9f0d9abdeb0/allocations" status: 200 len: 54 microversion: 1.0 [pid: 8|app: 0|req: 442/880] 199.204.45.229 () {32 vars in 857 bytes} [Sat May 9 23:00:52 2026] GET /resource_providers/94593a13-22cd-42eb-8bd2-e9f0d9abdeb0/allocations => generated 54 bytes in 17 msecs (HTTP/1.1 200) 6 headers in 223 bytes (1 switches on core 0)
2026-05-09 23:00:52.696 7 INFO placement.requestlog [req-6e69befe-daf7-44fa-a6cc-34e81dc4d560 req-77f898e1-f27e-4cdf-93d8-1baead613f3e 53e313a651374291b8dd0a0acd16fd5e 011a973e87d5429e9b9619dcce67e37c - - b8ffee989e41495893f386df6fc4f21d b8ffee989e41495893f386df6fc4f21d] 199.204.45.229 "GET /resource_providers/94593a13-22cd-42eb-8bd2-e9f0d9abdeb0/allocations" status: 200 len: 54 microversion: 1.0 [pid: 7|app: 0|req: 439/881] 199.204.45.229 () {32 vars in 857 bytes} [Sat May 9 23:00:52 2026] GET /resource_providers/94593a13-22cd-42eb-8bd2-e9f0d9abdeb0/allocations => generated 54 bytes in 19 msecs (HTTP/1.1 200) 6 headers in 223 bytes (1 switches on core 0)
2026-05-09 23:00:54.741 8 INFO placement.requestlog [None req-fefbfbec-062b-4ac2-882a-88c6be8bbda2 - - - - - -] 10.0.0.32 "GET /" status: 200 len: 136 microversion: 1.0
2026-05-09 23:00:54.743 7 INFO placement.requestlog [None req-c21b9565-43f5-445c-a27e-8f9d691492e7 - - - - - -] 10.0.0.32 "GET /" status: 200 len: 136 microversion: 1.0
2026-05-09 23:00:56.372 8 INFO placement.requestlog [None req-a887f6ea-05dd-4540-abcf-cb05dc49a711 1ec7f01c10a641228b1841a38aac426e 011a973e87d5429e9b9619dcce67e37c - - b8ffee989e41495893f386df6fc4f21d b8ffee989e41495893f386df6fc4f21d] 10.0.0.240 "GET /resource_providers/4929bd43-2fcf-4ba0-8ac2-aa1bea2f93a7/aggregates" status: 404 len: 235 microversion: 1.1 [pid: 8|app: 0|req: 444/884] 10.0.0.240 () {32 vars in 816 bytes} [Sat May 9 23:00:56 2026] GET /resource_providers/4929bd43-2fcf-4ba0-8ac2-aa1bea2f93a7/aggregates => generated 235 bytes in 12 msecs (HTTP/1.1 404) 5 headers in 202 bytes (1 switches on core 0)
2026-05-09 23:00:56.376 7 INFO placement.requestlog [None req-a798eda4-0773-4ab6-bac4-22fd53272c06 1ec7f01c10a641228b1841a38aac426e 011a973e87d5429e9b9619dcce67e37c - - b8ffee989e41495893f386df6fc4f21d b8ffee989e41495893f386df6fc4f21d] 10.0.0.240 "GET /resource_providers/4929bd43-2fcf-4ba0-8ac2-aa1bea2f93a7/aggregates" status: 404 len: 235 microversion: 1.1 [pid: 7|app: 0|req: 441/885] 10.0.0.240 () {32 vars in 816 bytes} [Sat May 9 23:00:56 2026] GET /resource_providers/4929bd43-2fcf-4ba0-8ac2-aa1bea2f93a7/aggregates => generated 235 bytes in 14 msecs (HTTP/1.1 404) 5 headers in 202 bytes (1 switches on core 0)
2026-05-09 23:00:56.406 8 INFO placement.requestlog [None req-90810178-8eb7-410c-b148-8884cd4c1a5d 1ec7f01c10a641228b1841a38aac426e 011a973e87d5429e9b9619dcce67e37c - - b8ffee989e41495893f386df6fc4f21d b8ffee989e41495893f386df6fc4f21d] 10.0.0.240 "DELETE /resource_providers/4929bd43-2fcf-4ba0-8ac2-aa1bea2f93a7" status: 404 len: 246 microversion: 1.1 [pid: 8|app: 0|req: 445/886] 10.0.0.240 () {34 vars in 816 bytes} [Sat May 9 23:00:56 2026] DELETE /resource_providers/4929bd43-2fcf-4ba0-8ac2-aa1bea2f93a7 => generated 246 bytes in 13 msecs (HTTP/1.1 404) 6 headers in 231 bytes (1 switches on core 0)
2026-05-09 23:00:56.408 7 INFO placement.requestlog [None req-3e8563cb-c68f-4ee1-9ec5-f501021d3d83 1ec7f01c10a641228b1841a38aac426e 011a973e87d5429e9b9619dcce67e37c - - b8ffee989e41495893f386df6fc4f21d b8ffee989e41495893f386df6fc4f21d] 10.0.0.240 "DELETE /resource_providers/4929bd43-2fcf-4ba0-8ac2-aa1bea2f93a7" status: 404 len: 246 microversion: 1.1 [pid: 7|app: 0|req: 442/887] 10.0.0.240 () {34 vars in 816 bytes} [Sat May 9 23:00:56 2026] DELETE /resource_providers/4929bd43-2fcf-4ba0-8ac2-aa1bea2f93a7 => generated 246 bytes in 12 msecs (HTTP/1.1 404) 6 headers in 231 bytes (1 switches on core 0)
2026-05-09 23:00:58.435 7 INFO placement.requestlog [None req-a884a579-7042-49b8-a9ce-c95f80fe873a 1ec7f01c10a641228b1841a38aac426e 011a973e87d5429e9b9619dcce67e37c - - b8ffee989e41495893f386df6fc4f21d b8ffee989e41495893f386df6fc4f21d] 10.0.0.240 "GET /resource_providers/e7f70bb1-db85-411a-b391-e352a924fc9a/aggregates" status: 404 len: 235 microversion: 1.1 [pid: 7|app: 0|req: 443/888] 10.0.0.240 () {32 vars in 816 bytes} [Sat May 9 23:00:58 2026] GET /resource_providers/e7f70bb1-db85-411a-b391-e352a924fc9a/aggregates => generated 235 bytes in 8 msecs (HTTP/1.1 404) 5 headers in 202 bytes (1 switches on core 0)
2026-05-09 23:00:58.438 8 INFO placement.requestlog [None req-0805898b-5166-4200-b3e6-74050f009c98 1ec7f01c10a641228b1841a38aac426e 011a973e87d5429e9b9619dcce67e37c - - b8ffee989e41495893f386df6fc4f21d b8ffee989e41495893f386df6fc4f21d] 10.0.0.240 "GET /resource_providers/e7f70bb1-db85-411a-b391-e352a924fc9a/aggregates" status: 404 len: 235 microversion: 1.1 [pid: 8|app: 0|req: 446/889] 10.0.0.240 () {32 vars in 816 bytes} [Sat May 9 23:00:58 2026] GET /resource_providers/e7f70bb1-db85-411a-b391-e352a924fc9a/aggregates => generated 235 bytes in 12 msecs (HTTP/1.1 404) 5 headers in 202 bytes (1 switches on core 0)
2026-05-09 23:00:58.471 7 INFO placement.requestlog [None req-a1c09bd0-3ba7-4652-b314-c799678b7619 1ec7f01c10a641228b1841a38aac426e 011a973e87d5429e9b9619dcce67e37c - - b8ffee989e41495893f386df6fc4f21d b8ffee989e41495893f386df6fc4f21d] 10.0.0.240 "DELETE /resource_providers/e7f70bb1-db85-411a-b391-e352a924fc9a" status: 404 len: 246 microversion: 1.1 [pid: 7|app: 0|req: 444/890] 10.0.0.240 () {34 vars in 816 bytes} [Sat May 9 23:00:58 2026] DELETE /resource_providers/e7f70bb1-db85-411a-b391-e352a924fc9a => generated 246 bytes in 8 msecs (HTTP/1.1 404) 6 headers in 231 bytes (1 switches on core 0)
2026-05-09 23:00:58.479 8 INFO placement.requestlog [None req-b4b89e25-fd44-405a-90c7-9e117cbc04a8 1ec7f01c10a641228b1841a38aac426e 011a973e87d5429e9b9619dcce67e37c - - b8ffee989e41495893f386df6fc4f21d b8ffee989e41495893f386df6fc4f21d] 10.0.0.240 "DELETE /resource_providers/e7f70bb1-db85-411a-b391-e352a924fc9a" status: 404 len: 246 microversion: 1.1 [pid: 8|app: 0|req: 447/891] 10.0.0.240 () {34 vars in 816 bytes} [Sat May 9 23:00:58 2026] DELETE /resource_providers/e7f70bb1-db85-411a-b391-e352a924fc9a => generated 246 bytes in 9 msecs (HTTP/1.1 404) 6 headers in 231 bytes (1 switches on core 0)
2026-05-09 23:00:58.516 8 INFO placement.requestlog [None req-7e3d09d7-7531-45c9-9820-52a1bcb1a24a 1ec7f01c10a641228b1841a38aac426e 011a973e87d5429e9b9619dcce67e37c - - b8ffee989e41495893f386df6fc4f21d b8ffee989e41495893f386df6fc4f21d] 10.0.0.240 "GET /resource_providers/a53e3859-0643-4c1a-9d36-f8ddd57f294d/aggregates" status: 404 len: 235 microversion: 1.1 [pid: 8|app: 0|req: 448/892] 10.0.0.240 () {32 vars in 816 bytes} [Sat May 9 23:00:58 2026] GET /resource_providers/a53e3859-0643-4c1a-9d36-f8ddd57f294d/aggregates => generated 235 bytes in 10 msecs (HTTP/1.1 404) 5 headers in 202 bytes (1 switches on core 0)
2026-05-09 23:00:58.517 7 INFO placement.requestlog [None req-424f00e8-3f2d-4c4a-8244-1ec848229dab 1ec7f01c10a641228b1841a38aac426e 011a973e87d5429e9b9619dcce67e37c - - b8ffee989e41495893f386df6fc4f21d b8ffee989e41495893f386df6fc4f21d] 10.0.0.240 "GET /resource_providers/a53e3859-0643-4c1a-9d36-f8ddd57f294d/aggregates" status: 404 len: 235 microversion: 1.1 [pid: 7|app: 0|req: 445/893] 10.0.0.240 () {32 vars in 816 bytes} [Sat May 9 23:00:58 2026] GET /resource_providers/a53e3859-0643-4c1a-9d36-f8ddd57f294d/aggregates => generated 235 bytes in 34 msecs (HTTP/1.1 404) 5 headers in 202 bytes (1 switches on core 0)
2026-05-09 23:00:58.538 8 INFO placement.requestlog [None req-d4477d57-0f49-41b8-a572-40cab5828fa9 1ec7f01c10a641228b1841a38aac426e 011a973e87d5429e9b9619dcce67e37c - - b8ffee989e41495893f386df6fc4f21d b8ffee989e41495893f386df6fc4f21d] 10.0.0.240 "DELETE /resource_providers/a53e3859-0643-4c1a-9d36-f8ddd57f294d" status: 404 len: 246 microversion: 1.1 [pid: 8|app: 0|req: 449/894] 10.0.0.240 () {34 vars in 816 bytes} [Sat May 9 23:00:58 2026] DELETE /resource_providers/a53e3859-0643-4c1a-9d36-f8ddd57f294d => generated 246 bytes in 6 msecs (HTTP/1.1 404) 6 headers in 231 bytes (1 switches on core 0)
2026-05-09 23:00:58.573 7 INFO placement.requestlog [None req-3a5c1c4b-00a9-4c35-8238-c78b2d296681 1ec7f01c10a641228b1841a38aac426e 011a973e87d5429e9b9619dcce67e37c - - b8ffee989e41495893f386df6fc4f21d b8ffee989e41495893f386df6fc4f21d] 10.0.0.240 "DELETE /resource_providers/a53e3859-0643-4c1a-9d36-f8ddd57f294d" status: 404 len: 246 microversion: 1.1 [pid: 7|app: 0|req: 446/895] 10.0.0.240 () {34 vars in 816 bytes} [Sat May 9 23:00:58 2026] DELETE /resource_providers/a53e3859-0643-4c1a-9d36-f8ddd57f294d => generated 246 bytes in 24 msecs (HTTP/1.1 404) 6 headers in 231 bytes (1 switches on core 0)
2026-05-09 23:01:02.795 7 INFO placement.requestlog [None req-64d712fa-886a-4dca-a8a6-c14158a34168 1ec7f01c10a641228b1841a38aac426e 011a973e87d5429e9b9619dcce67e37c - - b8ffee989e41495893f386df6fc4f21d b8ffee989e41495893f386df6fc4f21d] 10.0.0.240 "GET /resource_providers/52b71ba6-2480-4fe1-913c-b87e15f05c20/aggregates" status: 404 len: 235 microversion: 1.1 [pid: 7|app: 0|req: 447/896] 10.0.0.240 () {32 vars in 816 bytes} [Sat May 9 23:01:02 2026] GET /resource_providers/52b71ba6-2480-4fe1-913c-b87e15f05c20/aggregates => generated 235 bytes in 9 msecs (HTTP/1.1 404) 5 headers in 202 bytes (1 switches on core 0)
2026-05-09 23:01:02.797 8 INFO placement.requestlog [None req-d373ee08-f840-4178-ae3a-9de899a65809 1ec7f01c10a641228b1841a38aac426e 011a973e87d5429e9b9619dcce67e37c - - b8ffee989e41495893f386df6fc4f21d b8ffee989e41495893f386df6fc4f21d] 10.0.0.240 "GET /resource_providers/52b71ba6-2480-4fe1-913c-b87e15f05c20/aggregates" status: 404 len: 235 microversion: 1.1 [pid: 8|app: 0|req: 450/897] 10.0.0.240 () {32 vars in 816 bytes} [Sat May 9 23:01:02 2026] GET /resource_providers/52b71ba6-2480-4fe1-913c-b87e15f05c20/aggregates => generated 235 bytes in 14 msecs (HTTP/1.1 404) 5 headers in 202 bytes (1 switches on core 0)
2026-05-09 23:01:02.821 7 INFO placement.requestlog [None req-f6a845cc-b6c5-46ca-ae4c-85346f5a56a6 1ec7f01c10a641228b1841a38aac426e 011a973e87d5429e9b9619dcce67e37c - - b8ffee989e41495893f386df6fc4f21d b8ffee989e41495893f386df6fc4f21d] 10.0.0.240 "DELETE /resource_providers/52b71ba6-2480-4fe1-913c-b87e15f05c20" status: 404 len: 246 microversion: 1.1 [pid: 7|app: 0|req: 448/898] 10.0.0.240 () {34 vars in 816 bytes} [Sat May 9 23:01:02 2026] DELETE /resource_providers/52b71ba6-2480-4fe1-913c-b87e15f05c20 => generated 246 bytes in 10 msecs (HTTP/1.1 404) 6 headers in 231 bytes (1 switches on core 0)
2026-05-09 23:01:02.822 8 INFO placement.requestlog [None req-319ed807-bcfa-4791-98d6-11c1be79a7f8 1ec7f01c10a641228b1841a38aac426e 011a973e87d5429e9b9619dcce67e37c - - b8ffee989e41495893f386df6fc4f21d b8ffee989e41495893f386df6fc4f21d] 10.0.0.240 "DELETE /resource_providers/52b71ba6-2480-4fe1-913c-b87e15f05c20" status: 404 len: 246 microversion: 1.1 [pid: 8|app: 0|req: 451/899] 10.0.0.240 () {34 vars in 816 bytes} [Sat May 9 23:01:02 2026] DELETE /resource_providers/52b71ba6-2480-4fe1-913c-b87e15f05c20 => generated 246 bytes in 11 msecs (HTTP/1.1 404) 6 headers in 231 bytes (1 switches on core 0)
2026-05-09 23:01:03.430 7 INFO placement.requestlog [None req-881ee33d-f5c9-4250-9ca1-5c446fae4d73 1ec7f01c10a641228b1841a38aac426e 011a973e87d5429e9b9619dcce67e37c - - b8ffee989e41495893f386df6fc4f21d b8ffee989e41495893f386df6fc4f21d] 10.0.0.240 "GET /resource_providers/5f333fa4-7331-4c8f-8227-f67ef7988437/aggregates" status: 404 len: 235 microversion: 1.1 [pid: 7|app: 0|req: 449/900] 10.0.0.240 () {32 vars in 816 bytes} [Sat May 9 23:01:03 2026] GET /resource_providers/5f333fa4-7331-4c8f-8227-f67ef7988437/aggregates => generated 235 bytes in 14 msecs (HTTP/1.1 404) 5 headers in 202 bytes (1 switches on core 0)
2026-05-09 23:01:03.441 8 INFO placement.requestlog [None req-85de7f9e-43d8-4def-a96b-b088a2720179 1ec7f01c10a641228b1841a38aac426e 011a973e87d5429e9b9619dcce67e37c - - b8ffee989e41495893f386df6fc4f21d b8ffee989e41495893f386df6fc4f21d] 10.0.0.240 "GET /resource_providers/5f333fa4-7331-4c8f-8227-f67ef7988437/aggregates" status: 404 len: 235 microversion: 1.1 [pid: 8|app: 0|req: 452/901] 10.0.0.240 () {32 vars in 816 bytes} [Sat May 9 23:01:03 2026] GET /resource_providers/5f333fa4-7331-4c8f-8227-f67ef7988437/aggregates => generated 235 bytes in 20 msecs (HTTP/1.1 404) 5 headers in 202 bytes (1 switches on core 0)
2026-05-09 23:01:03.448 7 INFO placement.requestlog [None req-af9fd762-a55b-4c32-99ad-ee9fed066760 1ec7f01c10a641228b1841a38aac426e 011a973e87d5429e9b9619dcce67e37c - - b8ffee989e41495893f386df6fc4f21d b8ffee989e41495893f386df6fc4f21d] 10.0.0.240 "DELETE /resource_providers/5f333fa4-7331-4c8f-8227-f67ef7988437" status: 404 len: 246 microversion: 1.1 [pid: 7|app: 0|req: 450/902] 10.0.0.240 () {34 vars in 816 bytes} [Sat May 9 23:01:03 2026] DELETE /resource_providers/5f333fa4-7331-4c8f-8227-f67ef7988437 => generated 246 bytes in 10 msecs (HTTP/1.1 404) 6 headers in 231 bytes (1 switches on core 0)
2026-05-09 23:01:03.470 8 INFO placement.requestlog [None req-02cb985e-cda6-4a60-9d10-fbe8343ef427 1ec7f01c10a641228b1841a38aac426e 011a973e87d5429e9b9619dcce67e37c - - b8ffee989e41495893f386df6fc4f21d b8ffee989e41495893f386df6fc4f21d] 10.0.0.240 "DELETE /resource_providers/5f333fa4-7331-4c8f-8227-f67ef7988437" status: 404 len: 246 microversion: 1.1 [pid: 8|app: 0|req: 453/903] 10.0.0.240 () {34 vars in 816 bytes} [Sat May 9 23:01:03 2026] DELETE /resource_providers/5f333fa4-7331-4c8f-8227-f67ef7988437 => generated 246 bytes in 16 msecs (HTTP/1.1 404) 6 headers in 231 bytes (1 switches on core 0)
2026-05-09 23:01:04.740 7 INFO placement.requestlog [None req-5ee561a8-1403-4709-83c3-379f4d9a41f1 - - - - - -] 10.0.0.32 "GET /" status: 200 len: 136 microversion: 1.0
2026-05-09 23:01:04.740 8 INFO placement.requestlog [None req-e38c55f1-c874-40b4-a3a3-0b13fd9d2e41 - - - - - -] 10.0.0.32 "GET /" status: 200 len: 136 microversion: 1.0
2026-05-09 23:01:05.456 7 INFO placement.requestlog [req-b57f835d-908e-41e1-a0dd-63a97542e31c req-87e84f57-40d4-4bf4-b7cc-9b896aac74e8 53e313a651374291b8dd0a0acd16fd5e 011a973e87d5429e9b9619dcce67e37c - - b8ffee989e41495893f386df6fc4f21d b8ffee989e41495893f386df6fc4f21d] 10.0.0.116 "GET /allocation_candidates?limit=1000&resources=DISK_GB%3A1%2CMEMORY_MB%3A512%2CVCPU%3A1&root_required=%21COMPUTE_STATUS_DISABLED" status: 200 len: 2442 microversion: 1.36 [pid: 7|app: 0|req: 452/906] 10.0.0.116 () {34 vars in 1012 bytes} [Sat May 9 23:01:05 2026] GET /allocation_candidates?limit=1000&resources=DISK_GB%3A1%2CMEMORY_MB%3A512%2CVCPU%3A1&root_required=%21COMPUTE_STATUS_DISABLED => generated 2442 bytes in 54 msecs (HTTP/1.1 200) 8 headers in 297 bytes (1 switches on core 0)
2026-05-09 23:01:05.487 8 INFO placement.requestlog [req-b57f835d-908e-41e1-a0dd-63a97542e31c req-25ce9119-4adc-4205-bf03-ba9c41a5d975 53e313a651374291b8dd0a0acd16fd5e 011a973e87d5429e9b9619dcce67e37c - - b8ffee989e41495893f386df6fc4f21d b8ffee989e41495893f386df6fc4f21d] 10.0.0.116 "GET /allocations/b43be908-182b-44a3-be06-55a8a11f3c02" status: 200 len: 19 microversion: 1.28 [pid: 8|app: 0|req: 455/907] 10.0.0.116 () {34 vars in 861 bytes} [Sat May 9 23:01:05 2026] GET /allocations/b43be908-182b-44a3-be06-55a8a11f3c02 => generated 19 bytes in 10 msecs (HTTP/1.1 200) 8 headers in 295 bytes (1 switches on core 0)
2026-05-09 23:01:05.576 7 INFO placement.requestlog [req-b57f835d-908e-41e1-a0dd-63a97542e31c req-a7f4e93d-c632-4f05-809e-4ab205557f92 53e313a651374291b8dd0a0acd16fd5e 011a973e87d5429e9b9619dcce67e37c - - b8ffee989e41495893f386df6fc4f21d b8ffee989e41495893f386df6fc4f21d] 10.0.0.116 "PUT /allocations/b43be908-182b-44a3-be06-55a8a11f3c02" status: 204 len: 0 microversion: 1.36 [pid: 7|app: 0|req: 453/908] 10.0.0.116 () {38 vars in 914 bytes} [Sat May 9 23:01:05 2026] PUT /allocations/b43be908-182b-44a3-be06-55a8a11f3c02 => generated 0 bytes in 82 msecs (HTTP/1.1 204) 5 headers in 199 bytes (1 switches on core 0)
2026-05-09 23:01:07.097 8 INFO placement.requestlog [req-b57f835d-908e-41e1-a0dd-63a97542e31c req-49509846-18be-4db6-9f0a-2e66ae7e51a4 53e313a651374291b8dd0a0acd16fd5e 011a973e87d5429e9b9619dcce67e37c - - b8ffee989e41495893f386df6fc4f21d b8ffee989e41495893f386df6fc4f21d] 199.204.45.229 "GET /allocations/b43be908-182b-44a3-be06-55a8a11f3c02" status: 200 len: 257 microversion: 1.28 [pid: 8|app: 0|req: 456/909] 199.204.45.229 () {34 vars in 863 bytes} [Sat May 9 23:01:07 2026] GET /allocations/b43be908-182b-44a3-be06-55a8a11f3c02 => generated 257 bytes in 25 msecs (HTTP/1.1 200) 8 headers in 296 bytes (1 switches on core 0)
2026-05-09 23:01:07.911 8 INFO placement.requestlog [None req-fc68d369-b63e-4337-b49a-0d4f05ecc6cb 1ec7f01c10a641228b1841a38aac426e 011a973e87d5429e9b9619dcce67e37c - - b8ffee989e41495893f386df6fc4f21d b8ffee989e41495893f386df6fc4f21d] 10.0.0.240 "GET /resource_providers/bf3c176c-7c4f-4d9f-a4d7-e78ea6ce021d/aggregates" status: 404 len: 235 microversion: 1.1 [pid: 8|app: 0|req: 457/910] 10.0.0.240 () {32 vars in 816 bytes} [Sat May 9 23:01:07 2026] GET /resource_providers/bf3c176c-7c4f-4d9f-a4d7-e78ea6ce021d/aggregates => generated 235 bytes in 12 msecs (HTTP/1.1 404) 5 headers in 202 bytes (1 switches on core 0)
2026-05-09 23:01:07.914 7 INFO placement.requestlog [None req-b29c60be-e647-48a5-ac71-51074a70fec6 1ec7f01c10a641228b1841a38aac426e 011a973e87d5429e9b9619dcce67e37c - - b8ffee989e41495893f386df6fc4f21d b8ffee989e41495893f386df6fc4f21d] 10.0.0.240 "GET /resource_providers/bf3c176c-7c4f-4d9f-a4d7-e78ea6ce021d/aggregates" status: 404 len: 235 microversion: 1.1 [pid: 7|app: 0|req: 454/911] 10.0.0.240 () {32 vars in 816 bytes} [Sat May 9 23:01:07 2026] GET /resource_providers/bf3c176c-7c4f-4d9f-a4d7-e78ea6ce021d/aggregates => generated 235 bytes in 15 msecs (HTTP/1.1 404) 5 headers in 202 bytes (1 switches on core 0)
2026-05-09 23:01:07.943 8 INFO placement.requestlog [None req-fb6bbf33-2f7c-4cff-8514-33bcee091069 1ec7f01c10a641228b1841a38aac426e 011a973e87d5429e9b9619dcce67e37c - - b8ffee989e41495893f386df6fc4f21d b8ffee989e41495893f386df6fc4f21d] 10.0.0.240 "DELETE /resource_providers/bf3c176c-7c4f-4d9f-a4d7-e78ea6ce021d" status: 404 len: 246 microversion: 1.1 [pid: 8|app: 0|req: 458/912] 10.0.0.240 () {34 vars in 816 bytes} [Sat May 9 23:01:07 2026] DELETE /resource_providers/bf3c176c-7c4f-4d9f-a4d7-e78ea6ce021d => generated 246 bytes in 13 msecs (HTTP/1.1 404) 6 headers in 231 bytes (1 switches on core 0)
2026-05-09 23:01:07.948 7 INFO placement.requestlog [None req-d59b76f8-0503-47bf-8791-7d5a81abd181 1ec7f01c10a641228b1841a38aac426e 011a973e87d5429e9b9619dcce67e37c - - b8ffee989e41495893f386df6fc4f21d b8ffee989e41495893f386df6fc4f21d] 10.0.0.240 "DELETE /resource_providers/bf3c176c-7c4f-4d9f-a4d7-e78ea6ce021d" status: 404 len: 246 microversion: 1.1 [pid: 7|app: 0|req: 455/913] 10.0.0.240 () {34 vars in 816 bytes} [Sat May 9 23:01:07 2026] DELETE /resource_providers/bf3c176c-7c4f-4d9f-a4d7-e78ea6ce021d => generated 246 bytes in 17 msecs (HTTP/1.1 404) 6 headers in 231 bytes (1 switches on core 0)
2026-05-09 23:01:08.149 8 INFO placement.requestlog [req-b57f835d-908e-41e1-a0dd-63a97542e31c req-51b04b8b-c0ab-46b2-aecc-bea32cb12f1b 53e313a651374291b8dd0a0acd16fd5e 011a973e87d5429e9b9619dcce67e37c - - b8ffee989e41495893f386df6fc4f21d b8ffee989e41495893f386df6fc4f21d] 199.204.45.229 "GET /resource_providers/94593a13-22cd-42eb-8bd2-e9f0d9abdeb0/allocations" status: 200 len: 152 microversion: 1.0 [pid: 8|app: 0|req: 459/914] 199.204.45.229 () {32 vars in 857 bytes} [Sat May 9 23:01:08 2026] GET /resource_providers/94593a13-22cd-42eb-8bd2-e9f0d9abdeb0/allocations => generated 152 bytes in 17 msecs (HTTP/1.1 200) 6 headers in 224 bytes (1 switches on core 0)
2026-05-09 23:01:08.171 7 INFO placement.requestlog [req-b57f835d-908e-41e1-a0dd-63a97542e31c req-52063384-baa0-4ac6-bb2a-796fe6b0c88f 53e313a651374291b8dd0a0acd16fd5e 011a973e87d5429e9b9619dcce67e37c - - b8ffee989e41495893f386df6fc4f21d b8ffee989e41495893f386df6fc4f21d] 199.204.45.229 "GET /allocations/b43be908-182b-44a3-be06-55a8a11f3c02" status: 200 len: 257 microversion: 1.28 [pid: 7|app: 0|req: 456/915] 199.204.45.229 () {34 vars in 863 bytes} [Sat May 9 23:01:08 2026] GET /allocations/b43be908-182b-44a3-be06-55a8a11f3c02 => generated 257 bytes in 12 msecs (HTTP/1.1 200) 8 headers in 296 bytes (1 switches on core 0)
2026-05-09 23:01:09.974 7 INFO placement.requestlog [None req-6f052ede-778c-426e-bff3-ceb6971e77e4 1ec7f01c10a641228b1841a38aac426e 011a973e87d5429e9b9619dcce67e37c - - b8ffee989e41495893f386df6fc4f21d b8ffee989e41495893f386df6fc4f21d] 10.0.0.240 "GET /resource_providers/73248c49-58c8-449c-a223-b3c33e03cffb/aggregates" status: 404 len: 235 microversion: 1.1 [pid: 7|app: 0|req: 457/916] 10.0.0.240 () {32 vars in 816 bytes} [Sat May 9 23:01:09 2026] GET /resource_providers/73248c49-58c8-449c-a223-b3c33e03cffb/aggregates => generated 235 bytes in 12 msecs (HTTP/1.1 404) 5 headers in 202 bytes (1 switches on core 0)
2026-05-09 23:01:09.975 8 INFO placement.requestlog [None req-5e8602a4-67a0-4eb2-ac93-0437c4b57cf8 1ec7f01c10a641228b1841a38aac426e 011a973e87d5429e9b9619dcce67e37c - - b8ffee989e41495893f386df6fc4f21d b8ffee989e41495893f386df6fc4f21d] 10.0.0.240 "GET /resource_providers/73248c49-58c8-449c-a223-b3c33e03cffb/aggregates" status: 404 len: 235 microversion: 1.1 [pid: 8|app: 0|req: 460/917] 10.0.0.240 () {32 vars in 816 bytes} [Sat May 9 23:01:09 2026] GET /resource_providers/73248c49-58c8-449c-a223-b3c33e03cffb/aggregates => generated 235 bytes in 15 msecs (HTTP/1.1 404) 5 headers in 202 bytes (1 switches on core 0)
2026-05-09 23:01:10.000 7 INFO placement.requestlog [None req-7b2bbd98-de93-4c80-acc7-d5cd8288697c 1ec7f01c10a641228b1841a38aac426e 011a973e87d5429e9b9619dcce67e37c - - b8ffee989e41495893f386df6fc4f21d b8ffee989e41495893f386df6fc4f21d] 10.0.0.240 "DELETE /resource_providers/73248c49-58c8-449c-a223-b3c33e03cffb" status: 404 len: 246 microversion: 1.1 [pid: 7|app: 0|req: 458/918] 10.0.0.240 () {34 vars in 816 bytes} [Sat May 9 23:01:09 2026] DELETE /resource_providers/73248c49-58c8-449c-a223-b3c33e03cffb => generated 246 bytes in 11 msecs (HTTP/1.1 404) 6 headers in 231 bytes (1 switches on core 0)
2026-05-09 23:01:10.005 8 INFO placement.requestlog [None req-fbcb9584-a510-4cbe-b2a1-586b50742936 1ec7f01c10a641228b1841a38aac426e 011a973e87d5429e9b9619dcce67e37c - - b8ffee989e41495893f386df6fc4f21d b8ffee989e41495893f386df6fc4f21d] 10.0.0.240 "DELETE /resource_providers/73248c49-58c8-449c-a223-b3c33e03cffb" status: 404 len: 246 microversion: 1.1 [pid: 8|app: 0|req: 461/919] 10.0.0.240 () {34 vars in 816 bytes} [Sat May 9 23:01:09 2026] DELETE /resource_providers/73248c49-58c8-449c-a223-b3c33e03cffb => generated 246 bytes in 10 msecs (HTTP/1.1 404) 6 headers in 231 bytes (1 switches on core 0)
2026-05-09 23:01:13.203 7 INFO placement.requestlog [None req-411ce006-b960-4986-877b-c2f178567a14 1ec7f01c10a641228b1841a38aac426e 011a973e87d5429e9b9619dcce67e37c - - b8ffee989e41495893f386df6fc4f21d b8ffee989e41495893f386df6fc4f21d] 10.0.0.240 "GET /resource_providers/ef306559-24e2-4f05-a68b-f977214b87ad/aggregates" status: 404 len: 235 microversion: 1.1 [pid: 7|app: 0|req: 459/920] 10.0.0.240 () {32 vars in 816 bytes} [Sat May 9 23:01:13 2026] GET /resource_providers/ef306559-24e2-4f05-a68b-f977214b87ad/aggregates => generated 235 bytes in 10 msecs (HTTP/1.1 404) 5 headers in 202 bytes (1 switches on core 0)
2026-05-09 23:01:13.204 8 INFO placement.requestlog [None req-b8f8c670-8f03-47a0-84ef-4a48764dd933 1ec7f01c10a641228b1841a38aac426e 011a973e87d5429e9b9619dcce67e37c - - b8ffee989e41495893f386df6fc4f21d b8ffee989e41495893f386df6fc4f21d] 10.0.0.240 "GET /resource_providers/ef306559-24e2-4f05-a68b-f977214b87ad/aggregates" status: 404 len: 235 microversion: 1.1 [pid: 8|app: 0|req: 462/921] 10.0.0.240 () {32 vars in 816 bytes} [Sat May 9 23:01:13 2026] GET /resource_providers/ef306559-24e2-4f05-a68b-f977214b87ad/aggregates => generated 235 bytes in 8 msecs (HTTP/1.1 404) 5 headers in 202 bytes (1 switches on core 0)
2026-05-09 23:01:13.229 7 INFO placement.requestlog [None req-c3b1ce9e-cbfb-4bb3-ae7e-fa1626a90c91 1ec7f01c10a641228b1841a38aac426e 011a973e87d5429e9b9619dcce67e37c - - b8ffee989e41495893f386df6fc4f21d b8ffee989e41495893f386df6fc4f21d] 10.0.0.240 "DELETE /resource_providers/ef306559-24e2-4f05-a68b-f977214b87ad" status: 404 len: 246 microversion: 1.1 [pid: 7|app: 0|req: 460/922] 10.0.0.240 () {34 vars in 816 bytes} [Sat May 9 23:01:13 2026] DELETE /resource_providers/ef306559-24e2-4f05-a68b-f977214b87ad => generated 246 bytes in 10 msecs (HTTP/1.1 404) 6 headers in 231 bytes (1 switches on core 0)
2026-05-09 23:01:13.238 8 INFO placement.requestlog [None req-cacb6dfb-6294-43ca-8a34-1debb28d7b62 1ec7f01c10a641228b1841a38aac426e 011a973e87d5429e9b9619dcce67e37c - - b8ffee989e41495893f386df6fc4f21d b8ffee989e41495893f386df6fc4f21d] 10.0.0.240 "DELETE /resource_providers/ef306559-24e2-4f05-a68b-f977214b87ad" status: 404 len: 246 microversion: 1.1 [pid: 8|app: 0|req: 463/923] 10.0.0.240 () {34 vars in 816 bytes} [Sat May 9 23:01:13 2026] DELETE /resource_providers/ef306559-24e2-4f05-a68b-f977214b87ad => generated 246 bytes in 14 msecs (HTTP/1.1 404) 6 headers in 231 bytes (1 switches on core 0)
2026-05-09 23:01:14.740 8 INFO placement.requestlog [None req-209a4a5f-ecb2-4ae2-8194-600b91691e9c - - - - - -] 10.0.0.32 "GET /" status: 200 len: 136 microversion: 1.0
2026-05-09 23:01:14.740 7 INFO placement.requestlog [None req-2460f910-45f5-4f30-b421-9b4f1bd6cccc - - - - - -] 10.0.0.32 "GET /" status: 200 len: 136 microversion: 1.0
2026-05-09 23:01:14.775 8 INFO placement.requestlog [None req-d903c32f-5e37-440e-a829-d648a2f55795 1ec7f01c10a641228b1841a38aac426e 011a973e87d5429e9b9619dcce67e37c - - b8ffee989e41495893f386df6fc4f21d b8ffee989e41495893f386df6fc4f21d] 10.0.0.240 "GET /resource_providers/188a18e8-15c2-480e-96d5-bb0bdb2be3de/aggregates" status: 404 len: 235 microversion: 1.1 [pid: 8|app: 0|req: 465/926] 10.0.0.240 () {32 vars in 816 bytes} [Sat May 9 23:01:14 2026] GET /resource_providers/188a18e8-15c2-480e-96d5-bb0bdb2be3de/aggregates => generated 235 bytes in 12 msecs (HTTP/1.1 404) 5 headers in 202 bytes (1 switches on core 0)
2026-05-09 23:01:14.779 7 INFO placement.requestlog [None req-ee902379-0cf0-4c57-851a-ed13379f5670 1ec7f01c10a641228b1841a38aac426e 011a973e87d5429e9b9619dcce67e37c - - b8ffee989e41495893f386df6fc4f21d b8ffee989e41495893f386df6fc4f21d] 10.0.0.240 "GET /resource_providers/188a18e8-15c2-480e-96d5-bb0bdb2be3de/aggregates" status: 404 len: 235 microversion: 1.1 [pid: 7|app: 0|req: 462/927] 10.0.0.240 () {32 vars in 816 bytes} [Sat May 9 23:01:14 2026] GET /resource_providers/188a18e8-15c2-480e-96d5-bb0bdb2be3de/aggregates => generated 235 bytes in 11 msecs (HTTP/1.1 404) 5 headers in 202 bytes (1 switches on core 0)
2026-05-09 23:01:14.800 8 INFO placement.requestlog [None req-2968f915-ba43-4fdd-979c-1570107a636c 1ec7f01c10a641228b1841a38aac426e 011a973e87d5429e9b9619dcce67e37c - - b8ffee989e41495893f386df6fc4f21d b8ffee989e41495893f386df6fc4f21d] 10.0.0.240 "DELETE /resource_providers/188a18e8-15c2-480e-96d5-bb0bdb2be3de" status: 404 len: 246 microversion: 1.1 [pid: 8|app: 0|req: 466/928] 10.0.0.240 () {34 vars in 816 bytes} [Sat May 9 23:01:14 2026] DELETE /resource_providers/188a18e8-15c2-480e-96d5-bb0bdb2be3de => generated 246 bytes in 9 msecs (HTTP/1.1 404) 6 headers in 231 bytes (1 switches on core 0)
2026-05-09 23:01:14.804 7 INFO placement.requestlog [None req-864795cb-664b-4e0c-87b1-1f45a03413ed 1ec7f01c10a641228b1841a38aac426e 011a973e87d5429e9b9619dcce67e37c - - b8ffee989e41495893f386df6fc4f21d b8ffee989e41495893f386df6fc4f21d] 10.0.0.240 "DELETE /resource_providers/188a18e8-15c2-480e-96d5-bb0bdb2be3de" status: 404 len: 246 microversion: 1.1 [pid: 7|app: 0|req: 463/929] 10.0.0.240 () {34 vars in 816 bytes} [Sat May 9 23:01:14 2026] DELETE /resource_providers/188a18e8-15c2-480e-96d5-bb0bdb2be3de => generated 246 bytes in 13 msecs (HTTP/1.1 404) 6 headers in 231 bytes (1 switches on core 0)
2026-05-09 23:01:15.258 8 INFO placement.requestlog [None req-a1493ac2-997d-444f-90dd-155e3c0ff8ff 1ec7f01c10a641228b1841a38aac426e 011a973e87d5429e9b9619dcce67e37c - - b8ffee989e41495893f386df6fc4f21d b8ffee989e41495893f386df6fc4f21d] 10.0.0.240 "GET /resource_providers/e71ed01a-1b2f-439c-87c2-1c56fddaec77/aggregates" status: 404 len: 235 microversion: 1.1 [pid: 8|app: 0|req: 467/930] 10.0.0.240 () {32 vars in 816 bytes} [Sat May 9 23:01:15 2026] GET /resource_providers/e71ed01a-1b2f-439c-87c2-1c56fddaec77/aggregates => generated 235 bytes in 10 msecs (HTTP/1.1 404) 5 headers in 202 bytes (1 switches on core 0)
2026-05-09 23:01:15.275 8 INFO placement.requestlog [None req-0407905c-177b-4043-86a8-23e9345bf0bc 1ec7f01c10a641228b1841a38aac426e 011a973e87d5429e9b9619dcce67e37c - - b8ffee989e41495893f386df6fc4f21d b8ffee989e41495893f386df6fc4f21d] 10.0.0.240 "DELETE /resource_providers/e71ed01a-1b2f-439c-87c2-1c56fddaec77" status: 404 len: 246 microversion: 1.1 [pid: 8|app: 0|req: 468/931] 10.0.0.240 () {34 vars in 816 bytes} [Sat May 9 23:01:15 2026] DELETE /resource_providers/e71ed01a-1b2f-439c-87c2-1c56fddaec77 => generated 246 bytes in 10 msecs (HTTP/1.1 404) 6 headers in 231 bytes (1 switches on core 0)
2026-05-09 23:01:15.276 7 INFO placement.requestlog [None req-73c23bee-bb76-4d9f-abc7-42e31b323ec6 1ec7f01c10a641228b1841a38aac426e 011a973e87d5429e9b9619dcce67e37c - - b8ffee989e41495893f386df6fc4f21d b8ffee989e41495893f386df6fc4f21d] 10.0.0.240 "GET /resource_providers/e71ed01a-1b2f-439c-87c2-1c56fddaec77/aggregates" status: 404 len: 235 microversion: 1.1 [pid: 7|app: 0|req: 464/932] 10.0.0.240 () {32 vars in 816 bytes} [Sat May 9 23:01:15 2026] GET /resource_providers/e71ed01a-1b2f-439c-87c2-1c56fddaec77/aggregates => generated 235 bytes in 11 msecs (HTTP/1.1 404) 5 headers in 202 bytes (1 switches on core 0)
2026-05-09 23:01:15.300 8 INFO placement.requestlog [None req-4ac8dddb-06ad-4af7-b205-dd851364256e 1ec7f01c10a641228b1841a38aac426e 011a973e87d5429e9b9619dcce67e37c - - b8ffee989e41495893f386df6fc4f21d b8ffee989e41495893f386df6fc4f21d] 10.0.0.240 "DELETE /resource_providers/e71ed01a-1b2f-439c-87c2-1c56fddaec77" status: 404 len: 246 microversion: 1.1 [pid: 8|app: 0|req: 469/933] 10.0.0.240 () {34 vars in 816 bytes} [Sat May 9 23:01:15 2026] DELETE /resource_providers/e71ed01a-1b2f-439c-87c2-1c56fddaec77 => generated 246 bytes in 12 msecs (HTTP/1.1 404) 6 headers in 231 bytes (1 switches on core 0)
2026-05-09 23:01:16.820 7 INFO placement.requestlog [None req-629a78c5-4b40-4f55-b22c-e5b275ce514c 1ec7f01c10a641228b1841a38aac426e 011a973e87d5429e9b9619dcce67e37c - - b8ffee989e41495893f386df6fc4f21d b8ffee989e41495893f386df6fc4f21d] 10.0.0.240 "GET /resource_providers/4d17c161-8193-42c4-a5a1-a37f0a2ab76c/aggregates" status: 404 len: 235 microversion: 1.1 [pid: 7|app: 0|req: 465/934] 10.0.0.240 () {32 vars in 816 bytes} [Sat May 9 23:01:16 2026] GET /resource_providers/4d17c161-8193-42c4-a5a1-a37f0a2ab76c/aggregates => generated 235 bytes in 10 msecs (HTTP/1.1 404) 5 headers in 202 bytes (1 switches on core 0)
2026-05-09 23:01:16.834 7 INFO placement.requestlog [None req-1050ab18-8723-435b-bb47-bcfb7f486105 1ec7f01c10a641228b1841a38aac426e 011a973e87d5429e9b9619dcce67e37c - - b8ffee989e41495893f386df6fc4f21d b8ffee989e41495893f386df6fc4f21d] 10.0.0.240 "DELETE /resource_providers/4d17c161-8193-42c4-a5a1-a37f0a2ab76c" status: 404 len: 246 microversion: 1.1 [pid: 7|app: 0|req: 466/935] 10.0.0.240 () {34 vars in 816 bytes} [Sat May 9 23:01:16 2026] DELETE /resource_providers/4d17c161-8193-42c4-a5a1-a37f0a2ab76c => generated 246 bytes in 6 msecs (HTTP/1.1 404) 6 headers in 231 bytes (1 switches on core 0)
2026-05-09 23:01:16.839 8 INFO placement.requestlog [None req-dbf09c29-39fa-4b2c-94c2-ee4aa580e359 1ec7f01c10a641228b1841a38aac426e 011a973e87d5429e9b9619dcce67e37c - - b8ffee989e41495893f386df6fc4f21d b8ffee989e41495893f386df6fc4f21d] 10.0.0.240 "GET /resource_providers/4d17c161-8193-42c4-a5a1-a37f0a2ab76c/aggregates" status: 404 len: 235 microversion: 1.1 [pid: 8|app: 0|req: 470/936] 10.0.0.240 () {32 vars in 816 bytes} [Sat May 9 23:01:16 2026] GET /resource_providers/4d17c161-8193-42c4-a5a1-a37f0a2ab76c/aggregates => generated 235 bytes in 19 msecs (HTTP/1.1 404) 5 headers in 202 bytes (1 switches on core 0)
2026-05-09 23:01:16.853 7 INFO placement.requestlog [None req-a0418466-7a01-4f01-88f6-ed7dd6c7a3a8 1ec7f01c10a641228b1841a38aac426e 011a973e87d5429e9b9619dcce67e37c - - b8ffee989e41495893f386df6fc4f21d b8ffee989e41495893f386df6fc4f21d] 10.0.0.240 "GET /resource_providers/8ff0eb5c-44a4-4056-ab06-6ce26979cf67/aggregates" status: 404 len: 235 microversion: 1.1 [pid: 7|app: 0|req: 467/937] 10.0.0.240 () {32 vars in 816 bytes} [Sat May 9 23:01:16 2026] GET /resource_providers/8ff0eb5c-44a4-4056-ab06-6ce26979cf67/aggregates => generated 235 bytes in 9 msecs (HTTP/1.1 404) 5 headers in 202 bytes (1 switches on core 0)
2026-05-09 23:01:16.860 8 INFO placement.requestlog [None req-492454ab-31da-41ba-a6b9-5ced4bb5512d 1ec7f01c10a641228b1841a38aac426e 011a973e87d5429e9b9619dcce67e37c - - b8ffee989e41495893f386df6fc4f21d b8ffee989e41495893f386df6fc4f21d] 10.0.0.240 "DELETE /resource_providers/4d17c161-8193-42c4-a5a1-a37f0a2ab76c" status: 404 len: 246 microversion: 1.1 [pid: 8|app: 0|req: 471/938] 10.0.0.240 () {34 vars in 816 bytes} [Sat May 9 23:01:16 2026] DELETE /resource_providers/4d17c161-8193-42c4-a5a1-a37f0a2ab76c => generated 246 bytes in 12 msecs (HTTP/1.1 404) 6 headers in 231 bytes (1 switches on core 0)
