2026-05-08 00:30:29.658 10 INFO neutron.db.ovn_revision_numbers_db [None req-967ceb3a-367f-40bb-a834-b843cc17d98c 754989ad745348c2842035e4c954ed15 1e434a98de034528963e385f4ee83562 - - default default] Successfully bumped revision number for resource d3c45f98-f80f-4694-8903-ddd2b9bed72b (type: security_groups) to 1
2026-05-08 00:30:29.669 9 INFO neutron.db.ovn_revision_numbers_db [None req-b35648a1-495f-4c27-b2da-834682d53b04 e132863d6f6f4438a8ef8fbac03f04f0 2c10392c68804e5bb24b0db422518ac2 - - default default] Successfully bumped revision number for resource e644a215-588b-4b27-a10c-3a573e69900c (type: security_group_rules) to 0
2026-05-08 00:30:29.670 10 INFO neutron.db.ovn_revision_numbers_db [None req-967ceb3a-367f-40bb-a834-b843cc17d98c 754989ad745348c2842035e4c954ed15 1e434a98de034528963e385f4ee83562 - - default default] Successfully bumped revision number for resource 7bfa9adb-5aac-43b7-b683-b04362f4d30a (type: security_group_rules) to 0
2026-05-08 00:30:29.681 10 INFO neutron.db.ovn_revision_numbers_db [None req-967ceb3a-367f-40bb-a834-b843cc17d98c 754989ad745348c2842035e4c954ed15 1e434a98de034528963e385f4ee83562 - - default default] Successfully bumped revision number for resource 86b68e81-97d4-4664-98c9-2efb2b8729a3 (type: security_group_rules) to 0
2026-05-08 00:30:29.694 10 INFO neutron.db.ovn_revision_numbers_db [None req-967ceb3a-367f-40bb-a834-b843cc17d98c 754989ad745348c2842035e4c954ed15 1e434a98de034528963e385f4ee83562 - - default default] Successfully bumped revision number for resource c21af431-afeb-4454-bcd9-f9a0304b792d (type: security_group_rules) to 0
2026-05-08 00:30:29.705 10 INFO neutron.db.ovn_revision_numbers_db [None req-967ceb3a-367f-40bb-a834-b843cc17d98c 754989ad745348c2842035e4c954ed15 1e434a98de034528963e385f4ee83562 - - default default] Successfully bumped revision number for resource db3dfb49-4499-42c5-936b-987d3e6020c3 (type: security_group_rules) to 0
2026-05-08 00:30:29.738 10 INFO neutron.api.wsgi [None req-967ceb3a-367f-40bb-a834-b843cc17d98c 754989ad745348c2842035e4c954ed15 1e434a98de034528963e385f4ee83562 - - default default] 10.0.0.37 "GET /v2.0/security-groups?tenant_id=a86da325e2494acdaf2392a3c3e90cba&name=default HTTP/1.1" status: 200 len: 3120 time: 0.2592220
2026-05-08 00:30:29.768 9 INFO neutron.db.segments_db [None req-b35648a1-495f-4c27-b2da-834682d53b04 e132863d6f6f4438a8ef8fbac03f04f0 2c10392c68804e5bb24b0db422518ac2 - - default default] Added segment 5b708d3b-d0e7-4acf-91ae-51dc57f4105a of type geneve for network 85f87169-f7bd-4f2a-ad28-20b940ea7b42
2026-05-08 00:30:29.775 9 INFO neutron.services.segments.plugin [-] Segment 85096b7b-3476-4d97-920c-7c732f6ca4b8 resource provider aggregate not found
2026-05-08 00:30:29.780 9 INFO neutron.services.segments.plugin [-] Segment 85096b7b-3476-4d97-920c-7c732f6ca4b8 resource provider aggregate not found
2026-05-08 00:30:29.795 9 INFO neutron.services.segments.plugin [-] Segment 85096b7b-3476-4d97-920c-7c732f6ca4b8 resource provider not found; error: Placement Client Error (4xx): {"errors": [{"status": 404, "title": "Not Found", "detail": "The resource could not be found.\n\n No resource provider with uuid 85096b7b-3476-4d97-920c-7c732f6ca4b8 found for delete ", "request_id": "req-1c86a742-9e7b-4a7c-a92f-8b657e63d7e6"}]}
2026-05-08 00:30:29.797 9 INFO neutron.services.segments.plugin [-] Segment 85096b7b-3476-4d97-920c-7c732f6ca4b8 resource provider not found; error: Placement Client Error (4xx): {"errors": [{"status": 404, "title": "Not Found", "detail": "The resource could not be found.\n\n No resource provider with uuid 85096b7b-3476-4d97-920c-7c732f6ca4b8 found for delete ", "request_id": "req-ffa5c87e-83e0-4a64-9a63-12b595be6a7a"}]}
2026-05-08 00:30:29.829 9 INFO neutron.api.wsgi [None req-65677e33-574a-4990-a162-f603d50854b2 754989ad745348c2842035e4c954ed15 1e434a98de034528963e385f4ee83562 - - default default] 10.0.0.37 "DELETE /v2.0/networks/ba3214b5-9232-4ddb-aab4-f44292dd30f7 HTTP/1.1" status: 204 len: 168 time: 0.4438820
2026-05-08 00:30:29.923 9 INFO neutron.db.ovn_revision_numbers_db [None req-b35648a1-495f-4c27-b2da-834682d53b04 e132863d6f6f4438a8ef8fbac03f04f0 2c10392c68804e5bb24b0db422518ac2 - - default default] Successfully bumped revision number for resource 85f87169-f7bd-4f2a-ad28-20b940ea7b42 (type: networks) to 1
2026-05-08 00:30:29.938 10 INFO neutron.api.wsgi [None req-c4afd0b5-cc24-44ba-866b-e5fb92beb931 754989ad745348c2842035e4c954ed15 1e434a98de034528963e385f4ee83562 - - default default] 10.0.0.37 "DELETE /v2.0/security-groups/d3c45f98-f80f-4694-8903-ddd2b9bed72b HTTP/1.1" status: 204 len: 168 time: 0.1949196
2026-05-08 00:30:29.944 10 INFO neutron.api.wsgi [None req-ae68702d-1ff0-49f7-aa4c-ffe17bbe1fe5 754989ad745348c2842035e4c954ed15 1e434a98de034528963e385f4ee83562 - - default default] 10.0.0.37 "GET /v2.0/security-groups?tenant_id=7089b279f72c42ab80299d8ca9311648&name=default HTTP/1.1" status: 200 len: 3120 time: 0.0298786
2026-05-08 00:30:29.961 9 WARNING neutron.scheduler.dhcp_agent_scheduler [None req-46560f66-084b-4376-8b99-dea36d6a5c13 71f604d6b92d4df986f7c72f0e2ed2ab 009ac21d550043f8b86254aadb6fd853 - - default default] No more DHCP agents
2026-05-08 00:30:29.964 9 WARNING neutron.api.rpc.agentnotifiers.dhcp_rpc_agent_api [None req-46560f66-084b-4376-8b99-dea36d6a5c13 71f604d6b92d4df986f7c72f0e2ed2ab 009ac21d550043f8b86254aadb6fd853 - - default default] Unable to schedule network 0f050a9e-57d1-4305-adbe-69979434fce7: no agents available; will retry on subsequent port and subnet creation events.
2026-05-08 00:30:30.083 9 WARNING neutron.scheduler.dhcp_agent_scheduler [None req-b35648a1-495f-4c27-b2da-834682d53b04 e132863d6f6f4438a8ef8fbac03f04f0 2c10392c68804e5bb24b0db422518ac2 - - default default] No more DHCP agents
2026-05-08 00:30:30.087 9 WARNING neutron.api.rpc.agentnotifiers.dhcp_rpc_agent_api [None req-b35648a1-495f-4c27-b2da-834682d53b04 e132863d6f6f4438a8ef8fbac03f04f0 2c10392c68804e5bb24b0db422518ac2 - - default default] Unable to schedule network 85f87169-f7bd-4f2a-ad28-20b940ea7b42: no agents available; will retry on subsequent port and subnet creation events.
2026-05-08 00:30:30.094 9 INFO neutron.db.ovn_revision_numbers_db [None req-46560f66-084b-4376-8b99-dea36d6a5c13 71f604d6b92d4df986f7c72f0e2ed2ab 009ac21d550043f8b86254aadb6fd853 - - default default] Successfully bumped revision number for resource bfbce778-2a5a-4a8c-b2f4-c8cb44d586ee (type: ports) to 1
2026-05-08 00:30:30.117 9 INFO neutron.api.wsgi [None req-46560f66-084b-4376-8b99-dea36d6a5c13 71f604d6b92d4df986f7c72f0e2ed2ab 009ac21d550043f8b86254aadb6fd853 - - default default] 10.0.0.37 "POST /v2.0/ports HTTP/1.1" status: 201 len: 1151 time: 0.5350955
2026-05-08 00:30:30.146 9 INFO neutron.db.ovn_revision_numbers_db [None req-b35648a1-495f-4c27-b2da-834682d53b04 e132863d6f6f4438a8ef8fbac03f04f0 2c10392c68804e5bb24b0db422518ac2 - - default default] Successfully bumped revision number for resource aaeb83c8-1e56-4840-a331-460e3282d127 (type: ports) to 1
2026-05-08 00:30:30.166 9 INFO neutron.api.wsgi [None req-b35648a1-495f-4c27-b2da-834682d53b04 e132863d6f6f4438a8ef8fbac03f04f0 2c10392c68804e5bb24b0db422518ac2 - - default default] 10.0.0.37 "POST /v2.0/networks HTTP/1.1" status: 201 len: 831 time: 0.8758104
2026-05-08 00:30:30.172 10 INFO neutron.api.wsgi [None req-1b56b310-eede-44d2-be1d-109dc2144fe7 754989ad745348c2842035e4c954ed15 1e434a98de034528963e385f4ee83562 - - default default] 10.0.0.37 "DELETE /v2.0/security-groups/a253d033-f668-42e7-afb8-300ca62a8ee4 HTTP/1.1" status: 204 len: 168 time: 0.2231772 /var/lib/openstack/lib/python3.12/site-packages/pycadf/identifier.py:71: UserWarning: Invalid uuid: neutron. To ensure interoperability, identifiers should be a valid uuid. warnings.warn(('Invalid uuid: %s. To ensure interoperability, '
2026-05-08 00:30:30.208 9 INFO neutron.api.wsgi [None req-716bd806-b0cd-49eb-960a-ede5ff52974d e132863d6f6f4438a8ef8fbac03f04f0 2c10392c68804e5bb24b0db422518ac2 - - default default] 10.0.0.37 "PUT /v2.0/networks/85f87169-f7bd-4f2a-ad28-20b940ea7b42/tags HTTP/1.1" status: 200 len: 218 time: 0.0369813
2026-05-08 00:30:30.233 10 INFO neutron.db.ovn_revision_numbers_db [None req-d2544264-7622-46a3-a866-e02ab3bca819 754989ad745348c2842035e4c954ed15 1e434a98de034528963e385f4ee83562 - - default default] Successfully bumped revision number for resource 9af3171b-f4ed-4dca-b5af-4e9b7d9d2bde (type: security_groups) to 1
2026-05-08 00:30:30.245 10 INFO neutron.api.wsgi [None req-e9173493-1978-4277-9cb9-30b6b94ded6b e132863d6f6f4438a8ef8fbac03f04f0 2c10392c68804e5bb24b0db422518ac2 - - default default] 10.0.0.37 "GET /v2.0/networks/85f87169-f7bd-4f2a-ad28-20b940ea7b42/tags HTTP/1.1" status: 200 len: 218 time: 0.0328496
2026-05-08 00:30:30.253 10 INFO neutron.db.ovn_revision_numbers_db [None req-d2544264-7622-46a3-a866-e02ab3bca819 754989ad745348c2842035e4c954ed15 1e434a98de034528963e385f4ee83562 - - default default] Successfully bumped revision number for resource 05a593ef-cf64-4374-bffb-d6a0768593a7 (type: security_group_rules) to 0
2026-05-08 00:30:30.266 10 INFO neutron.db.ovn_revision_numbers_db [None req-d2544264-7622-46a3-a866-e02ab3bca819 754989ad745348c2842035e4c954ed15 1e434a98de034528963e385f4ee83562 - - default default] Successfully bumped revision number for resource 1eab1e4e-8e53-45cf-ae7c-7faa09b598f6 (type: security_group_rules) to 0
2026-05-08 00:30:30.280 10 INFO neutron.db.ovn_revision_numbers_db [None req-d2544264-7622-46a3-a866-e02ab3bca819 754989ad745348c2842035e4c954ed15 1e434a98de034528963e385f4ee83562 - - default default] Successfully bumped revision number for resource 525bbd7d-ac79-41f5-b061-d11a46dc2db8 (type: security_group_rules) to 0
2026-05-08 00:30:30.286 9 INFO neutron.api.wsgi [None req-a8a0c4b4-26fc-4012-bb54-5ea67e3ab107 e132863d6f6f4438a8ef8fbac03f04f0 2c10392c68804e5bb24b0db422518ac2 - - default default] 10.0.0.37 "PUT /v2.0/networks/85f87169-f7bd-4f2a-ad28-20b940ea7b42/tags/green HTTP/1.1" status: 201 len: 201 time: 0.0366077
2026-05-08 00:30:30.298 10 INFO neutron.db.ovn_revision_numbers_db [None req-d2544264-7622-46a3-a866-e02ab3bca819 754989ad745348c2842035e4c954ed15 1e434a98de034528963e385f4ee83562 - - default default] Successfully bumped revision number for resource b74e5273-d9ad-433f-aa7f-a0c30750192f (type: security_group_rules) to 0
2026-05-08 00:30:30.309 9 INFO neutron.api.wsgi [None req-b493a779-c6c1-4e87-8be0-99bc2bc66aab e132863d6f6f4438a8ef8fbac03f04f0 2c10392c68804e5bb24b0db422518ac2 - - default default] 10.0.0.37 "GET /v2.0/networks/85f87169-f7bd-4f2a-ad28-20b940ea7b42/tags HTTP/1.1" status: 200 len: 227 time: 0.0190997
2026-05-08 00:30:30.334 9 INFO neutron.api.wsgi [None req-a475e9d7-da32-490d-8ce7-4c0aac0a0927 e132863d6f6f4438a8ef8fbac03f04f0 2c10392c68804e5bb24b0db422518ac2 - - default default] 10.0.0.37 "PUT /v2.0/networks/85f87169-f7bd-4f2a-ad28-20b940ea7b42/tags/red HTTP/1.1" status: 201 len: 201 time: 0.0215974
2026-05-08 00:30:30.335 10 INFO neutron.api.wsgi [None req-d2544264-7622-46a3-a866-e02ab3bca819 754989ad745348c2842035e4c954ed15 1e434a98de034528963e385f4ee83562 - - default default] 10.0.0.37 "GET /v2.0/security-groups?tenant_id=1b41605ce715409897620853418a44a5&name=default HTTP/1.1" status: 200 len: 3120 time: 0.2544243
2026-05-08 00:30:30.364 9 INFO neutron.api.wsgi [None req-377f6c08-d94d-4d30-bc4b-fe35fba1cdae e132863d6f6f4438a8ef8fbac03f04f0 2c10392c68804e5bb24b0db422518ac2 - - default default] 10.0.0.37 "GET /v2.0/networks/85f87169-f7bd-4f2a-ad28-20b940ea7b42/tags HTTP/1.1" status: 200 len: 227 time: 0.0275235
2026-05-08 00:30:30.403 9 INFO neutron.api.wsgi [None req-94154b8e-bfab-4f64-8573-79a5c72f71c8 e132863d6f6f4438a8ef8fbac03f04f0 2c10392c68804e5bb24b0db422518ac2 - - default default] 10.0.0.37 "PUT /v2.0/networks/85f87169-f7bd-4f2a-ad28-20b940ea7b42/tags/black.or.white HTTP/1.1" status: 201 len: 201 time: 0.0354104
2026-05-08 00:30:30.467 9 INFO neutron.api.wsgi [None req-54365811-44ca-4f3d-b531-21a67a6bf125 e132863d6f6f4438a8ef8fbac03f04f0 2c10392c68804e5bb24b0db422518ac2 - - default default] 10.0.0.37 "GET /v2.0/networks/85f87169-f7bd-4f2a-ad28-20b940ea7b42/tags HTTP/1.1" status: 200 len: 245 time: 0.0603721
2026-05-08 00:30:30.483 10 INFO neutron.api.wsgi [None req-f16adeda-567e-499b-b92a-fe1ecf68b0e8 71f604d6b92d4df986f7c72f0e2ed2ab 009ac21d550043f8b86254aadb6fd853 - - default default] 10.0.0.37 "DELETE /v2.0/ports/bfbce778-2a5a-4a8c-b2f4-c8cb44d586ee HTTP/1.1" status: 204 len: 168 time: 0.3591032
2026-05-08 00:30:30.501 9 INFO neutron.pecan_wsgi.hooks.translation [None req-e12d009c-ad75-417f-b210-f0064ab38654 71f604d6b92d4df986f7c72f0e2ed2ab 009ac21d550043f8b86254aadb6fd853 - - default default] DELETE failed (client error): The resource could not be found.
2026-05-08 00:30:30.503 9 INFO neutron.api.wsgi [None req-e12d009c-ad75-417f-b210-f0064ab38654 71f604d6b92d4df986f7c72f0e2ed2ab 009ac21d550043f8b86254aadb6fd853 - - default default] 10.0.0.37 "DELETE /v2.0/ports/bfbce778-2a5a-4a8c-b2f4-c8cb44d586ee HTTP/1.1" status: 404 len: 333 time: 0.0151396
2026-05-08 00:30:30.521 9 INFO neutron.api.wsgi [None req-78beb0a8-d99d-4818-a744-ff34144b11fb e132863d6f6f4438a8ef8fbac03f04f0 2c10392c68804e5bb24b0db422518ac2 - - default default] 10.0.0.37 "PUT /v2.0/networks/85f87169-f7bd-4f2a-ad28-20b940ea7b42/tags HTTP/1.1" status: 200 len: 230 time: 0.0497048
2026-05-08 00:30:30.523 10 INFO neutron.pecan_wsgi.hooks.translation [None req-3d554e8e-ea04-4142-b28a-786e8dda1b3e 71f604d6b92d4df986f7c72f0e2ed2ab 009ac21d550043f8b86254aadb6fd853 - - default default] GET failed (client error): The resource could not be found.
2026-05-08 00:30:30.525 10 INFO neutron.api.wsgi [None req-3d554e8e-ea04-4142-b28a-786e8dda1b3e 71f604d6b92d4df986f7c72f0e2ed2ab 009ac21d550043f8b86254aadb6fd853 - - default default] 10.0.0.37 "GET /v2.0/ports/bfbce778-2a5a-4a8c-b2f4-c8cb44d586ee HTTP/1.1" status: 404 len: 333 time: 0.0175564
2026-05-08 00:30:30.556 9 INFO neutron.api.wsgi [None req-746a6c27-324a-4159-83dc-1ebcf2fb9c1c e132863d6f6f4438a8ef8fbac03f04f0 2c10392c68804e5bb24b0db422518ac2 - - default default] 10.0.0.37 "GET /v2.0/networks/85f87169-f7bd-4f2a-ad28-20b940ea7b42/tags HTTP/1.1" status: 200 len: 230 time: 0.0294473
2026-05-08 00:30:30.587 10 INFO neutron.api.wsgi [None req-3b2fbc2c-8823-4093-82bb-f3290456b372 e132863d6f6f4438a8ef8fbac03f04f0 2c10392c68804e5bb24b0db422518ac2 - - default default] 10.0.0.37 "GET /v2.0/networks/85f87169-f7bd-4f2a-ad28-20b940ea7b42/tags/red HTTP/1.1" status: 204 len: 168 time: 0.0267916
2026-05-08 00:30:30.591 10 INFO neutron.api.wsgi [None req-5592ecf3-dfc5-4503-93a3-1b499c96c520 754989ad745348c2842035e4c954ed15 1e434a98de034528963e385f4ee83562 - - default default] 10.0.0.37 "DELETE /v2.0/security-groups/9af3171b-f4ed-4dca-b5af-4e9b7d9d2bde HTTP/1.1" status: 204 len: 168 time: 0.2517941
2026-05-08 00:30:30.615 10 INFO neutron.api.v2.resource [None req-4103c88d-1712-45a1-80b7-d237665a659a e132863d6f6f4438a8ef8fbac03f04f0 2c10392c68804e5bb24b0db422518ac2 - - default default] show failed (client error): The resource could not be found.
2026-05-08 00:30:30.616 10 INFO neutron.api.wsgi [None req-4103c88d-1712-45a1-80b7-d237665a659a e132863d6f6f4438a8ef8fbac03f04f0 2c10392c68804e5bb24b0db422518ac2 - - default default] 10.0.0.37 "GET /v2.0/networks/85f87169-f7bd-4f2a-ad28-20b940ea7b42/tags/green HTTP/1.1" status: 404 len: 299 time: 0.0245807
2026-05-08 00:30:30.659 10 INFO neutron.api.wsgi [None req-1c237db8-c561-4e3d-b999-a73c60f95c9a e132863d6f6f4438a8ef8fbac03f04f0 2c10392c68804e5bb24b0db422518ac2 - - default default] 10.0.0.37 "DELETE /v2.0/networks/85f87169-f7bd-4f2a-ad28-20b940ea7b42/tags/red HTTP/1.1" status: 204 len: 168 time: 0.0391672
2026-05-08 00:30:30.683 9 INFO neutron.api.wsgi [None req-2d0f1be0-7e9f-44d4-a933-ae0e0ba63143 71f604d6b92d4df986f7c72f0e2ed2ab 009ac21d550043f8b86254aadb6fd853 - - default default] 10.0.0.37 "DELETE /v2.0/subnets/bcd886c2-27bb-4fac-a6d2-b8ee4aa2fc7e HTTP/1.1" status: 204 len: 168 time: 0.1515036
2026-05-08 00:30:30.687 10 INFO neutron.api.wsgi [None req-7823d1f1-7a25-4981-b40c-ca476b879c36 e132863d6f6f4438a8ef8fbac03f04f0 2c10392c68804e5bb24b0db422518ac2 - - default default] 10.0.0.37 "GET /v2.0/networks/85f87169-f7bd-4f2a-ad28-20b940ea7b42/tags HTTP/1.1" status: 200 len: 223 time: 0.0230274
2026-05-08 00:30:30.716 10 INFO neutron.api.v2.resource [None req-1aeb5f5b-5726-49b8-9afb-213c3c78567c e132863d6f6f4438a8ef8fbac03f04f0 2c10392c68804e5bb24b0db422518ac2 - - default default] delete failed (client error): The resource could not be found.
2026-05-08 00:30:30.717 10 INFO neutron.api.wsgi [None req-1aeb5f5b-5726-49b8-9afb-213c3c78567c e132863d6f6f4438a8ef8fbac03f04f0 2c10392c68804e5bb24b0db422518ac2 - - default default] 10.0.0.37 "DELETE /v2.0/networks/85f87169-f7bd-4f2a-ad28-20b940ea7b42/tags/green HTTP/1.1" status: 404 len: 299 time: 0.0263195
2026-05-08 00:30:30.761 10 INFO neutron.api.wsgi [None req-da2a54c7-dd53-4e9e-95ec-859280fb569e e132863d6f6f4438a8ef8fbac03f04f0 2c10392c68804e5bb24b0db422518ac2 - - default default] 10.0.0.37 "DELETE /v2.0/networks/85f87169-f7bd-4f2a-ad28-20b940ea7b42/tags HTTP/1.1" status: 204 len: 168 time: 0.0384927
2026-05-08 00:30:30.785 10 INFO neutron.api.wsgi [None req-c84bc588-0952-4cbc-9919-1a0aede18d7c e132863d6f6f4438a8ef8fbac03f04f0 2c10392c68804e5bb24b0db422518ac2 - - default default] 10.0.0.37 "GET /v2.0/networks/85f87169-f7bd-4f2a-ad28-20b940ea7b42/tags HTTP/1.1" status: 200 len: 205 time: 0.0209496
2026-05-08 00:30:30.998 9 INFO neutron.api.wsgi [None req-dedeedf1-c76a-4e3c-991c-258ec2f1520d 71f604d6b92d4df986f7c72f0e2ed2ab 009ac21d550043f8b86254aadb6fd853 - - default default] 10.0.0.37 "DELETE /v2.0/networks/0f050a9e-57d1-4305-adbe-69979434fce7 HTTP/1.1" status: 204 len: 168 time: 0.3111794
2026-05-08 00:30:31.010 10 WARNING neutron_lib.context [None req-fe049fa9-02c8-4773-a769-e4d8779cf2fa 71f604d6b92d4df986f7c72f0e2ed2ab 009ac21d550043f8b86254aadb6fd853 - - default default] Method 'is_advsvc' is deprecated since 2023.2 release (neutron-lib 3.8.0) and will be removed once support for the old RBAC API policies will be removed from Neutron. Please use method 'is_service_role' instead.
2026-05-08 00:30:31.082 10 INFO neutron.services.segments.plugin [-] Segment 5b708d3b-d0e7-4acf-91ae-51dc57f4105a resource provider aggregate not found
2026-05-08 00:30:31.089 10 INFO neutron.services.segments.plugin [-] Segment 5b708d3b-d0e7-4acf-91ae-51dc57f4105a resource provider aggregate not found
2026-05-08 00:30:31.106 10 INFO neutron.services.segments.plugin [-] Segment 5b708d3b-d0e7-4acf-91ae-51dc57f4105a resource provider not found; error: Placement Client Error (4xx): {"errors": [{"status": 404, "title": "Not Found", "detail": "The resource could not be found.\n\n No resource provider with uuid 5b708d3b-d0e7-4acf-91ae-51dc57f4105a found for delete ", "request_id": "req-f8ae6c18-bf78-4368-b8b1-83e161bb741a"}]}
2026-05-08 00:30:31.107 10 INFO neutron.db.segments_db [None req-fe049fa9-02c8-4773-a769-e4d8779cf2fa 71f604d6b92d4df986f7c72f0e2ed2ab 009ac21d550043f8b86254aadb6fd853 - - default default] Added segment dcfbf9e8-c064-475d-88ec-b21c4215dc44 of type geneve for network 45b611a4-4811-46a9-a744-96a07d51bd88
2026-05-08 00:30:31.116 10 INFO neutron.services.segments.plugin [-] Segment 5b708d3b-d0e7-4acf-91ae-51dc57f4105a resource provider not found; error: Placement Client Error (4xx): {"errors": [{"status": 404, "title": "Not Found", "detail": "The resource could not be found.\n\n No resource provider with uuid 5b708d3b-d0e7-4acf-91ae-51dc57f4105a found for delete ", "request_id": "req-4f62c690-cfdd-41cb-a095-5a5289578347"}]}
2026-05-08 00:30:31.126 10 INFO neutron.api.wsgi [None req-9c46e4d0-83d9-45ee-ace8-653b39cc5fd3 e132863d6f6f4438a8ef8fbac03f04f0 2c10392c68804e5bb24b0db422518ac2 - - default default] 10.0.0.37 "DELETE /v2.0/networks/85f87169-f7bd-4f2a-ad28-20b940ea7b42 HTTP/1.1" status: 204 len: 168 time: 0.3358369
2026-05-08 00:30:31.224 10 INFO neutron.db.ovn_revision_numbers_db [None req-fe049fa9-02c8-4773-a769-e4d8779cf2fa 71f604d6b92d4df986f7c72f0e2ed2ab 009ac21d550043f8b86254aadb6fd853 - - default default] Successfully bumped revision number for resource 45b611a4-4811-46a9-a744-96a07d51bd88 (type: networks) to 1
2026-05-08 00:30:31.355 10 WARNING neutron.scheduler.dhcp_agent_scheduler [None req-fe049fa9-02c8-4773-a769-e4d8779cf2fa 71f604d6b92d4df986f7c72f0e2ed2ab 009ac21d550043f8b86254aadb6fd853 - - default default] No more DHCP agents
2026-05-08 00:30:31.356 10 WARNING neutron.api.rpc.agentnotifiers.dhcp_rpc_agent_api [None req-fe049fa9-02c8-4773-a769-e4d8779cf2fa 71f604d6b92d4df986f7c72f0e2ed2ab 009ac21d550043f8b86254aadb6fd853 - - default default] Unable to schedule network 45b611a4-4811-46a9-a744-96a07d51bd88: no agents available; will retry on subsequent port and subnet creation events.
2026-05-08 00:30:31.405 10 INFO neutron.db.ovn_revision_numbers_db [None req-fe049fa9-02c8-4773-a769-e4d8779cf2fa 71f604d6b92d4df986f7c72f0e2ed2ab 009ac21d550043f8b86254aadb6fd853 - - default default] Successfully bumped revision number for resource 93356e9a-d40b-4182-9beb-a21e176b6609 (type: ports) to 1
2026-05-08 00:30:31.421 10 INFO neutron.api.wsgi [None req-fe049fa9-02c8-4773-a769-e4d8779cf2fa 71f604d6b92d4df986f7c72f0e2ed2ab 009ac21d550043f8b86254aadb6fd853 - - default default] 10.0.0.37 "POST /v2.0/networks HTTP/1.1" status: 201 len: 831 time: 0.4165895
2026-05-08 00:30:31.432 9 WARNING neutron_lib.context [None req-6ebe03c4-3af9-4944-8002-7574121da46e 71f604d6b92d4df986f7c72f0e2ed2ab 009ac21d550043f8b86254aadb6fd853 - - default default] Method 'is_advsvc' is deprecated since 2023.2 release (neutron-lib 3.8.0) and will be removed once support for the old RBAC API policies will be removed from Neutron. Please use method 'is_service_role' instead.
2026-05-08 00:30:31.601 9 WARNING neutron.scheduler.dhcp_agent_scheduler [None req-6ebe03c4-3af9-4944-8002-7574121da46e 71f604d6b92d4df986f7c72f0e2ed2ab 009ac21d550043f8b86254aadb6fd853 - - default default] No more DHCP agents
2026-05-08 00:30:31.602 9 WARNING neutron.api.rpc.agentnotifiers.dhcp_rpc_agent_api [None req-6ebe03c4-3af9-4944-8002-7574121da46e 71f604d6b92d4df986f7c72f0e2ed2ab 009ac21d550043f8b86254aadb6fd853 - - default default] Unable to schedule network 45b611a4-4811-46a9-a744-96a07d51bd88: no agents available; will retry on subsequent port and subnet creation events.
2026-05-08 00:30:31.812 9 INFO neutron.services.segments.plugin [-] Segment c80e8209-cf7d-4f61-9c56-1ab715fa1a87 resource provider aggregate not found
2026-05-08 00:30:31.825 9 INFO neutron.services.segments.plugin [-] Segment c80e8209-cf7d-4f61-9c56-1ab715fa1a87 resource provider aggregate not found
2026-05-08 00:30:31.829 9 INFO neutron.services.segments.plugin [-] Segment c80e8209-cf7d-4f61-9c56-1ab715fa1a87 resource provider not found; error: Placement Client Error (4xx): {"errors": [{"status": 404, "title": "Not Found", "detail": "The resource could not be found.\n\n No resource provider with uuid c80e8209-cf7d-4f61-9c56-1ab715fa1a87 found for delete ", "request_id": "req-5d92b270-fb7d-4839-80c0-271bcad1b4b2"}]}
2026-05-08 00:30:31.841 9 INFO neutron.services.segments.plugin [-] Segment c80e8209-cf7d-4f61-9c56-1ab715fa1a87 resource provider not found; error: Placement Client Error (4xx): {"errors": [{"status": 404, "title": "Not Found", "detail": "The resource could not be found.\n\n No resource provider with uuid c80e8209-cf7d-4f61-9c56-1ab715fa1a87 found for delete ", "request_id": "req-af19c2dd-312e-46a4-addc-77a8e58eebc6"}]}
2026-05-08 00:30:31.954 9 INFO neutron.db.ovn_revision_numbers_db [None req-f36a536c-3dbe-47dc-90b8-ed9ad2d02ee8 754989ad745348c2842035e4c954ed15 1e434a98de034528963e385f4ee83562 - - default default] Successfully bumped revision number for resource 38a6e3f1-0dfc-4309-ac8b-eefa210d364c (type: security_groups) to 1
2026-05-08 00:30:31.966 9 INFO neutron.db.ovn_revision_numbers_db [None req-f36a536c-3dbe-47dc-90b8-ed9ad2d02ee8 754989ad745348c2842035e4c954ed15 1e434a98de034528963e385f4ee83562 - - default default] Successfully bumped revision number for resource 15c52a45-e500-418d-9bee-df7e8ec9036c (type: security_group_rules) to 0
2026-05-08 00:30:31.986 9 INFO neutron.db.ovn_revision_numbers_db [None req-f36a536c-3dbe-47dc-90b8-ed9ad2d02ee8 754989ad745348c2842035e4c954ed15 1e434a98de034528963e385f4ee83562 - - default default] Successfully bumped revision number for resource 17a32c39-7ce2-444d-a528-71ae95ef3ac0 (type: security_group_rules) to 0
2026-05-08 00:30:32.002 9 INFO neutron.db.ovn_revision_numbers_db [None req-f36a536c-3dbe-47dc-90b8-ed9ad2d02ee8 754989ad745348c2842035e4c954ed15 1e434a98de034528963e385f4ee83562 - - default default] Successfully bumped revision number for resource a02ee1d6-ca03-4b21-8c2e-9354903bab21 (type: security_group_rules) to 0
2026-05-08 00:30:32.024 9 INFO neutron.db.ovn_revision_numbers_db [None req-f36a536c-3dbe-47dc-90b8-ed9ad2d02ee8 754989ad745348c2842035e4c954ed15 1e434a98de034528963e385f4ee83562 - - default default] Successfully bumped revision number for resource a43e490b-5c0a-4594-8bae-c63a4182b47e (type: security_group_rules) to 0
2026-05-08 00:30:32.065 9 INFO neutron.api.wsgi [None req-f36a536c-3dbe-47dc-90b8-ed9ad2d02ee8 754989ad745348c2842035e4c954ed15 1e434a98de034528963e385f4ee83562 - - default default] 10.0.0.37 "GET /v2.0/security-groups?tenant_id=a51f098b4eaa46ccafa441df0a68ed59&name=default HTTP/1.1" status: 200 len: 3120 time: 0.3280201
2026-05-08 00:30:32.088 9 INFO neutron.db.ovn_revision_numbers_db [None req-d284d30f-d62c-429b-a487-42afcbd4b4c5 - - - - - -] Successfully bumped revision number for resource 93356e9a-d40b-4182-9beb-a21e176b6609 (type: ports) to 2
2026-05-08 00:30:32.115 9 INFO neutron.db.ovn_revision_numbers_db [None req-d284d30f-d62c-429b-a487-42afcbd4b4c5 - - - - - -] Successfully bumped revision number for resource 1da0317d-6db5-4f6e-94d6-dd817360ecd5 (type: subnets) to 0
2026-05-08 00:30:32.130 9 INFO neutron.api.wsgi [None req-6ebe03c4-3af9-4944-8002-7574121da46e 71f604d6b92d4df986f7c72f0e2ed2ab 009ac21d550043f8b86254aadb6fd853 - - default default] 10.0.0.37 "POST /v2.0/subnets HTTP/1.1" status: 201 len: 825 time: 0.7035708
2026-05-08 00:30:32.140 9 WARNING neutron_lib.context [None req-838d6b7c-4740-4d11-a9d7-1551dd3a8c38 71f604d6b92d4df986f7c72f0e2ed2ab 009ac21d550043f8b86254aadb6fd853 - - default default] Method 'is_advsvc' is deprecated since 2023.2 release (neutron-lib 3.8.0) and will be removed once support for the old RBAC API policies will be removed from Neutron. Please use method 'is_service_role' instead.
2026-05-08 00:30:32.266 10 INFO neutron.api.wsgi [None req-892ab2a1-4c0e-485d-a0dd-5c77d332339a 754989ad745348c2842035e4c954ed15 1e434a98de034528963e385f4ee83562 - - default default] 10.0.0.37 "DELETE /v2.0/security-groups/38a6e3f1-0dfc-4309-ac8b-eefa210d364c HTTP/1.1" status: 204 len: 168 time: 0.1964962
2026-05-08 00:30:32.374 9 WARNING neutron.scheduler.dhcp_agent_scheduler [None req-838d6b7c-4740-4d11-a9d7-1551dd3a8c38 71f604d6b92d4df986f7c72f0e2ed2ab 009ac21d550043f8b86254aadb6fd853 - - default default] No more DHCP agents
2026-05-08 00:30:32.376 9 WARNING neutron.api.rpc.agentnotifiers.dhcp_rpc_agent_api [None req-838d6b7c-4740-4d11-a9d7-1551dd3a8c38 71f604d6b92d4df986f7c72f0e2ed2ab 009ac21d550043f8b86254aadb6fd853 - - default default] Unable to schedule network 45b611a4-4811-46a9-a744-96a07d51bd88: no agents available; will retry on subsequent port and subnet creation events.
2026-05-08 00:30:32.450 9 INFO neutron.api.wsgi [None req-d0755942-9a21-4cf9-b11f-c8c5523ffca5 754989ad745348c2842035e4c954ed15 1e434a98de034528963e385f4ee83562 - - default default] 10.0.0.37 "GET /v2.0/security-groups?tenant_id=2c10392c68804e5bb24b0db422518ac2&name=default HTTP/1.1" status: 200 len: 3120 time: 0.0326126
2026-05-08 00:30:32.542 9 INFO neutron.db.ovn_revision_numbers_db [None req-838d6b7c-4740-4d11-a9d7-1551dd3a8c38 71f604d6b92d4df986f7c72f0e2ed2ab 009ac21d550043f8b86254aadb6fd853 - - default default] Successfully bumped revision number for resource 390c2c0c-c519-44d1-886e-49575ca44456 (type: ports) to 1
2026-05-08 00:30:32.570 9 INFO neutron.api.wsgi [None req-838d6b7c-4740-4d11-a9d7-1551dd3a8c38 71f604d6b92d4df986f7c72f0e2ed2ab 009ac21d550043f8b86254aadb6fd853 - - default default] 10.0.0.37 "POST /v2.0/ports HTTP/1.1" status: 201 len: 1115 time: 0.4348898
2026-05-08 00:30:32.678 9 INFO neutron.api.wsgi [None req-15ad0867-f6eb-498b-8da2-3bea5393a9f4 754989ad745348c2842035e4c954ed15 1e434a98de034528963e385f4ee83562 - - default default] 10.0.0.37 "DELETE /v2.0/security-groups/610c382e-55de-41cc-ba2e-a60c6396f328 HTTP/1.1" status: 204 len: 168 time: 0.2225084
2026-05-08 00:30:32.868 10 INFO neutron.api.wsgi [None req-bd47e21e-eb07-4d75-afd9-90d0c70b77ff 71f604d6b92d4df986f7c72f0e2ed2ab 009ac21d550043f8b86254aadb6fd853 - - default default] 10.0.0.37 "DELETE /v2.0/ports/390c2c0c-c519-44d1-886e-49575ca44456 HTTP/1.1" status: 204 len: 168 time: 0.2920928
2026-05-08 00:30:32.885 10 INFO neutron.pecan_wsgi.hooks.translation [None req-90ee27f4-c414-4038-8aed-eea090780dac 71f604d6b92d4df986f7c72f0e2ed2ab 009ac21d550043f8b86254aadb6fd853 - - default default] GET failed (client error): The resource could not be found.
2026-05-08 00:30:32.886 10 INFO neutron.api.wsgi [None req-90ee27f4-c414-4038-8aed-eea090780dac 71f604d6b92d4df986f7c72f0e2ed2ab 009ac21d550043f8b86254aadb6fd853 - - default default] 10.0.0.37 "GET /v2.0/ports/390c2c0c-c519-44d1-886e-49575ca44456 HTTP/1.1" status: 404 len: 333 time: 0.0123105
2026-05-08 00:30:33.004 10 INFO neutron.api.wsgi [None req-384e530a-d9d0-40bc-84c3-279acdaaf098 71f604d6b92d4df986f7c72f0e2ed2ab 009ac21d550043f8b86254aadb6fd853 - - default default] 10.0.0.37 "DELETE /v2.0/subnets/1da0317d-6db5-4f6e-94d6-dd817360ecd5 HTTP/1.1" status: 204 len: 168 time: 0.1135948
2026-05-08 00:30:33.253 10 INFO neutron.services.segments.plugin [-] Segment dcfbf9e8-c064-475d-88ec-b21c4215dc44 resource provider aggregate not found
2026-05-08 00:30:33.257 10 INFO neutron.services.segments.plugin [-] Segment dcfbf9e8-c064-475d-88ec-b21c4215dc44 resource provider aggregate not found
2026-05-08 00:30:33.271 10 INFO neutron.services.segments.plugin [-] Segment dcfbf9e8-c064-475d-88ec-b21c4215dc44 resource provider not found; error: Placement Client Error (4xx): {"errors": [{"status": 404, "title": "Not Found", "detail": "The resource could not be found.\n\n No resource provider with uuid dcfbf9e8-c064-475d-88ec-b21c4215dc44 found for delete ", "request_id": "req-4334cfab-49b7-4d2e-8779-d8940a44cb34"}]}
2026-05-08 00:30:33.275 10 INFO neutron.services.segments.plugin [-] Segment dcfbf9e8-c064-475d-88ec-b21c4215dc44 resource provider not found; error: Placement Client Error (4xx): {"errors": [{"status": 404, "title": "Not Found", "detail": "The resource could not be found.\n\n No resource provider with uuid dcfbf9e8-c064-475d-88ec-b21c4215dc44 found for delete ", "request_id": "req-3be756d2-fa7f-41be-aaf2-338a5bd5d40f"}]}
2026-05-08 00:30:33.295 10 INFO neutron.api.wsgi [None req-3be3b5fa-9b46-42a6-9670-d320a4722a7d 71f604d6b92d4df986f7c72f0e2ed2ab 009ac21d550043f8b86254aadb6fd853 - - default default] 10.0.0.37 "DELETE /v2.0/networks/45b611a4-4811-46a9-a744-96a07d51bd88 HTTP/1.1" status: 204 len: 168 time: 0.2857673
2026-05-08 00:30:33.304 10 WARNING neutron_lib.context [None req-a653bfb3-f9d6-4ea8-b79d-19b6beccb7e9 71f604d6b92d4df986f7c72f0e2ed2ab 009ac21d550043f8b86254aadb6fd853 - - default default] Method 'is_advsvc' is deprecated since 2023.2 release (neutron-lib 3.8.0) and will be removed once support for the old RBAC API policies will be removed from Neutron. Please use method 'is_service_role' instead.
2026-05-08 00:30:33.387 9 INFO neutron.db.ovn_revision_numbers_db [None req-5647f8cd-502a-410f-9376-bba13d8db176 754989ad745348c2842035e4c954ed15 1e434a98de034528963e385f4ee83562 - - default default] Successfully bumped revision number for resource 146410f0-82c4-40a1-90c7-d978f51bc864 (type: security_groups) to 1
2026-05-08 00:30:33.399 9 INFO neutron.db.ovn_revision_numbers_db [None req-5647f8cd-502a-410f-9376-bba13d8db176 754989ad745348c2842035e4c954ed15 1e434a98de034528963e385f4ee83562 - - default default] Successfully bumped revision number for resource 4a5f134f-eeb3-4fda-9471-b41de22167fc (type: security_group_rules) to 0
2026-05-08 00:30:33.419 9 INFO neutron.db.ovn_revision_numbers_db [None req-5647f8cd-502a-410f-9376-bba13d8db176 754989ad745348c2842035e4c954ed15 1e434a98de034528963e385f4ee83562 - - default default] Successfully bumped revision number for resource dabcbadd-70bf-4405-97a5-7a331a58f163 (type: security_group_rules) to 0
2026-05-08 00:30:33.432 9 INFO neutron.db.ovn_revision_numbers_db [None req-5647f8cd-502a-410f-9376-bba13d8db176 754989ad745348c2842035e4c954ed15 1e434a98de034528963e385f4ee83562 - - default default] Successfully bumped revision number for resource f10e4307-3b31-461e-a0a5-e5c36e1cb211 (type: security_group_rules) to 0
2026-05-08 00:30:33.459 9 INFO neutron.db.ovn_revision_numbers_db [None req-5647f8cd-502a-410f-9376-bba13d8db176 754989ad745348c2842035e4c954ed15 1e434a98de034528963e385f4ee83562 - - default default] Successfully bumped revision number for resource f6c428bf-38cb-4ecf-ad96-e849ff83f4b4 (type: security_group_rules) to 0
2026-05-08 00:30:33.496 9 INFO neutron.api.wsgi [None req-5647f8cd-502a-410f-9376-bba13d8db176 754989ad745348c2842035e4c954ed15 1e434a98de034528963e385f4ee83562 - - default default] 10.0.0.37 "GET /v2.0/security-groups?tenant_id=f2a6dfeb83f147289f2d0f327ff524e8&name=default HTTP/1.1" status: 200 len: 3120 time: 0.3384809
2026-05-08 00:30:33.552 10 WARNING neutron.scheduler.dhcp_agent_scheduler [None req-a653bfb3-f9d6-4ea8-b79d-19b6beccb7e9 71f604d6b92d4df986f7c72f0e2ed2ab 009ac21d550043f8b86254aadb6fd853 - - default default] No more DHCP agents
2026-05-08 00:30:33.553 10 WARNING neutron.api.rpc.agentnotifiers.dhcp_rpc_agent_api [None req-a653bfb3-f9d6-4ea8-b79d-19b6beccb7e9 71f604d6b92d4df986f7c72f0e2ed2ab 009ac21d550043f8b86254aadb6fd853 - - default default] Unable to schedule network 918428c7-a151-4a09-9b40-a5c722a731f4: no agents available; will retry on subsequent port and subnet creation events.
2026-05-08 00:30:33.609 10 INFO neutron.db.ovn_revision_numbers_db [None req-a653bfb3-f9d6-4ea8-b79d-19b6beccb7e9 71f604d6b92d4df986f7c72f0e2ed2ab 009ac21d550043f8b86254aadb6fd853 - - default default] Successfully bumped revision number for resource 913658b5-6a09-46c2-81cc-f40a6f47ec01 (type: ports) to 1
2026-05-08 00:30:33.630 10 INFO neutron.api.wsgi [None req-a653bfb3-f9d6-4ea8-b79d-19b6beccb7e9 71f604d6b92d4df986f7c72f0e2ed2ab 009ac21d550043f8b86254aadb6fd853 - - default default] 10.0.0.37 "POST /v2.0/ports HTTP/1.1" status: 201 len: 973 time: 0.3295457
2026-05-08 00:30:33.710 9 INFO neutron.api.wsgi [None req-8de9d84b-7d30-428b-b682-d042cea69ea4 754989ad745348c2842035e4c954ed15 1e434a98de034528963e385f4ee83562 - - default default] 10.0.0.37 "DELETE /v2.0/security-groups/146410f0-82c4-40a1-90c7-d978f51bc864 HTTP/1.1" status: 204 len: 168 time: 0.2106392
2026-05-08 00:30:33.846 10 INFO neutron.plugins.ml2.drivers.ovn.mech_driver.mech_driver [None req-eefeec07-80f4-4482-8826-d20b3b53381e - - - - - -] OVN reports status down for port: 913658b5-6a09-46c2-81cc-f40a6f47ec01
2026-05-08 00:30:33.870 9 INFO neutron.db.ovn_revision_numbers_db [None req-34da7cd7-c6e1-4a60-9880-1a58c352ba39 71f604d6b92d4df986f7c72f0e2ed2ab 009ac21d550043f8b86254aadb6fd853 - - default default] Successfully bumped revision number for resource 913658b5-6a09-46c2-81cc-f40a6f47ec01 (type: ports) to 2
2026-05-08 00:30:33.880 9 INFO neutron.api.wsgi [None req-34da7cd7-c6e1-4a60-9880-1a58c352ba39 71f604d6b92d4df986f7c72f0e2ed2ab 009ac21d550043f8b86254aadb6fd853 - - default default] 10.0.0.37 "PUT /v2.0/ports/913658b5-6a09-46c2-81cc-f40a6f47ec01 HTTP/1.1" status: 200 len: 946 time: 0.2434728 /var/lib/openstack/lib/python3.12/site-packages/pycadf/identifier.py:71: UserWarning: Invalid uuid: neutron. To ensure interoperability, identifiers should be a valid uuid. warnings.warn(('Invalid uuid: %s. To ensure interoperability, '
2026-05-08 00:30:34.114 10 INFO neutron.api.wsgi [None req-5eef26fd-0150-435a-ad2e-286c967535c8 71f604d6b92d4df986f7c72f0e2ed2ab 009ac21d550043f8b86254aadb6fd853 - - default default] 10.0.0.37 "DELETE /v2.0/ports/913658b5-6a09-46c2-81cc-f40a6f47ec01 HTTP/1.1" status: 204 len: 168 time: 0.2286704
2026-05-08 00:30:34.149 10 INFO neutron.api.wsgi [None req-444b2772-eee6-47c7-97f9-8e9a64de7b43 71f604d6b92d4df986f7c72f0e2ed2ab 009ac21d550043f8b86254aadb6fd853 - - default default] 10.0.0.37 "GET /v2.0/ports HTTP/1.1" status: 200 len: 1729 time: 0.0310514
2026-05-08 00:30:34.165 10 INFO neutron.pecan_wsgi.hooks.translation [None req-dec5e1f3-00ac-461a-94cd-fd067f8bed75 71f604d6b92d4df986f7c72f0e2ed2ab 009ac21d550043f8b86254aadb6fd853 - - default default] GET failed (client error): The resource could not be found.
2026-05-08 00:30:34.166 10 INFO neutron.api.wsgi [None req-dec5e1f3-00ac-461a-94cd-fd067f8bed75 71f604d6b92d4df986f7c72f0e2ed2ab 009ac21d550043f8b86254aadb6fd853 - - default default] 10.0.0.37 "GET /v2.0/ports/913658b5-6a09-46c2-81cc-f40a6f47ec01 HTTP/1.1" status: 404 len: 333 time: 0.0125229
2026-05-08 00:30:34.203 10 INFO neutron.api.wsgi [None req-bb2e341a-e466-4488-a7be-dc20b27bd6e0 71f604d6b92d4df986f7c72f0e2ed2ab 009ac21d550043f8b86254aadb6fd853 - - default default] 10.0.0.37 "GET /v2.0/ports HTTP/1.1" status: 200 len: 1729 time: 0.0316772
2026-05-08 00:30:34.235 10 INFO neutron.api.wsgi [None req-6aacf2f7-638c-44da-9757-f3a8b308f897 71f604d6b92d4df986f7c72f0e2ed2ab 009ac21d550043f8b86254aadb6fd853 - - default default] 10.0.0.37 "GET /v2.0/ports/f1e3de4b-badd-4afa-b977-3913d9056b76 HTTP/1.1" status: 200 len: 969 time: 0.0270758
2026-05-08 00:30:34.257 10 INFO neutron.pecan_wsgi.hooks.translation [None req-08f58f39-740b-434f-9340-857ea48ad3ee 71f604d6b92d4df986f7c72f0e2ed2ab 009ac21d550043f8b86254aadb6fd853 - - default default] DELETE failed (client error): The resource could not be found.
2026-05-08 00:30:34.260 10 INFO neutron.api.wsgi [None req-08f58f39-740b-434f-9340-857ea48ad3ee 71f604d6b92d4df986f7c72f0e2ed2ab 009ac21d550043f8b86254aadb6fd853 - - default default] 10.0.0.37 "DELETE /v2.0/ports/390c2c0c-c519-44d1-886e-49575ca44456 HTTP/1.1" status: 404 len: 333 time: 0.0195928
2026-05-08 00:30:34.273 10 INFO neutron.pecan_wsgi.hooks.translation [None req-f6d99f2f-b6ac-4bcd-b0b7-c314caedae73 71f604d6b92d4df986f7c72f0e2ed2ab 009ac21d550043f8b86254aadb6fd853 - - default default] DELETE failed (client error): The resource could not be found.
2026-05-08 00:30:34.275 10 INFO neutron.api.wsgi [None req-f6d99f2f-b6ac-4bcd-b0b7-c314caedae73 71f604d6b92d4df986f7c72f0e2ed2ab 009ac21d550043f8b86254aadb6fd853 - - default default] 10.0.0.37 "DELETE /v2.0/subnets/1da0317d-6db5-4f6e-94d6-dd817360ecd5 HTTP/1.1" status: 404 len: 337 time: 0.0113952
2026-05-08 00:30:34.288 10 INFO neutron.pecan_wsgi.hooks.translation [None req-1ec53ce2-d5a5-4a2b-97c7-02bf1cbb204e 71f604d6b92d4df986f7c72f0e2ed2ab 009ac21d550043f8b86254aadb6fd853 - - default default] DELETE failed (client error): The resource could not be found.
2026-05-08 00:30:34.291 10 INFO neutron.api.wsgi [None req-1ec53ce2-d5a5-4a2b-97c7-02bf1cbb204e 71f604d6b92d4df986f7c72f0e2ed2ab 009ac21d550043f8b86254aadb6fd853 - - default default] 10.0.0.37 "DELETE /v2.0/subnets/bcd886c2-27bb-4fac-a6d2-b8ee4aa2fc7e HTTP/1.1" status: 404 len: 337 time: 0.0131726
2026-05-08 00:30:34.492 10 INFO neutron.api.wsgi [None req-e13ea1be-16c0-4b88-a51c-1b286ff4b4af 71f604d6b92d4df986f7c72f0e2ed2ab 009ac21d550043f8b86254aadb6fd853 - - default default] 10.0.0.37 "DELETE /v2.0/ports/f1e3de4b-badd-4afa-b977-3913d9056b76 HTTP/1.1" status: 204 len: 168 time: 0.1968749
2026-05-08 00:30:34.808 10 INFO neutron.api.wsgi [None req-b2eda403-9a8e-498c-9d65-fba6efa10660 71f604d6b92d4df986f7c72f0e2ed2ab 009ac21d550043f8b86254aadb6fd853 - - default default] 10.0.0.37 "DELETE /v2.0/networks/918428c7-a151-4a09-9b40-a5c722a731f4 HTTP/1.1" status: 204 len: 168 time: 0.3116643
2026-05-08 00:30:35.288 10 INFO neutron.services.segments.plugin [-] Segment c5d6575b-c064-4090-b44a-e270a169ddf4 resource provider aggregate not found
2026-05-08 00:30:35.294 10 INFO neutron.services.segments.plugin [-] Segment c5d6575b-c064-4090-b44a-e270a169ddf4 resource provider aggregate not found
2026-05-08 00:30:35.299 10 INFO neutron.services.segments.plugin [-] Segment c5d6575b-c064-4090-b44a-e270a169ddf4 resource provider not found; error: Placement Client Error (4xx): {"errors": [{"status": 404, "title": "Not Found", "detail": "The resource could not be found.\n\n No resource provider with uuid c5d6575b-c064-4090-b44a-e270a169ddf4 found for delete ", "request_id": "req-084eaea1-e13c-4e37-a894-ced6b99c4194"}]}
2026-05-08 00:30:35.313 10 INFO neutron.services.segments.plugin [-] Segment c5d6575b-c064-4090-b44a-e270a169ddf4 resource provider not found; error: Placement Client Error (4xx): {"errors": [{"status": 404, "title": "Not Found", "detail": "The resource could not be found.\n\n No resource provider with uuid c5d6575b-c064-4090-b44a-e270a169ddf4 found for delete ", "request_id": "req-4b7ed7ae-79b8-4da2-a5a5-b9c5222019f6"}]}
2026-05-08 00:30:35.338 10 INFO neutron.api.wsgi [None req-672c2232-f80a-4ed4-9e6e-5be3bd77d559 754989ad745348c2842035e4c954ed15 1e434a98de034528963e385f4ee83562 - - default default] 10.0.0.37 "GET /v2.0/security-groups?tenant_id=009ac21d550043f8b86254aadb6fd853&name=default HTTP/1.1" status: 200 len: 3120 time: 0.1123939 /var/lib/openstack/lib/python3.12/site-packages/pycadf/identifier.py:71: UserWarning: Invalid uuid: neutron. To ensure interoperability, identifiers should be a valid uuid. warnings.warn(('Invalid uuid: %s. To ensure interoperability, '
2026-05-08 00:30:35.451 9 INFO neutron.db.ovn_revision_numbers_db [None req-caaa2a78-60d6-4a87-a5d0-2437518fb3f5 754989ad745348c2842035e4c954ed15 1e434a98de034528963e385f4ee83562 - - default default] Successfully bumped revision number for resource 37e22ebd-0ca3-44f4-8b2a-9f8b9760a82a (type: security_groups) to 1
2026-05-08 00:30:35.463 9 INFO neutron.db.ovn_revision_numbers_db [None req-caaa2a78-60d6-4a87-a5d0-2437518fb3f5 754989ad745348c2842035e4c954ed15 1e434a98de034528963e385f4ee83562 - - default default] Successfully bumped revision number for resource 26ec9c95-b0eb-43ac-9d0f-fc79d99ba1aa (type: security_group_rules) to 0
2026-05-08 00:30:35.477 9 INFO neutron.db.ovn_revision_numbers_db [None req-caaa2a78-60d6-4a87-a5d0-2437518fb3f5 754989ad745348c2842035e4c954ed15 1e434a98de034528963e385f4ee83562 - - default default] Successfully bumped revision number for resource 636911ff-a9cb-4531-b5c5-d408934e7bf7 (type: security_group_rules) to 0
2026-05-08 00:30:35.496 9 INFO neutron.db.ovn_revision_numbers_db [None req-caaa2a78-60d6-4a87-a5d0-2437518fb3f5 754989ad745348c2842035e4c954ed15 1e434a98de034528963e385f4ee83562 - - default default] Successfully bumped revision number for resource c3a285b5-ad91-4e79-b5d9-afce276fbf4f (type: security_group_rules) to 0
2026-05-08 00:30:35.519 9 INFO neutron.db.ovn_revision_numbers_db [None req-caaa2a78-60d6-4a87-a5d0-2437518fb3f5 754989ad745348c2842035e4c954ed15 1e434a98de034528963e385f4ee83562 - - default default] Successfully bumped revision number for resource d5ed1b22-98aa-4f71-b9e6-7e17c3feb3fd (type: security_group_rules) to 0
2026-05-08 00:30:35.528 10 INFO neutron.api.wsgi [None req-70748336-c641-4774-94a5-2ef0af6c44f7 754989ad745348c2842035e4c954ed15 1e434a98de034528963e385f4ee83562 - - default default] 10.0.0.37 "DELETE /v2.0/security-groups/8c7c964d-b135-4cff-aa9e-9ea4fdbbb631 HTTP/1.1" status: 204 len: 168 time: 0.1863265
2026-05-08 00:30:35.553 9 INFO neutron.api.wsgi [None req-caaa2a78-60d6-4a87-a5d0-2437518fb3f5 754989ad745348c2842035e4c954ed15 1e434a98de034528963e385f4ee83562 - - default default] 10.0.0.37 "GET /v2.0/security-groups?tenant_id=7576306bcab0408f948c04db0d1fd288&name=default HTTP/1.1" status: 200 len: 3120 time: 0.3206019
2026-05-08 00:30:35.742 9 INFO neutron.api.wsgi [None req-e7f69fcf-b482-44af-9df1-081a05d9a73c 754989ad745348c2842035e4c954ed15 1e434a98de034528963e385f4ee83562 - - default default] 10.0.0.37 "DELETE /v2.0/security-groups/37e22ebd-0ca3-44f4-8b2a-9f8b9760a82a HTTP/1.1" status: 204 len: 168 time: 0.1854625
2026-05-08 00:30:35.878 10 INFO neutron.api.wsgi [None req-2f4a428e-88fb-4a46-a0bd-da527c47c2cf 828ed6501a674595a53874d69d565e73 f3811160277045829991272a77560171 - - default default] 10.0.0.37 "POST /v2.0/qos/policies HTTP/1.1" status: 201 len: 558 time: 0.2185860
2026-05-08 00:30:35.918 10 INFO neutron.api.wsgi [None req-6effc233-f667-46f7-b788-a07f849607e0 828ed6501a674595a53874d69d565e73 f3811160277045829991272a77560171 - - default default] 10.0.0.37 "PUT /v2.0/policies/179394f1-1bfb-4b87-b2c2-8dc64d5499e4/tags HTTP/1.1" status: 200 len: 218 time: 0.0325439
2026-05-08 00:30:35.940 10 INFO neutron.api.wsgi [None req-86246222-86f5-4f10-841b-c73a28a14549 828ed6501a674595a53874d69d565e73 f3811160277045829991272a77560171 - - default default] 10.0.0.37 "GET /v2.0/policies/179394f1-1bfb-4b87-b2c2-8dc64d5499e4/tags HTTP/1.1" status: 200 len: 218 time: 0.0170407
2026-05-08 00:30:35.971 9 INFO neutron.api.wsgi [None req-bb1cad58-b1bc-4db0-ba83-b8675dfc8071 828ed6501a674595a53874d69d565e73 f3811160277045829991272a77560171 - - default default] 10.0.0.37 "PUT /v2.0/policies/179394f1-1bfb-4b87-b2c2-8dc64d5499e4/tags/green HTTP/1.1" status: 201 len: 201 time: 0.0264280
2026-05-08 00:30:35.995 10 INFO neutron.api.wsgi [None req-b3e09387-b166-4299-91f1-e5897db1476a 828ed6501a674595a53874d69d565e73 f3811160277045829991272a77560171 - - default default] 10.0.0.37 "GET /v2.0/policies/179394f1-1bfb-4b87-b2c2-8dc64d5499e4/tags HTTP/1.1" status: 200 len: 227 time: 0.0186064
2026-05-08 00:30:36.020 10 INFO neutron.api.wsgi [None req-463d2af0-5e00-4a7b-b5be-0e430d357e1c 828ed6501a674595a53874d69d565e73 f3811160277045829991272a77560171 - - default default] 10.0.0.37 "PUT /v2.0/policies/179394f1-1bfb-4b87-b2c2-8dc64d5499e4/tags/red HTTP/1.1" status: 201 len: 201 time: 0.0201547
2026-05-08 00:30:36.036 10 INFO neutron.api.wsgi [None req-5a13be8a-34f3-49e2-95eb-4d290dd1e304 828ed6501a674595a53874d69d565e73 f3811160277045829991272a77560171 - - default default] 10.0.0.37 "GET /v2.0/policies/179394f1-1bfb-4b87-b2c2-8dc64d5499e4/tags HTTP/1.1" status: 200 len: 227 time: 0.0127444
2026-05-08 00:30:36.062 10 INFO neutron.api.wsgi [None req-6741556f-c473-45bf-a3c2-3af185fa7042 828ed6501a674595a53874d69d565e73 f3811160277045829991272a77560171 - - default default] 10.0.0.37 "PUT /v2.0/policies/179394f1-1bfb-4b87-b2c2-8dc64d5499e4/tags/black.or.white HTTP/1.1" status: 201 len: 201 time: 0.0234528
2026-05-08 00:30:36.085 10 INFO neutron.api.wsgi [None req-2f449455-5cfd-496c-a9b3-0ba241668856 828ed6501a674595a53874d69d565e73 f3811160277045829991272a77560171 - - default default] 10.0.0.37 "GET /v2.0/policies/179394f1-1bfb-4b87-b2c2-8dc64d5499e4/tags HTTP/1.1" status: 200 len: 245 time: 0.0186253
2026-05-08 00:30:36.114 10 INFO neutron.api.wsgi [None req-739e3e17-3b6f-4b01-bcf3-5f20234b68a1 828ed6501a674595a53874d69d565e73 f3811160277045829991272a77560171 - - default default] 10.0.0.37 "PUT /v2.0/policies/179394f1-1bfb-4b87-b2c2-8dc64d5499e4/tags HTTP/1.1" status: 200 len: 230 time: 0.0252008
2026-05-08 00:30:36.140 10 INFO neutron.api.wsgi [None req-7289629f-63e9-4ba1-ba6a-61dee147f7a5 828ed6501a674595a53874d69d565e73 f3811160277045829991272a77560171 - - default default] 10.0.0.37 "GET /v2.0/policies/179394f1-1bfb-4b87-b2c2-8dc64d5499e4/tags HTTP/1.1" status: 200 len: 230 time: 0.0194032
2026-05-08 00:30:36.161 10 INFO neutron.api.wsgi [None req-12014841-36bb-4026-956d-f2e4230466aa 828ed6501a674595a53874d69d565e73 f3811160277045829991272a77560171 - - default default] 10.0.0.37 "GET /v2.0/policies/179394f1-1bfb-4b87-b2c2-8dc64d5499e4/tags/red HTTP/1.1" status: 204 len: 168 time: 0.0146370
2026-05-08 00:30:36.179 10 INFO neutron.api.v2.resource [None req-2c345ae9-4cc9-4547-bd0e-732e4b79c373 828ed6501a674595a53874d69d565e73 f3811160277045829991272a77560171 - - default default] show failed (client error): The resource could not be found.
2026-05-08 00:30:36.180 10 INFO neutron.api.wsgi [None req-2c345ae9-4cc9-4547-bd0e-732e4b79c373 828ed6501a674595a53874d69d565e73 f3811160277045829991272a77560171 - - default default] 10.0.0.37 "GET /v2.0/policies/179394f1-1bfb-4b87-b2c2-8dc64d5499e4/tags/green HTTP/1.1" status: 404 len: 299 time: 0.0143254
2026-05-08 00:30:36.220 10 INFO neutron.api.wsgi [None req-1f77c678-cda3-4655-9abb-0963155ec151 828ed6501a674595a53874d69d565e73 f3811160277045829991272a77560171 - - default default] 10.0.0.37 "DELETE /v2.0/policies/179394f1-1bfb-4b87-b2c2-8dc64d5499e4/tags/red HTTP/1.1" status: 204 len: 168 time: 0.0333676
2026-05-08 00:30:36.239 10 INFO neutron.api.wsgi [None req-136dae42-befd-4118-b311-62e02ddae419 828ed6501a674595a53874d69d565e73 f3811160277045829991272a77560171 - - default default] 10.0.0.37 "GET /v2.0/policies/179394f1-1bfb-4b87-b2c2-8dc64d5499e4/tags HTTP/1.1" status: 200 len: 223 time: 0.0145228
2026-05-08 00:30:36.259 10 INFO neutron.api.v2.resource [None req-b022a702-2748-45c5-a18f-987e5f256fda 828ed6501a674595a53874d69d565e73 f3811160277045829991272a77560171 - - default default] delete failed (client error): The resource could not be found.
2026-05-08 00:30:36.260 10 INFO neutron.api.wsgi [None req-b022a702-2748-45c5-a18f-987e5f256fda 828ed6501a674595a53874d69d565e73 f3811160277045829991272a77560171 - - default default] 10.0.0.37 "DELETE /v2.0/policies/179394f1-1bfb-4b87-b2c2-8dc64d5499e4/tags/green HTTP/1.1" status: 404 len: 299 time: 0.0160196
2026-05-08 00:30:36.292 10 INFO neutron.api.wsgi [None req-7a3414e0-f1a4-468f-9a05-1078c85b5e15 828ed6501a674595a53874d69d565e73 f3811160277045829991272a77560171 - - default default] 10.0.0.37 "DELETE /v2.0/policies/179394f1-1bfb-4b87-b2c2-8dc64d5499e4/tags HTTP/1.1" status: 204 len: 168 time: 0.0251141
