2026-05-08 00:29:52.312 9 INFO neutron.db.ovn_revision_numbers_db [None req-a0e916a5-36cd-4639-92a8-448457402d2a 754989ad745348c2842035e4c954ed15 1e434a98de034528963e385f4ee83562 - - default default] Successfully bumped revision number for resource 00ae063f-e0dd-44f7-b563-41981a1fcf8a (type: ports) to 1
2026-05-08 00:29:52.456 10 INFO neutron.api.wsgi [req-8a06a920-5c8d-4075-a55d-6450d758bb8f req-4c6729e2-ac53-4cb6-ac49-30e4660bf102 911a434d79154d708d7fd32223f98f7c d85f5260fc2942d5b83bba6b662d8a02 - - default default] 10.0.0.250 "GET /v2.0/ports?device_id=0dcae14e-6a32-4aed-965f-26580fc64c48 HTTP/1.1" status: 200 len: 210 time: 0.0170178
2026-05-08 00:29:52.484 10 INFO neutron.db.ovn_revision_numbers_db [None req-49d1f89c-30d6-48e2-93a8-dd2eda4cadb9 - - - - - -] Successfully bumped revision number for resource 568c36f6-a9a9-4a0a-a96f-0ea0aff30e5a (type: ports) to 5
2026-05-08 00:29:52.823 10 INFO neutron.plugins.ml2.drivers.ovn.mech_driver.mech_driver [None req-bad8c8b5-30ac-4875-ae81-235209bd66d2 - - - - - -] OVN reports status up for port: 00ae063f-e0dd-44f7-b563-41981a1fcf8a
2026-05-08 00:29:52.835 10 INFO neutron.plugins.ml2.plugin [None req-bad8c8b5-30ac-4875-ae81-235209bd66d2 - - - - - -] Attempt 1 to provision port 00ae063f-e0dd-44f7-b563-41981a1fcf8a
2026-05-08 00:29:52.843 10 INFO neutron.db.ovn_revision_numbers_db [None req-d32bc13d-5411-4133-8fc8-462713873bfb 754989ad745348c2842035e4c954ed15 1e434a98de034528963e385f4ee83562 - - default default] Successfully bumped revision number for resource f4efccc5-142e-4366-a914-b11b1eb3da04 (type: security_groups) to 1
2026-05-08 00:29:52.846 9 INFO neutron.db.ovn_revision_numbers_db [None req-a0e916a5-36cd-4639-92a8-448457402d2a 754989ad745348c2842035e4c954ed15 1e434a98de034528963e385f4ee83562 - - default default] Successfully bumped revision number for resource 00ae063f-e0dd-44f7-b563-41981a1fcf8a (type: ports) to 1
2026-05-08 00:29:52.864 10 INFO neutron.db.ovn_revision_numbers_db [None req-d32bc13d-5411-4133-8fc8-462713873bfb 754989ad745348c2842035e4c954ed15 1e434a98de034528963e385f4ee83562 - - default default] Successfully bumped revision number for resource 1bdeeef9-3bf2-40f2-83c8-34f6481ea9d1 (type: security_group_rules) to 0
2026-05-08 00:29:52.880 10 INFO neutron.db.ovn_revision_numbers_db [None req-d32bc13d-5411-4133-8fc8-462713873bfb 754989ad745348c2842035e4c954ed15 1e434a98de034528963e385f4ee83562 - - default default] Successfully bumped revision number for resource 59cc940f-b448-40ec-8da9-3b225f83e42c (type: security_group_rules) to 0
2026-05-08 00:29:52.891 10 INFO neutron.db.ovn_revision_numbers_db [None req-d32bc13d-5411-4133-8fc8-462713873bfb 754989ad745348c2842035e4c954ed15 1e434a98de034528963e385f4ee83562 - - default default] Successfully bumped revision number for resource b878d8a4-1afd-4343-af72-9e37a04c0aec (type: security_group_rules) to 0
2026-05-08 00:29:52.892 9 WARNING neutron.scheduler.dhcp_agent_scheduler [None req-a0e916a5-36cd-4639-92a8-448457402d2a 754989ad745348c2842035e4c954ed15 1e434a98de034528963e385f4ee83562 - - default default] No more DHCP agents
2026-05-08 00:29:52.893 9 WARNING neutron.api.rpc.agentnotifiers.dhcp_rpc_agent_api [None req-a0e916a5-36cd-4639-92a8-448457402d2a 754989ad745348c2842035e4c954ed15 1e434a98de034528963e385f4ee83562 - - default default] Unable to schedule network cddfc2d3-7ead-45c8-a57e-36aae320415d: no agents available; will retry on subsequent port and subnet creation events.
2026-05-08 00:29:52.909 10 INFO neutron.db.ovn_revision_numbers_db [None req-d32bc13d-5411-4133-8fc8-462713873bfb 754989ad745348c2842035e4c954ed15 1e434a98de034528963e385f4ee83562 - - default default] Successfully bumped revision number for resource bb63fddb-96ba-4463-b4c0-3fd75096c39f (type: security_group_rules) to 0
2026-05-08 00:29:52.960 10 INFO neutron.api.wsgi [None req-d32bc13d-5411-4133-8fc8-462713873bfb 754989ad745348c2842035e4c954ed15 1e434a98de034528963e385f4ee83562 - - default default] 10.0.0.37 "GET /v2.0/security-groups?tenant_id=8365e2b1b51c4879a1cffbb25f9be7f1&name=default HTTP/1.1" status: 200 len: 3120 time: 0.3060930
2026-05-08 00:29:53.196 10 INFO neutron.api.wsgi [None req-74185404-6365-4e13-b084-86a11f173353 754989ad745348c2842035e4c954ed15 1e434a98de034528963e385f4ee83562 - - default default] 10.0.0.37 "DELETE /v2.0/security-groups/f4efccc5-142e-4366-a914-b11b1eb3da04 HTTP/1.1" status: 204 len: 168 time: 0.2286103
2026-05-08 00:29:53.206 10 INFO neutron.db.ovn_revision_numbers_db [None req-bad8c8b5-30ac-4875-ae81-235209bd66d2 - - - - - -] Successfully bumped revision number for resource 00ae063f-e0dd-44f7-b563-41981a1fcf8a (type: ports) to 2
2026-05-08 00:29:53.568 9 INFO neutron.db.ovn_revision_numbers_db [None req-a0e916a5-36cd-4639-92a8-448457402d2a 754989ad745348c2842035e4c954ed15 1e434a98de034528963e385f4ee83562 - - default default] Successfully bumped revision number for resource 00ae063f-e0dd-44f7-b563-41981a1fcf8a (type: router_ports) to 1
2026-05-08 00:29:53.573 9 INFO neutron.api.wsgi [None req-a0e916a5-36cd-4639-92a8-448457402d2a 754989ad745348c2842035e4c954ed15 1e434a98de034528963e385f4ee83562 - - default default] 10.0.0.37 "PUT /v2.0/routers/b636433b-fdff-42dc-a452-77e5b6073420/add_router_interface HTTP/1.1" status: 200 len: 503 time: 2.0815370
2026-05-08 00:29:53.575 10 INFO neutron.api.wsgi [req-6cce4cf0-a09c-46c4-a860-59ae517deafa req-389362df-127f-4b09-97ca-e185bf1722a5 911a434d79154d708d7fd32223f98f7c d85f5260fc2942d5b83bba6b662d8a02 - - default default] 10.0.0.250 "GET /v2.0/ports?device_id=0dcae14e-6a32-4aed-965f-26580fc64c48 HTTP/1.1" status: 200 len: 210 time: 0.0413737
2026-05-08 00:29:54.046 9 INFO neutron.api.wsgi [req-efbcd92f-29e7-4e51-b213-ba43da51c17c req-5d91b7a7-4377-43e3-951d-300c7cf43d22 5a61d14ec71942d9ba839cb224b69985 f014bbe0d67a4e8d9adc079e7bb2a16b - - 1b55432df30e49d4b604d7e3bc98fc88 1b55432df30e49d4b604d7e3bc98fc88] 10.0.0.58 "GET /v2.0/ports?device_id=d655cdfa-34d7-4a92-accd-a69fe12d4b1a HTTP/1.1" status: 200 len: 1413 time: 0.0359647
2026-05-08 00:29:54.081 9 INFO neutron.api.wsgi [req-efbcd92f-29e7-4e51-b213-ba43da51c17c req-c69ec3b4-5615-4935-9a09-ce2d83d5d2d4 5a61d14ec71942d9ba839cb224b69985 f014bbe0d67a4e8d9adc079e7bb2a16b - - 1b55432df30e49d4b604d7e3bc98fc88 1b55432df30e49d4b604d7e3bc98fc88] 10.0.0.58 "GET /v2.0/security-groups?id=7047f0c2-39be-46ba-9c55-ad1d786915b4&fields=id&fields=name HTTP/1.1" status: 200 len: 312 time: 0.0277648
2026-05-08 00:29:54.580 10 INFO neutron.api.wsgi [req-fe027dfa-bbee-451b-8e4a-5a91ce3d7a7a req-1f280fe3-0e63-4b80-b0cb-23e6cdf543fb 6aff2e0f5ea04b73a81c5b04c344d685 a20d50bf362c4834b644f27263028ed4 - - default default] 10.0.0.250 "GET /v2.0/networks?id=cddfc2d3-7ead-45c8-a57e-36aae320415d HTTP/1.1" status: 200 len: 877 time: 0.0380156
2026-05-08 00:29:54.591 10 INFO neutron.api.wsgi [req-fe027dfa-bbee-451b-8e4a-5a91ce3d7a7a req-440a3a08-34b3-46b9-a981-41e13ed21e31 6aff2e0f5ea04b73a81c5b04c344d685 a20d50bf362c4834b644f27263028ed4 - - default default] 10.0.0.250 "GET /v2.0/quotas/a20d50bf362c4834b644f27263028ed4 HTTP/1.1" status: 200 len: 491 time: 0.0068779
2026-05-08 00:29:54.670 10 INFO neutron.api.wsgi [req-fe027dfa-bbee-451b-8e4a-5a91ce3d7a7a req-801dd658-7fc2-44dd-925d-03a214321f43 6aff2e0f5ea04b73a81c5b04c344d685 a20d50bf362c4834b644f27263028ed4 - - default default] 10.0.0.250 "GET /v2.0/ports?tenant_id=a20d50bf362c4834b644f27263028ed4&fields=id HTTP/1.1" status: 200 len: 302 time: 0.0702662
2026-05-08 00:29:54.719 10 INFO neutron.api.wsgi [req-fe027dfa-bbee-451b-8e4a-5a91ce3d7a7a req-c3c04c9c-2614-43e4-99f7-23a826dddd15 5a61d14ec71942d9ba839cb224b69985 f014bbe0d67a4e8d9adc079e7bb2a16b - - 1b55432df30e49d4b604d7e3bc98fc88 1b55432df30e49d4b604d7e3bc98fc88] 10.0.0.250 "GET /v2.0/networks/cddfc2d3-7ead-45c8-a57e-36aae320415d?fields=segments HTTP/1.1" status: 200 len: 212 time: 0.0411100
2026-05-08 00:29:54.767 10 INFO neutron.api.wsgi [req-fe027dfa-bbee-451b-8e4a-5a91ce3d7a7a req-005e38f2-94be-41b8-b7cd-6bf607946821 5a61d14ec71942d9ba839cb224b69985 f014bbe0d67a4e8d9adc079e7bb2a16b - - 1b55432df30e49d4b604d7e3bc98fc88 1b55432df30e49d4b604d7e3bc98fc88] 10.0.0.250 "GET /v2.0/networks/cddfc2d3-7ead-45c8-a57e-36aae320415d?fields=provider%3Aphysical_network&fields=provider%3Anetwork_type HTTP/1.1" status: 200 len: 277 time: 0.0399444
2026-05-08 00:29:54.790 9 INFO neutron.api.wsgi [None req-1350ff61-5b48-42a3-b6d4-a945667163d9 911a434d79154d708d7fd32223f98f7c d85f5260fc2942d5b83bba6b662d8a02 - - default default] 10.0.0.37 "DELETE /v2.0/security-groups/5031febf-36c2-4fe3-9ce8-958f83556123 HTTP/1.1" status: 204 len: 168 time: 0.1457305
2026-05-08 00:29:54.804 9 INFO neutron.api.v2.resource [None req-733bf9b5-a9c0-4c1b-a51c-8ca5193d6bfb 911a434d79154d708d7fd32223f98f7c d85f5260fc2942d5b83bba6b662d8a02 - - default default] show failed (client error): The resource could not be found.
2026-05-08 00:29:54.805 9 INFO neutron.api.wsgi [None req-733bf9b5-a9c0-4c1b-a51c-8ca5193d6bfb 911a434d79154d708d7fd32223f98f7c d85f5260fc2942d5b83bba6b662d8a02 - - default default] 10.0.0.37 "GET /v2.0/security-groups/5031febf-36c2-4fe3-9ce8-958f83556123 HTTP/1.1" status: 404 len: 347 time: 0.0092926
2026-05-08 00:29:54.896 10 INFO neutron.api.wsgi [req-6429a28b-5e47-4d44-b38c-280389c58658 req-0f4adf3b-8d7b-474d-81c7-83f7757148a4 6aff2e0f5ea04b73a81c5b04c344d685 a20d50bf362c4834b644f27263028ed4 - - default default] 10.0.0.250 "GET /v2.0/ports?device_id=0636ff06-eff3-40ba-a1dc-d3dd29704d89 HTTP/1.1" status: 200 len: 210 time: 0.0153451
2026-05-08 00:29:55.070 10 INFO neutron.api.wsgi [None req-6025f22d-5b3c-46d7-bfee-4ea215547240 911a434d79154d708d7fd32223f98f7c d85f5260fc2942d5b83bba6b662d8a02 - - default default] 10.0.0.37 "DELETE /v2.0/floatingips/e83540e6-6517-41d6-9e63-90db51c3edf3 HTTP/1.1" status: 204 len: 168 time: 0.2602973
2026-05-08 00:29:55.987 10 INFO neutron.api.wsgi [req-968e6a15-e71b-4a62-abef-f72fef132d16 req-b2348f21-e80a-4e00-8496-6ce81192d04e 6aff2e0f5ea04b73a81c5b04c344d685 a20d50bf362c4834b644f27263028ed4 - - default default] 10.0.0.250 "GET /v2.0/ports?device_id=0636ff06-eff3-40ba-a1dc-d3dd29704d89 HTTP/1.1" status: 200 len: 210 time: 0.0220962
2026-05-08 00:29:56.170 10 INFO neutron.api.wsgi [None req-f6791214-65b8-432c-bc3d-e6d638bca398 754989ad745348c2842035e4c954ed15 1e434a98de034528963e385f4ee83562 - - default default] 10.0.0.37 "PUT /v2.0/routers/63a96a9b-1b94-4b93-953a-e8dc06fdd8bb/remove_router_interface HTTP/1.1" status: 200 len: 503 time: 1.0842767 /var/lib/openstack/lib/python3.12/site-packages/pycadf/identifier.py:71: UserWarning: Invalid uuid: neutron. To ensure interoperability, identifiers should be a valid uuid. warnings.warn(('Invalid uuid: %s. To ensure interoperability, '
2026-05-08 00:29:56.854 10 INFO neutron.api.wsgi [None req-05e56783-cd23-4465-9ad1-31e6c4850177 754989ad745348c2842035e4c954ed15 1e434a98de034528963e385f4ee83562 - - default default] 10.0.0.37 "DELETE /v2.0/routers/63a96a9b-1b94-4b93-953a-e8dc06fdd8bb HTTP/1.1" status: 204 len: 168 time: 0.6784768
2026-05-08 00:29:57.038 10 INFO neutron.api.wsgi [None req-6f1d5933-3ad8-4f68-a114-41d0870efbe2 754989ad745348c2842035e4c954ed15 1e434a98de034528963e385f4ee83562 - - default default] 10.0.0.37 "DELETE /v2.0/subnets/ecf3b4bd-1290-4aae-93cf-b305a175bb5a HTTP/1.1" status: 204 len: 168 time: 0.1778669
2026-05-08 00:29:57.106 10 INFO neutron.api.wsgi [req-7f7369fd-c57d-4ecd-a707-09a15877e6df req-86a943bd-5d62-46e5-9ba1-f7486d29732b 6aff2e0f5ea04b73a81c5b04c344d685 a20d50bf362c4834b644f27263028ed4 - - default default] 10.0.0.250 "GET /v2.0/ports?device_id=0636ff06-eff3-40ba-a1dc-d3dd29704d89 HTTP/1.1" status: 200 len: 210 time: 0.0327148
2026-05-08 00:29:57.125 10 INFO neutron.api.wsgi [req-65fb7ee7-d24a-4e46-8bec-921e734ed1e8 req-f9ecded1-6a76-484c-a733-bb67d7f872de c51b260a9d7e41f1b9087da72b93cdb8 7089b279f72c42ab80299d8ca9311648 - - default default] 10.0.0.250 "GET /v2.0/ports?device_id=d655cdfa-34d7-4a92-accd-a69fe12d4b1a HTTP/1.1" status: 200 len: 1174 time: 0.0999460
2026-05-08 00:29:57.167 10 INFO neutron.api.wsgi [req-65fb7ee7-d24a-4e46-8bec-921e734ed1e8 req-626588a4-741c-4f5f-8a5e-3ae9008e1006 c51b260a9d7e41f1b9087da72b93cdb8 7089b279f72c42ab80299d8ca9311648 - - default default] 10.0.0.250 "GET /v2.0/security-groups?id=7047f0c2-39be-46ba-9c55-ad1d786915b4&fields=id&fields=name HTTP/1.1" status: 200 len: 312 time: 0.0376310
2026-05-08 00:29:57.287 10 INFO neutron.api.wsgi [req-9a44bcd8-185d-43d2-b5ad-bc3cf9474c39 req-cdcb7164-2e35-4575-b421-6c9e4ee405bf c51b260a9d7e41f1b9087da72b93cdb8 7089b279f72c42ab80299d8ca9311648 - - default default] 10.0.0.250 "GET /v2.0/ports?device_id=d655cdfa-34d7-4a92-accd-a69fe12d4b1a HTTP/1.1" status: 200 len: 1174 time: 0.0362110
2026-05-08 00:29:57.323 10 INFO neutron.api.wsgi [req-9a44bcd8-185d-43d2-b5ad-bc3cf9474c39 req-83484ec9-1127-4ace-ba03-37ade39ca6cf c51b260a9d7e41f1b9087da72b93cdb8 7089b279f72c42ab80299d8ca9311648 - - default default] 10.0.0.250 "GET /v2.0/security-groups?id=7047f0c2-39be-46ba-9c55-ad1d786915b4&fields=id&fields=name HTTP/1.1" status: 200 len: 312 time: 0.0297840
2026-05-08 00:29:57.357 9 INFO neutron.services.segments.plugin [-] Segment b05776e7-3316-4b17-a6f9-16184d3122b3 resource provider aggregate not found
2026-05-08 00:29:57.363 9 INFO neutron.services.segments.plugin [-] Segment b05776e7-3316-4b17-a6f9-16184d3122b3 resource provider aggregate not found
2026-05-08 00:29:57.380 9 INFO neutron.services.segments.plugin [-] Segment b05776e7-3316-4b17-a6f9-16184d3122b3 resource provider not found; error: Placement Client Error (4xx): {"errors": [{"status": 404, "title": "Not Found", "detail": "The resource could not be found.\n\n No resource provider with uuid b05776e7-3316-4b17-a6f9-16184d3122b3 found for delete ", "request_id": "req-8cda72c8-9fcb-4fcb-af2c-3c0baac5615b"}]}
2026-05-08 00:29:57.382 9 INFO neutron.services.segments.plugin [-] Segment b05776e7-3316-4b17-a6f9-16184d3122b3 resource provider not found; error: Placement Client Error (4xx): {"errors": [{"status": 404, "title": "Not Found", "detail": "The resource could not be found.\n\n No resource provider with uuid b05776e7-3316-4b17-a6f9-16184d3122b3 found for delete ", "request_id": "req-3ac91599-919a-453a-a3ca-517dbc299eee"}]}
2026-05-08 00:29:57.396 9 INFO neutron.api.wsgi [None req-6b3d8976-6690-475a-84db-43ba5637a829 754989ad745348c2842035e4c954ed15 1e434a98de034528963e385f4ee83562 - - default default] 10.0.0.37 "DELETE /v2.0/networks/a7c7e54d-d39a-48a1-b621-d6301e2108b6 HTTP/1.1" status: 204 len: 168 time: 0.3525128
2026-05-08 00:29:57.621 10 INFO neutron.api.wsgi [None req-8a241fb5-1412-46da-8240-1e656258009a 754989ad745348c2842035e4c954ed15 1e434a98de034528963e385f4ee83562 - - default default] 10.0.0.37 "GET /v2.0/security-groups?tenant_id=d85f5260fc2942d5b83bba6b662d8a02&name=default HTTP/1.1" status: 200 len: 3120 time: 0.0565150
2026-05-08 00:29:57.630 10 INFO neutron.api.wsgi [req-ed8153c8-5a49-44f4-9523-e1f8b4d15c97 req-7479f301-4484-43bb-8048-05c4448447b5 c51b260a9d7e41f1b9087da72b93cdb8 7089b279f72c42ab80299d8ca9311648 - - default default] 10.0.0.250 "GET /v2.0/ports?device_id=d655cdfa-34d7-4a92-accd-a69fe12d4b1a HTTP/1.1" status: 200 len: 1174 time: 0.0400999
2026-05-08 00:29:57.667 10 INFO neutron.api.wsgi [req-ed8153c8-5a49-44f4-9523-e1f8b4d15c97 req-6b598b8f-805d-4f35-bf81-aef8677f676c c51b260a9d7e41f1b9087da72b93cdb8 7089b279f72c42ab80299d8ca9311648 - - default default] 10.0.0.250 "GET /v2.0/security-groups?id=7047f0c2-39be-46ba-9c55-ad1d786915b4&fields=id&fields=name HTTP/1.1" status: 200 len: 312 time: 0.0330827
2026-05-08 00:29:57.837 9 INFO neutron.api.wsgi [None req-78fe02f5-46bd-4f8a-b648-74d03fa3197d 754989ad745348c2842035e4c954ed15 1e434a98de034528963e385f4ee83562 - - default default] 10.0.0.37 "DELETE /v2.0/security-groups/22800758-e363-48e3-94cb-13f5fb84a769 HTTP/1.1" status: 204 len: 168 time: 0.2108948
2026-05-08 00:29:57.878 9 INFO neutron.db.ovn_revision_numbers_db [None req-a258f742-554a-4a87-bc8a-1cb8986b405a 754989ad745348c2842035e4c954ed15 1e434a98de034528963e385f4ee83562 - - default default] Successfully bumped revision number for resource 757b832d-6b97-4cc0-9ae3-8cffe70c7375 (type: security_groups) to 1
2026-05-08 00:29:57.890 9 INFO neutron.db.ovn_revision_numbers_db [None req-a258f742-554a-4a87-bc8a-1cb8986b405a 754989ad745348c2842035e4c954ed15 1e434a98de034528963e385f4ee83562 - - default default] Successfully bumped revision number for resource 413f5d67-8fc8-4d9c-a2c0-45e05aa8abbf (type: security_group_rules) to 0
2026-05-08 00:29:57.906 9 INFO neutron.db.ovn_revision_numbers_db [None req-a258f742-554a-4a87-bc8a-1cb8986b405a 754989ad745348c2842035e4c954ed15 1e434a98de034528963e385f4ee83562 - - default default] Successfully bumped revision number for resource 930cbe8d-0ef0-40ec-8b93-082a120abe3c (type: security_group_rules) to 0
2026-05-08 00:29:57.919 9 INFO neutron.db.ovn_revision_numbers_db [None req-a258f742-554a-4a87-bc8a-1cb8986b405a 754989ad745348c2842035e4c954ed15 1e434a98de034528963e385f4ee83562 - - default default] Successfully bumped revision number for resource d3af7214-1fff-4eab-97c0-ebd853d9da30 (type: security_group_rules) to 0
2026-05-08 00:29:57.931 9 INFO neutron.db.ovn_revision_numbers_db [None req-a258f742-554a-4a87-bc8a-1cb8986b405a 754989ad745348c2842035e4c954ed15 1e434a98de034528963e385f4ee83562 - - default default] Successfully bumped revision number for resource e5bd1a79-347d-4be2-904a-81f6ff270eb2 (type: security_group_rules) to 0
2026-05-08 00:29:57.965 9 INFO neutron.api.wsgi [None req-a258f742-554a-4a87-bc8a-1cb8986b405a 754989ad745348c2842035e4c954ed15 1e434a98de034528963e385f4ee83562 - - default default] 10.0.0.37 "GET /v2.0/security-groups?tenant_id=ba836bd184d641f4b9d9c24b2e1fd3ab&name=default HTTP/1.1" status: 200 len: 3120 time: 0.3725731
2026-05-08 00:29:58.221 9 INFO neutron.api.wsgi [None req-8dd91a3b-fa75-42e4-b7bb-b640262bda51 754989ad745348c2842035e4c954ed15 1e434a98de034528963e385f4ee83562 - - default default] 10.0.0.37 "DELETE /v2.0/security-groups/757b832d-6b97-4cc0-9ae3-8cffe70c7375 HTTP/1.1" status: 204 len: 168 time: 0.2503717
2026-05-08 00:29:58.232 10 INFO neutron.api.wsgi [req-87dd4ba2-9935-4c24-a4e7-c1d358242231 req-f077300c-f563-46b7-a5fc-674e84b23add 6aff2e0f5ea04b73a81c5b04c344d685 a20d50bf362c4834b644f27263028ed4 - - default default] 10.0.0.250 "GET /v2.0/ports?device_id=0636ff06-eff3-40ba-a1dc-d3dd29704d89 HTTP/1.1" status: 200 len: 210 time: 0.0388107
2026-05-08 00:29:58.443 9 INFO neutron.db.ovn_revision_numbers_db [None req-8e227a8b-114e-4a3b-9575-2d639e2a7e3e 754989ad745348c2842035e4c954ed15 1e434a98de034528963e385f4ee83562 - - default default] Successfully bumped revision number for resource f3e50643-9aa9-4378-b147-e4b22f892318 (type: security_groups) to 1
2026-05-08 00:29:58.466 9 INFO neutron.db.ovn_revision_numbers_db [None req-8e227a8b-114e-4a3b-9575-2d639e2a7e3e 754989ad745348c2842035e4c954ed15 1e434a98de034528963e385f4ee83562 - - default default] Successfully bumped revision number for resource 9547f62b-3525-4ad5-ab94-56bb66c53520 (type: security_group_rules) to 0
2026-05-08 00:29:58.483 9 INFO neutron.db.ovn_revision_numbers_db [None req-8e227a8b-114e-4a3b-9575-2d639e2a7e3e 754989ad745348c2842035e4c954ed15 1e434a98de034528963e385f4ee83562 - - default default] Successfully bumped revision number for resource ac9ca31a-a232-43ae-b527-db027a15e9dc (type: security_group_rules) to 0
2026-05-08 00:29:58.500 9 INFO neutron.db.ovn_revision_numbers_db [None req-8e227a8b-114e-4a3b-9575-2d639e2a7e3e 754989ad745348c2842035e4c954ed15 1e434a98de034528963e385f4ee83562 - - default default] Successfully bumped revision number for resource adda1891-54b7-4b74-b4f9-8e24c7c6be06 (type: security_group_rules) to 0
2026-05-08 00:29:58.511 9 INFO neutron.db.ovn_revision_numbers_db [None req-8e227a8b-114e-4a3b-9575-2d639e2a7e3e 754989ad745348c2842035e4c954ed15 1e434a98de034528963e385f4ee83562 - - default default] Successfully bumped revision number for resource f1123e09-6919-4659-b72a-e0b7c0daf890 (type: security_group_rules) to 0
2026-05-08 00:29:58.545 9 INFO neutron.api.wsgi [None req-8e227a8b-114e-4a3b-9575-2d639e2a7e3e 754989ad745348c2842035e4c954ed15 1e434a98de034528963e385f4ee83562 - - default default] 10.0.0.37 "GET /v2.0/security-groups?tenant_id=4a699038157645ff80c68f355eecd723&name=default HTTP/1.1" status: 200 len: 3120 time: 0.2137206
2026-05-08 00:29:58.774 9 INFO neutron.api.wsgi [None req-381b6943-aa86-4b90-b883-a3ab94954d78 754989ad745348c2842035e4c954ed15 1e434a98de034528963e385f4ee83562 - - default default] 10.0.0.37 "DELETE /v2.0/security-groups/f3e50643-9aa9-4378-b147-e4b22f892318 HTTP/1.1" status: 204 len: 168 time: 0.2243226
2026-05-08 00:29:58.784 10 INFO neutron.api.wsgi [req-257e5e4b-97ce-4571-9ef8-fba5f2082444 req-a37e9bdb-456f-4e50-ad8d-651fd07d9f17 c51b260a9d7e41f1b9087da72b93cdb8 7089b279f72c42ab80299d8ca9311648 - - default default] 10.0.0.250 "GET /v2.0/ports?device_id=d655cdfa-34d7-4a92-accd-a69fe12d4b1a HTTP/1.1" status: 200 len: 1174 time: 0.0341990
2026-05-08 00:29:58.824 10 INFO neutron.api.wsgi [req-257e5e4b-97ce-4571-9ef8-fba5f2082444 req-5f8b22f0-9b2c-4095-ad99-ffb82efc56ca c51b260a9d7e41f1b9087da72b93cdb8 7089b279f72c42ab80299d8ca9311648 - - default default] 10.0.0.250 "GET /v2.0/security-groups?id=7047f0c2-39be-46ba-9c55-ad1d786915b4&fields=id&fields=name HTTP/1.1" status: 200 len: 312 time: 0.0332849
2026-05-08 00:29:58.869 10 WARNING neutron.plugins.ml2.drivers.ovn.mech_driver.ovsdb.ovn_client [None req-a1188693-1df3-4fe4-9da8-14950143ca26 - - - - - -] No hosting information found for port 00ae063f-e0dd-44f7-b563-41981a1fcf8a: RuntimeError: No hosting information found for port 00ae063f-e0dd-44f7-b563-41981a1fcf8a
2026-05-08 00:29:58.950 10 INFO neutron.db.ovn_revision_numbers_db [None req-a1188693-1df3-4fe4-9da8-14950143ca26 - - - - - -] Successfully bumped revision number for resource 00ae063f-e0dd-44f7-b563-41981a1fcf8a (type: router_ports) to 2
2026-05-08 00:29:59.287 10 INFO neutron.api.wsgi [req-fb472b7c-47ea-4775-b676-15ee5858910e req-a52dc4f3-9776-405a-9056-9d6e0654bd3e 5a61d14ec71942d9ba839cb224b69985 f014bbe0d67a4e8d9adc079e7bb2a16b - - 1b55432df30e49d4b604d7e3bc98fc88 1b55432df30e49d4b604d7e3bc98fc88] 199.19.213.168 "GET /v2.0/ports?tenant_id=7089b279f72c42ab80299d8ca9311648&device_id=d655cdfa-34d7-4a92-accd-a69fe12d4b1a HTTP/1.1" status: 200 len: 1413 time: 0.0343111
2026-05-08 00:29:59.315 10 INFO neutron.api.wsgi [req-04a7c104-957b-4d5b-9151-f5b3305d2e39 req-ff65f564-c17b-4030-92d9-e1db9a4e81ee 6aff2e0f5ea04b73a81c5b04c344d685 a20d50bf362c4834b644f27263028ed4 - - default default] 10.0.0.250 "GET /v2.0/ports?device_id=0636ff06-eff3-40ba-a1dc-d3dd29704d89 HTTP/1.1" status: 200 len: 210 time: 0.0159817
2026-05-08 00:29:59.339 10 INFO neutron.api.wsgi [req-fb472b7c-47ea-4775-b676-15ee5858910e req-051af044-f018-4827-b2e0-3ed111b3c880 5a61d14ec71942d9ba839cb224b69985 f014bbe0d67a4e8d9adc079e7bb2a16b - - 1b55432df30e49d4b604d7e3bc98fc88 1b55432df30e49d4b604d7e3bc98fc88] 199.19.213.168 "GET /v2.0/networks?id=ba3214b5-9232-4ddb-aab4-f44292dd30f7 HTTP/1.1" status: 200 len: 974 time: 0.0478408
2026-05-08 00:29:59.387 10 INFO neutron.api.wsgi [req-fb472b7c-47ea-4775-b676-15ee5858910e req-a901965b-30eb-4cd1-a739-daeb9de565b3 5a61d14ec71942d9ba839cb224b69985 f014bbe0d67a4e8d9adc079e7bb2a16b - - 1b55432df30e49d4b604d7e3bc98fc88 1b55432df30e49d4b604d7e3bc98fc88] 199.19.213.168 "GET /v2.0/floatingips?fixed_ip_address=10.100.0.11&port_id=baae558b-e794-4d64-9840-89fd83209211 HTTP/1.1" status: 200 len: 1060 time: 0.0426774
2026-05-08 00:29:59.417 10 INFO neutron.api.wsgi [req-fb472b7c-47ea-4775-b676-15ee5858910e req-56011a0f-f12e-4d8f-b82f-b2039cd09f62 5a61d14ec71942d9ba839cb224b69985 f014bbe0d67a4e8d9adc079e7bb2a16b - - 1b55432df30e49d4b604d7e3bc98fc88 1b55432df30e49d4b604d7e3bc98fc88] 199.19.213.168 "GET /v2.0/subnets?id=b5325a22-980b-495d-9066-955e18efcbee HTTP/1.1" status: 200 len: 893 time: 0.0235310
2026-05-08 00:29:59.439 10 INFO neutron.api.wsgi [req-fb472b7c-47ea-4775-b676-15ee5858910e req-a6e79eb3-d0a7-448b-8f54-7f5a7463d769 5a61d14ec71942d9ba839cb224b69985 f014bbe0d67a4e8d9adc079e7bb2a16b - - 1b55432df30e49d4b604d7e3bc98fc88 1b55432df30e49d4b604d7e3bc98fc88] 199.19.213.168 "GET /v2.0/ports?network_id=ba3214b5-9232-4ddb-aab4-f44292dd30f7&device_owner=network%3Adhcp HTTP/1.1" status: 200 len: 210 time: 0.0168481
2026-05-08 00:29:59.491 10 INFO neutron.api.wsgi [req-fb472b7c-47ea-4775-b676-15ee5858910e req-fad8ca54-ccf3-4a7b-8b84-5f4c1e518035 5a61d14ec71942d9ba839cb224b69985 f014bbe0d67a4e8d9adc079e7bb2a16b - - 1b55432df30e49d4b604d7e3bc98fc88 1b55432df30e49d4b604d7e3bc98fc88] 199.19.213.168 "GET /v2.0/networks/ba3214b5-9232-4ddb-aab4-f44292dd30f7?fields=segments HTTP/1.1" status: 200 len: 212 time: 0.0474169
2026-05-08 00:29:59.542 10 INFO neutron.api.wsgi [req-fb472b7c-47ea-4775-b676-15ee5858910e req-e8042718-45d5-4343-b6ec-caf4cb2fdb0c 5a61d14ec71942d9ba839cb224b69985 f014bbe0d67a4e8d9adc079e7bb2a16b - - 1b55432df30e49d4b604d7e3bc98fc88 1b55432df30e49d4b604d7e3bc98fc88] 199.19.213.168 "GET /v2.0/networks/ba3214b5-9232-4ddb-aab4-f44292dd30f7?fields=provider%3Aphysical_network&fields=provider%3Anetwork_type HTTP/1.1" status: 200 len: 277 time: 0.0458424
2026-05-08 00:29:59.913 10 INFO neutron.api.wsgi [req-32473cb2-c8e0-4562-894c-ed04e851a45c req-ad47f3c4-c28d-4849-b838-7d3a0e19018b c51b260a9d7e41f1b9087da72b93cdb8 7089b279f72c42ab80299d8ca9311648 - - default default] 10.0.0.250 "GET /v2.0/ports?device_id=d655cdfa-34d7-4a92-accd-a69fe12d4b1a HTTP/1.1" status: 200 len: 1174 time: 0.0333648
2026-05-08 00:29:59.950 10 INFO neutron.api.wsgi [req-32473cb2-c8e0-4562-894c-ed04e851a45c req-a737108d-c91e-4b2b-9795-b61073406cf5 c51b260a9d7e41f1b9087da72b93cdb8 7089b279f72c42ab80299d8ca9311648 - - default default] 10.0.0.250 "GET /v2.0/security-groups?id=7047f0c2-39be-46ba-9c55-ad1d786915b4&fields=id&fields=name HTTP/1.1" status: 200 len: 312 time: 0.0329990
2026-05-08 00:30:00.417 10 INFO neutron.api.wsgi [req-82c4cf67-916f-4fa7-b5dc-2aea04f4d771 req-9437324b-0739-4e4a-bbed-c1ab9870a80b 6aff2e0f5ea04b73a81c5b04c344d685 a20d50bf362c4834b644f27263028ed4 - - default default] 10.0.0.250 "GET /v2.0/ports?device_id=0636ff06-eff3-40ba-a1dc-d3dd29704d89 HTTP/1.1" status: 200 len: 210 time: 0.0268798
2026-05-08 00:30:01.046 10 INFO neutron.api.wsgi [req-e06e55ce-6ebc-4ff7-b4d7-9df02dfe6a56 req-76a6e74e-7da3-4b5a-a0a1-5a9b555a18da c51b260a9d7e41f1b9087da72b93cdb8 7089b279f72c42ab80299d8ca9311648 - - default default] 10.0.0.250 "GET /v2.0/ports?device_id=d655cdfa-34d7-4a92-accd-a69fe12d4b1a HTTP/1.1" status: 200 len: 1174 time: 0.0384243
2026-05-08 00:30:01.088 10 INFO neutron.api.wsgi [req-e06e55ce-6ebc-4ff7-b4d7-9df02dfe6a56 req-8bf046b8-e508-47d9-92b6-12144f90702c c51b260a9d7e41f1b9087da72b93cdb8 7089b279f72c42ab80299d8ca9311648 - - default default] 10.0.0.250 "GET /v2.0/security-groups?id=7047f0c2-39be-46ba-9c55-ad1d786915b4&fields=id&fields=name HTTP/1.1" status: 200 len: 312 time: 0.0379705
2026-05-08 00:30:01.181 9 INFO neutron.plugins.ml2.drivers.ovn.mech_driver.mech_driver [None req-69602db9-a97c-4536-9370-5f8c2ea5858b - - - - - -] OVN reports status down for port: baae558b-e794-4d64-9840-89fd83209211
2026-05-08 00:30:01.317 9 INFO neutron.notifiers.nova [-] Nova event matching ['req-318f2b9e-9195-47cf-a842-22ed3be1f142'] response: {'server_uuid': 'd655cdfa-34d7-4a92-accd-a69fe12d4b1a', 'name': 'network-vif-unplugged', 'status': 'completed', 'tag': 'baae558b-e794-4d64-9840-89fd83209211', 'code': 200}
2026-05-08 00:30:01.357 10 INFO neutron.api.wsgi [req-fe027dfa-bbee-451b-8e4a-5a91ce3d7a7a req-9529cb01-39f7-4546-9ba3-5e5fb1c237b5 6aff2e0f5ea04b73a81c5b04c344d685 a20d50bf362c4834b644f27263028ed4 - - default default] 199.19.213.168 "GET /v2.0/networks?id=cddfc2d3-7ead-45c8-a57e-36aae320415d HTTP/1.1" status: 200 len: 877 time: 0.0439088
2026-05-08 00:30:01.367 10 WARNING neutron_lib.context [req-fe027dfa-bbee-451b-8e4a-5a91ce3d7a7a req-9083f963-aa79-4f72-8b59-2fda4dce826a 6aff2e0f5ea04b73a81c5b04c344d685 a20d50bf362c4834b644f27263028ed4 - - default default] Method 'is_advsvc' is deprecated since 2023.2 release (neutron-lib 3.8.0) and will be removed once support for the old RBAC API policies will be removed from Neutron. Please use method 'is_service_role' instead.
2026-05-08 00:30:01.416 9 INFO neutron.db.ovn_revision_numbers_db [None req-69602db9-a97c-4536-9370-5f8c2ea5858b - - - - - -] Successfully bumped revision number for resource baae558b-e794-4d64-9840-89fd83209211 (type: ports) to 6
2026-05-08 00:30:01.499 10 INFO neutron.api.wsgi [req-cf879c2d-8ede-4adf-881f-5a5a767fd335 req-9f346250-b74d-4c06-9be0-d40f1d88db4b 6aff2e0f5ea04b73a81c5b04c344d685 a20d50bf362c4834b644f27263028ed4 - - default default] 10.0.0.250 "GET /v2.0/ports?device_id=0636ff06-eff3-40ba-a1dc-d3dd29704d89 HTTP/1.1" status: 200 len: 210 time: 0.0179374
2026-05-08 00:30:01.679 10 WARNING neutron.scheduler.dhcp_agent_scheduler [req-fe027dfa-bbee-451b-8e4a-5a91ce3d7a7a req-9083f963-aa79-4f72-8b59-2fda4dce826a 6aff2e0f5ea04b73a81c5b04c344d685 a20d50bf362c4834b644f27263028ed4 - - default default] No more DHCP agents
2026-05-08 00:30:01.680 10 WARNING neutron.api.rpc.agentnotifiers.dhcp_rpc_agent_api [req-fe027dfa-bbee-451b-8e4a-5a91ce3d7a7a req-9083f963-aa79-4f72-8b59-2fda4dce826a 6aff2e0f5ea04b73a81c5b04c344d685 a20d50bf362c4834b644f27263028ed4 - - default default] Unable to schedule network cddfc2d3-7ead-45c8-a57e-36aae320415d: no agents available; will retry on subsequent port and subnet creation events.
2026-05-08 00:30:01.809 10 INFO neutron.db.ovn_revision_numbers_db [req-fe027dfa-bbee-451b-8e4a-5a91ce3d7a7a req-9083f963-aa79-4f72-8b59-2fda4dce826a 6aff2e0f5ea04b73a81c5b04c344d685 a20d50bf362c4834b644f27263028ed4 - - default default] Successfully bumped revision number for resource 5585d64a-d97d-49f0-9baf-d92de4ef353b (type: ports) to 1
2026-05-08 00:30:01.845 10 INFO neutron.api.wsgi [req-fe027dfa-bbee-451b-8e4a-5a91ce3d7a7a req-9083f963-aa79-4f72-8b59-2fda4dce826a 6aff2e0f5ea04b73a81c5b04c344d685 a20d50bf362c4834b644f27263028ed4 - - default default] 199.19.213.168 "POST /v2.0/ports HTTP/1.1" status: 201 len: 1158 time: 0.4823096 /var/lib/openstack/lib/python3.12/site-packages/pycadf/identifier.py:71: UserWarning: Invalid uuid: neutron. To ensure interoperability, identifiers should be a valid uuid. warnings.warn(('Invalid uuid: %s. To ensure interoperability, ' /var/lib/openstack/lib/python3.12/site-packages/pycadf/identifier.py:71: UserWarning: Invalid uuid: neutron. To ensure interoperability, identifiers should be a valid uuid. warnings.warn(('Invalid uuid: %s. To ensure interoperability, '
2026-05-08 00:30:02.234 10 INFO neutron.api.wsgi [req-1bf93356-d050-4ba5-97fd-4673fb756572 req-fa4016d6-88c4-4071-9ad1-985747203d1b c51b260a9d7e41f1b9087da72b93cdb8 7089b279f72c42ab80299d8ca9311648 - - default default] 10.0.0.250 "GET /v2.0/ports?device_id=d655cdfa-34d7-4a92-accd-a69fe12d4b1a HTTP/1.1" status: 200 len: 1172 time: 0.0803356
2026-05-08 00:30:02.257 10 INFO neutron.db.ovn_revision_numbers_db [req-fe027dfa-bbee-451b-8e4a-5a91ce3d7a7a req-38f7801a-9a59-48e5-a090-cb9343eba309 5a61d14ec71942d9ba839cb224b69985 f014bbe0d67a4e8d9adc079e7bb2a16b - - 1b55432df30e49d4b604d7e3bc98fc88 1b55432df30e49d4b604d7e3bc98fc88] Successfully bumped revision number for resource 5585d64a-d97d-49f0-9baf-d92de4ef353b (type: ports) to 2
2026-05-08 00:30:02.276 10 INFO neutron.api.wsgi [req-1bf93356-d050-4ba5-97fd-4673fb756572 req-14f54853-c145-4b7d-8435-2790127fb2e6 c51b260a9d7e41f1b9087da72b93cdb8 7089b279f72c42ab80299d8ca9311648 - - default default] 10.0.0.250 "GET /v2.0/security-groups?id=7047f0c2-39be-46ba-9c55-ad1d786915b4&fields=id&fields=name HTTP/1.1" status: 200 len: 312 time: 0.0343719
2026-05-08 00:30:02.497 10 INFO neutron.db.ovn_revision_numbers_db [req-fe027dfa-bbee-451b-8e4a-5a91ce3d7a7a req-38f7801a-9a59-48e5-a090-cb9343eba309 5a61d14ec71942d9ba839cb224b69985 f014bbe0d67a4e8d9adc079e7bb2a16b - - 1b55432df30e49d4b604d7e3bc98fc88 1b55432df30e49d4b604d7e3bc98fc88] Successfully bumped revision number for resource 5585d64a-d97d-49f0-9baf-d92de4ef353b (type: ports) to 4
2026-05-08 00:30:02.514 10 INFO neutron.api.wsgi [req-fe027dfa-bbee-451b-8e4a-5a91ce3d7a7a req-38f7801a-9a59-48e5-a090-cb9343eba309 5a61d14ec71942d9ba839cb224b69985 f014bbe0d67a4e8d9adc079e7bb2a16b - - 1b55432df30e49d4b604d7e3bc98fc88 1b55432df30e49d4b604d7e3bc98fc88] 199.19.213.168 "PUT /v2.0/ports/5585d64a-d97d-49f0-9baf-d92de4ef353b HTTP/1.1" status: 200 len: 1404 time: 0.6585739 /var/lib/openstack/lib/python3.12/site-packages/pycadf/identifier.py:71: UserWarning: Invalid uuid: neutron. To ensure interoperability, identifiers should be a valid uuid. warnings.warn(('Invalid uuid: %s. To ensure interoperability, '
2026-05-08 00:30:02.560 10 INFO neutron.notifiers.nova [-] Nova event matching ['req-1177d78e-b9f0-4c81-9c56-d96eade8e9de'] response: {'name': 'network-changed', 'server_uuid': '0636ff06-eff3-40ba-a1dc-d3dd29704d89', 'tag': '5585d64a-d97d-49f0-9baf-d92de4ef353b', 'status': 'completed', 'code': 200} /var/lib/openstack/lib/python3.12/site-packages/pycadf/identifier.py:71: UserWarning: Invalid uuid: neutron. To ensure interoperability, identifiers should be a valid uuid. warnings.warn(('Invalid uuid: %s. To ensure interoperability, '
2026-05-08 00:30:02.623 10 INFO neutron.api.wsgi [req-71876c1e-1a33-4cbc-a09c-ddddf6ca4ec9 req-21d066ff-eaba-42e1-b61f-703f49088c8e 6aff2e0f5ea04b73a81c5b04c344d685 a20d50bf362c4834b644f27263028ed4 - - default default] 10.0.0.250 "GET /v2.0/ports?device_id=0636ff06-eff3-40ba-a1dc-d3dd29704d89 HTTP/1.1" status: 200 len: 1168 time: 0.0655308
2026-05-08 00:30:02.651 9 INFO neutron.db.ovn_revision_numbers_db [None req-3942b5de-c668-4de5-8b63-56c8fa421325 754989ad745348c2842035e4c954ed15 1e434a98de034528963e385f4ee83562 - - default default] Successfully bumped revision number for resource fbd8587b-38b2-42c0-9860-043cd4a5b23a (type: security_groups) to 1
2026-05-08 00:30:02.657 10 INFO neutron.api.wsgi [req-71876c1e-1a33-4cbc-a09c-ddddf6ca4ec9 req-ce913e38-fe76-4000-878a-ff564364b936 6aff2e0f5ea04b73a81c5b04c344d685 a20d50bf362c4834b644f27263028ed4 - - default default] 10.0.0.250 "GET /v2.0/security-groups?id=8892943f-bae6-4d29-82bb-aff095af6082&fields=id&fields=name HTTP/1.1" status: 200 len: 286 time: 0.0306780
2026-05-08 00:30:02.664 9 INFO neutron.db.ovn_revision_numbers_db [None req-3942b5de-c668-4de5-8b63-56c8fa421325 754989ad745348c2842035e4c954ed15 1e434a98de034528963e385f4ee83562 - - default default] Successfully bumped revision number for resource 1ad2a4c5-e5fa-43d9-be44-aa6489e932ca (type: security_group_rules) to 0
2026-05-08 00:30:02.676 9 INFO neutron.db.ovn_revision_numbers_db [None req-3942b5de-c668-4de5-8b63-56c8fa421325 754989ad745348c2842035e4c954ed15 1e434a98de034528963e385f4ee83562 - - default default] Successfully bumped revision number for resource 67294f31-b76a-4381-9add-0ad60e84447f (type: security_group_rules) to 0
2026-05-08 00:30:02.690 9 INFO neutron.db.ovn_revision_numbers_db [None req-3942b5de-c668-4de5-8b63-56c8fa421325 754989ad745348c2842035e4c954ed15 1e434a98de034528963e385f4ee83562 - - default default] Successfully bumped revision number for resource 9a8fe777-f533-43fe-8967-b0b45f18033b (type: security_group_rules) to 0
2026-05-08 00:30:02.703 9 INFO neutron.db.ovn_revision_numbers_db [None req-3942b5de-c668-4de5-8b63-56c8fa421325 754989ad745348c2842035e4c954ed15 1e434a98de034528963e385f4ee83562 - - default default] Successfully bumped revision number for resource d789b24c-520e-450f-81c8-f8eaf2a8c88a (type: security_group_rules) to 0
2026-05-08 00:30:02.741 9 INFO neutron.api.wsgi [None req-3942b5de-c668-4de5-8b63-56c8fa421325 754989ad745348c2842035e4c954ed15 1e434a98de034528963e385f4ee83562 - - default default] 10.0.0.37 "GET /v2.0/security-groups?tenant_id=0b9887e23acc4582968555cc3af6f4f0&name=default HTTP/1.1" status: 200 len: 3120 time: 0.3537152
2026-05-08 00:30:02.749 10 INFO neutron.api.wsgi [req-2bc99b6a-927c-410a-9eb8-fcfe26d7b2f8 req-197eb5ee-81da-4f33-ac85-098802defd2c 5a61d14ec71942d9ba839cb224b69985 f014bbe0d67a4e8d9adc079e7bb2a16b - - 1b55432df30e49d4b604d7e3bc98fc88 1b55432df30e49d4b604d7e3bc98fc88] 199.19.213.168 "GET /v2.0/ports?tenant_id=7089b279f72c42ab80299d8ca9311648&device_id=d655cdfa-34d7-4a92-accd-a69fe12d4b1a HTTP/1.1" status: 200 len: 1411 time: 0.0339766
2026-05-08 00:30:02.942 9 INFO neutron.api.wsgi [None req-dc3e5939-d8b6-47ac-bb9c-93ea9b3ef4a1 754989ad745348c2842035e4c954ed15 1e434a98de034528963e385f4ee83562 - - default default] 10.0.0.37 "DELETE /v2.0/security-groups/fbd8587b-38b2-42c0-9860-043cd4a5b23a HTTP/1.1" status: 204 len: 168 time: 0.1968319
2026-05-08 00:30:02.972 9 WARNING neutron_lib.context [None req-ae693a37-61b6-4831-873d-2aa021eff1f3 7328a46f6bbc4f069fcbd18f58f7a656 e82ed481860245adaa451d53729faec5 - - default default] Method 'is_advsvc' is deprecated since 2023.2 release (neutron-lib 3.8.0) and will be removed once support for the old RBAC API policies will be removed from Neutron. Please use method 'is_service_role' instead.
2026-05-08 00:30:03.105 10 INFO neutron.api.wsgi [req-a1e05ade-2663-4f4f-9b1a-5c2bd7285649 req-b25a052a-183e-4bd5-975b-db5e0c604233 5a61d14ec71942d9ba839cb224b69985 f014bbe0d67a4e8d9adc079e7bb2a16b - - 1b55432df30e49d4b604d7e3bc98fc88 1b55432df30e49d4b604d7e3bc98fc88] 199.19.213.168 "GET /v2.0/ports?tenant_id=a20d50bf362c4834b644f27263028ed4&device_id=0636ff06-eff3-40ba-a1dc-d3dd29704d89 HTTP/1.1" status: 200 len: 1407 time: 0.0377257
2026-05-08 00:30:03.113 9 INFO neutron.db.ovn_revision_numbers_db [None req-ae693a37-61b6-4831-873d-2aa021eff1f3 7328a46f6bbc4f069fcbd18f58f7a656 e82ed481860245adaa451d53729faec5 - - default default] Successfully bumped revision number for resource d4630d64-0dd6-4f75-ae06-3f47e0ad69ef (type: security_groups) to 1
2026-05-08 00:30:03.125 9 INFO neutron.db.ovn_revision_numbers_db [None req-ae693a37-61b6-4831-873d-2aa021eff1f3 7328a46f6bbc4f069fcbd18f58f7a656 e82ed481860245adaa451d53729faec5 - - default default] Successfully bumped revision number for resource 273b78a5-733b-4e1f-ae8a-78194f2b1636 (type: security_group_rules) to 0
2026-05-08 00:30:03.145 9 INFO neutron.db.ovn_revision_numbers_db [None req-ae693a37-61b6-4831-873d-2aa021eff1f3 7328a46f6bbc4f069fcbd18f58f7a656 e82ed481860245adaa451d53729faec5 - - default default] Successfully bumped revision number for resource 76592bb2-fe8a-49be-bd12-6a4bf4f48791 (type: security_group_rules) to 0
2026-05-08 00:30:03.152 10 INFO neutron.api.wsgi [req-a1e05ade-2663-4f4f-9b1a-5c2bd7285649 req-1d375a7b-5178-4a94-a0e1-6eabefb1f097 5a61d14ec71942d9ba839cb224b69985 f014bbe0d67a4e8d9adc079e7bb2a16b - - 1b55432df30e49d4b604d7e3bc98fc88 1b55432df30e49d4b604d7e3bc98fc88] 199.19.213.168 "GET /v2.0/networks?tenant_id=a20d50bf362c4834b644f27263028ed4&shared=False HTTP/1.1" status: 200 len: 976 time: 0.0431504
2026-05-08 00:30:03.159 9 INFO neutron.db.ovn_revision_numbers_db [None req-ae693a37-61b6-4831-873d-2aa021eff1f3 7328a46f6bbc4f069fcbd18f58f7a656 e82ed481860245adaa451d53729faec5 - - default default] Successfully bumped revision number for resource adc8b522-49d0-4084-9994-321828d4160c (type: security_group_rules) to 0
2026-05-08 00:30:03.171 9 INFO neutron.db.ovn_revision_numbers_db [None req-ae693a37-61b6-4831-873d-2aa021eff1f3 7328a46f6bbc4f069fcbd18f58f7a656 e82ed481860245adaa451d53729faec5 - - default default] Successfully bumped revision number for resource f314d689-33b3-45fe-b177-a628610184e1 (type: security_group_rules) to 0
2026-05-08 00:30:03.180 10 INFO neutron.db.ovn_revision_numbers_db [None req-4d57f6c0-e101-449c-a0bd-93252802d7cd 754989ad745348c2842035e4c954ed15 1e434a98de034528963e385f4ee83562 - - default default] Successfully bumped revision number for resource 7bcec3ca-4ae9-4db2-8f45-ea092da903c9 (type: security_groups) to 1
2026-05-08 00:30:03.193 10 INFO neutron.db.ovn_revision_numbers_db [None req-4d57f6c0-e101-449c-a0bd-93252802d7cd 754989ad745348c2842035e4c954ed15 1e434a98de034528963e385f4ee83562 - - default default] Successfully bumped revision number for resource 00078a4f-0db7-4316-980f-988823576873 (type: security_group_rules) to 0
2026-05-08 00:30:03.201 10 INFO neutron.api.wsgi [req-a1e05ade-2663-4f4f-9b1a-5c2bd7285649 req-a2fa0165-acdc-47fe-84b8-ac21355cbe5e 5a61d14ec71942d9ba839cb224b69985 f014bbe0d67a4e8d9adc079e7bb2a16b - - 1b55432df30e49d4b604d7e3bc98fc88 1b55432df30e49d4b604d7e3bc98fc88] 199.19.213.168 "GET /v2.0/networks?shared=True HTTP/1.1" status: 200 len: 952 time: 0.0437341
2026-05-08 00:30:03.210 10 INFO neutron.db.ovn_revision_numbers_db [None req-4d57f6c0-e101-449c-a0bd-93252802d7cd 754989ad745348c2842035e4c954ed15 1e434a98de034528963e385f4ee83562 - - default default] Successfully bumped revision number for resource 48963a24-1aae-4ff5-b1b9-ac71f765528b (type: security_group_rules) to 0
2026-05-08 00:30:03.227 10 INFO neutron.db.ovn_revision_numbers_db [None req-4d57f6c0-e101-449c-a0bd-93252802d7cd 754989ad745348c2842035e4c954ed15 1e434a98de034528963e385f4ee83562 - - default default] Successfully bumped revision number for resource 83174158-7b6f-4631-a924-2da680c72a12 (type: security_group_rules) to 0
2026-05-08 00:30:03.238 9 INFO neutron.db.segments_db [None req-ae693a37-61b6-4831-873d-2aa021eff1f3 7328a46f6bbc4f069fcbd18f58f7a656 e82ed481860245adaa451d53729faec5 - - default default] Added segment db78efe1-7ad5-46ac-86fe-5d83af5b8114 of type geneve for network cf4188a7-3ada-41bb-87ed-12773a5386c6
2026-05-08 00:30:03.239 10 INFO neutron.db.ovn_revision_numbers_db [None req-4d57f6c0-e101-449c-a0bd-93252802d7cd 754989ad745348c2842035e4c954ed15 1e434a98de034528963e385f4ee83562 - - default default] Successfully bumped revision number for resource 9cd39c17-bc16-4707-a954-592902a40441 (type: security_group_rules) to 0
2026-05-08 00:30:03.282 10 INFO neutron.api.wsgi [None req-4d57f6c0-e101-449c-a0bd-93252802d7cd 754989ad745348c2842035e4c954ed15 1e434a98de034528963e385f4ee83562 - - default default] 10.0.0.37 "GET /v2.0/security-groups?tenant_id=a4bf31dff7f047da92293e733f40d0aa&name=default HTTP/1.1" status: 200 len: 3120 time: 0.2483549
2026-05-08 00:30:03.305 10 INFO neutron.api.wsgi [req-2bc99b6a-927c-410a-9eb8-fcfe26d7b2f8 req-8a0e0b1c-8dc4-4373-a601-a9583707c588 5a61d14ec71942d9ba839cb224b69985 f014bbe0d67a4e8d9adc079e7bb2a16b - - 1b55432df30e49d4b604d7e3bc98fc88 1b55432df30e49d4b604d7e3bc98fc88] 199.19.213.168 "GET /v2.0/networks?id=ba3214b5-9232-4ddb-aab4-f44292dd30f7 HTTP/1.1" status: 200 len: 974 time: 0.0484893
2026-05-08 00:30:03.353 10 INFO neutron.api.wsgi [req-2bc99b6a-927c-410a-9eb8-fcfe26d7b2f8 req-3d61b0bc-b2ff-45f9-8bf1-bbc96a50be73 5a61d14ec71942d9ba839cb224b69985 f014bbe0d67a4e8d9adc079e7bb2a16b - - 1b55432df30e49d4b604d7e3bc98fc88 1b55432df30e49d4b604d7e3bc98fc88] 199.19.213.168 "GET /v2.0/floatingips?fixed_ip_address=10.100.0.11&port_id=baae558b-e794-4d64-9840-89fd83209211 HTTP/1.1" status: 200 len: 1058 time: 0.0451918
2026-05-08 00:30:03.384 9 INFO neutron.notifiers.nova [-] Nova event matching ['req-2a9f1a0d-6654-45e1-b0f3-1e9d9a7c681c'] response: {'server_uuid': 'd655cdfa-34d7-4a92-accd-a69fe12d4b1a', 'name': 'network-vif-unplugged', 'status': 'completed', 'tag': 'baae558b-e794-4d64-9840-89fd83209211', 'code': 200}
2026-05-08 00:30:03.401 9 INFO neutron.db.ovn_revision_numbers_db [None req-ae693a37-61b6-4831-873d-2aa021eff1f3 7328a46f6bbc4f069fcbd18f58f7a656 e82ed481860245adaa451d53729faec5 - - default default] Successfully bumped revision number for resource cf4188a7-3ada-41bb-87ed-12773a5386c6 (type: networks) to 1
2026-05-08 00:30:03.404 10 INFO neutron.api.wsgi [req-6ad1c615-1496-4a7e-84fe-24cb4e687b81 req-ba287ce4-8f6a-4e6d-a2a1-9d99843a1e96 c51b260a9d7e41f1b9087da72b93cdb8 7089b279f72c42ab80299d8ca9311648 - - default default] 10.0.0.250 "GET /v2.0/ports?device_id=d655cdfa-34d7-4a92-accd-a69fe12d4b1a HTTP/1.1" status: 200 len: 1172 time: 0.0386689
2026-05-08 00:30:03.407 10 INFO neutron.api.wsgi [req-2bc99b6a-927c-410a-9eb8-fcfe26d7b2f8 req-5e1714d5-1919-4c66-8b9e-5d766e61b1a1 5a61d14ec71942d9ba839cb224b69985 f014bbe0d67a4e8d9adc079e7bb2a16b - - 1b55432df30e49d4b604d7e3bc98fc88 1b55432df30e49d4b604d7e3bc98fc88] 199.19.213.168 "GET /v2.0/subnets?id=b5325a22-980b-495d-9066-955e18efcbee HTTP/1.1" status: 200 len: 893 time: 0.0301387
2026-05-08 00:30:03.437 10 INFO neutron.api.wsgi [req-6ad1c615-1496-4a7e-84fe-24cb4e687b81 req-a03c6793-d9d0-48b6-b729-80d99083197b c51b260a9d7e41f1b9087da72b93cdb8 7089b279f72c42ab80299d8ca9311648 - - default default] 10.0.0.250 "GET /v2.0/security-groups?id=7047f0c2-39be-46ba-9c55-ad1d786915b4&fields=id&fields=name HTTP/1.1" status: 200 len: 312 time: 0.0283816
2026-05-08 00:30:03.468 10 INFO neutron.api.wsgi [req-2bc99b6a-927c-410a-9eb8-fcfe26d7b2f8 req-6cbe8e1c-cd9a-4797-86be-2ef8eeda6628 5a61d14ec71942d9ba839cb224b69985 f014bbe0d67a4e8d9adc079e7bb2a16b - - 1b55432df30e49d4b604d7e3bc98fc88 1b55432df30e49d4b604d7e3bc98fc88] 199.19.213.168 "GET /v2.0/ports?network_id=ba3214b5-9232-4ddb-aab4-f44292dd30f7&device_owner=network%3Adhcp HTTP/1.1" status: 200 len: 210 time: 0.0303619
2026-05-08 00:30:03.536 10 INFO neutron.api.wsgi [req-2bc99b6a-927c-410a-9eb8-fcfe26d7b2f8 req-cf4e5199-11e2-4de2-b737-7ab4ad75af2b 5a61d14ec71942d9ba839cb224b69985 f014bbe0d67a4e8d9adc079e7bb2a16b - - 1b55432df30e49d4b604d7e3bc98fc88 1b55432df30e49d4b604d7e3bc98fc88] 199.19.213.168 "GET /v2.0/networks/ba3214b5-9232-4ddb-aab4-f44292dd30f7?fields=segments HTTP/1.1" status: 200 len: 212 time: 0.0465043
2026-05-08 00:30:03.568 9 INFO neutron.api.wsgi [None req-23f0aaab-f2a7-4164-a2ce-83d4b4fc7446 754989ad745348c2842035e4c954ed15 1e434a98de034528963e385f4ee83562 - - default default] 10.0.0.37 "DELETE /v2.0/security-groups/7bcec3ca-4ae9-4db2-8f45-ea092da903c9 HTTP/1.1" status: 204 len: 168 time: 0.2812343
2026-05-08 00:30:03.571 9 WARNING neutron.scheduler.dhcp_agent_scheduler [None req-ae693a37-61b6-4831-873d-2aa021eff1f3 7328a46f6bbc4f069fcbd18f58f7a656 e82ed481860245adaa451d53729faec5 - - default default] No more DHCP agents
2026-05-08 00:30:03.572 9 WARNING neutron.api.rpc.agentnotifiers.dhcp_rpc_agent_api [None req-ae693a37-61b6-4831-873d-2aa021eff1f3 7328a46f6bbc4f069fcbd18f58f7a656 e82ed481860245adaa451d53729faec5 - - default default] Unable to schedule network cf4188a7-3ada-41bb-87ed-12773a5386c6: no agents available; will retry on subsequent port and subnet creation events.
2026-05-08 00:30:03.583 10 INFO neutron.api.wsgi [req-2bc99b6a-927c-410a-9eb8-fcfe26d7b2f8 req-9a522407-fe55-415b-b178-f86ad4267ba5 5a61d14ec71942d9ba839cb224b69985 f014bbe0d67a4e8d9adc079e7bb2a16b - - 1b55432df30e49d4b604d7e3bc98fc88 1b55432df30e49d4b604d7e3bc98fc88] 199.19.213.168 "GET /v2.0/networks/ba3214b5-9232-4ddb-aab4-f44292dd30f7?fields=provider%3Aphysical_network&fields=provider%3Anetwork_type HTTP/1.1" status: 200 len: 277 time: 0.0415983
2026-05-08 00:30:03.645 9 INFO neutron.db.ovn_revision_numbers_db [None req-ae693a37-61b6-4831-873d-2aa021eff1f3 7328a46f6bbc4f069fcbd18f58f7a656 e82ed481860245adaa451d53729faec5 - - default default] Successfully bumped revision number for resource f8398cdf-ec4c-40d7-9e7b-b27a969ea97d (type: ports) to 1
2026-05-08 00:30:03.674 9 INFO neutron.api.wsgi [None req-ae693a37-61b6-4831-873d-2aa021eff1f3 7328a46f6bbc4f069fcbd18f58f7a656 e82ed481860245adaa451d53729faec5 - - default default] 10.0.0.37 "POST /v2.0/networks HTTP/1.1" status: 201 len: 831 time: 0.7298484
2026-05-08 00:30:03.683 10 WARNING neutron_lib.context [None req-e4857d0c-93c0-4848-924e-4f48f560e9a2 7328a46f6bbc4f069fcbd18f58f7a656 e82ed481860245adaa451d53729faec5 - - default default] Method 'is_advsvc' is deprecated since 2023.2 release (neutron-lib 3.8.0) and will be removed once support for the old RBAC API policies will be removed from Neutron. Please use method 'is_service_role' instead.
2026-05-08 00:30:03.747 10 INFO neutron.api.wsgi [req-0015fa13-2ec8-420a-a050-182d06f093a6 req-73484bb9-95e3-4c95-8944-91035abcfdc5 6aff2e0f5ea04b73a81c5b04c344d685 a20d50bf362c4834b644f27263028ed4 - - default default] 10.0.0.250 "GET /v2.0/ports?device_id=0636ff06-eff3-40ba-a1dc-d3dd29704d89 HTTP/1.1" status: 200 len: 1168 time: 0.0305636
2026-05-08 00:30:03.765 10 INFO neutron.db.segments_db [None req-e4857d0c-93c0-4848-924e-4f48f560e9a2 7328a46f6bbc4f069fcbd18f58f7a656 e82ed481860245adaa451d53729faec5 - - default default] Added segment 1d9abc22-1d98-4c03-a4d6-4ccba12def1e of type geneve for network b71a9a76-02b0-4b97-953f-1856e8b354d2
2026-05-08 00:30:03.792 10 INFO neutron.api.wsgi [req-0015fa13-2ec8-420a-a050-182d06f093a6 req-0f32a292-133c-4f7d-96cb-68842262b97e 6aff2e0f5ea04b73a81c5b04c344d685 a20d50bf362c4834b644f27263028ed4 - - default default] 10.0.0.250 "GET /v2.0/security-groups?id=8892943f-bae6-4d29-82bb-aff095af6082&fields=id&fields=name HTTP/1.1" status: 200 len: 286 time: 0.0387392
2026-05-08 00:30:03.865 10 INFO neutron.db.ovn_revision_numbers_db [None req-e4857d0c-93c0-4848-924e-4f48f560e9a2 7328a46f6bbc4f069fcbd18f58f7a656 e82ed481860245adaa451d53729faec5 - - default default] Successfully bumped revision number for resource b71a9a76-02b0-4b97-953f-1856e8b354d2 (type: networks) to 1
2026-05-08 00:30:03.983 10 WARNING neutron.scheduler.dhcp_agent_scheduler [None req-e4857d0c-93c0-4848-924e-4f48f560e9a2 7328a46f6bbc4f069fcbd18f58f7a656 e82ed481860245adaa451d53729faec5 - - default default] No more DHCP agents
2026-05-08 00:30:03.984 10 WARNING neutron.api.rpc.agentnotifiers.dhcp_rpc_agent_api [None req-e4857d0c-93c0-4848-924e-4f48f560e9a2 7328a46f6bbc4f069fcbd18f58f7a656 e82ed481860245adaa451d53729faec5 - - default default] Unable to schedule network b71a9a76-02b0-4b97-953f-1856e8b354d2: no agents available; will retry on subsequent port and subnet creation events.
2026-05-08 00:30:04.033 10 INFO neutron.db.ovn_revision_numbers_db [None req-e4857d0c-93c0-4848-924e-4f48f560e9a2 7328a46f6bbc4f069fcbd18f58f7a656 e82ed481860245adaa451d53729faec5 - - default default] Successfully bumped revision number for resource 6736eea7-3a65-4c70-bd4b-921fbf0fe176 (type: ports) to 1
