2026-05-08 00:31:08.438 10 INFO neutron.plugins.ml2.plugin [None req-020f9a00-649b-47eb-b6d3-740dea9e4ac5 - - - - - -] Attempt 1 to provision port 3337b67e-330a-4ab5-9c47-ce86c732304b
2026-05-08 00:31:08.500 10 INFO neutron.api.wsgi [None req-3e187e17-a04b-4e52-834b-fdc7df3e547c 6271eb76470847b2a93b95ad87cd3ebb a0b8c367e41a4e79bfbdbdc3c296cdc3 - - default default] 10.0.0.37 "DELETE /v2.0/security-group-rules/2903308a-437e-4d84-801b-cf687e02e49b HTTP/1.1" status: 204 len: 168 time: 0.1040154
2026-05-08 00:31:08.550 9 WARNING neutron.scheduler.dhcp_agent_scheduler [None req-889d2c98-cf6c-4a50-b574-a74479950d17 90341790c194485fb3dfa03175ef9ceb ff7fd202c5bc4791a1c52d3ae02bc3cd - - default default] No more DHCP agents
2026-05-08 00:31:08.551 9 WARNING neutron.api.rpc.agentnotifiers.dhcp_rpc_agent_api [None req-889d2c98-cf6c-4a50-b574-a74479950d17 90341790c194485fb3dfa03175ef9ceb ff7fd202c5bc4791a1c52d3ae02bc3cd - - default default] Unable to schedule network a25364c2-86ae-45b8-84b2-c45f61bc6c12: no agents available; will retry on subsequent port and subnet creation events.
2026-05-08 00:31:08.572 10 INFO neutron.api.wsgi [None req-f6f663e8-c62d-4a6a-98e3-d9f72a3b0dde 6271eb76470847b2a93b95ad87cd3ebb a0b8c367e41a4e79bfbdbdc3c296cdc3 - - default default] 10.0.0.37 "GET /v2.0/security-group-rules HTTP/1.1" status: 200 len: 3755 time: 0.0680029
2026-05-08 00:31:08.580 10 WARNING neutron_lib.context [None req-26ad6f83-425a-4c9f-b7c3-c2c2c7175688 6271eb76470847b2a93b95ad87cd3ebb a0b8c367e41a4e79bfbdbdc3c296cdc3 - - default default] Method 'is_advsvc' is deprecated since 2023.2 release (neutron-lib 3.8.0) and will be removed once support for the old RBAC API policies will be removed from Neutron. Please use method 'is_service_role' instead.
2026-05-08 00:31:08.626 9 INFO neutron.db.ovn_revision_numbers_db [None req-889d2c98-cf6c-4a50-b574-a74479950d17 90341790c194485fb3dfa03175ef9ceb ff7fd202c5bc4791a1c52d3ae02bc3cd - - default default] Successfully bumped revision number for resource d92147f7-475d-421f-8d7b-e06b397b9401 (type: ports) to 1
2026-05-08 00:31:08.645 9 INFO neutron.api.wsgi [None req-889d2c98-cf6c-4a50-b574-a74479950d17 90341790c194485fb3dfa03175ef9ceb ff7fd202c5bc4791a1c52d3ae02bc3cd - - default default] 10.0.0.37 "POST /v2.0/networks HTTP/1.1" status: 201 len: 831 time: 0.7938416
2026-05-08 00:31:08.655 9 WARNING neutron_lib.context [None req-6a5b63c7-4b02-46b1-88a0-44fe210fca9f 90341790c194485fb3dfa03175ef9ceb ff7fd202c5bc4791a1c52d3ae02bc3cd - - default default] Method 'is_advsvc' is deprecated since 2023.2 release (neutron-lib 3.8.0) and will be removed once support for the old RBAC API policies will be removed from Neutron. Please use method 'is_service_role' instead.
2026-05-08 00:31:08.704 10 INFO neutron.db.ovn_revision_numbers_db [None req-26ad6f83-425a-4c9f-b7c3-c2c2c7175688 6271eb76470847b2a93b95ad87cd3ebb a0b8c367e41a4e79bfbdbdc3c296cdc3 - - default default] Successfully bumped revision number for resource dce261a8-15a3-4683-97c3-4345caba6ca4 (type: security_group_rules) to 0
2026-05-08 00:31:08.744 10 INFO neutron.api.wsgi [None req-26ad6f83-425a-4c9f-b7c3-c2c2c7175688 6271eb76470847b2a93b95ad87cd3ebb a0b8c367e41a4e79bfbdbdc3c296cdc3 - - default default] 10.0.0.37 "POST /v2.0/security-group-rules HTTP/1.1" status: 201 len: 801 time: 0.1671729
2026-05-08 00:31:08.770 10 INFO neutron.api.wsgi [None req-714bb137-55e2-4277-8339-4e27eae90611 6271eb76470847b2a93b95ad87cd3ebb a0b8c367e41a4e79bfbdbdc3c296cdc3 - - default default] 10.0.0.37 "GET /v2.0/security-group-rules/dce261a8-15a3-4683-97c3-4345caba6ca4 HTTP/1.1" status: 200 len: 796 time: 0.0209970
2026-05-08 00:31:08.834 10 INFO neutron.db.ovn_revision_numbers_db [None req-020f9a00-649b-47eb-b6d3-740dea9e4ac5 - - - - - -] Successfully bumped revision number for resource 3337b67e-330a-4ab5-9c47-ce86c732304b (type: ports) to 2
2026-05-08 00:31:08.856 9 INFO neutron.api.wsgi [None req-94e699d0-50d9-4478-87c3-8d40e5a237b1 6271eb76470847b2a93b95ad87cd3ebb a0b8c367e41a4e79bfbdbdc3c296cdc3 - - default default] 10.0.0.37 "GET /v2.0/security-group-rules HTTP/1.1" status: 200 len: 4334 time: 0.0814028
2026-05-08 00:31:08.974 10 INFO neutron.api.wsgi [None req-f6bd4651-e81b-4ebe-8168-2489534ca2bc 6271eb76470847b2a93b95ad87cd3ebb a0b8c367e41a4e79bfbdbdc3c296cdc3 - - default default] 10.0.0.37 "DELETE /v2.0/security-group-rules/dce261a8-15a3-4683-97c3-4345caba6ca4 HTTP/1.1" status: 204 len: 168 time: 0.1129878
2026-05-08 00:31:09.025 10 INFO neutron.api.wsgi [None req-00d4ab4f-693a-41af-ac28-316a75a84695 6271eb76470847b2a93b95ad87cd3ebb a0b8c367e41a4e79bfbdbdc3c296cdc3 - - default default] 10.0.0.37 "GET /v2.0/security-group-rules HTTP/1.1" status: 200 len: 3755 time: 0.0457747
2026-05-08 00:31:09.041 9 WARNING neutron.scheduler.dhcp_agent_scheduler [None req-6a5b63c7-4b02-46b1-88a0-44fe210fca9f 90341790c194485fb3dfa03175ef9ceb ff7fd202c5bc4791a1c52d3ae02bc3cd - - default default] No more DHCP agents
2026-05-08 00:31:09.046 9 WARNING neutron.api.rpc.agentnotifiers.dhcp_rpc_agent_api [None req-6a5b63c7-4b02-46b1-88a0-44fe210fca9f 90341790c194485fb3dfa03175ef9ceb ff7fd202c5bc4791a1c52d3ae02bc3cd - - default default] Unable to schedule network 8375a2e0-fc5c-4118-888e-56e4dc6c4278: no agents available; will retry on subsequent port and subnet creation events.
2026-05-08 00:31:09.127 9 INFO neutron.api.wsgi [None req-09a2a076-806a-44c5-b8af-ef383219c235 6271eb76470847b2a93b95ad87cd3ebb a0b8c367e41a4e79bfbdbdc3c296cdc3 - - default default] 10.0.0.37 "DELETE /v2.0/security-groups/165eff18-2d88-48f7-97c7-a79aa9f6b76a HTTP/1.1" status: 204 len: 168 time: 0.0972409
2026-05-08 00:31:09.162 9 INFO neutron.db.ovn_revision_numbers_db [None req-6a5b63c7-4b02-46b1-88a0-44fe210fca9f 90341790c194485fb3dfa03175ef9ceb ff7fd202c5bc4791a1c52d3ae02bc3cd - - default default] Successfully bumped revision number for resource b3664edc-7e14-4201-84bc-d7e9773cb47d (type: ports) to 1
2026-05-08 00:31:09.163 10 INFO neutron.api.wsgi [None req-a93cd5e7-7157-4cdc-904f-c4d275d79ee9 6271eb76470847b2a93b95ad87cd3ebb a0b8c367e41a4e79bfbdbdc3c296cdc3 - - default default] 10.0.0.37 "GET /v2.0/security-groups HTTP/1.1" status: 200 len: 3120 time: 0.0289598
2026-05-08 00:31:09.199 10 INFO neutron.api.wsgi [None req-5891ccc1-d372-4578-90c8-2519ac2b5fe0 6271eb76470847b2a93b95ad87cd3ebb a0b8c367e41a4e79bfbdbdc3c296cdc3 - - default default] 10.0.0.37 "GET /v2.0/security-groups HTTP/1.1" status: 200 len: 3120 time: 0.0289102
2026-05-08 00:31:09.699 9 INFO neutron.plugins.ml2.drivers.ovn.mech_driver.ovsdb.commands [None req-e80f27f5-e49d-437f-8fb6-a3ee4a97fc45 - - - - - -] Schedule LRP lrp-b3664edc-7e14-4201-84bc-d7e9773cb47d on gateway 1e92e222-9eeb-4c4e-80ba-301384359059 with priority 1
2026-05-08 00:31:09.720 10 INFO neutron.plugins.ml2.drivers.ovn.mech_driver.ovsdb.ovsdb_monitor [None req-49d1f89c-30d6-48e2-93a8-dd2eda4cadb9 - - - - - -] Router 56e28e91-e363-43cc-91b6-39e695cc0e77 is bound to host instance
2026-05-08 00:31:09.743 9 INFO neutron.db.ovn_revision_numbers_db [None req-6a5b63c7-4b02-46b1-88a0-44fe210fca9f 90341790c194485fb3dfa03175ef9ceb ff7fd202c5bc4791a1c52d3ae02bc3cd - - default default] Successfully bumped revision number for resource b3664edc-7e14-4201-84bc-d7e9773cb47d (type: router_ports) to 1
2026-05-08 00:31:09.808 9 INFO neutron.db.ovn_revision_numbers_db [None req-6a5b63c7-4b02-46b1-88a0-44fe210fca9f 90341790c194485fb3dfa03175ef9ceb ff7fd202c5bc4791a1c52d3ae02bc3cd - - default default] Successfully bumped revision number for resource 56e28e91-e363-43cc-91b6-39e695cc0e77 (type: routers) to 2
2026-05-08 00:31:09.823 9 INFO neutron.api.wsgi [None req-6a5b63c7-4b02-46b1-88a0-44fe210fca9f 90341790c194485fb3dfa03175ef9ceb ff7fd202c5bc4791a1c52d3ae02bc3cd - - default default] 10.0.0.37 "POST /v2.0/routers HTTP/1.1" status: 201 len: 1153 time: 1.1723542
2026-05-08 00:31:09.825 10 INFO neutron.api.wsgi [None req-5daae485-652c-4209-af8d-5f790fcb25ce 754989ad745348c2842035e4c954ed15 1e434a98de034528963e385f4ee83562 - - default default] 10.0.0.37 "GET /v2.0/security-groups?tenant_id=a0b8c367e41a4e79bfbdbdc3c296cdc3&name=default HTTP/1.1" status: 200 len: 3120 time: 0.1564133
2026-05-08 00:31:09.839 10 INFO neutron.api.wsgi [req-71c8c904-2d62-4ffa-9e34-6445e494928a req-59cbaf91-2d08-4101-9b76-827c949fe010 c173b97bde164e998ea429e7d550f491 43a134ade7ef43708970806ac06688b7 - - default default] 10.0.0.250 "GET /v2.0/networks?id=cec61c09-5ba7-46ea-81f9-4c119f20d6e0 HTTP/1.1" status: 200 len: 872 time: 0.0723891
2026-05-08 00:31:09.861 10 INFO neutron.api.wsgi [req-71c8c904-2d62-4ffa-9e34-6445e494928a req-f025011d-c755-44a6-a0f4-d911d4119b7c c173b97bde164e998ea429e7d550f491 43a134ade7ef43708970806ac06688b7 - - default default] 10.0.0.250 "GET /v2.0/quotas/43a134ade7ef43708970806ac06688b7 HTTP/1.1" status: 200 len: 491 time: 0.0157177
2026-05-08 00:31:09.940 9 INFO neutron.api.wsgi [None req-53b69142-af88-4e21-829d-6da8fd014efc 755933b7e8414b27a24aca97fa9f656a 6760c9d05e5d46e684a81ceec11fccf5 - - default default] 10.0.0.37 "GET /v2.0/subnets?project_id=ff7fd202c5bc4791a1c52d3ae02bc3cd&cidr=10.100.0.0%2F28 HTTP/1.1" status: 200 len: 207 time: 0.1120203
2026-05-08 00:31:09.969 10 INFO neutron.api.wsgi [req-71c8c904-2d62-4ffa-9e34-6445e494928a req-d4b85482-ba8f-49f2-a6d7-5c403aff039e c173b97bde164e998ea429e7d550f491 43a134ade7ef43708970806ac06688b7 - - default default] 10.0.0.250 "GET /v2.0/ports?tenant_id=43a134ade7ef43708970806ac06688b7&fields=id HTTP/1.1" status: 200 len: 302 time: 0.0991621
2026-05-08 00:31:09.998 9 INFO neutron.api.wsgi [None req-1cb129d9-9a86-4757-af7e-bd944f5b083b 755933b7e8414b27a24aca97fa9f656a 6760c9d05e5d46e684a81ceec11fccf5 - - default default] 10.0.0.37 "GET /v2.0/networks?router%3Aexternal=True HTTP/1.1" status: 200 len: 947 time: 0.0512123
2026-05-08 00:31:10.029 10 INFO neutron.api.wsgi [req-71c8c904-2d62-4ffa-9e34-6445e494928a req-504b364d-b30b-43d6-a998-452d8e8b7229 5a61d14ec71942d9ba839cb224b69985 f014bbe0d67a4e8d9adc079e7bb2a16b - - 1b55432df30e49d4b604d7e3bc98fc88 1b55432df30e49d4b604d7e3bc98fc88] 10.0.0.250 "GET /v2.0/networks/cec61c09-5ba7-46ea-81f9-4c119f20d6e0?fields=segments HTTP/1.1" status: 200 len: 212 time: 0.0506668
2026-05-08 00:31:10.029 9 INFO neutron.api.wsgi [None req-55268400-e74f-4c49-8e65-c46aecbb4631 755933b7e8414b27a24aca97fa9f656a 6760c9d05e5d46e684a81ceec11fccf5 - - default default] 10.0.0.37 "GET /v2.0/subnets?network_id=8375a2e0-fc5c-4118-888e-56e4dc6c4278&cidr=10.100.0.0%2F28 HTTP/1.1" status: 200 len: 207 time: 0.0211394
2026-05-08 00:31:10.037 9 WARNING neutron_lib.context [None req-9f9e48ea-4e0f-4677-97b0-6d9e0ea16342 90341790c194485fb3dfa03175ef9ceb ff7fd202c5bc4791a1c52d3ae02bc3cd - - default default] Method 'is_advsvc' is deprecated since 2023.2 release (neutron-lib 3.8.0) and will be removed once support for the old RBAC API policies will be removed from Neutron. Please use method 'is_service_role' instead.
2026-05-08 00:31:10.083 10 INFO neutron.api.wsgi [req-71c8c904-2d62-4ffa-9e34-6445e494928a req-813067e1-14ff-4b04-a2b9-c65484251f97 5a61d14ec71942d9ba839cb224b69985 f014bbe0d67a4e8d9adc079e7bb2a16b - - 1b55432df30e49d4b604d7e3bc98fc88 1b55432df30e49d4b604d7e3bc98fc88] 10.0.0.250 "GET /v2.0/networks/cec61c09-5ba7-46ea-81f9-4c119f20d6e0?fields=provider%3Aphysical_network&fields=provider%3Anetwork_type HTTP/1.1" status: 200 len: 277 time: 0.0488920
2026-05-08 00:31:10.105 10 INFO neutron.api.wsgi [None req-fcbb2dfa-d1f9-4f7f-bf3d-dbca1c5406bb 754989ad745348c2842035e4c954ed15 1e434a98de034528963e385f4ee83562 - - default default] 10.0.0.37 "DELETE /v2.0/security-groups/0f6622b3-5a30-48cc-8693-742d0e355e6a HTTP/1.1" status: 204 len: 168 time: 0.2742434
2026-05-08 00:31:10.189 10 INFO neutron.db.ovn_revision_numbers_db [None req-e19076a3-94ee-4545-92aa-dd3f09689c09 - - - - - -] Successfully bumped revision number for resource b3664edc-7e14-4201-84bc-d7e9773cb47d (type: ports) to 1
2026-05-08 00:31:10.200 10 INFO neutron.api.wsgi [req-2df502d4-6370-40cc-b3b1-e104a0e1a406 req-20334276-cf39-41c6-b477-3b6fd79657cd c173b97bde164e998ea429e7d550f491 43a134ade7ef43708970806ac06688b7 - - default default] 10.0.0.250 "GET /v2.0/ports?device_id=03864033-f29c-447c-ab79-af45493e35db HTTP/1.1" status: 200 len: 210 time: 0.0118663
2026-05-08 00:31:10.226 9 WARNING neutron.scheduler.dhcp_agent_scheduler [None req-9f9e48ea-4e0f-4677-97b0-6d9e0ea16342 90341790c194485fb3dfa03175ef9ceb ff7fd202c5bc4791a1c52d3ae02bc3cd - - default default] No more DHCP agents
2026-05-08 00:31:10.227 9 WARNING neutron.api.rpc.agentnotifiers.dhcp_rpc_agent_api [None req-9f9e48ea-4e0f-4677-97b0-6d9e0ea16342 90341790c194485fb3dfa03175ef9ceb ff7fd202c5bc4791a1c52d3ae02bc3cd - - default default] Unable to schedule network a25364c2-86ae-45b8-84b2-c45f61bc6c12: no agents available; will retry on subsequent port and subnet creation events.
2026-05-08 00:31:10.473 10 INFO neutron.db.ovn_revision_numbers_db [None req-e19076a3-94ee-4545-92aa-dd3f09689c09 - - - - - -] Successfully bumped revision number for resource b3664edc-7e14-4201-84bc-d7e9773cb47d (type: ports) to 4
2026-05-08 00:31:10.636 9 INFO neutron.db.ovn_revision_numbers_db [None req-5441c5bb-d7da-4241-b00e-e998147e5fbf - - - - - -] Successfully bumped revision number for resource d92147f7-475d-421f-8d7b-e06b397b9401 (type: ports) to 2
2026-05-08 00:31:10.668 9 INFO neutron.db.ovn_revision_numbers_db [None req-5441c5bb-d7da-4241-b00e-e998147e5fbf - - - - - -] Successfully bumped revision number for resource 1b1f9181-1260-4bfb-8192-76140d18ce7b (type: subnets) to 0
2026-05-08 00:31:10.679 10 INFO neutron.db.ovn_revision_numbers_db [None req-e19076a3-94ee-4545-92aa-dd3f09689c09 - - - - - -] Successfully bumped revision number for resource b3664edc-7e14-4201-84bc-d7e9773cb47d (type: ports) to 5
2026-05-08 00:31:10.683 9 INFO neutron.api.wsgi [None req-9f9e48ea-4e0f-4677-97b0-6d9e0ea16342 90341790c194485fb3dfa03175ef9ceb ff7fd202c5bc4791a1c52d3ae02bc3cd - - default default] 10.0.0.37 "POST /v2.0/subnets HTTP/1.1" status: 201 len: 856 time: 0.6491373
2026-05-08 00:31:11.163 10 WARNING neutron.scheduler.dhcp_agent_scheduler [None req-d2cd3518-ebe2-4608-a30b-4919dcb3e7ac 90341790c194485fb3dfa03175ef9ceb ff7fd202c5bc4791a1c52d3ae02bc3cd - - default default] No more DHCP agents
2026-05-08 00:31:11.165 10 WARNING neutron.api.rpc.agentnotifiers.dhcp_rpc_agent_api [None req-d2cd3518-ebe2-4608-a30b-4919dcb3e7ac 90341790c194485fb3dfa03175ef9ceb ff7fd202c5bc4791a1c52d3ae02bc3cd - - default default] Unable to schedule network a25364c2-86ae-45b8-84b2-c45f61bc6c12: no agents available; will retry on subsequent port and subnet creation events.
2026-05-08 00:31:11.293 10 INFO neutron.api.wsgi [req-241247ef-4978-4a26-9da8-3495e96927f0 req-3f8e052b-22c1-4b06-bff3-8bf93d084b5a c173b97bde164e998ea429e7d550f491 43a134ade7ef43708970806ac06688b7 - - default default] 10.0.0.250 "GET /v2.0/ports?device_id=03864033-f29c-447c-ab79-af45493e35db HTTP/1.1" status: 200 len: 210 time: 0.0136042
2026-05-08 00:31:11.303 10 INFO neutron.db.ovn_revision_numbers_db [None req-d2cd3518-ebe2-4608-a30b-4919dcb3e7ac 90341790c194485fb3dfa03175ef9ceb ff7fd202c5bc4791a1c52d3ae02bc3cd - - default default] Successfully bumped revision number for resource 44547fe9-86a6-4209-a388-9200e85016e1 (type: ports) to 1
2026-05-08 00:31:11.733 9 INFO neutron.api.wsgi [-] 10.0.0.37 "GET / HTTP/1.1" status: 200 len: 279 time: 0.0016983
2026-05-08 00:31:11.859 10 INFO neutron.db.ovn_revision_numbers_db [None req-d2cd3518-ebe2-4608-a30b-4919dcb3e7ac 90341790c194485fb3dfa03175ef9ceb ff7fd202c5bc4791a1c52d3ae02bc3cd - - default default] Successfully bumped revision number for resource 44547fe9-86a6-4209-a388-9200e85016e1 (type: ports) to 1
2026-05-08 00:31:11.889 9 INFO neutron.api.wsgi [None req-2c405a5b-877d-471f-bcce-8ce198600b7b ca971957b6524d89a4ab3f50ede89ed1 18965f7984c44f3b86b099f9c69b6041 - - default default] 10.0.0.37 "GET /v2.0/ HTTP/1.1" status: 200 len: 826 time: 0.1481929
2026-05-08 00:31:11.909 10 WARNING neutron.scheduler.dhcp_agent_scheduler [None req-d2cd3518-ebe2-4608-a30b-4919dcb3e7ac 90341790c194485fb3dfa03175ef9ceb ff7fd202c5bc4791a1c52d3ae02bc3cd - - default default] No more DHCP agents
2026-05-08 00:31:11.911 10 WARNING neutron.api.rpc.agentnotifiers.dhcp_rpc_agent_api [None req-d2cd3518-ebe2-4608-a30b-4919dcb3e7ac 90341790c194485fb3dfa03175ef9ceb ff7fd202c5bc4791a1c52d3ae02bc3cd - - default default] Unable to schedule network a25364c2-86ae-45b8-84b2-c45f61bc6c12: no agents available; will retry on subsequent port and subnet creation events.
2026-05-08 00:31:12.429 10 INFO neutron.api.wsgi [req-859bc6d0-10f0-4c6d-a488-7e76297841ac req-a40c7be9-fc60-4e8f-af3e-b087d985eceb c173b97bde164e998ea429e7d550f491 43a134ade7ef43708970806ac06688b7 - - default default] 10.0.0.250 "GET /v2.0/ports?device_id=03864033-f29c-447c-ab79-af45493e35db HTTP/1.1" status: 200 len: 210 time: 0.0205495
2026-05-08 00:31:12.477 10 INFO neutron.db.ovn_revision_numbers_db [None req-d2cd3518-ebe2-4608-a30b-4919dcb3e7ac 90341790c194485fb3dfa03175ef9ceb ff7fd202c5bc4791a1c52d3ae02bc3cd - - default default] Successfully bumped revision number for resource 44547fe9-86a6-4209-a388-9200e85016e1 (type: router_ports) to 1
2026-05-08 00:31:12.482 10 INFO neutron.api.wsgi [None req-d2cd3518-ebe2-4608-a30b-4919dcb3e7ac 90341790c194485fb3dfa03175ef9ceb ff7fd202c5bc4791a1c52d3ae02bc3cd - - default default] 10.0.0.37 "PUT /v2.0/routers/56e28e91-e363-43cc-91b6-39e695cc0e77/add_router_interface HTTP/1.1" status: 200 len: 503 time: 1.7935560
2026-05-08 00:31:12.540 10 INFO neutron.api.wsgi [None req-52503d79-f38f-4735-9962-2308f4741742 755933b7e8414b27a24aca97fa9f656a 6760c9d05e5d46e684a81ceec11fccf5 - - default default] 10.0.0.37 "GET /v2.0/networks HTTP/1.1" status: 200 len: 3871 time: 0.0526080
2026-05-08 00:31:12.579 9 INFO neutron.db.ovn_revision_numbers_db [None req-4a8137ee-3586-4bb5-a0a4-2024d6e56dce 754989ad745348c2842035e4c954ed15 1e434a98de034528963e385f4ee83562 - - default default] Successfully bumped revision number for resource 0193852d-dbd7-4b16-9dc9-cbd10f66b3ab (type: security_groups) to 1
2026-05-08 00:31:12.582 10 INFO neutron.api.wsgi [None req-c1b9ac95-bc64-4e64-8003-85fd7df9d269 755933b7e8414b27a24aca97fa9f656a 6760c9d05e5d46e684a81ceec11fccf5 - - default default] 10.0.0.37 "GET /v2.0/subnets HTTP/1.1" status: 200 len: 2846 time: 0.0364435
2026-05-08 00:31:12.593 9 INFO neutron.db.ovn_revision_numbers_db [None req-4a8137ee-3586-4bb5-a0a4-2024d6e56dce 754989ad745348c2842035e4c954ed15 1e434a98de034528963e385f4ee83562 - - default default] Successfully bumped revision number for resource 526e2354-03a3-45e2-9bc9-4a0d9083fc60 (type: security_group_rules) to 0
2026-05-08 00:31:12.625 9 INFO neutron.db.ovn_revision_numbers_db [None req-4a8137ee-3586-4bb5-a0a4-2024d6e56dce 754989ad745348c2842035e4c954ed15 1e434a98de034528963e385f4ee83562 - - default default] Successfully bumped revision number for resource c1ac32cc-4d26-4e2e-b5fc-7785f2cc68d4 (type: security_group_rules) to 0
2026-05-08 00:31:12.636 9 INFO neutron.db.ovn_revision_numbers_db [None req-4a8137ee-3586-4bb5-a0a4-2024d6e56dce 754989ad745348c2842035e4c954ed15 1e434a98de034528963e385f4ee83562 - - default default] Successfully bumped revision number for resource c6513d7c-f33e-4793-b490-3bd6d0c8ade2 (type: security_group_rules) to 0
2026-05-08 00:31:12.650 9 INFO neutron.db.ovn_revision_numbers_db [None req-4a8137ee-3586-4bb5-a0a4-2024d6e56dce 754989ad745348c2842035e4c954ed15 1e434a98de034528963e385f4ee83562 - - default default] Successfully bumped revision number for resource f5b100cc-53d2-4fe7-ba28-c5728eb8924e (type: security_group_rules) to 0
2026-05-08 00:31:12.668 10 INFO neutron.api.wsgi [None req-1e8cdfc5-6de9-474b-af06-545924a3dbd9 755933b7e8414b27a24aca97fa9f656a 6760c9d05e5d46e684a81ceec11fccf5 - - default default] 10.0.0.37 "GET /v2.0/routers HTTP/1.1" status: 200 len: 2132 time: 0.0808063
2026-05-08 00:31:12.688 9 INFO neutron.api.wsgi [None req-4a8137ee-3586-4bb5-a0a4-2024d6e56dce 754989ad745348c2842035e4c954ed15 1e434a98de034528963e385f4ee83562 - - default default] 10.0.0.37 "GET /v2.0/security-groups?tenant_id=18965f7984c44f3b86b099f9c69b6041&name=default HTTP/1.1" status: 200 len: 3120 time: 0.3026459
2026-05-08 00:31:12.719 10 WARNING neutron_lib.context [None req-70fd7cf8-1d07-4da2-9dfb-3a13cb3d299d 90341790c194485fb3dfa03175ef9ceb ff7fd202c5bc4791a1c52d3ae02bc3cd - - default default] Method 'is_advsvc' is deprecated since 2023.2 release (neutron-lib 3.8.0) and will be removed once support for the old RBAC API policies will be removed from Neutron. Please use method 'is_service_role' instead.
2026-05-08 00:31:12.825 10 INFO neutron.db.ovn_revision_numbers_db [None req-70fd7cf8-1d07-4da2-9dfb-3a13cb3d299d 90341790c194485fb3dfa03175ef9ceb ff7fd202c5bc4791a1c52d3ae02bc3cd - - default default] Successfully bumped revision number for resource 4a9c2f7a-39a4-4670-8b88-aeaa406c8665 (type: security_groups) to 1
2026-05-08 00:31:12.849 10 INFO neutron.db.ovn_revision_numbers_db [None req-70fd7cf8-1d07-4da2-9dfb-3a13cb3d299d 90341790c194485fb3dfa03175ef9ceb ff7fd202c5bc4791a1c52d3ae02bc3cd - - default default] Successfully bumped revision number for resource 1496a082-9855-4346-8e64-664f3d9f494b (type: security_group_rules) to 0
2026-05-08 00:31:12.861 10 INFO neutron.db.ovn_revision_numbers_db [None req-70fd7cf8-1d07-4da2-9dfb-3a13cb3d299d 90341790c194485fb3dfa03175ef9ceb ff7fd202c5bc4791a1c52d3ae02bc3cd - - default default] Successfully bumped revision number for resource f2c84fcd-df74-4241-800c-95ebc21fe0ee (type: security_group_rules) to 0
2026-05-08 00:31:12.901 10 INFO neutron.api.wsgi [None req-70fd7cf8-1d07-4da2-9dfb-3a13cb3d299d 90341790c194485fb3dfa03175ef9ceb ff7fd202c5bc4791a1c52d3ae02bc3cd - - default default] 10.0.0.37 "POST /v2.0/security-groups HTTP/1.1" status: 201 len: 1875 time: 0.1867173
2026-05-08 00:31:12.909 9 INFO neutron.api.wsgi [None req-84b313ee-1ac3-4fa0-9b0c-2f1aa5afee9f 754989ad745348c2842035e4c954ed15 1e434a98de034528963e385f4ee83562 - - default default] 10.0.0.37 "DELETE /v2.0/security-groups/0193852d-dbd7-4b16-9dc9-cbd10f66b3ab HTTP/1.1" status: 204 len: 168 time: 0.2143204
2026-05-08 00:31:12.910 10 WARNING neutron_lib.context [None req-8926bdcd-ef26-4583-91b3-7208a03fbb43 90341790c194485fb3dfa03175ef9ceb ff7fd202c5bc4791a1c52d3ae02bc3cd - - default default] Method 'is_advsvc' is deprecated since 2023.2 release (neutron-lib 3.8.0) and will be removed once support for the old RBAC API policies will be removed from Neutron. Please use method 'is_service_role' instead.
2026-05-08 00:31:13.032 10 INFO neutron.db.ovn_revision_numbers_db [None req-8926bdcd-ef26-4583-91b3-7208a03fbb43 90341790c194485fb3dfa03175ef9ceb ff7fd202c5bc4791a1c52d3ae02bc3cd - - default default] Successfully bumped revision number for resource c0f50a2b-d0b2-4375-b6a1-4a6713360107 (type: security_group_rules) to 0
2026-05-08 00:31:13.062 10 INFO neutron.api.wsgi [None req-8926bdcd-ef26-4583-91b3-7208a03fbb43 90341790c194485fb3dfa03175ef9ceb ff7fd202c5bc4791a1c52d3ae02bc3cd - - default default] 10.0.0.37 "POST /v2.0/security-group-rules HTTP/1.1" status: 201 len: 796 time: 0.1556671
2026-05-08 00:31:13.072 10 WARNING neutron_lib.context [None req-990b5bc7-6ae5-425d-8b1d-bb1e2018cd73 90341790c194485fb3dfa03175ef9ceb ff7fd202c5bc4791a1c52d3ae02bc3cd - - default default] Method 'is_advsvc' is deprecated since 2023.2 release (neutron-lib 3.8.0) and will be removed once support for the old RBAC API policies will be removed from Neutron. Please use method 'is_service_role' instead.
2026-05-08 00:31:13.176 10 INFO neutron.db.ovn_revision_numbers_db [None req-990b5bc7-6ae5-425d-8b1d-bb1e2018cd73 90341790c194485fb3dfa03175ef9ceb ff7fd202c5bc4791a1c52d3ae02bc3cd - - default default] Successfully bumped revision number for resource d436b70a-6edd-42f3-ad3d-1c5e238e7ac9 (type: security_group_rules) to 0
2026-05-08 00:31:13.198 10 INFO neutron.api.wsgi [None req-990b5bc7-6ae5-425d-8b1d-bb1e2018cd73 90341790c194485fb3dfa03175ef9ceb ff7fd202c5bc4791a1c52d3ae02bc3cd - - default default] 10.0.0.37 "POST /v2.0/security-group-rules HTTP/1.1" status: 201 len: 795 time: 0.1295853
2026-05-08 00:31:13.209 9 WARNING neutron_lib.context [None req-e7f06e73-5c5b-4815-8f63-d0462fbeb15f 90341790c194485fb3dfa03175ef9ceb ff7fd202c5bc4791a1c52d3ae02bc3cd - - default default] Method 'is_advsvc' is deprecated since 2023.2 release (neutron-lib 3.8.0) and will be removed once support for the old RBAC API policies will be removed from Neutron. Please use method 'is_service_role' instead.
2026-05-08 00:31:13.336 9 INFO neutron.db.ovn_revision_numbers_db [None req-e7f06e73-5c5b-4815-8f63-d0462fbeb15f 90341790c194485fb3dfa03175ef9ceb ff7fd202c5bc4791a1c52d3ae02bc3cd - - default default] Successfully bumped revision number for resource 7a979122-e3f4-4af7-becf-6c876f10a073 (type: security_group_rules) to 0
2026-05-08 00:31:13.376 9 INFO neutron.api.wsgi [None req-e7f06e73-5c5b-4815-8f63-d0462fbeb15f 90341790c194485fb3dfa03175ef9ceb ff7fd202c5bc4791a1c52d3ae02bc3cd - - default default] 10.0.0.37 "POST /v2.0/security-group-rules HTTP/1.1" status: 201 len: 801 time: 0.1736736
2026-05-08 00:31:13.384 9 WARNING neutron_lib.context [None req-f71248ff-476f-45f5-b965-112da5e16d85 90341790c194485fb3dfa03175ef9ceb ff7fd202c5bc4791a1c52d3ae02bc3cd - - default default] Method 'is_advsvc' is deprecated since 2023.2 release (neutron-lib 3.8.0) and will be removed once support for the old RBAC API policies will be removed from Neutron. Please use method 'is_service_role' instead.
2026-05-08 00:31:13.510 9 INFO neutron.db.ovn_revision_numbers_db [None req-f71248ff-476f-45f5-b965-112da5e16d85 90341790c194485fb3dfa03175ef9ceb ff7fd202c5bc4791a1c52d3ae02bc3cd - - default default] Successfully bumped revision number for resource d43b0caa-fe05-4b2c-9346-6f54c5825b3f (type: security_group_rules) to 0
2026-05-08 00:31:13.512 10 INFO neutron.api.wsgi [req-b057ab96-3854-4c60-ac8e-71838e5328aa req-c836eecb-b2a5-4c26-9418-c405ddb958ad c173b97bde164e998ea429e7d550f491 43a134ade7ef43708970806ac06688b7 - - default default] 10.0.0.250 "GET /v2.0/ports?device_id=03864033-f29c-447c-ab79-af45493e35db HTTP/1.1" status: 200 len: 210 time: 0.0141284
2026-05-08 00:31:13.538 9 INFO neutron.api.wsgi [None req-f71248ff-476f-45f5-b965-112da5e16d85 90341790c194485fb3dfa03175ef9ceb ff7fd202c5bc4791a1c52d3ae02bc3cd - - default default] 10.0.0.37 "POST /v2.0/security-group-rules HTTP/1.1" status: 201 len: 800 time: 0.1579554
2026-05-08 00:31:13.547 9 WARNING neutron_lib.context [None req-6c21de0c-225c-4b0f-908e-41025483bc1c 90341790c194485fb3dfa03175ef9ceb ff7fd202c5bc4791a1c52d3ae02bc3cd - - default default] Method 'is_advsvc' is deprecated since 2023.2 release (neutron-lib 3.8.0) and will be removed once support for the old RBAC API policies will be removed from Neutron. Please use method 'is_service_role' instead.
2026-05-08 00:31:13.576 9 INFO neutron.db.securitygroups_db [None req-6c21de0c-225c-4b0f-908e-41025483bc1c 90341790c194485fb3dfa03175ef9ceb ff7fd202c5bc4791a1c52d3ae02bc3cd - - default default] Project ff7fd202c5bc4791a1c52d3ae02bc3cd added a security group rule with legacy IPv6 ICMP protocol name icmp, ipv6-icmp should be used instead. It was automatically converted.
2026-05-08 00:31:13.661 9 INFO neutron.db.ovn_revision_numbers_db [None req-6c21de0c-225c-4b0f-908e-41025483bc1c 90341790c194485fb3dfa03175ef9ceb ff7fd202c5bc4791a1c52d3ae02bc3cd - - default default] Successfully bumped revision number for resource e6234568-b372-4b36-aa69-0b718d9d930a (type: security_group_rules) to 0
2026-05-08 00:31:13.708 9 INFO neutron.api.wsgi [None req-6c21de0c-225c-4b0f-908e-41025483bc1c 90341790c194485fb3dfa03175ef9ceb ff7fd202c5bc4791a1c52d3ae02bc3cd - - default default] 10.0.0.37 "POST /v2.0/security-group-rules HTTP/1.1" status: 201 len: 806 time: 0.1648831
2026-05-08 00:31:13.717 9 WARNING neutron_lib.context [None req-2f602317-dd77-4b35-9219-6003216dd64e 90341790c194485fb3dfa03175ef9ceb ff7fd202c5bc4791a1c52d3ae02bc3cd - - default default] Method 'is_advsvc' is deprecated since 2023.2 release (neutron-lib 3.8.0) and will be removed once support for the old RBAC API policies will be removed from Neutron. Please use method 'is_service_role' instead.
2026-05-08 00:31:13.748 9 INFO neutron.db.securitygroups_db [None req-2f602317-dd77-4b35-9219-6003216dd64e 90341790c194485fb3dfa03175ef9ceb ff7fd202c5bc4791a1c52d3ae02bc3cd - - default default] Project ff7fd202c5bc4791a1c52d3ae02bc3cd added a security group rule with legacy IPv6 ICMP protocol name icmp, ipv6-icmp should be used instead. It was automatically converted.
2026-05-08 00:31:13.836 9 INFO neutron.db.ovn_revision_numbers_db [None req-2f602317-dd77-4b35-9219-6003216dd64e 90341790c194485fb3dfa03175ef9ceb ff7fd202c5bc4791a1c52d3ae02bc3cd - - default default] Successfully bumped revision number for resource 4ac277d4-5f9f-4306-b341-6c9943d3ebc3 (type: security_group_rules) to 0
2026-05-08 00:31:13.863 9 INFO neutron.api.wsgi [None req-2f602317-dd77-4b35-9219-6003216dd64e 90341790c194485fb3dfa03175ef9ceb ff7fd202c5bc4791a1c52d3ae02bc3cd - - default default] 10.0.0.37 "POST /v2.0/security-group-rules HTTP/1.1" status: 201 len: 805 time: 0.1493738
2026-05-08 00:31:14.413 9 INFO neutron.api.wsgi [None req-8007cea1-03ce-48e6-abc8-82409087223b 90341790c194485fb3dfa03175ef9ceb ff7fd202c5bc4791a1c52d3ae02bc3cd - - default default] 10.0.0.37 "GET /v2.0/networks HTTP/1.1" status: 200 len: 1492 time: 0.2144666
2026-05-08 00:31:14.456 10 INFO neutron.api.wsgi [req-71c8c904-2d62-4ffa-9e34-6445e494928a req-c3c4f3ef-1c22-4fe0-a048-b792f4da0ad3 c173b97bde164e998ea429e7d550f491 43a134ade7ef43708970806ac06688b7 - - default default] 199.19.213.168 "GET /v2.0/networks?id=cec61c09-5ba7-46ea-81f9-4c119f20d6e0 HTTP/1.1" status: 200 len: 872 time: 0.0476935
2026-05-08 00:31:14.464 10 WARNING neutron_lib.context [req-71c8c904-2d62-4ffa-9e34-6445e494928a req-c5b88ca9-4c1f-4bdf-9fa9-a8580df6dbbd c173b97bde164e998ea429e7d550f491 43a134ade7ef43708970806ac06688b7 - - default default] Method 'is_advsvc' is deprecated since 2023.2 release (neutron-lib 3.8.0) and will be removed once support for the old RBAC API policies will be removed from Neutron. Please use method 'is_service_role' instead.
2026-05-08 00:31:14.511 10 INFO neutron.api.wsgi [req-5df60143-7b28-4fe7-a9cc-a3be25e91732 req-3b82d916-6e96-40ac-8b1e-ab8e47c9fff1 90341790c194485fb3dfa03175ef9ceb ff7fd202c5bc4791a1c52d3ae02bc3cd - - default default] 10.0.0.250 "GET /v2.0/security-groups?name=tempest-secgroup-smoke-1783095148&fields=id&tenant_id=ff7fd202c5bc4791a1c52d3ae02bc3cd HTTP/1.1" status: 200 len: 267 time: 0.0359788
2026-05-08 00:31:14.569 10 INFO neutron.api.wsgi [req-5df60143-7b28-4fe7-a9cc-a3be25e91732 req-050d0a21-3989-4ce4-935d-404adf7caa27 90341790c194485fb3dfa03175ef9ceb ff7fd202c5bc4791a1c52d3ae02bc3cd - - default default] 10.0.0.250 "GET /v2.0/networks?id=a25364c2-86ae-45b8-84b2-c45f61bc6c12 HTTP/1.1" status: 200 len: 859 time: 0.0519996
2026-05-08 00:31:14.589 10 INFO neutron.api.wsgi [req-fc6efa31-fab8-4643-ace3-846eaff3678a req-d157ca2c-4c08-4797-a093-d1fbb79aabf3 c173b97bde164e998ea429e7d550f491 43a134ade7ef43708970806ac06688b7 - - default default] 10.0.0.250 "GET /v2.0/ports?device_id=03864033-f29c-447c-ab79-af45493e35db HTTP/1.1" status: 200 len: 210 time: 0.0234745
2026-05-08 00:31:14.595 10 INFO neutron.api.wsgi [req-5df60143-7b28-4fe7-a9cc-a3be25e91732 req-b236d74b-1e46-48e2-a12b-f061da56bb1d 90341790c194485fb3dfa03175ef9ceb ff7fd202c5bc4791a1c52d3ae02bc3cd - - default default] 10.0.0.250 "GET /v2.0/quotas/ff7fd202c5bc4791a1c52d3ae02bc3cd HTTP/1.1" status: 200 len: 491 time: 0.0200202
2026-05-08 00:31:14.648 10 WARNING neutron.plugins.ml2.drivers.ovn.mech_driver.ovsdb.ovn_client [None req-c842eb09-c2f6-4908-b605-9b24ad16fde3 - - - - - -] No hosting information found for port 3337b67e-330a-4ab5-9c47-ce86c732304b: RuntimeError: No hosting information found for port 3337b67e-330a-4ab5-9c47-ce86c732304b
2026-05-08 00:31:14.705 10 INFO neutron.api.wsgi [req-5df60143-7b28-4fe7-a9cc-a3be25e91732 req-3f96b81a-cbf5-4061-9a37-a9a86c81d8e2 90341790c194485fb3dfa03175ef9ceb ff7fd202c5bc4791a1c52d3ae02bc3cd - - default default] 10.0.0.250 "GET /v2.0/ports?tenant_id=ff7fd202c5bc4791a1c52d3ae02bc3cd&fields=id HTTP/1.1" status: 200 len: 302 time: 0.1004465
2026-05-08 00:31:14.768 10 INFO neutron.db.ovn_revision_numbers_db [None req-c842eb09-c2f6-4908-b605-9b24ad16fde3 - - - - - -] Successfully bumped revision number for resource 3337b67e-330a-4ab5-9c47-ce86c732304b (type: router_ports) to 2
2026-05-08 00:31:14.779 10 INFO neutron.api.wsgi [req-5df60143-7b28-4fe7-a9cc-a3be25e91732 req-f4a6cd93-ab8e-4fae-8954-cfed36d66d99 5a61d14ec71942d9ba839cb224b69985 f014bbe0d67a4e8d9adc079e7bb2a16b - - 1b55432df30e49d4b604d7e3bc98fc88 1b55432df30e49d4b604d7e3bc98fc88] 10.0.0.250 "GET /v2.0/networks/a25364c2-86ae-45b8-84b2-c45f61bc6c12?fields=segments HTTP/1.1" status: 200 len: 212 time: 0.0643041 /var/lib/openstack/lib/python3.12/site-packages/pycadf/identifier.py:71: UserWarning: Invalid uuid: neutron. To ensure interoperability, identifiers should be a valid uuid. warnings.warn(('Invalid uuid: %s. To ensure interoperability, '
2026-05-08 00:31:14.823 10 INFO neutron.plugins.ml2.drivers.ovn.mech_driver.mech_driver [None req-c842eb09-c2f6-4908-b605-9b24ad16fde3 - - - - - -] OVN reports status up for port: b3664edc-7e14-4201-84bc-d7e9773cb47d
2026-05-08 00:31:14.829 10 WARNING neutron.scheduler.dhcp_agent_scheduler [req-71c8c904-2d62-4ffa-9e34-6445e494928a req-c5b88ca9-4c1f-4bdf-9fa9-a8580df6dbbd c173b97bde164e998ea429e7d550f491 43a134ade7ef43708970806ac06688b7 - - default default] No more DHCP agents
2026-05-08 00:31:14.832 10 WARNING neutron.api.rpc.agentnotifiers.dhcp_rpc_agent_api [req-71c8c904-2d62-4ffa-9e34-6445e494928a req-c5b88ca9-4c1f-4bdf-9fa9-a8580df6dbbd c173b97bde164e998ea429e7d550f491 43a134ade7ef43708970806ac06688b7 - - default default] Unable to schedule network cec61c09-5ba7-46ea-81f9-4c119f20d6e0: no agents available; will retry on subsequent port and subnet creation events.
2026-05-08 00:31:14.838 10 INFO neutron.plugins.ml2.plugin [None req-c842eb09-c2f6-4908-b605-9b24ad16fde3 - - - - - -] Attempt 1 to provision port b3664edc-7e14-4201-84bc-d7e9773cb47d
2026-05-08 00:31:14.849 10 INFO neutron.api.wsgi [req-5df60143-7b28-4fe7-a9cc-a3be25e91732 req-d64393e0-877d-4a74-862a-b03879aa50be 5a61d14ec71942d9ba839cb224b69985 f014bbe0d67a4e8d9adc079e7bb2a16b - - 1b55432df30e49d4b604d7e3bc98fc88 1b55432df30e49d4b604d7e3bc98fc88] 10.0.0.250 "GET /v2.0/networks/a25364c2-86ae-45b8-84b2-c45f61bc6c12?fields=provider%3Aphysical_network&fields=provider%3Anetwork_type HTTP/1.1" status: 200 len: 277 time: 0.0620503
2026-05-08 00:31:14.951 10 INFO neutron.plugins.ml2.drivers.ovn.mech_driver.mech_driver [None req-c842eb09-c2f6-4908-b605-9b24ad16fde3 - - - - - -] OVN reports status up for port: 44547fe9-86a6-4209-a388-9200e85016e1
2026-05-08 00:31:14.956 10 INFO neutron.plugins.ml2.plugin [None req-c842eb09-c2f6-4908-b605-9b24ad16fde3 - - - - - -] Attempt 1 to provision port 44547fe9-86a6-4209-a388-9200e85016e1 /var/lib/openstack/lib/python3.12/site-packages/pycadf/identifier.py:71: UserWarning: Invalid uuid: neutron. To ensure interoperability, identifiers should be a valid uuid. warnings.warn(('Invalid uuid: %s. To ensure interoperability, '
2026-05-08 00:31:14.981 10 INFO neutron.db.ovn_revision_numbers_db [req-71c8c904-2d62-4ffa-9e34-6445e494928a req-c5b88ca9-4c1f-4bdf-9fa9-a8580df6dbbd c173b97bde164e998ea429e7d550f491 43a134ade7ef43708970806ac06688b7 - - default default] Successfully bumped revision number for resource e1250493-347d-4bb7-92ca-94c8480c24d0 (type: ports) to 1
2026-05-08 00:31:14.983 10 INFO neutron.api.wsgi [req-cc60ef97-8967-4147-8af4-e96318926493 req-210989c2-b0dd-433f-88f5-a32430bc1531 90341790c194485fb3dfa03175ef9ceb ff7fd202c5bc4791a1c52d3ae02bc3cd - - default default] 10.0.0.250 "GET /v2.0/ports?device_id=c4bdfd46-6486-47c3-b0da-725ee836203c HTTP/1.1" status: 200 len: 210 time: 0.0180142
2026-05-08 00:31:15.003 10 INFO neutron.api.wsgi [req-71c8c904-2d62-4ffa-9e34-6445e494928a req-c5b88ca9-4c1f-4bdf-9fa9-a8580df6dbbd c173b97bde164e998ea429e7d550f491 43a134ade7ef43708970806ac06688b7 - - default default] 199.19.213.168 "POST /v2.0/ports HTTP/1.1" status: 201 len: 1158 time: 0.5423868
2026-05-08 00:31:15.349 10 INFO neutron.db.ovn_revision_numbers_db [None req-c842eb09-c2f6-4908-b605-9b24ad16fde3 - - - - - -] Successfully bumped revision number for resource 44547fe9-86a6-4209-a388-9200e85016e1 (type: ports) to 2
2026-05-08 00:31:15.381 10 INFO neutron.db.ovn_revision_numbers_db [req-71c8c904-2d62-4ffa-9e34-6445e494928a req-9ba2b6fc-cc81-472d-b1a9-b6eb83a8081e 5a61d14ec71942d9ba839cb224b69985 f014bbe0d67a4e8d9adc079e7bb2a16b - - 1b55432df30e49d4b604d7e3bc98fc88 1b55432df30e49d4b604d7e3bc98fc88] Successfully bumped revision number for resource e1250493-347d-4bb7-92ca-94c8480c24d0 (type: ports) to 2
2026-05-08 00:31:15.583 10 INFO neutron.db.ovn_revision_numbers_db [req-71c8c904-2d62-4ffa-9e34-6445e494928a req-9ba2b6fc-cc81-472d-b1a9-b6eb83a8081e 5a61d14ec71942d9ba839cb224b69985 f014bbe0d67a4e8d9adc079e7bb2a16b - - 1b55432df30e49d4b604d7e3bc98fc88 1b55432df30e49d4b604d7e3bc98fc88] Successfully bumped revision number for resource e1250493-347d-4bb7-92ca-94c8480c24d0 (type: ports) to 4
2026-05-08 00:31:15.601 10 INFO neutron.api.wsgi [req-71c8c904-2d62-4ffa-9e34-6445e494928a req-9ba2b6fc-cc81-472d-b1a9-b6eb83a8081e 5a61d14ec71942d9ba839cb224b69985 f014bbe0d67a4e8d9adc079e7bb2a16b - - 1b55432df30e49d4b604d7e3bc98fc88 1b55432df30e49d4b604d7e3bc98fc88] 199.19.213.168 "PUT /v2.0/ports/e1250493-347d-4bb7-92ca-94c8480c24d0 HTTP/1.1" status: 200 len: 1404 time: 0.5942690
2026-05-08 00:31:15.637 10 INFO neutron.notifiers.nova [-] Nova event matching ['req-e83cc05b-a048-4cd8-89a9-68898a70d184'] response: {'name': 'network-changed', 'server_uuid': '03864033-f29c-447c-ab79-af45493e35db', 'tag': 'e1250493-347d-4bb7-92ca-94c8480c24d0', 'status': 'completed', 'code': 200} /var/lib/openstack/lib/python3.12/site-packages/pycadf/identifier.py:71: UserWarning: Invalid uuid: neutron. To ensure interoperability, identifiers should be a valid uuid. warnings.warn(('Invalid uuid: %s. To ensure interoperability, '
2026-05-08 00:31:15.712 10 INFO neutron.api.wsgi [req-2f0be488-6476-4ab4-8d98-119e45cdf5b3 req-97fc31ee-1297-4cd1-8a94-abc84cd23c96 c173b97bde164e998ea429e7d550f491 43a134ade7ef43708970806ac06688b7 - - default default] 10.0.0.250 "GET /v2.0/ports?device_id=03864033-f29c-447c-ab79-af45493e35db HTTP/1.1" status: 200 len: 1168 time: 0.0653374
2026-05-08 00:31:15.747 10 INFO neutron.api.wsgi [req-2f0be488-6476-4ab4-8d98-119e45cdf5b3 req-0b59d5ec-9b2a-464b-abcb-13bb0b676b00 c173b97bde164e998ea429e7d550f491 43a134ade7ef43708970806ac06688b7 - - default default] 10.0.0.250 "GET /v2.0/security-groups?id=8e3b13af-8a70-46ff-ae8d-a2203265a10a&fields=id&fields=name HTTP/1.1" status: 200 len: 286 time: 0.0282516
2026-05-08 00:31:16.068 10 INFO neutron.api.wsgi [req-d58a1704-0b94-41d0-a92f-f627b11f3f87 req-ac2677f3-a4fd-4a6c-a276-e9377224b47d 90341790c194485fb3dfa03175ef9ceb ff7fd202c5bc4791a1c52d3ae02bc3cd - - default default] 10.0.0.250 "GET /v2.0/ports?device_id=c4bdfd46-6486-47c3-b0da-725ee836203c HTTP/1.1" status: 200 len: 210 time: 0.0191362
2026-05-08 00:31:16.182 10 INFO neutron.api.wsgi [req-87baea6e-4abb-4cbb-9e01-e35e2cab44d8 req-179ba053-72a0-4d77-a865-cdb5fe627435 5a61d14ec71942d9ba839cb224b69985 f014bbe0d67a4e8d9adc079e7bb2a16b - - 1b55432df30e49d4b604d7e3bc98fc88 1b55432df30e49d4b604d7e3bc98fc88] 199.19.213.168 "GET /v2.0/ports?tenant_id=43a134ade7ef43708970806ac06688b7&device_id=03864033-f29c-447c-ab79-af45493e35db HTTP/1.1" status: 200 len: 1407 time: 0.0334947
2026-05-08 00:31:16.230 10 INFO neutron.api.wsgi [req-87baea6e-4abb-4cbb-9e01-e35e2cab44d8 req-a5316695-b311-46b6-8a80-77aeef22c4a9 5a61d14ec71942d9ba839cb224b69985 f014bbe0d67a4e8d9adc079e7bb2a16b - - 1b55432df30e49d4b604d7e3bc98fc88 1b55432df30e49d4b604d7e3bc98fc88] 199.19.213.168 "GET /v2.0/networks?tenant_id=43a134ade7ef43708970806ac06688b7&shared=False HTTP/1.1" status: 200 len: 971 time: 0.0429428
2026-05-08 00:31:16.284 10 INFO neutron.api.wsgi [req-87baea6e-4abb-4cbb-9e01-e35e2cab44d8 req-1b0c125d-1e46-4ed7-a9c0-9298afcac31e 5a61d14ec71942d9ba839cb224b69985 f014bbe0d67a4e8d9adc079e7bb2a16b - - 1b55432df30e49d4b604d7e3bc98fc88 1b55432df30e49d4b604d7e3bc98fc88] 199.19.213.168 "GET /v2.0/networks?shared=True HTTP/1.1" status: 200 len: 952 time: 0.0471184
2026-05-08 00:31:16.844 10 INFO neutron.api.wsgi [req-bf570731-ed15-41b0-8e66-92c0caf708e7 req-f6ce23c6-e1c1-48bb-9449-33d474cc4bb6 c173b97bde164e998ea429e7d550f491 43a134ade7ef43708970806ac06688b7 - - default default] 10.0.0.250 "GET /v2.0/ports?device_id=03864033-f29c-447c-ab79-af45493e35db HTTP/1.1" status: 200 len: 1168 time: 0.0392463
2026-05-08 00:31:16.897 10 INFO neutron.api.wsgi [req-bf570731-ed15-41b0-8e66-92c0caf708e7 req-6b5c0f61-5127-4812-ad2a-e6562f71cf75 c173b97bde164e998ea429e7d550f491 43a134ade7ef43708970806ac06688b7 - - default default] 10.0.0.250 "GET /v2.0/security-groups?id=8e3b13af-8a70-46ff-ae8d-a2203265a10a&fields=id&fields=name HTTP/1.1" status: 200 len: 286 time: 0.0457017
2026-05-08 00:31:17.140 10 INFO neutron.api.wsgi [req-d3371d58-56e6-4e97-b0d3-5dcf6a0c5d26 req-a963ebf9-deb0-4553-a56e-3bd1ff494c3d 90341790c194485fb3dfa03175ef9ceb ff7fd202c5bc4791a1c52d3ae02bc3cd - - default default] 10.0.0.250 "GET /v2.0/ports?device_id=c4bdfd46-6486-47c3-b0da-725ee836203c HTTP/1.1" status: 200 len: 210 time: 0.0159709
2026-05-08 00:31:17.328 10 INFO neutron.api.wsgi [req-71c8c904-2d62-4ffa-9e34-6445e494928a req-2302618f-2e7d-45d1-b54c-28d6baa0ba3a 5a61d14ec71942d9ba839cb224b69985 f014bbe0d67a4e8d9adc079e7bb2a16b - - 1b55432df30e49d4b604d7e3bc98fc88 1b55432df30e49d4b604d7e3bc98fc88] 199.19.213.168 "GET /v2.0/ports?tenant_id=43a134ade7ef43708970806ac06688b7&device_id=03864033-f29c-447c-ab79-af45493e35db HTTP/1.1" status: 200 len: 1407 time: 0.0292497
2026-05-08 00:31:17.348 10 INFO neutron.api.wsgi [req-71c8c904-2d62-4ffa-9e34-6445e494928a req-2204e9a6-0d30-41f0-8136-5fbe83e63b53 5a61d14ec71942d9ba839cb224b69985 f014bbe0d67a4e8d9adc079e7bb2a16b - - 1b55432df30e49d4b604d7e3bc98fc88 1b55432df30e49d4b604d7e3bc98fc88] 199.19.213.168 "GET /v2.0/floatingips?fixed_ip_address=10.100.0.7&port_id=e1250493-347d-4bb7-92ca-94c8480c24d0 HTTP/1.1" status: 200 len: 217 time: 0.0121653
2026-05-08 00:31:17.371 10 INFO neutron.api.wsgi [req-71c8c904-2d62-4ffa-9e34-6445e494928a req-0670da74-e926-4332-9dc2-4dbc2b944d6c 5a61d14ec71942d9ba839cb224b69985 f014bbe0d67a4e8d9adc079e7bb2a16b - - 1b55432df30e49d4b604d7e3bc98fc88 1b55432df30e49d4b604d7e3bc98fc88] 199.19.213.168 "GET /v2.0/subnets?id=eae821d6-bf13-4845-996c-141ca497a12f HTTP/1.1" status: 200 len: 890 time: 0.0161798
2026-05-08 00:31:17.387 10 INFO neutron.api.wsgi [req-71c8c904-2d62-4ffa-9e34-6445e494928a req-1398cf9c-249a-454d-9fff-0d77677311cd 5a61d14ec71942d9ba839cb224b69985 f014bbe0d67a4e8d9adc079e7bb2a16b - - 1b55432df30e49d4b604d7e3bc98fc88 1b55432df30e49d4b604d7e3bc98fc88] 199.19.213.168 "GET /v2.0/ports?network_id=cec61c09-5ba7-46ea-81f9-4c119f20d6e0&device_owner=network%3Adhcp HTTP/1.1" status: 200 len: 210 time: 0.0106382
2026-05-08 00:31:17.422 10 INFO neutron.api.wsgi [req-71c8c904-2d62-4ffa-9e34-6445e494928a req-cf213489-b33d-45af-ba94-514bb2b5764f 5a61d14ec71942d9ba839cb224b69985 f014bbe0d67a4e8d9adc079e7bb2a16b - - 1b55432df30e49d4b604d7e3bc98fc88 1b55432df30e49d4b604d7e3bc98fc88] 199.19.213.168 "GET /v2.0/networks/cec61c09-5ba7-46ea-81f9-4c119f20d6e0?fields=segments HTTP/1.1" status: 200 len: 212 time: 0.0308981
2026-05-08 00:31:17.454 10 INFO neutron.api.wsgi [req-71c8c904-2d62-4ffa-9e34-6445e494928a req-5ed8244b-e5b8-40dd-a797-d8b02e66aee0 5a61d14ec71942d9ba839cb224b69985 f014bbe0d67a4e8d9adc079e7bb2a16b - - 1b55432df30e49d4b604d7e3bc98fc88 1b55432df30e49d4b604d7e3bc98fc88] 199.19.213.168 "GET /v2.0/networks/cec61c09-5ba7-46ea-81f9-4c119f20d6e0?fields=provider%3Aphysical_network&fields=provider%3Anetwork_type HTTP/1.1" status: 200 len: 277 time: 0.0275657
2026-05-08 00:31:17.654 10 INFO neutron.db.ovn_revision_numbers_db [None req-d8912d79-07a3-4d67-a1b0-7cf07e9e85a8 754989ad745348c2842035e4c954ed15 1e434a98de034528963e385f4ee83562 - - default default] Successfully bumped revision number for resource 7ed1bda4-ba9b-46ba-9ffa-1037726c10f8 (type: security_groups) to 1
2026-05-08 00:31:17.685 10 INFO neutron.db.ovn_revision_numbers_db [None req-d8912d79-07a3-4d67-a1b0-7cf07e9e85a8 754989ad745348c2842035e4c954ed15 1e434a98de034528963e385f4ee83562 - - default default] Successfully bumped revision number for resource 0f5d1417-dc1a-4df2-bce5-d2c4ae5158e5 (type: security_group_rules) to 0
2026-05-08 00:31:17.695 10 INFO neutron.db.ovn_revision_numbers_db [None req-d8912d79-07a3-4d67-a1b0-7cf07e9e85a8 754989ad745348c2842035e4c954ed15 1e434a98de034528963e385f4ee83562 - - default default] Successfully bumped revision number for resource 58266997-97f8-41db-9aea-a03a1793edba (type: security_group_rules) to 0
2026-05-08 00:31:17.716 10 INFO neutron.db.ovn_revision_numbers_db [None req-d8912d79-07a3-4d67-a1b0-7cf07e9e85a8 754989ad745348c2842035e4c954ed15 1e434a98de034528963e385f4ee83562 - - default default] Successfully bumped revision number for resource d890dc0a-797a-44e9-abfb-500291bdac58 (type: security_group_rules) to 0
2026-05-08 00:31:17.729 10 INFO neutron.db.ovn_revision_numbers_db [None req-d8912d79-07a3-4d67-a1b0-7cf07e9e85a8 754989ad745348c2842035e4c954ed15 1e434a98de034528963e385f4ee83562 - - default default] Successfully bumped revision number for resource e5c7d9ad-1ca2-436c-bb39-a9112dfacee5 (type: security_group_rules) to 0
2026-05-08 00:31:17.762 10 INFO neutron.api.wsgi [None req-d8912d79-07a3-4d67-a1b0-7cf07e9e85a8 754989ad745348c2842035e4c954ed15 1e434a98de034528963e385f4ee83562 - - default default] 10.0.0.37 "GET /v2.0/security-groups?tenant_id=154e631b780843d7a73eea79ed2db037&name=default HTTP/1.1" status: 200 len: 3120 time: 0.3020835
2026-05-08 00:31:17.800 9 INFO neutron.api.wsgi [None req-3d44262d-56ae-4538-aecd-7b5694f10b53 754989ad745348c2842035e4c954ed15 1e434a98de034528963e385f4ee83562 - - default default] 10.0.0.88 "GET /v2.0/agents HTTP/1.1" status: 200 len: 1390 time: 0.0576186
2026-05-08 00:31:17.854 9 INFO neutron.api.wsgi [None req-18d04e17-823e-42c2-9dd1-b3d1e4f76c74 754989ad745348c2842035e4c954ed15 1e434a98de034528963e385f4ee83562 - - default default] 10.0.0.88 "GET /v2.0/networks HTTP/1.1" status: 200 len: 3852 time: 0.0521128
2026-05-08 00:31:17.885 9 INFO neutron.api.wsgi [None req-fff2b617-fbb1-44e4-bca3-5ac341e7890b 754989ad745348c2842035e4c954ed15 1e434a98de034528963e385f4ee83562 - - default default] 10.0.0.88 "GET /v2.0/subnets HTTP/1.1" status: 200 len: 2827 time: 0.0254633
2026-05-08 00:31:17.897 9 INFO neutron.api.wsgi [None req-7924833a-8dce-456e-b0b1-2aa7b295e201 754989ad745348c2842035e4c954ed15 1e434a98de034528963e385f4ee83562 - - default default] 10.0.0.88 "GET /v2.0/floatingips HTTP/1.1" status: 200 len: 193 time: 0.0115340
2026-05-08 00:31:17.908 9 INFO neutron.api.wsgi [None req-5458eddc-a906-4c86-a08d-664dc7d2cbfa 754989ad745348c2842035e4c954ed15 1e434a98de034528963e385f4ee83562 - - default default] 10.0.0.88 "GET /v2.0/network-ip-availabilities HTTP/1.1" status: 200 len: 2198 time: 0.0105054
2026-05-08 00:31:17.942 9 INFO neutron.api.wsgi [None req-94f76389-3b17-4875-af6d-60e7fc4f847c 754989ad745348c2842035e4c954ed15 1e434a98de034528963e385f4ee83562 - - default default] 10.0.0.88 "GET /v2.0/subnets HTTP/1.1" status: 200 len: 2827 time: 0.0329590
2026-05-08 00:31:17.951 9 INFO neutron.api.wsgi [None req-1bfd43a6-55cd-43b1-8f48-d6d96b0e5328 754989ad745348c2842035e4c954ed15 1e434a98de034528963e385f4ee83562 - - default default] 10.0.0.88 "GET /v2.0/subnetpools HTTP/1.1" status: 200 len: 193 time: 0.0074232
2026-05-08 00:31:17.963 10 INFO neutron.api.wsgi [None req-85b56123-7344-4edc-bb80-e8890807aa6e 754989ad745348c2842035e4c954ed15 1e434a98de034528963e385f4ee83562 - - default default] 10.0.0.37 "DELETE /v2.0/security-groups/7ed1bda4-ba9b-46ba-9ffa-1037726c10f8 HTTP/1.1" status: 204 len: 168 time: 0.1968782
2026-05-08 00:31:17.988 10 INFO neutron.api.wsgi [req-3b64597f-d009-4887-aa0b-b59911e9acc7 req-c21957e4-7e04-4c1c-8eaf-0f4e8dc0c4ef c173b97bde164e998ea429e7d550f491 43a134ade7ef43708970806ac06688b7 - - default default] 10.0.0.250 "GET /v2.0/ports?device_id=03864033-f29c-447c-ab79-af45493e35db HTTP/1.1" status: 200 len: 1168 time: 0.0399060
2026-05-08 00:31:18.016 9 INFO neutron.api.wsgi [None req-e0e66735-08e7-4827-9d0c-8fb56dca459e 754989ad745348c2842035e4c954ed15 1e434a98de034528963e385f4ee83562 - - default default] 10.0.0.88 "GET /v2.0/ports HTTP/1.1" status: 200 len: 12994 time: 0.0631375
2026-05-08 00:31:18.027 10 INFO neutron.api.wsgi [req-3b64597f-d009-4887-aa0b-b59911e9acc7 req-23903626-6317-48b2-abda-ccc0d5ec1960 c173b97bde164e998ea429e7d550f491 43a134ade7ef43708970806ac06688b7 - - default default] 10.0.0.250 "GET /v2.0/security-groups?id=8e3b13af-8a70-46ff-ae8d-a2203265a10a&fields=id&fields=name HTTP/1.1" status: 200 len: 286 time: 0.0312698
2026-05-08 00:31:18.077 9 INFO neutron.api.wsgi [None req-d83ad035-3c53-4dac-a311-c6d3036e76d2 754989ad745348c2842035e4c954ed15 1e434a98de034528963e385f4ee83562 - - default default] 10.0.0.88 "GET /v2.0/routers HTTP/1.1" status: 200 len: 2113 time: 0.0552602
2026-05-08 00:31:18.088 9 INFO neutron.api.wsgi [None req-bff54d76-5a62-4657-bf89-d8bc8032c059 754989ad745348c2842035e4c954ed15 1e434a98de034528963e385f4ee83562 - - default default] 10.0.0.88 "GET /v2.0/agents?binary=ovn-controller HTTP/1.1" status: 200 len: 591 time: 0.0098014
2026-05-08 00:31:18.128 9 INFO neutron.api.wsgi [None req-80a24cba-605b-4e1c-9d0c-e4e403769421 754989ad745348c2842035e4c954ed15 1e434a98de034528963e385f4ee83562 - - default default] 10.0.0.88 "GET /v2.0/security-groups HTTP/1.1" status: 200 len: 28724 time: 0.0395310
