2026-05-08 00:31:40.576 10 WARNING neutron.api.rpc.agentnotifiers.dhcp_rpc_agent_api [None req-a615e52e-3d01-470d-be6b-75c1b579be0d 754989ad745348c2842035e4c954ed15 1e434a98de034528963e385f4ee83562 - - default default] Unable to schedule network be401fa8-a648-4441-a2da-f6fe998b965c: no agents available; will retry on subsequent port and subnet creation events.
2026-05-08 00:31:40.685 10 INFO neutron.db.ovn_revision_numbers_db [None req-a615e52e-3d01-470d-be6b-75c1b579be0d 754989ad745348c2842035e4c954ed15 1e434a98de034528963e385f4ee83562 - - default default] Successfully bumped revision number for resource 0e10486e-b714-4822-8ca4-9df468c527c3 (type: ports) to 1
2026-05-08 00:31:40.741 10 INFO neutron.api.wsgi [None req-bddadadc-0ccb-4f7e-a32d-0dc69e49defb 755933b7e8414b27a24aca97fa9f656a 6760c9d05e5d46e684a81ceec11fccf5 - - default default] 10.0.0.37 "GET /v2.0/ports?project_id=ff7fd202c5bc4791a1c52d3ae02bc3cd&network_id=a25364c2-86ae-45b8-84b2-c45f61bc6c12 HTTP/1.1" status: 200 len: 3514 time: 0.0532293
2026-05-08 00:31:40.768 9 INFO neutron.db.ovn_revision_numbers_db [None req-ba646f07-3c3b-4162-821b-9b753d4cf844 - - - - - -] Successfully bumped revision number for resource 9ed7b4d3-a9ff-4ac5-b8b6-7e49cd416005 (type: ports) to 4
2026-05-08 00:31:41.033 9 INFO neutron.api.wsgi [None req-db709c18-3b3a-4536-a7df-72d8e7fdb409 755933b7e8414b27a24aca97fa9f656a 6760c9d05e5d46e684a81ceec11fccf5 - - default default] 10.0.0.37 "GET /v2.0/subnets?network_id=8375a2e0-fc5c-4118-888e-56e4dc6c4278 HTTP/1.1" status: 200 len: 861 time: 0.0543721
2026-05-08 00:31:41.085 9 INFO neutron.db.ovn_revision_numbers_db [None req-ba646f07-3c3b-4162-821b-9b753d4cf844 - - - - - -] Successfully bumped revision number for resource 9ed7b4d3-a9ff-4ac5-b8b6-7e49cd416005 (type: ports) to 5
2026-05-08 00:31:41.276 10 INFO neutron.db.ovn_revision_numbers_db [None req-a615e52e-3d01-470d-be6b-75c1b579be0d 754989ad745348c2842035e4c954ed15 1e434a98de034528963e385f4ee83562 - - default default] Successfully bumped revision number for resource 0e10486e-b714-4822-8ca4-9df468c527c3 (type: ports) to 1
2026-05-08 00:31:41.313 9 INFO neutron.db.ovn_revision_numbers_db [None req-944df723-9218-4601-896f-60df199f8df8 90341790c194485fb3dfa03175ef9ceb ff7fd202c5bc4791a1c52d3ae02bc3cd - - default default] Successfully bumped revision number for resource 3fa9c694-8816-4ae6-bd6e-23048e3aad69 (type: floatingips) to 2
2026-05-08 00:31:41.350 10 WARNING neutron.scheduler.dhcp_agent_scheduler [None req-a615e52e-3d01-470d-be6b-75c1b579be0d 754989ad745348c2842035e4c954ed15 1e434a98de034528963e385f4ee83562 - - default default] No more DHCP agents
2026-05-08 00:31:41.352 10 WARNING neutron.api.rpc.agentnotifiers.dhcp_rpc_agent_api [None req-a615e52e-3d01-470d-be6b-75c1b579be0d 754989ad745348c2842035e4c954ed15 1e434a98de034528963e385f4ee83562 - - default default] Unable to schedule network be401fa8-a648-4441-a2da-f6fe998b965c: no agents available; will retry on subsequent port and subnet creation events.
2026-05-08 00:31:41.367 9 INFO neutron.db.l3_db [None req-944df723-9218-4601-896f-60df199f8df8 90341790c194485fb3dfa03175ef9ceb ff7fd202c5bc4791a1c52d3ae02bc3cd - - default default] Floating IP 3fa9c694-8816-4ae6-bd6e-23048e3aad69 disassociated. External IP: 10.96.250.211, port: 07bdc1fc-3f37-4c3f-b65e-09d3003d79f1.
2026-05-08 00:31:41.401 9 INFO neutron.api.wsgi [None req-944df723-9218-4601-896f-60df199f8df8 90341790c194485fb3dfa03175ef9ceb ff7fd202c5bc4791a1c52d3ae02bc3cd - - default default] 10.0.0.37 "PUT /v2.0/floatingips/3fa9c694-8816-4ae6-bd6e-23048e3aad69 HTTP/1.1" status: 200 len: 748 time: 0.2411935 /var/lib/openstack/lib/python3.12/site-packages/pycadf/identifier.py:71: UserWarning: Invalid uuid: neutron. To ensure interoperability, identifiers should be a valid uuid. warnings.warn(('Invalid uuid: %s. To ensure interoperability, '
2026-05-08 00:31:41.434 10 INFO neutron.api.wsgi [None req-f5e6fc0a-8c45-4203-97be-50a1cc45b467 90341790c194485fb3dfa03175ef9ceb ff7fd202c5bc4791a1c52d3ae02bc3cd - - default default] 10.0.0.37 "GET /v2.0/floatingips/3fa9c694-8816-4ae6-bd6e-23048e3aad69 HTTP/1.1" status: 200 len: 746 time: 0.0249767
2026-05-08 00:31:41.440 9 INFO neutron.notifiers.nova [-] Nova event matching ['req-79800b39-2e40-4824-8ff4-8ab54e13805d'] response: {'name': 'network-changed', 'server_uuid': 'c4bdfd46-6486-47c3-b0da-725ee836203c', 'tag': '07bdc1fc-3f37-4c3f-b65e-09d3003d79f1', 'status': 'completed', 'code': 200}
2026-05-08 00:31:41.861 10 INFO neutron.db.ovn_revision_numbers_db [None req-a615e52e-3d01-470d-be6b-75c1b579be0d 754989ad745348c2842035e4c954ed15 1e434a98de034528963e385f4ee83562 - - default default] Successfully bumped revision number for resource 0e10486e-b714-4822-8ca4-9df468c527c3 (type: router_ports) to 1
2026-05-08 00:31:41.866 10 INFO neutron.api.wsgi [None req-a615e52e-3d01-470d-be6b-75c1b579be0d 754989ad745348c2842035e4c954ed15 1e434a98de034528963e385f4ee83562 - - default default] 10.0.0.37 "PUT /v2.0/routers/9db6e6b6-e65c-4d04-b694-0b41ce0069a1/add_router_interface HTTP/1.1" status: 200 len: 503 time: 1.7003276
2026-05-08 00:31:41.982 10 INFO neutron.api.wsgi [req-b4a6d8e3-099f-4b19-8ab6-8686c208c218 req-df4904a9-6f48-4ff6-b9af-80d2be8782d2 5a61d14ec71942d9ba839cb224b69985 f014bbe0d67a4e8d9adc079e7bb2a16b - - 1b55432df30e49d4b604d7e3bc98fc88 1b55432df30e49d4b604d7e3bc98fc88] 199.19.213.168 "GET /v2.0/ports?tenant_id=ff7fd202c5bc4791a1c52d3ae02bc3cd&device_id=c4bdfd46-6486-47c3-b0da-725ee836203c HTTP/1.1" status: 200 len: 1413 time: 0.0345254
2026-05-08 00:31:42.019 10 INFO neutron.api.wsgi [req-b4a6d8e3-099f-4b19-8ab6-8686c208c218 req-0e7f7994-f636-4614-937b-f039b28f3659 5a61d14ec71942d9ba839cb224b69985 f014bbe0d67a4e8d9adc079e7bb2a16b - - 1b55432df30e49d4b604d7e3bc98fc88 1b55432df30e49d4b604d7e3bc98fc88] 199.19.213.168 "GET /v2.0/networks?id=a25364c2-86ae-45b8-84b2-c45f61bc6c12 HTTP/1.1" status: 200 len: 958 time: 0.0332525
2026-05-08 00:31:42.037 10 INFO neutron.api.wsgi [req-b4a6d8e3-099f-4b19-8ab6-8686c208c218 req-d0e4c48a-e418-4414-b0f9-87ec2479f933 5a61d14ec71942d9ba839cb224b69985 f014bbe0d67a4e8d9adc079e7bb2a16b - - 1b55432df30e49d4b604d7e3bc98fc88 1b55432df30e49d4b604d7e3bc98fc88] 199.19.213.168 "GET /v2.0/floatingips?fixed_ip_address=10.100.0.11&port_id=07bdc1fc-3f37-4c3f-b65e-09d3003d79f1 HTTP/1.1" status: 200 len: 217 time: 0.0155323
2026-05-08 00:31:42.075 10 INFO neutron.api.wsgi [req-b4a6d8e3-099f-4b19-8ab6-8686c208c218 req-99fc6fa7-c881-46b7-a3ae-da63a4347afe 5a61d14ec71942d9ba839cb224b69985 f014bbe0d67a4e8d9adc079e7bb2a16b - - 1b55432df30e49d4b604d7e3bc98fc88 1b55432df30e49d4b604d7e3bc98fc88] 199.19.213.168 "GET /v2.0/subnets?id=1b1f9181-1260-4bfb-8192-76140d18ce7b HTTP/1.1" status: 200 len: 877 time: 0.0344493
2026-05-08 00:31:42.091 10 INFO neutron.api.wsgi [req-b4a6d8e3-099f-4b19-8ab6-8686c208c218 req-10808f29-b39d-4d79-b762-adbd4cdbdb18 5a61d14ec71942d9ba839cb224b69985 f014bbe0d67a4e8d9adc079e7bb2a16b - - 1b55432df30e49d4b604d7e3bc98fc88 1b55432df30e49d4b604d7e3bc98fc88] 199.19.213.168 "GET /v2.0/ports?network_id=a25364c2-86ae-45b8-84b2-c45f61bc6c12&device_owner=network%3Adhcp HTTP/1.1" status: 200 len: 210 time: 0.0127213
2026-05-08 00:31:42.127 10 INFO neutron.api.wsgi [req-b4a6d8e3-099f-4b19-8ab6-8686c208c218 req-da63aecb-72cd-4edc-b690-7b69ad0d6161 5a61d14ec71942d9ba839cb224b69985 f014bbe0d67a4e8d9adc079e7bb2a16b - - 1b55432df30e49d4b604d7e3bc98fc88 1b55432df30e49d4b604d7e3bc98fc88] 199.19.213.168 "GET /v2.0/networks/a25364c2-86ae-45b8-84b2-c45f61bc6c12?fields=segments HTTP/1.1" status: 200 len: 212 time: 0.0302641
2026-05-08 00:31:42.166 10 INFO neutron.api.wsgi [req-b4a6d8e3-099f-4b19-8ab6-8686c208c218 req-f1dfa82d-072e-4092-83ca-3694a9ae4b5c 5a61d14ec71942d9ba839cb224b69985 f014bbe0d67a4e8d9adc079e7bb2a16b - - 1b55432df30e49d4b604d7e3bc98fc88 1b55432df30e49d4b604d7e3bc98fc88] 199.19.213.168 "GET /v2.0/networks/a25364c2-86ae-45b8-84b2-c45f61bc6c12?fields=provider%3Aphysical_network&fields=provider%3Anetwork_type HTTP/1.1" status: 200 len: 277 time: 0.0335002
2026-05-08 00:31:42.486 10 WARNING neutron_lib.context [None req-246ba569-966f-41bb-98de-15f36e4ce63a 90341790c194485fb3dfa03175ef9ceb ff7fd202c5bc4791a1c52d3ae02bc3cd - - default default] Method 'is_advsvc' is deprecated since 2023.2 release (neutron-lib 3.8.0) and will be removed once support for the old RBAC API policies will be removed from Neutron. Please use method 'is_service_role' instead.
2026-05-08 00:31:42.587 10 INFO neutron.db.ovn_revision_numbers_db [None req-246ba569-966f-41bb-98de-15f36e4ce63a 90341790c194485fb3dfa03175ef9ceb ff7fd202c5bc4791a1c52d3ae02bc3cd - - default default] Successfully bumped revision number for resource bc4c7fd9-e16c-48b7-af54-b71aa0d5e1e1 (type: security_groups) to 1
2026-05-08 00:31:42.596 10 INFO neutron.db.ovn_revision_numbers_db [None req-246ba569-966f-41bb-98de-15f36e4ce63a 90341790c194485fb3dfa03175ef9ceb ff7fd202c5bc4791a1c52d3ae02bc3cd - - default default] Successfully bumped revision number for resource 35a12cf4-34f2-4a48-94ef-9d3b2281ad3e (type: security_group_rules) to 0
2026-05-08 00:31:42.626 10 INFO neutron.db.ovn_revision_numbers_db [None req-246ba569-966f-41bb-98de-15f36e4ce63a 90341790c194485fb3dfa03175ef9ceb ff7fd202c5bc4791a1c52d3ae02bc3cd - - default default] Successfully bumped revision number for resource 45135578-35b8-4070-826c-bdd633dc8f54 (type: security_group_rules) to 0
2026-05-08 00:31:42.664 10 INFO neutron.api.wsgi [None req-246ba569-966f-41bb-98de-15f36e4ce63a 90341790c194485fb3dfa03175ef9ceb ff7fd202c5bc4791a1c52d3ae02bc3cd - - default default] 10.0.0.37 "POST /v2.0/security-groups HTTP/1.1" status: 201 len: 1875 time: 0.1839414
2026-05-08 00:31:42.669 9 INFO neutron.plugins.ml2.drivers.ovn.mech_driver.mech_driver [None req-ee8e88e1-f072-4666-bde7-2e43556c3d97 - - - - - -] OVN reports status up for port: 0e10486e-b714-4822-8ca4-9df468c527c3
2026-05-08 00:31:42.672 10 WARNING neutron_lib.context [None req-d5e2d26d-2eec-49f4-a2ae-5edb6b3d5034 90341790c194485fb3dfa03175ef9ceb ff7fd202c5bc4791a1c52d3ae02bc3cd - - default default] Method 'is_advsvc' is deprecated since 2023.2 release (neutron-lib 3.8.0) and will be removed once support for the old RBAC API policies will be removed from Neutron. Please use method 'is_service_role' instead.
2026-05-08 00:31:42.676 9 INFO neutron.plugins.ml2.plugin [None req-ee8e88e1-f072-4666-bde7-2e43556c3d97 - - - - - -] Attempt 1 to provision port 0e10486e-b714-4822-8ca4-9df468c527c3
2026-05-08 00:31:42.793 10 INFO neutron.db.ovn_revision_numbers_db [None req-d5e2d26d-2eec-49f4-a2ae-5edb6b3d5034 90341790c194485fb3dfa03175ef9ceb ff7fd202c5bc4791a1c52d3ae02bc3cd - - default default] Successfully bumped revision number for resource dd3d84dd-017d-460d-a51d-84f81fe94eca (type: security_group_rules) to 0
2026-05-08 00:31:42.828 10 INFO neutron.api.wsgi [None req-d5e2d26d-2eec-49f4-a2ae-5edb6b3d5034 90341790c194485fb3dfa03175ef9ceb ff7fd202c5bc4791a1c52d3ae02bc3cd - - default default] 10.0.0.37 "POST /v2.0/security-group-rules HTTP/1.1" status: 201 len: 796 time: 0.1598816
2026-05-08 00:31:42.840 10 WARNING neutron_lib.context [None req-51e4a700-d173-4971-9dcf-aea831bad8d0 90341790c194485fb3dfa03175ef9ceb ff7fd202c5bc4791a1c52d3ae02bc3cd - - default default] Method 'is_advsvc' is deprecated since 2023.2 release (neutron-lib 3.8.0) and will be removed once support for the old RBAC API policies will be removed from Neutron. Please use method 'is_service_role' instead.
2026-05-08 00:31:43.002 10 INFO neutron.db.ovn_revision_numbers_db [None req-51e4a700-d173-4971-9dcf-aea831bad8d0 90341790c194485fb3dfa03175ef9ceb ff7fd202c5bc4791a1c52d3ae02bc3cd - - default default] Successfully bumped revision number for resource 5d970ce2-3377-44f0-bfb2-25d14795c78a (type: security_group_rules) to 0
2026-05-08 00:31:43.034 10 INFO neutron.api.wsgi [None req-51e4a700-d173-4971-9dcf-aea831bad8d0 90341790c194485fb3dfa03175ef9ceb ff7fd202c5bc4791a1c52d3ae02bc3cd - - default default] 10.0.0.37 "POST /v2.0/security-group-rules HTTP/1.1" status: 201 len: 795 time: 0.2019563
2026-05-08 00:31:43.043 10 WARNING neutron_lib.context [None req-abceccbb-714b-4463-883e-3eab9025cebf 90341790c194485fb3dfa03175ef9ceb ff7fd202c5bc4791a1c52d3ae02bc3cd - - default default] Method 'is_advsvc' is deprecated since 2023.2 release (neutron-lib 3.8.0) and will be removed once support for the old RBAC API policies will be removed from Neutron. Please use method 'is_service_role' instead.
2026-05-08 00:31:43.102 9 INFO neutron.db.ovn_revision_numbers_db [None req-ee8e88e1-f072-4666-bde7-2e43556c3d97 - - - - - -] Successfully bumped revision number for resource 0e10486e-b714-4822-8ca4-9df468c527c3 (type: ports) to 2
2026-05-08 00:31:43.159 10 INFO neutron.db.ovn_revision_numbers_db [None req-abceccbb-714b-4463-883e-3eab9025cebf 90341790c194485fb3dfa03175ef9ceb ff7fd202c5bc4791a1c52d3ae02bc3cd - - default default] Successfully bumped revision number for resource 7354d20c-b88f-4c75-b847-6d4f7b42773b (type: security_group_rules) to 0
2026-05-08 00:31:43.187 10 INFO neutron.api.wsgi [None req-abceccbb-714b-4463-883e-3eab9025cebf 90341790c194485fb3dfa03175ef9ceb ff7fd202c5bc4791a1c52d3ae02bc3cd - - default default] 10.0.0.37 "POST /v2.0/security-group-rules HTTP/1.1" status: 201 len: 801 time: 0.1472049
2026-05-08 00:31:43.196 10 WARNING neutron_lib.context [None req-aeece5d7-8e07-46c3-8578-6ff313fc6551 90341790c194485fb3dfa03175ef9ceb ff7fd202c5bc4791a1c52d3ae02bc3cd - - default default] Method 'is_advsvc' is deprecated since 2023.2 release (neutron-lib 3.8.0) and will be removed once support for the old RBAC API policies will be removed from Neutron. Please use method 'is_service_role' instead.
2026-05-08 00:31:43.213 9 INFO neutron.db.ovn_revision_numbers_db [None req-79942c2f-a801-4e4c-8c19-d907e65345b1 754989ad745348c2842035e4c954ed15 1e434a98de034528963e385f4ee83562 - - default default] Successfully bumped revision number for resource ae37140b-aebc-4dbd-a807-772036294cac (type: security_groups) to 1
2026-05-08 00:31:43.228 9 INFO neutron.db.ovn_revision_numbers_db [None req-79942c2f-a801-4e4c-8c19-d907e65345b1 754989ad745348c2842035e4c954ed15 1e434a98de034528963e385f4ee83562 - - default default] Successfully bumped revision number for resource 273ef19e-9333-4db1-8be4-4523f00f3ab2 (type: security_group_rules) to 0
2026-05-08 00:31:43.243 9 INFO neutron.db.ovn_revision_numbers_db [None req-79942c2f-a801-4e4c-8c19-d907e65345b1 754989ad745348c2842035e4c954ed15 1e434a98de034528963e385f4ee83562 - - default default] Successfully bumped revision number for resource 671e8061-535b-4cf1-bcb6-d8583ef23024 (type: security_group_rules) to 0
2026-05-08 00:31:43.259 9 INFO neutron.db.ovn_revision_numbers_db [None req-79942c2f-a801-4e4c-8c19-d907e65345b1 754989ad745348c2842035e4c954ed15 1e434a98de034528963e385f4ee83562 - - default default] Successfully bumped revision number for resource 8ed812c2-714b-4d4c-9b36-2b4ee6637d43 (type: security_group_rules) to 0
2026-05-08 00:31:43.277 9 INFO neutron.db.ovn_revision_numbers_db [None req-79942c2f-a801-4e4c-8c19-d907e65345b1 754989ad745348c2842035e4c954ed15 1e434a98de034528963e385f4ee83562 - - default default] Successfully bumped revision number for resource 9c019da4-f4b6-4228-9dca-694f9d7d5178 (type: security_group_rules) to 0
2026-05-08 00:31:43.318 10 INFO neutron.db.ovn_revision_numbers_db [None req-aeece5d7-8e07-46c3-8578-6ff313fc6551 90341790c194485fb3dfa03175ef9ceb ff7fd202c5bc4791a1c52d3ae02bc3cd - - default default] Successfully bumped revision number for resource dc0389b1-3312-4aee-9479-34cff1d2cd0e (type: security_group_rules) to 0
2026-05-08 00:31:43.344 10 INFO neutron.api.wsgi [None req-aeece5d7-8e07-46c3-8578-6ff313fc6551 90341790c194485fb3dfa03175ef9ceb ff7fd202c5bc4791a1c52d3ae02bc3cd - - default default] 10.0.0.37 "POST /v2.0/security-group-rules HTTP/1.1" status: 201 len: 800 time: 0.1519144
2026-05-08 00:31:43.348 9 INFO neutron.db.segments_db [None req-79942c2f-a801-4e4c-8c19-d907e65345b1 754989ad745348c2842035e4c954ed15 1e434a98de034528963e385f4ee83562 - - default default] Added segment 7964e8a2-768c-4870-94b5-f498efa89545 of type geneve for network 9ac1dac7-dab8-445f-85fb-941c4f2f6e8d
2026-05-08 00:31:43.355 10 WARNING neutron_lib.context [None req-37aeb36f-3f10-4c27-8a9f-a7800bb0eb4f 90341790c194485fb3dfa03175ef9ceb ff7fd202c5bc4791a1c52d3ae02bc3cd - - default default] Method 'is_advsvc' is deprecated since 2023.2 release (neutron-lib 3.8.0) and will be removed once support for the old RBAC API policies will be removed from Neutron. Please use method 'is_service_role' instead.
2026-05-08 00:31:43.379 9 INFO neutron.db.ovn_revision_numbers_db [None req-6318eb60-8b10-4eab-ab14-4f0965f83fbf 754989ad745348c2842035e4c954ed15 1e434a98de034528963e385f4ee83562 - - default default] Successfully bumped revision number for resource 8a038a3a-a99d-4373-ba37-e18d3e70cfe5 (type: security_groups) to 1
2026-05-08 00:31:43.396 9 INFO neutron.db.ovn_revision_numbers_db [None req-6318eb60-8b10-4eab-ab14-4f0965f83fbf 754989ad745348c2842035e4c954ed15 1e434a98de034528963e385f4ee83562 - - default default] Successfully bumped revision number for resource 2f94a947-8ee3-4f73-873c-15d22027163e (type: security_group_rules) to 0
2026-05-08 00:31:43.410 9 INFO neutron.db.ovn_revision_numbers_db [None req-6318eb60-8b10-4eab-ab14-4f0965f83fbf 754989ad745348c2842035e4c954ed15 1e434a98de034528963e385f4ee83562 - - default default] Successfully bumped revision number for resource 9dc355eb-84d6-4dca-8c2e-1c81c9de645f (type: security_group_rules) to 0
2026-05-08 00:31:43.433 9 INFO neutron.db.ovn_revision_numbers_db [None req-6318eb60-8b10-4eab-ab14-4f0965f83fbf 754989ad745348c2842035e4c954ed15 1e434a98de034528963e385f4ee83562 - - default default] Successfully bumped revision number for resource d69f46f2-0db9-4997-8583-78a218764c23 (type: security_group_rules) to 0
2026-05-08 00:31:43.447 9 INFO neutron.db.ovn_revision_numbers_db [None req-6318eb60-8b10-4eab-ab14-4f0965f83fbf 754989ad745348c2842035e4c954ed15 1e434a98de034528963e385f4ee83562 - - default default] Successfully bumped revision number for resource fea9ffbe-4aa4-477b-8216-f46c1e64e730 (type: security_group_rules) to 0
2026-05-08 00:31:43.478 9 INFO neutron.db.ovn_revision_numbers_db [None req-79942c2f-a801-4e4c-8c19-d907e65345b1 754989ad745348c2842035e4c954ed15 1e434a98de034528963e385f4ee83562 - - default default] Successfully bumped revision number for resource 9ac1dac7-dab8-445f-85fb-941c4f2f6e8d (type: networks) to 1
2026-05-08 00:31:43.494 9 INFO neutron.api.wsgi [None req-6318eb60-8b10-4eab-ab14-4f0965f83fbf 754989ad745348c2842035e4c954ed15 1e434a98de034528963e385f4ee83562 - - default default] 10.0.0.37 "GET /v2.0/security-groups?tenant_id=76c29c23b7b04802b3dccc521722ba72&name=default HTTP/1.1" status: 200 len: 3120 time: 0.4447951
2026-05-08 00:31:43.627 10 INFO neutron.db.securitygroups_db [None req-37aeb36f-3f10-4c27-8a9f-a7800bb0eb4f 90341790c194485fb3dfa03175ef9ceb ff7fd202c5bc4791a1c52d3ae02bc3cd - - default default] Project ff7fd202c5bc4791a1c52d3ae02bc3cd added a security group rule with legacy IPv6 ICMP protocol name icmp, ipv6-icmp should be used instead. It was automatically converted.
2026-05-08 00:31:43.646 9 WARNING neutron.scheduler.dhcp_agent_scheduler [None req-79942c2f-a801-4e4c-8c19-d907e65345b1 754989ad745348c2842035e4c954ed15 1e434a98de034528963e385f4ee83562 - - default default] No more DHCP agents
2026-05-08 00:31:43.647 9 WARNING neutron.api.rpc.agentnotifiers.dhcp_rpc_agent_api [None req-79942c2f-a801-4e4c-8c19-d907e65345b1 754989ad745348c2842035e4c954ed15 1e434a98de034528963e385f4ee83562 - - default default] Unable to schedule network 9ac1dac7-dab8-445f-85fb-941c4f2f6e8d: no agents available; will retry on subsequent port and subnet creation events.
2026-05-08 00:31:43.707 9 INFO neutron.api.wsgi [None req-ac877840-da3f-432e-bca9-0b0cc52841ca 754989ad745348c2842035e4c954ed15 1e434a98de034528963e385f4ee83562 - - default default] 10.0.0.37 "DELETE /v2.0/security-groups/8a038a3a-a99d-4373-ba37-e18d3e70cfe5 HTTP/1.1" status: 204 len: 168 time: 0.2056913
2026-05-08 00:31:43.708 9 INFO neutron.db.ovn_revision_numbers_db [None req-79942c2f-a801-4e4c-8c19-d907e65345b1 754989ad745348c2842035e4c954ed15 1e434a98de034528963e385f4ee83562 - - default default] Successfully bumped revision number for resource 31eb3c6e-d596-47f7-bfec-422929a2d40e (type: ports) to 1
2026-05-08 00:31:43.712 10 INFO neutron.db.ovn_revision_numbers_db [None req-37aeb36f-3f10-4c27-8a9f-a7800bb0eb4f 90341790c194485fb3dfa03175ef9ceb ff7fd202c5bc4791a1c52d3ae02bc3cd - - default default] Successfully bumped revision number for resource 0b447c6b-08de-435a-98f9-55526f935578 (type: security_group_rules) to 0
2026-05-08 00:31:43.724 9 INFO neutron.api.wsgi [None req-79942c2f-a801-4e4c-8c19-d907e65345b1 754989ad745348c2842035e4c954ed15 1e434a98de034528963e385f4ee83562 - - default default] 10.0.0.37 "POST /v2.0/networks HTTP/1.1" status: 201 len: 942 time: 0.6624122
2026-05-08 00:31:43.739 10 INFO neutron.api.wsgi [None req-37aeb36f-3f10-4c27-8a9f-a7800bb0eb4f 90341790c194485fb3dfa03175ef9ceb ff7fd202c5bc4791a1c52d3ae02bc3cd - - default default] 10.0.0.37 "POST /v2.0/security-group-rules HTTP/1.1" status: 201 len: 806 time: 0.3883085
2026-05-08 00:31:43.748 10 WARNING neutron_lib.context [None req-5fb9652d-346a-422f-ad8b-495b28d4f82d 90341790c194485fb3dfa03175ef9ceb ff7fd202c5bc4791a1c52d3ae02bc3cd - - default default] Method 'is_advsvc' is deprecated since 2023.2 release (neutron-lib 3.8.0) and will be removed once support for the old RBAC API policies will be removed from Neutron. Please use method 'is_service_role' instead.
2026-05-08 00:31:43.775 10 INFO neutron.db.securitygroups_db [None req-5fb9652d-346a-422f-ad8b-495b28d4f82d 90341790c194485fb3dfa03175ef9ceb ff7fd202c5bc4791a1c52d3ae02bc3cd - - default default] Project ff7fd202c5bc4791a1c52d3ae02bc3cd added a security group rule with legacy IPv6 ICMP protocol name icmp, ipv6-icmp should be used instead. It was automatically converted.
2026-05-08 00:31:43.860 9 WARNING neutron.scheduler.dhcp_agent_scheduler [None req-9429de99-c35f-4379-8f50-029071f74686 754989ad745348c2842035e4c954ed15 1e434a98de034528963e385f4ee83562 - - default default] No more DHCP agents
2026-05-08 00:31:43.862 9 WARNING neutron.api.rpc.agentnotifiers.dhcp_rpc_agent_api [None req-9429de99-c35f-4379-8f50-029071f74686 754989ad745348c2842035e4c954ed15 1e434a98de034528963e385f4ee83562 - - default default] Unable to schedule network 9ac1dac7-dab8-445f-85fb-941c4f2f6e8d: no agents available; will retry on subsequent port and subnet creation events.
2026-05-08 00:31:43.869 10 INFO neutron.db.ovn_revision_numbers_db [None req-5fb9652d-346a-422f-ad8b-495b28d4f82d 90341790c194485fb3dfa03175ef9ceb ff7fd202c5bc4791a1c52d3ae02bc3cd - - default default] Successfully bumped revision number for resource d4590226-2d51-4d4e-a888-d555e1e74e26 (type: security_group_rules) to 0
2026-05-08 00:31:43.903 10 INFO neutron.api.wsgi [None req-5fb9652d-346a-422f-ad8b-495b28d4f82d 90341790c194485fb3dfa03175ef9ceb ff7fd202c5bc4791a1c52d3ae02bc3cd - - default default] 10.0.0.37 "POST /v2.0/security-group-rules HTTP/1.1" status: 201 len: 805 time: 0.1579995
2026-05-08 00:31:44.254 9 INFO neutron.db.ovn_revision_numbers_db [None req-de1d6e63-e409-48c6-a2f4-ddcff36675a6 - - - - - -] Successfully bumped revision number for resource 31eb3c6e-d596-47f7-bfec-422929a2d40e (type: ports) to 2
2026-05-08 00:31:44.287 9 INFO neutron.db.ovn_revision_numbers_db [None req-de1d6e63-e409-48c6-a2f4-ddcff36675a6 - - - - - -] Successfully bumped revision number for resource 1a13a32d-487d-4fd3-8d76-e1e15e2bd0b9 (type: subnets) to 0
2026-05-08 00:31:44.307 9 INFO neutron.api.wsgi [None req-9429de99-c35f-4379-8f50-029071f74686 754989ad745348c2842035e4c954ed15 1e434a98de034528963e385f4ee83562 - - default default] 10.0.0.37 "POST /v2.0/subnets HTTP/1.1" status: 201 len: 886 time: 0.5760946
2026-05-08 00:31:44.438 10 INFO neutron.api.wsgi [None req-b933b928-c2a8-4c73-8cee-ee73c9e88ecc 90341790c194485fb3dfa03175ef9ceb ff7fd202c5bc4791a1c52d3ae02bc3cd - - default default] 10.0.0.37 "GET /v2.0/networks HTTP/1.1" status: 200 len: 1492 time: 0.1888654
2026-05-08 00:31:44.555 10 INFO neutron.api.wsgi [req-77c1bc96-2321-4f99-b2c3-5a49717f3200 req-134f6248-3c08-4df5-b3e9-0ff9a152d483 90341790c194485fb3dfa03175ef9ceb ff7fd202c5bc4791a1c52d3ae02bc3cd - - default default] 10.0.0.250 "GET /v2.0/security-groups?name=tempest-secgroup-smoke-2033659911&fields=id&tenant_id=ff7fd202c5bc4791a1c52d3ae02bc3cd HTTP/1.1" status: 200 len: 267 time: 0.0409465
2026-05-08 00:31:44.600 10 INFO neutron.api.wsgi [req-77c1bc96-2321-4f99-b2c3-5a49717f3200 req-d01ddd99-c176-4c8c-a34f-af9a6639bf5b 90341790c194485fb3dfa03175ef9ceb ff7fd202c5bc4791a1c52d3ae02bc3cd - - default default] 10.0.0.250 "GET /v2.0/networks?id=a25364c2-86ae-45b8-84b2-c45f61bc6c12 HTTP/1.1" status: 200 len: 859 time: 0.0390930
2026-05-08 00:31:44.613 10 INFO neutron.api.wsgi [req-77c1bc96-2321-4f99-b2c3-5a49717f3200 req-3cd551f1-2d76-49f2-aba7-66e9f5daa199 90341790c194485fb3dfa03175ef9ceb ff7fd202c5bc4791a1c52d3ae02bc3cd - - default default] 10.0.0.250 "GET /v2.0/quotas/ff7fd202c5bc4791a1c52d3ae02bc3cd HTTP/1.1" status: 200 len: 491 time: 0.0083437
2026-05-08 00:31:44.675 9 WARNING neutron.scheduler.dhcp_agent_scheduler [None req-d0b9bb6c-7c61-40f9-89d6-2c67768c1ff6 754989ad745348c2842035e4c954ed15 1e434a98de034528963e385f4ee83562 - - default default] No more DHCP agents
2026-05-08 00:31:44.676 9 WARNING neutron.api.rpc.agentnotifiers.dhcp_rpc_agent_api [None req-d0b9bb6c-7c61-40f9-89d6-2c67768c1ff6 754989ad745348c2842035e4c954ed15 1e434a98de034528963e385f4ee83562 - - default default] Unable to schedule network 8375a2e0-fc5c-4118-888e-56e4dc6c4278: no agents available; will retry on subsequent port and subnet creation events.
2026-05-08 00:31:44.678 10 INFO neutron.api.wsgi [req-77c1bc96-2321-4f99-b2c3-5a49717f3200 req-5c34a527-6fe6-4011-af44-88f0510265ea 90341790c194485fb3dfa03175ef9ceb ff7fd202c5bc4791a1c52d3ae02bc3cd - - default default] 10.0.0.250 "GET /v2.0/ports?tenant_id=ff7fd202c5bc4791a1c52d3ae02bc3cd&fields=id HTTP/1.1" status: 200 len: 348 time: 0.0616438
2026-05-08 00:31:44.726 10 INFO neutron.api.wsgi [req-77c1bc96-2321-4f99-b2c3-5a49717f3200 req-bce30d0c-6255-48cc-bc37-0bdcb0dfcfae 5a61d14ec71942d9ba839cb224b69985 f014bbe0d67a4e8d9adc079e7bb2a16b - - 1b55432df30e49d4b604d7e3bc98fc88 1b55432df30e49d4b604d7e3bc98fc88] 10.0.0.250 "GET /v2.0/networks/a25364c2-86ae-45b8-84b2-c45f61bc6c12?fields=segments HTTP/1.1" status: 200 len: 212 time: 0.0379062
2026-05-08 00:31:44.773 10 INFO neutron.api.wsgi [req-77c1bc96-2321-4f99-b2c3-5a49717f3200 req-e7c40a3b-a611-4a37-a78b-7e6832bfd0d0 5a61d14ec71942d9ba839cb224b69985 f014bbe0d67a4e8d9adc079e7bb2a16b - - 1b55432df30e49d4b604d7e3bc98fc88 1b55432df30e49d4b604d7e3bc98fc88] 10.0.0.250 "GET /v2.0/networks/a25364c2-86ae-45b8-84b2-c45f61bc6c12?fields=provider%3Aphysical_network&fields=provider%3Anetwork_type HTTP/1.1" status: 200 len: 277 time: 0.0434022
2026-05-08 00:31:44.788 9 INFO neutron.db.ovn_revision_numbers_db [None req-d0b9bb6c-7c61-40f9-89d6-2c67768c1ff6 754989ad745348c2842035e4c954ed15 1e434a98de034528963e385f4ee83562 - - default default] Successfully bumped revision number for resource 7291483f-4806-4d8a-881e-a39a9812263f (type: ports) to 1
2026-05-08 00:31:44.878 10 INFO neutron.api.wsgi [req-8f05ca4b-0d6b-4e05-81af-f3bfaa3750fe req-dde32613-fe7f-4400-bb92-3611355d21f2 90341790c194485fb3dfa03175ef9ceb ff7fd202c5bc4791a1c52d3ae02bc3cd - - default default] 10.0.0.250 "GET /v2.0/ports?device_id=dfb1296d-70d5-4e35-8a8a-310ee26315d3 HTTP/1.1" status: 200 len: 210 time: 0.0170000
2026-05-08 00:31:45.322 9 INFO neutron.plugins.ml2.drivers.ovn.mech_driver.ovsdb.commands [None req-e80f27f5-e49d-437f-8fb6-a3ee4a97fc45 - - - - - -] Schedule LRP lrp-7291483f-4806-4d8a-881e-a39a9812263f on gateway 1e92e222-9eeb-4c4e-80ba-301384359059 with priority 1
2026-05-08 00:31:45.332 10 INFO neutron.plugins.ml2.drivers.ovn.mech_driver.mech_driver [None req-02f7e8e6-9f92-45e4-a711-9fa9a723de52 - - - - - -] OVN reports status up for port: 7291483f-4806-4d8a-881e-a39a9812263f
2026-05-08 00:31:45.344 10 INFO neutron.plugins.ml2.plugin [None req-02f7e8e6-9f92-45e4-a711-9fa9a723de52 - - - - - -] Attempt 1 to provision port 7291483f-4806-4d8a-881e-a39a9812263f
2026-05-08 00:31:45.350 9 INFO neutron.plugins.ml2.drivers.ovn.mech_driver.ovsdb.ovsdb_monitor [None req-ba646f07-3c3b-4162-821b-9b753d4cf844 - - - - - -] Router 025a20a0-a931-4de0-bc85-11bbd8f9a1a3 is bound to host instance
2026-05-08 00:31:45.377 9 INFO neutron.db.ovn_revision_numbers_db [None req-d0b9bb6c-7c61-40f9-89d6-2c67768c1ff6 754989ad745348c2842035e4c954ed15 1e434a98de034528963e385f4ee83562 - - default default] Successfully bumped revision number for resource 7291483f-4806-4d8a-881e-a39a9812263f (type: router_ports) to 1
2026-05-08 00:31:45.442 9 INFO neutron.db.ovn_revision_numbers_db [None req-d0b9bb6c-7c61-40f9-89d6-2c67768c1ff6 754989ad745348c2842035e4c954ed15 1e434a98de034528963e385f4ee83562 - - default default] Successfully bumped revision number for resource 025a20a0-a931-4de0-bc85-11bbd8f9a1a3 (type: routers) to 2
2026-05-08 00:31:45.460 9 INFO neutron.api.wsgi [None req-d0b9bb6c-7c61-40f9-89d6-2c67768c1ff6 754989ad745348c2842035e4c954ed15 1e434a98de034528963e385f4ee83562 - - default default] 10.0.0.37 "POST /v2.0/routers HTTP/1.1" status: 201 len: 1164 time: 1.1474974
2026-05-08 00:31:45.816 9 INFO neutron.db.ovn_revision_numbers_db [None req-9bd22984-52ad-4ab7-b270-5acfae3cf4f6 - - - - - -] Successfully bumped revision number for resource 7291483f-4806-4d8a-881e-a39a9812263f (type: ports) to 1
2026-05-08 00:31:45.909 9 WARNING neutron.scheduler.dhcp_agent_scheduler [None req-a5e305de-c99f-4027-8e36-bf45ba0da75b 754989ad745348c2842035e4c954ed15 1e434a98de034528963e385f4ee83562 - - default default] No more DHCP agents
2026-05-08 00:31:45.912 9 WARNING neutron.api.rpc.agentnotifiers.dhcp_rpc_agent_api [None req-a5e305de-c99f-4027-8e36-bf45ba0da75b 754989ad745348c2842035e4c954ed15 1e434a98de034528963e385f4ee83562 - - default default] Unable to schedule network 9ac1dac7-dab8-445f-85fb-941c4f2f6e8d: no agents available; will retry on subsequent port and subnet creation events.
2026-05-08 00:31:45.945 10 INFO neutron.api.wsgi [req-0ef80cfa-c807-4ae4-ae73-2a5e5a20a17b req-3db9b6b8-0586-468a-9a5f-ea78bec1d3ac 90341790c194485fb3dfa03175ef9ceb ff7fd202c5bc4791a1c52d3ae02bc3cd - - default default] 10.0.0.250 "GET /v2.0/ports?device_id=dfb1296d-70d5-4e35-8a8a-310ee26315d3 HTTP/1.1" status: 200 len: 210 time: 0.0152843
2026-05-08 00:31:46.032 9 INFO neutron.db.ovn_revision_numbers_db [None req-a5e305de-c99f-4027-8e36-bf45ba0da75b 754989ad745348c2842035e4c954ed15 1e434a98de034528963e385f4ee83562 - - default default] Successfully bumped revision number for resource 245b6977-afff-484e-a6fe-b69289191a1b (type: ports) to 1
2026-05-08 00:31:46.146 9 INFO neutron.db.ovn_revision_numbers_db [None req-9bd22984-52ad-4ab7-b270-5acfae3cf4f6 - - - - - -] Successfully bumped revision number for resource 7291483f-4806-4d8a-881e-a39a9812263f (type: ports) to 4
2026-05-08 00:31:46.782 9 INFO neutron.db.ovn_revision_numbers_db [None req-9bd22984-52ad-4ab7-b270-5acfae3cf4f6 - - - - - -] Successfully bumped revision number for resource 7291483f-4806-4d8a-881e-a39a9812263f (type: ports) to 5
2026-05-08 00:31:46.898 9 INFO neutron.db.ovn_revision_numbers_db [None req-a5e305de-c99f-4027-8e36-bf45ba0da75b 754989ad745348c2842035e4c954ed15 1e434a98de034528963e385f4ee83562 - - default default] Successfully bumped revision number for resource 245b6977-afff-484e-a6fe-b69289191a1b (type: ports) to 1
2026-05-08 00:31:46.938 9 WARNING neutron.scheduler.dhcp_agent_scheduler [None req-a5e305de-c99f-4027-8e36-bf45ba0da75b 754989ad745348c2842035e4c954ed15 1e434a98de034528963e385f4ee83562 - - default default] No more DHCP agents
2026-05-08 00:31:46.939 9 WARNING neutron.api.rpc.agentnotifiers.dhcp_rpc_agent_api [None req-a5e305de-c99f-4027-8e36-bf45ba0da75b 754989ad745348c2842035e4c954ed15 1e434a98de034528963e385f4ee83562 - - default default] Unable to schedule network 9ac1dac7-dab8-445f-85fb-941c4f2f6e8d: no agents available; will retry on subsequent port and subnet creation events.
2026-05-08 00:31:46.963 10 INFO neutron.api.wsgi [None req-3ba4688b-ec6a-4c1f-ba62-18b7c4afa4eb 3bcebe13a7d6450c89265c0b5559a817 3d9fb7b1b769463f9c5cfadaad3d8dd8 - - default default] 10.0.0.209 "GET /v2.0/extensions HTTP/1.1" status: 200 len: 19298 time: 0.0910211
2026-05-08 00:31:47.047 10 INFO neutron.api.wsgi [req-8bec2207-87b5-452d-b447-0cecbfc35f4b req-be05fa3d-0b7a-45c0-a50f-a5a192cc35fd 90341790c194485fb3dfa03175ef9ceb ff7fd202c5bc4791a1c52d3ae02bc3cd - - default default] 10.0.0.250 "GET /v2.0/ports?device_id=dfb1296d-70d5-4e35-8a8a-310ee26315d3 HTTP/1.1" status: 200 len: 210 time: 0.0223725
2026-05-08 00:31:47.128 10 INFO neutron.api.wsgi [None req-08aa0404-da7d-468b-99e4-4f407a291fff 3bcebe13a7d6450c89265c0b5559a817 3d9fb7b1b769463f9c5cfadaad3d8dd8 - - default default] 10.0.0.209 "GET /v2.0/quotas/3d9fb7b1b769463f9c5cfadaad3d8dd8/details HTTP/1.1" status: 200 len: 1046 time: 0.1440921
2026-05-08 00:31:47.526 9 INFO neutron.db.ovn_revision_numbers_db [None req-a5e305de-c99f-4027-8e36-bf45ba0da75b 754989ad745348c2842035e4c954ed15 1e434a98de034528963e385f4ee83562 - - default default] Successfully bumped revision number for resource 245b6977-afff-484e-a6fe-b69289191a1b (type: router_ports) to 1
2026-05-08 00:31:47.531 9 INFO neutron.api.wsgi [None req-a5e305de-c99f-4027-8e36-bf45ba0da75b 754989ad745348c2842035e4c954ed15 1e434a98de034528963e385f4ee83562 - - default default] 10.0.0.37 "PUT /v2.0/routers/025a20a0-a931-4de0-bc85-11bbd8f9a1a3/add_router_interface HTTP/1.1" status: 200 len: 503 time: 2.0660772
2026-05-08 00:31:47.936 10 INFO neutron.plugins.ml2.drivers.ovn.mech_driver.mech_driver [None req-02f7e8e6-9f92-45e4-a711-9fa9a723de52 - - - - - -] OVN reports status up for port: 245b6977-afff-484e-a6fe-b69289191a1b
2026-05-08 00:31:47.942 10 INFO neutron.plugins.ml2.plugin [None req-02f7e8e6-9f92-45e4-a711-9fa9a723de52 - - - - - -] Attempt 1 to provision port 245b6977-afff-484e-a6fe-b69289191a1b
2026-05-08 00:31:48.068 9 WARNING neutron_lib.context [None req-b53fc419-527e-4049-bcba-dbdc5351a4a9 6daec665320e4478a33f37c5cfdc4e82 e99f8f7b789b4209b0c0efa151f51f80 - - default default] Method 'is_advsvc' is deprecated since 2023.2 release (neutron-lib 3.8.0) and will be removed once support for the old RBAC API policies will be removed from Neutron. Please use method 'is_service_role' instead.
2026-05-08 00:31:48.126 10 INFO neutron.api.wsgi [req-82efa5d9-1da6-460e-9026-18023b962a16 req-79001488-96c9-4e07-8d8b-cb5e5d834ad9 90341790c194485fb3dfa03175ef9ceb ff7fd202c5bc4791a1c52d3ae02bc3cd - - default default] 10.0.0.250 "GET /v2.0/ports?device_id=dfb1296d-70d5-4e35-8a8a-310ee26315d3 HTTP/1.1" status: 200 len: 210 time: 0.0209956
2026-05-08 00:31:48.207 9 INFO neutron.db.ovn_revision_numbers_db [None req-b53fc419-527e-4049-bcba-dbdc5351a4a9 6daec665320e4478a33f37c5cfdc4e82 e99f8f7b789b4209b0c0efa151f51f80 - - default default] Successfully bumped revision number for resource c510ab01-6325-4a05-aa14-ea68df21afbe (type: security_groups) to 1
2026-05-08 00:31:48.220 9 INFO neutron.db.ovn_revision_numbers_db [None req-b53fc419-527e-4049-bcba-dbdc5351a4a9 6daec665320e4478a33f37c5cfdc4e82 e99f8f7b789b4209b0c0efa151f51f80 - - default default] Successfully bumped revision number for resource cf99a6d8-c124-4cab-8f90-fea4daced7a8 (type: security_group_rules) to 0
2026-05-08 00:31:48.233 9 INFO neutron.db.ovn_revision_numbers_db [None req-b53fc419-527e-4049-bcba-dbdc5351a4a9 6daec665320e4478a33f37c5cfdc4e82 e99f8f7b789b4209b0c0efa151f51f80 - - default default] Successfully bumped revision number for resource fa314fe7-4b0f-4729-9408-588dc407523f (type: security_group_rules) to 0
2026-05-08 00:31:48.278 9 INFO neutron.api.wsgi [None req-b53fc419-527e-4049-bcba-dbdc5351a4a9 6daec665320e4478a33f37c5cfdc4e82 e99f8f7b789b4209b0c0efa151f51f80 - - default default] 10.0.0.37 "POST /v2.0/security-groups HTTP/1.1" status: 201 len: 1873 time: 0.2161152
2026-05-08 00:31:48.289 9 WARNING neutron_lib.context [None req-cd830d4d-4684-4850-bc0e-5784aac9f87c 6daec665320e4478a33f37c5cfdc4e82 e99f8f7b789b4209b0c0efa151f51f80 - - default default] Method 'is_advsvc' is deprecated since 2023.2 release (neutron-lib 3.8.0) and will be removed once support for the old RBAC API policies will be removed from Neutron. Please use method 'is_service_role' instead.
2026-05-08 00:31:48.358 10 INFO neutron.db.ovn_revision_numbers_db [None req-02f7e8e6-9f92-45e4-a711-9fa9a723de52 - - - - - -] Successfully bumped revision number for resource 245b6977-afff-484e-a6fe-b69289191a1b (type: ports) to 2
2026-05-08 00:31:48.401 9 INFO neutron.db.ovn_revision_numbers_db [None req-cd830d4d-4684-4850-bc0e-5784aac9f87c 6daec665320e4478a33f37c5cfdc4e82 e99f8f7b789b4209b0c0efa151f51f80 - - default default] Successfully bumped revision number for resource 55eb5ece-23c3-483b-9c94-4eccd0a1e720 (type: security_group_rules) to 0
2026-05-08 00:31:48.425 9 INFO neutron.api.wsgi [None req-cd830d4d-4684-4850-bc0e-5784aac9f87c 6daec665320e4478a33f37c5cfdc4e82 e99f8f7b789b4209b0c0efa151f51f80 - - default default] 10.0.0.37 "POST /v2.0/security-group-rules HTTP/1.1" status: 201 len: 796 time: 0.1411984
2026-05-08 00:31:48.434 9 WARNING neutron_lib.context [None req-a0495bad-53b2-4407-bcc4-646387c72a87 6daec665320e4478a33f37c5cfdc4e82 e99f8f7b789b4209b0c0efa151f51f80 - - default default] Method 'is_advsvc' is deprecated since 2023.2 release (neutron-lib 3.8.0) and will be removed once support for the old RBAC API policies will be removed from Neutron. Please use method 'is_service_role' instead.
2026-05-08 00:31:48.543 9 INFO neutron.db.ovn_revision_numbers_db [None req-a0495bad-53b2-4407-bcc4-646387c72a87 6daec665320e4478a33f37c5cfdc4e82 e99f8f7b789b4209b0c0efa151f51f80 - - default default] Successfully bumped revision number for resource 7cc95eff-9111-44a4-96c9-21e2e7133046 (type: security_group_rules) to 0
2026-05-08 00:31:48.576 9 INFO neutron.api.wsgi [None req-a0495bad-53b2-4407-bcc4-646387c72a87 6daec665320e4478a33f37c5cfdc4e82 e99f8f7b789b4209b0c0efa151f51f80 - - default default] 10.0.0.37 "POST /v2.0/security-group-rules HTTP/1.1" status: 201 len: 795 time: 0.1454587
2026-05-08 00:31:48.585 9 WARNING neutron_lib.context [None req-ff8bc3fc-498b-4ceb-a982-99a4b6a75d82 6daec665320e4478a33f37c5cfdc4e82 e99f8f7b789b4209b0c0efa151f51f80 - - default default] Method 'is_advsvc' is deprecated since 2023.2 release (neutron-lib 3.8.0) and will be removed once support for the old RBAC API policies will be removed from Neutron. Please use method 'is_service_role' instead.
2026-05-08 00:31:48.703 9 INFO neutron.db.ovn_revision_numbers_db [None req-ff8bc3fc-498b-4ceb-a982-99a4b6a75d82 6daec665320e4478a33f37c5cfdc4e82 e99f8f7b789b4209b0c0efa151f51f80 - - default default] Successfully bumped revision number for resource 542041c0-af67-4fa8-a963-c0ec34461b1a (type: security_group_rules) to 0
2026-05-08 00:31:48.736 9 INFO neutron.api.wsgi [None req-ff8bc3fc-498b-4ceb-a982-99a4b6a75d82 6daec665320e4478a33f37c5cfdc4e82 e99f8f7b789b4209b0c0efa151f51f80 - - default default] 10.0.0.37 "POST /v2.0/security-group-rules HTTP/1.1" status: 201 len: 801 time: 0.1553211
2026-05-08 00:31:48.745 9 WARNING neutron_lib.context [None req-8dda4036-df9c-4b1b-9223-c3a4571c8597 6daec665320e4478a33f37c5cfdc4e82 e99f8f7b789b4209b0c0efa151f51f80 - - default default] Method 'is_advsvc' is deprecated since 2023.2 release (neutron-lib 3.8.0) and will be removed once support for the old RBAC API policies will be removed from Neutron. Please use method 'is_service_role' instead.
2026-05-08 00:31:48.863 9 INFO neutron.db.ovn_revision_numbers_db [None req-8dda4036-df9c-4b1b-9223-c3a4571c8597 6daec665320e4478a33f37c5cfdc4e82 e99f8f7b789b4209b0c0efa151f51f80 - - default default] Successfully bumped revision number for resource 82b08812-2222-452a-b89a-82cc23f344c6 (type: security_group_rules) to 0
2026-05-08 00:31:48.883 9 INFO neutron.api.wsgi [None req-90ed8e06-2340-42e5-98c0-0db38bb51d88 3bcebe13a7d6450c89265c0b5559a817 3d9fb7b1b769463f9c5cfadaad3d8dd8 - - default default] 10.0.0.209 "GET /v2.0/extensions HTTP/1.1" status: 200 len: 19298 time: 0.0048280
2026-05-08 00:31:48.896 9 INFO neutron.api.wsgi [None req-8dda4036-df9c-4b1b-9223-c3a4571c8597 6daec665320e4478a33f37c5cfdc4e82 e99f8f7b789b4209b0c0efa151f51f80 - - default default] 10.0.0.37 "POST /v2.0/security-group-rules HTTP/1.1" status: 201 len: 800 time: 0.1550443
2026-05-08 00:31:48.905 9 WARNING neutron_lib.context [None req-c17ff761-b773-4f32-8097-82094118a499 6daec665320e4478a33f37c5cfdc4e82 e99f8f7b789b4209b0c0efa151f51f80 - - default default] Method 'is_advsvc' is deprecated since 2023.2 release (neutron-lib 3.8.0) and will be removed once support for the old RBAC API policies will be removed from Neutron. Please use method 'is_service_role' instead.
2026-05-08 00:31:48.931 9 INFO neutron.db.securitygroups_db [None req-c17ff761-b773-4f32-8097-82094118a499 6daec665320e4478a33f37c5cfdc4e82 e99f8f7b789b4209b0c0efa151f51f80 - - default default] Project e99f8f7b789b4209b0c0efa151f51f80 added a security group rule with legacy IPv6 ICMP protocol name icmp, ipv6-icmp should be used instead. It was automatically converted.
2026-05-08 00:31:48.963 10 INFO neutron.api.wsgi [None req-004a86f7-2e5a-4e63-a7e7-ca475cb40ae3 3bcebe13a7d6450c89265c0b5559a817 3d9fb7b1b769463f9c5cfadaad3d8dd8 - - default default] 10.0.0.209 "GET /v2.0/quotas/3d9fb7b1b769463f9c5cfadaad3d8dd8/details HTTP/1.1" status: 200 len: 1046 time: 0.0676491
2026-05-08 00:31:49.018 9 INFO neutron.db.ovn_revision_numbers_db [None req-c17ff761-b773-4f32-8097-82094118a499 6daec665320e4478a33f37c5cfdc4e82 e99f8f7b789b4209b0c0efa151f51f80 - - default default] Successfully bumped revision number for resource c57663e5-5321-4b20-83f5-50d147dbc9bb (type: security_group_rules) to 0
2026-05-08 00:31:49.048 9 INFO neutron.api.wsgi [None req-c17ff761-b773-4f32-8097-82094118a499 6daec665320e4478a33f37c5cfdc4e82 e99f8f7b789b4209b0c0efa151f51f80 - - default default] 10.0.0.37 "POST /v2.0/security-group-rules HTTP/1.1" status: 201 len: 806 time: 0.1473181
2026-05-08 00:31:49.057 9 WARNING neutron_lib.context [None req-bc176bd6-35dd-491d-9723-cb485cbcf679 6daec665320e4478a33f37c5cfdc4e82 e99f8f7b789b4209b0c0efa151f51f80 - - default default] Method 'is_advsvc' is deprecated since 2023.2 release (neutron-lib 3.8.0) and will be removed once support for the old RBAC API policies will be removed from Neutron. Please use method 'is_service_role' instead.
2026-05-08 00:31:49.084 9 INFO neutron.db.securitygroups_db [None req-bc176bd6-35dd-491d-9723-cb485cbcf679 6daec665320e4478a33f37c5cfdc4e82 e99f8f7b789b4209b0c0efa151f51f80 - - default default] Project e99f8f7b789b4209b0c0efa151f51f80 added a security group rule with legacy IPv6 ICMP protocol name icmp, ipv6-icmp should be used instead. It was automatically converted.
2026-05-08 00:31:49.129 9 WARNING neutron.plugins.ml2.drivers.ovn.mech_driver.ovsdb.ovn_client [None req-1b4951c0-0709-4297-8f8c-0cab2f004215 - - - - - -] No hosting information found for port 0e10486e-b714-4822-8ca4-9df468c527c3: RuntimeError: No hosting information found for port 0e10486e-b714-4822-8ca4-9df468c527c3
2026-05-08 00:31:49.177 10 INFO neutron.api.wsgi [req-77c1bc96-2321-4f99-b2c3-5a49717f3200 req-742f6eb0-f839-4524-b300-aa4ccb9b1a06 90341790c194485fb3dfa03175ef9ceb ff7fd202c5bc4791a1c52d3ae02bc3cd - - default default] 199.19.213.168 "GET /v2.0/networks?id=a25364c2-86ae-45b8-84b2-c45f61bc6c12 HTTP/1.1" status: 200 len: 859 time: 0.0524416
2026-05-08 00:31:49.198 9 INFO neutron.db.ovn_revision_numbers_db [None req-bc176bd6-35dd-491d-9723-cb485cbcf679 6daec665320e4478a33f37c5cfdc4e82 e99f8f7b789b4209b0c0efa151f51f80 - - default default] Successfully bumped revision number for resource d1cc31e3-855c-4d0c-8b81-0afa52c0b667 (type: security_group_rules) to 0
2026-05-08 00:31:49.204 9 INFO neutron.db.ovn_revision_numbers_db [None req-1b4951c0-0709-4297-8f8c-0cab2f004215 - - - - - -] Successfully bumped revision number for resource 0e10486e-b714-4822-8ca4-9df468c527c3 (type: router_ports) to 2
2026-05-08 00:31:49.208 10 INFO neutron.api.wsgi [req-f39fe10f-9c6b-492e-8591-66ee20bbf218 req-5361e4b1-a653-4d23-9f87-6e348f0774df 90341790c194485fb3dfa03175ef9ceb ff7fd202c5bc4791a1c52d3ae02bc3cd - - default default] 10.0.0.250 "GET /v2.0/ports?device_id=dfb1296d-70d5-4e35-8a8a-310ee26315d3 HTTP/1.1" status: 200 len: 210 time: 0.0187316
2026-05-08 00:31:49.227 10 INFO neutron.api.wsgi [req-77c1bc96-2321-4f99-b2c3-5a49717f3200 req-c7558c56-33bf-428e-afe8-e38336dc307e 90341790c194485fb3dfa03175ef9ceb ff7fd202c5bc4791a1c52d3ae02bc3cd - - default default] 199.19.213.168 "GET /v2.0/security-groups?fields=id&fields=name&tenant_id=ff7fd202c5bc4791a1c52d3ae02bc3cd HTTP/1.1" status: 200 len: 473 time: 0.0446715
2026-05-08 00:31:49.230 9 INFO neutron.api.wsgi [None req-bc176bd6-35dd-491d-9723-cb485cbcf679 6daec665320e4478a33f37c5cfdc4e82 e99f8f7b789b4209b0c0efa151f51f80 - - default default] 10.0.0.37 "POST /v2.0/security-group-rules HTTP/1.1" status: 201 len: 805 time: 0.1770060
2026-05-08 00:31:49.235 10 WARNING neutron_lib.context [req-77c1bc96-2321-4f99-b2c3-5a49717f3200 req-d78fc9bd-bdf6-469d-9ad3-6ce4b248a342 90341790c194485fb3dfa03175ef9ceb ff7fd202c5bc4791a1c52d3ae02bc3cd - - default default] Method 'is_advsvc' is deprecated since 2023.2 release (neutron-lib 3.8.0) and will be removed once support for the old RBAC API policies will be removed from Neutron. Please use method 'is_service_role' instead.
2026-05-08 00:31:49.539 10 WARNING neutron.scheduler.dhcp_agent_scheduler [req-77c1bc96-2321-4f99-b2c3-5a49717f3200 req-d78fc9bd-bdf6-469d-9ad3-6ce4b248a342 90341790c194485fb3dfa03175ef9ceb ff7fd202c5bc4791a1c52d3ae02bc3cd - - default default] No more DHCP agents
2026-05-08 00:31:49.540 10 WARNING neutron.api.rpc.agentnotifiers.dhcp_rpc_agent_api [req-77c1bc96-2321-4f99-b2c3-5a49717f3200 req-d78fc9bd-bdf6-469d-9ad3-6ce4b248a342 90341790c194485fb3dfa03175ef9ceb ff7fd202c5bc4791a1c52d3ae02bc3cd - - default default] Unable to schedule network a25364c2-86ae-45b8-84b2-c45f61bc6c12: no agents available; will retry on subsequent port and subnet creation events.
2026-05-08 00:31:49.632 9 WARNING neutron_lib.context [None req-340ab3cf-c4c0-4101-89fc-d1e6b7ff34b2 6daec665320e4478a33f37c5cfdc4e82 e99f8f7b789b4209b0c0efa151f51f80 - - default default] Method 'is_advsvc' is deprecated since 2023.2 release (neutron-lib 3.8.0) and will be removed once support for the old RBAC API policies will be removed from Neutron. Please use method 'is_service_role' instead.
2026-05-08 00:31:49.681 10 INFO neutron.db.ovn_revision_numbers_db [req-77c1bc96-2321-4f99-b2c3-5a49717f3200 req-d78fc9bd-bdf6-469d-9ad3-6ce4b248a342 90341790c194485fb3dfa03175ef9ceb ff7fd202c5bc4791a1c52d3ae02bc3cd - - default default] Successfully bumped revision number for resource b0bce421-2b09-445f-a7fb-3a68fb010c65 (type: ports) to 1
2026-05-08 00:31:49.703 10 INFO neutron.api.wsgi [req-77c1bc96-2321-4f99-b2c3-5a49717f3200 req-d78fc9bd-bdf6-469d-9ad3-6ce4b248a342 90341790c194485fb3dfa03175ef9ceb ff7fd202c5bc4791a1c52d3ae02bc3cd - - default default] 199.19.213.168 "POST /v2.0/ports HTTP/1.1" status: 201 len: 1162 time: 0.4717169 /var/lib/openstack/lib/python3.12/site-packages/pycadf/identifier.py:71: UserWarning: Invalid uuid: neutron. To ensure interoperability, identifiers should be a valid uuid. warnings.warn(('Invalid uuid: %s. To ensure interoperability, '
2026-05-08 00:31:49.744 9 INFO neutron.db.ovn_revision_numbers_db [None req-340ab3cf-c4c0-4101-89fc-d1e6b7ff34b2 6daec665320e4478a33f37c5cfdc4e82 e99f8f7b789b4209b0c0efa151f51f80 - - default default] Successfully bumped revision number for resource 575c5cb2-5f0a-4ab2-a580-9be297f92ef1 (type: security_groups) to 1
2026-05-08 00:31:49.755 9 INFO neutron.db.ovn_revision_numbers_db [None req-340ab3cf-c4c0-4101-89fc-d1e6b7ff34b2 6daec665320e4478a33f37c5cfdc4e82 e99f8f7b789b4209b0c0efa151f51f80 - - default default] Successfully bumped revision number for resource bf491ff8-154e-4234-825e-10336217d3dc (type: security_group_rules) to 0
2026-05-08 00:31:49.767 9 INFO neutron.db.ovn_revision_numbers_db [None req-340ab3cf-c4c0-4101-89fc-d1e6b7ff34b2 6daec665320e4478a33f37c5cfdc4e82 e99f8f7b789b4209b0c0efa151f51f80 - - default default] Successfully bumped revision number for resource ddb46e95-1544-4c58-8c0d-56c357baffc0 (type: security_group_rules) to 0
2026-05-08 00:31:49.801 9 INFO neutron.api.wsgi [None req-340ab3cf-c4c0-4101-89fc-d1e6b7ff34b2 6daec665320e4478a33f37c5cfdc4e82 e99f8f7b789b4209b0c0efa151f51f80 - - default default] 10.0.0.37 "POST /v2.0/security-groups HTTP/1.1" status: 201 len: 1860 time: 0.1743932
2026-05-08 00:31:49.810 9 WARNING neutron_lib.context [None req-33d052e6-4762-4887-b671-9a9a703a616a 6daec665320e4478a33f37c5cfdc4e82 e99f8f7b789b4209b0c0efa151f51f80 - - default default] Method 'is_advsvc' is deprecated since 2023.2 release (neutron-lib 3.8.0) and will be removed once support for the old RBAC API policies will be removed from Neutron. Please use method 'is_service_role' instead.
2026-05-08 00:31:49.920 9 INFO neutron.db.ovn_revision_numbers_db [None req-33d052e6-4762-4887-b671-9a9a703a616a 6daec665320e4478a33f37c5cfdc4e82 e99f8f7b789b4209b0c0efa151f51f80 - - default default] Successfully bumped revision number for resource 129fb3dd-b0c1-4c55-9729-1820637bd67b (type: security_group_rules) to 0
2026-05-08 00:31:49.946 9 INFO neutron.api.wsgi [None req-33d052e6-4762-4887-b671-9a9a703a616a 6daec665320e4478a33f37c5cfdc4e82 e99f8f7b789b4209b0c0efa151f51f80 - - default default] 10.0.0.37 "POST /v2.0/security-group-rules HTTP/1.1" status: 201 len: 796 time: 0.1391382
