2026-05-08 00:33:35.849 9 WARNING neutron.api.rpc.agentnotifiers.dhcp_rpc_agent_api [None req-43a0744c-f66b-462b-b6c1-49ad6f71bd9b f46a0d74d01e4678af8b62551f4d8282 88041f5ef3674a5bbbda6c6a1b833d04 - - default default] Unable to schedule network 40f51b30-89c3-42dd-a0b8-cd2de49133f9: no agents available; will retry on subsequent port and subnet creation events.
2026-05-08 00:33:35.903 9 INFO neutron.db.ovn_revision_numbers_db [None req-43a0744c-f66b-462b-b6c1-49ad6f71bd9b f46a0d74d01e4678af8b62551f4d8282 88041f5ef3674a5bbbda6c6a1b833d04 - - default default] Successfully bumped revision number for resource 2eeedd4d-66c1-4bb1-afeb-77130c4cf1d9 (type: ports) to 1
2026-05-08 00:33:35.922 9 INFO neutron.api.wsgi [None req-43a0744c-f66b-462b-b6c1-49ad6f71bd9b f46a0d74d01e4678af8b62551f4d8282 88041f5ef3674a5bbbda6c6a1b833d04 - - default default] 10.0.0.37 "POST /v2.0/networks HTTP/1.1" status: 201 len: 831 time: 0.7297106
2026-05-08 00:33:35.931 9 WARNING neutron_lib.context [None req-b38f0a94-b5b2-41af-a70d-9283418096da f46a0d74d01e4678af8b62551f4d8282 88041f5ef3674a5bbbda6c6a1b833d04 - - default default] Method 'is_advsvc' is deprecated since 2023.2 release (neutron-lib 3.8.0) and will be removed once support for the old RBAC API policies will be removed from Neutron. Please use method 'is_service_role' instead.
2026-05-08 00:33:36.008 9 INFO neutron.db.segments_db [None req-b38f0a94-b5b2-41af-a70d-9283418096da f46a0d74d01e4678af8b62551f4d8282 88041f5ef3674a5bbbda6c6a1b833d04 - - default default] Added segment 1f9d784f-56c8-40bd-aed5-ee8369a5f258 of type geneve for network bfea2b77-6862-456b-b85e-c26846b9e27d
2026-05-08 00:33:36.109 9 INFO neutron.db.ovn_revision_numbers_db [None req-b38f0a94-b5b2-41af-a70d-9283418096da f46a0d74d01e4678af8b62551f4d8282 88041f5ef3674a5bbbda6c6a1b833d04 - - default default] Successfully bumped revision number for resource bfea2b77-6862-456b-b85e-c26846b9e27d (type: networks) to 1
2026-05-08 00:33:36.250 9 WARNING neutron.scheduler.dhcp_agent_scheduler [None req-b38f0a94-b5b2-41af-a70d-9283418096da f46a0d74d01e4678af8b62551f4d8282 88041f5ef3674a5bbbda6c6a1b833d04 - - default default] No more DHCP agents
2026-05-08 00:33:36.251 9 WARNING neutron.api.rpc.agentnotifiers.dhcp_rpc_agent_api [None req-b38f0a94-b5b2-41af-a70d-9283418096da f46a0d74d01e4678af8b62551f4d8282 88041f5ef3674a5bbbda6c6a1b833d04 - - default default] Unable to schedule network bfea2b77-6862-456b-b85e-c26846b9e27d: no agents available; will retry on subsequent port and subnet creation events.
2026-05-08 00:33:36.305 9 INFO neutron.db.ovn_revision_numbers_db [None req-b38f0a94-b5b2-41af-a70d-9283418096da f46a0d74d01e4678af8b62551f4d8282 88041f5ef3674a5bbbda6c6a1b833d04 - - default default] Successfully bumped revision number for resource 9961d703-419a-410b-a06a-939d022f824c (type: ports) to 1
2026-05-08 00:33:36.324 9 INFO neutron.api.wsgi [None req-b38f0a94-b5b2-41af-a70d-9283418096da f46a0d74d01e4678af8b62551f4d8282 88041f5ef3674a5bbbda6c6a1b833d04 - - default default] 10.0.0.37 "POST /v2.0/networks HTTP/1.1" status: 201 len: 830 time: 0.3962660
2026-05-08 00:33:36.368 9 INFO neutron.api.wsgi [None req-a71c4818-1622-4229-bfe1-1b2e255f3202 f46a0d74d01e4678af8b62551f4d8282 88041f5ef3674a5bbbda6c6a1b833d04 - - default default] 10.0.0.37 "PUT /v2.0/networks/40f51b30-89c3-42dd-a0b8-cd2de49133f9/tags HTTP/1.1" status: 200 len: 218 time: 0.0395846
2026-05-08 00:33:36.397 9 INFO neutron.api.wsgi [None req-482d42aa-3257-4eab-afdb-1935a1146366 f46a0d74d01e4678af8b62551f4d8282 88041f5ef3674a5bbbda6c6a1b833d04 - - default default] 10.0.0.37 "GET /v2.0/networks/40f51b30-89c3-42dd-a0b8-cd2de49133f9/tags HTTP/1.1" status: 200 len: 218 time: 0.0252783
2026-05-08 00:33:36.446 10 INFO neutron.api.wsgi [None req-23f6ef88-fc53-439a-862f-e25a66d70ff5 f46a0d74d01e4678af8b62551f4d8282 88041f5ef3674a5bbbda6c6a1b833d04 - - default default] 10.0.0.37 "PUT /v2.0/networks/bfea2b77-6862-456b-b85e-c26846b9e27d/tags HTTP/1.1" status: 200 len: 210 time: 0.0438926
2026-05-08 00:33:36.475 10 INFO neutron.api.wsgi [None req-f92f04f7-df23-4b2d-82cb-1566726fbb6d f46a0d74d01e4678af8b62551f4d8282 88041f5ef3674a5bbbda6c6a1b833d04 - - default default] 10.0.0.37 "GET /v2.0/networks/bfea2b77-6862-456b-b85e-c26846b9e27d/tags HTTP/1.1" status: 200 len: 210 time: 0.0238981
2026-05-08 00:33:36.520 10 INFO neutron.api.wsgi [None req-15bef82e-ad30-497c-a731-18cda248e2d6 f46a0d74d01e4678af8b62551f4d8282 88041f5ef3674a5bbbda6c6a1b833d04 - - default default] 10.0.0.37 "PUT /v2.0/networks/bfea2b77-6862-456b-b85e-c26846b9e27d/tags HTTP/1.1" status: 200 len: 205 time: 0.0405581
2026-05-08 00:33:36.557 9 INFO neutron.api.wsgi [None req-3f72aab8-2519-45e5-870e-0fc71567c4bc f46a0d74d01e4678af8b62551f4d8282 88041f5ef3674a5bbbda6c6a1b833d04 - - default default] 10.0.0.37 "GET /v2.0/networks/bfea2b77-6862-456b-b85e-c26846b9e27d/tags HTTP/1.1" status: 200 len: 205 time: 0.0318849
2026-05-08 00:33:36.562 10 INFO neutron.api.wsgi [req-b9fb90bb-412d-41cf-b99c-0ed51873c9c2 req-611b751d-ce29-4e92-b1eb-27fd1697e6ee c034d1e85fbf41509b3ce8343e98dc2b eb4bc1b84d3145d18799847ce2401c7f - - default default] 10.0.0.250 "GET /v2.0/ports?device_id=d654229e-5c57-4854-b5d1-ae9d0619d4ff HTTP/1.1" status: 200 len: 1392 time: 0.0623178
2026-05-08 00:33:36.590 9 INFO neutron.api.wsgi [None req-2231f9d7-ffdd-4931-90b6-43395628a204 f46a0d74d01e4678af8b62551f4d8282 88041f5ef3674a5bbbda6c6a1b833d04 - - default default] 10.0.0.37 "GET /v2.0/networks/40f51b30-89c3-42dd-a0b8-cd2de49133f9/tags HTTP/1.1" status: 200 len: 218 time: 0.0281861
2026-05-08 00:33:36.599 10 INFO neutron.api.wsgi [req-b9fb90bb-412d-41cf-b99c-0ed51873c9c2 req-c36ae37f-00ac-4559-8d22-0d3d318fe149 c034d1e85fbf41509b3ce8343e98dc2b eb4bc1b84d3145d18799847ce2401c7f - - default default] 10.0.0.250 "GET /v2.0/security-groups?id=8d2715e7-6daf-4dda-b08c-b127cdca589b&fields=id&fields=name HTTP/1.1" status: 200 len: 311 time: 0.0308678
2026-05-08 00:33:36.720 9 INFO neutron.api.wsgi [None req-ee6f17a0-9e71-4c19-9ee6-5137b63ada42 c034d1e85fbf41509b3ce8343e98dc2b eb4bc1b84d3145d18799847ce2401c7f - - default default] 10.0.0.37 "GET /v2.0/ports?network_id=4171cec8-4ce8-409e-84fd-1766e205c14d&mac_address=fa%3A16%3A3e%3A8c%3A35%3A95 HTTP/1.1" status: 200 len: 1387 time: 0.0988381
2026-05-08 00:33:36.729 10 WARNING neutron_lib.context [None req-abb5ca2b-2939-469a-8a42-6b6ad294a76f c034d1e85fbf41509b3ce8343e98dc2b eb4bc1b84d3145d18799847ce2401c7f - - default default] Method 'is_advsvc' is deprecated since 2023.2 release (neutron-lib 3.8.0) and will be removed once support for the old RBAC API policies will be removed from Neutron. Please use method 'is_service_role' instead.
2026-05-08 00:33:36.901 10 INFO neutron.services.segments.plugin [-] Segment d6850a3c-f0b9-4bf2-a2d9-ec013e57665f resource provider aggregate not found
2026-05-08 00:33:36.907 10 INFO neutron.services.segments.plugin [-] Segment d6850a3c-f0b9-4bf2-a2d9-ec013e57665f resource provider aggregate not found
2026-05-08 00:33:36.911 10 INFO neutron.services.segments.plugin [-] Segment d6850a3c-f0b9-4bf2-a2d9-ec013e57665f resource provider not found; error: Placement Client Error (4xx): {"errors": [{"status": 404, "title": "Not Found", "detail": "The resource could not be found.\n\n No resource provider with uuid d6850a3c-f0b9-4bf2-a2d9-ec013e57665f found for delete ", "request_id": "req-13faf9d1-eb8f-420f-aa14-40f3705b0f54"}]}
2026-05-08 00:33:36.919 10 INFO neutron.services.segments.plugin [-] Segment d6850a3c-f0b9-4bf2-a2d9-ec013e57665f resource provider not found; error: Placement Client Error (4xx): {"errors": [{"status": 404, "title": "Not Found", "detail": "The resource could not be found.\n\n No resource provider with uuid d6850a3c-f0b9-4bf2-a2d9-ec013e57665f found for delete ", "request_id": "req-bef638f0-3141-4006-a891-ceca0b7f0c2e"}]}
2026-05-08 00:33:36.931 9 INFO neutron.api.wsgi [-] 10.0.0.201 "GET / HTTP/1.1" status: 200 len: 247 time: 0.0018709
2026-05-08 00:33:36.933 9 INFO neutron.api.wsgi [-] 10.0.0.201 "GET / HTTP/1.1" status: 200 len: 247 time: 0.0012848
2026-05-08 00:33:36.945 10 INFO neutron.api.wsgi [None req-b06fdd2e-80ea-4fe4-bbc7-cc5e5cab8352 f46a0d74d01e4678af8b62551f4d8282 88041f5ef3674a5bbbda6c6a1b833d04 - - default default] 10.0.0.37 "DELETE /v2.0/networks/40f51b30-89c3-42dd-a0b8-cd2de49133f9 HTTP/1.1" status: 204 len: 168 time: 0.3408482
2026-05-08 00:33:36.958 10 WARNING neutron.scheduler.dhcp_agent_scheduler [None req-abb5ca2b-2939-469a-8a42-6b6ad294a76f c034d1e85fbf41509b3ce8343e98dc2b eb4bc1b84d3145d18799847ce2401c7f - - default default] No more DHCP agents
2026-05-08 00:33:36.959 10 WARNING neutron.api.rpc.agentnotifiers.dhcp_rpc_agent_api [None req-abb5ca2b-2939-469a-8a42-6b6ad294a76f c034d1e85fbf41509b3ce8343e98dc2b eb4bc1b84d3145d18799847ce2401c7f - - default default] Unable to schedule network 8375a2e0-fc5c-4118-888e-56e4dc6c4278: no agents available; will retry on subsequent port and subnet creation events.
2026-05-08 00:33:37.371 10 INFO neutron.api.wsgi [None req-09901630-3b2f-43c5-8783-b163b8a62595 f46a0d74d01e4678af8b62551f4d8282 88041f5ef3674a5bbbda6c6a1b833d04 - - default default] 10.0.0.37 "DELETE /v2.0/networks/bfea2b77-6862-456b-b85e-c26846b9e27d HTTP/1.1" status: 204 len: 168 time: 0.4213262
2026-05-08 00:33:37.721 10 INFO neutron.db.ovn_revision_numbers_db [None req-abb5ca2b-2939-469a-8a42-6b6ad294a76f c034d1e85fbf41509b3ce8343e98dc2b eb4bc1b84d3145d18799847ce2401c7f - - default default] Successfully bumped revision number for resource c4227771-50d9-45e9-93ef-7afc7a7902db (type: floatingips) to -1
2026-05-08 00:33:37.822 10 INFO neutron.db.ovn_revision_numbers_db [None req-abb5ca2b-2939-469a-8a42-6b6ad294a76f c034d1e85fbf41509b3ce8343e98dc2b eb4bc1b84d3145d18799847ce2401c7f - - default default] Successfully bumped revision number for resource c4227771-50d9-45e9-93ef-7afc7a7902db (type: floatingips) to 1
2026-05-08 00:33:37.823 10 INFO neutron.db.l3_db [None req-abb5ca2b-2939-469a-8a42-6b6ad294a76f c034d1e85fbf41509b3ce8343e98dc2b eb4bc1b84d3145d18799847ce2401c7f - - default default] Floating IP c4227771-50d9-45e9-93ef-7afc7a7902db associated. External IP: 10.96.250.206, port: 279fd9a0-0c8e-468e-9d10-78ef960e3034.
2026-05-08 00:33:37.865 10 INFO neutron.api.wsgi [None req-abb5ca2b-2939-469a-8a42-6b6ad294a76f c034d1e85fbf41509b3ce8343e98dc2b eb4bc1b84d3145d18799847ce2401c7f - - default default] 10.0.0.37 "POST /v2.0/floatingips HTTP/1.1" status: 201 len: 1053 time: 1.1411462
2026-05-08 00:33:37.908 10 INFO neutron.notifiers.nova [-] Nova event matching ['req-2eef1fbe-479d-49b9-8ecb-ee80047cb6a0'] response: {'name': 'network-changed', 'server_uuid': 'd654229e-5c57-4854-b5d1-ae9d0619d4ff', 'tag': '279fd9a0-0c8e-468e-9d10-78ef960e3034', 'status': 'completed', 'code': 200} /var/lib/openstack/lib/python3.12/site-packages/pycadf/identifier.py:71: UserWarning: Invalid uuid: neutron. To ensure interoperability, identifiers should be a valid uuid. warnings.warn(('Invalid uuid: %s. To ensure interoperability, '
2026-05-08 00:33:37.971 10 INFO neutron.api.wsgi [req-092e1f69-a253-4a3f-b08b-dea128126276 req-315e1079-e68c-49ba-93de-e7c0d80f9314 c034d1e85fbf41509b3ce8343e98dc2b eb4bc1b84d3145d18799847ce2401c7f - - default default] 10.0.0.250 "GET /v2.0/security-groups?name=tempest-lb_member_SG-1913452839&fields=id&tenant_id=eb4bc1b84d3145d18799847ce2401c7f HTTP/1.1" status: 200 len: 267 time: 0.0389497
2026-05-08 00:33:38.033 10 INFO neutron.api.wsgi [req-092e1f69-a253-4a3f-b08b-dea128126276 req-79da8307-36e8-4198-a4e6-b0fe0febf027 c034d1e85fbf41509b3ce8343e98dc2b eb4bc1b84d3145d18799847ce2401c7f - - default default] 10.0.0.250 "GET /v2.0/networks?id=3ff80f78-4915-4e44-af36-e4da43757142 HTTP/1.1" status: 200 len: 904 time: 0.0535562
2026-05-08 00:33:38.049 10 INFO neutron.api.wsgi [req-092e1f69-a253-4a3f-b08b-dea128126276 req-2d981938-4e00-4be2-98af-19a1213e8411 c034d1e85fbf41509b3ce8343e98dc2b eb4bc1b84d3145d18799847ce2401c7f - - default default] 10.0.0.250 "GET /v2.0/quotas/eb4bc1b84d3145d18799847ce2401c7f HTTP/1.1" status: 200 len: 491 time: 0.0090837
2026-05-08 00:33:38.171 10 INFO neutron.api.wsgi [req-092e1f69-a253-4a3f-b08b-dea128126276 req-ce11e97f-88b1-41aa-91d7-3c91e72b193e c034d1e85fbf41509b3ce8343e98dc2b eb4bc1b84d3145d18799847ce2401c7f - - default default] 10.0.0.250 "GET /v2.0/ports?tenant_id=eb4bc1b84d3145d18799847ce2401c7f&fields=id HTTP/1.1" status: 200 len: 532 time: 0.1163113
2026-05-08 00:33:38.185 9 INFO neutron.db.ovn_revision_numbers_db [None req-14b5f3e9-f32a-4616-bf70-3ad072776f7a 754989ad745348c2842035e4c954ed15 1e434a98de034528963e385f4ee83562 - - default default] Successfully bumped revision number for resource 7c8fa44a-c642-4789-b7ad-248301fceaa9 (type: security_groups) to 1
2026-05-08 00:33:38.198 9 INFO neutron.db.ovn_revision_numbers_db [None req-14b5f3e9-f32a-4616-bf70-3ad072776f7a 754989ad745348c2842035e4c954ed15 1e434a98de034528963e385f4ee83562 - - default default] Successfully bumped revision number for resource 3670db88-3e35-494a-ae7b-e7d6e42405f0 (type: security_group_rules) to 0
2026-05-08 00:33:38.210 9 INFO neutron.db.ovn_revision_numbers_db [None req-14b5f3e9-f32a-4616-bf70-3ad072776f7a 754989ad745348c2842035e4c954ed15 1e434a98de034528963e385f4ee83562 - - default default] Successfully bumped revision number for resource 66d1206b-91be-474b-ae01-85c66add4787 (type: security_group_rules) to 0
2026-05-08 00:33:38.221 9 INFO neutron.db.ovn_revision_numbers_db [None req-14b5f3e9-f32a-4616-bf70-3ad072776f7a 754989ad745348c2842035e4c954ed15 1e434a98de034528963e385f4ee83562 - - default default] Successfully bumped revision number for resource 84f97d25-810c-477e-9367-b6823e9d7068 (type: security_group_rules) to 0
2026-05-08 00:33:38.223 10 INFO neutron.api.wsgi [req-092e1f69-a253-4a3f-b08b-dea128126276 req-326e9483-0c0f-4bf5-a9a0-898224f8bb75 5a61d14ec71942d9ba839cb224b69985 f014bbe0d67a4e8d9adc079e7bb2a16b - - 1b55432df30e49d4b604d7e3bc98fc88 1b55432df30e49d4b604d7e3bc98fc88] 10.0.0.250 "GET /v2.0/networks/3ff80f78-4915-4e44-af36-e4da43757142?fields=segments HTTP/1.1" status: 200 len: 212 time: 0.0398898
2026-05-08 00:33:38.234 9 INFO neutron.db.ovn_revision_numbers_db [None req-14b5f3e9-f32a-4616-bf70-3ad072776f7a 754989ad745348c2842035e4c954ed15 1e434a98de034528963e385f4ee83562 - - default default] Successfully bumped revision number for resource ed72a690-0f30-4b84-bba6-fd42dff80c6d (type: security_group_rules) to 0
2026-05-08 00:33:38.267 9 INFO neutron.api.wsgi [None req-14b5f3e9-f32a-4616-bf70-3ad072776f7a 754989ad745348c2842035e4c954ed15 1e434a98de034528963e385f4ee83562 - - default default] 10.0.0.37 "GET /v2.0/security-groups?tenant_id=fc888a7b1fb4443bb486b050d5ca0379&name=default HTTP/1.1" status: 200 len: 3124 time: 0.2678483
2026-05-08 00:33:38.270 10 INFO neutron.api.wsgi [req-092e1f69-a253-4a3f-b08b-dea128126276 req-2d592cf6-8b47-4197-b78c-b00cb197f33d 5a61d14ec71942d9ba839cb224b69985 f014bbe0d67a4e8d9adc079e7bb2a16b - - 1b55432df30e49d4b604d7e3bc98fc88 1b55432df30e49d4b604d7e3bc98fc88] 10.0.0.250 "GET /v2.0/networks/3ff80f78-4915-4e44-af36-e4da43757142?fields=provider%3Aphysical_network&fields=provider%3Anetwork_type HTTP/1.1" status: 200 len: 277 time: 0.0414145
2026-05-08 00:33:38.388 10 INFO neutron.api.wsgi [req-e6c1e598-2762-436d-a773-5c5ff9a3cbf5 req-07746d36-5550-4a5a-93ae-2600e7531f4b c034d1e85fbf41509b3ce8343e98dc2b eb4bc1b84d3145d18799847ce2401c7f - - default default] 10.0.0.250 "GET /v2.0/ports?device_id=4641ae67-656e-4c05-b1b0-9d8ca938b6e6 HTTP/1.1" status: 200 len: 210 time: 0.0199859
2026-05-08 00:33:38.454 10 INFO neutron.api.wsgi [req-b6be5a31-6f21-4c8d-9138-ea6cb44b1bdb req-f0754b62-d0eb-4971-b92d-78b57b7f55f5 5a61d14ec71942d9ba839cb224b69985 f014bbe0d67a4e8d9adc079e7bb2a16b - - 1b55432df30e49d4b604d7e3bc98fc88 1b55432df30e49d4b604d7e3bc98fc88] 199.19.213.168 "GET /v2.0/ports?tenant_id=eb4bc1b84d3145d18799847ce2401c7f&device_id=d654229e-5c57-4854-b5d1-ae9d0619d4ff HTTP/1.1" status: 200 len: 1630 time: 0.0335011
2026-05-08 00:33:38.498 10 INFO neutron.api.wsgi [req-b6be5a31-6f21-4c8d-9138-ea6cb44b1bdb req-d2f4190b-5215-422d-9cb5-6aa9925a19cb 5a61d14ec71942d9ba839cb224b69985 f014bbe0d67a4e8d9adc079e7bb2a16b - - 1b55432df30e49d4b604d7e3bc98fc88 1b55432df30e49d4b604d7e3bc98fc88] 199.19.213.168 "GET /v2.0/networks?id=4171cec8-4ce8-409e-84fd-1766e205c14d HTTP/1.1" status: 200 len: 1002 time: 0.0399232
2026-05-08 00:33:38.505 10 INFO neutron.api.wsgi [None req-b531db62-1184-4efb-9ef4-e96d72009ab7 754989ad745348c2842035e4c954ed15 1e434a98de034528963e385f4ee83562 - - default default] 10.0.0.37 "DELETE /v2.0/security-groups/7c8fa44a-c642-4789-b7ad-248301fceaa9 HTTP/1.1" status: 204 len: 168 time: 0.2326281
2026-05-08 00:33:38.535 10 INFO neutron.api.wsgi [req-b6be5a31-6f21-4c8d-9138-ea6cb44b1bdb req-2979b78a-bfcc-42cd-b9d8-284b11510fab 5a61d14ec71942d9ba839cb224b69985 f014bbe0d67a4e8d9adc079e7bb2a16b - - 1b55432df30e49d4b604d7e3bc98fc88 1b55432df30e49d4b604d7e3bc98fc88] 199.19.213.168 "GET /v2.0/floatingips?fixed_ip_address=10.2.1.34&port_id=279fd9a0-0c8e-468e-9d10-78ef960e3034 HTTP/1.1" status: 200 len: 1058 time: 0.0329125
2026-05-08 00:33:38.562 10 INFO neutron.api.wsgi [req-b6be5a31-6f21-4c8d-9138-ea6cb44b1bdb req-81c1cd47-6b6a-495d-9499-4cca07b8595c 5a61d14ec71942d9ba839cb224b69985 f014bbe0d67a4e8d9adc079e7bb2a16b - - 1b55432df30e49d4b604d7e3bc98fc88 1b55432df30e49d4b604d7e3bc98fc88] 199.19.213.168 "GET /v2.0/floatingips?fixed_ip_address=fd7b%3Af9f7%3Afff%3A4eca%3A%3Ae3&port_id=279fd9a0-0c8e-468e-9d10-78ef960e3034 HTTP/1.1" status: 200 len: 217 time: 0.0210946
2026-05-08 00:33:38.594 10 INFO neutron.api.wsgi [req-b6be5a31-6f21-4c8d-9138-ea6cb44b1bdb req-4b2a14d4-9fbd-49a1-9730-df5028aa95be 5a61d14ec71942d9ba839cb224b69985 f014bbe0d67a4e8d9adc079e7bb2a16b - - 1b55432df30e49d4b604d7e3bc98fc88 1b55432df30e49d4b604d7e3bc98fc88] 199.19.213.168 "GET /v2.0/subnets?id=e069db96-5945-4570-a5d0-486979cbd6af&id=2a6cf7c7-462b-4f44-95e8-8ae2a10a7b3d HTTP/1.1" status: 200 len: 1610 time: 0.0267942
2026-05-08 00:33:38.623 10 INFO neutron.api.wsgi [req-b6be5a31-6f21-4c8d-9138-ea6cb44b1bdb req-051d736b-7ca0-4216-89c0-9a00e104895f 5a61d14ec71942d9ba839cb224b69985 f014bbe0d67a4e8d9adc079e7bb2a16b - - 1b55432df30e49d4b604d7e3bc98fc88 1b55432df30e49d4b604d7e3bc98fc88] 199.19.213.168 "GET /v2.0/ports?network_id=4171cec8-4ce8-409e-84fd-1766e205c14d&device_owner=network%3Adhcp HTTP/1.1" status: 200 len: 210 time: 0.0215673
2026-05-08 00:33:38.641 10 INFO neutron.api.wsgi [req-b6be5a31-6f21-4c8d-9138-ea6cb44b1bdb req-71b84ad6-4525-4878-bc92-a072b683239e 5a61d14ec71942d9ba839cb224b69985 f014bbe0d67a4e8d9adc079e7bb2a16b - - 1b55432df30e49d4b604d7e3bc98fc88 1b55432df30e49d4b604d7e3bc98fc88] 199.19.213.168 "GET /v2.0/ports?network_id=4171cec8-4ce8-409e-84fd-1766e205c14d&device_owner=network%3Adhcp HTTP/1.1" status: 200 len: 210 time: 0.0147665
2026-05-08 00:33:38.650 10 INFO neutron.api.wsgi [None req-5af0bb56-4b08-4116-86b4-e208bc94025c 754989ad745348c2842035e4c954ed15 1e434a98de034528963e385f4ee83562 - - default default] 10.0.0.37 "GET /v2.0/security-groups?tenant_id=88041f5ef3674a5bbbda6c6a1b833d04&name=default HTTP/1.1" status: 200 len: 3124 time: 0.0514364
2026-05-08 00:33:38.702 10 INFO neutron.api.wsgi [req-b6be5a31-6f21-4c8d-9138-ea6cb44b1bdb req-a882822f-383c-48ce-8f5d-7b6c0691b0ec 5a61d14ec71942d9ba839cb224b69985 f014bbe0d67a4e8d9adc079e7bb2a16b - - 1b55432df30e49d4b604d7e3bc98fc88 1b55432df30e49d4b604d7e3bc98fc88] 199.19.213.168 "GET /v2.0/networks/4171cec8-4ce8-409e-84fd-1766e205c14d?fields=segments HTTP/1.1" status: 200 len: 212 time: 0.0549753
2026-05-08 00:33:38.755 10 INFO neutron.api.wsgi [req-b6be5a31-6f21-4c8d-9138-ea6cb44b1bdb req-280646e3-d7f9-475d-8104-f3aae31e82bf 5a61d14ec71942d9ba839cb224b69985 f014bbe0d67a4e8d9adc079e7bb2a16b - - 1b55432df30e49d4b604d7e3bc98fc88 1b55432df30e49d4b604d7e3bc98fc88] 199.19.213.168 "GET /v2.0/networks/4171cec8-4ce8-409e-84fd-1766e205c14d?fields=provider%3Aphysical_network&fields=provider%3Anetwork_type HTTP/1.1" status: 200 len: 277 time: 0.0487535
2026-05-08 00:33:38.854 10 INFO neutron.api.wsgi [None req-7c5485da-6993-4518-84d4-5a74bdc61c96 754989ad745348c2842035e4c954ed15 1e434a98de034528963e385f4ee83562 - - default default] 10.0.0.37 "DELETE /v2.0/security-groups/9a4b3f9e-3f0d-40e9-acf8-6a3e9ac5858b HTTP/1.1" status: 204 len: 168 time: 0.2005038
2026-05-08 00:33:38.927 10 INFO neutron.services.segments.plugin [-] Segment 1f9d784f-56c8-40bd-aed5-ee8369a5f258 resource provider aggregate not found
2026-05-08 00:33:38.934 10 INFO neutron.services.segments.plugin [-] Segment 1f9d784f-56c8-40bd-aed5-ee8369a5f258 resource provider aggregate not found
2026-05-08 00:33:38.941 10 INFO neutron.services.segments.plugin [-] Segment 1f9d784f-56c8-40bd-aed5-ee8369a5f258 resource provider not found; error: Placement Client Error (4xx): {"errors": [{"status": 404, "title": "Not Found", "detail": "The resource could not be found.\n\n No resource provider with uuid 1f9d784f-56c8-40bd-aed5-ee8369a5f258 found for delete ", "request_id": "req-05ab410c-460e-42c2-94db-5a185148ed6c"}]}
2026-05-08 00:33:38.947 10 INFO neutron.services.segments.plugin [-] Segment 1f9d784f-56c8-40bd-aed5-ee8369a5f258 resource provider not found; error: Placement Client Error (4xx): {"errors": [{"status": 404, "title": "Not Found", "detail": "The resource could not be found.\n\n No resource provider with uuid 1f9d784f-56c8-40bd-aed5-ee8369a5f258 found for delete ", "request_id": "req-cee968c7-61b0-4c9c-9906-5d20470d150a"}]}
2026-05-08 00:33:42.658 10 INFO neutron.api.wsgi [req-092e1f69-a253-4a3f-b08b-dea128126276 req-340a0cd3-6ba4-470f-8d9f-3a0c38fe9a53 c034d1e85fbf41509b3ce8343e98dc2b eb4bc1b84d3145d18799847ce2401c7f - - default default] 199.19.213.168 "GET /v2.0/networks?id=3ff80f78-4915-4e44-af36-e4da43757142 HTTP/1.1" status: 200 len: 904 time: 0.0479336
2026-05-08 00:33:42.698 10 INFO neutron.api.wsgi [req-092e1f69-a253-4a3f-b08b-dea128126276 req-dcf3a108-26d0-4e77-8f70-14d202c7fbd1 c034d1e85fbf41509b3ce8343e98dc2b eb4bc1b84d3145d18799847ce2401c7f - - default default] 199.19.213.168 "GET /v2.0/security-groups?fields=id&fields=name&tenant_id=eb4bc1b84d3145d18799847ce2401c7f HTTP/1.1" status: 200 len: 378 time: 0.0350833
2026-05-08 00:33:42.706 10 WARNING neutron_lib.context [req-092e1f69-a253-4a3f-b08b-dea128126276 req-76780ff7-8ee9-4754-b93d-aea5f2927aef c034d1e85fbf41509b3ce8343e98dc2b eb4bc1b84d3145d18799847ce2401c7f - - default default] Method 'is_advsvc' is deprecated since 2023.2 release (neutron-lib 3.8.0) and will be removed once support for the old RBAC API policies will be removed from Neutron. Please use method 'is_service_role' instead.
2026-05-08 00:33:43.011 10 WARNING neutron.scheduler.dhcp_agent_scheduler [req-092e1f69-a253-4a3f-b08b-dea128126276 req-76780ff7-8ee9-4754-b93d-aea5f2927aef c034d1e85fbf41509b3ce8343e98dc2b eb4bc1b84d3145d18799847ce2401c7f - - default default] No more DHCP agents
2026-05-08 00:33:43.012 10 WARNING neutron.api.rpc.agentnotifiers.dhcp_rpc_agent_api [req-092e1f69-a253-4a3f-b08b-dea128126276 req-76780ff7-8ee9-4754-b93d-aea5f2927aef c034d1e85fbf41509b3ce8343e98dc2b eb4bc1b84d3145d18799847ce2401c7f - - default default] Unable to schedule network 3ff80f78-4915-4e44-af36-e4da43757142: no agents available; will retry on subsequent port and subnet creation events.
2026-05-08 00:33:43.139 10 INFO neutron.db.ovn_revision_numbers_db [req-092e1f69-a253-4a3f-b08b-dea128126276 req-76780ff7-8ee9-4754-b93d-aea5f2927aef c034d1e85fbf41509b3ce8343e98dc2b eb4bc1b84d3145d18799847ce2401c7f - - default default] Successfully bumped revision number for resource e671a923-048e-49a5-9346-103c2021e215 (type: ports) to 1
2026-05-08 00:33:43.160 10 INFO neutron.api.wsgi [req-092e1f69-a253-4a3f-b08b-dea128126276 req-76780ff7-8ee9-4754-b93d-aea5f2927aef c034d1e85fbf41509b3ce8343e98dc2b eb4bc1b84d3145d18799847ce2401c7f - - default default] 199.19.213.168 "POST /v2.0/ports HTTP/1.1" status: 201 len: 1392 time: 0.4587383 /var/lib/openstack/lib/python3.12/site-packages/pycadf/identifier.py:71: UserWarning: Invalid uuid: neutron. To ensure interoperability, identifiers should be a valid uuid. warnings.warn(('Invalid uuid: %s. To ensure interoperability, ' /var/lib/openstack/lib/python3.12/site-packages/pycadf/identifier.py:71: UserWarning: Invalid uuid: neutron. To ensure interoperability, identifiers should be a valid uuid. warnings.warn(('Invalid uuid: %s. To ensure interoperability, '
2026-05-08 00:33:43.488 10 INFO neutron.db.ovn_revision_numbers_db [req-092e1f69-a253-4a3f-b08b-dea128126276 req-4b3de1a1-cbef-4562-bc13-35b879f25b00 5a61d14ec71942d9ba839cb224b69985 f014bbe0d67a4e8d9adc079e7bb2a16b - - 1b55432df30e49d4b604d7e3bc98fc88 1b55432df30e49d4b604d7e3bc98fc88] Successfully bumped revision number for resource e671a923-048e-49a5-9346-103c2021e215 (type: ports) to 2
2026-05-08 00:33:43.561 10 INFO neutron.api.wsgi [req-30791543-783c-496a-bf46-3c8a5e842dcb req-18f1852d-56ca-49a2-a577-b88d818ce3e3 c034d1e85fbf41509b3ce8343e98dc2b eb4bc1b84d3145d18799847ce2401c7f - - default default] 10.0.0.250 "GET /v2.0/ports?device_id=4641ae67-656e-4c05-b1b0-9d8ca938b6e6 HTTP/1.1" status: 200 len: 1402 time: 0.1021152
2026-05-08 00:33:43.613 10 INFO neutron.api.wsgi [req-30791543-783c-496a-bf46-3c8a5e842dcb req-2237693b-a3b1-4198-b630-3d4036ab96ec c034d1e85fbf41509b3ce8343e98dc2b eb4bc1b84d3145d18799847ce2401c7f - - default default] 10.0.0.250 "GET /v2.0/security-groups?id=8d2715e7-6daf-4dda-b08c-b127cdca589b&fields=id&fields=name HTTP/1.1" status: 200 len: 311 time: 0.0472202
2026-05-08 00:33:43.729 10 INFO neutron.db.ovn_revision_numbers_db [req-092e1f69-a253-4a3f-b08b-dea128126276 req-4b3de1a1-cbef-4562-bc13-35b879f25b00 5a61d14ec71942d9ba839cb224b69985 f014bbe0d67a4e8d9adc079e7bb2a16b - - 1b55432df30e49d4b604d7e3bc98fc88 1b55432df30e49d4b604d7e3bc98fc88] Successfully bumped revision number for resource e671a923-048e-49a5-9346-103c2021e215 (type: ports) to 4
2026-05-08 00:33:43.744 10 INFO neutron.api.wsgi [req-092e1f69-a253-4a3f-b08b-dea128126276 req-4b3de1a1-cbef-4562-bc13-35b879f25b00 5a61d14ec71942d9ba839cb224b69985 f014bbe0d67a4e8d9adc079e7bb2a16b - - 1b55432df30e49d4b604d7e3bc98fc88 1b55432df30e49d4b604d7e3bc98fc88] 199.19.213.168 "PUT /v2.0/ports/e671a923-048e-49a5-9346-103c2021e215 HTTP/1.1" status: 200 len: 1637 time: 0.5759883
2026-05-08 00:33:43.770 10 INFO neutron.notifiers.nova [-] Nova event matching ['req-6fcb02ca-8648-4c23-b412-d023787516bd'] response: {'name': 'network-changed', 'server_uuid': '4641ae67-656e-4c05-b1b0-9d8ca938b6e6', 'tag': 'e671a923-048e-49a5-9346-103c2021e215', 'status': 'completed', 'code': 200}
2026-05-08 00:33:44.005 9 INFO neutron.api.wsgi [req-4537e32c-c05d-48d6-8053-aea378168136 req-14dbe59f-2207-4902-b89c-3c7cbd54da8d 5a61d14ec71942d9ba839cb224b69985 f014bbe0d67a4e8d9adc079e7bb2a16b - - 1b55432df30e49d4b604d7e3bc98fc88 1b55432df30e49d4b604d7e3bc98fc88] 10.0.0.58 "GET /v2.0/ports?device_id=d654229e-5c57-4854-b5d1-ae9d0619d4ff HTTP/1.1" status: 200 len: 1630 time: 0.0295939
2026-05-08 00:33:44.042 9 INFO neutron.api.wsgi [req-4537e32c-c05d-48d6-8053-aea378168136 req-60f298de-d22b-4ca9-af9f-fcf576bbe524 5a61d14ec71942d9ba839cb224b69985 f014bbe0d67a4e8d9adc079e7bb2a16b - - 1b55432df30e49d4b604d7e3bc98fc88 1b55432df30e49d4b604d7e3bc98fc88] 10.0.0.58 "GET /v2.0/security-groups?id=8d2715e7-6daf-4dda-b08c-b127cdca589b&fields=id&fields=name HTTP/1.1" status: 200 len: 311 time: 0.0311916 /var/lib/openstack/lib/python3.12/site-packages/pycadf/identifier.py:71: UserWarning: Invalid uuid: neutron. To ensure interoperability, identifiers should be a valid uuid. warnings.warn(('Invalid uuid: %s. To ensure interoperability, '
2026-05-08 00:33:44.313 10 INFO neutron.api.wsgi [req-b0161fd2-84d8-4b3c-a898-67f23bbbfe43 req-ec7ba6a6-3300-4c94-9008-81e2b14f41ea 5a61d14ec71942d9ba839cb224b69985 f014bbe0d67a4e8d9adc079e7bb2a16b - - 1b55432df30e49d4b604d7e3bc98fc88 1b55432df30e49d4b604d7e3bc98fc88] 199.19.213.168 "GET /v2.0/ports?tenant_id=eb4bc1b84d3145d18799847ce2401c7f&device_id=4641ae67-656e-4c05-b1b0-9d8ca938b6e6 HTTP/1.1" status: 200 len: 1640 time: 0.0335736
2026-05-08 00:33:44.372 10 INFO neutron.api.wsgi [req-b0161fd2-84d8-4b3c-a898-67f23bbbfe43 req-0b932659-cf85-4e41-b1ff-4a8d2d9a453c 5a61d14ec71942d9ba839cb224b69985 f014bbe0d67a4e8d9adc079e7bb2a16b - - 1b55432df30e49d4b604d7e3bc98fc88 1b55432df30e49d4b604d7e3bc98fc88] 199.19.213.168 "GET /v2.0/networks?tenant_id=eb4bc1b84d3145d18799847ce2401c7f&shared=False HTTP/1.1" status: 200 len: 2583 time: 0.0535460
2026-05-08 00:33:44.418 10 INFO neutron.api.wsgi [req-b0161fd2-84d8-4b3c-a898-67f23bbbfe43 req-349292ea-873e-479d-8020-0b7b331fd0c6 5a61d14ec71942d9ba839cb224b69985 f014bbe0d67a4e8d9adc079e7bb2a16b - - 1b55432df30e49d4b604d7e3bc98fc88 1b55432df30e49d4b604d7e3bc98fc88] 199.19.213.168 "GET /v2.0/networks?shared=True HTTP/1.1" status: 200 len: 952 time: 0.0408633
2026-05-08 00:33:45.459 10 INFO neutron.api.wsgi [req-092e1f69-a253-4a3f-b08b-dea128126276 req-ab963e03-bedc-4c37-a4bc-8bfaa7abd5aa 5a61d14ec71942d9ba839cb224b69985 f014bbe0d67a4e8d9adc079e7bb2a16b - - 1b55432df30e49d4b604d7e3bc98fc88 1b55432df30e49d4b604d7e3bc98fc88] 199.19.213.168 "GET /v2.0/ports?tenant_id=eb4bc1b84d3145d18799847ce2401c7f&device_id=4641ae67-656e-4c05-b1b0-9d8ca938b6e6 HTTP/1.1" status: 200 len: 1640 time: 0.0279152
2026-05-08 00:33:45.482 10 INFO neutron.api.wsgi [req-092e1f69-a253-4a3f-b08b-dea128126276 req-06a15805-4311-4417-8c8d-490f2e269652 5a61d14ec71942d9ba839cb224b69985 f014bbe0d67a4e8d9adc079e7bb2a16b - - 1b55432df30e49d4b604d7e3bc98fc88 1b55432df30e49d4b604d7e3bc98fc88] 199.19.213.168 "GET /v2.0/floatingips?fixed_ip_address=10.2.2.236&port_id=e671a923-048e-49a5-9346-103c2021e215 HTTP/1.1" status: 200 len: 217 time: 0.0153961
2026-05-08 00:33:45.502 10 INFO neutron.api.wsgi [req-092e1f69-a253-4a3f-b08b-dea128126276 req-a2783acd-f286-44e9-bc1e-c7acdbdfa467 5a61d14ec71942d9ba839cb224b69985 f014bbe0d67a4e8d9adc079e7bb2a16b - - 1b55432df30e49d4b604d7e3bc98fc88 1b55432df30e49d4b604d7e3bc98fc88] 199.19.213.168 "GET /v2.0/floatingips?fixed_ip_address=fd77%3A1457%3A4cf0%3A26a8%3A%3A34d&port_id=e671a923-048e-49a5-9346-103c2021e215 HTTP/1.1" status: 200 len: 217 time: 0.0128975
2026-05-08 00:33:45.530 10 INFO neutron.api.wsgi [req-092e1f69-a253-4a3f-b08b-dea128126276 req-9e692ad2-2cd3-4e34-b581-422ffcbdc444 5a61d14ec71942d9ba839cb224b69985 f014bbe0d67a4e8d9adc079e7bb2a16b - - 1b55432df30e49d4b604d7e3bc98fc88 1b55432df30e49d4b604d7e3bc98fc88] 199.19.213.168 "GET /v2.0/subnets?id=24ef783c-6bc0-4d13-b80c-b040402a9085&id=33098b00-9535-491f-a940-58c601f7aa37 HTTP/1.1" status: 200 len: 1613 time: 0.0214729
2026-05-08 00:33:45.551 10 INFO neutron.api.wsgi [req-092e1f69-a253-4a3f-b08b-dea128126276 req-fbfd9112-0514-4a23-a7f6-54b8aefdb998 5a61d14ec71942d9ba839cb224b69985 f014bbe0d67a4e8d9adc079e7bb2a16b - - 1b55432df30e49d4b604d7e3bc98fc88 1b55432df30e49d4b604d7e3bc98fc88] 199.19.213.168 "GET /v2.0/ports?network_id=3ff80f78-4915-4e44-af36-e4da43757142&device_owner=network%3Adhcp HTTP/1.1" status: 200 len: 210 time: 0.0151281
2026-05-08 00:33:45.579 10 INFO neutron.api.wsgi [req-092e1f69-a253-4a3f-b08b-dea128126276 req-4621f306-6897-493b-a88d-01b431e1865a 5a61d14ec71942d9ba839cb224b69985 f014bbe0d67a4e8d9adc079e7bb2a16b - - 1b55432df30e49d4b604d7e3bc98fc88 1b55432df30e49d4b604d7e3bc98fc88] 199.19.213.168 "GET /v2.0/ports?network_id=3ff80f78-4915-4e44-af36-e4da43757142&device_owner=network%3Adhcp HTTP/1.1" status: 200 len: 210 time: 0.0224459
2026-05-08 00:33:45.629 10 INFO neutron.api.wsgi [req-092e1f69-a253-4a3f-b08b-dea128126276 req-2986865f-c11b-4692-88e6-dfb84008a662 5a61d14ec71942d9ba839cb224b69985 f014bbe0d67a4e8d9adc079e7bb2a16b - - 1b55432df30e49d4b604d7e3bc98fc88 1b55432df30e49d4b604d7e3bc98fc88] 199.19.213.168 "GET /v2.0/networks/3ff80f78-4915-4e44-af36-e4da43757142?fields=segments HTTP/1.1" status: 200 len: 212 time: 0.0451207
2026-05-08 00:33:45.680 10 INFO neutron.api.wsgi [req-092e1f69-a253-4a3f-b08b-dea128126276 req-e7338bbc-6c60-4edc-9224-ad5a42e179ee 5a61d14ec71942d9ba839cb224b69985 f014bbe0d67a4e8d9adc079e7bb2a16b - - 1b55432df30e49d4b604d7e3bc98fc88 1b55432df30e49d4b604d7e3bc98fc88] 199.19.213.168 "GET /v2.0/networks/3ff80f78-4915-4e44-af36-e4da43757142?fields=provider%3Aphysical_network&fields=provider%3Anetwork_type HTTP/1.1" status: 200 len: 277 time: 0.0484815
2026-05-08 00:33:47.842 10 INFO neutron.plugins.ml2.drivers.ovn.mech_driver.mech_driver [None req-ea99ddc6-eee0-4f59-a3c0-67be29c5f25a - - - - - -] OVN reports status up for port: e671a923-048e-49a5-9346-103c2021e215
2026-05-08 00:33:47.852 10 INFO neutron.plugins.ml2.plugin [None req-ea99ddc6-eee0-4f59-a3c0-67be29c5f25a - - - - - -] Attempt 1 to provision port e671a923-048e-49a5-9346-103c2021e215
2026-05-08 00:33:47.996 10 INFO neutron.notifiers.nova [-] Nova event matching ['req-6433bef5-b335-4f30-9759-83b17411df19'] response: {'server_uuid': '4641ae67-656e-4c05-b1b0-9d8ca938b6e6', 'name': 'network-vif-plugged', 'status': 'completed', 'tag': 'e671a923-048e-49a5-9346-103c2021e215', 'code': 200}
2026-05-08 00:33:48.095 10 INFO neutron.db.ovn_revision_numbers_db [None req-ea99ddc6-eee0-4f59-a3c0-67be29c5f25a - - - - - -] Successfully bumped revision number for resource e671a923-048e-49a5-9346-103c2021e215 (type: ports) to 5 /var/lib/openstack/lib/python3.12/site-packages/pycadf/identifier.py:71: UserWarning: Invalid uuid: neutron. To ensure interoperability, identifiers should be a valid uuid. warnings.warn(('Invalid uuid: %s. To ensure interoperability, '
2026-05-08 00:33:48.936 10 INFO neutron.api.wsgi [req-2546d58c-be79-4c96-bccb-300daddbf355 req-40a80e38-efe6-4d1a-87c0-69747723ec9c c034d1e85fbf41509b3ce8343e98dc2b eb4bc1b84d3145d18799847ce2401c7f - - default default] 10.0.0.250 "GET /v2.0/ports?device_id=4641ae67-656e-4c05-b1b0-9d8ca938b6e6 HTTP/1.1" status: 200 len: 1404 time: 0.2590516
2026-05-08 00:33:48.976 10 INFO neutron.api.wsgi [req-2546d58c-be79-4c96-bccb-300daddbf355 req-fb82708a-e9cb-4475-9005-cba70bf85462 c034d1e85fbf41509b3ce8343e98dc2b eb4bc1b84d3145d18799847ce2401c7f - - default default] 10.0.0.250 "GET /v2.0/security-groups?id=8d2715e7-6daf-4dda-b08c-b127cdca589b&fields=id&fields=name HTTP/1.1" status: 200 len: 311 time: 0.0328543
2026-05-08 00:33:50.037 10 INFO neutron.notifiers.nova [-] Nova event matching ['req-bcd88849-96d2-4c5e-a266-a1f910ffd853'] response: {'server_uuid': '4641ae67-656e-4c05-b1b0-9d8ca938b6e6', 'name': 'network-vif-plugged', 'status': 'completed', 'tag': 'e671a923-048e-49a5-9346-103c2021e215', 'code': 200}
2026-05-08 00:33:51.932 10 INFO neutron.api.wsgi [-] 10.0.0.201 "GET / HTTP/1.1" status: 200 len: 247 time: 0.0029018
2026-05-08 00:33:51.934 9 INFO neutron.api.wsgi [-] 10.0.0.201 "GET / HTTP/1.1" status: 200 len: 247 time: 0.0042987
2026-05-08 00:33:54.102 10 INFO neutron.api.wsgi [req-33143dee-72f9-411f-83be-01e2acd598c5 req-babcc647-aaed-4919-8a14-e4d69188633b c034d1e85fbf41509b3ce8343e98dc2b eb4bc1b84d3145d18799847ce2401c7f - - default default] 10.0.0.250 "GET /v2.0/ports?device_id=4641ae67-656e-4c05-b1b0-9d8ca938b6e6 HTTP/1.1" status: 200 len: 1404 time: 0.0690436
2026-05-08 00:33:54.141 10 INFO neutron.api.wsgi [req-33143dee-72f9-411f-83be-01e2acd598c5 req-7f0b8299-52e8-47f2-b018-47d2595967cf c034d1e85fbf41509b3ce8343e98dc2b eb4bc1b84d3145d18799847ce2401c7f - - default default] 10.0.0.250 "GET /v2.0/security-groups?id=8d2715e7-6daf-4dda-b08c-b127cdca589b&fields=id&fields=name HTTP/1.1" status: 200 len: 311 time: 0.0310428
2026-05-08 00:33:54.238 9 INFO neutron.api.wsgi [None req-6b347413-b5c8-48b0-87fc-9fb989c4bff0 c034d1e85fbf41509b3ce8343e98dc2b eb4bc1b84d3145d18799847ce2401c7f - - default default] 10.0.0.37 "GET /v2.0/ports?network_id=3ff80f78-4915-4e44-af36-e4da43757142&mac_address=fa%3A16%3A3e%3Ae4%3A2e%3Aae HTTP/1.1" status: 200 len: 1399 time: 0.0654912
2026-05-08 00:33:54.246 9 WARNING neutron_lib.context [None req-628d1727-6ade-4d12-8a57-a1721d778b30 c034d1e85fbf41509b3ce8343e98dc2b eb4bc1b84d3145d18799847ce2401c7f - - default default] Method 'is_advsvc' is deprecated since 2023.2 release (neutron-lib 3.8.0) and will be removed once support for the old RBAC API policies will be removed from Neutron. Please use method 'is_service_role' instead.
2026-05-08 00:33:54.458 9 WARNING neutron.scheduler.dhcp_agent_scheduler [None req-628d1727-6ade-4d12-8a57-a1721d778b30 c034d1e85fbf41509b3ce8343e98dc2b eb4bc1b84d3145d18799847ce2401c7f - - default default] No more DHCP agents
2026-05-08 00:33:54.460 9 WARNING neutron.api.rpc.agentnotifiers.dhcp_rpc_agent_api [None req-628d1727-6ade-4d12-8a57-a1721d778b30 c034d1e85fbf41509b3ce8343e98dc2b eb4bc1b84d3145d18799847ce2401c7f - - default default] Unable to schedule network 8375a2e0-fc5c-4118-888e-56e4dc6c4278: no agents available; will retry on subsequent port and subnet creation events.
2026-05-08 00:33:55.177 9 INFO neutron.db.ovn_revision_numbers_db [None req-628d1727-6ade-4d12-8a57-a1721d778b30 c034d1e85fbf41509b3ce8343e98dc2b eb4bc1b84d3145d18799847ce2401c7f - - default default] Successfully bumped revision number for resource 97a98ed3-1834-4f2f-a7ec-0aa2e9ba1010 (type: floatingips) to -1
2026-05-08 00:33:55.250 9 INFO neutron.db.ovn_revision_numbers_db [None req-628d1727-6ade-4d12-8a57-a1721d778b30 c034d1e85fbf41509b3ce8343e98dc2b eb4bc1b84d3145d18799847ce2401c7f - - default default] Successfully bumped revision number for resource 97a98ed3-1834-4f2f-a7ec-0aa2e9ba1010 (type: floatingips) to 1
2026-05-08 00:33:55.250 9 INFO neutron.db.l3_db [None req-628d1727-6ade-4d12-8a57-a1721d778b30 c034d1e85fbf41509b3ce8343e98dc2b eb4bc1b84d3145d18799847ce2401c7f - - default default] Floating IP 97a98ed3-1834-4f2f-a7ec-0aa2e9ba1010 associated. External IP: 10.96.250.201, port: e671a923-048e-49a5-9346-103c2021e215.
2026-05-08 00:33:55.277 9 INFO neutron.api.wsgi [None req-628d1727-6ade-4d12-8a57-a1721d778b30 c034d1e85fbf41509b3ce8343e98dc2b eb4bc1b84d3145d18799847ce2401c7f - - default default] 10.0.0.37 "POST /v2.0/floatingips HTTP/1.1" status: 201 len: 1054 time: 1.0337718
2026-05-08 00:33:55.306 9 INFO neutron.notifiers.nova [-] Nova event matching ['req-153dd3bd-5191-4a8a-9048-1f858e2ea860'] response: {'name': 'network-changed', 'server_uuid': '4641ae67-656e-4c05-b1b0-9d8ca938b6e6', 'tag': 'e671a923-048e-49a5-9346-103c2021e215', 'status': 'completed', 'code': 200} /var/lib/openstack/lib/python3.12/site-packages/pycadf/identifier.py:71: UserWarning: Invalid uuid: neutron. To ensure interoperability, identifiers should be a valid uuid. warnings.warn(('Invalid uuid: %s. To ensure interoperability, '
2026-05-08 00:33:55.855 10 INFO neutron.api.wsgi [req-28d6ecbb-4b4d-410e-8ed8-e6b52e0c7103 req-f4bb97ba-f557-4257-99da-f3dd846f041c 5a61d14ec71942d9ba839cb224b69985 f014bbe0d67a4e8d9adc079e7bb2a16b - - 1b55432df30e49d4b604d7e3bc98fc88 1b55432df30e49d4b604d7e3bc98fc88] 199.19.213.168 "GET /v2.0/ports?tenant_id=eb4bc1b84d3145d18799847ce2401c7f&device_id=4641ae67-656e-4c05-b1b0-9d8ca938b6e6 HTTP/1.1" status: 200 len: 1642 time: 0.0359082
2026-05-08 00:33:55.899 10 INFO neutron.api.wsgi [req-28d6ecbb-4b4d-410e-8ed8-e6b52e0c7103 req-e7a1eb51-259d-4ac3-ae3b-795442b9fa1e 5a61d14ec71942d9ba839cb224b69985 f014bbe0d67a4e8d9adc079e7bb2a16b - - 1b55432df30e49d4b604d7e3bc98fc88 1b55432df30e49d4b604d7e3bc98fc88] 199.19.213.168 "GET /v2.0/networks?id=3ff80f78-4915-4e44-af36-e4da43757142 HTTP/1.1" status: 200 len: 1003 time: 0.0403967
2026-05-08 00:33:55.941 10 INFO neutron.api.wsgi [req-28d6ecbb-4b4d-410e-8ed8-e6b52e0c7103 req-a3b10e6e-5422-48f4-b2c4-63ebb8d47703 5a61d14ec71942d9ba839cb224b69985 f014bbe0d67a4e8d9adc079e7bb2a16b - - 1b55432df30e49d4b604d7e3bc98fc88 1b55432df30e49d4b604d7e3bc98fc88] 199.19.213.168 "GET /v2.0/floatingips?fixed_ip_address=10.2.2.236&port_id=e671a923-048e-49a5-9346-103c2021e215 HTTP/1.1" status: 200 len: 1059 time: 0.0379059
2026-05-08 00:33:55.957 10 INFO neutron.api.wsgi [req-28d6ecbb-4b4d-410e-8ed8-e6b52e0c7103 req-72a726db-9176-4f7c-9640-597f172b58c7 5a61d14ec71942d9ba839cb224b69985 f014bbe0d67a4e8d9adc079e7bb2a16b - - 1b55432df30e49d4b604d7e3bc98fc88 1b55432df30e49d4b604d7e3bc98fc88] 199.19.213.168 "GET /v2.0/floatingips?fixed_ip_address=fd77%3A1457%3A4cf0%3A26a8%3A%3A34d&port_id=e671a923-048e-49a5-9346-103c2021e215 HTTP/1.1" status: 200 len: 217 time: 0.0127058
2026-05-08 00:33:55.983 10 INFO neutron.api.wsgi [req-28d6ecbb-4b4d-410e-8ed8-e6b52e0c7103 req-bc76ca19-7823-4997-b2b6-fb0732c9fba1 5a61d14ec71942d9ba839cb224b69985 f014bbe0d67a4e8d9adc079e7bb2a16b - - 1b55432df30e49d4b604d7e3bc98fc88 1b55432df30e49d4b604d7e3bc98fc88] 199.19.213.168 "GET /v2.0/subnets?id=24ef783c-6bc0-4d13-b80c-b040402a9085&id=33098b00-9535-491f-a940-58c601f7aa37 HTTP/1.1" status: 200 len: 1613 time: 0.0197339
2026-05-08 00:33:55.999 10 INFO neutron.api.wsgi [req-28d6ecbb-4b4d-410e-8ed8-e6b52e0c7103 req-1c144640-554d-4109-877e-7a53ce85028f 5a61d14ec71942d9ba839cb224b69985 f014bbe0d67a4e8d9adc079e7bb2a16b - - 1b55432df30e49d4b604d7e3bc98fc88 1b55432df30e49d4b604d7e3bc98fc88] 199.19.213.168 "GET /v2.0/ports?network_id=3ff80f78-4915-4e44-af36-e4da43757142&device_owner=network%3Adhcp HTTP/1.1" status: 200 len: 210 time: 0.0108740
2026-05-08 00:33:56.012 10 INFO neutron.api.wsgi [req-28d6ecbb-4b4d-410e-8ed8-e6b52e0c7103 req-a4872450-ea1a-486f-a91a-3137a7ddb70b 5a61d14ec71942d9ba839cb224b69985 f014bbe0d67a4e8d9adc079e7bb2a16b - - 1b55432df30e49d4b604d7e3bc98fc88 1b55432df30e49d4b604d7e3bc98fc88] 199.19.213.168 "GET /v2.0/ports?network_id=3ff80f78-4915-4e44-af36-e4da43757142&device_owner=network%3Adhcp HTTP/1.1" status: 200 len: 210 time: 0.0107241
2026-05-08 00:33:56.053 10 INFO neutron.api.wsgi [req-28d6ecbb-4b4d-410e-8ed8-e6b52e0c7103 req-a3d79c2f-71cf-4b7e-adb3-2218861641fe 5a61d14ec71942d9ba839cb224b69985 f014bbe0d67a4e8d9adc079e7bb2a16b - - 1b55432df30e49d4b604d7e3bc98fc88 1b55432df30e49d4b604d7e3bc98fc88] 199.19.213.168 "GET /v2.0/networks/3ff80f78-4915-4e44-af36-e4da43757142?fields=segments HTTP/1.1" status: 200 len: 212 time: 0.0346603
2026-05-08 00:33:56.093 10 INFO neutron.api.wsgi [req-28d6ecbb-4b4d-410e-8ed8-e6b52e0c7103 req-88590a66-5fc7-4ecc-9b66-0409425b0d5d 5a61d14ec71942d9ba839cb224b69985 f014bbe0d67a4e8d9adc079e7bb2a16b - - 1b55432df30e49d4b604d7e3bc98fc88 1b55432df30e49d4b604d7e3bc98fc88] 199.19.213.168 "GET /v2.0/networks/3ff80f78-4915-4e44-af36-e4da43757142?fields=provider%3Aphysical_network&fields=provider%3Anetwork_type HTTP/1.1" status: 200 len: 277 time: 0.0335026
2026-05-08 00:33:59.082 9 INFO neutron.api.wsgi [req-328a9513-4a8e-4002-8686-1546a01460fa req-94279ab7-5169-4d73-9c4a-5bd3a48c2525 5a61d14ec71942d9ba839cb224b69985 f014bbe0d67a4e8d9adc079e7bb2a16b - - 1b55432df30e49d4b604d7e3bc98fc88 1b55432df30e49d4b604d7e3bc98fc88] 10.0.0.58 "GET /v2.0/ports?device_id=4641ae67-656e-4c05-b1b0-9d8ca938b6e6 HTTP/1.1" status: 200 len: 1642 time: 0.0330701
2026-05-08 00:33:59.120 9 INFO neutron.api.wsgi [req-328a9513-4a8e-4002-8686-1546a01460fa req-9c7fa202-62f0-4c48-ac3c-1c58b3aedb16 5a61d14ec71942d9ba839cb224b69985 f014bbe0d67a4e8d9adc079e7bb2a16b - - 1b55432df30e49d4b604d7e3bc98fc88 1b55432df30e49d4b604d7e3bc98fc88] 10.0.0.58 "GET /v2.0/security-groups?id=8d2715e7-6daf-4dda-b08c-b127cdca589b&fields=id&fields=name HTTP/1.1" status: 200 len: 311 time: 0.0318794
2026-05-08 00:34:03.853 10 INFO neutron.api.wsgi [req-77de5eb0-23df-40b7-a0c2-3f694b84f496 req-6c2ef913-1366-42f4-9465-38fc1f6793f9 5a61d14ec71942d9ba839cb224b69985 f014bbe0d67a4e8d9adc079e7bb2a16b - - 1b55432df30e49d4b604d7e3bc98fc88 1b55432df30e49d4b604d7e3bc98fc88] 199.19.213.168 "GET /v2.0/ports?device_id=d654229e-5c57-4854-b5d1-ae9d0619d4ff&fields=binding%3Ahost_id&fields=binding%3Avif_type HTTP/1.1" status: 200 len: 265 time: 0.1766529
2026-05-08 00:34:04.384 9 INFO neutron.api.wsgi [None req-4111380d-3c17-4287-b987-2c0be2f02844 83821f16c281468aa9b6253c6ab3156e dc48a7e7e432454ca43339492b894cac - - default default] 10.0.0.37 "GET /v2.0/subnets/e32b2807-ae82-4409-b97d-8503a1b1726c HTTP/1.1" status: 200 len: 869 time: 0.0233111
2026-05-08 00:34:04.896 10 INFO neutron.api.wsgi [req-77de5eb0-23df-40b7-a0c2-3f694b84f496 req-00193eb9-f1c8-4574-afd9-dbd18fee7799 5a61d14ec71942d9ba839cb224b69985 f014bbe0d67a4e8d9adc079e7bb2a16b - - 1b55432df30e49d4b604d7e3bc98fc88 1b55432df30e49d4b604d7e3bc98fc88] 199.19.213.168 "GET /v2.0/ports?tenant_id=eb4bc1b84d3145d18799847ce2401c7f&device_id=d654229e-5c57-4854-b5d1-ae9d0619d4ff HTTP/1.1" status: 200 len: 1630 time: 0.0288320
2026-05-08 00:34:05.449 10 INFO neutron.api.wsgi [req-77de5eb0-23df-40b7-a0c2-3f694b84f496 req-f51b3249-bd8d-4f2a-9503-caf3830ca6b2 5a61d14ec71942d9ba839cb224b69985 f014bbe0d67a4e8d9adc079e7bb2a16b - - 1b55432df30e49d4b604d7e3bc98fc88 1b55432df30e49d4b604d7e3bc98fc88] 199.19.213.168 "GET /v2.0/networks?id=4171cec8-4ce8-409e-84fd-1766e205c14d HTTP/1.1" status: 200 len: 1002 time: 0.0432689
2026-05-08 00:34:05.496 10 INFO neutron.api.wsgi [req-77de5eb0-23df-40b7-a0c2-3f694b84f496 req-ac3dbee6-0b43-4b04-8763-460249db6eff 5a61d14ec71942d9ba839cb224b69985 f014bbe0d67a4e8d9adc079e7bb2a16b - - 1b55432df30e49d4b604d7e3bc98fc88 1b55432df30e49d4b604d7e3bc98fc88] 199.19.213.168 "GET /v2.0/floatingips?fixed_ip_address=10.2.1.34&port_id=279fd9a0-0c8e-468e-9d10-78ef960e3034 HTTP/1.1" status: 200 len: 1058 time: 0.0412440
2026-05-08 00:34:05.520 10 INFO neutron.api.wsgi [req-77de5eb0-23df-40b7-a0c2-3f694b84f496 req-bfd2da38-2965-4a26-a565-66bf912e8d00 5a61d14ec71942d9ba839cb224b69985 f014bbe0d67a4e8d9adc079e7bb2a16b - - 1b55432df30e49d4b604d7e3bc98fc88 1b55432df30e49d4b604d7e3bc98fc88] 199.19.213.168 "GET /v2.0/floatingips?fixed_ip_address=fd7b%3Af9f7%3Afff%3A4eca%3A%3Ae3&port_id=279fd9a0-0c8e-468e-9d10-78ef960e3034 HTTP/1.1" status: 200 len: 217 time: 0.0177088
2026-05-08 00:34:05.557 10 INFO neutron.api.wsgi [req-77de5eb0-23df-40b7-a0c2-3f694b84f496 req-57848ee5-a20a-44c8-b333-b2e24e9d407a 5a61d14ec71942d9ba839cb224b69985 f014bbe0d67a4e8d9adc079e7bb2a16b - - 1b55432df30e49d4b604d7e3bc98fc88 1b55432df30e49d4b604d7e3bc98fc88] 199.19.213.168 "GET /v2.0/subnets?id=e069db96-5945-4570-a5d0-486979cbd6af&id=2a6cf7c7-462b-4f44-95e8-8ae2a10a7b3d HTTP/1.1" status: 200 len: 1610 time: 0.0331643
2026-05-08 00:34:05.577 10 INFO neutron.api.wsgi [req-77de5eb0-23df-40b7-a0c2-3f694b84f496 req-ebfedf4c-d1a4-41f0-85d9-f514a859a8d8 5a61d14ec71942d9ba839cb224b69985 f014bbe0d67a4e8d9adc079e7bb2a16b - - 1b55432df30e49d4b604d7e3bc98fc88 1b55432df30e49d4b604d7e3bc98fc88] 199.19.213.168 "GET /v2.0/ports?network_id=4171cec8-4ce8-409e-84fd-1766e205c14d&device_owner=network%3Adhcp HTTP/1.1" status: 200 len: 210 time: 0.0154932
2026-05-08 00:34:05.582 10 INFO neutron.api.wsgi [None req-fe86c794-d71b-4232-a433-abdec0562f06 754989ad745348c2842035e4c954ed15 1e434a98de034528963e385f4ee83562 - - default default] 10.0.0.160 "GET /v2.0/extensions/security-group HTTP/1.1" status: 200 len: 369 time: 0.0410078
2026-05-08 00:34:05.598 10 INFO neutron.api.wsgi [None req-7f7a5e59-fcc1-4a1f-b87c-977ef8b6278b 754989ad745348c2842035e4c954ed15 1e434a98de034528963e385f4ee83562 - - default default] 10.0.0.160 "GET /v2.0/extensions/dns-integration HTTP/1.1" status: 200 len: 371 time: 0.0065145
2026-05-08 00:34:05.600 10 INFO neutron.api.wsgi [req-77de5eb0-23df-40b7-a0c2-3f694b84f496 req-377e3ead-8f0b-4425-abaf-02f41d7f3106 5a61d14ec71942d9ba839cb224b69985 f014bbe0d67a4e8d9adc079e7bb2a16b - - 1b55432df30e49d4b604d7e3bc98fc88 1b55432df30e49d4b604d7e3bc98fc88] 199.19.213.168 "GET /v2.0/ports?network_id=4171cec8-4ce8-409e-84fd-1766e205c14d&device_owner=network%3Adhcp HTTP/1.1" status: 200 len: 210 time: 0.0167930
2026-05-08 00:34:05.605 10 INFO neutron.api.wsgi [None req-f09b01c7-045b-41ed-aaa0-3424a9838300 754989ad745348c2842035e4c954ed15 1e434a98de034528963e385f4ee83562 - - default default] 10.0.0.160 "GET /v2.0/extensions/qos HTTP/1.1" status: 200 len: 365 time: 0.0028732
2026-05-08 00:34:05.616 10 INFO neutron.api.wsgi [None req-8fcb73bf-64b5-464b-a0d6-85b41baa65f7 754989ad745348c2842035e4c954ed15 1e434a98de034528963e385f4ee83562 - - default default] 10.0.0.160 "GET /v2.0/extensions/allowed-address-pairs HTTP/1.1" status: 200 len: 383 time: 0.0039485
2026-05-08 00:34:05.648 10 INFO neutron.api.wsgi [req-77de5eb0-23df-40b7-a0c2-3f694b84f496 req-52789b89-de74-4dfa-b776-ce2b07f5e2fd 5a61d14ec71942d9ba839cb224b69985 f014bbe0d67a4e8d9adc079e7bb2a16b - - 1b55432df30e49d4b604d7e3bc98fc88 1b55432df30e49d4b604d7e3bc98fc88] 199.19.213.168 "GET /v2.0/networks/4171cec8-4ce8-409e-84fd-1766e205c14d?fields=segments HTTP/1.1" status: 200 len: 212 time: 0.0422063
2026-05-08 00:34:05.695 10 INFO neutron.api.wsgi [req-77de5eb0-23df-40b7-a0c2-3f694b84f496 req-a43fed06-098e-4e9b-8b4d-8a09348a36fe 5a61d14ec71942d9ba839cb224b69985 f014bbe0d67a4e8d9adc079e7bb2a16b - - 1b55432df30e49d4b604d7e3bc98fc88 1b55432df30e49d4b604d7e3bc98fc88] 199.19.213.168 "GET /v2.0/networks/4171cec8-4ce8-409e-84fd-1766e205c14d?fields=provider%3Aphysical_network&fields=provider%3Anetwork_type HTTP/1.1" status: 200 len: 277 time: 0.0406988
2026-05-08 00:34:06.133 10 INFO neutron.api.wsgi [-] 10.0.0.160 "GET / HTTP/1.1" status: 200 len: 284 time: 0.0017011
2026-05-08 00:34:06.174 10 INFO neutron.api.wsgi [None req-f6f4e27e-71ed-4e12-aee8-7250a636d491 c034d1e85fbf41509b3ce8343e98dc2b eb4bc1b84d3145d18799847ce2401c7f - - default default] 10.0.0.160 "GET /v2.0/subnets/e32b2807-ae82-4409-b97d-8503a1b1726c HTTP/1.1" status: 200 len: 856 time: 0.0229909
2026-05-08 00:34:06.184 10 INFO neutron.api.wsgi [None req-3eb8ed32-0783-4fe7-ae3f-8e76d635c7f2 754989ad745348c2842035e4c954ed15 1e434a98de034528963e385f4ee83562 - - default default] 10.0.0.160 "GET /v2.0/extensions/security-group HTTP/1.1" status: 200 len: 369 time: 0.0028355
2026-05-08 00:34:06.190 10 INFO neutron.api.wsgi [None req-13578738-aa06-403f-b102-75d5f7feae2c 754989ad745348c2842035e4c954ed15 1e434a98de034528963e385f4ee83562 - - default default] 10.0.0.160 "GET /v2.0/extensions/dns-integration HTTP/1.1" status: 200 len: 371 time: 0.0027213
