2026-05-08 00:30:13.072 10 WARNING neutron_lib.context [None req-4ab4a9da-7d7e-48a0-9026-255475ef4d6f a6acff2c24f44d0d94188870820e455e 67be6488c8a94446a82b26c7dd6924ce - - default default] Method 'is_advsvc' is deprecated since 2023.2 release (neutron-lib 3.8.0) and will be removed once support for the old RBAC API policies will be removed from Neutron. Please use method 'is_service_role' instead.
2026-05-08 00:30:13.132 10 INFO neutron.api.wsgi [req-2312e8f6-44a2-42f9-be04-cb8b1f381f8f req-4ed2fd42-51a5-4ba9-82e0-79625d563333 6aff2e0f5ea04b73a81c5b04c344d685 a20d50bf362c4834b644f27263028ed4 - - default default] 10.0.0.250 "GET /v2.0/ports?device_id=0636ff06-eff3-40ba-a1dc-d3dd29704d89 HTTP/1.1" status: 200 len: 210 time: 0.0185692
2026-05-08 00:30:13.263 10 WARNING neutron.scheduler.dhcp_agent_scheduler [None req-4ab4a9da-7d7e-48a0-9026-255475ef4d6f a6acff2c24f44d0d94188870820e455e 67be6488c8a94446a82b26c7dd6924ce - - default default] No more DHCP agents
2026-05-08 00:30:13.265 10 WARNING neutron.api.rpc.agentnotifiers.dhcp_rpc_agent_api [None req-4ab4a9da-7d7e-48a0-9026-255475ef4d6f a6acff2c24f44d0d94188870820e455e 67be6488c8a94446a82b26c7dd6924ce - - default default] Unable to schedule network ad2604cf-7519-4a00-a778-2bed70c53b79: no agents available; will retry on subsequent port and subnet creation events.
2026-05-08 00:30:13.639 10 INFO neutron.db.ovn_revision_numbers_db [None req-878f068a-8398-4d7e-aa87-bdccca4a4511 - - - - - -] Successfully bumped revision number for resource d1fbcda1-85cc-421c-85b8-3ca6c06a0d96 (type: ports) to 2
2026-05-08 00:30:13.669 10 INFO neutron.db.ovn_revision_numbers_db [None req-878f068a-8398-4d7e-aa87-bdccca4a4511 - - - - - -] Successfully bumped revision number for resource 1d6b5b39-3bac-4596-9bf0-3c425c75ce66 (type: subnets) to 0
2026-05-08 00:30:13.683 10 INFO neutron.api.wsgi [None req-4ab4a9da-7d7e-48a0-9026-255475ef4d6f a6acff2c24f44d0d94188870820e455e 67be6488c8a94446a82b26c7dd6924ce - - default default] 10.0.0.37 "POST /v2.0/subnets HTTP/1.1" status: 201 len: 825 time: 0.6158850
2026-05-08 00:30:13.906 10 INFO neutron.db.ovn_revision_numbers_db [None req-fdf93142-0fa0-4f62-ac99-b36a56fc7276 a6acff2c24f44d0d94188870820e455e 67be6488c8a94446a82b26c7dd6924ce - - default default] Successfully bumped revision number for resource 1d6b5b39-3bac-4596-9bf0-3c425c75ce66 (type: subnets) to 1
2026-05-08 00:30:13.909 10 INFO neutron.api.wsgi [None req-fdf93142-0fa0-4f62-ac99-b36a56fc7276 a6acff2c24f44d0d94188870820e455e 67be6488c8a94446a82b26c7dd6924ce - - default default] 10.0.0.37 "PUT /v2.0/subnets/1d6b5b39-3bac-4596-9bf0-3c425c75ce66 HTTP/1.1" status: 200 len: 830 time: 0.2214978
2026-05-08 00:30:14.415 9 INFO neutron.api.wsgi [None req-29f02fa7-99c8-47ef-afd3-fd015d1096e6 0aa179c58ae0420e81cadc89c3e35c9b bfa7aa2c8f0b46cfaf528d61978dd50d - - default default] 10.0.0.37 "POST /v2.0/qos/policies HTTP/1.1" status: 201 len: 558 time: 0.1967556
2026-05-08 00:30:14.474 10 INFO neutron.api.wsgi [None req-e3840c2a-164c-46a1-a3c1-c065b618295f 0aa179c58ae0420e81cadc89c3e35c9b bfa7aa2c8f0b46cfaf528d61978dd50d - - default default] 10.0.0.37 "POST /v2.0/qos/policies HTTP/1.1" status: 201 len: 558 time: 0.0529444
2026-05-08 00:30:14.527 10 INFO neutron.api.wsgi [None req-d775ffcf-1693-4f46-bc65-e163abdbb291 0aa179c58ae0420e81cadc89c3e35c9b bfa7aa2c8f0b46cfaf528d61978dd50d - - default default] 10.0.0.37 "POST /v2.0/qos/policies HTTP/1.1" status: 201 len: 558 time: 0.0458171
2026-05-08 00:30:14.572 10 INFO neutron.api.wsgi [None req-3a48d20f-5621-4106-8bcd-81a8329daab6 0aa179c58ae0420e81cadc89c3e35c9b bfa7aa2c8f0b46cfaf528d61978dd50d - - default default] 10.0.0.37 "POST /v2.0/qos/policies HTTP/1.1" status: 201 len: 558 time: 0.0390904
2026-05-08 00:30:14.607 10 INFO neutron.services.segments.plugin [-] Segment 5ef19c5c-5251-492a-a862-ac42a76021c0 resource provider aggregate not found
2026-05-08 00:30:14.611 10 INFO neutron.services.segments.plugin [-] Segment 5ef19c5c-5251-492a-a862-ac42a76021c0 resource provider aggregate not found
2026-05-08 00:30:14.619 10 INFO neutron.services.segments.plugin [-] Segment 5ef19c5c-5251-492a-a862-ac42a76021c0 resource provider not found; error: Placement Client Error (4xx): {"errors": [{"status": 404, "title": "Not Found", "detail": "The resource could not be found.\n\n No resource provider with uuid 5ef19c5c-5251-492a-a862-ac42a76021c0 found for delete ", "request_id": "req-3b802b1e-710f-4496-a86f-6ec9e39bec6d"}]}
2026-05-08 00:30:14.632 10 INFO neutron.services.segments.plugin [-] Segment 5ef19c5c-5251-492a-a862-ac42a76021c0 resource provider not found; error: Placement Client Error (4xx): {"errors": [{"status": 404, "title": "Not Found", "detail": "The resource could not be found.\n\n No resource provider with uuid 5ef19c5c-5251-492a-a862-ac42a76021c0 found for delete ", "request_id": "req-85616dc9-a910-4f9e-8849-d1790e7f9e9b"}]}
2026-05-08 00:30:14.635 9 INFO neutron.api.wsgi [None req-66010aeb-872c-462a-8730-843f4ade62da 0aa179c58ae0420e81cadc89c3e35c9b bfa7aa2c8f0b46cfaf528d61978dd50d - - default default] 10.0.0.37 "POST /v2.0/qos/policies HTTP/1.1" status: 201 len: 558 time: 0.0552928
2026-05-08 00:30:14.648 10 INFO neutron.api.wsgi [None req-3593bcb5-3fa0-4be3-934b-cf113d3b6505 a6acff2c24f44d0d94188870820e455e 67be6488c8a94446a82b26c7dd6924ce - - default default] 10.0.0.37 "DELETE /v2.0/networks/ad2604cf-7519-4a00-a778-2bed70c53b79 HTTP/1.1" status: 204 len: 168 time: 0.7328372
2026-05-08 00:30:14.662 10 INFO neutron.pecan_wsgi.hooks.translation [None req-05ebe797-1ae8-4a02-8547-7bc5bd628123 a6acff2c24f44d0d94188870820e455e 67be6488c8a94446a82b26c7dd6924ce - - default default] DELETE failed (client error): The resource could not be found.
2026-05-08 00:30:14.665 9 INFO neutron.api.wsgi [None req-a5418f06-b50b-47d6-a8a7-19321cd82636 0aa179c58ae0420e81cadc89c3e35c9b bfa7aa2c8f0b46cfaf528d61978dd50d - - default default] 10.0.0.37 "PUT /v2.0/policies/55d61b59-6e3b-4af7-a7b3-21f91c585593/tags HTTP/1.1" status: 200 len: 210 time: 0.0257578
2026-05-08 00:30:14.665 10 INFO neutron.api.wsgi [None req-05ebe797-1ae8-4a02-8547-7bc5bd628123 a6acff2c24f44d0d94188870820e455e 67be6488c8a94446a82b26c7dd6924ce - - default default] 10.0.0.37 "DELETE /v2.0/networks/ad2604cf-7519-4a00-a778-2bed70c53b79 HTTP/1.1" status: 404 len: 339 time: 0.0113294
2026-05-08 00:30:14.698 10 INFO neutron.api.wsgi [None req-5792cdb0-3ab2-4f9f-9184-44129cee096a 0aa179c58ae0420e81cadc89c3e35c9b bfa7aa2c8f0b46cfaf528d61978dd50d - - default default] 10.0.0.37 "PUT /v2.0/policies/176e779d-f488-45a0-83c7-59aac56e1e2b/tags HTTP/1.1" status: 200 len: 218 time: 0.0287287
2026-05-08 00:30:14.731 10 INFO neutron.api.wsgi [None req-772750f1-e889-4436-a394-2f40799e8e8f 0aa179c58ae0420e81cadc89c3e35c9b bfa7aa2c8f0b46cfaf528d61978dd50d - - default default] 10.0.0.37 "PUT /v2.0/policies/4c91a675-2ae4-4a3b-afc8-d1dbd21909b3/tags HTTP/1.1" status: 200 len: 227 time: 0.0286536
2026-05-08 00:30:14.731 9 INFO neutron.api.wsgi [None req-cf46375b-6238-4ff3-9e2b-d330e03e0ab5 a6acff2c24f44d0d94188870820e455e 67be6488c8a94446a82b26c7dd6924ce - - default default] 10.0.0.37 "GET /v2.0/networks?router%3Aexternal=True HTTP/1.1" status: 200 len: 845 time: 0.0586188
2026-05-08 00:30:14.757 9 INFO neutron.api.wsgi [None req-4061fdee-90f2-4821-8a7f-f894b795ee02 0aa179c58ae0420e81cadc89c3e35c9b bfa7aa2c8f0b46cfaf528d61978dd50d - - default default] 10.0.0.37 "PUT /v2.0/policies/abbebfa7-49c5-43e2-a4c6-a4e6259be9d6/tags HTTP/1.1" status: 200 len: 212 time: 0.0215986
2026-05-08 00:30:14.762 10 INFO neutron.api.wsgi [None req-7cb56911-fd6f-4562-8167-6ca58fe84d64 a6acff2c24f44d0d94188870820e455e 67be6488c8a94446a82b26c7dd6924ce - - default default] 10.0.0.37 "GET /v2.0/subnets?network_id=8375a2e0-fc5c-4118-888e-56e4dc6c4278 HTTP/1.1" status: 200 len: 843 time: 0.0263925
2026-05-08 00:30:14.770 10 INFO neutron.api.wsgi [None req-2046c03f-c801-407a-8113-980015b2d6cf a6acff2c24f44d0d94188870820e455e 67be6488c8a94446a82b26c7dd6924ce - - default default] 10.0.0.37 "GET /v2.0/extensions HTTP/1.1" status: 200 len: 19293 time: 0.0037148
2026-05-08 00:30:14.837 10 INFO neutron.api.wsgi [None req-8b95bae3-bf10-4a97-bb3e-5e331583e874 a6acff2c24f44d0d94188870820e455e 67be6488c8a94446a82b26c7dd6924ce - - default default] 10.0.0.37 "GET /v2.0/networks HTTP/1.1" status: 200 len: 1503 time: 0.0602360
2026-05-08 00:30:14.885 10 INFO neutron.api.wsgi [None req-c77a8cd2-6dfb-46f0-b22d-7cecf7b64da1 a6acff2c24f44d0d94188870820e455e 67be6488c8a94446a82b26c7dd6924ce - - default default] 10.0.0.37 "GET /v2.0/subnets HTTP/1.1" status: 200 len: 1475 time: 0.0427155
2026-05-08 00:30:14.948 9 INFO neutron.api.wsgi [None req-6de86c73-1be2-424f-9021-3be08c0af357 a6acff2c24f44d0d94188870820e455e 67be6488c8a94446a82b26c7dd6924ce - - default default] 10.0.0.37 "GET /v2.0/networks/01a5a7d3-5cce-4afc-9999-aba46137a4e3 HTTP/1.1" status: 200 len: 862 time: 0.0542316
2026-05-08 00:30:14.980 10 INFO neutron.api.wsgi [None req-12ceaa95-5135-4bb3-ad88-d4b603b54a01 a6acff2c24f44d0d94188870820e455e 67be6488c8a94446a82b26c7dd6924ce - - default default] 10.0.0.37 "GET /v2.0/subnets/7a5e51df-37c3-45ad-840f-e4be81f38ae7 HTTP/1.1" status: 200 len: 835 time: 0.0263684
2026-05-08 00:30:15.001 9 INFO neutron.pecan_wsgi.hooks.translation [None req-ccc20273-26dc-434c-814e-a4aba50f9a1e a6acff2c24f44d0d94188870820e455e 67be6488c8a94446a82b26c7dd6924ce - - default default] DELETE failed (client error): The resource could not be found.
2026-05-08 00:30:15.003 9 INFO neutron.api.wsgi [None req-ccc20273-26dc-434c-814e-a4aba50f9a1e a6acff2c24f44d0d94188870820e455e 67be6488c8a94446a82b26c7dd6924ce - - default default] 10.0.0.37 "DELETE /v2.0/subnets/1d6b5b39-3bac-4596-9bf0-3c425c75ce66 HTTP/1.1" status: 404 len: 337 time: 0.0158033
2026-05-08 00:30:15.018 10 INFO neutron.pecan_wsgi.hooks.translation [None req-7cea66e7-cc11-4021-b280-9219181766a0 a6acff2c24f44d0d94188870820e455e 67be6488c8a94446a82b26c7dd6924ce - - default default] DELETE failed (client error): The resource could not be found.
2026-05-08 00:30:15.021 10 INFO neutron.api.wsgi [None req-7cea66e7-cc11-4021-b280-9219181766a0 a6acff2c24f44d0d94188870820e455e 67be6488c8a94446a82b26c7dd6924ce - - default default] 10.0.0.37 "DELETE /v2.0/networks/ad2604cf-7519-4a00-a778-2bed70c53b79 HTTP/1.1" status: 404 len: 339 time: 0.0142138
2026-05-08 00:30:15.185 10 INFO neutron.api.wsgi [None req-6a2a04e7-d85e-4b93-bae4-aaddcbc9343c a6acff2c24f44d0d94188870820e455e 67be6488c8a94446a82b26c7dd6924ce - - default default] 10.0.0.37 "DELETE /v2.0/subnets/7a5e51df-37c3-45ad-840f-e4be81f38ae7 HTTP/1.1" status: 204 len: 168 time: 0.1592665
2026-05-08 00:30:15.219 9 INFO neutron.api.wsgi [None req-40b5fa9b-24b0-44e6-8916-4b3acf4de1a5 754989ad745348c2842035e4c954ed15 1e434a98de034528963e385f4ee83562 - - default default] 10.0.0.37 "PUT /v2.0/routers/b636433b-fdff-42dc-a452-77e5b6073420/remove_router_interface HTTP/1.1" status: 200 len: 503 time: 1.0168223 /var/lib/openstack/lib/python3.12/site-packages/pycadf/identifier.py:71: UserWarning: Invalid uuid: neutron. To ensure interoperability, identifiers should be a valid uuid. warnings.warn(('Invalid uuid: %s. To ensure interoperability, '
2026-05-08 00:30:15.261 9 INFO neutron.api.wsgi [None req-3a3bb922-e3d0-4696-a423-19160d1f69de 5c48b3cdf91346e688e1cb3e5ee56d29 6a52dcace8f94bbdbe07e271f5a218be - - default default] 10.0.0.37 "GET /v2.0/qos/policies?tags=red HTTP/1.1" status: 200 len: 1296 time: 0.1522102
2026-05-08 00:30:15.330 9 INFO neutron.api.wsgi [None req-e04d9af9-2fb4-41e7-842b-0ec61276f054 5c48b3cdf91346e688e1cb3e5ee56d29 6a52dcace8f94bbdbe07e271f5a218be - - default default] 10.0.0.37 "GET /v2.0/qos/policies?tags=red%2Cblue HTTP/1.1" status: 200 len: 941 time: 0.0637224
2026-05-08 00:30:15.397 9 INFO neutron.api.wsgi [None req-74e98bc1-149d-40cb-80e6-65e039cc53e5 5c48b3cdf91346e688e1cb3e5ee56d29 6a52dcace8f94bbdbe07e271f5a218be - - default default] 10.0.0.37 "GET /v2.0/qos/policies?tags-any=blue HTTP/1.1" status: 200 len: 941 time: 0.0622878
2026-05-08 00:30:15.472 9 INFO neutron.api.wsgi [None req-b71b4998-8e92-46c3-b8a3-a95062cf1610 5c48b3cdf91346e688e1cb3e5ee56d29 6a52dcace8f94bbdbe07e271f5a218be - - default default] 10.0.0.37 "GET /v2.0/qos/policies?tags-any=red%2Cblue HTTP/1.1" status: 200 len: 1296 time: 0.0710645
2026-05-08 00:30:15.501 10 INFO neutron.api.wsgi [None req-2ea38a16-1b1f-4807-9868-dc50639084af a6acff2c24f44d0d94188870820e455e 67be6488c8a94446a82b26c7dd6924ce - - default default] 10.0.0.37 "DELETE /v2.0/networks/01a5a7d3-5cce-4afc-9999-aba46137a4e3 HTTP/1.1" status: 204 len: 168 time: 0.3120356
2026-05-08 00:30:15.525 10 INFO neutron.api.wsgi [None req-48ebc5a1-66ae-46f9-8236-b1971f9e80c2 5c48b3cdf91346e688e1cb3e5ee56d29 6a52dcace8f94bbdbe07e271f5a218be - - default default] 10.0.0.37 "GET /v2.0/qos/policies?not-tags=red HTTP/1.1" status: 200 len: 913 time: 0.0470569
2026-05-08 00:30:15.611 9 INFO neutron.api.wsgi [None req-f11a1f48-16f0-4e15-b193-7bc900b21281 5c48b3cdf91346e688e1cb3e5ee56d29 6a52dcace8f94bbdbe07e271f5a218be - - default default] 10.0.0.37 "GET /v2.0/qos/policies?not-tags=red%2Cblue HTTP/1.1" status: 200 len: 1268 time: 0.0819826
2026-05-08 00:30:15.695 9 INFO neutron.api.wsgi [None req-7d869b36-e1df-4cbb-bc49-34ef55da83dc 5c48b3cdf91346e688e1cb3e5ee56d29 6a52dcace8f94bbdbe07e271f5a218be - - default default] 10.0.0.37 "GET /v2.0/qos/policies?not-tags-any=blue HTTP/1.1" status: 200 len: 1268 time: 0.0801485
2026-05-08 00:30:15.795 9 INFO neutron.api.wsgi [None req-a1e13149-1499-411c-b537-87073229ba06 5c48b3cdf91346e688e1cb3e5ee56d29 6a52dcace8f94bbdbe07e271f5a218be - - default default] 10.0.0.37 "GET /v2.0/qos/policies?not-tags-any=red%2Cblue HTTP/1.1" status: 200 len: 913 time: 0.0919886
2026-05-08 00:30:15.848 10 INFO neutron.api.wsgi [None req-613880ce-5e89-42c7-8604-3cde34a1605f 0aa179c58ae0420e81cadc89c3e35c9b bfa7aa2c8f0b46cfaf528d61978dd50d - - default default] 10.0.0.37 "DELETE /v2.0/qos/policies/55d61b59-6e3b-4af7-a7b3-21f91c585593 HTTP/1.1" status: 204 len: 168 time: 0.0462856
2026-05-08 00:30:15.869 9 INFO neutron.api.wsgi [None req-c6c35354-79c7-4e35-b23b-ff436099b54c 754989ad745348c2842035e4c954ed15 1e434a98de034528963e385f4ee83562 - - default default] 10.0.0.37 "DELETE /v2.0/routers/b636433b-fdff-42dc-a452-77e5b6073420 HTTP/1.1" status: 204 len: 168 time: 0.6461892
2026-05-08 00:30:15.934 10 INFO neutron.api.wsgi [None req-74eb6738-dbe4-45c8-99ad-40a7e6153884 0aa179c58ae0420e81cadc89c3e35c9b bfa7aa2c8f0b46cfaf528d61978dd50d - - default default] 10.0.0.37 "DELETE /v2.0/qos/policies/176e779d-f488-45a0-83c7-59aac56e1e2b HTTP/1.1" status: 204 len: 168 time: 0.0799358
2026-05-08 00:30:15.999 9 INFO neutron.api.wsgi [None req-c56fc198-2acd-4655-be49-69e2615f552e 0aa179c58ae0420e81cadc89c3e35c9b bfa7aa2c8f0b46cfaf528d61978dd50d - - default default] 10.0.0.37 "DELETE /v2.0/qos/policies/4c91a675-2ae4-4a3b-afc8-d1dbd21909b3 HTTP/1.1" status: 204 len: 168 time: 0.0597217
2026-05-08 00:30:16.005 10 INFO neutron.api.wsgi [None req-79b21813-762c-45ff-acf6-71c80d42bc6b 754989ad745348c2842035e4c954ed15 1e434a98de034528963e385f4ee83562 - - default default] 10.0.0.37 "DELETE /v2.0/subnets/e372d9de-799f-4f62-adab-477c595a481b HTTP/1.1" status: 204 len: 168 time: 0.1315114
2026-05-08 00:30:16.050 9 INFO neutron.api.wsgi [None req-e36808a3-8761-44b1-9d65-48438db38be7 0aa179c58ae0420e81cadc89c3e35c9b bfa7aa2c8f0b46cfaf528d61978dd50d - - default default] 10.0.0.37 "DELETE /v2.0/qos/policies/abbebfa7-49c5-43e2-a4c6-a4e6259be9d6 HTTP/1.1" status: 204 len: 168 time: 0.0471539
2026-05-08 00:30:16.103 9 INFO neutron.api.wsgi [None req-1d2d5a16-405e-4792-a7f0-862dbe97a908 0aa179c58ae0420e81cadc89c3e35c9b bfa7aa2c8f0b46cfaf528d61978dd50d - - default default] 10.0.0.37 "DELETE /v2.0/qos/policies/566468c9-1f86-4455-8ecd-9baf356ac7f2 HTTP/1.1" status: 204 len: 168 time: 0.0483265
2026-05-08 00:30:16.105 9 INFO neutron.api.wsgi [None req-9176cf74-38d7-4364-91a2-dba660c3f2b0 754989ad745348c2842035e4c954ed15 1e434a98de034528963e385f4ee83562 - - default default] 10.0.0.37 "GET /v2.0/security-groups?tenant_id=67be6488c8a94446a82b26c7dd6924ce&name=default HTTP/1.1" status: 200 len: 3120 time: 0.1176376
2026-05-08 00:30:16.292 10 INFO neutron.api.wsgi [None req-69698751-0150-41f7-86bd-aaff51e6918a 754989ad745348c2842035e4c954ed15 1e434a98de034528963e385f4ee83562 - - default default] 10.0.0.37 "DELETE /v2.0/networks/cddfc2d3-7ead-45c8-a57e-36aae320415d HTTP/1.1" status: 204 len: 168 time: 0.2808998
2026-05-08 00:30:16.319 9 INFO neutron.api.wsgi [None req-63012d8e-e2e9-4a44-951e-e030000869fe 754989ad745348c2842035e4c954ed15 1e434a98de034528963e385f4ee83562 - - default default] 10.0.0.37 "DELETE /v2.0/security-groups/8e3b353b-2838-4620-a861-fe962ef0530a HTTP/1.1" status: 204 len: 168 time: 0.2099664
2026-05-08 00:30:16.414 10 INFO neutron.api.wsgi [None req-f8a07e2c-5662-4814-b8da-0df2ed126cc5 754989ad745348c2842035e4c954ed15 1e434a98de034528963e385f4ee83562 - - default default] 10.0.0.37 "GET /v2.0/security-groups?tenant_id=a20d50bf362c4834b644f27263028ed4&name=default HTTP/1.1" status: 200 len: 3120 time: 0.0290926
2026-05-08 00:30:16.613 10 INFO neutron.api.wsgi [None req-4bee690e-ad24-4987-955a-6c62d1878a32 754989ad745348c2842035e4c954ed15 1e434a98de034528963e385f4ee83562 - - default default] 10.0.0.37 "DELETE /v2.0/security-groups/8892943f-bae6-4d29-82bb-aff095af6082 HTTP/1.1" status: 204 len: 168 time: 0.1937172
2026-05-08 00:30:16.639 10 INFO neutron.services.segments.plugin [-] Segment d7af10f4-6808-4187-b788-c927de75145f resource provider aggregate not found
2026-05-08 00:30:16.647 10 INFO neutron.services.segments.plugin [-] Segment d7af10f4-6808-4187-b788-c927de75145f resource provider aggregate not found
2026-05-08 00:30:16.658 10 INFO neutron.services.segments.plugin [-] Segment d7af10f4-6808-4187-b788-c927de75145f resource provider not found; error: Placement Client Error (4xx): {"errors": [{"status": 404, "title": "Not Found", "detail": "The resource could not be found.\n\n No resource provider with uuid d7af10f4-6808-4187-b788-c927de75145f found for delete ", "request_id": "req-c97ba61f-4304-4db1-9818-3bc84c54140a"}]}
2026-05-08 00:30:16.662 10 INFO neutron.services.segments.plugin [-] Segment d7af10f4-6808-4187-b788-c927de75145f resource provider not found; error: Placement Client Error (4xx): {"errors": [{"status": 404, "title": "Not Found", "detail": "The resource could not be found.\n\n No resource provider with uuid d7af10f4-6808-4187-b788-c927de75145f found for delete ", "request_id": "req-89aa22ea-b5ac-4fda-a636-a9f8d4f8846d"}]}
2026-05-08 00:30:16.681 10 INFO neutron.services.segments.plugin [-] Segment d75fb03d-48eb-429a-9525-b0b6d8dc736d resource provider aggregate not found
2026-05-08 00:30:16.686 10 INFO neutron.services.segments.plugin [-] Segment d75fb03d-48eb-429a-9525-b0b6d8dc736d resource provider aggregate not found
2026-05-08 00:30:16.691 10 INFO neutron.services.segments.plugin [-] Segment d75fb03d-48eb-429a-9525-b0b6d8dc736d resource provider not found; error: Placement Client Error (4xx): {"errors": [{"status": 404, "title": "Not Found", "detail": "The resource could not be found.\n\n No resource provider with uuid d75fb03d-48eb-429a-9525-b0b6d8dc736d found for delete ", "request_id": "req-0b69028b-dfa8-4cd1-8ecb-429a771001cb"}]}
2026-05-08 00:30:16.698 10 INFO neutron.services.segments.plugin [-] Segment d75fb03d-48eb-429a-9525-b0b6d8dc736d resource provider not found; error: Placement Client Error (4xx): {"errors": [{"status": 404, "title": "Not Found", "detail": "The resource could not be found.\n\n No resource provider with uuid d75fb03d-48eb-429a-9525-b0b6d8dc736d found for delete ", "request_id": "req-8ece55f1-1ed1-4e66-b0d6-96baa833541d"}]}
2026-05-08 00:30:16.735 9 INFO neutron.api.wsgi [req-b99a9c64-83e3-40af-b296-5c93ea6051e4 req-c872525c-a486-44af-9267-d264e269b616 5a61d14ec71942d9ba839cb224b69985 f014bbe0d67a4e8d9adc079e7bb2a16b - - 1b55432df30e49d4b604d7e3bc98fc88 1b55432df30e49d4b604d7e3bc98fc88] 10.0.0.58 "GET /v2.0/ports?device_id=d655cdfa-34d7-4a92-accd-a69fe12d4b1a HTTP/1.1" status: 200 len: 1413 time: 0.0350685
2026-05-08 00:30:16.767 9 INFO neutron.api.wsgi [req-b99a9c64-83e3-40af-b296-5c93ea6051e4 req-8ec01b67-64a2-4862-a3cc-bd70acfbc6f4 5a61d14ec71942d9ba839cb224b69985 f014bbe0d67a4e8d9adc079e7bb2a16b - - 1b55432df30e49d4b604d7e3bc98fc88 1b55432df30e49d4b604d7e3bc98fc88] 10.0.0.58 "GET /v2.0/security-groups?id=7047f0c2-39be-46ba-9c55-ad1d786915b4&fields=id&fields=name HTTP/1.1" status: 200 len: 312 time: 0.0264139
2026-05-08 00:30:17.045 10 INFO neutron.db.ovn_revision_numbers_db [None req-e4306650-5fde-4023-a29e-568c2cfa7987 754989ad745348c2842035e4c954ed15 1e434a98de034528963e385f4ee83562 - - default default] Successfully bumped revision number for resource 19824573-5c17-45b4-9e26-63faff32a2e5 (type: security_groups) to 1
2026-05-08 00:30:17.061 10 INFO neutron.db.ovn_revision_numbers_db [None req-e4306650-5fde-4023-a29e-568c2cfa7987 754989ad745348c2842035e4c954ed15 1e434a98de034528963e385f4ee83562 - - default default] Successfully bumped revision number for resource 2069e49b-e2aa-49f3-bd46-519fdb9be42d (type: security_group_rules) to 0
2026-05-08 00:30:17.074 10 INFO neutron.db.ovn_revision_numbers_db [None req-e4306650-5fde-4023-a29e-568c2cfa7987 754989ad745348c2842035e4c954ed15 1e434a98de034528963e385f4ee83562 - - default default] Successfully bumped revision number for resource 79025f8e-80fa-4760-9669-f589a882c1b4 (type: security_group_rules) to 0
2026-05-08 00:30:17.087 10 INFO neutron.db.ovn_revision_numbers_db [None req-e4306650-5fde-4023-a29e-568c2cfa7987 754989ad745348c2842035e4c954ed15 1e434a98de034528963e385f4ee83562 - - default default] Successfully bumped revision number for resource 7c73878d-e263-4679-8eba-2368f8aa8825 (type: security_group_rules) to 0
2026-05-08 00:30:17.100 10 INFO neutron.db.ovn_revision_numbers_db [None req-e4306650-5fde-4023-a29e-568c2cfa7987 754989ad745348c2842035e4c954ed15 1e434a98de034528963e385f4ee83562 - - default default] Successfully bumped revision number for resource 90fed1ae-e511-4094-90aa-8693597559a6 (type: security_group_rules) to 0
2026-05-08 00:30:17.129 10 INFO neutron.api.wsgi [None req-e4306650-5fde-4023-a29e-568c2cfa7987 754989ad745348c2842035e4c954ed15 1e434a98de034528963e385f4ee83562 - - default default] 10.0.0.37 "GET /v2.0/security-groups?tenant_id=bfa7aa2c8f0b46cfaf528d61978dd50d&name=default HTTP/1.1" status: 200 len: 3120 time: 0.2790825
2026-05-08 00:30:17.337 10 INFO neutron.api.wsgi [None req-c4ce7532-2989-4dbc-8605-d94a90eb4893 754989ad745348c2842035e4c954ed15 1e434a98de034528963e385f4ee83562 - - default default] 10.0.0.37 "DELETE /v2.0/security-groups/19824573-5c17-45b4-9e26-63faff32a2e5 HTTP/1.1" status: 204 len: 168 time: 0.2018781
2026-05-08 00:30:17.551 9 INFO neutron.db.ovn_revision_numbers_db [None req-6e2fdba4-da08-44c4-8d1a-6c945740ee22 754989ad745348c2842035e4c954ed15 1e434a98de034528963e385f4ee83562 - - default default] Successfully bumped revision number for resource 86b1fea9-afe2-4227-b413-053fa9e6d1a5 (type: security_groups) to 1
2026-05-08 00:30:17.567 9 INFO neutron.db.ovn_revision_numbers_db [None req-6e2fdba4-da08-44c4-8d1a-6c945740ee22 754989ad745348c2842035e4c954ed15 1e434a98de034528963e385f4ee83562 - - default default] Successfully bumped revision number for resource 1ab6d5b0-ab96-4dd6-bd44-32b376a8bdca (type: security_group_rules) to 0
2026-05-08 00:30:17.580 9 INFO neutron.db.ovn_revision_numbers_db [None req-6e2fdba4-da08-44c4-8d1a-6c945740ee22 754989ad745348c2842035e4c954ed15 1e434a98de034528963e385f4ee83562 - - default default] Successfully bumped revision number for resource 2d50e06c-a0e4-4ab4-a945-f516c8870442 (type: security_group_rules) to 0
2026-05-08 00:30:17.593 9 INFO neutron.db.ovn_revision_numbers_db [None req-6e2fdba4-da08-44c4-8d1a-6c945740ee22 754989ad745348c2842035e4c954ed15 1e434a98de034528963e385f4ee83562 - - default default] Successfully bumped revision number for resource 307f2815-26b4-4375-bd95-208293c4a9e2 (type: security_group_rules) to 0
2026-05-08 00:30:17.605 9 INFO neutron.db.ovn_revision_numbers_db [None req-6e2fdba4-da08-44c4-8d1a-6c945740ee22 754989ad745348c2842035e4c954ed15 1e434a98de034528963e385f4ee83562 - - default default] Successfully bumped revision number for resource d50a4d3c-b3c3-4504-b980-a1aedb429c1c (type: security_group_rules) to 0
2026-05-08 00:30:17.636 9 INFO neutron.api.wsgi [None req-6e2fdba4-da08-44c4-8d1a-6c945740ee22 754989ad745348c2842035e4c954ed15 1e434a98de034528963e385f4ee83562 - - default default] 10.0.0.37 "GET /v2.0/security-groups?tenant_id=6a52dcace8f94bbdbe07e271f5a218be&name=default HTTP/1.1" status: 200 len: 3120 time: 0.1978166
2026-05-08 00:30:17.825 9 INFO neutron.api.wsgi [None req-75f2ff54-20dd-471e-8326-d5926ccc65a1 754989ad745348c2842035e4c954ed15 1e434a98de034528963e385f4ee83562 - - default default] 10.0.0.37 "DELETE /v2.0/security-groups/86b1fea9-afe2-4227-b413-053fa9e6d1a5 HTTP/1.1" status: 204 len: 168 time: 0.1841075
2026-05-08 00:30:17.970 9 INFO neutron.api.wsgi [None req-c82eec04-7063-47bb-8f78-5d9129bdf8b9 754989ad745348c2842035e4c954ed15 1e434a98de034528963e385f4ee83562 - - default default] 10.0.0.88 "GET /v2.0/routers HTTP/1.1" status: 200 len: 1153 time: 0.2479045
2026-05-08 00:30:17.986 9 INFO neutron.api.wsgi [None req-0934adc3-68e1-4585-ac5e-fbb5c22ba924 754989ad745348c2842035e4c954ed15 1e434a98de034528963e385f4ee83562 - - default default] 10.0.0.88 "GET /v2.0/agents?binary=ovn-controller HTTP/1.1" status: 200 len: 591 time: 0.0154061
2026-05-08 00:30:18.013 9 INFO neutron.api.wsgi [None req-2d5ee449-9229-4bbf-8854-e8f2a39d725e 754989ad745348c2842035e4c954ed15 1e434a98de034528963e385f4ee83562 - - default default] 10.0.0.88 "GET /v2.0/subnets HTTP/1.1" status: 200 len: 2165 time: 0.0238388
2026-05-08 00:30:18.020 9 INFO neutron.api.wsgi [None req-e6603356-7016-4c67-8e7f-643cf4ff9c27 754989ad745348c2842035e4c954ed15 1e434a98de034528963e385f4ee83562 - - default default] 10.0.0.88 "GET /v2.0/subnetpools HTTP/1.1" status: 200 len: 193 time: 0.0050492
2026-05-08 00:30:18.053 9 INFO neutron.api.wsgi [None req-40c2d2ed-f583-4cc8-84f9-4d6950ff2b3d 754989ad745348c2842035e4c954ed15 1e434a98de034528963e385f4ee83562 - - default default] 10.0.0.88 "GET /v2.0/floatingips HTTP/1.1" status: 200 len: 1036 time: 0.0315120
2026-05-08 00:30:18.090 10 INFO neutron.db.ovn_revision_numbers_db [None req-d6b0f2ff-6623-4d8b-942a-12cef47a3081 754989ad745348c2842035e4c954ed15 1e434a98de034528963e385f4ee83562 - - default default] Successfully bumped revision number for resource 68469f1c-b5a9-4518-b240-de3514780e3d (type: security_groups) to 1
2026-05-08 00:30:18.100 10 INFO neutron.db.ovn_revision_numbers_db [None req-d6b0f2ff-6623-4d8b-942a-12cef47a3081 754989ad745348c2842035e4c954ed15 1e434a98de034528963e385f4ee83562 - - default default] Successfully bumped revision number for resource 51ac9eed-99b0-40ea-9d0d-9372404fe341 (type: security_group_rules) to 0
2026-05-08 00:30:18.111 10 INFO neutron.db.ovn_revision_numbers_db [None req-d6b0f2ff-6623-4d8b-942a-12cef47a3081 754989ad745348c2842035e4c954ed15 1e434a98de034528963e385f4ee83562 - - default default] Successfully bumped revision number for resource c5a3d136-9cd3-4626-9bc9-b9183a0baaa3 (type: security_group_rules) to 0
2026-05-08 00:30:18.113 9 INFO neutron.api.wsgi [None req-2fd3eb2b-3c8a-4715-bbc0-2524f9683a47 754989ad745348c2842035e4c954ed15 1e434a98de034528963e385f4ee83562 - - default default] 10.0.0.88 "GET /v2.0/ports HTTP/1.1" status: 200 len: 10769 time: 0.0586557
2026-05-08 00:30:18.126 10 INFO neutron.db.ovn_revision_numbers_db [None req-d6b0f2ff-6623-4d8b-942a-12cef47a3081 754989ad745348c2842035e4c954ed15 1e434a98de034528963e385f4ee83562 - - default default] Successfully bumped revision number for resource c5b1a1bc-fb9e-4ba1-b02f-96dd402d62e5 (type: security_group_rules) to 0
2026-05-08 00:30:18.139 10 INFO neutron.db.ovn_revision_numbers_db [None req-d6b0f2ff-6623-4d8b-942a-12cef47a3081 754989ad745348c2842035e4c954ed15 1e434a98de034528963e385f4ee83562 - - default default] Successfully bumped revision number for resource fda753ae-eb10-4857-8c53-f55676280e3e (type: security_group_rules) to 0
2026-05-08 00:30:18.158 9 INFO neutron.api.wsgi [None req-49d8ce51-1796-41f8-8392-2b0e63c92c62 754989ad745348c2842035e4c954ed15 1e434a98de034528963e385f4ee83562 - - default default] 10.0.0.88 "GET /v2.0/security-groups HTTP/1.1" status: 200 len: 26247 time: 0.0384541
2026-05-08 00:30:18.179 10 INFO neutron.api.wsgi [None req-d6b0f2ff-6623-4d8b-942a-12cef47a3081 754989ad745348c2842035e4c954ed15 1e434a98de034528963e385f4ee83562 - - default default] 10.0.0.37 "GET /v2.0/security-groups?tenant_id=27bc814ccd7349a88735f9f566f5ce13&name=default HTTP/1.1" status: 200 len: 3120 time: 0.1914310
2026-05-08 00:30:18.181 9 INFO neutron.api.wsgi [None req-600caf3f-e61b-4320-823a-e5546289d454 754989ad745348c2842035e4c954ed15 1e434a98de034528963e385f4ee83562 - - default default] 10.0.0.88 "GET /v2.0/agents HTTP/1.1" status: 200 len: 1390 time: 0.0141411
2026-05-08 00:30:18.192 9 INFO neutron.api.wsgi [None req-62743c0f-6ce8-4bd3-8d64-e666e78420be 754989ad745348c2842035e4c954ed15 1e434a98de034528963e385f4ee83562 - - default default] 10.0.0.88 "GET /v2.0/network-ip-availabilities HTTP/1.1" status: 200 len: 1758 time: 0.0091419
2026-05-08 00:30:18.257 9 INFO neutron.api.wsgi [None req-4e5a197b-850a-45ee-a354-ea48d737170a 754989ad745348c2842035e4c954ed15 1e434a98de034528963e385f4ee83562 - - default default] 10.0.0.88 "GET /v2.0/networks HTTP/1.1" status: 200 len: 3110 time: 0.0643370
2026-05-08 00:30:18.287 9 INFO neutron.api.wsgi [None req-6d544074-a836-4db4-bbb0-0174d1789112 754989ad745348c2842035e4c954ed15 1e434a98de034528963e385f4ee83562 - - default default] 10.0.0.88 "GET /v2.0/subnets HTTP/1.1" status: 200 len: 2165 time: 0.0273521
2026-05-08 00:30:18.290 10 WARNING neutron_lib.context [None req-523bcc62-976d-4201-beeb-5a2ea884ee1c de2fef85618344c2a2fb63d3cd772090 07ac4808098946aa8862306dfeae5b93 - - default default] Method 'is_advsvc' is deprecated since 2023.2 release (neutron-lib 3.8.0) and will be removed once support for the old RBAC API policies will be removed from Neutron. Please use method 'is_service_role' instead.
2026-05-08 00:30:18.405 10 INFO neutron.api.wsgi [None req-00f42408-8981-4477-a029-c03c301fe1d1 754989ad745348c2842035e4c954ed15 1e434a98de034528963e385f4ee83562 - - default default] 10.0.0.37 "DELETE /v2.0/security-groups/68469f1c-b5a9-4518-b240-de3514780e3d HTTP/1.1" status: 204 len: 168 time: 0.2189155
2026-05-08 00:30:18.433 10 INFO neutron.db.ovn_revision_numbers_db [None req-523bcc62-976d-4201-beeb-5a2ea884ee1c de2fef85618344c2a2fb63d3cd772090 07ac4808098946aa8862306dfeae5b93 - - default default] Successfully bumped revision number for resource cd53638d-2c8e-4b0b-af17-4d394066ce87 (type: security_groups) to 1
2026-05-08 00:30:18.445 10 INFO neutron.db.ovn_revision_numbers_db [None req-523bcc62-976d-4201-beeb-5a2ea884ee1c de2fef85618344c2a2fb63d3cd772090 07ac4808098946aa8862306dfeae5b93 - - default default] Successfully bumped revision number for resource 00ad02f6-0761-41fa-acec-9744572c2178 (type: security_group_rules) to 0
2026-05-08 00:30:18.458 10 INFO neutron.db.ovn_revision_numbers_db [None req-523bcc62-976d-4201-beeb-5a2ea884ee1c de2fef85618344c2a2fb63d3cd772090 07ac4808098946aa8862306dfeae5b93 - - default default] Successfully bumped revision number for resource 5b8df6fa-3697-4334-a794-8b08ca8c6a7a (type: security_group_rules) to 0
2026-05-08 00:30:18.469 10 INFO neutron.db.ovn_revision_numbers_db [None req-523bcc62-976d-4201-beeb-5a2ea884ee1c de2fef85618344c2a2fb63d3cd772090 07ac4808098946aa8862306dfeae5b93 - - default default] Successfully bumped revision number for resource d5de023e-2c6a-4e6d-9a87-5a76879688e3 (type: security_group_rules) to 0
2026-05-08 00:30:18.482 10 INFO neutron.db.ovn_revision_numbers_db [None req-523bcc62-976d-4201-beeb-5a2ea884ee1c de2fef85618344c2a2fb63d3cd772090 07ac4808098946aa8862306dfeae5b93 - - default default] Successfully bumped revision number for resource fa5e990b-d2cc-4c28-95d0-ed2aefb18276 (type: security_group_rules) to 0
2026-05-08 00:30:18.541 10 INFO neutron.db.segments_db [None req-523bcc62-976d-4201-beeb-5a2ea884ee1c de2fef85618344c2a2fb63d3cd772090 07ac4808098946aa8862306dfeae5b93 - - default default] Added segment 3ffaf9f2-1950-4ab5-8236-ffeb32368352 of type geneve for network cb11a0e4-b847-49cd-9ee4-9bbfd1b6a3cb
2026-05-08 00:30:18.639 10 INFO neutron.db.ovn_revision_numbers_db [None req-523bcc62-976d-4201-beeb-5a2ea884ee1c de2fef85618344c2a2fb63d3cd772090 07ac4808098946aa8862306dfeae5b93 - - default default] Successfully bumped revision number for resource cb11a0e4-b847-49cd-9ee4-9bbfd1b6a3cb (type: networks) to 1
2026-05-08 00:30:18.784 10 WARNING neutron.scheduler.dhcp_agent_scheduler [None req-523bcc62-976d-4201-beeb-5a2ea884ee1c de2fef85618344c2a2fb63d3cd772090 07ac4808098946aa8862306dfeae5b93 - - default default] No more DHCP agents
2026-05-08 00:30:18.785 10 WARNING neutron.api.rpc.agentnotifiers.dhcp_rpc_agent_api [None req-523bcc62-976d-4201-beeb-5a2ea884ee1c de2fef85618344c2a2fb63d3cd772090 07ac4808098946aa8862306dfeae5b93 - - default default] Unable to schedule network cb11a0e4-b847-49cd-9ee4-9bbfd1b6a3cb: no agents available; will retry on subsequent port and subnet creation events.
2026-05-08 00:30:18.864 10 INFO neutron.db.ovn_revision_numbers_db [None req-523bcc62-976d-4201-beeb-5a2ea884ee1c de2fef85618344c2a2fb63d3cd772090 07ac4808098946aa8862306dfeae5b93 - - default default] Successfully bumped revision number for resource e1e837f8-d736-4611-8edc-ce7466cdb713 (type: ports) to 1
2026-05-08 00:30:18.882 10 INFO neutron.api.wsgi [None req-523bcc62-976d-4201-beeb-5a2ea884ee1c de2fef85618344c2a2fb63d3cd772090 07ac4808098946aa8862306dfeae5b93 - - default default] 10.0.0.37 "POST /v2.0/networks HTTP/1.1" status: 201 len: 848 time: 0.7417727
2026-05-08 00:30:18.891 10 WARNING neutron_lib.context [None req-a8849621-a075-451d-a06f-e2df6ef4e023 de2fef85618344c2a2fb63d3cd772090 07ac4808098946aa8862306dfeae5b93 - - default default] Method 'is_advsvc' is deprecated since 2023.2 release (neutron-lib 3.8.0) and will be removed once support for the old RBAC API policies will be removed from Neutron. Please use method 'is_service_role' instead.
2026-05-08 00:30:19.080 10 WARNING neutron.scheduler.dhcp_agent_scheduler [None req-a8849621-a075-451d-a06f-e2df6ef4e023 de2fef85618344c2a2fb63d3cd772090 07ac4808098946aa8862306dfeae5b93 - - default default] No more DHCP agents
2026-05-08 00:30:19.082 10 WARNING neutron.api.rpc.agentnotifiers.dhcp_rpc_agent_api [None req-a8849621-a075-451d-a06f-e2df6ef4e023 de2fef85618344c2a2fb63d3cd772090 07ac4808098946aa8862306dfeae5b93 - - default default] Unable to schedule network cb11a0e4-b847-49cd-9ee4-9bbfd1b6a3cb: no agents available; will retry on subsequent port and subnet creation events.
2026-05-08 00:30:19.134 10 INFO neutron.db.ovn_revision_numbers_db [None req-a8849621-a075-451d-a06f-e2df6ef4e023 de2fef85618344c2a2fb63d3cd772090 07ac4808098946aa8862306dfeae5b93 - - default default] Successfully bumped revision number for resource e254ef03-2bde-4354-8b18-18a2cec2d94d (type: ports) to 1
2026-05-08 00:30:19.149 10 INFO neutron.api.wsgi [None req-a8849621-a075-451d-a06f-e2df6ef4e023 de2fef85618344c2a2fb63d3cd772090 07ac4808098946aa8862306dfeae5b93 - - default default] 10.0.0.37 "POST /v2.0/ports HTTP/1.1" status: 201 len: 976 time: 0.2628274 /var/lib/openstack/lib/python3.12/site-packages/pycadf/identifier.py:71: UserWarning: Invalid uuid: neutron. To ensure interoperability, identifiers should be a valid uuid. warnings.warn(('Invalid uuid: %s. To ensure interoperability, '
2026-05-08 00:30:19.157 10 WARNING neutron_lib.context [None req-26209ebd-e6c9-497e-850b-ce0c9c12b620 de2fef85618344c2a2fb63d3cd772090 07ac4808098946aa8862306dfeae5b93 - - default default] Method 'is_advsvc' is deprecated since 2023.2 release (neutron-lib 3.8.0) and will be removed once support for the old RBAC API policies will be removed from Neutron. Please use method 'is_service_role' instead.
2026-05-08 00:30:19.225 10 INFO neutron.db.segments_db [None req-26209ebd-e6c9-497e-850b-ce0c9c12b620 de2fef85618344c2a2fb63d3cd772090 07ac4808098946aa8862306dfeae5b93 - - default default] Added segment 65c4e134-4318-4744-9869-dc702736ffd6 of type geneve for network cc132d7f-b12e-43da-8fdf-353b71ddbf5e
2026-05-08 00:30:19.367 10 INFO neutron.db.ovn_revision_numbers_db [None req-26209ebd-e6c9-497e-850b-ce0c9c12b620 de2fef85618344c2a2fb63d3cd772090 07ac4808098946aa8862306dfeae5b93 - - default default] Successfully bumped revision number for resource cc132d7f-b12e-43da-8fdf-353b71ddbf5e (type: networks) to 1
2026-05-08 00:30:19.523 10 WARNING neutron.scheduler.dhcp_agent_scheduler [None req-26209ebd-e6c9-497e-850b-ce0c9c12b620 de2fef85618344c2a2fb63d3cd772090 07ac4808098946aa8862306dfeae5b93 - - default default] No more DHCP agents
2026-05-08 00:30:19.524 10 WARNING neutron.api.rpc.agentnotifiers.dhcp_rpc_agent_api [None req-26209ebd-e6c9-497e-850b-ce0c9c12b620 de2fef85618344c2a2fb63d3cd772090 07ac4808098946aa8862306dfeae5b93 - - default default] Unable to schedule network cc132d7f-b12e-43da-8fdf-353b71ddbf5e: no agents available; will retry on subsequent port and subnet creation events.
2026-05-08 00:30:19.586 10 INFO neutron.db.ovn_revision_numbers_db [None req-26209ebd-e6c9-497e-850b-ce0c9c12b620 de2fef85618344c2a2fb63d3cd772090 07ac4808098946aa8862306dfeae5b93 - - default default] Successfully bumped revision number for resource 6dc88fd7-0b72-4662-9fb5-ea29c455f55f (type: ports) to 1
2026-05-08 00:30:19.604 10 INFO neutron.api.wsgi [None req-26209ebd-e6c9-497e-850b-ce0c9c12b620 de2fef85618344c2a2fb63d3cd772090 07ac4808098946aa8862306dfeae5b93 - - default default] 10.0.0.37 "POST /v2.0/networks HTTP/1.1" status: 201 len: 835 time: 0.4497867
2026-05-08 00:30:19.614 10 WARNING neutron_lib.context [None req-0779c78c-c501-44db-ac1c-fa3b43859582 de2fef85618344c2a2fb63d3cd772090 07ac4808098946aa8862306dfeae5b93 - - default default] Method 'is_advsvc' is deprecated since 2023.2 release (neutron-lib 3.8.0) and will be removed once support for the old RBAC API policies will be removed from Neutron. Please use method 'is_service_role' instead.
2026-05-08 00:30:19.770 10 WARNING neutron.scheduler.dhcp_agent_scheduler [None req-0779c78c-c501-44db-ac1c-fa3b43859582 de2fef85618344c2a2fb63d3cd772090 07ac4808098946aa8862306dfeae5b93 - - default default] No more DHCP agents
2026-05-08 00:30:19.772 10 WARNING neutron.api.rpc.agentnotifiers.dhcp_rpc_agent_api [None req-0779c78c-c501-44db-ac1c-fa3b43859582 de2fef85618344c2a2fb63d3cd772090 07ac4808098946aa8862306dfeae5b93 - - default default] Unable to schedule network cc132d7f-b12e-43da-8fdf-353b71ddbf5e: no agents available; will retry on subsequent port and subnet creation events.
2026-05-08 00:30:19.799 10 INFO neutron.db.ovn_revision_numbers_db [None req-0779c78c-c501-44db-ac1c-fa3b43859582 de2fef85618344c2a2fb63d3cd772090 07ac4808098946aa8862306dfeae5b93 - - default default] Successfully bumped revision number for resource 653ee07e-4040-4226-b8be-de27375c9f61 (type: subnets) to 0
2026-05-08 00:30:19.810 10 INFO neutron.api.wsgi [None req-0779c78c-c501-44db-ac1c-fa3b43859582 de2fef85618344c2a2fb63d3cd772090 07ac4808098946aa8862306dfeae5b93 - - default default] 10.0.0.37 "POST /v2.0/subnets HTTP/1.1" status: 201 len: 845 time: 0.1999862
2026-05-08 00:30:19.818 10 WARNING neutron_lib.context [None req-73b987b4-2eb3-429f-b5b7-c70daf62ec6b de2fef85618344c2a2fb63d3cd772090 07ac4808098946aa8862306dfeae5b93 - - default default] Method 'is_advsvc' is deprecated since 2023.2 release (neutron-lib 3.8.0) and will be removed once support for the old RBAC API policies will be removed from Neutron. Please use method 'is_service_role' instead.
2026-05-08 00:30:20.099 10 WARNING neutron.scheduler.dhcp_agent_scheduler [None req-73b987b4-2eb3-429f-b5b7-c70daf62ec6b de2fef85618344c2a2fb63d3cd772090 07ac4808098946aa8862306dfeae5b93 - - default default] No more DHCP agents
2026-05-08 00:30:20.100 10 WARNING neutron.api.rpc.agentnotifiers.dhcp_rpc_agent_api [None req-73b987b4-2eb3-429f-b5b7-c70daf62ec6b de2fef85618344c2a2fb63d3cd772090 07ac4808098946aa8862306dfeae5b93 - - default default] Unable to schedule network cc132d7f-b12e-43da-8fdf-353b71ddbf5e: no agents available; will retry on subsequent port and subnet creation events.
2026-05-08 00:30:20.186 10 INFO neutron.db.ovn_revision_numbers_db [None req-73b987b4-2eb3-429f-b5b7-c70daf62ec6b de2fef85618344c2a2fb63d3cd772090 07ac4808098946aa8862306dfeae5b93 - - default default] Successfully bumped revision number for resource 446afe8c-dbbc-48b5-8aae-b1231f1a7f24 (type: ports) to 1
2026-05-08 00:30:20.211 10 INFO neutron.api.wsgi [None req-73b987b4-2eb3-429f-b5b7-c70daf62ec6b de2fef85618344c2a2fb63d3cd772090 07ac4808098946aa8862306dfeae5b93 - - default default] 10.0.0.37 "POST /v2.0/ports HTTP/1.1" status: 201 len: 1165 time: 0.3975642 /var/lib/openstack/lib/python3.12/site-packages/pycadf/identifier.py:71: UserWarning: Invalid uuid: neutron. To ensure interoperability, identifiers should be a valid uuid. warnings.warn(('Invalid uuid: %s. To ensure interoperability, '
2026-05-08 00:30:20.450 10 INFO neutron.api.wsgi [None req-8e264f59-f73d-4904-af15-f61d2eacae8c de2fef85618344c2a2fb63d3cd772090 07ac4808098946aa8862306dfeae5b93 - - default default] 10.0.0.37 "DELETE /v2.0/ports/446afe8c-dbbc-48b5-8aae-b1231f1a7f24 HTTP/1.1" status: 204 len: 168 time: 0.2346883
2026-05-08 00:30:20.468 10 INFO neutron.pecan_wsgi.hooks.translation [None req-45e4b282-0f4e-42ab-b7e7-f2be7e77bece de2fef85618344c2a2fb63d3cd772090 07ac4808098946aa8862306dfeae5b93 - - default default] DELETE failed (client error): The resource could not be found.
2026-05-08 00:30:20.470 10 INFO neutron.api.wsgi [None req-45e4b282-0f4e-42ab-b7e7-f2be7e77bece de2fef85618344c2a2fb63d3cd772090 07ac4808098946aa8862306dfeae5b93 - - default default] 10.0.0.37 "DELETE /v2.0/ports/446afe8c-dbbc-48b5-8aae-b1231f1a7f24 HTTP/1.1" status: 404 len: 333 time: 0.0150466
2026-05-08 00:30:20.485 10 INFO neutron.pecan_wsgi.hooks.translation [None req-9693e965-9c99-4bb9-8b8e-3268ac4d5a66 de2fef85618344c2a2fb63d3cd772090 07ac4808098946aa8862306dfeae5b93 - - default default] GET failed (client error): The resource could not be found.
2026-05-08 00:30:20.486 10 INFO neutron.api.wsgi [None req-9693e965-9c99-4bb9-8b8e-3268ac4d5a66 de2fef85618344c2a2fb63d3cd772090 07ac4808098946aa8862306dfeae5b93 - - default default] 10.0.0.37 "GET /v2.0/ports/446afe8c-dbbc-48b5-8aae-b1231f1a7f24 HTTP/1.1" status: 404 len: 333 time: 0.0116320
2026-05-08 00:30:20.611 10 INFO neutron.api.wsgi [None req-8ab88178-7c5d-4267-bbf6-b36ea36d4485 de2fef85618344c2a2fb63d3cd772090 07ac4808098946aa8862306dfeae5b93 - - default default] 10.0.0.37 "DELETE /v2.0/subnets/653ee07e-4040-4226-b8be-de27375c9f61 HTTP/1.1" status: 204 len: 168 time: 0.1218209
2026-05-08 00:30:20.868 10 INFO neutron.services.segments.plugin [-] Segment 65c4e134-4318-4744-9869-dc702736ffd6 resource provider aggregate not found
2026-05-08 00:30:20.871 10 INFO neutron.services.segments.plugin [-] Segment 65c4e134-4318-4744-9869-dc702736ffd6 resource provider aggregate not found
2026-05-08 00:30:20.885 10 INFO neutron.services.segments.plugin [-] Segment 65c4e134-4318-4744-9869-dc702736ffd6 resource provider not found; error: Placement Client Error (4xx): {"errors": [{"status": 404, "title": "Not Found", "detail": "The resource could not be found.\n\n No resource provider with uuid 65c4e134-4318-4744-9869-dc702736ffd6 found for delete ", "request_id": "req-7987dea0-f540-4091-9ed8-59e4dac2f8d0"}]}
2026-05-08 00:30:20.886 10 INFO neutron.services.segments.plugin [-] Segment 65c4e134-4318-4744-9869-dc702736ffd6 resource provider not found; error: Placement Client Error (4xx): {"errors": [{"status": 404, "title": "Not Found", "detail": "The resource could not be found.\n\n No resource provider with uuid 65c4e134-4318-4744-9869-dc702736ffd6 found for delete ", "request_id": "req-cad01d28-8987-4c66-bb28-e2fb45d0b5c0"}]}
2026-05-08 00:30:20.912 10 INFO neutron.api.wsgi [None req-a3c85d28-4fae-470e-ab95-8c18a813c165 de2fef85618344c2a2fb63d3cd772090 07ac4808098946aa8862306dfeae5b93 - - default default] 10.0.0.37 "DELETE /v2.0/networks/cc132d7f-b12e-43da-8fdf-353b71ddbf5e HTTP/1.1" status: 204 len: 168 time: 0.2965908
2026-05-08 00:30:20.919 10 WARNING neutron_lib.context [None req-abfd3282-c49a-4a57-b7a6-e189265dbd7f de2fef85618344c2a2fb63d3cd772090 07ac4808098946aa8862306dfeae5b93 - - default default] Method 'is_advsvc' is deprecated since 2023.2 release (neutron-lib 3.8.0) and will be removed once support for the old RBAC API policies will be removed from Neutron. Please use method 'is_service_role' instead.
2026-05-08 00:30:20.991 10 INFO neutron.db.segments_db [None req-abfd3282-c49a-4a57-b7a6-e189265dbd7f de2fef85618344c2a2fb63d3cd772090 07ac4808098946aa8862306dfeae5b93 - - default default] Added segment 74d2856b-4566-4645-a470-e9d8bd7cbf25 of type geneve for network e3b9984f-0020-4bab-9495-2c86d7660721
2026-05-08 00:30:21.098 10 INFO neutron.db.ovn_revision_numbers_db [None req-abfd3282-c49a-4a57-b7a6-e189265dbd7f de2fef85618344c2a2fb63d3cd772090 07ac4808098946aa8862306dfeae5b93 - - default default] Successfully bumped revision number for resource e3b9984f-0020-4bab-9495-2c86d7660721 (type: networks) to 1
2026-05-08 00:30:21.247 10 WARNING neutron.scheduler.dhcp_agent_scheduler [None req-abfd3282-c49a-4a57-b7a6-e189265dbd7f de2fef85618344c2a2fb63d3cd772090 07ac4808098946aa8862306dfeae5b93 - - default default] No more DHCP agents
2026-05-08 00:30:21.248 10 WARNING neutron.api.rpc.agentnotifiers.dhcp_rpc_agent_api [None req-abfd3282-c49a-4a57-b7a6-e189265dbd7f de2fef85618344c2a2fb63d3cd772090 07ac4808098946aa8862306dfeae5b93 - - default default] Unable to schedule network e3b9984f-0020-4bab-9495-2c86d7660721: no agents available; will retry on subsequent port and subnet creation events.
2026-05-08 00:30:21.310 10 INFO neutron.db.ovn_revision_numbers_db [None req-abfd3282-c49a-4a57-b7a6-e189265dbd7f de2fef85618344c2a2fb63d3cd772090 07ac4808098946aa8862306dfeae5b93 - - default default] Successfully bumped revision number for resource dafd9b3f-e122-4961-92d0-763563a1022d (type: ports) to 1
2026-05-08 00:30:21.331 10 INFO neutron.api.wsgi [None req-abfd3282-c49a-4a57-b7a6-e189265dbd7f de2fef85618344c2a2fb63d3cd772090 07ac4808098946aa8862306dfeae5b93 - - default default] 10.0.0.37 "POST /v2.0/networks HTTP/1.1" status: 201 len: 832 time: 0.4155357
2026-05-08 00:30:21.345 9 WARNING neutron_lib.context [None req-d85c89fa-3818-4fba-a098-ade5d2906ce7 de2fef85618344c2a2fb63d3cd772090 07ac4808098946aa8862306dfeae5b93 - - default default] Method 'is_advsvc' is deprecated since 2023.2 release (neutron-lib 3.8.0) and will be removed once support for the old RBAC API policies will be removed from Neutron. Please use method 'is_service_role' instead.
2026-05-08 00:30:21.420 10 INFO neutron.api.wsgi [req-c1a489da-3628-40d0-ab9c-33d98eff99c4 req-8c6941d3-1531-4738-9f8a-ceec147279e3 c51b260a9d7e41f1b9087da72b93cdb8 7089b279f72c42ab80299d8ca9311648 - - default default] 10.0.0.250 "GET /v2.0/ports?device_id=d655cdfa-34d7-4a92-accd-a69fe12d4b1a HTTP/1.1" status: 200 len: 1174 time: 0.0638356
2026-05-08 00:30:21.452 10 INFO neutron.api.wsgi [req-c1a489da-3628-40d0-ab9c-33d98eff99c4 req-3382cf17-876f-4a8d-bf95-3c940e9cf376 c51b260a9d7e41f1b9087da72b93cdb8 7089b279f72c42ab80299d8ca9311648 - - default default] 10.0.0.250 "GET /v2.0/security-groups?id=7047f0c2-39be-46ba-9c55-ad1d786915b4&fields=id&fields=name HTTP/1.1" status: 200 len: 312 time: 0.0269568
2026-05-08 00:30:21.535 9 WARNING neutron.scheduler.dhcp_agent_scheduler [None req-d85c89fa-3818-4fba-a098-ade5d2906ce7 de2fef85618344c2a2fb63d3cd772090 07ac4808098946aa8862306dfeae5b93 - - default default] No more DHCP agents
2026-05-08 00:30:21.536 9 WARNING neutron.api.rpc.agentnotifiers.dhcp_rpc_agent_api [None req-d85c89fa-3818-4fba-a098-ade5d2906ce7 de2fef85618344c2a2fb63d3cd772090 07ac4808098946aa8862306dfeae5b93 - - default default] Unable to schedule network e3b9984f-0020-4bab-9495-2c86d7660721: no agents available; will retry on subsequent port and subnet creation events.
2026-05-08 00:30:21.562 9 INFO neutron.db.ovn_revision_numbers_db [None req-d85c89fa-3818-4fba-a098-ade5d2906ce7 de2fef85618344c2a2fb63d3cd772090 07ac4808098946aa8862306dfeae5b93 - - default default] Successfully bumped revision number for resource 2078caf9-b740-412f-a3bc-fed17e5d7cbe (type: subnets) to 0
2026-05-08 00:30:21.578 9 INFO neutron.api.wsgi [None req-d85c89fa-3818-4fba-a098-ade5d2906ce7 de2fef85618344c2a2fb63d3cd772090 07ac4808098946aa8862306dfeae5b93 - - default default] 10.0.0.37 "POST /v2.0/subnets HTTP/1.1" status: 201 len: 845 time: 0.2398334
2026-05-08 00:30:21.586 9 WARNING neutron_lib.context [None req-be5b7b2f-bb50-4042-b231-d44bfde280ef de2fef85618344c2a2fb63d3cd772090 07ac4808098946aa8862306dfeae5b93 - - default default] Method 'is_advsvc' is deprecated since 2023.2 release (neutron-lib 3.8.0) and will be removed once support for the old RBAC API policies will be removed from Neutron. Please use method 'is_service_role' instead.
2026-05-08 00:30:21.628 10 INFO neutron.api.wsgi [req-76cf0417-3179-458d-9e04-ee1f95eb0248 req-568636fb-ae54-4f18-a740-238749e1de11 c51b260a9d7e41f1b9087da72b93cdb8 7089b279f72c42ab80299d8ca9311648 - - default default] 10.0.0.250 "GET /v2.0/ports?device_id=d655cdfa-34d7-4a92-accd-a69fe12d4b1a HTTP/1.1" status: 200 len: 1174 time: 0.0345297
2026-05-08 00:30:21.663 10 INFO neutron.api.wsgi [req-76cf0417-3179-458d-9e04-ee1f95eb0248 req-11bb9b65-d42d-494d-af96-2992b4a6a5d5 c51b260a9d7e41f1b9087da72b93cdb8 7089b279f72c42ab80299d8ca9311648 - - default default] 10.0.0.250 "GET /v2.0/security-groups?id=7047f0c2-39be-46ba-9c55-ad1d786915b4&fields=id&fields=name HTTP/1.1" status: 200 len: 312 time: 0.0280623
