2026-05-08 00:32:12.450 10 INFO neutron.api.wsgi [req-bc426561-afbd-484a-93e2-617774f33183 req-9c5d883b-2547-4b0e-ac80-f5eb0cd0360f 90341790c194485fb3dfa03175ef9ceb ff7fd202c5bc4791a1c52d3ae02bc3cd - - default default] 10.0.0.250 "GET /v2.0/ports?device_id=dfb1296d-70d5-4e35-8a8a-310ee26315d3 HTTP/1.1" status: 200 len: 210 time: 0.0190568
2026-05-08 00:32:12.451 9 INFO neutron.api.wsgi [None req-ddd0a27c-cc73-4a6a-a96a-d850fda02bbc 3f14c242cd194911875d7046a03992c2 c4686536e97c4b4fbf823db885eeec56 - - default default] 10.0.0.37 "GET /v2.0/subnets?tags=red%2Cblue HTTP/1.1" status: 200 len: 1478 time: 0.0345438
2026-05-08 00:32:12.487 9 INFO neutron.api.wsgi [None req-f12c7c6e-f16c-4d31-a7b4-3c0e6631adf6 3f14c242cd194911875d7046a03992c2 c4686536e97c4b4fbf823db885eeec56 - - default default] 10.0.0.37 "GET /v2.0/subnets?tags-any=blue HTTP/1.1" status: 200 len: 1478 time: 0.0328999
2026-05-08 00:32:12.515 9 INFO neutron.api.wsgi [None req-ed202a6c-5ddd-4bd3-b380-bc96583bc259 3f14c242cd194911875d7046a03992c2 c4686536e97c4b4fbf823db885eeec56 - - default default] 10.0.0.37 "GET /v2.0/subnets?tags-any=red%2Cblue HTTP/1.1" status: 200 len: 2099 time: 0.0241153
2026-05-08 00:32:12.552 9 INFO neutron.api.wsgi [None req-3c386383-86e0-4438-ab2d-f3cddcb08bb3 3f14c242cd194911875d7046a03992c2 c4686536e97c4b4fbf823db885eeec56 - - default default] 10.0.0.37 "GET /v2.0/subnets?not-tags=red HTTP/1.1" status: 200 len: 2089 time: 0.0342414
2026-05-08 00:32:12.592 9 INFO neutron.api.wsgi [None req-7f0ee009-e117-4ceb-bc94-aabe23a4d290 3f14c242cd194911875d7046a03992c2 c4686536e97c4b4fbf823db885eeec56 - - default default] 10.0.0.37 "GET /v2.0/subnets?not-tags=red%2Cblue HTTP/1.1" status: 200 len: 2710 time: 0.0363183
2026-05-08 00:32:12.627 9 INFO neutron.api.wsgi [None req-68efd463-94b3-4d4d-918b-bcc136d270df 3f14c242cd194911875d7046a03992c2 c4686536e97c4b4fbf823db885eeec56 - - default default] 10.0.0.37 "GET /v2.0/subnets?not-tags-any=blue HTTP/1.1" status: 200 len: 2710 time: 0.0322289
2026-05-08 00:32:12.658 9 INFO neutron.api.wsgi [None req-c3739db9-452d-4c8c-aa0c-0cded4164c54 3f14c242cd194911875d7046a03992c2 c4686536e97c4b4fbf823db885eeec56 - - default default] 10.0.0.37 "GET /v2.0/subnets?not-tags-any=red%2Cblue HTTP/1.1" status: 200 len: 2089 time: 0.0258431
2026-05-08 00:32:12.795 9 INFO neutron.api.wsgi [None req-07327c29-fe1e-4be9-b13b-1cebae24ebd4 3f14c242cd194911875d7046a03992c2 c4686536e97c4b4fbf823db885eeec56 - - default default] 10.0.0.37 "DELETE /v2.0/subnets/45c89b0b-9c9e-4661-8c74-08e9c915cb12 HTTP/1.1" status: 204 len: 168 time: 0.1316588
2026-05-08 00:32:12.938 9 INFO neutron.api.wsgi [None req-a9d11744-52cb-4375-a9d4-8fbaf4fb0d44 3f14c242cd194911875d7046a03992c2 c4686536e97c4b4fbf823db885eeec56 - - default default] 10.0.0.37 "DELETE /v2.0/subnets/8d297720-9129-4254-9bc6-453d6cb8c8f8 HTTP/1.1" status: 204 len: 168 time: 0.1377106
2026-05-08 00:32:13.100 9 INFO neutron.api.wsgi [None req-64b71dd4-7d3d-4b1d-b8e9-951bae12e95d 3f14c242cd194911875d7046a03992c2 c4686536e97c4b4fbf823db885eeec56 - - default default] 10.0.0.37 "DELETE /v2.0/subnets/122a9edb-130d-4b55-b529-e1f374af94a9 HTTP/1.1" status: 204 len: 168 time: 0.1567681
2026-05-08 00:32:13.253 9 INFO neutron.api.wsgi [None req-7cf91cc8-5e70-421a-bebf-476decd3870d 3f14c242cd194911875d7046a03992c2 c4686536e97c4b4fbf823db885eeec56 - - default default] 10.0.0.37 "DELETE /v2.0/subnets/6b21ea99-89a0-4688-80c0-9a22b61fa80d HTTP/1.1" status: 204 len: 168 time: 0.1480951
2026-05-08 00:32:13.404 9 INFO neutron.api.wsgi [None req-82a890e9-1246-487d-b360-ab7b6f47a743 3f14c242cd194911875d7046a03992c2 c4686536e97c4b4fbf823db885eeec56 - - default default] 10.0.0.37 "DELETE /v2.0/subnets/4feb23c1-2831-4394-8312-5fafa220ae15 HTTP/1.1" status: 204 len: 168 time: 0.1455715
2026-05-08 00:32:13.649 10 INFO neutron.api.wsgi [None req-c5abd848-2c35-4bea-984c-855ba935a5cf 90341790c194485fb3dfa03175ef9ceb ff7fd202c5bc4791a1c52d3ae02bc3cd - - default default] 10.0.0.37 "DELETE /v2.0/security-groups/bc4c7fd9-e16c-48b7-af54-b71aa0d5e1e1 HTTP/1.1" status: 204 len: 168 time: 0.1496694
2026-05-08 00:32:13.721 9 INFO neutron.services.segments.plugin [-] Segment 3f6dea79-0883-4e9c-9723-be0b2c8b6cc9 resource provider aggregate not found
2026-05-08 00:32:13.724 9 INFO neutron.services.segments.plugin [-] Segment 3f6dea79-0883-4e9c-9723-be0b2c8b6cc9 resource provider aggregate not found
2026-05-08 00:32:13.736 9 INFO neutron.services.segments.plugin [-] Segment 3f6dea79-0883-4e9c-9723-be0b2c8b6cc9 resource provider not found; error: Placement Client Error (4xx): {"errors": [{"status": 404, "title": "Not Found", "detail": "The resource could not be found.\n\n No resource provider with uuid 3f6dea79-0883-4e9c-9723-be0b2c8b6cc9 found for delete ", "request_id": "req-276343fe-b6f8-4520-bca0-152fa3d47dad"}]}
2026-05-08 00:32:13.743 9 INFO neutron.services.segments.plugin [-] Segment 3f6dea79-0883-4e9c-9723-be0b2c8b6cc9 resource provider not found; error: Placement Client Error (4xx): {"errors": [{"status": 404, "title": "Not Found", "detail": "The resource could not be found.\n\n No resource provider with uuid 3f6dea79-0883-4e9c-9723-be0b2c8b6cc9 found for delete ", "request_id": "req-cbc10c90-4fb9-4805-9678-ca2f78f47305"}]}
2026-05-08 00:32:13.755 9 INFO neutron.api.wsgi [None req-baa1f9bd-1cb7-401f-810c-37f51bed02d6 3f14c242cd194911875d7046a03992c2 c4686536e97c4b4fbf823db885eeec56 - - default default] 10.0.0.37 "DELETE /v2.0/networks/66228e18-964e-40e1-89b4-91c0caf9f539 HTTP/1.1" status: 204 len: 168 time: 0.3459473
2026-05-08 00:32:13.930 10 INFO neutron.api.wsgi [None req-8ed7fa67-dc33-4100-b711-e5a65eec4e8b 90341790c194485fb3dfa03175ef9ceb ff7fd202c5bc4791a1c52d3ae02bc3cd - - default default] 10.0.0.37 "DELETE /v2.0/floatingips/3fa9c694-8816-4ae6-bd6e-23048e3aad69 HTTP/1.1" status: 204 len: 168 time: 0.2489767
2026-05-08 00:32:14.039 9 INFO neutron.api.wsgi [None req-62dd53d9-7b8f-4c14-9e6b-23cb62d2badd 3f14c242cd194911875d7046a03992c2 c4686536e97c4b4fbf823db885eeec56 - - default default] 10.0.0.37 "DELETE /v2.0/networks/163f6351-724e-4b54-b84a-f79128fcab6d HTTP/1.1" status: 204 len: 168 time: 0.2793703
2026-05-08 00:32:14.122 10 INFO neutron.api.wsgi [req-6441fa39-80a0-489e-b36e-acbe2b01d6c8 req-f00d26d0-7850-473e-9fd5-734e8f79726d 90341790c194485fb3dfa03175ef9ceb ff7fd202c5bc4791a1c52d3ae02bc3cd - - default default] 10.0.0.250 "GET /v2.0/ports?device_id=c4bdfd46-6486-47c3-b0da-725ee836203c HTTP/1.1" status: 200 len: 1174 time: 0.0662341
2026-05-08 00:32:14.160 10 INFO neutron.api.wsgi [req-6441fa39-80a0-489e-b36e-acbe2b01d6c8 req-6094c6be-62aa-4956-a381-f1f5f2810313 90341790c194485fb3dfa03175ef9ceb ff7fd202c5bc4791a1c52d3ae02bc3cd - - default default] 10.0.0.250 "GET /v2.0/security-groups?id=4a9c2f7a-39a4-4670-8b88-aeaa406c8665&fields=id&fields=name HTTP/1.1" status: 200 len: 313 time: 0.0295949
2026-05-08 00:32:14.329 9 INFO neutron.api.wsgi [None req-f942f99d-1895-4e42-a192-73367f00eccd 3f14c242cd194911875d7046a03992c2 c4686536e97c4b4fbf823db885eeec56 - - default default] 10.0.0.37 "DELETE /v2.0/networks/c7eebd39-402c-4030-89be-e943e4896ead HTTP/1.1" status: 204 len: 168 time: 0.2868893
2026-05-08 00:32:14.615 9 INFO neutron.plugins.ml2.drivers.ovn.mech_driver.mech_driver [None req-1b4951c0-0709-4297-8f8c-0cab2f004215 - - - - - -] OVN reports status down for port: 07bdc1fc-3f37-4c3f-b65e-09d3003d79f1
2026-05-08 00:32:14.625 9 INFO neutron.api.wsgi [None req-481e91cf-a4db-4c80-82ae-c8bfeca78e0e 3f14c242cd194911875d7046a03992c2 c4686536e97c4b4fbf823db885eeec56 - - default default] 10.0.0.37 "DELETE /v2.0/networks/df7d192e-04a4-4b7f-acb4-ca3099bb80a5 HTTP/1.1" status: 204 len: 168 time: 0.2911985
2026-05-08 00:32:14.735 9 INFO neutron.notifiers.nova [-] Nova event matching ['req-f325b047-7425-4371-9753-1dc73074fc6f'] response: {'server_uuid': 'c4bdfd46-6486-47c3-b0da-725ee836203c', 'name': 'network-vif-unplugged', 'status': 'completed', 'tag': '07bdc1fc-3f37-4c3f-b65e-09d3003d79f1', 'code': 200}
2026-05-08 00:32:14.827 9 INFO neutron.db.ovn_revision_numbers_db [None req-1b4951c0-0709-4297-8f8c-0cab2f004215 - - - - - -] Successfully bumped revision number for resource 07bdc1fc-3f37-4c3f-b65e-09d3003d79f1 (type: ports) to 6
2026-05-08 00:32:14.916 10 INFO neutron.services.segments.plugin [-] Segment 1af33690-924d-4ae2-9a3b-9f1fda366df3 resource provider aggregate not found
2026-05-08 00:32:14.921 10 INFO neutron.services.segments.plugin [-] Segment 1af33690-924d-4ae2-9a3b-9f1fda366df3 resource provider aggregate not found
2026-05-08 00:32:14.928 10 INFO neutron.services.segments.plugin [-] Segment 1af33690-924d-4ae2-9a3b-9f1fda366df3 resource provider not found; error: Placement Client Error (4xx): {"errors": [{"status": 404, "title": "Not Found", "detail": "The resource could not be found.\n\n No resource provider with uuid 1af33690-924d-4ae2-9a3b-9f1fda366df3 found for delete ", "request_id": "req-c4b1b3db-1923-4a45-a567-d049e27046ad"}]}
2026-05-08 00:32:14.934 10 INFO neutron.services.segments.plugin [-] Segment 1af33690-924d-4ae2-9a3b-9f1fda366df3 resource provider not found; error: Placement Client Error (4xx): {"errors": [{"status": 404, "title": "Not Found", "detail": "The resource could not be found.\n\n No resource provider with uuid 1af33690-924d-4ae2-9a3b-9f1fda366df3 found for delete ", "request_id": "req-0295e704-ffcb-4d7b-a9fc-01eb348dae3b"}]}
2026-05-08 00:32:14.939 10 INFO neutron.api.wsgi [None req-dd6d41c7-9455-44f8-974b-1d398f6035cd 3f14c242cd194911875d7046a03992c2 c4686536e97c4b4fbf823db885eeec56 - - default default] 10.0.0.37 "DELETE /v2.0/networks/579bef77-f8bc-4dbc-a665-be619652935f HTTP/1.1" status: 204 len: 168 time: 0.3104455
2026-05-08 00:32:15.254 10 INFO neutron.api.wsgi [req-e9361d58-34a1-4ded-9a3b-da7527222dca req-fdd4ffb6-f47c-4cca-b27d-cac5b2aaea8f 90341790c194485fb3dfa03175ef9ceb ff7fd202c5bc4791a1c52d3ae02bc3cd - - default default] 10.0.0.250 "GET /v2.0/ports?device_id=c4bdfd46-6486-47c3-b0da-725ee836203c HTTP/1.1" status: 200 len: 1172 time: 0.0332570
2026-05-08 00:32:15.293 10 INFO neutron.api.wsgi [req-e9361d58-34a1-4ded-9a3b-da7527222dca req-b6fc18f1-3ffd-4685-8f33-b3d7f3f6653a 90341790c194485fb3dfa03175ef9ceb ff7fd202c5bc4791a1c52d3ae02bc3cd - - default default] 10.0.0.250 "GET /v2.0/security-groups?id=4a9c2f7a-39a4-4670-8b88-aeaa406c8665&fields=id&fields=name HTTP/1.1" status: 200 len: 313 time: 0.0339284
2026-05-08 00:32:15.763 9 INFO neutron.services.segments.plugin [-] Segment edda3bf8-6927-49be-bd34-2d11a88e6a2b resource provider aggregate not found
2026-05-08 00:32:15.769 9 INFO neutron.services.segments.plugin [-] Segment edda3bf8-6927-49be-bd34-2d11a88e6a2b resource provider aggregate not found
2026-05-08 00:32:15.778 9 INFO neutron.services.segments.plugin [-] Segment edda3bf8-6927-49be-bd34-2d11a88e6a2b resource provider not found; error: Placement Client Error (4xx): {"errors": [{"status": 404, "title": "Not Found", "detail": "The resource could not be found.\n\n No resource provider with uuid edda3bf8-6927-49be-bd34-2d11a88e6a2b found for delete ", "request_id": "req-95181ffd-5ce7-464d-bbcd-804194743bdb"}]}
2026-05-08 00:32:15.785 9 INFO neutron.services.segments.plugin [-] Segment edda3bf8-6927-49be-bd34-2d11a88e6a2b resource provider not found; error: Placement Client Error (4xx): {"errors": [{"status": 404, "title": "Not Found", "detail": "The resource could not be found.\n\n No resource provider with uuid edda3bf8-6927-49be-bd34-2d11a88e6a2b found for delete ", "request_id": "req-e8a98e8a-4fa4-4d80-b443-3fd09d868f6b"}]}
2026-05-08 00:32:15.795 9 INFO neutron.services.segments.plugin [-] Segment ed7a37e8-297a-4e31-8837-1576a243db71 resource provider aggregate not found
2026-05-08 00:32:15.800 9 INFO neutron.services.segments.plugin [-] Segment ed7a37e8-297a-4e31-8837-1576a243db71 resource provider aggregate not found
2026-05-08 00:32:15.810 9 INFO neutron.services.segments.plugin [-] Segment ed7a37e8-297a-4e31-8837-1576a243db71 resource provider not found; error: Placement Client Error (4xx): {"errors": [{"status": 404, "title": "Not Found", "detail": "The resource could not be found.\n\n No resource provider with uuid ed7a37e8-297a-4e31-8837-1576a243db71 found for delete ", "request_id": "req-302b89ea-c6ac-4539-8524-c204d8be691b"}]}
2026-05-08 00:32:15.824 9 INFO neutron.services.segments.plugin [-] Segment ed7a37e8-297a-4e31-8837-1576a243db71 resource provider not found; error: Placement Client Error (4xx): {"errors": [{"status": 404, "title": "Not Found", "detail": "The resource could not be found.\n\n No resource provider with uuid ed7a37e8-297a-4e31-8837-1576a243db71 found for delete ", "request_id": "req-bb698c50-eb27-46e2-9cf0-f7be47ca109b"}]}
2026-05-08 00:32:15.829 9 INFO neutron.services.segments.plugin [-] Segment cb074cc4-d219-46ad-a949-e260e9a4c29d resource provider aggregate not found
2026-05-08 00:32:15.837 9 INFO neutron.services.segments.plugin [-] Segment cb074cc4-d219-46ad-a949-e260e9a4c29d resource provider not found; error: Placement Client Error (4xx): {"errors": [{"status": 404, "title": "Not Found", "detail": "The resource could not be found.\n\n No resource provider with uuid cb074cc4-d219-46ad-a949-e260e9a4c29d found for delete ", "request_id": "req-a0991749-93af-4dd7-a5c6-4c7e85e6be4e"}]}
2026-05-08 00:32:15.838 9 INFO neutron.services.segments.plugin [-] Segment cb074cc4-d219-46ad-a949-e260e9a4c29d resource provider aggregate not found
2026-05-08 00:32:15.838 10 INFO neutron.api.wsgi [req-65dd4752-5b7d-4ab1-ae76-e64d371ef845 req-49916415-ad3c-458d-af32-d0449240ec9b 90341790c194485fb3dfa03175ef9ceb ff7fd202c5bc4791a1c52d3ae02bc3cd - - default default] 199.19.213.168 "GET /v2.0/ports?device_id=c4bdfd46-6486-47c3-b0da-725ee836203c HTTP/1.1" status: 200 len: 1172 time: 0.0427732
2026-05-08 00:32:15.852 9 INFO neutron.services.segments.plugin [-] Segment cb074cc4-d219-46ad-a949-e260e9a4c29d resource provider not found; error: Placement Client Error (4xx): {"errors": [{"status": 404, "title": "Not Found", "detail": "The resource could not be found.\n\n No resource provider with uuid cb074cc4-d219-46ad-a949-e260e9a4c29d found for delete ", "request_id": "req-b96f3e73-6825-4bfc-8f1c-8775fcd1aadd"}]} /var/lib/openstack/lib/python3.12/site-packages/pycadf/identifier.py:71: UserWarning: Invalid uuid: neutron. To ensure interoperability, identifiers should be a valid uuid. warnings.warn(('Invalid uuid: %s. To ensure interoperability, '
2026-05-08 00:32:16.020 9 INFO neutron.db.ovn_revision_numbers_db [None req-309821f2-6ded-4abf-b261-c10703a458ba 754989ad745348c2842035e4c954ed15 1e434a98de034528963e385f4ee83562 - - default default] Successfully bumped revision number for resource 662d55e0-f581-4ba5-a2fd-979e3a6ac403 (type: security_groups) to 1
2026-05-08 00:32:16.032 9 INFO neutron.db.ovn_revision_numbers_db [None req-309821f2-6ded-4abf-b261-c10703a458ba 754989ad745348c2842035e4c954ed15 1e434a98de034528963e385f4ee83562 - - default default] Successfully bumped revision number for resource 53dad10b-93f9-4001-9e4d-7bd68d3ad1fd (type: security_group_rules) to 0
2026-05-08 00:32:16.043 9 INFO neutron.db.ovn_revision_numbers_db [None req-309821f2-6ded-4abf-b261-c10703a458ba 754989ad745348c2842035e4c954ed15 1e434a98de034528963e385f4ee83562 - - default default] Successfully bumped revision number for resource ac896b21-e6bf-4f29-aa1a-614ec6a30a55 (type: security_group_rules) to 0
2026-05-08 00:32:16.057 9 INFO neutron.db.ovn_revision_numbers_db [None req-309821f2-6ded-4abf-b261-c10703a458ba 754989ad745348c2842035e4c954ed15 1e434a98de034528963e385f4ee83562 - - default default] Successfully bumped revision number for resource cff058d5-05ef-4a16-ace1-2b34731c1e8d (type: security_group_rules) to 0
2026-05-08 00:32:16.076 9 INFO neutron.db.ovn_revision_numbers_db [None req-309821f2-6ded-4abf-b261-c10703a458ba 754989ad745348c2842035e4c954ed15 1e434a98de034528963e385f4ee83562 - - default default] Successfully bumped revision number for resource f36eed44-255a-4b71-9190-7ed03acc3ac4 (type: security_group_rules) to 0
2026-05-08 00:32:16.105 10 INFO neutron.api.wsgi [req-65dd4752-5b7d-4ab1-ae76-e64d371ef845 req-1bd255c8-7cdf-459f-96f5-609c48b4150f 90341790c194485fb3dfa03175ef9ceb ff7fd202c5bc4791a1c52d3ae02bc3cd - - default default] 199.19.213.168 "DELETE /v2.0/ports/07bdc1fc-3f37-4c3f-b65e-09d3003d79f1 HTTP/1.1" status: 204 len: 173 time: 0.2587454
2026-05-08 00:32:16.113 9 INFO neutron.api.wsgi [None req-309821f2-6ded-4abf-b261-c10703a458ba 754989ad745348c2842035e4c954ed15 1e434a98de034528963e385f4ee83562 - - default default] 10.0.0.37 "GET /v2.0/security-groups?tenant_id=66655ab7aa9741a4814d4d17dc657c87&name=default HTTP/1.1" status: 200 len: 3120 time: 0.4009058
2026-05-08 00:32:16.150 10 INFO neutron.notifiers.nova [-] Nova event matching ['req-033c3ff2-88fa-45f1-a2af-98bd4ac55aad'] response: {'server_uuid': 'c4bdfd46-6486-47c3-b0da-725ee836203c', 'name': 'network-vif-deleted', 'tag': '07bdc1fc-3f37-4c3f-b65e-09d3003d79f1', 'status': 'completed', 'code': 200}
2026-05-08 00:32:16.292 10 INFO neutron.api.wsgi [None req-8bd73b70-778f-4696-a30f-276cdaeeec6a 754989ad745348c2842035e4c954ed15 1e434a98de034528963e385f4ee83562 - - default default] 10.0.0.37 "DELETE /v2.0/security-groups/662d55e0-f581-4ba5-a2fd-979e3a6ac403 HTTP/1.1" status: 204 len: 168 time: 0.1745222
2026-05-08 00:32:16.378 10 INFO neutron.api.wsgi [req-6b03416d-78b6-42c2-95a1-7a177231600b req-61a422d6-77f1-4c45-9e6f-cbd3dd9f50ea 90341790c194485fb3dfa03175ef9ceb ff7fd202c5bc4791a1c52d3ae02bc3cd - - default default] 10.0.0.250 "GET /v2.0/ports?device_id=c4bdfd46-6486-47c3-b0da-725ee836203c HTTP/1.1" status: 200 len: 210 time: 0.0162365
2026-05-08 00:32:16.411 10 INFO neutron.api.wsgi [None req-4ebfd6ec-9f66-4831-9dc0-3315b74b2e46 754989ad745348c2842035e4c954ed15 1e434a98de034528963e385f4ee83562 - - default default] 10.0.0.37 "GET /v2.0/security-groups?tenant_id=c4686536e97c4b4fbf823db885eeec56&name=default HTTP/1.1" status: 200 len: 3120 time: 0.0297787
2026-05-08 00:32:16.591 10 INFO neutron.api.wsgi [None req-ee5b7b2e-a533-4513-803f-9d61fc86918e 754989ad745348c2842035e4c954ed15 1e434a98de034528963e385f4ee83562 - - default default] 10.0.0.37 "DELETE /v2.0/security-groups/395c9379-3721-4faf-b739-ba5db848b28c HTTP/1.1" status: 204 len: 168 time: 0.1746812
2026-05-08 00:32:16.770 9 INFO neutron.notifiers.nova [-] Nova event matching ['req-e83af40d-cd2a-47e8-a9c4-b427457f5cca'] response: {'server_uuid': 'c4bdfd46-6486-47c3-b0da-725ee836203c', 'name': 'network-vif-unplugged', 'status': 'completed', 'tag': '07bdc1fc-3f37-4c3f-b65e-09d3003d79f1', 'code': 200}
2026-05-08 00:32:16.812 10 INFO neutron.db.ovn_revision_numbers_db [None req-f94813f0-4a92-4951-9ab3-c1d33c94bb0f 754989ad745348c2842035e4c954ed15 1e434a98de034528963e385f4ee83562 - - default default] Successfully bumped revision number for resource 076da1b4-48ea-417c-b2cf-a3bb7bc10a71 (type: security_groups) to 1
2026-05-08 00:32:16.824 10 INFO neutron.db.ovn_revision_numbers_db [None req-f94813f0-4a92-4951-9ab3-c1d33c94bb0f 754989ad745348c2842035e4c954ed15 1e434a98de034528963e385f4ee83562 - - default default] Successfully bumped revision number for resource 22c86ad2-fd4b-48a9-99e8-a22f25ad91e0 (type: security_group_rules) to 0
2026-05-08 00:32:16.833 10 INFO neutron.db.ovn_revision_numbers_db [None req-f94813f0-4a92-4951-9ab3-c1d33c94bb0f 754989ad745348c2842035e4c954ed15 1e434a98de034528963e385f4ee83562 - - default default] Successfully bumped revision number for resource 7fa2d860-ab9e-4890-9013-2b6f75e6af17 (type: security_group_rules) to 0
2026-05-08 00:32:16.848 10 INFO neutron.db.ovn_revision_numbers_db [None req-f94813f0-4a92-4951-9ab3-c1d33c94bb0f 754989ad745348c2842035e4c954ed15 1e434a98de034528963e385f4ee83562 - - default default] Successfully bumped revision number for resource a3e466da-7175-4a92-b678-66adbac1fc5e (type: security_group_rules) to 0
2026-05-08 00:32:16.863 10 INFO neutron.db.ovn_revision_numbers_db [None req-f94813f0-4a92-4951-9ab3-c1d33c94bb0f 754989ad745348c2842035e4c954ed15 1e434a98de034528963e385f4ee83562 - - default default] Successfully bumped revision number for resource bff1cbae-1a10-4aee-9cbb-070e1c153093 (type: security_group_rules) to 0
2026-05-08 00:32:16.896 10 INFO neutron.api.wsgi [None req-f94813f0-4a92-4951-9ab3-c1d33c94bb0f 754989ad745348c2842035e4c954ed15 1e434a98de034528963e385f4ee83562 - - default default] 10.0.0.37 "GET /v2.0/security-groups?tenant_id=3e834e54560d444f91a6ebc6e506cee1&name=default HTTP/1.1" status: 200 len: 3120 time: 0.1936705
2026-05-08 00:32:17.122 10 INFO neutron.api.wsgi [None req-96b769d2-b6a0-41d4-ab5f-6aa7e380b664 754989ad745348c2842035e4c954ed15 1e434a98de034528963e385f4ee83562 - - default default] 10.0.0.37 "DELETE /v2.0/security-groups/076da1b4-48ea-417c-b2cf-a3bb7bc10a71 HTTP/1.1" status: 204 len: 168 time: 0.2215734
2026-05-08 00:32:17.458 10 INFO neutron.api.wsgi [req-744a84f2-c0fd-4828-8ae1-8930c656459f req-67e69af1-b6a0-4e61-a2e2-1751d54d1b6f 90341790c194485fb3dfa03175ef9ceb ff7fd202c5bc4791a1c52d3ae02bc3cd - - default default] 10.0.0.250 "GET /v2.0/ports?device_id=c4bdfd46-6486-47c3-b0da-725ee836203c HTTP/1.1" status: 200 len: 210 time: 0.0164416
2026-05-08 00:32:17.903 9 INFO neutron.api.wsgi [None req-e770e789-aff3-4c81-801c-fa2c563f7a0f 754989ad745348c2842035e4c954ed15 1e434a98de034528963e385f4ee83562 - - default default] 10.0.0.88 "GET /v2.0/floatingips HTTP/1.1" status: 200 len: 1036 time: 0.1214950
2026-05-08 00:32:17.961 9 INFO neutron.api.wsgi [None req-05cdc249-a5b1-4ea1-9fb9-6c1e3ef40fa9 754989ad745348c2842035e4c954ed15 1e434a98de034528963e385f4ee83562 - - default default] 10.0.0.88 "GET /v2.0/networks HTTP/1.1" status: 200 len: 4607 time: 0.0571005
2026-05-08 00:32:17.989 9 INFO neutron.api.wsgi [None req-1f897c43-469f-406f-b1a4-9498883f6042 754989ad745348c2842035e4c954ed15 1e434a98de034528963e385f4ee83562 - - default default] 10.0.0.88 "GET /v2.0/subnets HTTP/1.1" status: 200 len: 3502 time: 0.0227149
2026-05-08 00:32:18.002 9 INFO neutron.api.wsgi [None req-8c24c8dc-f9eb-468e-855d-5d4965775693 754989ad745348c2842035e4c954ed15 1e434a98de034528963e385f4ee83562 - - default default] 10.0.0.88 "GET /v2.0/network-ip-availabilities HTTP/1.1" status: 200 len: 2664 time: 0.0108838
2026-05-08 00:32:18.035 9 INFO neutron.api.wsgi [None req-73292b28-94ac-4ea8-aa73-48807036029e 754989ad745348c2842035e4c954ed15 1e434a98de034528963e385f4ee83562 - - default default] 10.0.0.88 "GET /v2.0/security-groups HTTP/1.1" status: 200 len: 39833 time: 0.0325663
2026-05-08 00:32:18.072 9 INFO neutron.api.wsgi [None req-dfc6e6e1-6fec-4b2a-a783-105b339a17ea 754989ad745348c2842035e4c954ed15 1e434a98de034528963e385f4ee83562 - - default default] 10.0.0.88 "GET /v2.0/subnets HTTP/1.1" status: 200 len: 3502 time: 0.0249646
2026-05-08 00:32:18.079 9 INFO neutron.api.wsgi [None req-4979b6b9-1602-4af6-9005-cc2e66156cdb 754989ad745348c2842035e4c954ed15 1e434a98de034528963e385f4ee83562 - - default default] 10.0.0.88 "GET /v2.0/subnetpools HTTP/1.1" status: 200 len: 193 time: 0.0066028
2026-05-08 00:32:18.145 9 INFO neutron.api.wsgi [None req-47e917b9-0c3f-4e25-92b2-8d1c9b081981 754989ad745348c2842035e4c954ed15 1e434a98de034528963e385f4ee83562 - - default default] 10.0.0.88 "GET /v2.0/ports HTTP/1.1" status: 200 len: 17258 time: 0.0652261
2026-05-08 00:32:18.214 9 INFO neutron.api.wsgi [None req-6f3c7bb2-98bf-450a-8ed7-6008068bb8fc 754989ad745348c2842035e4c954ed15 1e434a98de034528963e385f4ee83562 - - default default] 10.0.0.88 "GET /v2.0/routers HTTP/1.1" status: 200 len: 3072 time: 0.0566459
2026-05-08 00:32:18.226 9 INFO neutron.api.wsgi [None req-48ac9375-bddc-45f2-8aea-748f85270979 754989ad745348c2842035e4c954ed15 1e434a98de034528963e385f4ee83562 - - default default] 10.0.0.88 "GET /v2.0/agents?binary=ovn-controller HTTP/1.1" status: 200 len: 591 time: 0.0106421
2026-05-08 00:32:18.239 9 INFO neutron.api.wsgi [None req-c3b5ac43-772c-4f52-a0f7-6de6d34fff1a 754989ad745348c2842035e4c954ed15 1e434a98de034528963e385f4ee83562 - - default default] 10.0.0.88 "GET /v2.0/agents HTTP/1.1" status: 200 len: 1390 time: 0.0120370
2026-05-08 00:32:18.540 10 INFO neutron.api.wsgi [req-77656c42-2039-4c67-863c-5151e33e252f req-5d826813-ed3a-478b-9a70-8e9798ac0658 90341790c194485fb3dfa03175ef9ceb ff7fd202c5bc4791a1c52d3ae02bc3cd - - default default] 10.0.0.250 "GET /v2.0/ports?device_id=c4bdfd46-6486-47c3-b0da-725ee836203c HTTP/1.1" status: 200 len: 210 time: 0.0183609
2026-05-08 00:32:19.734 10 INFO neutron.api.wsgi [req-754f2acd-9fd5-46b5-828e-057316d56816 req-d09a6610-4a60-44f0-a7e0-d5de0139622f 6daec665320e4478a33f37c5cfdc4e82 e99f8f7b789b4209b0c0efa151f51f80 - - default default] 10.0.0.250 "GET /v2.0/ports?device_id=be7f925d-3a5a-43fd-b36d-2370b1b1e8b4 HTTP/1.1" status: 200 len: 1214 time: 0.0670781
2026-05-08 00:32:19.772 10 INFO neutron.api.wsgi [req-754f2acd-9fd5-46b5-828e-057316d56816 req-de770c6b-6bd6-4258-bc89-2cb109d7732a 6daec665320e4478a33f37c5cfdc4e82 e99f8f7b789b4209b0c0efa151f51f80 - - default default] 10.0.0.250 "GET /v2.0/security-groups?id=575c5cb2-5f0a-4ab2-a580-9be297f92ef1&id=c510ab01-6325-4a05-aa14-ea68df21afbe&fields=id&fields=name HTTP/1.1" status: 200 len: 405 time: 0.0320227
2026-05-08 00:32:19.775 10 INFO neutron.api.wsgi [None req-5571ae71-39aa-40b8-94d6-41f5a2d020ee 90341790c194485fb3dfa03175ef9ceb ff7fd202c5bc4791a1c52d3ae02bc3cd - - default default] 10.0.0.37 "DELETE /v2.0/security-groups/4a9c2f7a-39a4-4670-8b88-aeaa406c8665 HTTP/1.1" status: 204 len: 168 time: 0.1832464
2026-05-08 00:32:20.022 10 INFO neutron.api.wsgi [None req-433a04b2-ed80-4276-8085-48b095b47683 cb4fa506be50464a8b6d4054ec293243 a48115f29659465a80c83e9eb396e6b0 - - default default] 10.0.0.37 "GET /v2.0/ports?device_id=be7f925d-3a5a-43fd-b36d-2370b1b1e8b4 HTTP/1.1" status: 200 len: 1447 time: 0.2256534
2026-05-08 00:32:20.028 9 WARNING neutron_lib.context [None req-5586d23c-4a33-4815-b9ed-050d63fe304e 3c0e3ba1d10d4766b29a276509a7dc9b df7510faeb634fe2ab028c44863deaeb - - default default] Method 'is_advsvc' is deprecated since 2023.2 release (neutron-lib 3.8.0) and will be removed once support for the old RBAC API policies will be removed from Neutron. Please use method 'is_service_role' instead.
2026-05-08 00:32:20.082 10 INFO neutron.api.wsgi [None req-bcb6a751-9782-4b14-8f92-0559a1f2eedc 6daec665320e4478a33f37c5cfdc4e82 e99f8f7b789b4209b0c0efa151f51f80 - - default default] 10.0.0.37 "GET /v2.0/floatingips?floating_network_id=8375a2e0-fc5c-4118-888e-56e4dc6c4278&port_id=5b42f4b5-1865-4bf6-9ead-e2c742f1ba2d HTTP/1.1" status: 200 len: 1055 time: 0.0532184
2026-05-08 00:32:20.163 9 INFO neutron.db.ovn_revision_numbers_db [None req-5586d23c-4a33-4815-b9ed-050d63fe304e 3c0e3ba1d10d4766b29a276509a7dc9b df7510faeb634fe2ab028c44863deaeb - - default default] Successfully bumped revision number for resource a6853600-8ce0-4928-a949-d0c57469762b (type: security_groups) to 1
2026-05-08 00:32:20.181 9 INFO neutron.db.ovn_revision_numbers_db [None req-5586d23c-4a33-4815-b9ed-050d63fe304e 3c0e3ba1d10d4766b29a276509a7dc9b df7510faeb634fe2ab028c44863deaeb - - default default] Successfully bumped revision number for resource 19829c69-8b01-4e7e-98d6-ff51035f2280 (type: security_group_rules) to 0
2026-05-08 00:32:20.195 9 INFO neutron.db.ovn_revision_numbers_db [None req-5586d23c-4a33-4815-b9ed-050d63fe304e 3c0e3ba1d10d4766b29a276509a7dc9b df7510faeb634fe2ab028c44863deaeb - - default default] Successfully bumped revision number for resource 74659e0b-7d15-44de-b3c3-3e35e9c54ff2 (type: security_group_rules) to 0
2026-05-08 00:32:20.210 9 INFO neutron.db.ovn_revision_numbers_db [None req-5586d23c-4a33-4815-b9ed-050d63fe304e 3c0e3ba1d10d4766b29a276509a7dc9b df7510faeb634fe2ab028c44863deaeb - - default default] Successfully bumped revision number for resource 9e4b5fb9-32fa-48ab-94dc-1f4a7e12eaba (type: security_group_rules) to 0
2026-05-08 00:32:20.224 9 INFO neutron.db.ovn_revision_numbers_db [None req-5586d23c-4a33-4815-b9ed-050d63fe304e 3c0e3ba1d10d4766b29a276509a7dc9b df7510faeb634fe2ab028c44863deaeb - - default default] Successfully bumped revision number for resource f733f3e3-1e7b-4a70-818c-54f5300570a0 (type: security_group_rules) to 0
2026-05-08 00:32:20.296 9 INFO neutron.db.segments_db [None req-5586d23c-4a33-4815-b9ed-050d63fe304e 3c0e3ba1d10d4766b29a276509a7dc9b df7510faeb634fe2ab028c44863deaeb - - default default] Added segment 5f1ec189-39c8-49f7-8472-6df55034ffff of type geneve for network a45e0d4e-d47c-48f3-8ae6-b8dac09bbfcb
2026-05-08 00:32:20.312 9 INFO neutron.api.wsgi [req-a9210a36-6ca2-4a7d-984b-f61a22574cb9 req-311acdcd-85ce-4280-82bc-e3f6e98a1260 5a61d14ec71942d9ba839cb224b69985 f014bbe0d67a4e8d9adc079e7bb2a16b - - 1b55432df30e49d4b604d7e3bc98fc88 1b55432df30e49d4b604d7e3bc98fc88] 10.0.0.58 "GET /v2.0/ports?device_id=be7f925d-3a5a-43fd-b36d-2370b1b1e8b4 HTTP/1.1" status: 200 len: 1452 time: 0.0407779
2026-05-08 00:32:20.386 9 INFO neutron.api.wsgi [req-a9210a36-6ca2-4a7d-984b-f61a22574cb9 req-566aa5ed-465d-4402-bef4-619ad0e3c7b0 5a61d14ec71942d9ba839cb224b69985 f014bbe0d67a4e8d9adc079e7bb2a16b - - 1b55432df30e49d4b604d7e3bc98fc88 1b55432df30e49d4b604d7e3bc98fc88] 10.0.0.58 "GET /v2.0/security-groups?id=c510ab01-6325-4a05-aa14-ea68df21afbe&id=575c5cb2-5f0a-4ab2-a580-9be297f92ef1&fields=id&fields=name HTTP/1.1" status: 200 len: 405 time: 0.0668962
2026-05-08 00:32:20.447 9 INFO neutron.db.ovn_revision_numbers_db [None req-5586d23c-4a33-4815-b9ed-050d63fe304e 3c0e3ba1d10d4766b29a276509a7dc9b df7510faeb634fe2ab028c44863deaeb - - default default] Successfully bumped revision number for resource a45e0d4e-d47c-48f3-8ae6-b8dac09bbfcb (type: networks) to 1
2026-05-08 00:32:20.866 9 INFO neutron.api.wsgi [None req-4045a0e2-bd0b-4125-8764-e054a101217d 90341790c194485fb3dfa03175ef9ceb ff7fd202c5bc4791a1c52d3ae02bc3cd - - default default] 10.0.0.37 "PUT /v2.0/routers/56e28e91-e363-43cc-91b6-39e695cc0e77/remove_router_interface HTTP/1.1" status: 200 len: 503 time: 1.0611141
2026-05-08 00:32:20.882 9 WARNING neutron.scheduler.dhcp_agent_scheduler [None req-5586d23c-4a33-4815-b9ed-050d63fe304e 3c0e3ba1d10d4766b29a276509a7dc9b df7510faeb634fe2ab028c44863deaeb - - default default] No more DHCP agents
2026-05-08 00:32:20.883 9 WARNING neutron.api.rpc.agentnotifiers.dhcp_rpc_agent_api [None req-5586d23c-4a33-4815-b9ed-050d63fe304e 3c0e3ba1d10d4766b29a276509a7dc9b df7510faeb634fe2ab028c44863deaeb - - default default] Unable to schedule network a45e0d4e-d47c-48f3-8ae6-b8dac09bbfcb: no agents available; will retry on subsequent port and subnet creation events.
2026-05-08 00:32:20.929 9 INFO neutron.db.ovn_revision_numbers_db [None req-5586d23c-4a33-4815-b9ed-050d63fe304e 3c0e3ba1d10d4766b29a276509a7dc9b df7510faeb634fe2ab028c44863deaeb - - default default] Successfully bumped revision number for resource 0973949f-ee3a-4139-82ec-9ea987b64a06 (type: ports) to 1
2026-05-08 00:32:20.945 9 INFO neutron.api.wsgi [None req-5586d23c-4a33-4815-b9ed-050d63fe304e 3c0e3ba1d10d4766b29a276509a7dc9b df7510faeb634fe2ab028c44863deaeb - - default default] 10.0.0.37 "POST /v2.0/networks HTTP/1.1" status: 201 len: 831 time: 0.9498324
2026-05-08 00:32:20.956 10 WARNING neutron_lib.context [None req-3db4f8b3-3e77-4c95-932a-e07ef89164bf 3c0e3ba1d10d4766b29a276509a7dc9b df7510faeb634fe2ab028c44863deaeb - - default default] Method 'is_advsvc' is deprecated since 2023.2 release (neutron-lib 3.8.0) and will be removed once support for the old RBAC API policies will be removed from Neutron. Please use method 'is_service_role' instead.
2026-05-08 00:32:21.046 10 INFO neutron.api.wsgi [None req-a31e0bf8-0900-44ed-82ee-692cc69beabe 90341790c194485fb3dfa03175ef9ceb ff7fd202c5bc4791a1c52d3ae02bc3cd - - default default] 10.0.0.37 "DELETE /v2.0/subnets/1b1f9181-1260-4bfb-8192-76140d18ce7b HTTP/1.1" status: 204 len: 168 time: 0.1757181
2026-05-08 00:32:21.211 10 WARNING neutron.scheduler.dhcp_agent_scheduler [None req-3db4f8b3-3e77-4c95-932a-e07ef89164bf 3c0e3ba1d10d4766b29a276509a7dc9b df7510faeb634fe2ab028c44863deaeb - - default default] No more DHCP agents
2026-05-08 00:32:21.213 10 WARNING neutron.api.rpc.agentnotifiers.dhcp_rpc_agent_api [None req-3db4f8b3-3e77-4c95-932a-e07ef89164bf 3c0e3ba1d10d4766b29a276509a7dc9b df7510faeb634fe2ab028c44863deaeb - - default default] Unable to schedule network a45e0d4e-d47c-48f3-8ae6-b8dac09bbfcb: no agents available; will retry on subsequent port and subnet creation events.
2026-05-08 00:32:21.291 10 INFO neutron.db.ovn_revision_numbers_db [None req-3db4f8b3-3e77-4c95-932a-e07ef89164bf 3c0e3ba1d10d4766b29a276509a7dc9b df7510faeb634fe2ab028c44863deaeb - - default default] Successfully bumped revision number for resource 88461c3d-e46e-4d54-9120-4f6cd2019933 (type: ports) to 1
2026-05-08 00:32:21.314 10 INFO neutron.api.wsgi [None req-3db4f8b3-3e77-4c95-932a-e07ef89164bf 3c0e3ba1d10d4766b29a276509a7dc9b df7510faeb634fe2ab028c44863deaeb - - default default] 10.0.0.37 "POST /v2.0/ports HTTP/1.1" status: 201 len: 942 time: 0.3629522 /var/lib/openstack/lib/python3.12/site-packages/pycadf/identifier.py:71: UserWarning: Invalid uuid: neutron. To ensure interoperability, identifiers should be a valid uuid. warnings.warn(('Invalid uuid: %s. To ensure interoperability, '
2026-05-08 00:32:21.356 10 INFO neutron.api.wsgi [None req-a298cf14-38f8-4d20-8d64-0c3c92369d17 3c0e3ba1d10d4766b29a276509a7dc9b df7510faeb634fe2ab028c44863deaeb - - default default] 10.0.0.37 "PUT /v2.0/ports/88461c3d-e46e-4d54-9120-4f6cd2019933/tags HTTP/1.1" status: 200 len: 218 time: 0.0376995
2026-05-08 00:32:21.388 10 INFO neutron.api.wsgi [None req-be99900e-98d2-494b-a230-1b5702699ef5 3c0e3ba1d10d4766b29a276509a7dc9b df7510faeb634fe2ab028c44863deaeb - - default default] 10.0.0.37 "GET /v2.0/ports/88461c3d-e46e-4d54-9120-4f6cd2019933/tags HTTP/1.1" status: 200 len: 218 time: 0.0278378 /var/lib/openstack/lib/python3.12/site-packages/pycadf/identifier.py:71: UserWarning: Invalid uuid: neutron. To ensure interoperability, identifiers should be a valid uuid. warnings.warn(('Invalid uuid: %s. To ensure interoperability, '
2026-05-08 00:32:21.435 9 INFO neutron.api.wsgi [None req-a1b04b1f-076c-4177-b642-83a7177d2233 3c0e3ba1d10d4766b29a276509a7dc9b df7510faeb634fe2ab028c44863deaeb - - default default] 10.0.0.37 "PUT /v2.0/ports/88461c3d-e46e-4d54-9120-4f6cd2019933/tags/green HTTP/1.1" status: 201 len: 201 time: 0.0408437
2026-05-08 00:32:21.471 9 INFO neutron.api.wsgi [None req-4c921035-ba48-4619-b9f3-822829616c2d 3c0e3ba1d10d4766b29a276509a7dc9b df7510faeb634fe2ab028c44863deaeb - - default default] 10.0.0.37 "GET /v2.0/ports/88461c3d-e46e-4d54-9120-4f6cd2019933/tags HTTP/1.1" status: 200 len: 227 time: 0.0296917
2026-05-08 00:32:21.503 9 INFO neutron.api.wsgi [None req-c8db60a9-892c-4dc9-8598-19f2ee4cb8a3 3c0e3ba1d10d4766b29a276509a7dc9b df7510faeb634fe2ab028c44863deaeb - - default default] 10.0.0.37 "PUT /v2.0/ports/88461c3d-e46e-4d54-9120-4f6cd2019933/tags/red HTTP/1.1" status: 201 len: 201 time: 0.0289023
2026-05-08 00:32:21.538 9 INFO neutron.api.wsgi [None req-8c40a84c-ac6f-40dc-b832-18c46ec936dd 3c0e3ba1d10d4766b29a276509a7dc9b df7510faeb634fe2ab028c44863deaeb - - default default] 10.0.0.37 "GET /v2.0/ports/88461c3d-e46e-4d54-9120-4f6cd2019933/tags HTTP/1.1" status: 200 len: 227 time: 0.0305421
2026-05-08 00:32:21.586 9 INFO neutron.api.wsgi [None req-fa561a67-0edf-4338-b7c9-4ae7b6436df9 3c0e3ba1d10d4766b29a276509a7dc9b df7510faeb634fe2ab028c44863deaeb - - default default] 10.0.0.37 "PUT /v2.0/ports/88461c3d-e46e-4d54-9120-4f6cd2019933/tags/black.or.white HTTP/1.1" status: 201 len: 201 time: 0.0438685
2026-05-08 00:32:21.619 9 INFO neutron.api.wsgi [None req-25861cb6-1e6f-4416-b6bf-420af28c4dbe 3c0e3ba1d10d4766b29a276509a7dc9b df7510faeb634fe2ab028c44863deaeb - - default default] 10.0.0.37 "GET /v2.0/ports/88461c3d-e46e-4d54-9120-4f6cd2019933/tags HTTP/1.1" status: 200 len: 245 time: 0.0283079
2026-05-08 00:32:21.665 9 INFO neutron.api.wsgi [None req-8fd27f8e-4317-41ed-8969-ef71d2e7f030 3c0e3ba1d10d4766b29a276509a7dc9b df7510faeb634fe2ab028c44863deaeb - - default default] 10.0.0.37 "PUT /v2.0/ports/88461c3d-e46e-4d54-9120-4f6cd2019933/tags HTTP/1.1" status: 200 len: 230 time: 0.0418978
2026-05-08 00:32:21.707 10 INFO neutron.api.wsgi [None req-cfb761f6-1975-421f-aa84-f6116193feee 3c0e3ba1d10d4766b29a276509a7dc9b df7510faeb634fe2ab028c44863deaeb - - default default] 10.0.0.37 "GET /v2.0/ports/88461c3d-e46e-4d54-9120-4f6cd2019933/tags HTTP/1.1" status: 200 len: 230 time: 0.0371916
2026-05-08 00:32:21.721 10 INFO neutron.api.wsgi [None req-64498ea4-2188-4c42-9924-5e380d36f569 90341790c194485fb3dfa03175ef9ceb ff7fd202c5bc4791a1c52d3ae02bc3cd - - default default] 10.0.0.37 "DELETE /v2.0/routers/56e28e91-e363-43cc-91b6-39e695cc0e77 HTTP/1.1" status: 204 len: 168 time: 0.6694469
2026-05-08 00:32:21.741 10 INFO neutron.api.wsgi [None req-0bd08f1c-2cb9-4ede-a509-f13d2e19b469 3c0e3ba1d10d4766b29a276509a7dc9b df7510faeb634fe2ab028c44863deaeb - - default default] 10.0.0.37 "GET /v2.0/ports/88461c3d-e46e-4d54-9120-4f6cd2019933/tags/red HTTP/1.1" status: 204 len: 168 time: 0.0280366
2026-05-08 00:32:21.768 10 INFO neutron.api.v2.resource [None req-302b3537-cd88-4933-a01c-a54589e048f4 3c0e3ba1d10d4766b29a276509a7dc9b df7510faeb634fe2ab028c44863deaeb - - default default] show failed (client error): The resource could not be found.
2026-05-08 00:32:21.769 10 INFO neutron.api.wsgi [None req-302b3537-cd88-4933-a01c-a54589e048f4 3c0e3ba1d10d4766b29a276509a7dc9b df7510faeb634fe2ab028c44863deaeb - - default default] 10.0.0.37 "GET /v2.0/ports/88461c3d-e46e-4d54-9120-4f6cd2019933/tags/green HTTP/1.1" status: 404 len: 299 time: 0.0227017
2026-05-08 00:32:21.814 10 INFO neutron.api.wsgi [None req-457e1832-8616-4264-97b9-e93cdb3f7453 3c0e3ba1d10d4766b29a276509a7dc9b df7510faeb634fe2ab028c44863deaeb - - default default] 10.0.0.37 "DELETE /v2.0/ports/88461c3d-e46e-4d54-9120-4f6cd2019933/tags/red HTTP/1.1" status: 204 len: 168 time: 0.0405803
2026-05-08 00:32:21.841 10 INFO neutron.api.wsgi [None req-6d740b85-c1e4-4dfa-966f-bb0931bd80fb 3c0e3ba1d10d4766b29a276509a7dc9b df7510faeb634fe2ab028c44863deaeb - - default default] 10.0.0.37 "GET /v2.0/ports/88461c3d-e46e-4d54-9120-4f6cd2019933/tags HTTP/1.1" status: 200 len: 223 time: 0.0233245
2026-05-08 00:32:21.874 10 INFO neutron.api.v2.resource [None req-9652af8f-abd9-4ba4-8791-157517478255 3c0e3ba1d10d4766b29a276509a7dc9b df7510faeb634fe2ab028c44863deaeb - - default default] delete failed (client error): The resource could not be found.
2026-05-08 00:32:21.875 10 INFO neutron.api.wsgi [None req-9652af8f-abd9-4ba4-8791-157517478255 3c0e3ba1d10d4766b29a276509a7dc9b df7510faeb634fe2ab028c44863deaeb - - default default] 10.0.0.37 "DELETE /v2.0/ports/88461c3d-e46e-4d54-9120-4f6cd2019933/tags/green HTTP/1.1" status: 404 len: 299 time: 0.0284662
2026-05-08 00:32:21.918 10 INFO neutron.api.wsgi [None req-a15874ad-715c-4789-85fc-c8963e549413 3c0e3ba1d10d4766b29a276509a7dc9b df7510faeb634fe2ab028c44863deaeb - - default default] 10.0.0.37 "DELETE /v2.0/ports/88461c3d-e46e-4d54-9120-4f6cd2019933/tags HTTP/1.1" status: 204 len: 168 time: 0.0360546
2026-05-08 00:32:21.931 9 INFO neutron.api.wsgi [-] 10.0.0.201 "GET / HTTP/1.1" status: 200 len: 247 time: 0.0016437
2026-05-08 00:32:21.933 9 INFO neutron.api.wsgi [-] 10.0.0.201 "GET / HTTP/1.1" status: 200 len: 247 time: 0.0014489
2026-05-08 00:32:21.957 10 INFO neutron.api.wsgi [None req-bf134503-fb61-4af6-b344-30c23541c344 3c0e3ba1d10d4766b29a276509a7dc9b df7510faeb634fe2ab028c44863deaeb - - default default] 10.0.0.37 "GET /v2.0/ports/88461c3d-e46e-4d54-9120-4f6cd2019933/tags HTTP/1.1" status: 200 len: 205 time: 0.0347090
2026-05-08 00:32:22.032 9 INFO neutron.services.segments.plugin [-] Segment 329e1a98-b3e1-4b54-b5ba-bb17726929e0 resource provider aggregate not found
2026-05-08 00:32:22.036 9 INFO neutron.services.segments.plugin [-] Segment 329e1a98-b3e1-4b54-b5ba-bb17726929e0 resource provider aggregate not found
2026-05-08 00:32:22.046 9 INFO neutron.services.segments.plugin [-] Segment 329e1a98-b3e1-4b54-b5ba-bb17726929e0 resource provider not found; error: Placement Client Error (4xx): {"errors": [{"status": 404, "title": "Not Found", "detail": "The resource could not be found.\n\n No resource provider with uuid 329e1a98-b3e1-4b54-b5ba-bb17726929e0 found for delete ", "request_id": "req-5e844114-08a2-424c-98b5-7618665439ad"}]}
2026-05-08 00:32:22.048 9 INFO neutron.services.segments.plugin [-] Segment 329e1a98-b3e1-4b54-b5ba-bb17726929e0 resource provider not found; error: Placement Client Error (4xx): {"errors": [{"status": 404, "title": "Not Found", "detail": "The resource could not be found.\n\n No resource provider with uuid 329e1a98-b3e1-4b54-b5ba-bb17726929e0 found for delete ", "request_id": "req-47bebbab-9fac-4ef3-9a7b-a9c6d10c0a8e"}]}
2026-05-08 00:32:22.069 9 INFO neutron.api.wsgi [None req-7a0098dc-78d8-43e0-8c66-b5b1149e4050 90341790c194485fb3dfa03175ef9ceb ff7fd202c5bc4791a1c52d3ae02bc3cd - - default default] 10.0.0.37 "DELETE /v2.0/networks/a25364c2-86ae-45b8-84b2-c45f61bc6c12 HTTP/1.1" status: 204 len: 168 time: 0.3427484
2026-05-08 00:32:22.190 10 INFO neutron.api.wsgi [None req-c0f171de-6c3d-45b7-aa3d-ef764645a319 3c0e3ba1d10d4766b29a276509a7dc9b df7510faeb634fe2ab028c44863deaeb - - default default] 10.0.0.37 "DELETE /v2.0/ports/88461c3d-e46e-4d54-9120-4f6cd2019933 HTTP/1.1" status: 204 len: 168 time: 0.2278419
2026-05-08 00:32:22.480 10 INFO neutron.api.wsgi [req-85c41331-9bba-4571-8692-1c93a1231de2 req-c7c3dfd2-9715-4616-8975-c1c26d8bb608 6daec665320e4478a33f37c5cfdc4e82 e99f8f7b789b4209b0c0efa151f51f80 - - default default] 10.0.0.250 "GET /v2.0/ports?device_id=be7f925d-3a5a-43fd-b36d-2370b1b1e8b4 HTTP/1.1" status: 200 len: 1214 time: 0.0487394
2026-05-08 00:32:22.482 10 INFO neutron.services.segments.plugin [-] Segment 5f1ec189-39c8-49f7-8472-6df55034ffff resource provider aggregate not found
2026-05-08 00:32:22.486 10 INFO neutron.services.segments.plugin [-] Segment 5f1ec189-39c8-49f7-8472-6df55034ffff resource provider aggregate not found
2026-05-08 00:32:22.500 10 INFO neutron.services.segments.plugin [-] Segment 5f1ec189-39c8-49f7-8472-6df55034ffff resource provider not found; error: Placement Client Error (4xx): {"errors": [{"status": 404, "title": "Not Found", "detail": "The resource could not be found.\n\n No resource provider with uuid 5f1ec189-39c8-49f7-8472-6df55034ffff found for delete ", "request_id": "req-5e72491e-1413-4b9f-aa48-ad7ecad5cf34"}]}
2026-05-08 00:32:22.502 10 INFO neutron.services.segments.plugin [-] Segment 5f1ec189-39c8-49f7-8472-6df55034ffff resource provider not found; error: Placement Client Error (4xx): {"errors": [{"status": 404, "title": "Not Found", "detail": "The resource could not be found.\n\n No resource provider with uuid 5f1ec189-39c8-49f7-8472-6df55034ffff found for delete ", "request_id": "req-6dd47808-893c-417a-b6f8-90c1d8aeba3b"}]}
2026-05-08 00:32:22.525 10 INFO neutron.api.wsgi [None req-94bbcea2-1b70-4f8c-b8a3-ddbb3acbc2fb 3c0e3ba1d10d4766b29a276509a7dc9b df7510faeb634fe2ab028c44863deaeb - - default default] 10.0.0.37 "DELETE /v2.0/networks/a45e0d4e-d47c-48f3-8ae6-b8dac09bbfcb HTTP/1.1" status: 204 len: 168 time: 0.3321898
2026-05-08 00:32:22.533 10 INFO neutron.api.wsgi [req-85c41331-9bba-4571-8692-1c93a1231de2 req-b7e96d56-c46a-4ac5-9f50-e791a41ccc97 6daec665320e4478a33f37c5cfdc4e82 e99f8f7b789b4209b0c0efa151f51f80 - - default default] 10.0.0.250 "GET /v2.0/security-groups?id=575c5cb2-5f0a-4ab2-a580-9be297f92ef1&id=c510ab01-6325-4a05-aa14-ea68df21afbe&fields=id&fields=name HTTP/1.1" status: 200 len: 405 time: 0.0450311
2026-05-08 00:32:22.877 9 INFO neutron.api.wsgi [None req-837054c8-6cc3-475b-95d7-d2e4056d0b88 754989ad745348c2842035e4c954ed15 1e434a98de034528963e385f4ee83562 - - default default] 10.0.0.37 "GET /v2.0/security-groups?tenant_id=ff7fd202c5bc4791a1c52d3ae02bc3cd&name=default HTTP/1.1" status: 200 len: 3120 time: 0.1966865
2026-05-08 00:32:23.015 10 INFO neutron.plugins.ml2.drivers.ovn.mech_driver.mech_driver [None req-7ebb1b78-1b0c-47c5-ae66-9056759b5f90 - - - - - -] OVN reports status down for port: 5b42f4b5-1865-4bf6-9ead-e2c742f1ba2d
2026-05-08 00:32:23.072 9 INFO neutron.api.wsgi [None req-ed8236ef-6457-40f7-b098-31e2aa552897 754989ad745348c2842035e4c954ed15 1e434a98de034528963e385f4ee83562 - - default default] 10.0.0.37 "DELETE /v2.0/security-groups/d5c0abb6-f84f-411e-8010-be54318b33eb HTTP/1.1" status: 204 len: 168 time: 0.1900113
2026-05-08 00:32:23.138 10 INFO neutron.notifiers.nova [-] Nova event matching ['req-39dd5646-3884-453a-93d2-ba41c0d931ca'] response: {'server_uuid': 'be7f925d-3a5a-43fd-b36d-2370b1b1e8b4', 'name': 'network-vif-unplugged', 'status': 'completed', 'tag': '5b42f4b5-1865-4bf6-9ead-e2c742f1ba2d', 'code': 200}
2026-05-08 00:32:23.271 10 INFO neutron.db.ovn_revision_numbers_db [None req-7ebb1b78-1b0c-47c5-ae66-9056759b5f90 - - - - - -] Successfully bumped revision number for resource 5b42f4b5-1865-4bf6-9ead-e2c742f1ba2d (type: ports) to 6
2026-05-08 00:32:23.354 9 INFO neutron.db.ovn_revision_numbers_db [None req-27f04f93-dc6e-4804-aab9-76af21f331bc 754989ad745348c2842035e4c954ed15 1e434a98de034528963e385f4ee83562 - - default default] Successfully bumped revision number for resource aecf1857-0490-4ef8-9b02-160342d632a7 (type: security_groups) to 1
2026-05-08 00:32:23.368 9 INFO neutron.db.ovn_revision_numbers_db [None req-27f04f93-dc6e-4804-aab9-76af21f331bc 754989ad745348c2842035e4c954ed15 1e434a98de034528963e385f4ee83562 - - default default] Successfully bumped revision number for resource 4ecbc8e4-aa62-47c4-ac9a-061be48a6b23 (type: security_group_rules) to 0
2026-05-08 00:32:23.387 9 INFO neutron.db.ovn_revision_numbers_db [None req-27f04f93-dc6e-4804-aab9-76af21f331bc 754989ad745348c2842035e4c954ed15 1e434a98de034528963e385f4ee83562 - - default default] Successfully bumped revision number for resource 5b749861-2d4c-4cb1-b09d-7a154183ac24 (type: security_group_rules) to 0 /var/lib/openstack/lib/python3.12/site-packages/pycadf/identifier.py:71: UserWarning: Invalid uuid: neutron. To ensure interoperability, identifiers should be a valid uuid. warnings.warn(('Invalid uuid: %s. To ensure interoperability, '
2026-05-08 00:32:23.400 9 INFO neutron.db.ovn_revision_numbers_db [None req-27f04f93-dc6e-4804-aab9-76af21f331bc 754989ad745348c2842035e4c954ed15 1e434a98de034528963e385f4ee83562 - - default default] Successfully bumped revision number for resource 67dd6150-3c7c-4b1a-8809-06a3969ffa45 (type: security_group_rules) to 0
2026-05-08 00:32:23.413 9 INFO neutron.db.ovn_revision_numbers_db [None req-27f04f93-dc6e-4804-aab9-76af21f331bc 754989ad745348c2842035e4c954ed15 1e434a98de034528963e385f4ee83562 - - default default] Successfully bumped revision number for resource aeaf4313-e5ac-4b86-9907-70b90c7a1434 (type: security_group_rules) to 0
2026-05-08 00:32:23.420 10 INFO neutron.api.wsgi [None req-6e9a4053-f485-42c4-b874-c6f43f8d30c5 754989ad745348c2842035e4c954ed15 1e434a98de034528963e385f4ee83562 - - default default] 10.0.0.37 "GET /v2.0/security-groups?tenant_id=df7510faeb634fe2ab028c44863deaeb&name=default HTTP/1.1" status: 200 len: 3120 time: 0.2775285
2026-05-08 00:32:23.447 9 INFO neutron.api.wsgi [None req-27f04f93-dc6e-4804-aab9-76af21f331bc 754989ad745348c2842035e4c954ed15 1e434a98de034528963e385f4ee83562 - - default default] 10.0.0.37 "GET /v2.0/security-groups?tenant_id=6760c9d05e5d46e684a81ceec11fccf5&name=default HTTP/1.1" status: 200 len: 3120 time: 0.2081645
2026-05-08 00:32:23.631 10 INFO neutron.api.wsgi [req-64fb99ed-f072-445a-9611-5768cf0ae019 req-8483b959-5954-4fde-aa19-5dae7ebc9615 6daec665320e4478a33f37c5cfdc4e82 e99f8f7b789b4209b0c0efa151f51f80 - - default default] 10.0.0.250 "GET /v2.0/ports?device_id=be7f925d-3a5a-43fd-b36d-2370b1b1e8b4 HTTP/1.1" status: 200 len: 1212 time: 0.0338230
2026-05-08 00:32:23.652 9 INFO neutron.api.wsgi [None req-27c61048-4e20-4a3a-b4c9-4f4bade86568 754989ad745348c2842035e4c954ed15 1e434a98de034528963e385f4ee83562 - - default default] 10.0.0.37 "DELETE /v2.0/security-groups/aecf1857-0490-4ef8-9b02-160342d632a7 HTTP/1.1" status: 204 len: 168 time: 0.2006967
2026-05-08 00:32:23.663 10 INFO neutron.api.wsgi [None req-fe74b096-e8b4-4947-b6f7-5c52041d8c30 754989ad745348c2842035e4c954ed15 1e434a98de034528963e385f4ee83562 - - default default] 10.0.0.37 "DELETE /v2.0/security-groups/a6853600-8ce0-4928-a949-d0c57469762b HTTP/1.1" status: 204 len: 168 time: 0.2385814
2026-05-08 00:32:23.673 10 INFO neutron.api.wsgi [req-64fb99ed-f072-445a-9611-5768cf0ae019 req-23086e05-a628-4484-9e50-a5f8e63c58ae 6daec665320e4478a33f37c5cfdc4e82 e99f8f7b789b4209b0c0efa151f51f80 - - default default] 10.0.0.250 "GET /v2.0/security-groups?id=575c5cb2-5f0a-4ab2-a580-9be297f92ef1&id=c510ab01-6325-4a05-aa14-ea68df21afbe&fields=id&fields=name HTTP/1.1" status: 200 len: 405 time: 0.0359292
2026-05-08 00:32:23.871 10 INFO neutron.db.ovn_revision_numbers_db [None req-286f5636-73e5-4ef7-bbf9-7d536fac2596 754989ad745348c2842035e4c954ed15 1e434a98de034528963e385f4ee83562 - - default default] Successfully bumped revision number for resource 24792abe-1682-426f-93d3-5b56f111d58c (type: security_groups) to 1
2026-05-08 00:32:23.884 10 INFO neutron.db.ovn_revision_numbers_db [None req-286f5636-73e5-4ef7-bbf9-7d536fac2596 754989ad745348c2842035e4c954ed15 1e434a98de034528963e385f4ee83562 - - default default] Successfully bumped revision number for resource 0b1a41b7-24ef-4ad6-925f-64ecd8707616 (type: security_group_rules) to 0
2026-05-08 00:32:23.898 10 INFO neutron.db.ovn_revision_numbers_db [None req-286f5636-73e5-4ef7-bbf9-7d536fac2596 754989ad745348c2842035e4c954ed15 1e434a98de034528963e385f4ee83562 - - default default] Successfully bumped revision number for resource 0c69946a-c30e-4344-b6b1-0581000b86d0 (type: security_group_rules) to 0
2026-05-08 00:32:23.909 10 INFO neutron.db.ovn_revision_numbers_db [None req-286f5636-73e5-4ef7-bbf9-7d536fac2596 754989ad745348c2842035e4c954ed15 1e434a98de034528963e385f4ee83562 - - default default] Successfully bumped revision number for resource 47683b4b-07db-47ed-ae81-4709998ed437 (type: security_group_rules) to 0
