2026-05-08 00:29:21.835 9 INFO neutron.api.wsgi [None req-cbd057cd-e8f9-46a2-9d12-0f4b67b44603 754989ad745348c2842035e4c954ed15 1e434a98de034528963e385f4ee83562 - - default default] 10.0.0.37 "PUT /v2.0/routers/54f28d0d-b062-4bf0-ab5a-13001cb6d3de/remove_router_interface HTTP/1.1" status: 200 len: 503 time: 1.0951040 /var/lib/openstack/lib/python3.12/site-packages/pycadf/identifier.py:71: UserWarning: Invalid uuid: neutron. To ensure interoperability, identifiers should be a valid uuid. warnings.warn(('Invalid uuid: %s. To ensure interoperability, '
2026-05-08 00:29:21.905 10 INFO neutron.db.ovn_revision_numbers_db [None req-c2a7fb73-423c-4835-85f1-c7a408171586 12963efae5f04d3dbc0445b01ea7a366 2bf25175b5ed4462b2ad6e4ca168fb5d - - default default] Successfully bumped revision number for resource b393a6e3-5fa5-4610-81bf-9d27ee46f793 (type: routers) to 1
2026-05-08 00:29:21.917 10 INFO neutron.api.wsgi [None req-c2a7fb73-423c-4835-85f1-c7a408171586 12963efae5f04d3dbc0445b01ea7a366 2bf25175b5ed4462b2ad6e4ca168fb5d - - default default] 10.0.0.37 "POST /v2.0/routers HTTP/1.1" status: 201 len: 806 time: 0.1032987
2026-05-08 00:29:21.942 10 INFO neutron.api.wsgi [-] 10.0.0.201 "GET / HTTP/1.1" status: 200 len: 247 time: 0.0012701
2026-05-08 00:29:21.944 10 INFO neutron.api.wsgi [-] 10.0.0.201 "GET / HTTP/1.1" status: 200 len: 247 time: 0.0010693
2026-05-08 00:29:22.076 9 INFO neutron.api.wsgi [None req-8a4d9d39-29ed-46d9-9fd5-6bf43a70e733 09f4fb3c79a74ce3b025dd4367adf965 574f5af686b343f990a9ddca7b056bc6 - - default default] 10.0.0.37 "DELETE /v2.0/floatingips/2092abee-c490-4a2c-a4a8-137a059f9756 HTTP/1.1" status: 204 len: 168 time: 0.4092302
2026-05-08 00:29:22.257 10 WARNING neutron.scheduler.dhcp_agent_scheduler [None req-8f81b814-14dc-4dad-8dfe-9494d072121c 12963efae5f04d3dbc0445b01ea7a366 2bf25175b5ed4462b2ad6e4ca168fb5d - - default default] No more DHCP agents
2026-05-08 00:29:22.259 10 WARNING neutron.api.rpc.agentnotifiers.dhcp_rpc_agent_api [None req-8f81b814-14dc-4dad-8dfe-9494d072121c 12963efae5f04d3dbc0445b01ea7a366 2bf25175b5ed4462b2ad6e4ca168fb5d - - default default] Unable to schedule network 3e2ef928-5d05-41c3-94f2-0fb4eb88fd90: no agents available; will retry on subsequent port and subnet creation events.
2026-05-08 00:29:22.363 10 INFO neutron.db.ovn_revision_numbers_db [None req-8f81b814-14dc-4dad-8dfe-9494d072121c 12963efae5f04d3dbc0445b01ea7a366 2bf25175b5ed4462b2ad6e4ca168fb5d - - default default] Successfully bumped revision number for resource 1e75eac3-1f09-4666-ad65-854cc91bb7dd (type: ports) to 1
2026-05-08 00:29:22.511 9 INFO neutron.api.wsgi [None req-a356b32b-f619-4394-af73-e7502cef21ef 754989ad745348c2842035e4c954ed15 1e434a98de034528963e385f4ee83562 - - default default] 10.0.0.37 "DELETE /v2.0/routers/54f28d0d-b062-4bf0-ab5a-13001cb6d3de HTTP/1.1" status: 204 len: 168 time: 0.6718318
2026-05-08 00:29:22.659 9 INFO neutron.api.wsgi [None req-6928a8a2-9fad-4ffd-bd8d-f02475d2dc38 754989ad745348c2842035e4c954ed15 1e434a98de034528963e385f4ee83562 - - default default] 10.0.0.37 "DELETE /v2.0/subnets/713193ca-5720-40c0-b698-ba3067d68414 HTTP/1.1" status: 204 len: 168 time: 0.1423664
2026-05-08 00:29:22.830 9 INFO neutron.plugins.ml2.drivers.ovn.mech_driver.mech_driver [None req-ee829364-fa9f-4f88-bc1b-caea2333e979 - - - - - -] OVN reports status up for port: 1e75eac3-1f09-4666-ad65-854cc91bb7dd
2026-05-08 00:29:22.844 9 INFO neutron.plugins.ml2.plugin [None req-ee829364-fa9f-4f88-bc1b-caea2333e979 - - - - - -] Attempt 1 to provision port 1e75eac3-1f09-4666-ad65-854cc91bb7dd
2026-05-08 00:29:22.856 10 INFO neutron.db.ovn_revision_numbers_db [None req-8f81b814-14dc-4dad-8dfe-9494d072121c 12963efae5f04d3dbc0445b01ea7a366 2bf25175b5ed4462b2ad6e4ca168fb5d - - default default] Successfully bumped revision number for resource 1e75eac3-1f09-4666-ad65-854cc91bb7dd (type: ports) to 1
2026-05-08 00:29:22.926 10 WARNING neutron.scheduler.dhcp_agent_scheduler [None req-8f81b814-14dc-4dad-8dfe-9494d072121c 12963efae5f04d3dbc0445b01ea7a366 2bf25175b5ed4462b2ad6e4ca168fb5d - - default default] No more DHCP agents
2026-05-08 00:29:22.928 10 WARNING neutron.api.rpc.agentnotifiers.dhcp_rpc_agent_api [None req-8f81b814-14dc-4dad-8dfe-9494d072121c 12963efae5f04d3dbc0445b01ea7a366 2bf25175b5ed4462b2ad6e4ca168fb5d - - default default] Unable to schedule network 3e2ef928-5d05-41c3-94f2-0fb4eb88fd90: no agents available; will retry on subsequent port and subnet creation events.
2026-05-08 00:29:22.972 9 INFO neutron.services.segments.plugin [-] Segment f45340ce-fb5e-4671-872f-b247e5968bf0 resource provider aggregate not found
2026-05-08 00:29:22.978 9 INFO neutron.services.segments.plugin [-] Segment f45340ce-fb5e-4671-872f-b247e5968bf0 resource provider aggregate not found
2026-05-08 00:29:22.991 9 INFO neutron.services.segments.plugin [-] Segment f45340ce-fb5e-4671-872f-b247e5968bf0 resource provider not found; error: Placement Client Error (4xx): {"errors": [{"status": 404, "title": "Not Found", "detail": "The resource could not be found.\n\n No resource provider with uuid f45340ce-fb5e-4671-872f-b247e5968bf0 found for delete ", "request_id": "req-1bad1492-49c8-4504-a0a6-9a27c8617038"}]}
2026-05-08 00:29:23.004 9 INFO neutron.services.segments.plugin [-] Segment f45340ce-fb5e-4671-872f-b247e5968bf0 resource provider not found; error: Placement Client Error (4xx): {"errors": [{"status": 404, "title": "Not Found", "detail": "The resource could not be found.\n\n No resource provider with uuid f45340ce-fb5e-4671-872f-b247e5968bf0 found for delete ", "request_id": "req-97d4ec35-4a15-420a-87a9-7dcc4e1d2c4e"}]}
2026-05-08 00:29:23.010 9 INFO neutron.api.wsgi [None req-8954d150-1d50-4329-8806-d98c172640e4 754989ad745348c2842035e4c954ed15 1e434a98de034528963e385f4ee83562 - - default default] 10.0.0.37 "DELETE /v2.0/networks/47696ac9-65ff-444b-93b6-c431114b50b2 HTTP/1.1" status: 204 len: 168 time: 0.3381889
2026-05-08 00:29:23.137 10 INFO neutron.db.ovn_revision_numbers_db [None req-8f81b814-14dc-4dad-8dfe-9494d072121c 12963efae5f04d3dbc0445b01ea7a366 2bf25175b5ed4462b2ad6e4ca168fb5d - - default default] Successfully bumped revision number for resource 1e75eac3-1f09-4666-ad65-854cc91bb7dd (type: router_ports) to 1
2026-05-08 00:29:23.141 10 INFO neutron.api.wsgi [None req-8f81b814-14dc-4dad-8dfe-9494d072121c 12963efae5f04d3dbc0445b01ea7a366 2bf25175b5ed4462b2ad6e4ca168fb5d - - default default] 10.0.0.37 "PUT /v2.0/routers/b393a6e3-5fa5-4610-81bf-9d27ee46f793/add_router_interface HTTP/1.1" status: 200 len: 503 time: 1.2192743
2026-05-08 00:29:23.226 9 INFO neutron.api.wsgi [None req-ecfe2950-90b2-4c47-a416-c9a7681badeb 754989ad745348c2842035e4c954ed15 1e434a98de034528963e385f4ee83562 - - default default] 10.0.0.37 "GET /v2.0/security-groups?tenant_id=c7042e6463204b7bbeec074e44c6d86e&name=default HTTP/1.1" status: 200 len: 3120 time: 0.0537202
2026-05-08 00:29:23.226 10 INFO neutron.api.wsgi [None req-6d376f06-63c4-445d-a624-2d84b0c69a8d 754989ad745348c2842035e4c954ed15 1e434a98de034528963e385f4ee83562 - - default default] 10.0.0.37 "PUT /v2.0/routers/b05d0fdc-3afc-4e1f-a61c-e1a890ca211f/remove_router_interface HTTP/1.1" status: 200 len: 503 time: 1.1442604 /var/lib/openstack/lib/python3.12/site-packages/pycadf/identifier.py:71: UserWarning: Invalid uuid: neutron. To ensure interoperability, identifiers should be a valid uuid. warnings.warn(('Invalid uuid: %s. To ensure interoperability, '
2026-05-08 00:29:23.273 9 INFO neutron.api.wsgi [None req-a887d32b-dcaa-459c-9065-3013d7be966b 12963efae5f04d3dbc0445b01ea7a366 2bf25175b5ed4462b2ad6e4ca168fb5d - - default default] 10.0.0.37 "GET /v2.0/ports/1e75eac3-1f09-4666-ad65-854cc91bb7dd HTTP/1.1" status: 200 len: 1141 time: 0.1267369
2026-05-08 00:29:23.284 9 INFO neutron.db.ovn_revision_numbers_db [None req-ee829364-fa9f-4f88-bc1b-caea2333e979 - - - - - -] Successfully bumped revision number for resource 1e75eac3-1f09-4666-ad65-854cc91bb7dd (type: ports) to 2
2026-05-08 00:29:23.472 10 INFO neutron.api.wsgi [None req-e06a6f35-5cf3-4fa2-8aa3-e07e2491bbbe 754989ad745348c2842035e4c954ed15 1e434a98de034528963e385f4ee83562 - - default default] 10.0.0.37 "DELETE /v2.0/security-groups/3d5f5dfb-54a8-4977-88f0-a55464a5f7d9 HTTP/1.1" status: 204 len: 168 time: 0.2408090
2026-05-08 00:29:23.710 10 WARNING neutron.scheduler.dhcp_agent_scheduler [None req-d021b099-7c50-459e-a588-545021144423 12963efae5f04d3dbc0445b01ea7a366 2bf25175b5ed4462b2ad6e4ca168fb5d - - default default] No more DHCP agents
2026-05-08 00:29:23.712 10 WARNING neutron.api.rpc.agentnotifiers.dhcp_rpc_agent_api [None req-d021b099-7c50-459e-a588-545021144423 12963efae5f04d3dbc0445b01ea7a366 2bf25175b5ed4462b2ad6e4ca168fb5d - - default default] Unable to schedule network 7f7c14ec-30c5-47d0-a348-5f4e1519239f: no agents available; will retry on subsequent port and subnet creation events.
2026-05-08 00:29:23.830 10 INFO neutron.db.ovn_revision_numbers_db [None req-d021b099-7c50-459e-a588-545021144423 12963efae5f04d3dbc0445b01ea7a366 2bf25175b5ed4462b2ad6e4ca168fb5d - - default default] Successfully bumped revision number for resource 4ac5fadf-0032-47f9-9620-1d951f2e4acb (type: ports) to 1
2026-05-08 00:29:23.880 9 INFO neutron.api.wsgi [None req-c9c34939-b269-4bd4-be21-8777fa705765 754989ad745348c2842035e4c954ed15 1e434a98de034528963e385f4ee83562 - - default default] 10.0.0.37 "DELETE /v2.0/routers/b05d0fdc-3afc-4e1f-a61c-e1a890ca211f HTTP/1.1" status: 204 len: 168 time: 0.6480296
2026-05-08 00:29:23.964 9 INFO neutron.api.wsgi [req-11feed97-382a-48b3-a756-5d7583fd10eb req-eb5ce9ba-ac9d-4e30-8d93-2e2555c337fb 5a61d14ec71942d9ba839cb224b69985 f014bbe0d67a4e8d9adc079e7bb2a16b - - 1b55432df30e49d4b604d7e3bc98fc88 1b55432df30e49d4b604d7e3bc98fc88] 10.0.0.58 "GET /v2.0/ports?device_id=02185fe5-a881-41c6-b10a-70334da8fe72 HTTP/1.1" status: 200 len: 1409 time: 0.1820748
2026-05-08 00:29:24.012 9 INFO neutron.api.wsgi [req-11feed97-382a-48b3-a756-5d7583fd10eb req-c8843228-ca71-49bc-a8ef-33de4a855749 5a61d14ec71942d9ba839cb224b69985 f014bbe0d67a4e8d9adc079e7bb2a16b - - 1b55432df30e49d4b604d7e3bc98fc88 1b55432df30e49d4b604d7e3bc98fc88] 10.0.0.58 "GET /v2.0/security-groups?id=c08055a2-4862-431f-86cf-9900dec02bc4&fields=id&fields=name HTTP/1.1" status: 200 len: 312 time: 0.0428665
2026-05-08 00:29:24.074 9 INFO neutron.api.wsgi [None req-c0dcfe40-bbbe-411c-a946-9959e4846619 754989ad745348c2842035e4c954ed15 1e434a98de034528963e385f4ee83562 - - default default] 10.0.0.37 "DELETE /v2.0/subnets/4ced0afd-54db-4f4c-bee1-87606753d6f7 HTTP/1.1" status: 204 len: 168 time: 0.1896985
2026-05-08 00:29:24.380 9 INFO neutron.api.wsgi [None req-52016292-96f5-4919-acfa-72ef051972bd 754989ad745348c2842035e4c954ed15 1e434a98de034528963e385f4ee83562 - - default default] 10.0.0.37 "DELETE /v2.0/networks/9647e895-d02f-4d94-900a-a00b9ca738bb HTTP/1.1" status: 204 len: 168 time: 0.3015578
2026-05-08 00:29:24.420 10 INFO neutron.plugins.ml2.drivers.ovn.mech_driver.mech_driver [None req-bb4c69f7-a1ba-4759-9598-4ee2e66cfa37 - - - - - -] OVN reports status up for port: 4ac5fadf-0032-47f9-9620-1d951f2e4acb
2026-05-08 00:29:24.431 10 INFO neutron.plugins.ml2.plugin [None req-bb4c69f7-a1ba-4759-9598-4ee2e66cfa37 - - - - - -] Attempt 1 to provision port 4ac5fadf-0032-47f9-9620-1d951f2e4acb
2026-05-08 00:29:24.443 10 INFO neutron.db.ovn_revision_numbers_db [None req-d021b099-7c50-459e-a588-545021144423 12963efae5f04d3dbc0445b01ea7a366 2bf25175b5ed4462b2ad6e4ca168fb5d - - default default] Successfully bumped revision number for resource 4ac5fadf-0032-47f9-9620-1d951f2e4acb (type: ports) to 1
2026-05-08 00:29:24.503 9 INFO neutron.api.wsgi [None req-3ddad938-df18-4de5-8bb7-03ef7057475c 754989ad745348c2842035e4c954ed15 1e434a98de034528963e385f4ee83562 - - default default] 10.0.0.37 "GET /v2.0/security-groups?tenant_id=574f5af686b343f990a9ddca7b056bc6&name=default HTTP/1.1" status: 200 len: 3116 time: 0.0297518
2026-05-08 00:29:24.509 10 WARNING neutron.scheduler.dhcp_agent_scheduler [None req-d021b099-7c50-459e-a588-545021144423 12963efae5f04d3dbc0445b01ea7a366 2bf25175b5ed4462b2ad6e4ca168fb5d - - default default] No more DHCP agents
2026-05-08 00:29:24.512 10 WARNING neutron.api.rpc.agentnotifiers.dhcp_rpc_agent_api [None req-d021b099-7c50-459e-a588-545021144423 12963efae5f04d3dbc0445b01ea7a366 2bf25175b5ed4462b2ad6e4ca168fb5d - - default default] Unable to schedule network 7f7c14ec-30c5-47d0-a348-5f4e1519239f: no agents available; will retry on subsequent port and subnet creation events.
2026-05-08 00:29:24.714 9 INFO neutron.api.wsgi [None req-373df726-75ff-4046-939c-d7e6890519f1 754989ad745348c2842035e4c954ed15 1e434a98de034528963e385f4ee83562 - - default default] 10.0.0.37 "DELETE /v2.0/security-groups/ed09a2a8-0609-4f69-8427-583a80b7bf1b HTTP/1.1" status: 204 len: 168 time: 0.2066121
2026-05-08 00:29:24.721 10 INFO neutron.db.ovn_revision_numbers_db [None req-d021b099-7c50-459e-a588-545021144423 12963efae5f04d3dbc0445b01ea7a366 2bf25175b5ed4462b2ad6e4ca168fb5d - - default default] Successfully bumped revision number for resource 4ac5fadf-0032-47f9-9620-1d951f2e4acb (type: router_ports) to 1
2026-05-08 00:29:24.725 10 INFO neutron.api.wsgi [None req-d021b099-7c50-459e-a588-545021144423 12963efae5f04d3dbc0445b01ea7a366 2bf25175b5ed4462b2ad6e4ca168fb5d - - default default] 10.0.0.37 "PUT /v2.0/routers/b393a6e3-5fa5-4610-81bf-9d27ee46f793/add_router_interface HTTP/1.1" status: 200 len: 503 time: 1.4475451
2026-05-08 00:29:24.806 9 INFO neutron.api.wsgi [None req-f75155f6-a877-46b7-ac41-4c6bd2de1b84 12963efae5f04d3dbc0445b01ea7a366 2bf25175b5ed4462b2ad6e4ca168fb5d - - default default] 10.0.0.37 "GET /v2.0/ports/4ac5fadf-0032-47f9-9620-1d951f2e4acb HTTP/1.1" status: 200 len: 1149 time: 0.0763421
2026-05-08 00:29:24.875 9 INFO neutron.api.wsgi [None req-bb1f8ce6-c11c-42e9-bad9-d3d29ba179e2 12963efae5f04d3dbc0445b01ea7a366 2bf25175b5ed4462b2ad6e4ca168fb5d - - default default] 10.0.0.37 "GET /v2.0/ports/4ac5fadf-0032-47f9-9620-1d951f2e4acb HTTP/1.1" status: 200 len: 1149 time: 0.0637529
2026-05-08 00:29:24.886 10 INFO neutron.db.ovn_revision_numbers_db [None req-bb4c69f7-a1ba-4759-9598-4ee2e66cfa37 - - - - - -] Successfully bumped revision number for resource 4ac5fadf-0032-47f9-9620-1d951f2e4acb (type: ports) to 2
2026-05-08 00:29:25.011 9 INFO neutron.services.segments.plugin [-] Segment b4100025-e7f7-4c11-9fff-6f457a06cc7d resource provider aggregate not found
2026-05-08 00:29:25.017 9 INFO neutron.services.segments.plugin [-] Segment b4100025-e7f7-4c11-9fff-6f457a06cc7d resource provider aggregate not found
2026-05-08 00:29:25.021 9 INFO neutron.services.segments.plugin [-] Segment b4100025-e7f7-4c11-9fff-6f457a06cc7d resource provider not found; error: Placement Client Error (4xx): {"errors": [{"status": 404, "title": "Not Found", "detail": "The resource could not be found.\n\n No resource provider with uuid b4100025-e7f7-4c11-9fff-6f457a06cc7d found for delete ", "request_id": "req-d46140c0-f447-44b8-8ceb-73e952346446"}]}
2026-05-08 00:29:25.026 9 INFO neutron.services.segments.plugin [-] Segment b4100025-e7f7-4c11-9fff-6f457a06cc7d resource provider not found; error: Placement Client Error (4xx): {"errors": [{"status": 404, "title": "Not Found", "detail": "The resource could not be found.\n\n No resource provider with uuid b4100025-e7f7-4c11-9fff-6f457a06cc7d found for delete ", "request_id": "req-7cd7e016-28ef-446e-9388-3d7e26432ee4"}]}
2026-05-08 00:29:25.400 10 INFO neutron.api.wsgi [None req-ad4b9c47-a226-436c-8b69-0d4ee0afd9a0 12963efae5f04d3dbc0445b01ea7a366 2bf25175b5ed4462b2ad6e4ca168fb5d - - default default] 10.0.0.37 "PUT /v2.0/routers/b393a6e3-5fa5-4610-81bf-9d27ee46f793/remove_router_interface HTTP/1.1" status: 200 len: 503 time: 0.5191815 /var/lib/openstack/lib/python3.12/site-packages/pycadf/identifier.py:71: UserWarning: Invalid uuid: neutron. To ensure interoperability, identifiers should be a valid uuid. warnings.warn(('Invalid uuid: %s. To ensure interoperability, '
2026-05-08 00:29:25.433 9 INFO neutron.db.ovn_revision_numbers_db [None req-a55d87b3-6125-40ee-ba75-7dd93908843a 754989ad745348c2842035e4c954ed15 1e434a98de034528963e385f4ee83562 - - default default] Successfully bumped revision number for resource a253d033-f668-42e7-afb8-300ca62a8ee4 (type: security_groups) to 1
2026-05-08 00:29:25.441 10 INFO neutron.api.wsgi [None req-c78f65c6-04cd-453e-aef5-4e55003aa520 12963efae5f04d3dbc0445b01ea7a366 2bf25175b5ed4462b2ad6e4ca168fb5d - - default default] 10.0.0.37 "GET /v2.0/ports/1e75eac3-1f09-4666-ad65-854cc91bb7dd HTTP/1.1" status: 200 len: 1141 time: 0.0352800
2026-05-08 00:29:25.449 9 INFO neutron.db.ovn_revision_numbers_db [None req-a55d87b3-6125-40ee-ba75-7dd93908843a 754989ad745348c2842035e4c954ed15 1e434a98de034528963e385f4ee83562 - - default default] Successfully bumped revision number for resource 033708c7-e0d0-48e0-b1d5-7d72105febfd (type: security_group_rules) to 0
2026-05-08 00:29:25.479 9 INFO neutron.db.ovn_revision_numbers_db [None req-a55d87b3-6125-40ee-ba75-7dd93908843a 754989ad745348c2842035e4c954ed15 1e434a98de034528963e385f4ee83562 - - default default] Successfully bumped revision number for resource 45ac1092-c8c6-4ec6-9b4e-3171b124204f (type: security_group_rules) to 0
2026-05-08 00:29:25.493 9 INFO neutron.db.ovn_revision_numbers_db [None req-a55d87b3-6125-40ee-ba75-7dd93908843a 754989ad745348c2842035e4c954ed15 1e434a98de034528963e385f4ee83562 - - default default] Successfully bumped revision number for resource 8a827559-080a-4d5d-af35-92abc2e5a8d8 (type: security_group_rules) to 0
2026-05-08 00:29:25.509 9 INFO neutron.db.ovn_revision_numbers_db [None req-a55d87b3-6125-40ee-ba75-7dd93908843a 754989ad745348c2842035e4c954ed15 1e434a98de034528963e385f4ee83562 - - default default] Successfully bumped revision number for resource b96156a6-7403-475c-b5df-a2e3e444bf26 (type: security_group_rules) to 0
2026-05-08 00:29:25.576 9 INFO neutron.db.segments_db [None req-a55d87b3-6125-40ee-ba75-7dd93908843a 754989ad745348c2842035e4c954ed15 1e434a98de034528963e385f4ee83562 - - default default] Added segment 85096b7b-3476-4d97-920c-7c732f6ca4b8 of type geneve for network ba3214b5-9232-4ddb-aab4-f44292dd30f7
2026-05-08 00:29:25.679 9 INFO neutron.db.ovn_revision_numbers_db [None req-a55d87b3-6125-40ee-ba75-7dd93908843a 754989ad745348c2842035e4c954ed15 1e434a98de034528963e385f4ee83562 - - default default] Successfully bumped revision number for resource ba3214b5-9232-4ddb-aab4-f44292dd30f7 (type: networks) to 1
2026-05-08 00:29:25.854 9 WARNING neutron.scheduler.dhcp_agent_scheduler [None req-a55d87b3-6125-40ee-ba75-7dd93908843a 754989ad745348c2842035e4c954ed15 1e434a98de034528963e385f4ee83562 - - default default] No more DHCP agents
2026-05-08 00:29:25.855 9 WARNING neutron.api.rpc.agentnotifiers.dhcp_rpc_agent_api [None req-a55d87b3-6125-40ee-ba75-7dd93908843a 754989ad745348c2842035e4c954ed15 1e434a98de034528963e385f4ee83562 - - default default] Unable to schedule network ba3214b5-9232-4ddb-aab4-f44292dd30f7: no agents available; will retry on subsequent port and subnet creation events.
2026-05-08 00:29:25.886 10 INFO neutron.api.wsgi [None req-b154c8b6-bb52-408f-83c6-e3066d33f4e3 12963efae5f04d3dbc0445b01ea7a366 2bf25175b5ed4462b2ad6e4ca168fb5d - - default default] 10.0.0.37 "PUT /v2.0/routers/b393a6e3-5fa5-4610-81bf-9d27ee46f793/remove_router_interface HTTP/1.1" status: 200 len: 503 time: 0.4380836 /var/lib/openstack/lib/python3.12/site-packages/pycadf/identifier.py:71: UserWarning: Invalid uuid: neutron. To ensure interoperability, identifiers should be a valid uuid. warnings.warn(('Invalid uuid: %s. To ensure interoperability, '
2026-05-08 00:29:25.905 10 INFO neutron.api.wsgi [None req-a9e9d143-b8d4-49ab-9671-c56dabc0a05c 12963efae5f04d3dbc0445b01ea7a366 2bf25175b5ed4462b2ad6e4ca168fb5d - - default default] 10.0.0.37 "GET /v2.0/ports?device_id=b393a6e3-5fa5-4610-81bf-9d27ee46f793 HTTP/1.1" status: 200 len: 205 time: 0.0129912
2026-05-08 00:29:25.928 9 INFO neutron.db.ovn_revision_numbers_db [None req-a55d87b3-6125-40ee-ba75-7dd93908843a 754989ad745348c2842035e4c954ed15 1e434a98de034528963e385f4ee83562 - - default default] Successfully bumped revision number for resource 2fe2ea9a-9a5a-48af-8f5a-661edb1c3138 (type: ports) to 1
2026-05-08 00:29:25.943 9 INFO neutron.api.wsgi [None req-a55d87b3-6125-40ee-ba75-7dd93908843a 754989ad745348c2842035e4c954ed15 1e434a98de034528963e385f4ee83562 - - default default] 10.0.0.37 "POST /v2.0/networks HTTP/1.1" status: 201 len: 946 time: 0.7717228
2026-05-08 00:29:26.065 10 INFO neutron.api.wsgi [None req-ad835b96-080a-4047-9dd9-b7a90e3c5a8b 12963efae5f04d3dbc0445b01ea7a366 2bf25175b5ed4462b2ad6e4ca168fb5d - - default default] 10.0.0.37 "DELETE /v2.0/routers/b393a6e3-5fa5-4610-81bf-9d27ee46f793 HTTP/1.1" status: 204 len: 168 time: 0.1567614
2026-05-08 00:29:26.073 9 WARNING neutron.scheduler.dhcp_agent_scheduler [None req-e3e3a606-cb11-43d9-a12c-28dea737c40b 754989ad745348c2842035e4c954ed15 1e434a98de034528963e385f4ee83562 - - default default] No more DHCP agents
2026-05-08 00:29:26.074 9 WARNING neutron.api.rpc.agentnotifiers.dhcp_rpc_agent_api [None req-e3e3a606-cb11-43d9-a12c-28dea737c40b 754989ad745348c2842035e4c954ed15 1e434a98de034528963e385f4ee83562 - - default default] Unable to schedule network ba3214b5-9232-4ddb-aab4-f44292dd30f7: no agents available; will retry on subsequent port and subnet creation events.
2026-05-08 00:29:26.193 10 INFO neutron.api.wsgi [None req-22810bf1-b670-4e5c-af43-e0273798ee32 12963efae5f04d3dbc0445b01ea7a366 2bf25175b5ed4462b2ad6e4ca168fb5d - - default default] 10.0.0.37 "DELETE /v2.0/subnets/4975bcbe-fdf1-486a-8420-a1dbed265723 HTTP/1.1" status: 204 len: 168 time: 0.1229787
2026-05-08 00:29:26.343 10 INFO neutron.api.wsgi [None req-6a35e279-6545-4a7e-bc86-735a69d08a11 12963efae5f04d3dbc0445b01ea7a366 2bf25175b5ed4462b2ad6e4ca168fb5d - - default default] 10.0.0.37 "DELETE /v2.0/subnets/a177f560-e4f7-4a63-b289-07c9d4763b33 HTTP/1.1" status: 204 len: 168 time: 0.1456869
2026-05-08 00:29:26.498 9 INFO neutron.db.ovn_revision_numbers_db [None req-bf217190-c5aa-43f4-81c1-b01010907cb8 - - - - - -] Successfully bumped revision number for resource 2fe2ea9a-9a5a-48af-8f5a-661edb1c3138 (type: ports) to 2
2026-05-08 00:29:26.525 9 INFO neutron.db.ovn_revision_numbers_db [None req-bf217190-c5aa-43f4-81c1-b01010907cb8 - - - - - -] Successfully bumped revision number for resource b5325a22-980b-495d-9066-955e18efcbee (type: subnets) to 0
2026-05-08 00:29:26.540 9 INFO neutron.api.wsgi [None req-e3e3a606-cb11-43d9-a12c-28dea737c40b 754989ad745348c2842035e4c954ed15 1e434a98de034528963e385f4ee83562 - - default default] 10.0.0.37 "POST /v2.0/subnets HTTP/1.1" status: 201 len: 890 time: 0.5929513
2026-05-08 00:29:26.600 10 INFO neutron.db.ovn_revision_numbers_db [None req-0810abd7-d16b-4105-914d-b56facba756e 754989ad745348c2842035e4c954ed15 1e434a98de034528963e385f4ee83562 - - default default] Successfully bumped revision number for resource 22800758-e363-48e3-94cb-13f5fb84a769 (type: security_groups) to 1
2026-05-08 00:29:26.613 10 INFO neutron.db.ovn_revision_numbers_db [None req-0810abd7-d16b-4105-914d-b56facba756e 754989ad745348c2842035e4c954ed15 1e434a98de034528963e385f4ee83562 - - default default] Successfully bumped revision number for resource 36ca1504-23ac-4d16-94f0-c11d26668d3d (type: security_group_rules) to 0
2026-05-08 00:29:26.627 10 INFO neutron.db.ovn_revision_numbers_db [None req-0810abd7-d16b-4105-914d-b56facba756e 754989ad745348c2842035e4c954ed15 1e434a98de034528963e385f4ee83562 - - default default] Successfully bumped revision number for resource 43d07e0a-3fe5-4198-ad34-53a63439b7e7 (type: security_group_rules) to 0
2026-05-08 00:29:26.657 10 INFO neutron.db.ovn_revision_numbers_db [None req-0810abd7-d16b-4105-914d-b56facba756e 754989ad745348c2842035e4c954ed15 1e434a98de034528963e385f4ee83562 - - default default] Successfully bumped revision number for resource ac0ae2ac-ca5f-40c2-869a-1e952446e425 (type: security_group_rules) to 0
2026-05-08 00:29:26.681 10 INFO neutron.services.segments.plugin [-] Segment b97eaaa0-1c05-4ace-b388-6a85d2a59419 resource provider aggregate not found
2026-05-08 00:29:26.685 10 INFO neutron.services.segments.plugin [-] Segment b97eaaa0-1c05-4ace-b388-6a85d2a59419 resource provider aggregate not found
2026-05-08 00:29:26.695 10 INFO neutron.api.wsgi [None req-0b767422-f14e-460b-9533-49498df3084d 12963efae5f04d3dbc0445b01ea7a366 2bf25175b5ed4462b2ad6e4ca168fb5d - - default default] 10.0.0.37 "DELETE /v2.0/networks/7f7c14ec-30c5-47d0-a348-5f4e1519239f HTTP/1.1" status: 204 len: 168 time: 0.3486502
2026-05-08 00:29:26.699 10 INFO neutron.db.ovn_revision_numbers_db [None req-0810abd7-d16b-4105-914d-b56facba756e 754989ad745348c2842035e4c954ed15 1e434a98de034528963e385f4ee83562 - - default default] Successfully bumped revision number for resource edc8f5e0-c609-43bb-8c1f-59346d23ba46 (type: security_group_rules) to 0
2026-05-08 00:29:26.712 10 INFO neutron.services.segments.plugin [-] Segment b97eaaa0-1c05-4ace-b388-6a85d2a59419 resource provider not found; error: Placement Client Error (4xx): {"errors": [{"status": 404, "title": "Not Found", "detail": "The resource could not be found.\n\n No resource provider with uuid b97eaaa0-1c05-4ace-b388-6a85d2a59419 found for delete ", "request_id": "req-e7421ffe-d458-43b3-9b7c-2fabb11a8781"}]}
2026-05-08 00:29:26.722 10 INFO neutron.services.segments.plugin [-] Segment b97eaaa0-1c05-4ace-b388-6a85d2a59419 resource provider not found; error: Placement Client Error (4xx): {"errors": [{"status": 404, "title": "Not Found", "detail": "The resource could not be found.\n\n No resource provider with uuid b97eaaa0-1c05-4ace-b388-6a85d2a59419 found for delete ", "request_id": "req-965473d3-29df-4d83-94d2-d71613ddcdef"}]}
2026-05-08 00:29:26.778 10 INFO neutron.db.segments_db [None req-0810abd7-d16b-4105-914d-b56facba756e 754989ad745348c2842035e4c954ed15 1e434a98de034528963e385f4ee83562 - - default default] Added segment b05776e7-3316-4b17-a6f9-16184d3122b3 of type geneve for network a7c7e54d-d39a-48a1-b621-d6301e2108b6
2026-05-08 00:29:26.900 10 INFO neutron.db.ovn_revision_numbers_db [None req-0810abd7-d16b-4105-914d-b56facba756e 754989ad745348c2842035e4c954ed15 1e434a98de034528963e385f4ee83562 - - default default] Successfully bumped revision number for resource a7c7e54d-d39a-48a1-b621-d6301e2108b6 (type: networks) to 1
2026-05-08 00:29:27.051 10 INFO neutron.api.wsgi [None req-8eb1fe9a-4137-4ce6-b1af-2eb12cfc3b20 12963efae5f04d3dbc0445b01ea7a366 2bf25175b5ed4462b2ad6e4ca168fb5d - - default default] 10.0.0.37 "DELETE /v2.0/networks/3e2ef928-5d05-41c3-94f2-0fb4eb88fd90 HTTP/1.1" status: 204 len: 168 time: 0.3467412
2026-05-08 00:29:27.061 10 WARNING neutron_lib.context [None req-4620bd3a-faca-4ebc-87c9-136dc0c02e1a 12963efae5f04d3dbc0445b01ea7a366 2bf25175b5ed4462b2ad6e4ca168fb5d - - default default] Method 'is_advsvc' is deprecated since 2023.2 release (neutron-lib 3.8.0) and will be removed once support for the old RBAC API policies will be removed from Neutron. Please use method 'is_service_role' instead.
2026-05-08 00:29:27.064 9 WARNING neutron.scheduler.dhcp_agent_scheduler [None req-e8502cbe-0089-47b9-8a06-4d4ecc76adb0 754989ad745348c2842035e4c954ed15 1e434a98de034528963e385f4ee83562 - - default default] No more DHCP agents
2026-05-08 00:29:27.065 9 WARNING neutron.api.rpc.agentnotifiers.dhcp_rpc_agent_api [None req-e8502cbe-0089-47b9-8a06-4d4ecc76adb0 754989ad745348c2842035e4c954ed15 1e434a98de034528963e385f4ee83562 - - default default] Unable to schedule network 8375a2e0-fc5c-4118-888e-56e4dc6c4278: no agents available; will retry on subsequent port and subnet creation events.
2026-05-08 00:29:27.080 10 WARNING neutron.scheduler.dhcp_agent_scheduler [None req-0810abd7-d16b-4105-914d-b56facba756e 754989ad745348c2842035e4c954ed15 1e434a98de034528963e385f4ee83562 - - default default] No more DHCP agents
2026-05-08 00:29:27.082 10 WARNING neutron.api.rpc.agentnotifiers.dhcp_rpc_agent_api [None req-0810abd7-d16b-4105-914d-b56facba756e 754989ad745348c2842035e4c954ed15 1e434a98de034528963e385f4ee83562 - - default default] Unable to schedule network a7c7e54d-d39a-48a1-b621-d6301e2108b6: no agents available; will retry on subsequent port and subnet creation events.
2026-05-08 00:29:27.137 10 INFO neutron.db.segments_db [None req-4620bd3a-faca-4ebc-87c9-136dc0c02e1a 12963efae5f04d3dbc0445b01ea7a366 2bf25175b5ed4462b2ad6e4ca168fb5d - - default default] Added segment 867d5de2-a78d-4559-a491-1785c07f4c9d of type geneve for network 99cc0eeb-8b6b-43b6-91e7-b584f9335273
2026-05-08 00:29:27.140 10 INFO neutron.db.ovn_revision_numbers_db [None req-0810abd7-d16b-4105-914d-b56facba756e 754989ad745348c2842035e4c954ed15 1e434a98de034528963e385f4ee83562 - - default default] Successfully bumped revision number for resource 10800fe2-6798-4902-a710-b0eb2dbd9656 (type: ports) to 1
2026-05-08 00:29:27.162 10 INFO neutron.api.wsgi [None req-0810abd7-d16b-4105-914d-b56facba756e 754989ad745348c2842035e4c954ed15 1e434a98de034528963e385f4ee83562 - - default default] 10.0.0.37 "POST /v2.0/networks HTTP/1.1" status: 201 len: 940 time: 0.8528416
2026-05-08 00:29:27.180 9 INFO neutron.db.ovn_revision_numbers_db [None req-e8502cbe-0089-47b9-8a06-4d4ecc76adb0 754989ad745348c2842035e4c954ed15 1e434a98de034528963e385f4ee83562 - - default default] Successfully bumped revision number for resource e6d201bd-c043-42cd-8a93-5f696fc63bab (type: ports) to 1
2026-05-08 00:29:27.250 10 INFO neutron.db.ovn_revision_numbers_db [None req-4620bd3a-faca-4ebc-87c9-136dc0c02e1a 12963efae5f04d3dbc0445b01ea7a366 2bf25175b5ed4462b2ad6e4ca168fb5d - - default default] Successfully bumped revision number for resource 99cc0eeb-8b6b-43b6-91e7-b584f9335273 (type: networks) to 1
2026-05-08 00:29:27.321 9 WARNING neutron.scheduler.dhcp_agent_scheduler [None req-c9732ca8-2c0f-4ee8-b5b4-760000f5d1a5 754989ad745348c2842035e4c954ed15 1e434a98de034528963e385f4ee83562 - - default default] No more DHCP agents
2026-05-08 00:29:27.324 9 WARNING neutron.api.rpc.agentnotifiers.dhcp_rpc_agent_api [None req-c9732ca8-2c0f-4ee8-b5b4-760000f5d1a5 754989ad745348c2842035e4c954ed15 1e434a98de034528963e385f4ee83562 - - default default] Unable to schedule network a7c7e54d-d39a-48a1-b621-d6301e2108b6: no agents available; will retry on subsequent port and subnet creation events.
2026-05-08 00:29:27.399 10 WARNING neutron.scheduler.dhcp_agent_scheduler [None req-4620bd3a-faca-4ebc-87c9-136dc0c02e1a 12963efae5f04d3dbc0445b01ea7a366 2bf25175b5ed4462b2ad6e4ca168fb5d - - default default] No more DHCP agents
2026-05-08 00:29:27.400 10 WARNING neutron.api.rpc.agentnotifiers.dhcp_rpc_agent_api [None req-4620bd3a-faca-4ebc-87c9-136dc0c02e1a 12963efae5f04d3dbc0445b01ea7a366 2bf25175b5ed4462b2ad6e4ca168fb5d - - default default] Unable to schedule network 99cc0eeb-8b6b-43b6-91e7-b584f9335273: no agents available; will retry on subsequent port and subnet creation events.
2026-05-08 00:29:27.456 10 INFO neutron.db.ovn_revision_numbers_db [None req-4620bd3a-faca-4ebc-87c9-136dc0c02e1a 12963efae5f04d3dbc0445b01ea7a366 2bf25175b5ed4462b2ad6e4ca168fb5d - - default default] Successfully bumped revision number for resource f27e06dd-237e-4dc9-9cc0-caa1e78ae79c (type: ports) to 1
2026-05-08 00:29:27.475 10 INFO neutron.api.wsgi [None req-4620bd3a-faca-4ebc-87c9-136dc0c02e1a 12963efae5f04d3dbc0445b01ea7a366 2bf25175b5ed4462b2ad6e4ca168fb5d - - default default] 10.0.0.37 "POST /v2.0/networks HTTP/1.1" status: 201 len: 833 time: 0.4175854
2026-05-08 00:29:27.486 10 WARNING neutron_lib.context [None req-931e5c44-c357-485c-923e-0d5e68645efc 12963efae5f04d3dbc0445b01ea7a366 2bf25175b5ed4462b2ad6e4ca168fb5d - - default default] Method 'is_advsvc' is deprecated since 2023.2 release (neutron-lib 3.8.0) and will be removed once support for the old RBAC API policies will be removed from Neutron. Please use method 'is_service_role' instead.
2026-05-08 00:29:27.633 10 WARNING neutron.scheduler.dhcp_agent_scheduler [None req-931e5c44-c357-485c-923e-0d5e68645efc 12963efae5f04d3dbc0445b01ea7a366 2bf25175b5ed4462b2ad6e4ca168fb5d - - default default] No more DHCP agents
2026-05-08 00:29:27.635 10 WARNING neutron.api.rpc.agentnotifiers.dhcp_rpc_agent_api [None req-931e5c44-c357-485c-923e-0d5e68645efc 12963efae5f04d3dbc0445b01ea7a366 2bf25175b5ed4462b2ad6e4ca168fb5d - - default default] Unable to schedule network 99cc0eeb-8b6b-43b6-91e7-b584f9335273: no agents available; will retry on subsequent port and subnet creation events.
2026-05-08 00:29:27.659 10 INFO neutron.db.ovn_revision_numbers_db [None req-931e5c44-c357-485c-923e-0d5e68645efc 12963efae5f04d3dbc0445b01ea7a366 2bf25175b5ed4462b2ad6e4ca168fb5d - - default default] Successfully bumped revision number for resource 1978ba39-0c95-4486-971e-ab5762413591 (type: subnets) to 0
2026-05-08 00:29:27.673 10 INFO neutron.api.wsgi [None req-931e5c44-c357-485c-923e-0d5e68645efc 12963efae5f04d3dbc0445b01ea7a366 2bf25175b5ed4462b2ad6e4ca168fb5d - - default default] 10.0.0.37 "POST /v2.0/subnets HTTP/1.1" status: 201 len: 845 time: 0.1909897
2026-05-08 00:29:27.681 10 WARNING neutron_lib.context [None req-c5330258-5a01-4918-8deb-702a6a48e63b 12963efae5f04d3dbc0445b01ea7a366 2bf25175b5ed4462b2ad6e4ca168fb5d - - default default] Method 'is_advsvc' is deprecated since 2023.2 release (neutron-lib 3.8.0) and will be removed once support for the old RBAC API policies will be removed from Neutron. Please use method 'is_service_role' instead.
2026-05-08 00:29:27.735 9 INFO neutron.plugins.ml2.drivers.ovn.mech_driver.ovsdb.commands [None req-e80f27f5-e49d-437f-8fb6-a3ee4a97fc45 - - - - - -] Schedule LRP lrp-e6d201bd-c043-42cd-8a93-5f696fc63bab on gateway 1e92e222-9eeb-4c4e-80ba-301384359059 with priority 1
2026-05-08 00:29:27.766 10 INFO neutron.plugins.ml2.drivers.ovn.mech_driver.ovsdb.ovsdb_monitor [None req-641706ec-0a28-4f42-9d6d-795d0ce2d33a - - - - - -] Router 6eb7486a-8711-49f8-835a-b89a76df9ac3 is bound to host instance
2026-05-08 00:29:27.779 9 INFO neutron.db.ovn_revision_numbers_db [None req-dab58320-4568-481e-b247-f997a4fbfe92 - - - - - -] Successfully bumped revision number for resource 10800fe2-6798-4902-a710-b0eb2dbd9656 (type: ports) to 2
2026-05-08 00:29:27.781 9 INFO neutron.db.ovn_revision_numbers_db [None req-e8502cbe-0089-47b9-8a06-4d4ecc76adb0 754989ad745348c2842035e4c954ed15 1e434a98de034528963e385f4ee83562 - - default default] Successfully bumped revision number for resource e6d201bd-c043-42cd-8a93-5f696fc63bab (type: router_ports) to 1
2026-05-08 00:29:27.796 10 INFO neutron.db.ovn_revision_numbers_db [None req-c5330258-5a01-4918-8deb-702a6a48e63b 12963efae5f04d3dbc0445b01ea7a366 2bf25175b5ed4462b2ad6e4ca168fb5d - - default default] Successfully bumped revision number for resource ef2be56c-8491-4eac-9f06-4f36d402554a (type: routers) to 1
2026-05-08 00:29:27.811 10 INFO neutron.api.wsgi [None req-c5330258-5a01-4918-8deb-702a6a48e63b 12963efae5f04d3dbc0445b01ea7a366 2bf25175b5ed4462b2ad6e4ca168fb5d - - default default] 10.0.0.37 "POST /v2.0/routers HTTP/1.1" status: 201 len: 805 time: 0.1339624
2026-05-08 00:29:27.822 9 WARNING neutron_lib.context [None req-d5760450-e0c3-4d8e-b89e-150aa22f9394 12963efae5f04d3dbc0445b01ea7a366 2bf25175b5ed4462b2ad6e4ca168fb5d - - default default] Method 'is_advsvc' is deprecated since 2023.2 release (neutron-lib 3.8.0) and will be removed once support for the old RBAC API policies will be removed from Neutron. Please use method 'is_service_role' instead.
2026-05-08 00:29:27.824 9 INFO neutron.db.ovn_revision_numbers_db [None req-dab58320-4568-481e-b247-f997a4fbfe92 - - - - - -] Successfully bumped revision number for resource ecf3b4bd-1290-4aae-93cf-b305a175bb5a (type: subnets) to 0
2026-05-08 00:29:27.845 9 INFO neutron.api.wsgi [None req-c9732ca8-2c0f-4ee8-b5b4-760000f5d1a5 754989ad745348c2842035e4c954ed15 1e434a98de034528963e385f4ee83562 - - default default] 10.0.0.37 "POST /v2.0/subnets HTTP/1.1" status: 201 len: 884 time: 0.6778762
2026-05-08 00:29:27.860 9 INFO neutron.db.ovn_revision_numbers_db [None req-e8502cbe-0089-47b9-8a06-4d4ecc76adb0 754989ad745348c2842035e4c954ed15 1e434a98de034528963e385f4ee83562 - - default default] Successfully bumped revision number for resource 6eb7486a-8711-49f8-835a-b89a76df9ac3 (type: routers) to 2
2026-05-08 00:29:27.876 9 INFO neutron.api.wsgi [None req-e8502cbe-0089-47b9-8a06-4d4ecc76adb0 754989ad745348c2842035e4c954ed15 1e434a98de034528963e385f4ee83562 - - default default] 10.0.0.37 "POST /v2.0/routers HTTP/1.1" status: 201 len: 1168 time: 1.3309124
2026-05-08 00:29:28.103 9 WARNING neutron.scheduler.dhcp_agent_scheduler [None req-d5760450-e0c3-4d8e-b89e-150aa22f9394 12963efae5f04d3dbc0445b01ea7a366 2bf25175b5ed4462b2ad6e4ca168fb5d - - default default] No more DHCP agents
2026-05-08 00:29:28.104 9 WARNING neutron.api.rpc.agentnotifiers.dhcp_rpc_agent_api [None req-d5760450-e0c3-4d8e-b89e-150aa22f9394 12963efae5f04d3dbc0445b01ea7a366 2bf25175b5ed4462b2ad6e4ca168fb5d - - default default] Unable to schedule network 99cc0eeb-8b6b-43b6-91e7-b584f9335273: no agents available; will retry on subsequent port and subnet creation events.
2026-05-08 00:29:28.135 9 WARNING neutron.plugins.ml2.drivers.ovn.mech_driver.ovsdb.ovn_client [None req-b74f3ce1-d793-4e75-97bf-705259baf4ed - - - - - -] No port found with ID 1e75eac3-1f09-4666-ad65-854cc91bb7dd: RuntimeError: No port found with ID 1e75eac3-1f09-4666-ad65-854cc91bb7dd
2026-05-08 00:29:28.203 9 INFO neutron.db.ovn_revision_numbers_db [None req-d5760450-e0c3-4d8e-b89e-150aa22f9394 12963efae5f04d3dbc0445b01ea7a366 2bf25175b5ed4462b2ad6e4ca168fb5d - - default default] Successfully bumped revision number for resource df9d81ec-1d46-40a6-9db8-c6180fb8c2ae (type: ports) to 1
2026-05-08 00:29:28.231 9 INFO neutron.api.wsgi [None req-d5760450-e0c3-4d8e-b89e-150aa22f9394 12963efae5f04d3dbc0445b01ea7a366 2bf25175b5ed4462b2ad6e4ca168fb5d - - default default] 10.0.0.37 "POST /v2.0/ports HTTP/1.1" status: 201 len: 1162 time: 0.4132924 /var/lib/openstack/lib/python3.12/site-packages/pycadf/identifier.py:71: UserWarning: Invalid uuid: neutron. To ensure interoperability, identifiers should be a valid uuid. warnings.warn(('Invalid uuid: %s. To ensure interoperability, '
2026-05-08 00:29:28.458 10 INFO neutron.db.ovn_revision_numbers_db [None req-d1b121a0-db53-4941-a60c-265db793cb72 - - - - - -] Successfully bumped revision number for resource e6d201bd-c043-42cd-8a93-5f696fc63bab (type: ports) to 1
2026-05-08 00:29:28.462 10 WARNING neutron.scheduler.dhcp_agent_scheduler [None req-5564ca15-bf64-4198-b60e-49ce144cc3e0 754989ad745348c2842035e4c954ed15 1e434a98de034528963e385f4ee83562 - - default default] No more DHCP agents
2026-05-08 00:29:28.472 10 WARNING neutron.api.rpc.agentnotifiers.dhcp_rpc_agent_api [None req-5564ca15-bf64-4198-b60e-49ce144cc3e0 754989ad745348c2842035e4c954ed15 1e434a98de034528963e385f4ee83562 - - default default] Unable to schedule network 8375a2e0-fc5c-4118-888e-56e4dc6c4278: no agents available; will retry on subsequent port and subnet creation events.
2026-05-08 00:29:28.592 10 WARNING neutron.scheduler.dhcp_agent_scheduler [None req-56df4bac-566d-40f2-94d1-7f12ae11232e 754989ad745348c2842035e4c954ed15 1e434a98de034528963e385f4ee83562 - - default default] No more DHCP agents
2026-05-08 00:29:28.595 10 WARNING neutron.api.rpc.agentnotifiers.dhcp_rpc_agent_api [None req-56df4bac-566d-40f2-94d1-7f12ae11232e 754989ad745348c2842035e4c954ed15 1e434a98de034528963e385f4ee83562 - - default default] Unable to schedule network ba3214b5-9232-4ddb-aab4-f44292dd30f7: no agents available; will retry on subsequent port and subnet creation events.
2026-05-08 00:29:28.664 10 INFO neutron.db.ovn_revision_numbers_db [None req-5564ca15-bf64-4198-b60e-49ce144cc3e0 754989ad745348c2842035e4c954ed15 1e434a98de034528963e385f4ee83562 - - default default] Successfully bumped revision number for resource 81cbb3d5-88f0-4432-8cd6-986fe8c7b1c2 (type: ports) to 1
2026-05-08 00:29:28.691 9 INFO neutron.plugins.ml2.drivers.ovn.mech_driver.mech_driver [None req-b74f3ce1-d793-4e75-97bf-705259baf4ed - - - - - -] OVN reports status up for port: df9d81ec-1d46-40a6-9db8-c6180fb8c2ae
2026-05-08 00:29:28.699 9 INFO neutron.plugins.ml2.plugin [None req-b74f3ce1-d793-4e75-97bf-705259baf4ed - - - - - -] Attempt 1 to provision port df9d81ec-1d46-40a6-9db8-c6180fb8c2ae
2026-05-08 00:29:28.715 9 INFO neutron.db.ovn_revision_numbers_db [None req-59d5edc9-c152-4677-b4a7-a8cad2aa668b 12963efae5f04d3dbc0445b01ea7a366 2bf25175b5ed4462b2ad6e4ca168fb5d - - default default] Successfully bumped revision number for resource df9d81ec-1d46-40a6-9db8-c6180fb8c2ae (type: ports) to 2
2026-05-08 00:29:28.729 10 INFO neutron.services.segments.plugin [-] Segment 6dced9bf-191a-4787-8a04-6c569205099b resource provider aggregate not found
2026-05-08 00:29:28.736 10 INFO neutron.services.segments.plugin [-] Segment 6dced9bf-191a-4787-8a04-6c569205099b resource provider aggregate not found
2026-05-08 00:29:28.742 10 INFO neutron.services.segments.plugin [-] Segment 6dced9bf-191a-4787-8a04-6c569205099b resource provider not found; error: Placement Client Error (4xx): {"errors": [{"status": 404, "title": "Not Found", "detail": "The resource could not be found.\n\n No resource provider with uuid 6dced9bf-191a-4787-8a04-6c569205099b found for delete ", "request_id": "req-70c35c35-fc92-4c0c-982c-e5311e8b5a72"}]}
2026-05-08 00:29:28.749 10 INFO neutron.services.segments.plugin [-] Segment 6dced9bf-191a-4787-8a04-6c569205099b resource provider not found; error: Placement Client Error (4xx): {"errors": [{"status": 404, "title": "Not Found", "detail": "The resource could not be found.\n\n No resource provider with uuid 6dced9bf-191a-4787-8a04-6c569205099b found for delete ", "request_id": "req-5eaafd6f-45f2-4398-8a2a-3680d4133c1d"}]}
2026-05-08 00:29:28.823 10 INFO neutron.db.ovn_revision_numbers_db [None req-56df4bac-566d-40f2-94d1-7f12ae11232e 754989ad745348c2842035e4c954ed15 1e434a98de034528963e385f4ee83562 - - default default] Successfully bumped revision number for resource d91c3816-628c-4b5d-a7c9-e47055ea0b7a (type: ports) to 1
2026-05-08 00:29:28.954 10 INFO neutron.db.ovn_revision_numbers_db [None req-d1b121a0-db53-4941-a60c-265db793cb72 - - - - - -] Successfully bumped revision number for resource e6d201bd-c043-42cd-8a93-5f696fc63bab (type: ports) to 4
2026-05-08 00:29:29.037 9 INFO neutron.db.ovn_revision_numbers_db [None req-b74f3ce1-d793-4e75-97bf-705259baf4ed - - - - - -] Successfully bumped revision number for resource df9d81ec-1d46-40a6-9db8-c6180fb8c2ae (type: ports) to 3
2026-05-08 00:29:29.254 9 INFO neutron.db.ovn_revision_numbers_db [None req-59d5edc9-c152-4677-b4a7-a8cad2aa668b 12963efae5f04d3dbc0445b01ea7a366 2bf25175b5ed4462b2ad6e4ca168fb5d - - default default] Successfully bumped revision number for resource df9d81ec-1d46-40a6-9db8-c6180fb8c2ae (type: ports) to 3
2026-05-08 00:29:29.300 9 WARNING neutron.scheduler.dhcp_agent_scheduler [None req-59d5edc9-c152-4677-b4a7-a8cad2aa668b 12963efae5f04d3dbc0445b01ea7a366 2bf25175b5ed4462b2ad6e4ca168fb5d - - default default] No more DHCP agents
2026-05-08 00:29:29.301 9 WARNING neutron.api.rpc.agentnotifiers.dhcp_rpc_agent_api [None req-59d5edc9-c152-4677-b4a7-a8cad2aa668b 12963efae5f04d3dbc0445b01ea7a366 2bf25175b5ed4462b2ad6e4ca168fb5d - - default default] Unable to schedule network 99cc0eeb-8b6b-43b6-91e7-b584f9335273: no agents available; will retry on subsequent port and subnet creation events.
2026-05-08 00:29:29.489 10 WARNING neutron.plugins.ml2.drivers.ovn.mech_driver.ovsdb.ovn_client [None req-e21f9540-e0c9-4125-8e01-7a6df7784662 - - - - - -] No port found with ID 4ac5fadf-0032-47f9-9620-1d951f2e4acb: RuntimeError: No port found with ID 4ac5fadf-0032-47f9-9620-1d951f2e4acb
2026-05-08 00:29:29.516 10 INFO neutron.plugins.ml2.drivers.ovn.mech_driver.mech_driver [None req-e21f9540-e0c9-4125-8e01-7a6df7784662 - - - - - -] OVN reports status up for port: e6d201bd-c043-42cd-8a93-5f696fc63bab
2026-05-08 00:29:29.519 9 INFO neutron.db.ovn_revision_numbers_db [None req-59d5edc9-c152-4677-b4a7-a8cad2aa668b 12963efae5f04d3dbc0445b01ea7a366 2bf25175b5ed4462b2ad6e4ca168fb5d - - default default] Successfully bumped revision number for resource df9d81ec-1d46-40a6-9db8-c6180fb8c2ae (type: router_ports) to 3
2026-05-08 00:29:29.525 9 INFO neutron.api.wsgi [None req-59d5edc9-c152-4677-b4a7-a8cad2aa668b 12963efae5f04d3dbc0445b01ea7a366 2bf25175b5ed4462b2ad6e4ca168fb5d - - default default] 10.0.0.37 "PUT /v2.0/routers/ef2be56c-8491-4eac-9f06-4f36d402554a/add_router_interface HTTP/1.1" status: 200 len: 503 time: 1.2902453 /var/lib/openstack/lib/python3.12/site-packages/pycadf/identifier.py:71: UserWarning: Invalid uuid: neutron. To ensure interoperability, identifiers should be a valid uuid. warnings.warn(('Invalid uuid: %s. To ensure interoperability, '
2026-05-08 00:29:29.551 10 INFO neutron.plugins.ml2.plugin [None req-e21f9540-e0c9-4125-8e01-7a6df7784662 - - - - - -] Attempt 1 to provision port e6d201bd-c043-42cd-8a93-5f696fc63bab
2026-05-08 00:29:29.591 9 INFO neutron.api.wsgi [None req-6fcbf64a-6937-4803-b9a9-8e25aa5fa1f9 12963efae5f04d3dbc0445b01ea7a366 2bf25175b5ed4462b2ad6e4ca168fb5d - - default default] 10.0.0.37 "GET /v2.0/ports/df9d81ec-1d46-40a6-9db8-c6180fb8c2ae HTTP/1.1" status: 200 len: 1220 time: 0.0584908
2026-05-08 00:29:29.695 10 INFO neutron.db.ovn_revision_numbers_db [None req-d1b121a0-db53-4941-a60c-265db793cb72 - - - - - -] Successfully bumped revision number for resource e6d201bd-c043-42cd-8a93-5f696fc63bab (type: ports) to 5
2026-05-08 00:29:29.721 10 INFO neutron.plugins.ml2.drivers.ovn.mech_driver.ovsdb.commands [None req-31109dfd-6621-47a8-a7f3-226eb255b327 - - - - - -] Schedule LRP lrp-81cbb3d5-88f0-4432-8cd6-986fe8c7b1c2 on gateway 1e92e222-9eeb-4c4e-80ba-301384359059 with priority 1
2026-05-08 00:29:29.737 10 INFO neutron.plugins.ml2.drivers.ovn.mech_driver.mech_driver [None req-e21f9540-e0c9-4125-8e01-7a6df7784662 - - - - - -] OVN reports status up for port: 81cbb3d5-88f0-4432-8cd6-986fe8c7b1c2
2026-05-08 00:29:29.741 9 INFO neutron.plugins.ml2.drivers.ovn.mech_driver.ovsdb.ovsdb_monitor [None req-b50466a4-5788-407a-ad5d-948c547cea36 - - - - - -] Router 63a96a9b-1b94-4b93-953a-e8dc06fdd8bb is bound to host instance
2026-05-08 00:29:29.753 10 INFO neutron.plugins.ml2.plugin [None req-e21f9540-e0c9-4125-8e01-7a6df7784662 - - - - - -] Attempt 1 to provision port 81cbb3d5-88f0-4432-8cd6-986fe8c7b1c2
2026-05-08 00:29:29.774 10 INFO neutron.db.ovn_revision_numbers_db [None req-5564ca15-bf64-4198-b60e-49ce144cc3e0 754989ad745348c2842035e4c954ed15 1e434a98de034528963e385f4ee83562 - - default default] Successfully bumped revision number for resource 81cbb3d5-88f0-4432-8cd6-986fe8c7b1c2 (type: router_ports) to 1
2026-05-08 00:29:29.897 10 INFO neutron.db.ovn_revision_numbers_db [None req-5564ca15-bf64-4198-b60e-49ce144cc3e0 754989ad745348c2842035e4c954ed15 1e434a98de034528963e385f4ee83562 - - default default] Successfully bumped revision number for resource 63a96a9b-1b94-4b93-953a-e8dc06fdd8bb (type: routers) to 2
2026-05-08 00:29:29.913 10 INFO neutron.api.wsgi [None req-5564ca15-bf64-4198-b60e-49ce144cc3e0 754989ad745348c2842035e4c954ed15 1e434a98de034528963e385f4ee83562 - - default default] 10.0.0.37 "POST /v2.0/routers HTTP/1.1" status: 201 len: 1162 time: 2.0617151 /var/lib/openstack/lib/python3.12/site-packages/pycadf/identifier.py:71: UserWarning: Invalid uuid: neutron. To ensure interoperability, identifiers should be a valid uuid. warnings.warn(('Invalid uuid: %s. To ensure interoperability, '
2026-05-08 00:29:29.938 10 INFO neutron.db.ovn_revision_numbers_db [None req-56df4bac-566d-40f2-94d1-7f12ae11232e 754989ad745348c2842035e4c954ed15 1e434a98de034528963e385f4ee83562 - - default default] Successfully bumped revision number for resource d91c3816-628c-4b5d-a7c9-e47055ea0b7a (type: ports) to 1
2026-05-08 00:29:29.987 10 WARNING neutron.scheduler.dhcp_agent_scheduler [None req-56df4bac-566d-40f2-94d1-7f12ae11232e 754989ad745348c2842035e4c954ed15 1e434a98de034528963e385f4ee83562 - - default default] No more DHCP agents
2026-05-08 00:29:29.988 10 WARNING neutron.api.rpc.agentnotifiers.dhcp_rpc_agent_api [None req-56df4bac-566d-40f2-94d1-7f12ae11232e 754989ad745348c2842035e4c954ed15 1e434a98de034528963e385f4ee83562 - - default default] Unable to schedule network ba3214b5-9232-4ddb-aab4-f44292dd30f7: no agents available; will retry on subsequent port and subnet creation events.
2026-05-08 00:29:30.400 9 INFO neutron.api.wsgi [None req-16e6d32a-3820-4b93-99fb-44f310d65787 12963efae5f04d3dbc0445b01ea7a366 2bf25175b5ed4462b2ad6e4ca168fb5d - - default default] 10.0.0.37 "PUT /v2.0/routers/ef2be56c-8491-4eac-9f06-4f36d402554a/remove_router_interface HTTP/1.1" status: 200 len: 503 time: 0.8042099
2026-05-08 00:29:30.487 10 INFO neutron.api.v2.resource [None req-b186f045-33e5-411f-a829-0db64f45addd 12963efae5f04d3dbc0445b01ea7a366 2bf25175b5ed4462b2ad6e4ca168fb5d - - default default] remove_router_interface failed (client error): The resource could not be found.
2026-05-08 00:29:30.488 10 INFO neutron.api.wsgi [None req-b186f045-33e5-411f-a829-0db64f45addd 12963efae5f04d3dbc0445b01ea7a366 2bf25175b5ed4462b2ad6e4ca168fb5d - - default default] 10.0.0.37 "PUT /v2.0/routers/ef2be56c-8491-4eac-9f06-4f36d402554a/remove_router_interface HTTP/1.1" status: 404 len: 398 time: 0.0819128
2026-05-08 00:29:30.507 10 INFO neutron.api.wsgi [None req-f76c32d0-5ae7-4348-b886-594ced113cb8 12963efae5f04d3dbc0445b01ea7a366 2bf25175b5ed4462b2ad6e4ca168fb5d - - default default] 10.0.0.37 "GET /v2.0/ports?device_id=ef2be56c-8491-4eac-9f06-4f36d402554a HTTP/1.1" status: 200 len: 205 time: 0.0149794
2026-05-08 00:29:30.521 9 INFO neutron.db.ovn_revision_numbers_db [None req-4f5e331a-b913-48b8-94e9-ed6567c498a4 - - - - - -] Successfully bumped revision number for resource 81cbb3d5-88f0-4432-8cd6-986fe8c7b1c2 (type: ports) to 1
