2026-05-08 00:27:51.931 10 INFO neutron.api.wsgi [-] 10.0.0.201 "GET / HTTP/1.1" status: 200 len: 247 time: 0.0015481
2026-05-08 00:27:51.933 9 INFO neutron.api.wsgi [-] 10.0.0.201 "GET / HTTP/1.1" status: 200 len: 247 time: 0.0036962
2026-05-08 00:28:06.930 9 INFO neutron.api.wsgi [-] 10.0.0.201 "GET / HTTP/1.1" status: 200 len: 247 time: 0.0012257
2026-05-08 00:28:06.930 10 INFO neutron.api.wsgi [-] 10.0.0.201 "GET / HTTP/1.1" status: 200 len: 247 time: 0.0012336
2026-05-08 00:28:17.865 9 INFO neutron.api.wsgi [None req-ce6e9468-c9c8-47ab-90ea-df3aa11f8590 754989ad745348c2842035e4c954ed15 1e434a98de034528963e385f4ee83562 - - default default] 10.0.0.88 "GET /v2.0/subnets HTTP/1.1" status: 200 len: 1484 time: 0.1177950
2026-05-08 00:28:17.872 9 INFO neutron.api.wsgi [None req-9348fd15-aaf4-4a18-8ea1-76d6de6f32e0 754989ad745348c2842035e4c954ed15 1e434a98de034528963e385f4ee83562 - - default default] 10.0.0.88 "GET /v2.0/subnetpools HTTP/1.1" status: 200 len: 193 time: 0.0070298
2026-05-08 00:28:17.924 9 INFO neutron.api.wsgi [None req-5efc6101-4c29-462e-a953-a18adeaa9750 754989ad745348c2842035e4c954ed15 1e434a98de034528963e385f4ee83562 - - default default] 10.0.0.88 "GET /v2.0/networks HTTP/1.1" status: 200 len: 2349 time: 0.0507677
2026-05-08 00:28:17.955 9 INFO neutron.api.wsgi [None req-c7e9cf79-a42d-46c9-8a60-186a6422b115 754989ad745348c2842035e4c954ed15 1e434a98de034528963e385f4ee83562 - - default default] 10.0.0.88 "GET /v2.0/subnets HTTP/1.1" status: 200 len: 1484 time: 0.0286045
2026-05-08 00:28:17.989 9 INFO neutron.api.wsgi [None req-30e4c9e4-9425-454b-a721-a1c94ea309dd 754989ad745348c2842035e4c954ed15 1e434a98de034528963e385f4ee83562 - - default default] 10.0.0.88 "GET /v2.0/ports HTTP/1.1" status: 200 len: 5347 time: 0.0332839
2026-05-08 00:28:18.008 9 INFO neutron.api.wsgi [None req-d4f3c720-74de-4be0-a2c7-2d86950c698f 754989ad745348c2842035e4c954ed15 1e434a98de034528963e385f4ee83562 - - default default] 10.0.0.88 "GET /v2.0/network-ip-availabilities HTTP/1.1" status: 200 len: 1280 time: 0.0143633
2026-05-08 00:28:18.022 9 INFO neutron.api.wsgi [None req-5de750e7-8a1c-42d2-bfad-6a1d9a481f9f 754989ad745348c2842035e4c954ed15 1e434a98de034528963e385f4ee83562 - - default default] 10.0.0.88 "GET /v2.0/routers HTTP/1.1" status: 200 len: 189 time: 0.0131478
2026-05-08 00:28:18.042 9 INFO neutron.api.wsgi [None req-3e0ce9f9-f55e-4c63-8cc8-c13ecc0ec954 754989ad745348c2842035e4c954ed15 1e434a98de034528963e385f4ee83562 - - default default] 10.0.0.88 "GET /v2.0/agents?binary=ovn-controller HTTP/1.1" status: 200 len: 591 time: 0.0189586
2026-05-08 00:28:18.052 9 INFO neutron.api.wsgi [None req-79bad8de-0a3b-4b0e-aed6-2d4585370d67 754989ad745348c2842035e4c954ed15 1e434a98de034528963e385f4ee83562 - - default default] 10.0.0.88 "GET /v2.0/agents HTTP/1.1" status: 200 len: 1390 time: 0.0099652
2026-05-08 00:28:18.065 9 INFO neutron.api.wsgi [None req-97b0c6e3-fac6-4846-bf04-74db1abc8c53 754989ad745348c2842035e4c954ed15 1e434a98de034528963e385f4ee83562 - - default default] 10.0.0.88 "GET /v2.0/floatingips HTTP/1.1" status: 200 len: 193 time: 0.0117633
2026-05-08 00:28:18.098 9 INFO neutron.api.wsgi [None req-faf26373-3606-41c1-8be7-03386d0fa7bd 754989ad745348c2842035e4c954ed15 1e434a98de034528963e385f4ee83562 - - default default] 10.0.0.88 "GET /v2.0/security-groups HTTP/1.1" status: 200 len: 17574 time: 0.0321889
2026-05-08 00:28:21.932 9 INFO neutron.api.wsgi [-] 10.0.0.201 "GET / HTTP/1.1" status: 200 len: 247 time: 0.0025811
2026-05-08 00:28:21.932 10 INFO neutron.api.wsgi [-] 10.0.0.201 "GET / HTTP/1.1" status: 200 len: 247 time: 0.0022981
2026-05-08 00:28:27.395 9 INFO neutron.api.wsgi [None req-063ad435-08af-4a12-96a6-fa39480ca784 754989ad745348c2842035e4c954ed15 1e434a98de034528963e385f4ee83562 - - default default] 10.0.0.37 "GET /v2.0/networks HTTP/1.1" status: 200 len: 2368 time: 0.0999250
2026-05-08 00:28:28.472 10 INFO neutron.api.wsgi [None req-eacc9522-8904-4366-9c2d-fa0b0f37a8cf 754989ad745348c2842035e4c954ed15 1e434a98de034528963e385f4ee83562 - - default default] 10.0.0.37 "GET /v2.0/floatingips HTTP/1.1" status: 200 len: 212 time: 0.0306041
2026-05-08 00:28:28.509 10 INFO neutron.api.wsgi [None req-7268a45b-7a20-48da-984e-1dff1f65c603 754989ad745348c2842035e4c954ed15 1e434a98de034528963e385f4ee83562 - - default default] 10.0.0.37 "GET /v2.0/routers HTTP/1.1" status: 200 len: 208 time: 0.0322819
2026-05-08 00:28:28.555 10 INFO neutron.api.wsgi [None req-d919d990-56f8-4e62-9592-ef451ff4bfbc 754989ad745348c2842035e4c954ed15 1e434a98de034528963e385f4ee83562 - - default default] 10.0.0.37 "GET /v2.0/ports HTTP/1.1" status: 200 len: 5366 time: 0.0417080
2026-05-08 00:28:28.596 10 INFO neutron.api.wsgi [None req-acd4f2cc-4920-446b-b419-c098ae0230cc 754989ad745348c2842035e4c954ed15 1e434a98de034528963e385f4ee83562 - - default default] 10.0.0.37 "GET /v2.0/subnets HTTP/1.1" status: 200 len: 1503 time: 0.0348904
2026-05-08 00:28:28.648 10 INFO neutron.api.wsgi [None req-f6a8d49c-ac49-4475-87de-38ce759154fe 754989ad745348c2842035e4c954ed15 1e434a98de034528963e385f4ee83562 - - default default] 10.0.0.37 "GET /v2.0/networks HTTP/1.1" status: 200 len: 2368 time: 0.0481088
2026-05-08 00:28:28.691 10 INFO neutron.api.wsgi [None req-85cdc759-b437-49d0-89a1-0a672614f4c1 754989ad745348c2842035e4c954ed15 1e434a98de034528963e385f4ee83562 - - default default] 10.0.0.37 "GET /v2.0/security-groups HTTP/1.1" status: 200 len: 17593 time: 0.0376749
2026-05-08 00:28:28.702 10 INFO neutron.api.wsgi [None req-4820f467-949c-48ff-9d37-e5cca22d9d89 754989ad745348c2842035e4c954ed15 1e434a98de034528963e385f4ee83562 - - default default] 10.0.0.37 "GET /v2.0/subnetpools HTTP/1.1" status: 200 len: 212 time: 0.0063784
2026-05-08 00:28:36.932 9 INFO neutron.api.wsgi [-] 10.0.0.201 "GET / HTTP/1.1" status: 200 len: 247 time: 0.0023677
2026-05-08 00:28:36.934 10 INFO neutron.api.wsgi [-] 10.0.0.201 "GET / HTTP/1.1" status: 200 len: 247 time: 0.0037205
2026-05-08 00:28:39.196 10 INFO neutron.db.ovn_revision_numbers_db [None req-cafe9041-8b55-414b-ac63-0b6461abf9c7 754989ad745348c2842035e4c954ed15 1e434a98de034528963e385f4ee83562 - - default default] Successfully bumped revision number for resource 3b6b8fef-dd20-4fe0-8864-2983130f3772 (type: security_groups) to 1
2026-05-08 00:28:39.209 10 INFO neutron.db.ovn_revision_numbers_db [None req-cafe9041-8b55-414b-ac63-0b6461abf9c7 754989ad745348c2842035e4c954ed15 1e434a98de034528963e385f4ee83562 - - default default] Successfully bumped revision number for resource 2792ab85-96fa-44e7-a6d7-55f1ca040389 (type: security_group_rules) to 0
2026-05-08 00:28:39.232 10 INFO neutron.db.ovn_revision_numbers_db [None req-cafe9041-8b55-414b-ac63-0b6461abf9c7 754989ad745348c2842035e4c954ed15 1e434a98de034528963e385f4ee83562 - - default default] Successfully bumped revision number for resource 49c3f6ee-eb52-4c42-ac3d-7d90383f2fce (type: security_group_rules) to 0
2026-05-08 00:28:39.245 10 INFO neutron.db.ovn_revision_numbers_db [None req-cafe9041-8b55-414b-ac63-0b6461abf9c7 754989ad745348c2842035e4c954ed15 1e434a98de034528963e385f4ee83562 - - default default] Successfully bumped revision number for resource 583b3b2d-e1d5-463b-935a-59daca49e577 (type: security_group_rules) to 0
2026-05-08 00:28:39.263 10 INFO neutron.db.ovn_revision_numbers_db [None req-cafe9041-8b55-414b-ac63-0b6461abf9c7 754989ad745348c2842035e4c954ed15 1e434a98de034528963e385f4ee83562 - - default default] Successfully bumped revision number for resource be4449c9-ae8e-456d-8e66-996991f9cfa1 (type: security_group_rules) to 0
2026-05-08 00:28:39.274 9 INFO neutron.db.ovn_revision_numbers_db [None req-5acd9685-df08-4095-8ef4-19940eca1099 754989ad745348c2842035e4c954ed15 1e434a98de034528963e385f4ee83562 - - default default] Successfully bumped revision number for resource b97fc529-9bcd-4321-97fc-ee7c64a44c56 (type: security_groups) to 1
2026-05-08 00:28:39.289 9 INFO neutron.db.ovn_revision_numbers_db [None req-5acd9685-df08-4095-8ef4-19940eca1099 754989ad745348c2842035e4c954ed15 1e434a98de034528963e385f4ee83562 - - default default] Successfully bumped revision number for resource 10c32949-9153-4f32-9d28-885decdda7df (type: security_group_rules) to 0
2026-05-08 00:28:39.299 9 INFO neutron.db.ovn_revision_numbers_db [None req-5acd9685-df08-4095-8ef4-19940eca1099 754989ad745348c2842035e4c954ed15 1e434a98de034528963e385f4ee83562 - - default default] Successfully bumped revision number for resource 3837d45b-f392-40e0-8704-851b11649be4 (type: security_group_rules) to 0
2026-05-08 00:28:39.310 9 INFO neutron.db.ovn_revision_numbers_db [None req-5acd9685-df08-4095-8ef4-19940eca1099 754989ad745348c2842035e4c954ed15 1e434a98de034528963e385f4ee83562 - - default default] Successfully bumped revision number for resource a50533f6-5de0-432f-9e5c-ef5a5d88753e (type: security_group_rules) to 0
2026-05-08 00:28:39.323 9 INFO neutron.db.ovn_revision_numbers_db [None req-5acd9685-df08-4095-8ef4-19940eca1099 754989ad745348c2842035e4c954ed15 1e434a98de034528963e385f4ee83562 - - default default] Successfully bumped revision number for resource e26e5044-42ea-4494-bc50-d7996ef928f5 (type: security_group_rules) to 0
2026-05-08 00:28:39.348 10 INFO neutron.db.segments_db [None req-cafe9041-8b55-414b-ac63-0b6461abf9c7 754989ad745348c2842035e4c954ed15 1e434a98de034528963e385f4ee83562 - - default default] Added segment 4d7759b1-c1d7-404c-b2d6-dcebe6b60ff2 of type geneve for network 4c14e3e4-505b-42f3-92e3-56fb322733a0
2026-05-08 00:28:39.350 10 INFO neutron.db.ovn_revision_numbers_db [None req-fd4dc57e-0696-4b44-bc80-2cf8f04c5f7b 754989ad745348c2842035e4c954ed15 1e434a98de034528963e385f4ee83562 - - default default] Successfully bumped revision number for resource ed09a2a8-0609-4f69-8427-583a80b7bf1b (type: security_groups) to 1
2026-05-08 00:28:39.366 10 INFO neutron.db.ovn_revision_numbers_db [None req-fd4dc57e-0696-4b44-bc80-2cf8f04c5f7b 754989ad745348c2842035e4c954ed15 1e434a98de034528963e385f4ee83562 - - default default] Successfully bumped revision number for resource 0331e3da-788b-4d50-83c8-8270a53dd095 (type: security_group_rules) to 0
2026-05-08 00:28:39.387 10 INFO neutron.db.ovn_revision_numbers_db [None req-fd4dc57e-0696-4b44-bc80-2cf8f04c5f7b 754989ad745348c2842035e4c954ed15 1e434a98de034528963e385f4ee83562 - - default default] Successfully bumped revision number for resource 0caa39a9-4554-44a8-aef7-892134dca6a1 (type: security_group_rules) to 0
2026-05-08 00:28:39.398 10 INFO neutron.db.ovn_revision_numbers_db [None req-fd4dc57e-0696-4b44-bc80-2cf8f04c5f7b 754989ad745348c2842035e4c954ed15 1e434a98de034528963e385f4ee83562 - - default default] Successfully bumped revision number for resource 43b51017-f68e-4ce6-ae98-92b5236ec57e (type: security_group_rules) to 0
2026-05-08 00:28:39.402 9 INFO neutron.db.segments_db [None req-5acd9685-df08-4095-8ef4-19940eca1099 754989ad745348c2842035e4c954ed15 1e434a98de034528963e385f4ee83562 - - default default] Added segment 5d933cdf-0e7f-4bb8-bf38-8c3da20b33a1 of type geneve for network fd514165-1f10-47b5-868e-ab09ac85e6b5
2026-05-08 00:28:39.417 10 INFO neutron.db.ovn_revision_numbers_db [None req-fd4dc57e-0696-4b44-bc80-2cf8f04c5f7b 754989ad745348c2842035e4c954ed15 1e434a98de034528963e385f4ee83562 - - default default] Successfully bumped revision number for resource f8e29616-cca9-49aa-a62a-b4ea8e7813c7 (type: security_group_rules) to 0
2026-05-08 00:28:39.459 10 INFO neutron.db.ovn_revision_numbers_db [None req-cafe9041-8b55-414b-ac63-0b6461abf9c7 754989ad745348c2842035e4c954ed15 1e434a98de034528963e385f4ee83562 - - default default] Successfully bumped revision number for resource 4c14e3e4-505b-42f3-92e3-56fb322733a0 (type: networks) to 1
2026-05-08 00:28:39.496 10 INFO neutron.db.segments_db [None req-fd4dc57e-0696-4b44-bc80-2cf8f04c5f7b 754989ad745348c2842035e4c954ed15 1e434a98de034528963e385f4ee83562 - - default default] Added segment b4100025-e7f7-4c11-9fff-6f457a06cc7d of type geneve for network 9647e895-d02f-4d94-900a-a00b9ca738bb
2026-05-08 00:28:39.506 9 INFO neutron.db.ovn_revision_numbers_db [None req-5acd9685-df08-4095-8ef4-19940eca1099 754989ad745348c2842035e4c954ed15 1e434a98de034528963e385f4ee83562 - - default default] Successfully bumped revision number for resource fd514165-1f10-47b5-868e-ab09ac85e6b5 (type: networks) to 1
2026-05-08 00:28:39.613 10 WARNING neutron.scheduler.dhcp_agent_scheduler [None req-cafe9041-8b55-414b-ac63-0b6461abf9c7 754989ad745348c2842035e4c954ed15 1e434a98de034528963e385f4ee83562 - - default default] No more DHCP agents
2026-05-08 00:28:39.614 10 WARNING neutron.api.rpc.agentnotifiers.dhcp_rpc_agent_api [None req-cafe9041-8b55-414b-ac63-0b6461abf9c7 754989ad745348c2842035e4c954ed15 1e434a98de034528963e385f4ee83562 - - default default] Unable to schedule network 4c14e3e4-505b-42f3-92e3-56fb322733a0: no agents available; will retry on subsequent port and subnet creation events.
2026-05-08 00:28:39.616 10 INFO neutron.db.ovn_revision_numbers_db [None req-fd4dc57e-0696-4b44-bc80-2cf8f04c5f7b 754989ad745348c2842035e4c954ed15 1e434a98de034528963e385f4ee83562 - - default default] Successfully bumped revision number for resource 9647e895-d02f-4d94-900a-a00b9ca738bb (type: networks) to 1
2026-05-08 00:28:39.635 9 WARNING neutron.scheduler.dhcp_agent_scheduler [None req-5acd9685-df08-4095-8ef4-19940eca1099 754989ad745348c2842035e4c954ed15 1e434a98de034528963e385f4ee83562 - - default default] No more DHCP agents
2026-05-08 00:28:39.636 9 WARNING neutron.api.rpc.agentnotifiers.dhcp_rpc_agent_api [None req-5acd9685-df08-4095-8ef4-19940eca1099 754989ad745348c2842035e4c954ed15 1e434a98de034528963e385f4ee83562 - - default default] Unable to schedule network fd514165-1f10-47b5-868e-ab09ac85e6b5: no agents available; will retry on subsequent port and subnet creation events.
2026-05-08 00:28:39.683 10 INFO neutron.db.ovn_revision_numbers_db [None req-cafe9041-8b55-414b-ac63-0b6461abf9c7 754989ad745348c2842035e4c954ed15 1e434a98de034528963e385f4ee83562 - - default default] Successfully bumped revision number for resource a120a160-0a2b-44be-a6ee-4b519a74a675 (type: ports) to 1
2026-05-08 00:28:39.684 9 INFO neutron.db.ovn_revision_numbers_db [None req-5acd9685-df08-4095-8ef4-19940eca1099 754989ad745348c2842035e4c954ed15 1e434a98de034528963e385f4ee83562 - - default default] Successfully bumped revision number for resource d14baaab-30ec-47fb-81e7-c889820a382a (type: ports) to 1
2026-05-08 00:28:39.711 9 INFO neutron.api.wsgi [None req-5acd9685-df08-4095-8ef4-19940eca1099 754989ad745348c2842035e4c954ed15 1e434a98de034528963e385f4ee83562 - - default default] 10.0.0.37 "POST /v2.0/networks HTTP/1.1" status: 201 len: 950 time: 0.6129670
2026-05-08 00:28:39.725 10 INFO neutron.api.wsgi [None req-cafe9041-8b55-414b-ac63-0b6461abf9c7 754989ad745348c2842035e4c954ed15 1e434a98de034528963e385f4ee83562 - - default default] 10.0.0.37 "POST /v2.0/networks HTTP/1.1" status: 201 len: 946 time: 0.8421278
2026-05-08 00:28:39.807 10 WARNING neutron.scheduler.dhcp_agent_scheduler [None req-fd4dc57e-0696-4b44-bc80-2cf8f04c5f7b 754989ad745348c2842035e4c954ed15 1e434a98de034528963e385f4ee83562 - - default default] No more DHCP agents
2026-05-08 00:28:39.811 10 WARNING neutron.api.rpc.agentnotifiers.dhcp_rpc_agent_api [None req-fd4dc57e-0696-4b44-bc80-2cf8f04c5f7b 754989ad745348c2842035e4c954ed15 1e434a98de034528963e385f4ee83562 - - default default] Unable to schedule network 9647e895-d02f-4d94-900a-a00b9ca738bb: no agents available; will retry on subsequent port and subnet creation events.
2026-05-08 00:28:39.954 10 INFO neutron.db.ovn_revision_numbers_db [None req-fd4dc57e-0696-4b44-bc80-2cf8f04c5f7b 754989ad745348c2842035e4c954ed15 1e434a98de034528963e385f4ee83562 - - default default] Successfully bumped revision number for resource da29f0d0-24d1-4564-993f-4258ed276060 (type: ports) to 1
2026-05-08 00:28:39.955 10 WARNING neutron.scheduler.dhcp_agent_scheduler [None req-4ae9f1cd-10c0-453e-ac80-7d490db1eb04 754989ad745348c2842035e4c954ed15 1e434a98de034528963e385f4ee83562 - - default default] No more DHCP agents
2026-05-08 00:28:39.957 10 WARNING neutron.api.rpc.agentnotifiers.dhcp_rpc_agent_api [None req-4ae9f1cd-10c0-453e-ac80-7d490db1eb04 754989ad745348c2842035e4c954ed15 1e434a98de034528963e385f4ee83562 - - default default] Unable to schedule network 4c14e3e4-505b-42f3-92e3-56fb322733a0: no agents available; will retry on subsequent port and subnet creation events.
2026-05-08 00:28:39.959 10 WARNING neutron.scheduler.dhcp_agent_scheduler [None req-3b750550-441c-4270-a6dc-ccb6b5420fa2 754989ad745348c2842035e4c954ed15 1e434a98de034528963e385f4ee83562 - - default default] No more DHCP agents
2026-05-08 00:28:39.960 10 WARNING neutron.api.rpc.agentnotifiers.dhcp_rpc_agent_api [None req-3b750550-441c-4270-a6dc-ccb6b5420fa2 754989ad745348c2842035e4c954ed15 1e434a98de034528963e385f4ee83562 - - default default] Unable to schedule network fd514165-1f10-47b5-868e-ab09ac85e6b5: no agents available; will retry on subsequent port and subnet creation events.
2026-05-08 00:28:39.989 10 INFO neutron.api.wsgi [None req-fd4dc57e-0696-4b44-bc80-2cf8f04c5f7b 754989ad745348c2842035e4c954ed15 1e434a98de034528963e385f4ee83562 - - default default] 10.0.0.37 "POST /v2.0/networks HTTP/1.1" status: 201 len: 949 time: 0.8067343
2026-05-08 00:28:40.121 9 INFO neutron.db.ovn_revision_numbers_db [None req-7c4c75d3-31b4-41ba-9bb5-e44bafdacd99 754989ad745348c2842035e4c954ed15 1e434a98de034528963e385f4ee83562 - - default default] Successfully bumped revision number for resource cca9b2f0-2f01-48fa-8b36-64647467546e (type: security_groups) to 1
2026-05-08 00:28:40.131 9 WARNING neutron.scheduler.dhcp_agent_scheduler [None req-ca816b93-898b-43fe-beaa-bf9ec679b5b0 754989ad745348c2842035e4c954ed15 1e434a98de034528963e385f4ee83562 - - default default] No more DHCP agents
2026-05-08 00:28:40.133 9 WARNING neutron.api.rpc.agentnotifiers.dhcp_rpc_agent_api [None req-ca816b93-898b-43fe-beaa-bf9ec679b5b0 754989ad745348c2842035e4c954ed15 1e434a98de034528963e385f4ee83562 - - default default] Unable to schedule network 9647e895-d02f-4d94-900a-a00b9ca738bb: no agents available; will retry on subsequent port and subnet creation events.
2026-05-08 00:28:40.134 9 INFO neutron.db.ovn_revision_numbers_db [None req-7c4c75d3-31b4-41ba-9bb5-e44bafdacd99 754989ad745348c2842035e4c954ed15 1e434a98de034528963e385f4ee83562 - - default default] Successfully bumped revision number for resource 2684a032-aa0f-41fd-9969-983743b3e0fb (type: security_group_rules) to 0
2026-05-08 00:28:40.153 9 INFO neutron.db.ovn_revision_numbers_db [None req-7c4c75d3-31b4-41ba-9bb5-e44bafdacd99 754989ad745348c2842035e4c954ed15 1e434a98de034528963e385f4ee83562 - - default default] Successfully bumped revision number for resource 419f42de-1a61-4c90-9ef6-09a57d0d7fd7 (type: security_group_rules) to 0
2026-05-08 00:28:40.168 9 INFO neutron.db.ovn_revision_numbers_db [None req-7c4c75d3-31b4-41ba-9bb5-e44bafdacd99 754989ad745348c2842035e4c954ed15 1e434a98de034528963e385f4ee83562 - - default default] Successfully bumped revision number for resource 8bbddd98-138d-4067-b81b-3b408b1cc312 (type: security_group_rules) to 0
2026-05-08 00:28:40.183 9 INFO neutron.db.ovn_revision_numbers_db [None req-7c4c75d3-31b4-41ba-9bb5-e44bafdacd99 754989ad745348c2842035e4c954ed15 1e434a98de034528963e385f4ee83562 - - default default] Successfully bumped revision number for resource a477c8cf-d0f9-4c72-99dc-5674ef9fe7f0 (type: security_group_rules) to 0
2026-05-08 00:28:40.226 9 INFO neutron.api.wsgi [None req-7c4c75d3-31b4-41ba-9bb5-e44bafdacd99 754989ad745348c2842035e4c954ed15 1e434a98de034528963e385f4ee83562 - - default default] 10.0.0.37 "GET /v2.0/security-groups?tenant_id=63d5524db0e74eab883ce54eb9e21d81&name=default HTTP/1.1" status: 200 len: 3116 time: 0.3016670
2026-05-08 00:28:40.392 10 INFO neutron.db.ovn_revision_numbers_db [None req-86108a50-bfca-4b77-aa11-80e49e21c2e8 - - - - - -] Successfully bumped revision number for resource d14baaab-30ec-47fb-81e7-c889820a382a (type: ports) to 2
2026-05-08 00:28:40.401 10 INFO neutron.db.ovn_revision_numbers_db [None req-204b50c1-c30f-486f-a4ec-932dc19d308d - - - - - -] Successfully bumped revision number for resource a120a160-0a2b-44be-a6ee-4b519a74a675 (type: ports) to 2
2026-05-08 00:28:40.415 10 INFO neutron.db.ovn_revision_numbers_db [None req-86108a50-bfca-4b77-aa11-80e49e21c2e8 - - - - - -] Successfully bumped revision number for resource aa79545d-ccf6-4e8f-85e5-352bb559b8ea (type: subnets) to 0
2026-05-08 00:28:40.432 10 INFO neutron.api.wsgi [None req-3b750550-441c-4270-a6dc-ccb6b5420fa2 754989ad745348c2842035e4c954ed15 1e434a98de034528963e385f4ee83562 - - default default] 10.0.0.37 "POST /v2.0/subnets HTTP/1.1" status: 201 len: 894 time: 0.7160299
2026-05-08 00:28:40.432 10 INFO neutron.db.ovn_revision_numbers_db [None req-204b50c1-c30f-486f-a4ec-932dc19d308d - - - - - -] Successfully bumped revision number for resource 0bec9522-0082-4020-a22c-822e58d45f22 (type: subnets) to 0
2026-05-08 00:28:40.451 10 INFO neutron.api.wsgi [None req-4ae9f1cd-10c0-453e-ac80-7d490db1eb04 754989ad745348c2842035e4c954ed15 1e434a98de034528963e385f4ee83562 - - default default] 10.0.0.37 "POST /v2.0/subnets HTTP/1.1" status: 201 len: 890 time: 0.7213109
2026-05-08 00:28:40.453 9 INFO neutron.api.wsgi [None req-43613654-ebdd-4f56-b25e-aa1729412d94 754989ad745348c2842035e4c954ed15 1e434a98de034528963e385f4ee83562 - - default default] 10.0.0.37 "DELETE /v2.0/security-groups/cca9b2f0-2f01-48fa-8b36-64647467546e HTTP/1.1" status: 204 len: 168 time: 0.2212834
2026-05-08 00:28:40.527 9 INFO neutron.db.ovn_revision_numbers_db [None req-cdf21fbc-bd29-4d33-804b-0b8be39b5f04 - - - - - -] Successfully bumped revision number for resource da29f0d0-24d1-4564-993f-4258ed276060 (type: ports) to 2
2026-05-08 00:28:40.564 9 INFO neutron.db.ovn_revision_numbers_db [None req-cdf21fbc-bd29-4d33-804b-0b8be39b5f04 - - - - - -] Successfully bumped revision number for resource 4ced0afd-54db-4f4c-bee1-87606753d6f7 (type: subnets) to 0
2026-05-08 00:28:40.577 9 INFO neutron.api.wsgi [None req-ca816b93-898b-43fe-beaa-bf9ec679b5b0 754989ad745348c2842035e4c954ed15 1e434a98de034528963e385f4ee83562 - - default default] 10.0.0.37 "POST /v2.0/subnets HTTP/1.1" status: 201 len: 893 time: 0.5817285
2026-05-08 00:28:41.005 10 WARNING neutron.scheduler.dhcp_agent_scheduler [None req-43c29dae-566c-488a-8a04-b8ca7eeaacfa 754989ad745348c2842035e4c954ed15 1e434a98de034528963e385f4ee83562 - - default default] No more DHCP agents
2026-05-08 00:28:41.007 10 WARNING neutron.api.rpc.agentnotifiers.dhcp_rpc_agent_api [None req-43c29dae-566c-488a-8a04-b8ca7eeaacfa 754989ad745348c2842035e4c954ed15 1e434a98de034528963e385f4ee83562 - - default default] Unable to schedule network 8375a2e0-fc5c-4118-888e-56e4dc6c4278: no agents available; will retry on subsequent port and subnet creation events.
2026-05-08 00:28:41.008 10 WARNING neutron.scheduler.dhcp_agent_scheduler [None req-3779c523-4cd5-4fab-b386-036d66717c5d 754989ad745348c2842035e4c954ed15 1e434a98de034528963e385f4ee83562 - - default default] No more DHCP agents
2026-05-08 00:28:41.011 10 WARNING neutron.api.rpc.agentnotifiers.dhcp_rpc_agent_api [None req-3779c523-4cd5-4fab-b386-036d66717c5d 754989ad745348c2842035e4c954ed15 1e434a98de034528963e385f4ee83562 - - default default] Unable to schedule network 8375a2e0-fc5c-4118-888e-56e4dc6c4278: no agents available; will retry on subsequent port and subnet creation events.
2026-05-08 00:28:41.107 10 INFO neutron.db.ovn_revision_numbers_db [None req-3779c523-4cd5-4fab-b386-036d66717c5d 754989ad745348c2842035e4c954ed15 1e434a98de034528963e385f4ee83562 - - default default] Successfully bumped revision number for resource af1aa512-6435-4c51-b83b-ecdb4830dd86 (type: ports) to 1
2026-05-08 00:28:41.113 10 INFO neutron.db.ovn_revision_numbers_db [None req-43c29dae-566c-488a-8a04-b8ca7eeaacfa 754989ad745348c2842035e4c954ed15 1e434a98de034528963e385f4ee83562 - - default default] Successfully bumped revision number for resource a15dba3a-5aa1-4543-808e-08b4aee233c2 (type: ports) to 1
2026-05-08 00:28:41.412 10 INFO neutron.plugins.ml2.drivers.ovn.mech_driver.ovsdb.extensions.qos [None req-43c29dae-566c-488a-8a04-b8ca7eeaacfa 754989ad745348c2842035e4c954ed15 1e434a98de034528963e385f4ee83562 - - default default] Starting OVNClientQosExtension
2026-05-08 00:28:41.621 9 WARNING neutron.scheduler.dhcp_agent_scheduler [None req-4e00f81c-4d9b-4bb3-91f7-f91e033044af 754989ad745348c2842035e4c954ed15 1e434a98de034528963e385f4ee83562 - - default default] No more DHCP agents
2026-05-08 00:28:41.622 9 WARNING neutron.api.rpc.agentnotifiers.dhcp_rpc_agent_api [None req-4e00f81c-4d9b-4bb3-91f7-f91e033044af 754989ad745348c2842035e4c954ed15 1e434a98de034528963e385f4ee83562 - - default default] Unable to schedule network 8375a2e0-fc5c-4118-888e-56e4dc6c4278: no agents available; will retry on subsequent port and subnet creation events.
2026-05-08 00:28:41.699 9 INFO neutron.db.ovn_revision_numbers_db [None req-4e00f81c-4d9b-4bb3-91f7-f91e033044af 754989ad745348c2842035e4c954ed15 1e434a98de034528963e385f4ee83562 - - default default] Successfully bumped revision number for resource 99c01b5d-84c9-4d4d-a64e-4c6a33c60962 (type: ports) to 1
2026-05-08 00:28:41.724 10 INFO neutron.plugins.ml2.drivers.ovn.mech_driver.ovsdb.commands [None req-31109dfd-6621-47a8-a7f3-226eb255b327 - - - - - -] Schedule LRP lrp-a15dba3a-5aa1-4543-808e-08b4aee233c2 on gateway 1e92e222-9eeb-4c4e-80ba-301384359059 with priority 1
2026-05-08 00:28:41.733 9 INFO neutron.plugins.ml2.drivers.ovn.mech_driver.mech_driver [-] OVN reports status up for port: a15dba3a-5aa1-4543-808e-08b4aee233c2
2026-05-08 00:28:41.749 9 INFO neutron.plugins.ml2.plugin [None req-d7d5dd9c-d6e1-464d-910b-43c9304ade45 - - - - - -] Attempt 1 to provision port a15dba3a-5aa1-4543-808e-08b4aee233c2
2026-05-08 00:28:41.750 9 INFO neutron.plugins.ml2.drivers.ovn.mech_driver.ovsdb.ovsdb_monitor [-] Router 393b1d98-bb5b-4170-9d36-02509a6d018b is bound to host instance
2026-05-08 00:28:41.762 10 INFO neutron.plugins.ml2.drivers.ovn.mech_driver.ovsdb.commands [None req-31109dfd-6621-47a8-a7f3-226eb255b327 - - - - - -] Schedule LRP lrp-af1aa512-6435-4c51-b83b-ecdb4830dd86 on gateway 1e92e222-9eeb-4c4e-80ba-301384359059 with priority 1
2026-05-08 00:28:41.773 10 INFO neutron.plugins.ml2.drivers.ovn.mech_driver.mech_driver [None req-91c5d573-fb8c-4b88-9bdd-c14059457fce - - - - - -] OVN reports status up for port: af1aa512-6435-4c51-b83b-ecdb4830dd86
2026-05-08 00:28:41.774 10 INFO neutron.db.ovn_revision_numbers_db [None req-43c29dae-566c-488a-8a04-b8ca7eeaacfa 754989ad745348c2842035e4c954ed15 1e434a98de034528963e385f4ee83562 - - default default] Successfully bumped revision number for resource a15dba3a-5aa1-4543-808e-08b4aee233c2 (type: router_ports) to 1
2026-05-08 00:28:41.801 10 INFO neutron.plugins.ml2.drivers.ovn.mech_driver.ovsdb.ovsdb_monitor [-] Router 40054a22-0fa5-45ab-8ae5-91e07672d6ec is bound to host instance
2026-05-08 00:28:41.806 10 INFO neutron.plugins.ml2.plugin [None req-91c5d573-fb8c-4b88-9bdd-c14059457fce - - - - - -] Attempt 1 to provision port af1aa512-6435-4c51-b83b-ecdb4830dd86
2026-05-08 00:28:41.938 10 INFO neutron.db.ovn_revision_numbers_db [None req-3779c523-4cd5-4fab-b386-036d66717c5d 754989ad745348c2842035e4c954ed15 1e434a98de034528963e385f4ee83562 - - default default] Successfully bumped revision number for resource af1aa512-6435-4c51-b83b-ecdb4830dd86 (type: router_ports) to 1
2026-05-08 00:28:41.992 10 INFO neutron.db.ovn_revision_numbers_db [None req-43c29dae-566c-488a-8a04-b8ca7eeaacfa 754989ad745348c2842035e4c954ed15 1e434a98de034528963e385f4ee83562 - - default default] Successfully bumped revision number for resource 393b1d98-bb5b-4170-9d36-02509a6d018b (type: routers) to 2
2026-05-08 00:28:42.017 10 INFO neutron.api.wsgi [None req-43c29dae-566c-488a-8a04-b8ca7eeaacfa 754989ad745348c2842035e4c954ed15 1e434a98de034528963e385f4ee83562 - - default default] 10.0.0.37 "POST /v2.0/routers HTTP/1.1" status: 201 len: 1168 time: 1.5613348
2026-05-08 00:28:42.037 10 INFO neutron.db.ovn_revision_numbers_db [None req-3779c523-4cd5-4fab-b386-036d66717c5d 754989ad745348c2842035e4c954ed15 1e434a98de034528963e385f4ee83562 - - default default] Successfully bumped revision number for resource 40054a22-0fa5-45ab-8ae5-91e07672d6ec (type: routers) to 2
2026-05-08 00:28:42.047 9 INFO neutron.plugins.ml2.drivers.ovn.mech_driver.ovsdb.extensions.qos [None req-4e00f81c-4d9b-4bb3-91f7-f91e033044af 754989ad745348c2842035e4c954ed15 1e434a98de034528963e385f4ee83562 - - default default] Starting OVNClientQosExtension
2026-05-08 00:28:42.061 10 INFO neutron.api.wsgi [None req-3779c523-4cd5-4fab-b386-036d66717c5d 754989ad745348c2842035e4c954ed15 1e434a98de034528963e385f4ee83562 - - default default] 10.0.0.37 "POST /v2.0/routers HTTP/1.1" status: 201 len: 1172 time: 1.6227725
2026-05-08 00:28:42.421 10 INFO neutron.db.ovn_revision_numbers_db [None req-5ab5feb9-5b34-44ab-8faa-f17b31921849 - - - - - -] Successfully bumped revision number for resource af1aa512-6435-4c51-b83b-ecdb4830dd86 (type: ports) to 1
2026-05-08 00:28:42.463 9 INFO neutron.db.ovn_revision_numbers_db [None req-7e284411-1c33-4173-83bd-a8ab817eef9e - - - - - -] Successfully bumped revision number for resource a15dba3a-5aa1-4543-808e-08b4aee233c2 (type: ports) to 1
2026-05-08 00:28:42.522 10 WARNING neutron.scheduler.dhcp_agent_scheduler [None req-e04e09ed-4354-4c4b-83a9-acfe8b844b6a 754989ad745348c2842035e4c954ed15 1e434a98de034528963e385f4ee83562 - - default default] No more DHCP agents
2026-05-08 00:28:42.524 10 WARNING neutron.api.rpc.agentnotifiers.dhcp_rpc_agent_api [None req-e04e09ed-4354-4c4b-83a9-acfe8b844b6a 754989ad745348c2842035e4c954ed15 1e434a98de034528963e385f4ee83562 - - default default] Unable to schedule network fd514165-1f10-47b5-868e-ab09ac85e6b5: no agents available; will retry on subsequent port and subnet creation events.
2026-05-08 00:28:42.592 9 INFO neutron.plugins.ml2.drivers.ovn.mech_driver.ovsdb.commands [None req-e80f27f5-e49d-437f-8fb6-a3ee4a97fc45 - - - - - -] Schedule LRP lrp-99c01b5d-84c9-4d4d-a64e-4c6a33c60962 on gateway 1e92e222-9eeb-4c4e-80ba-301384359059 with priority 1
2026-05-08 00:28:42.633 10 INFO neutron.db.ovn_revision_numbers_db [None req-e04e09ed-4354-4c4b-83a9-acfe8b844b6a 754989ad745348c2842035e4c954ed15 1e434a98de034528963e385f4ee83562 - - default default] Successfully bumped revision number for resource 14825554-469d-46fd-ade8-ebaaf8eaa6ba (type: ports) to 1
2026-05-08 00:28:42.640 9 INFO neutron.db.ovn_revision_numbers_db [None req-4e00f81c-4d9b-4bb3-91f7-f91e033044af 754989ad745348c2842035e4c954ed15 1e434a98de034528963e385f4ee83562 - - default default] Successfully bumped revision number for resource 99c01b5d-84c9-4d4d-a64e-4c6a33c60962 (type: router_ports) to 1
2026-05-08 00:28:42.727 9 INFO neutron.db.ovn_revision_numbers_db [None req-4e00f81c-4d9b-4bb3-91f7-f91e033044af 754989ad745348c2842035e4c954ed15 1e434a98de034528963e385f4ee83562 - - default default] Successfully bumped revision number for resource b05d0fdc-3afc-4e1f-a61c-e1a890ca211f (type: routers) to 2
2026-05-08 00:28:42.762 9 INFO neutron.api.wsgi [None req-4e00f81c-4d9b-4bb3-91f7-f91e033044af 754989ad745348c2842035e4c954ed15 1e434a98de034528963e385f4ee83562 - - default default] 10.0.0.37 "POST /v2.0/routers HTTP/1.1" status: 201 len: 1171 time: 2.1806152
2026-05-08 00:28:42.772 9 WARNING neutron.scheduler.dhcp_agent_scheduler [None req-e2bc45ab-943d-4ded-bc49-af7003ac175e 754989ad745348c2842035e4c954ed15 1e434a98de034528963e385f4ee83562 - - default default] No more DHCP agents
2026-05-08 00:28:42.773 9 WARNING neutron.api.rpc.agentnotifiers.dhcp_rpc_agent_api [None req-e2bc45ab-943d-4ded-bc49-af7003ac175e 754989ad745348c2842035e4c954ed15 1e434a98de034528963e385f4ee83562 - - default default] Unable to schedule network 4c14e3e4-505b-42f3-92e3-56fb322733a0: no agents available; will retry on subsequent port and subnet creation events.
2026-05-08 00:28:42.811 10 INFO neutron.db.ovn_revision_numbers_db [None req-5ab5feb9-5b34-44ab-8faa-f17b31921849 - - - - - -] Successfully bumped revision number for resource af1aa512-6435-4c51-b83b-ecdb4830dd86 (type: ports) to 4
2026-05-08 00:28:42.919 9 INFO neutron.db.ovn_revision_numbers_db [None req-7e284411-1c33-4173-83bd-a8ab817eef9e - - - - - -] Successfully bumped revision number for resource a15dba3a-5aa1-4543-808e-08b4aee233c2 (type: ports) to 4
2026-05-08 00:28:42.948 9 INFO neutron.db.ovn_revision_numbers_db [None req-e2bc45ab-943d-4ded-bc49-af7003ac175e 754989ad745348c2842035e4c954ed15 1e434a98de034528963e385f4ee83562 - - default default] Successfully bumped revision number for resource 8a3566e8-20ac-4bd5-8944-872a21c07e5e (type: ports) to 1
2026-05-08 00:28:43.234 10 INFO neutron.db.ovn_revision_numbers_db [None req-5ab5feb9-5b34-44ab-8faa-f17b31921849 - - - - - -] Successfully bumped revision number for resource af1aa512-6435-4c51-b83b-ecdb4830dd86 (type: ports) to 5
2026-05-08 00:28:43.342 10 INFO neutron.db.ovn_revision_numbers_db [None req-e04e09ed-4354-4c4b-83a9-acfe8b844b6a 754989ad745348c2842035e4c954ed15 1e434a98de034528963e385f4ee83562 - - default default] Successfully bumped revision number for resource 14825554-469d-46fd-ade8-ebaaf8eaa6ba (type: ports) to 1
2026-05-08 00:28:43.380 10 WARNING neutron.scheduler.dhcp_agent_scheduler [None req-e04e09ed-4354-4c4b-83a9-acfe8b844b6a 754989ad745348c2842035e4c954ed15 1e434a98de034528963e385f4ee83562 - - default default] No more DHCP agents
2026-05-08 00:28:43.381 10 WARNING neutron.api.rpc.agentnotifiers.dhcp_rpc_agent_api [None req-e04e09ed-4354-4c4b-83a9-acfe8b844b6a 754989ad745348c2842035e4c954ed15 1e434a98de034528963e385f4ee83562 - - default default] Unable to schedule network fd514165-1f10-47b5-868e-ab09ac85e6b5: no agents available; will retry on subsequent port and subnet creation events.
2026-05-08 00:28:43.529 9 INFO neutron.db.ovn_revision_numbers_db [None req-7e284411-1c33-4173-83bd-a8ab817eef9e - - - - - -] Successfully bumped revision number for resource a15dba3a-5aa1-4543-808e-08b4aee233c2 (type: ports) to 5
2026-05-08 00:28:43.530 9 WARNING neutron.scheduler.dhcp_agent_scheduler [None req-a9a082df-b1b9-4001-88a2-3934d23b42a4 754989ad745348c2842035e4c954ed15 1e434a98de034528963e385f4ee83562 - - default default] No more DHCP agents
2026-05-08 00:28:43.531 9 WARNING neutron.api.rpc.agentnotifiers.dhcp_rpc_agent_api [None req-a9a082df-b1b9-4001-88a2-3934d23b42a4 754989ad745348c2842035e4c954ed15 1e434a98de034528963e385f4ee83562 - - default default] Unable to schedule network 9647e895-d02f-4d94-900a-a00b9ca738bb: no agents available; will retry on subsequent port and subnet creation events.
2026-05-08 00:28:43.623 9 INFO neutron.plugins.ml2.drivers.ovn.mech_driver.ovsdb.ovsdb_monitor [None req-7e284411-1c33-4173-83bd-a8ab817eef9e - - - - - -] Router b05d0fdc-3afc-4e1f-a61c-e1a890ca211f is bound to host instance
2026-05-08 00:28:43.673 9 INFO neutron.db.ovn_revision_numbers_db [None req-a9a082df-b1b9-4001-88a2-3934d23b42a4 754989ad745348c2842035e4c954ed15 1e434a98de034528963e385f4ee83562 - - default default] Successfully bumped revision number for resource d494a7fe-8177-4374-bd9e-7af9aba40fec (type: ports) to 1
2026-05-08 00:28:43.873 9 INFO neutron.db.ovn_revision_numbers_db [None req-e2bc45ab-943d-4ded-bc49-af7003ac175e 754989ad745348c2842035e4c954ed15 1e434a98de034528963e385f4ee83562 - - default default] Successfully bumped revision number for resource 8a3566e8-20ac-4bd5-8944-872a21c07e5e (type: ports) to 1
2026-05-08 00:28:43.945 10 INFO neutron.db.ovn_revision_numbers_db [None req-e04e09ed-4354-4c4b-83a9-acfe8b844b6a 754989ad745348c2842035e4c954ed15 1e434a98de034528963e385f4ee83562 - - default default] Successfully bumped revision number for resource 14825554-469d-46fd-ade8-ebaaf8eaa6ba (type: router_ports) to 1
2026-05-08 00:28:43.949 10 INFO neutron.api.wsgi [None req-e04e09ed-4354-4c4b-83a9-acfe8b844b6a 754989ad745348c2842035e4c954ed15 1e434a98de034528963e385f4ee83562 - - default default] 10.0.0.37 "PUT /v2.0/routers/40054a22-0fa5-45ab-8ae5-91e07672d6ec/add_router_interface HTTP/1.1" status: 200 len: 503 time: 1.8823626
2026-05-08 00:28:43.952 9 WARNING neutron.scheduler.dhcp_agent_scheduler [None req-e2bc45ab-943d-4ded-bc49-af7003ac175e 754989ad745348c2842035e4c954ed15 1e434a98de034528963e385f4ee83562 - - default default] No more DHCP agents
2026-05-08 00:28:43.956 9 WARNING neutron.api.rpc.agentnotifiers.dhcp_rpc_agent_api [None req-e2bc45ab-943d-4ded-bc49-af7003ac175e 754989ad745348c2842035e4c954ed15 1e434a98de034528963e385f4ee83562 - - default default] Unable to schedule network 4c14e3e4-505b-42f3-92e3-56fb322733a0: no agents available; will retry on subsequent port and subnet creation events.
2026-05-08 00:28:44.202 9 INFO neutron.db.ovn_revision_numbers_db [None req-b50466a4-5788-407a-ad5d-948c547cea36 - - - - - -] Successfully bumped revision number for resource 99c01b5d-84c9-4d4d-a64e-4c6a33c60962 (type: ports) to 1
2026-05-08 00:28:44.265 10 INFO neutron.plugins.ml2.drivers.ovn.mech_driver.mech_driver [None req-91c5d573-fb8c-4b88-9bdd-c14059457fce - - - - - -] OVN reports status up for port: 99c01b5d-84c9-4d4d-a64e-4c6a33c60962
2026-05-08 00:28:44.273 10 INFO neutron.plugins.ml2.plugin [None req-91c5d573-fb8c-4b88-9bdd-c14059457fce - - - - - -] Attempt 1 to provision port 99c01b5d-84c9-4d4d-a64e-4c6a33c60962
2026-05-08 00:28:44.309 10 INFO neutron.plugins.ml2.drivers.ovn.mech_driver.mech_driver [None req-91c5d573-fb8c-4b88-9bdd-c14059457fce - - - - - -] OVN reports status up for port: 14825554-469d-46fd-ade8-ebaaf8eaa6ba
2026-05-08 00:28:44.318 10 INFO neutron.plugins.ml2.plugin [None req-91c5d573-fb8c-4b88-9bdd-c14059457fce - - - - - -] Attempt 1 to provision port 14825554-469d-46fd-ade8-ebaaf8eaa6ba
2026-05-08 00:28:44.462 9 INFO neutron.plugins.ml2.drivers.ovn.mech_driver.mech_driver [None req-d7d5dd9c-d6e1-464d-910b-43c9304ade45 - - - - - -] OVN reports status up for port: 8a3566e8-20ac-4bd5-8944-872a21c07e5e
2026-05-08 00:28:44.579 10 INFO neutron.db.ovn_revision_numbers_db [None req-336b42c0-30ab-436a-95b3-6173355a9293 754989ad745348c2842035e4c954ed15 1e434a98de034528963e385f4ee83562 - - default default] Successfully bumped revision number for resource ee8d8dfc-14d7-4490-927d-affc6998e025 (type: security_groups) to 1
2026-05-08 00:28:44.586 9 INFO neutron.plugins.ml2.plugin [None req-d7d5dd9c-d6e1-464d-910b-43c9304ade45 - - - - - -] Attempt 1 to provision port 8a3566e8-20ac-4bd5-8944-872a21c07e5e
2026-05-08 00:28:44.596 10 INFO neutron.db.ovn_revision_numbers_db [None req-336b42c0-30ab-436a-95b3-6173355a9293 754989ad745348c2842035e4c954ed15 1e434a98de034528963e385f4ee83562 - - default default] Successfully bumped revision number for resource 4f9b46ba-0c6c-44dd-92b9-5c808a0e61a4 (type: security_group_rules) to 0
2026-05-08 00:28:44.611 10 INFO neutron.db.ovn_revision_numbers_db [None req-336b42c0-30ab-436a-95b3-6173355a9293 754989ad745348c2842035e4c954ed15 1e434a98de034528963e385f4ee83562 - - default default] Successfully bumped revision number for resource 69b0f366-9a92-44fa-8d34-fd92b67756a0 (type: security_group_rules) to 0
2026-05-08 00:28:44.612 9 INFO neutron.db.ovn_revision_numbers_db [None req-a9a082df-b1b9-4001-88a2-3934d23b42a4 754989ad745348c2842035e4c954ed15 1e434a98de034528963e385f4ee83562 - - default default] Successfully bumped revision number for resource d494a7fe-8177-4374-bd9e-7af9aba40fec (type: ports) to 1
2026-05-08 00:28:44.627 10 INFO neutron.db.ovn_revision_numbers_db [None req-336b42c0-30ab-436a-95b3-6173355a9293 754989ad745348c2842035e4c954ed15 1e434a98de034528963e385f4ee83562 - - default default] Successfully bumped revision number for resource ce595ce1-e74a-4147-95fc-a3288b6efdbe (type: security_group_rules) to 0
2026-05-08 00:28:44.634 10 INFO neutron.db.ovn_revision_numbers_db [None req-91c5d573-fb8c-4b88-9bdd-c14059457fce - - - - - -] Successfully bumped revision number for resource 14825554-469d-46fd-ade8-ebaaf8eaa6ba (type: ports) to 2
2026-05-08 00:28:44.638 10 INFO neutron.db.ovn_revision_numbers_db [None req-336b42c0-30ab-436a-95b3-6173355a9293 754989ad745348c2842035e4c954ed15 1e434a98de034528963e385f4ee83562 - - default default] Successfully bumped revision number for resource ef092e3e-9d4d-491b-83d3-81f24b6dd591 (type: security_group_rules) to 0
2026-05-08 00:28:44.671 10 INFO neutron.api.wsgi [None req-336b42c0-30ab-436a-95b3-6173355a9293 754989ad745348c2842035e4c954ed15 1e434a98de034528963e385f4ee83562 - - default default] 10.0.0.37 "GET /v2.0/security-groups?tenant_id=7523f8dcf1bb418d9dc47b5f13540827&name=default HTTP/1.1" status: 200 len: 3116 time: 0.3057256
2026-05-08 00:28:44.732 9 WARNING neutron.scheduler.dhcp_agent_scheduler [None req-a9a082df-b1b9-4001-88a2-3934d23b42a4 754989ad745348c2842035e4c954ed15 1e434a98de034528963e385f4ee83562 - - default default] No more DHCP agents
2026-05-08 00:28:44.736 9 WARNING neutron.api.rpc.agentnotifiers.dhcp_rpc_agent_api [None req-a9a082df-b1b9-4001-88a2-3934d23b42a4 754989ad745348c2842035e4c954ed15 1e434a98de034528963e385f4ee83562 - - default default] Unable to schedule network 9647e895-d02f-4d94-900a-a00b9ca738bb: no agents available; will retry on subsequent port and subnet creation events.
2026-05-08 00:28:44.846 10 WARNING neutron_lib.context [req-b9e9d9dd-6d88-4ece-b4a0-615b220a30f5 req-1629e99e-75ee-407a-97d3-827d04544729 9cc30fc71e144913b70f1c60585bbf4c 8308cfa4999c4f1b863920b367c660c3 - - default default] Method 'is_advsvc' is deprecated since 2023.2 release (neutron-lib 3.8.0) and will be removed once support for the old RBAC API policies will be removed from Neutron. Please use method 'is_service_role' instead.
2026-05-08 00:28:44.852 10 INFO neutron.api.wsgi [None req-80b8f278-6a26-4c2c-abab-77f0f85f74a3 754989ad745348c2842035e4c954ed15 1e434a98de034528963e385f4ee83562 - - default default] 10.0.0.37 "DELETE /v2.0/security-groups/ee8d8dfc-14d7-4490-927d-affc6998e025 HTTP/1.1" status: 204 len: 168 time: 0.1763456
2026-05-08 00:28:44.896 9 INFO neutron.db.ovn_revision_numbers_db [None req-b50466a4-5788-407a-ad5d-948c547cea36 - - - - - -] Successfully bumped revision number for resource 99c01b5d-84c9-4d4d-a64e-4c6a33c60962 (type: ports) to 4
2026-05-08 00:28:44.946 10 INFO neutron.db.ovn_revision_numbers_db [req-b9e9d9dd-6d88-4ece-b4a0-615b220a30f5 req-1629e99e-75ee-407a-97d3-827d04544729 9cc30fc71e144913b70f1c60585bbf4c 8308cfa4999c4f1b863920b367c660c3 - - default default] Successfully bumped revision number for resource 67c58322-cc38-4ad1-ac4b-8b61ca415d38 (type: security_groups) to 1
2026-05-08 00:28:44.960 10 INFO neutron.db.ovn_revision_numbers_db [req-b9e9d9dd-6d88-4ece-b4a0-615b220a30f5 req-1629e99e-75ee-407a-97d3-827d04544729 9cc30fc71e144913b70f1c60585bbf4c 8308cfa4999c4f1b863920b367c660c3 - - default default] Successfully bumped revision number for resource 0381d2bb-585d-43a0-9f48-9cb6a4703a7f (type: security_group_rules) to 0
2026-05-08 00:28:44.973 10 INFO neutron.db.ovn_revision_numbers_db [req-b9e9d9dd-6d88-4ece-b4a0-615b220a30f5 req-1629e99e-75ee-407a-97d3-827d04544729 9cc30fc71e144913b70f1c60585bbf4c 8308cfa4999c4f1b863920b367c660c3 - - default default] Successfully bumped revision number for resource f6bbe8b1-d99d-46de-a791-c474054ac16e (type: security_group_rules) to 0
2026-05-08 00:28:45.006 10 INFO neutron.api.wsgi [req-b9e9d9dd-6d88-4ece-b4a0-615b220a30f5 req-1629e99e-75ee-407a-97d3-827d04544729 9cc30fc71e144913b70f1c60585bbf4c 8308cfa4999c4f1b863920b367c660c3 - - default default] 10.0.0.250 "POST /v2.0/security-groups HTTP/1.1" status: 201 len: 1888 time: 0.1939759
2026-05-08 00:28:45.060 10 INFO neutron.db.ovn_revision_numbers_db [None req-f30e427a-2b28-4927-9f57-5690ba604c19 754989ad745348c2842035e4c954ed15 1e434a98de034528963e385f4ee83562 - - default default] Successfully bumped revision number for resource 5ec9a650-56b4-44af-afa1-e4829fc0d8d9 (type: security_groups) to 1
2026-05-08 00:28:45.071 10 INFO neutron.db.ovn_revision_numbers_db [None req-f30e427a-2b28-4927-9f57-5690ba604c19 754989ad745348c2842035e4c954ed15 1e434a98de034528963e385f4ee83562 - - default default] Successfully bumped revision number for resource 597d08ba-0ec2-4971-ac0a-01dffd3d6491 (type: security_group_rules) to 0
2026-05-08 00:28:45.084 10 INFO neutron.db.ovn_revision_numbers_db [None req-f30e427a-2b28-4927-9f57-5690ba604c19 754989ad745348c2842035e4c954ed15 1e434a98de034528963e385f4ee83562 - - default default] Successfully bumped revision number for resource 72396336-cdac-4403-92b0-3fb3cbbe6f6b (type: security_group_rules) to 0
2026-05-08 00:28:45.095 10 INFO neutron.db.ovn_revision_numbers_db [None req-f30e427a-2b28-4927-9f57-5690ba604c19 754989ad745348c2842035e4c954ed15 1e434a98de034528963e385f4ee83562 - - default default] Successfully bumped revision number for resource a0d09df6-387f-4a0b-9900-10e899ef8cd2 (type: security_group_rules) to 0
2026-05-08 00:28:45.112 10 INFO neutron.db.ovn_revision_numbers_db [None req-f30e427a-2b28-4927-9f57-5690ba604c19 754989ad745348c2842035e4c954ed15 1e434a98de034528963e385f4ee83562 - - default default] Successfully bumped revision number for resource dccef34c-5079-4ff1-b8f2-d9479f7ec1e8 (type: security_group_rules) to 0
2026-05-08 00:28:45.144 10 INFO neutron.api.wsgi [None req-f30e427a-2b28-4927-9f57-5690ba604c19 754989ad745348c2842035e4c954ed15 1e434a98de034528963e385f4ee83562 - - default default] 10.0.0.37 "GET /v2.0/security-groups?tenant_id=337ffee12e164e858e101c091d53454f&name=default HTTP/1.1" status: 200 len: 3119 time: 0.1895032
2026-05-08 00:28:45.228 9 INFO neutron.db.ovn_revision_numbers_db [None req-e2bc45ab-943d-4ded-bc49-af7003ac175e 754989ad745348c2842035e4c954ed15 1e434a98de034528963e385f4ee83562 - - default default] Successfully bumped revision number for resource 8a3566e8-20ac-4bd5-8944-872a21c07e5e (type: router_ports) to 1
2026-05-08 00:28:45.235 9 INFO neutron.api.wsgi [None req-e2bc45ab-943d-4ded-bc49-af7003ac175e 754989ad745348c2842035e4c954ed15 1e434a98de034528963e385f4ee83562 - - default default] 10.0.0.37 "PUT /v2.0/routers/393b1d98-bb5b-4170-9d36-02509a6d018b/add_router_interface HTTP/1.1" status: 200 len: 503 time: 3.2121994
2026-05-08 00:28:45.318 10 INFO neutron.api.wsgi [None req-7f1722b8-18cf-4f5d-bacc-cd544860945c 754989ad745348c2842035e4c954ed15 1e434a98de034528963e385f4ee83562 - - default default] 10.0.0.37 "DELETE /v2.0/security-groups/5ec9a650-56b4-44af-afa1-e4829fc0d8d9 HTTP/1.1" status: 204 len: 168 time: 0.1685772
2026-05-08 00:28:45.373 9 INFO neutron.db.ovn_revision_numbers_db [None req-d7d5dd9c-d6e1-464d-910b-43c9304ade45 - - - - - -] Successfully bumped revision number for resource 8a3566e8-20ac-4bd5-8944-872a21c07e5e (type: ports) to 2
2026-05-08 00:28:45.502 9 INFO neutron.db.ovn_revision_numbers_db [None req-b50466a4-5788-407a-ad5d-948c547cea36 - - - - - -] Successfully bumped revision number for resource 99c01b5d-84c9-4d4d-a64e-4c6a33c60962 (type: ports) to 5
2026-05-08 00:28:45.590 10 INFO neutron.api.wsgi [req-132364b3-a027-4f0e-bd53-d4f7f153d726 req-1ff040e4-a0fb-43f9-9fd2-077d787fc8e1 9cc30fc71e144913b70f1c60585bbf4c 8308cfa4999c4f1b863920b367c660c3 - - default default] 10.0.0.250 "GET /v2.0/security-groups/67c58322-cc38-4ad1-ac4b-8b61ca415d38 HTTP/1.1" status: 200 len: 1883 time: 0.2039225
2026-05-08 00:28:45.603 10 WARNING neutron_lib.context [req-132364b3-a027-4f0e-bd53-d4f7f153d726 req-cd5e2735-f0de-4ac1-84cd-358d18b20bc6 9cc30fc71e144913b70f1c60585bbf4c 8308cfa4999c4f1b863920b367c660c3 - - default default] Method 'is_advsvc' is deprecated since 2023.2 release (neutron-lib 3.8.0) and will be removed once support for the old RBAC API policies will be removed from Neutron. Please use method 'is_service_role' instead.
2026-05-08 00:28:45.636 10 WARNING neutron_lib.context [req-52796166-ffba-464b-acdf-ce424b6120fb req-352da3b2-45b0-41c9-a4d6-5a01fdb9ed84 eb79699ccd134fa7af5a755ab7a59f58 c4e2f44a86fa43c484cf838797b043c9 - - default default] Method 'is_advsvc' is deprecated since 2023.2 release (neutron-lib 3.8.0) and will be removed once support for the old RBAC API policies will be removed from Neutron. Please use method 'is_service_role' instead.
2026-05-08 00:28:45.694 9 INFO neutron.db.ovn_revision_numbers_db [None req-a9a082df-b1b9-4001-88a2-3934d23b42a4 754989ad745348c2842035e4c954ed15 1e434a98de034528963e385f4ee83562 - - default default] Successfully bumped revision number for resource d494a7fe-8177-4374-bd9e-7af9aba40fec (type: router_ports) to 1
2026-05-08 00:28:45.699 9 INFO neutron.api.wsgi [None req-a9a082df-b1b9-4001-88a2-3934d23b42a4 754989ad745348c2842035e4c954ed15 1e434a98de034528963e385f4ee83562 - - default default] 10.0.0.37 "PUT /v2.0/routers/b05d0fdc-3afc-4e1f-a61c-e1a890ca211f/add_router_interface HTTP/1.1" status: 200 len: 503 time: 2.9314806
2026-05-08 00:28:45.748 10 INFO neutron.db.ovn_revision_numbers_db [req-132364b3-a027-4f0e-bd53-d4f7f153d726 req-cd5e2735-f0de-4ac1-84cd-358d18b20bc6 9cc30fc71e144913b70f1c60585bbf4c 8308cfa4999c4f1b863920b367c660c3 - - default default] Successfully bumped revision number for resource fb0ae6f7-9d75-4139-a89c-adbb32b1be3e (type: security_group_rules) to 0
2026-05-08 00:28:45.759 10 INFO neutron.db.ovn_revision_numbers_db [req-52796166-ffba-464b-acdf-ce424b6120fb req-352da3b2-45b0-41c9-a4d6-5a01fdb9ed84 eb79699ccd134fa7af5a755ab7a59f58 c4e2f44a86fa43c484cf838797b043c9 - - default default] Successfully bumped revision number for resource 2dd0a577-6e98-4522-ba5b-52bf509d8c08 (type: security_groups) to 1
2026-05-08 00:28:45.770 10 INFO neutron.db.ovn_revision_numbers_db [req-52796166-ffba-464b-acdf-ce424b6120fb req-352da3b2-45b0-41c9-a4d6-5a01fdb9ed84 eb79699ccd134fa7af5a755ab7a59f58 c4e2f44a86fa43c484cf838797b043c9 - - default default] Successfully bumped revision number for resource 5c20d657-ae95-4156-8c4e-3eb0adc4f563 (type: security_group_rules) to 0
