2026-05-08 00:30:36.311 10 INFO neutron.api.wsgi [None req-33ebe6b5-4abc-4070-9367-a1845628271b 828ed6501a674595a53874d69d565e73 f3811160277045829991272a77560171 - - default default] 10.0.0.37 "GET /v2.0/policies/179394f1-1bfb-4b87-b2c2-8dc64d5499e4/tags HTTP/1.1" status: 200 len: 205 time: 0.0130708
2026-05-08 00:30:36.382 9 INFO neutron.api.wsgi [None req-2e050a19-134f-4ea0-8fed-cf1a0da4d2ba 828ed6501a674595a53874d69d565e73 f3811160277045829991272a77560171 - - default default] 10.0.0.37 "DELETE /v2.0/qos/policies/179394f1-1bfb-4b87-b2c2-8dc64d5499e4 HTTP/1.1" status: 204 len: 168 time: 0.0631328
2026-05-08 00:30:36.932 9 INFO neutron.api.wsgi [-] 10.0.0.201 "GET / HTTP/1.1" status: 200 len: 247 time: 0.0024891
2026-05-08 00:30:36.933 10 INFO neutron.api.wsgi [-] 10.0.0.201 "GET / HTTP/1.1" status: 200 len: 247 time: 0.0019090
2026-05-08 00:30:37.305 10 INFO neutron.db.ovn_revision_numbers_db [None req-1f5475d4-282c-400c-86a8-f6562eb5e623 754989ad745348c2842035e4c954ed15 1e434a98de034528963e385f4ee83562 - - default default] Successfully bumped revision number for resource 730c8ceb-c545-417e-8ecf-d7d28110df44 (type: security_groups) to 1
2026-05-08 00:30:37.339 10 INFO neutron.db.ovn_revision_numbers_db [None req-1f5475d4-282c-400c-86a8-f6562eb5e623 754989ad745348c2842035e4c954ed15 1e434a98de034528963e385f4ee83562 - - default default] Successfully bumped revision number for resource 92724f0b-21b6-4846-938d-3c06e45b9c36 (type: security_group_rules) to 0
2026-05-08 00:30:37.371 10 INFO neutron.db.ovn_revision_numbers_db [None req-1f5475d4-282c-400c-86a8-f6562eb5e623 754989ad745348c2842035e4c954ed15 1e434a98de034528963e385f4ee83562 - - default default] Successfully bumped revision number for resource d4eaeecc-d056-494d-9a0c-9e7eec51f96d (type: security_group_rules) to 0
2026-05-08 00:30:37.389 10 INFO neutron.db.ovn_revision_numbers_db [None req-1f5475d4-282c-400c-86a8-f6562eb5e623 754989ad745348c2842035e4c954ed15 1e434a98de034528963e385f4ee83562 - - default default] Successfully bumped revision number for resource e4e52888-d118-4cc9-bec6-55b8d976e790 (type: security_group_rules) to 0
2026-05-08 00:30:37.407 10 INFO neutron.db.ovn_revision_numbers_db [None req-1f5475d4-282c-400c-86a8-f6562eb5e623 754989ad745348c2842035e4c954ed15 1e434a98de034528963e385f4ee83562 - - default default] Successfully bumped revision number for resource e8a5ebe9-880b-4eb8-8ce8-f1ecda816445 (type: security_group_rules) to 0
2026-05-08 00:30:37.444 10 INFO neutron.api.wsgi [None req-1f5475d4-282c-400c-86a8-f6562eb5e623 754989ad745348c2842035e4c954ed15 1e434a98de034528963e385f4ee83562 - - default default] 10.0.0.37 "GET /v2.0/security-groups?tenant_id=f3811160277045829991272a77560171&name=default HTTP/1.1" status: 200 len: 3120 time: 0.3952606
2026-05-08 00:30:37.462 10 WARNING neutron_lib.context [None req-80075aee-d67e-49b0-8864-48d08c6d9c0e ffa06ee9ecb441478ee181c8a520fee5 7d2c0aa9c6a141b0b195f8d53079344b - - default default] Method 'is_advsvc' is deprecated since 2023.2 release (neutron-lib 3.8.0) and will be removed once support for the old RBAC API policies will be removed from Neutron. Please use method 'is_service_role' instead.
2026-05-08 00:30:37.643 10 INFO neutron.db.ovn_revision_numbers_db [None req-80075aee-d67e-49b0-8864-48d08c6d9c0e ffa06ee9ecb441478ee181c8a520fee5 7d2c0aa9c6a141b0b195f8d53079344b - - default default] Successfully bumped revision number for resource 9c477b87-a28b-49d7-9651-22e34872e1c0 (type: security_groups) to 1
2026-05-08 00:30:37.657 10 INFO neutron.db.ovn_revision_numbers_db [None req-80075aee-d67e-49b0-8864-48d08c6d9c0e ffa06ee9ecb441478ee181c8a520fee5 7d2c0aa9c6a141b0b195f8d53079344b - - default default] Successfully bumped revision number for resource 4483f76b-b75c-401e-8c34-42626a8adca2 (type: security_group_rules) to 0
2026-05-08 00:30:37.673 10 INFO neutron.db.ovn_revision_numbers_db [None req-80075aee-d67e-49b0-8864-48d08c6d9c0e ffa06ee9ecb441478ee181c8a520fee5 7d2c0aa9c6a141b0b195f8d53079344b - - default default] Successfully bumped revision number for resource 5cebc8c5-a283-41cc-babb-b5a16bfce1d4 (type: security_group_rules) to 0
2026-05-08 00:30:37.689 10 INFO neutron.db.ovn_revision_numbers_db [None req-80075aee-d67e-49b0-8864-48d08c6d9c0e ffa06ee9ecb441478ee181c8a520fee5 7d2c0aa9c6a141b0b195f8d53079344b - - default default] Successfully bumped revision number for resource 5fe03ba2-92ae-47c0-81ad-60db0ad4e2db (type: security_group_rules) to 0
2026-05-08 00:30:37.704 10 INFO neutron.api.wsgi [None req-314b186e-81d3-43ff-b9a9-e5ac54a1896d 754989ad745348c2842035e4c954ed15 1e434a98de034528963e385f4ee83562 - - default default] 10.0.0.37 "DELETE /v2.0/security-groups/730c8ceb-c545-417e-8ecf-d7d28110df44 HTTP/1.1" status: 204 len: 168 time: 0.2558026
2026-05-08 00:30:37.705 10 INFO neutron.db.ovn_revision_numbers_db [None req-80075aee-d67e-49b0-8864-48d08c6d9c0e ffa06ee9ecb441478ee181c8a520fee5 7d2c0aa9c6a141b0b195f8d53079344b - - default default] Successfully bumped revision number for resource d804f172-10e9-4403-978e-9986dc81100d (type: security_group_rules) to 0
2026-05-08 00:30:37.716 9 WARNING neutron_lib.context [None req-5d117dc2-ebc4-4361-8754-2d86d4686cd3 9b6d85a53f0b473ca02c2373780deaf8 dad77b61c93945928287b8d900d05c12 - - default default] Method 'is_advsvc' is deprecated since 2023.2 release (neutron-lib 3.8.0) and will be removed once support for the old RBAC API policies will be removed from Neutron. Please use method 'is_service_role' instead.
2026-05-08 00:30:37.716 9 WARNING neutron_lib.context [None req-5d117dc2-ebc4-4361-8754-2d86d4686cd3 9b6d85a53f0b473ca02c2373780deaf8 dad77b61c93945928287b8d900d05c12 - - default default] Method 'is_advsvc' is deprecated since 2023.2 release (neutron-lib 3.8.0) and will be removed once support for the old RBAC API policies will be removed from Neutron. Please use method 'is_service_role' instead.
2026-05-08 00:30:37.774 10 INFO neutron.db.segments_db [None req-80075aee-d67e-49b0-8864-48d08c6d9c0e ffa06ee9ecb441478ee181c8a520fee5 7d2c0aa9c6a141b0b195f8d53079344b - - default default] Added segment f0b4e65f-abcc-479f-b757-7f68bdbd3e9a of type geneve for network 82c6b5db-34c4-448c-8cb0-9d5f38189c9d
2026-05-08 00:30:37.843 9 INFO neutron.db.ovn_revision_numbers_db [None req-5d117dc2-ebc4-4361-8754-2d86d4686cd3 9b6d85a53f0b473ca02c2373780deaf8 dad77b61c93945928287b8d900d05c12 - - default default] Successfully bumped revision number for resource 385b2fad-3b5b-46ff-9765-5c2f1515571a (type: security_groups) to 1
2026-05-08 00:30:37.857 9 INFO neutron.db.ovn_revision_numbers_db [None req-5d117dc2-ebc4-4361-8754-2d86d4686cd3 9b6d85a53f0b473ca02c2373780deaf8 dad77b61c93945928287b8d900d05c12 - - default default] Successfully bumped revision number for resource 17978bc1-3ef9-470d-a129-b757683c2011 (type: security_group_rules) to 0
2026-05-08 00:30:37.871 9 INFO neutron.db.ovn_revision_numbers_db [None req-5d117dc2-ebc4-4361-8754-2d86d4686cd3 9b6d85a53f0b473ca02c2373780deaf8 dad77b61c93945928287b8d900d05c12 - - default default] Successfully bumped revision number for resource 3bf98e42-6462-4d89-8be2-185a6fd40aaa (type: security_group_rules) to 0
2026-05-08 00:30:37.876 10 INFO neutron.db.ovn_revision_numbers_db [None req-80075aee-d67e-49b0-8864-48d08c6d9c0e ffa06ee9ecb441478ee181c8a520fee5 7d2c0aa9c6a141b0b195f8d53079344b - - default default] Successfully bumped revision number for resource 82c6b5db-34c4-448c-8cb0-9d5f38189c9d (type: networks) to 1
2026-05-08 00:30:37.888 9 INFO neutron.db.ovn_revision_numbers_db [None req-5d117dc2-ebc4-4361-8754-2d86d4686cd3 9b6d85a53f0b473ca02c2373780deaf8 dad77b61c93945928287b8d900d05c12 - - default default] Successfully bumped revision number for resource 3f9349fe-32c7-4269-8b25-dfcfa5929c31 (type: security_group_rules) to 0
2026-05-08 00:30:37.906 9 INFO neutron.db.ovn_revision_numbers_db [None req-5d117dc2-ebc4-4361-8754-2d86d4686cd3 9b6d85a53f0b473ca02c2373780deaf8 dad77b61c93945928287b8d900d05c12 - - default default] Successfully bumped revision number for resource 5ba8a634-8cf2-4854-a2f8-321e593d51af (type: security_group_rules) to 0
2026-05-08 00:30:38.005 9 INFO neutron.db.segments_db [None req-5d117dc2-ebc4-4361-8754-2d86d4686cd3 9b6d85a53f0b473ca02c2373780deaf8 dad77b61c93945928287b8d900d05c12 - - default default] Added segment 7b089888-4ff3-4286-bb75-bc47a79bb739 of type geneve for network be4d48f0-d577-49e2-b281-15c453e98869
2026-05-08 00:30:38.005 9 INFO neutron.db.ovn_revision_numbers_db [None req-26ec2ea4-83f5-46d2-8bab-3b18b6d3965e 754989ad745348c2842035e4c954ed15 1e434a98de034528963e385f4ee83562 - - default default] Successfully bumped revision number for resource acaeebea-cbd1-4d36-bb71-a6d38b54a326 (type: security_groups) to 1
2026-05-08 00:30:38.021 10 WARNING neutron.scheduler.dhcp_agent_scheduler [None req-80075aee-d67e-49b0-8864-48d08c6d9c0e ffa06ee9ecb441478ee181c8a520fee5 7d2c0aa9c6a141b0b195f8d53079344b - - default default] No more DHCP agents
2026-05-08 00:30:38.023 10 WARNING neutron.api.rpc.agentnotifiers.dhcp_rpc_agent_api [None req-80075aee-d67e-49b0-8864-48d08c6d9c0e ffa06ee9ecb441478ee181c8a520fee5 7d2c0aa9c6a141b0b195f8d53079344b - - default default] Unable to schedule network 82c6b5db-34c4-448c-8cb0-9d5f38189c9d: no agents available; will retry on subsequent port and subnet creation events.
2026-05-08 00:30:38.034 9 INFO neutron.db.ovn_revision_numbers_db [None req-26ec2ea4-83f5-46d2-8bab-3b18b6d3965e 754989ad745348c2842035e4c954ed15 1e434a98de034528963e385f4ee83562 - - default default] Successfully bumped revision number for resource 27400572-7a58-4016-ba74-f97354810897 (type: security_group_rules) to 0
2026-05-08 00:30:38.053 9 INFO neutron.db.ovn_revision_numbers_db [None req-26ec2ea4-83f5-46d2-8bab-3b18b6d3965e 754989ad745348c2842035e4c954ed15 1e434a98de034528963e385f4ee83562 - - default default] Successfully bumped revision number for resource 4407e4a1-e037-41c9-8b62-6a3ee4dedf96 (type: security_group_rules) to 0
2026-05-08 00:30:38.070 9 INFO neutron.db.ovn_revision_numbers_db [None req-26ec2ea4-83f5-46d2-8bab-3b18b6d3965e 754989ad745348c2842035e4c954ed15 1e434a98de034528963e385f4ee83562 - - default default] Successfully bumped revision number for resource becd359f-6765-44c7-80b1-3345f0499c92 (type: security_group_rules) to 0
2026-05-08 00:30:38.081 10 INFO neutron.db.ovn_revision_numbers_db [None req-80075aee-d67e-49b0-8864-48d08c6d9c0e ffa06ee9ecb441478ee181c8a520fee5 7d2c0aa9c6a141b0b195f8d53079344b - - default default] Successfully bumped revision number for resource bc0ee5b5-f6cb-4d59-bb6d-19dd2128317d (type: ports) to 1
2026-05-08 00:30:38.082 9 INFO neutron.db.ovn_revision_numbers_db [None req-26ec2ea4-83f5-46d2-8bab-3b18b6d3965e 754989ad745348c2842035e4c954ed15 1e434a98de034528963e385f4ee83562 - - default default] Successfully bumped revision number for resource defc5e96-e8e2-40ce-9584-07227afc63d4 (type: security_group_rules) to 0
2026-05-08 00:30:38.099 10 INFO neutron.api.wsgi [None req-80075aee-d67e-49b0-8864-48d08c6d9c0e ffa06ee9ecb441478ee181c8a520fee5 7d2c0aa9c6a141b0b195f8d53079344b - - default default] 10.0.0.37 "POST /v2.0/networks HTTP/1.1" status: 201 len: 828 time: 0.7130716
2026-05-08 00:30:38.108 10 WARNING neutron_lib.context [None req-e206c77e-475c-44a7-9fad-7f67b9ebf44f ffa06ee9ecb441478ee181c8a520fee5 7d2c0aa9c6a141b0b195f8d53079344b - - default default] Method 'is_advsvc' is deprecated since 2023.2 release (neutron-lib 3.8.0) and will be removed once support for the old RBAC API policies will be removed from Neutron. Please use method 'is_service_role' instead.
2026-05-08 00:30:38.118 9 INFO neutron.db.segments_db [None req-5d117dc2-ebc4-4361-8754-2d86d4686cd3 9b6d85a53f0b473ca02c2373780deaf8 dad77b61c93945928287b8d900d05c12 - - default default] Added segment 696ee0e0-414d-47eb-a34b-d4ca30625a2f of type geneve for network dc75805b-062b-4a83-8639-25287b972e8b
2026-05-08 00:30:38.129 9 INFO neutron.api.wsgi [None req-26ec2ea4-83f5-46d2-8bab-3b18b6d3965e 754989ad745348c2842035e4c954ed15 1e434a98de034528963e385f4ee83562 - - default default] 10.0.0.37 "GET /v2.0/security-groups?tenant_id=ccc95ec5c8f04d54a8a6144f26518f1a&name=default HTTP/1.1" status: 200 len: 3120 time: 0.2453020
2026-05-08 00:30:38.213 10 INFO neutron.db.segments_db [None req-e206c77e-475c-44a7-9fad-7f67b9ebf44f ffa06ee9ecb441478ee181c8a520fee5 7d2c0aa9c6a141b0b195f8d53079344b - - default default] Added segment 30413aa1-5eae-45fd-be04-1e3e194b18a8 of type geneve for network 4c9d5842-179e-4fc4-868e-0af5c569b299
2026-05-08 00:30:38.220 9 INFO neutron.db.ovn_revision_numbers_db [None req-5d117dc2-ebc4-4361-8754-2d86d4686cd3 9b6d85a53f0b473ca02c2373780deaf8 dad77b61c93945928287b8d900d05c12 - - default default] Successfully bumped revision number for resource be4d48f0-d577-49e2-b281-15c453e98869 (type: networks) to 1
2026-05-08 00:30:38.333 10 INFO neutron.db.ovn_revision_numbers_db [None req-e206c77e-475c-44a7-9fad-7f67b9ebf44f ffa06ee9ecb441478ee181c8a520fee5 7d2c0aa9c6a141b0b195f8d53079344b - - default default] Successfully bumped revision number for resource 4c9d5842-179e-4fc4-868e-0af5c569b299 (type: networks) to 1
2026-05-08 00:30:38.362 10 INFO neutron.api.wsgi [None req-261e23f9-705a-4efd-8762-da2e0ec491ef 754989ad745348c2842035e4c954ed15 1e434a98de034528963e385f4ee83562 - - default default] 10.0.0.37 "DELETE /v2.0/security-groups/acaeebea-cbd1-4d36-bb71-a6d38b54a326 HTTP/1.1" status: 204 len: 168 time: 0.2297251
2026-05-08 00:30:38.390 9 WARNING neutron.scheduler.dhcp_agent_scheduler [None req-5d117dc2-ebc4-4361-8754-2d86d4686cd3 9b6d85a53f0b473ca02c2373780deaf8 dad77b61c93945928287b8d900d05c12 - - default default] No more DHCP agents
2026-05-08 00:30:38.391 9 WARNING neutron.api.rpc.agentnotifiers.dhcp_rpc_agent_api [None req-5d117dc2-ebc4-4361-8754-2d86d4686cd3 9b6d85a53f0b473ca02c2373780deaf8 dad77b61c93945928287b8d900d05c12 - - default default] Unable to schedule network be4d48f0-d577-49e2-b281-15c453e98869: no agents available; will retry on subsequent port and subnet creation events.
2026-05-08 00:30:38.453 9 INFO neutron.db.ovn_revision_numbers_db [None req-5d117dc2-ebc4-4361-8754-2d86d4686cd3 9b6d85a53f0b473ca02c2373780deaf8 dad77b61c93945928287b8d900d05c12 - - default default] Successfully bumped revision number for resource d2369b34-e838-4b2e-b4ed-8d1675dbcb12 (type: ports) to 1
2026-05-08 00:30:38.502 10 WARNING neutron.scheduler.dhcp_agent_scheduler [None req-e206c77e-475c-44a7-9fad-7f67b9ebf44f ffa06ee9ecb441478ee181c8a520fee5 7d2c0aa9c6a141b0b195f8d53079344b - - default default] No more DHCP agents
2026-05-08 00:30:38.503 10 WARNING neutron.api.rpc.agentnotifiers.dhcp_rpc_agent_api [None req-e206c77e-475c-44a7-9fad-7f67b9ebf44f ffa06ee9ecb441478ee181c8a520fee5 7d2c0aa9c6a141b0b195f8d53079344b - - default default] Unable to schedule network 4c9d5842-179e-4fc4-868e-0af5c569b299: no agents available; will retry on subsequent port and subnet creation events.
2026-05-08 00:30:38.510 9 INFO neutron.db.ovn_revision_numbers_db [None req-5d117dc2-ebc4-4361-8754-2d86d4686cd3 9b6d85a53f0b473ca02c2373780deaf8 dad77b61c93945928287b8d900d05c12 - - default default] Successfully bumped revision number for resource dc75805b-062b-4a83-8639-25287b972e8b (type: networks) to 1
2026-05-08 00:30:38.557 10 INFO neutron.db.ovn_revision_numbers_db [None req-e206c77e-475c-44a7-9fad-7f67b9ebf44f ffa06ee9ecb441478ee181c8a520fee5 7d2c0aa9c6a141b0b195f8d53079344b - - default default] Successfully bumped revision number for resource 0a53c72b-a64f-43bf-92a8-73518748348e (type: ports) to 1
2026-05-08 00:30:38.578 10 INFO neutron.api.wsgi [None req-e206c77e-475c-44a7-9fad-7f67b9ebf44f ffa06ee9ecb441478ee181c8a520fee5 7d2c0aa9c6a141b0b195f8d53079344b - - default default] 10.0.0.37 "POST /v2.0/networks HTTP/1.1" status: 201 len: 828 time: 0.4739151
2026-05-08 00:30:38.589 9 WARNING neutron_lib.context [None req-064a2cfb-bc8b-4f51-a6f6-ab7e77e35dde ffa06ee9ecb441478ee181c8a520fee5 7d2c0aa9c6a141b0b195f8d53079344b - - default default] Method 'is_advsvc' is deprecated since 2023.2 release (neutron-lib 3.8.0) and will be removed once support for the old RBAC API policies will be removed from Neutron. Please use method 'is_service_role' instead.
2026-05-08 00:30:38.689 9 WARNING neutron.scheduler.dhcp_agent_scheduler [None req-5d117dc2-ebc4-4361-8754-2d86d4686cd3 9b6d85a53f0b473ca02c2373780deaf8 dad77b61c93945928287b8d900d05c12 - - default default] No more DHCP agents
2026-05-08 00:30:38.690 9 WARNING neutron.api.rpc.agentnotifiers.dhcp_rpc_agent_api [None req-5d117dc2-ebc4-4361-8754-2d86d4686cd3 9b6d85a53f0b473ca02c2373780deaf8 dad77b61c93945928287b8d900d05c12 - - default default] Unable to schedule network dc75805b-062b-4a83-8639-25287b972e8b: no agents available; will retry on subsequent port and subnet creation events.
2026-05-08 00:30:38.760 9 INFO neutron.db.ovn_revision_numbers_db [None req-5d117dc2-ebc4-4361-8754-2d86d4686cd3 9b6d85a53f0b473ca02c2373780deaf8 dad77b61c93945928287b8d900d05c12 - - default default] Successfully bumped revision number for resource 8cfc55a1-9673-4192-aafc-aac24c783ab6 (type: ports) to 1
2026-05-08 00:30:38.783 9 INFO neutron.api.wsgi [None req-5d117dc2-ebc4-4361-8754-2d86d4686cd3 9b6d85a53f0b473ca02c2373780deaf8 dad77b61c93945928287b8d900d05c12 - - default default] 10.0.0.37 "POST /v2.0/networks HTTP/1.1" status: 201 len: 1446 time: 1.1989696
2026-05-08 00:30:38.803 9 WARNING neutron.scheduler.dhcp_agent_scheduler [None req-064a2cfb-bc8b-4f51-a6f6-ab7e77e35dde ffa06ee9ecb441478ee181c8a520fee5 7d2c0aa9c6a141b0b195f8d53079344b - - default default] No more DHCP agents
2026-05-08 00:30:38.805 9 WARNING neutron.api.rpc.agentnotifiers.dhcp_rpc_agent_api [None req-064a2cfb-bc8b-4f51-a6f6-ab7e77e35dde ffa06ee9ecb441478ee181c8a520fee5 7d2c0aa9c6a141b0b195f8d53079344b - - default default] Unable to schedule network 82c6b5db-34c4-448c-8cb0-9d5f38189c9d: no agents available; will retry on subsequent port and subnet creation events.
2026-05-08 00:30:38.847 9 INFO neutron.api.wsgi [None req-3fa84742-eae6-493d-bbe8-2df2d6aaa3a8 9b6d85a53f0b473ca02c2373780deaf8 dad77b61c93945928287b8d900d05c12 - - default default] 10.0.0.37 "GET /v2.0/networks HTTP/1.1" status: 200 len: 2052 time: 0.0589004
2026-05-08 00:30:39.139 10 INFO neutron.services.segments.plugin [-] Segment 7b089888-4ff3-4286-bb75-bc47a79bb739 resource provider aggregate not found
2026-05-08 00:30:39.142 10 INFO neutron.services.segments.plugin [-] Segment 7b089888-4ff3-4286-bb75-bc47a79bb739 resource provider aggregate not found
2026-05-08 00:30:39.153 10 INFO neutron.services.segments.plugin [-] Segment 7b089888-4ff3-4286-bb75-bc47a79bb739 resource provider not found; error: Placement Client Error (4xx): {"errors": [{"status": 404, "title": "Not Found", "detail": "The resource could not be found.\n\n No resource provider with uuid 7b089888-4ff3-4286-bb75-bc47a79bb739 found for delete ", "request_id": "req-41bc2f41-f344-4ec4-a94b-009fe8d9d6ee"}]}
2026-05-08 00:30:39.154 10 INFO neutron.services.segments.plugin [-] Segment 7b089888-4ff3-4286-bb75-bc47a79bb739 resource provider not found; error: Placement Client Error (4xx): {"errors": [{"status": 404, "title": "Not Found", "detail": "The resource could not be found.\n\n No resource provider with uuid 7b089888-4ff3-4286-bb75-bc47a79bb739 found for delete ", "request_id": "req-1c5733f8-3afb-4aa8-bfbc-14d8951fd6d7"}]}
2026-05-08 00:30:39.193 10 INFO neutron.api.wsgi [None req-f09c2eb2-f443-4601-83cf-0b475ce36fe4 9b6d85a53f0b473ca02c2373780deaf8 dad77b61c93945928287b8d900d05c12 - - default default] 10.0.0.37 "DELETE /v2.0/networks/be4d48f0-d577-49e2-b281-15c453e98869 HTTP/1.1" status: 204 len: 168 time: 0.3410659
2026-05-08 00:30:39.211 9 INFO neutron.db.ovn_revision_numbers_db [None req-6f04800c-b972-441f-8a66-400b455e60ab - - - - - -] Successfully bumped revision number for resource bc0ee5b5-f6cb-4d59-bb6d-19dd2128317d (type: ports) to 2
2026-05-08 00:30:39.240 9 INFO neutron.db.ovn_revision_numbers_db [None req-6f04800c-b972-441f-8a66-400b455e60ab - - - - - -] Successfully bumped revision number for resource e65c68d4-6b75-4b59-b209-ab70c0d9c0b9 (type: subnets) to 0
2026-05-08 00:30:39.254 9 INFO neutron.api.wsgi [None req-064a2cfb-bc8b-4f51-a6f6-ab7e77e35dde ffa06ee9ecb441478ee181c8a520fee5 7d2c0aa9c6a141b0b195f8d53079344b - - default default] 10.0.0.37 "POST /v2.0/subnets HTTP/1.1" status: 201 len: 825 time: 0.6691484
2026-05-08 00:30:39.263 9 WARNING neutron_lib.context [None req-7e8260be-364f-47c7-9c84-5a15ff1a12ae ffa06ee9ecb441478ee181c8a520fee5 7d2c0aa9c6a141b0b195f8d53079344b - - default default] Method 'is_advsvc' is deprecated since 2023.2 release (neutron-lib 3.8.0) and will be removed once support for the old RBAC API policies will be removed from Neutron. Please use method 'is_service_role' instead.
2026-05-08 00:30:39.433 9 WARNING neutron.scheduler.dhcp_agent_scheduler [None req-7e8260be-364f-47c7-9c84-5a15ff1a12ae ffa06ee9ecb441478ee181c8a520fee5 7d2c0aa9c6a141b0b195f8d53079344b - - default default] No more DHCP agents
2026-05-08 00:30:39.434 9 WARNING neutron.api.rpc.agentnotifiers.dhcp_rpc_agent_api [None req-7e8260be-364f-47c7-9c84-5a15ff1a12ae ffa06ee9ecb441478ee181c8a520fee5 7d2c0aa9c6a141b0b195f8d53079344b - - default default] Unable to schedule network 4c9d5842-179e-4fc4-868e-0af5c569b299: no agents available; will retry on subsequent port and subnet creation events.
2026-05-08 00:30:39.504 10 INFO neutron.api.wsgi [None req-23edc016-3cb9-4287-907b-ee523564df25 9b6d85a53f0b473ca02c2373780deaf8 dad77b61c93945928287b8d900d05c12 - - default default] 10.0.0.37 "DELETE /v2.0/networks/dc75805b-062b-4a83-8639-25287b972e8b HTTP/1.1" status: 204 len: 168 time: 0.3053193
2026-05-08 00:30:39.552 10 INFO neutron.api.wsgi [None req-6b3143d7-2dfa-49ea-b2ba-0a2e5c6fbab6 9b6d85a53f0b473ca02c2373780deaf8 dad77b61c93945928287b8d900d05c12 - - default default] 10.0.0.37 "GET /v2.0/networks HTTP/1.1" status: 200 len: 845 time: 0.0435474
2026-05-08 00:30:39.561 10 WARNING neutron_lib.context [None req-ed69c194-a218-4b2c-b06e-54c190cf1815 9b6d85a53f0b473ca02c2373780deaf8 dad77b61c93945928287b8d900d05c12 - - default default] Method 'is_advsvc' is deprecated since 2023.2 release (neutron-lib 3.8.0) and will be removed once support for the old RBAC API policies will be removed from Neutron. Please use method 'is_service_role' instead.
2026-05-08 00:30:39.655 10 INFO neutron.db.segments_db [None req-ed69c194-a218-4b2c-b06e-54c190cf1815 9b6d85a53f0b473ca02c2373780deaf8 dad77b61c93945928287b8d900d05c12 - - default default] Added segment 383cda93-bf68-4c2c-9238-6fadec8b5fa8 of type geneve for network 5e8ebb25-acb0-49c3-a6e3-aff6d6510786
2026-05-08 00:30:39.776 10 INFO neutron.db.ovn_revision_numbers_db [None req-ed69c194-a218-4b2c-b06e-54c190cf1815 9b6d85a53f0b473ca02c2373780deaf8 dad77b61c93945928287b8d900d05c12 - - default default] Successfully bumped revision number for resource 5e8ebb25-acb0-49c3-a6e3-aff6d6510786 (type: networks) to 1
2026-05-08 00:30:39.786 9 INFO neutron.db.ovn_revision_numbers_db [None req-fa6fa054-44e1-4595-8024-15c86d355615 754989ad745348c2842035e4c954ed15 1e434a98de034528963e385f4ee83562 - - default default] Successfully bumped revision number for resource cea19271-4a4e-4442-93d5-f199e18d0948 (type: security_groups) to 1
2026-05-08 00:30:39.801 9 INFO neutron.db.ovn_revision_numbers_db [None req-fa6fa054-44e1-4595-8024-15c86d355615 754989ad745348c2842035e4c954ed15 1e434a98de034528963e385f4ee83562 - - default default] Successfully bumped revision number for resource 755345d6-5053-4e9b-ab18-7511be3de35c (type: security_group_rules) to 0
2026-05-08 00:30:39.820 9 INFO neutron.db.ovn_revision_numbers_db [None req-fa6fa054-44e1-4595-8024-15c86d355615 754989ad745348c2842035e4c954ed15 1e434a98de034528963e385f4ee83562 - - default default] Successfully bumped revision number for resource c7a19a1e-4ec8-4369-b249-b4e3cc11f973 (type: security_group_rules) to 0
2026-05-08 00:30:39.848 9 INFO neutron.db.ovn_revision_numbers_db [None req-fa6fa054-44e1-4595-8024-15c86d355615 754989ad745348c2842035e4c954ed15 1e434a98de034528963e385f4ee83562 - - default default] Successfully bumped revision number for resource ca708fa7-d869-4096-a4b2-375d8fe49696 (type: security_group_rules) to 0
2026-05-08 00:30:39.868 9 INFO neutron.db.ovn_revision_numbers_db [None req-2cb2d400-1f28-4a9f-93ec-28f8c03a15c5 - - - - - -] Successfully bumped revision number for resource 0a53c72b-a64f-43bf-92a8-73518748348e (type: ports) to 2
2026-05-08 00:30:39.870 9 INFO neutron.db.ovn_revision_numbers_db [None req-fa6fa054-44e1-4595-8024-15c86d355615 754989ad745348c2842035e4c954ed15 1e434a98de034528963e385f4ee83562 - - default default] Successfully bumped revision number for resource d2774d77-cb27-414b-9e40-c3032f079f71 (type: security_group_rules) to 0
2026-05-08 00:30:39.912 9 INFO neutron.db.ovn_revision_numbers_db [None req-2cb2d400-1f28-4a9f-93ec-28f8c03a15c5 - - - - - -] Successfully bumped revision number for resource 7834e60b-da95-49b8-b9a7-42c8eb0e035d (type: subnets) to 0
2026-05-08 00:30:39.917 9 INFO neutron.api.wsgi [None req-fa6fa054-44e1-4595-8024-15c86d355615 754989ad745348c2842035e4c954ed15 1e434a98de034528963e385f4ee83562 - - default default] 10.0.0.37 "GET /v2.0/security-groups?tenant_id=3e77f0816fd640868433c2e76682baa8&name=default HTTP/1.1" status: 200 len: 3120 time: 0.4088457
2026-05-08 00:30:39.925 9 INFO neutron.api.wsgi [None req-7e8260be-364f-47c7-9c84-5a15ff1a12ae ffa06ee9ecb441478ee181c8a520fee5 7d2c0aa9c6a141b0b195f8d53079344b - - default default] 10.0.0.37 "POST /v2.0/subnets HTTP/1.1" status: 201 len: 825 time: 0.6667554
2026-05-08 00:30:39.934 10 WARNING neutron_lib.context [None req-56a737bc-660a-4749-a6ed-69874d9a1f43 ffa06ee9ecb441478ee181c8a520fee5 7d2c0aa9c6a141b0b195f8d53079344b - - default default] Method 'is_advsvc' is deprecated since 2023.2 release (neutron-lib 3.8.0) and will be removed once support for the old RBAC API policies will be removed from Neutron. Please use method 'is_service_role' instead.
2026-05-08 00:30:39.950 10 WARNING neutron.scheduler.dhcp_agent_scheduler [None req-ed69c194-a218-4b2c-b06e-54c190cf1815 9b6d85a53f0b473ca02c2373780deaf8 dad77b61c93945928287b8d900d05c12 - - default default] No more DHCP agents
2026-05-08 00:30:39.954 10 WARNING neutron.api.rpc.agentnotifiers.dhcp_rpc_agent_api [None req-ed69c194-a218-4b2c-b06e-54c190cf1815 9b6d85a53f0b473ca02c2373780deaf8 dad77b61c93945928287b8d900d05c12 - - default default] Unable to schedule network 5e8ebb25-acb0-49c3-a6e3-aff6d6510786: no agents available; will retry on subsequent port and subnet creation events.
2026-05-08 00:30:40.056 10 INFO neutron.db.ovn_revision_numbers_db [None req-ed69c194-a218-4b2c-b06e-54c190cf1815 9b6d85a53f0b473ca02c2373780deaf8 dad77b61c93945928287b8d900d05c12 - - default default] Successfully bumped revision number for resource 72ca7676-33a4-45b5-bf0f-e4b9d712b0b9 (type: ports) to 1
2026-05-08 00:30:40.060 10 INFO neutron.db.ovn_revision_numbers_db [None req-56a737bc-660a-4749-a6ed-69874d9a1f43 ffa06ee9ecb441478ee181c8a520fee5 7d2c0aa9c6a141b0b195f8d53079344b - - default default] Successfully bumped revision number for resource bdc1a55f-1b24-4694-bc72-cd7a01d5fe42 (type: routers) to 1
2026-05-08 00:30:40.079 10 INFO neutron.api.wsgi [None req-56a737bc-660a-4749-a6ed-69874d9a1f43 ffa06ee9ecb441478ee181c8a520fee5 7d2c0aa9c6a141b0b195f8d53079344b - - default default] 10.0.0.37 "POST /v2.0/routers HTTP/1.1" status: 201 len: 802 time: 0.1502194
2026-05-08 00:30:40.085 10 INFO neutron.api.wsgi [None req-ed69c194-a218-4b2c-b06e-54c190cf1815 9b6d85a53f0b473ca02c2373780deaf8 dad77b61c93945928287b8d900d05c12 - - default default] 10.0.0.37 "POST /v2.0/networks HTTP/1.1" status: 201 len: 853 time: 0.5273557
2026-05-08 00:30:40.095 10 WARNING neutron_lib.context [None req-9cc1ae47-e5b6-4cdd-be24-9e4e03d43af8 9b6d85a53f0b473ca02c2373780deaf8 dad77b61c93945928287b8d900d05c12 - - default default] Method 'is_advsvc' is deprecated since 2023.2 release (neutron-lib 3.8.0) and will be removed once support for the old RBAC API policies will be removed from Neutron. Please use method 'is_service_role' instead.
2026-05-08 00:30:40.165 10 INFO neutron.api.wsgi [None req-74d15be4-dc56-47bd-bd0b-29dd93c6d0fa 754989ad745348c2842035e4c954ed15 1e434a98de034528963e385f4ee83562 - - default default] 10.0.0.37 "DELETE /v2.0/security-groups/cea19271-4a4e-4442-93d5-f199e18d0948 HTTP/1.1" status: 204 len: 168 time: 0.2435231
2026-05-08 00:30:40.172 10 INFO neutron.db.segments_db [None req-9cc1ae47-e5b6-4cdd-be24-9e4e03d43af8 9b6d85a53f0b473ca02c2373780deaf8 dad77b61c93945928287b8d900d05c12 - - default default] Added segment 856963e8-3dc4-419e-857f-84a822d73c7f of type geneve for network 6b22784f-a5d8-4cc3-bc96-955ae316b946
2026-05-08 00:30:40.283 10 INFO neutron.db.ovn_revision_numbers_db [None req-9cc1ae47-e5b6-4cdd-be24-9e4e03d43af8 9b6d85a53f0b473ca02c2373780deaf8 dad77b61c93945928287b8d900d05c12 - - default default] Successfully bumped revision number for resource 6b22784f-a5d8-4cc3-bc96-955ae316b946 (type: networks) to 1
2026-05-08 00:30:40.439 10 INFO neutron.db.ovn_revision_numbers_db [None req-4d8b6036-9754-4d81-b55d-f8dd766f42e1 754989ad745348c2842035e4c954ed15 1e434a98de034528963e385f4ee83562 - - default default] Successfully bumped revision number for resource 9442af5d-5465-477f-8072-02c09bbafd3d (type: security_groups) to 1
2026-05-08 00:30:40.442 9 WARNING neutron.scheduler.dhcp_agent_scheduler [None req-e8e60c67-ffbf-4c9f-87bb-5f8f9801e33d ffa06ee9ecb441478ee181c8a520fee5 7d2c0aa9c6a141b0b195f8d53079344b - - default default] No more DHCP agents
2026-05-08 00:30:40.443 9 WARNING neutron.api.rpc.agentnotifiers.dhcp_rpc_agent_api [None req-e8e60c67-ffbf-4c9f-87bb-5f8f9801e33d ffa06ee9ecb441478ee181c8a520fee5 7d2c0aa9c6a141b0b195f8d53079344b - - default default] Unable to schedule network 82c6b5db-34c4-448c-8cb0-9d5f38189c9d: no agents available; will retry on subsequent port and subnet creation events.
2026-05-08 00:30:40.453 10 INFO neutron.db.ovn_revision_numbers_db [None req-4d8b6036-9754-4d81-b55d-f8dd766f42e1 754989ad745348c2842035e4c954ed15 1e434a98de034528963e385f4ee83562 - - default default] Successfully bumped revision number for resource 5458ddc8-955b-4d2c-92a6-48921be5f267 (type: security_group_rules) to 0
2026-05-08 00:30:40.456 10 WARNING neutron.scheduler.dhcp_agent_scheduler [None req-9cc1ae47-e5b6-4cdd-be24-9e4e03d43af8 9b6d85a53f0b473ca02c2373780deaf8 dad77b61c93945928287b8d900d05c12 - - default default] No more DHCP agents
2026-05-08 00:30:40.458 10 WARNING neutron.api.rpc.agentnotifiers.dhcp_rpc_agent_api [None req-9cc1ae47-e5b6-4cdd-be24-9e4e03d43af8 9b6d85a53f0b473ca02c2373780deaf8 dad77b61c93945928287b8d900d05c12 - - default default] Unable to schedule network 6b22784f-a5d8-4cc3-bc96-955ae316b946: no agents available; will retry on subsequent port and subnet creation events.
2026-05-08 00:30:40.469 10 INFO neutron.db.ovn_revision_numbers_db [None req-4d8b6036-9754-4d81-b55d-f8dd766f42e1 754989ad745348c2842035e4c954ed15 1e434a98de034528963e385f4ee83562 - - default default] Successfully bumped revision number for resource 62601446-b98e-4cf1-8a55-64015d2405c7 (type: security_group_rules) to 0
2026-05-08 00:30:40.483 10 INFO neutron.db.ovn_revision_numbers_db [None req-4d8b6036-9754-4d81-b55d-f8dd766f42e1 754989ad745348c2842035e4c954ed15 1e434a98de034528963e385f4ee83562 - - default default] Successfully bumped revision number for resource 96d4102b-e34a-4a17-ad55-13288fd12965 (type: security_group_rules) to 0
2026-05-08 00:30:40.501 10 INFO neutron.db.ovn_revision_numbers_db [None req-4d8b6036-9754-4d81-b55d-f8dd766f42e1 754989ad745348c2842035e4c954ed15 1e434a98de034528963e385f4ee83562 - - default default] Successfully bumped revision number for resource eaaa97a0-e285-4480-856e-d1c8d29ce4bc (type: security_group_rules) to 0
2026-05-08 00:30:40.525 10 INFO neutron.db.ovn_revision_numbers_db [None req-9cc1ae47-e5b6-4cdd-be24-9e4e03d43af8 9b6d85a53f0b473ca02c2373780deaf8 dad77b61c93945928287b8d900d05c12 - - default default] Successfully bumped revision number for resource 09a8f2dc-b477-4747-a9de-04d359ab7955 (type: ports) to 1
2026-05-08 00:30:40.543 10 INFO neutron.api.wsgi [None req-4d8b6036-9754-4d81-b55d-f8dd766f42e1 754989ad745348c2842035e4c954ed15 1e434a98de034528963e385f4ee83562 - - default default] 10.0.0.37 "GET /v2.0/security-groups?tenant_id=e05b3aa8fa83427094ee08ecb54e3276&name=default HTTP/1.1" status: 200 len: 3120 time: 0.2458398
2026-05-08 00:30:40.559 10 INFO neutron.api.wsgi [None req-9cc1ae47-e5b6-4cdd-be24-9e4e03d43af8 9b6d85a53f0b473ca02c2373780deaf8 dad77b61c93945928287b8d900d05c12 - - default default] 10.0.0.37 "POST /v2.0/networks HTTP/1.1" status: 201 len: 851 time: 0.4679127
2026-05-08 00:30:40.567 9 WARNING neutron_lib.context [None req-d82ba804-ea0d-457a-b800-46ebab8b1eca 9b6d85a53f0b473ca02c2373780deaf8 dad77b61c93945928287b8d900d05c12 - - default default] Method 'is_advsvc' is deprecated since 2023.2 release (neutron-lib 3.8.0) and will be removed once support for the old RBAC API policies will be removed from Neutron. Please use method 'is_service_role' instead.
2026-05-08 00:30:40.569 9 INFO neutron.db.ovn_revision_numbers_db [None req-e8e60c67-ffbf-4c9f-87bb-5f8f9801e33d ffa06ee9ecb441478ee181c8a520fee5 7d2c0aa9c6a141b0b195f8d53079344b - - default default] Successfully bumped revision number for resource f3a55a83-4bcd-4343-9217-7d5833468c31 (type: ports) to 1
2026-05-08 00:30:40.602 9 WARNING neutron_lib.context [None req-d82ba804-ea0d-457a-b800-46ebab8b1eca 9b6d85a53f0b473ca02c2373780deaf8 dad77b61c93945928287b8d900d05c12 - - default default] Method 'is_advsvc' is deprecated since 2023.2 release (neutron-lib 3.8.0) and will be removed once support for the old RBAC API policies will be removed from Neutron. Please use method 'is_service_role' instead.
2026-05-08 00:30:40.727 10 INFO neutron.api.wsgi [None req-02b6f07d-284b-4c0f-bd91-d15044f96468 754989ad745348c2842035e4c954ed15 1e434a98de034528963e385f4ee83562 - - default default] 10.0.0.37 "DELETE /v2.0/security-groups/9442af5d-5465-477f-8072-02c09bbafd3d HTTP/1.1" status: 204 len: 168 time: 0.1798365
2026-05-08 00:30:41.098 10 INFO neutron.plugins.ml2.drivers.ovn.mech_driver.mech_driver [None req-eefeec07-80f4-4482-8826-d20b3b53381e - - - - - -] OVN reports status up for port: f3a55a83-4bcd-4343-9217-7d5833468c31
2026-05-08 00:30:41.101 9 WARNING neutron.scheduler.dhcp_agent_scheduler [None req-d82ba804-ea0d-457a-b800-46ebab8b1eca 9b6d85a53f0b473ca02c2373780deaf8 dad77b61c93945928287b8d900d05c12 - - default default] No more DHCP agents
2026-05-08 00:30:41.102 9 WARNING neutron.api.rpc.agentnotifiers.dhcp_rpc_agent_api [None req-d82ba804-ea0d-457a-b800-46ebab8b1eca 9b6d85a53f0b473ca02c2373780deaf8 dad77b61c93945928287b8d900d05c12 - - default default] Unable to schedule network 5e8ebb25-acb0-49c3-a6e3-aff6d6510786: no agents available; will retry on subsequent port and subnet creation events.
2026-05-08 00:30:41.105 10 INFO neutron.plugins.ml2.plugin [None req-eefeec07-80f4-4482-8826-d20b3b53381e - - - - - -] Attempt 1 to provision port f3a55a83-4bcd-4343-9217-7d5833468c31
2026-05-08 00:30:41.116 9 INFO neutron.db.ovn_revision_numbers_db [None req-e8e60c67-ffbf-4c9f-87bb-5f8f9801e33d ffa06ee9ecb441478ee181c8a520fee5 7d2c0aa9c6a141b0b195f8d53079344b - - default default] Successfully bumped revision number for resource f3a55a83-4bcd-4343-9217-7d5833468c31 (type: ports) to 1
2026-05-08 00:30:41.167 9 INFO neutron.db.ovn_revision_numbers_db [None req-d82ba804-ea0d-457a-b800-46ebab8b1eca 9b6d85a53f0b473ca02c2373780deaf8 dad77b61c93945928287b8d900d05c12 - - default default] Successfully bumped revision number for resource 991862c9-9484-492a-96ca-75c2c695844e (type: ports) to 1
2026-05-08 00:30:41.188 9 WARNING neutron.scheduler.dhcp_agent_scheduler [None req-e8e60c67-ffbf-4c9f-87bb-5f8f9801e33d ffa06ee9ecb441478ee181c8a520fee5 7d2c0aa9c6a141b0b195f8d53079344b - - default default] No more DHCP agents
2026-05-08 00:30:41.191 9 WARNING neutron.api.rpc.agentnotifiers.dhcp_rpc_agent_api [None req-e8e60c67-ffbf-4c9f-87bb-5f8f9801e33d ffa06ee9ecb441478ee181c8a520fee5 7d2c0aa9c6a141b0b195f8d53079344b - - default default] Unable to schedule network 82c6b5db-34c4-448c-8cb0-9d5f38189c9d: no agents available; will retry on subsequent port and subnet creation events.
2026-05-08 00:30:41.228 9 WARNING neutron.scheduler.dhcp_agent_scheduler [None req-d82ba804-ea0d-457a-b800-46ebab8b1eca 9b6d85a53f0b473ca02c2373780deaf8 dad77b61c93945928287b8d900d05c12 - - default default] No more DHCP agents
2026-05-08 00:30:41.231 9 WARNING neutron.api.rpc.agentnotifiers.dhcp_rpc_agent_api [None req-d82ba804-ea0d-457a-b800-46ebab8b1eca 9b6d85a53f0b473ca02c2373780deaf8 dad77b61c93945928287b8d900d05c12 - - default default] Unable to schedule network 6b22784f-a5d8-4cc3-bc96-955ae316b946: no agents available; will retry on subsequent port and subnet creation events.
2026-05-08 00:30:41.309 9 INFO neutron.db.ovn_revision_numbers_db [None req-d82ba804-ea0d-457a-b800-46ebab8b1eca 9b6d85a53f0b473ca02c2373780deaf8 dad77b61c93945928287b8d900d05c12 - - default default] Successfully bumped revision number for resource 9591c954-9908-48da-bfe6-dd3e16baea6a (type: ports) to 1
2026-05-08 00:30:41.344 9 INFO neutron.api.wsgi [None req-d82ba804-ea0d-457a-b800-46ebab8b1eca 9b6d85a53f0b473ca02c2373780deaf8 dad77b61c93945928287b8d900d05c12 - - default default] 10.0.0.37 "POST /v2.0/ports HTTP/1.1" status: 201 len: 1706 time: 0.7804267 /var/lib/openstack/lib/python3.12/site-packages/pycadf/identifier.py:71: UserWarning: Invalid uuid: neutron. To ensure interoperability, identifiers should be a valid uuid. warnings.warn(('Invalid uuid: %s. To ensure interoperability, '
2026-05-08 00:30:41.356 10 INFO neutron.services.segments.plugin [-] Segment 696ee0e0-414d-47eb-a34b-d4ca30625a2f resource provider aggregate not found
2026-05-08 00:30:41.363 10 INFO neutron.services.segments.plugin [-] Segment 696ee0e0-414d-47eb-a34b-d4ca30625a2f resource provider aggregate not found
2026-05-08 00:30:41.367 10 INFO neutron.services.segments.plugin [-] Segment 696ee0e0-414d-47eb-a34b-d4ca30625a2f resource provider not found; error: Placement Client Error (4xx): {"errors": [{"status": 404, "title": "Not Found", "detail": "The resource could not be found.\n\n No resource provider with uuid 696ee0e0-414d-47eb-a34b-d4ca30625a2f found for delete ", "request_id": "req-5f511d3d-e972-4418-b6bf-3599710302cb"}]}
2026-05-08 00:30:41.378 10 INFO neutron.services.segments.plugin [-] Segment 696ee0e0-414d-47eb-a34b-d4ca30625a2f resource provider not found; error: Placement Client Error (4xx): {"errors": [{"status": 404, "title": "Not Found", "detail": "The resource could not be found.\n\n No resource provider with uuid 696ee0e0-414d-47eb-a34b-d4ca30625a2f found for delete ", "request_id": "req-491e0aa7-ccc6-4777-8b0e-6ff70e796c0a"}]}
2026-05-08 00:30:41.602 9 INFO neutron.db.ovn_revision_numbers_db [None req-e8e60c67-ffbf-4c9f-87bb-5f8f9801e33d ffa06ee9ecb441478ee181c8a520fee5 7d2c0aa9c6a141b0b195f8d53079344b - - default default] Successfully bumped revision number for resource f3a55a83-4bcd-4343-9217-7d5833468c31 (type: router_ports) to 1
2026-05-08 00:30:41.606 9 INFO neutron.api.wsgi [None req-e8e60c67-ffbf-4c9f-87bb-5f8f9801e33d ffa06ee9ecb441478ee181c8a520fee5 7d2c0aa9c6a141b0b195f8d53079344b - - default default] 10.0.0.37 "PUT /v2.0/routers/bdc1a55f-1b24-4694-bc72-cd7a01d5fe42/add_router_interface HTTP/1.1" status: 200 len: 503 time: 1.5213168
2026-05-08 00:30:41.662 9 INFO neutron.api.wsgi [None req-61cd394e-6e7b-4894-9427-db91b93999fb 9b6d85a53f0b473ca02c2373780deaf8 dad77b61c93945928287b8d900d05c12 - - default default] 10.0.0.37 "GET /v2.0/ports HTTP/1.1" status: 200 len: 3213 time: 0.3145354
2026-05-08 00:30:41.689 10 INFO neutron.api.wsgi [None req-143edd66-3dfe-4e1e-9763-27e17648d4ac ffa06ee9ecb441478ee181c8a520fee5 7d2c0aa9c6a141b0b195f8d53079344b - - default default] 10.0.0.37 "GET /v2.0/ports/f3a55a83-4bcd-4343-9217-7d5833468c31 HTTP/1.1" status: 200 len: 1137 time: 0.0755525
2026-05-08 00:30:41.690 10 INFO neutron.db.ovn_revision_numbers_db [None req-eefeec07-80f4-4482-8826-d20b3b53381e - - - - - -] Successfully bumped revision number for resource f3a55a83-4bcd-4343-9217-7d5833468c31 (type: ports) to 2
2026-05-08 00:30:41.726 9 WARNING neutron_lib.context [None req-a0895de9-cfb9-47c2-b32d-8a3c949fe32e d90f0ac6923a44489a46c9758b20f733 37d6fc468d2c435ab5bf30865f233780 - - default default] Method 'is_advsvc' is deprecated since 2023.2 release (neutron-lib 3.8.0) and will be removed once support for the old RBAC API policies will be removed from Neutron. Please use method 'is_service_role' instead.
2026-05-08 00:30:41.912 9 INFO neutron.db.ovn_revision_numbers_db [None req-a0895de9-cfb9-47c2-b32d-8a3c949fe32e d90f0ac6923a44489a46c9758b20f733 37d6fc468d2c435ab5bf30865f233780 - - default default] Successfully bumped revision number for resource 66edcafa-ede2-4429-a71b-c5104c0b8a08 (type: security_groups) to 1
2026-05-08 00:30:41.936 9 INFO neutron.db.ovn_revision_numbers_db [None req-a0895de9-cfb9-47c2-b32d-8a3c949fe32e d90f0ac6923a44489a46c9758b20f733 37d6fc468d2c435ab5bf30865f233780 - - default default] Successfully bumped revision number for resource 28d8f2f7-40b8-4355-86c6-bf6ae3d2b04d (type: security_group_rules) to 0
2026-05-08 00:30:41.959 9 INFO neutron.db.ovn_revision_numbers_db [None req-a0895de9-cfb9-47c2-b32d-8a3c949fe32e d90f0ac6923a44489a46c9758b20f733 37d6fc468d2c435ab5bf30865f233780 - - default default] Successfully bumped revision number for resource 4e8f83e0-96bd-4e6d-83f7-26341899fa06 (type: security_group_rules) to 0
2026-05-08 00:30:41.963 9 INFO neutron.api.wsgi [None req-8d0e94cc-d3a9-49a2-91b7-1ee46b4ef33f 9b6d85a53f0b473ca02c2373780deaf8 dad77b61c93945928287b8d900d05c12 - - default default] 10.0.0.37 "DELETE /v2.0/ports/991862c9-9484-492a-96ca-75c2c695844e HTTP/1.1" status: 204 len: 168 time: 0.2956040
2026-05-08 00:30:41.979 9 INFO neutron.db.ovn_revision_numbers_db [None req-a0895de9-cfb9-47c2-b32d-8a3c949fe32e d90f0ac6923a44489a46c9758b20f733 37d6fc468d2c435ab5bf30865f233780 - - default default] Successfully bumped revision number for resource 77cbb709-fc49-4de6-a71d-23e05e5329d6 (type: security_group_rules) to 0
2026-05-08 00:30:41.996 9 INFO neutron.db.ovn_revision_numbers_db [None req-a0895de9-cfb9-47c2-b32d-8a3c949fe32e d90f0ac6923a44489a46c9758b20f733 37d6fc468d2c435ab5bf30865f233780 - - default default] Successfully bumped revision number for resource d72c8817-5e73-44b4-9ca9-dfecb6717660 (type: security_group_rules) to 0
2026-05-08 00:30:42.117 9 INFO neutron.db.ovn_revision_numbers_db [None req-a0895de9-cfb9-47c2-b32d-8a3c949fe32e d90f0ac6923a44489a46c9758b20f733 37d6fc468d2c435ab5bf30865f233780 - - default default] Successfully bumped revision number for resource 59cf90cb-52d9-4ba7-88c3-771399dd7477 (type: security_groups) to 1
2026-05-08 00:30:42.135 9 INFO neutron.db.ovn_revision_numbers_db [None req-a0895de9-cfb9-47c2-b32d-8a3c949fe32e d90f0ac6923a44489a46c9758b20f733 37d6fc468d2c435ab5bf30865f233780 - - default default] Successfully bumped revision number for resource 4e7e1a9a-787e-4149-a85b-181fd60f49da (type: security_group_rules) to 0
2026-05-08 00:30:42.150 9 INFO neutron.db.ovn_revision_numbers_db [None req-a0895de9-cfb9-47c2-b32d-8a3c949fe32e d90f0ac6923a44489a46c9758b20f733 37d6fc468d2c435ab5bf30865f233780 - - default default] Successfully bumped revision number for resource c0cd0e2a-4a32-4c9a-8da6-c912f3968165 (type: security_group_rules) to 0
2026-05-08 00:30:42.191 10 INFO neutron.api.wsgi [None req-163ad103-c5d1-4ac0-8807-dc44277bdca6 9b6d85a53f0b473ca02c2373780deaf8 dad77b61c93945928287b8d900d05c12 - - default default] 10.0.0.37 "DELETE /v2.0/ports/9591c954-9908-48da-bfe6-dd3e16baea6a HTTP/1.1" status: 204 len: 168 time: 0.2227678
2026-05-08 00:30:42.197 9 INFO neutron.api.wsgi [None req-a0895de9-cfb9-47c2-b32d-8a3c949fe32e d90f0ac6923a44489a46c9758b20f733 37d6fc468d2c435ab5bf30865f233780 - - default default] 10.0.0.37 "POST /v2.0/security-groups HTTP/1.1" status: 201 len: 1801 time: 0.5747266
2026-05-08 00:30:42.200 9 WARNING neutron.scheduler.dhcp_agent_scheduler [None req-677b922d-6144-411f-94b1-83ba88b4027d ffa06ee9ecb441478ee181c8a520fee5 7d2c0aa9c6a141b0b195f8d53079344b - - default default] No more DHCP agents
2026-05-08 00:30:42.202 9 WARNING neutron.api.rpc.agentnotifiers.dhcp_rpc_agent_api [None req-677b922d-6144-411f-94b1-83ba88b4027d ffa06ee9ecb441478ee181c8a520fee5 7d2c0aa9c6a141b0b195f8d53079344b - - default default] Unable to schedule network 4c9d5842-179e-4fc4-868e-0af5c569b299: no agents available; will retry on subsequent port and subnet creation events.
2026-05-08 00:30:42.246 10 INFO neutron.api.wsgi [None req-04fcba59-8518-4ebb-b83d-1959eb7640a3 d90f0ac6923a44489a46c9758b20f733 37d6fc468d2c435ab5bf30865f233780 - - default default] 10.0.0.37 "PUT /v2.0/security-groups/59cf90cb-52d9-4ba7-88c3-771399dd7477/tags HTTP/1.1" status: 200 len: 218 time: 0.0420902
2026-05-08 00:30:42.281 10 INFO neutron.api.wsgi [None req-50aa2481-44ba-4a35-8a15-9fbff780dfbd d90f0ac6923a44489a46c9758b20f733 37d6fc468d2c435ab5bf30865f233780 - - default default] 10.0.0.37 "GET /v2.0/security-groups/59cf90cb-52d9-4ba7-88c3-771399dd7477/tags HTTP/1.1" status: 200 len: 218 time: 0.0314419
2026-05-08 00:30:42.286 10 INFO neutron.api.wsgi [None req-98bb9b95-2aab-4b61-87c4-3f46f414613e 9b6d85a53f0b473ca02c2373780deaf8 dad77b61c93945928287b8d900d05c12 - - default default] 10.0.0.37 "GET /v2.0/ports HTTP/1.1" status: 200 len: 1718 time: 0.0901566
2026-05-08 00:30:42.296 10 WARNING neutron_lib.context [None req-b50c7668-3dc7-4c55-9412-a258620cc6d4 9b6d85a53f0b473ca02c2373780deaf8 dad77b61c93945928287b8d900d05c12 - - default default] Method 'is_advsvc' is deprecated since 2023.2 release (neutron-lib 3.8.0) and will be removed once support for the old RBAC API policies will be removed from Neutron. Please use method 'is_service_role' instead.
2026-05-08 00:30:42.335 9 INFO neutron.db.ovn_revision_numbers_db [None req-677b922d-6144-411f-94b1-83ba88b4027d ffa06ee9ecb441478ee181c8a520fee5 7d2c0aa9c6a141b0b195f8d53079344b - - default default] Successfully bumped revision number for resource 54f8da3b-da93-4258-9a67-ceba631ff5d2 (type: ports) to 1
2026-05-08 00:30:42.340 10 INFO neutron.api.wsgi [None req-36da67ae-5c0d-4648-b028-7ef98c55e10f d90f0ac6923a44489a46c9758b20f733 37d6fc468d2c435ab5bf30865f233780 - - default default] 10.0.0.37 "PUT /v2.0/security-groups/59cf90cb-52d9-4ba7-88c3-771399dd7477/tags/green HTTP/1.1" status: 201 len: 201 time: 0.0526834
2026-05-08 00:30:42.368 10 INFO neutron.api.wsgi [None req-801dc4a5-5323-438e-85a6-8ecef435ba82 d90f0ac6923a44489a46c9758b20f733 37d6fc468d2c435ab5bf30865f233780 - - default default] 10.0.0.37 "GET /v2.0/security-groups/59cf90cb-52d9-4ba7-88c3-771399dd7477/tags HTTP/1.1" status: 200 len: 227 time: 0.0200410
2026-05-08 00:30:42.404 10 INFO neutron.db.segments_db [None req-b50c7668-3dc7-4c55-9412-a258620cc6d4 9b6d85a53f0b473ca02c2373780deaf8 dad77b61c93945928287b8d900d05c12 - - default default] Added segment 310d49dd-9798-4b81-a4cb-5c675d8f511b of type geneve for network b57ca4e9-b2b5-460d-98bb-80885ecfe5d8
2026-05-08 00:30:42.407 10 INFO neutron.api.wsgi [None req-98e62474-81c0-4947-8ebb-0a96623d4575 d90f0ac6923a44489a46c9758b20f733 37d6fc468d2c435ab5bf30865f233780 - - default default] 10.0.0.37 "PUT /v2.0/security-groups/59cf90cb-52d9-4ba7-88c3-771399dd7477/tags/red HTTP/1.1" status: 201 len: 201 time: 0.0323093
2026-05-08 00:30:42.438 10 INFO neutron.api.wsgi [None req-cda7c71e-49d0-4839-80ce-e9222d60016d d90f0ac6923a44489a46c9758b20f733 37d6fc468d2c435ab5bf30865f233780 - - default default] 10.0.0.37 "GET /v2.0/security-groups/59cf90cb-52d9-4ba7-88c3-771399dd7477/tags HTTP/1.1" status: 200 len: 227 time: 0.0232320
2026-05-08 00:30:42.482 9 INFO neutron.api.wsgi [None req-c2d3e157-97c9-4249-b65e-d065e42c6e67 d90f0ac6923a44489a46c9758b20f733 37d6fc468d2c435ab5bf30865f233780 - - default default] 10.0.0.37 "PUT /v2.0/security-groups/59cf90cb-52d9-4ba7-88c3-771399dd7477/tags/black.or.white HTTP/1.1" status: 201 len: 201 time: 0.0381095
2026-05-08 00:30:42.522 10 INFO neutron.db.ovn_revision_numbers_db [None req-b50c7668-3dc7-4c55-9412-a258620cc6d4 9b6d85a53f0b473ca02c2373780deaf8 dad77b61c93945928287b8d900d05c12 - - default default] Successfully bumped revision number for resource b57ca4e9-b2b5-460d-98bb-80885ecfe5d8 (type: networks) to 1
2026-05-08 00:30:42.522 9 INFO neutron.api.wsgi [None req-1f620bee-3b01-4522-ac8d-73248d2cefaf d90f0ac6923a44489a46c9758b20f733 37d6fc468d2c435ab5bf30865f233780 - - default default] 10.0.0.37 "GET /v2.0/security-groups/59cf90cb-52d9-4ba7-88c3-771399dd7477/tags HTTP/1.1" status: 200 len: 245 time: 0.0341272
2026-05-08 00:30:42.580 9 INFO neutron.api.wsgi [None req-de0466de-c8c1-4ee9-bdc7-5ac5e68b1a45 d90f0ac6923a44489a46c9758b20f733 37d6fc468d2c435ab5bf30865f233780 - - default default] 10.0.0.37 "PUT /v2.0/security-groups/59cf90cb-52d9-4ba7-88c3-771399dd7477/tags HTTP/1.1" status: 200 len: 230 time: 0.0476122
2026-05-08 00:30:42.613 10 INFO neutron.api.wsgi [None req-f0df30a0-c405-44ef-80dc-9ba9420bd89e d90f0ac6923a44489a46c9758b20f733 37d6fc468d2c435ab5bf30865f233780 - - default default] 10.0.0.37 "GET /v2.0/security-groups/59cf90cb-52d9-4ba7-88c3-771399dd7477/tags HTTP/1.1" status: 200 len: 230 time: 0.0302618
2026-05-08 00:30:42.643 9 INFO neutron.api.wsgi [None req-7f561c8c-62bb-459a-a83f-b4b1c685cafd d90f0ac6923a44489a46c9758b20f733 37d6fc468d2c435ab5bf30865f233780 - - default default] 10.0.0.37 "GET /v2.0/security-groups/59cf90cb-52d9-4ba7-88c3-771399dd7477/tags/red HTTP/1.1" status: 204 len: 168 time: 0.0222738
2026-05-08 00:30:42.670 10 INFO neutron.api.v2.resource [None req-1744307f-8019-4141-aa22-9deacfc8853e d90f0ac6923a44489a46c9758b20f733 37d6fc468d2c435ab5bf30865f233780 - - default default] show failed (client error): The resource could not be found.
