2026-05-08 00:28:45.773 10 INFO neutron.api.wsgi [req-132364b3-a027-4f0e-bd53-d4f7f153d726 req-cd5e2735-f0de-4ac1-84cd-358d18b20bc6 9cc30fc71e144913b70f1c60585bbf4c 8308cfa4999c4f1b863920b367c660c3 - - default default] 10.0.0.250 "POST /v2.0/security-group-rules HTTP/1.1" status: 201 len: 818 time: 0.1758873
2026-05-08 00:28:45.781 10 INFO neutron.db.ovn_revision_numbers_db [req-52796166-ffba-464b-acdf-ce424b6120fb req-352da3b2-45b0-41c9-a4d6-5a01fdb9ed84 eb79699ccd134fa7af5a755ab7a59f58 c4e2f44a86fa43c484cf838797b043c9 - - default default] Successfully bumped revision number for resource 8430f973-923c-423e-b1f6-8527e340e761 (type: security_group_rules) to 0
2026-05-08 00:28:45.804 10 WARNING neutron_lib.context [req-392eedfe-431b-415c-a64a-6247a74fb3c1 req-283b5859-f7e3-49b4-a755-281cdcf04924 9cc30fc71e144913b70f1c60585bbf4c 8308cfa4999c4f1b863920b367c660c3 - - default default] Method 'is_advsvc' is deprecated since 2023.2 release (neutron-lib 3.8.0) and will be removed once support for the old RBAC API policies will be removed from Neutron. Please use method 'is_service_role' instead.
2026-05-08 00:28:45.811 10 INFO neutron.api.wsgi [req-52796166-ffba-464b-acdf-ce424b6120fb req-352da3b2-45b0-41c9-a4d6-5a01fdb9ed84 eb79699ccd134fa7af5a755ab7a59f58 c4e2f44a86fa43c484cf838797b043c9 - - default default] 10.0.0.250 "POST /v2.0/security-groups HTTP/1.1" status: 201 len: 1887 time: 0.1784501
2026-05-08 00:28:45.835 10 WARNING neutron_lib.context [req-d17be8bf-8648-4337-b945-35d39c113aa9 req-92e03000-380b-4728-8bfd-48948fcac7c0 eb79699ccd134fa7af5a755ab7a59f58 c4e2f44a86fa43c484cf838797b043c9 - - default default] Method 'is_advsvc' is deprecated since 2023.2 release (neutron-lib 3.8.0) and will be removed once support for the old RBAC API policies will be removed from Neutron. Please use method 'is_service_role' instead.
2026-05-08 00:28:45.898 10 INFO neutron.db.ovn_revision_numbers_db [req-392eedfe-431b-415c-a64a-6247a74fb3c1 req-283b5859-f7e3-49b4-a755-281cdcf04924 9cc30fc71e144913b70f1c60585bbf4c 8308cfa4999c4f1b863920b367c660c3 - - default default] Successfully bumped revision number for resource d0763c13-6642-43b7-93ae-c3d926e950c1 (type: security_groups) to 1
2026-05-08 00:28:45.910 10 INFO neutron.db.ovn_revision_numbers_db [req-392eedfe-431b-415c-a64a-6247a74fb3c1 req-283b5859-f7e3-49b4-a755-281cdcf04924 9cc30fc71e144913b70f1c60585bbf4c 8308cfa4999c4f1b863920b367c660c3 - - default default] Successfully bumped revision number for resource ce45205b-120e-4983-a46f-c683ff15d4f7 (type: security_group_rules) to 0
2026-05-08 00:28:45.923 10 INFO neutron.db.ovn_revision_numbers_db [req-392eedfe-431b-415c-a64a-6247a74fb3c1 req-283b5859-f7e3-49b4-a755-281cdcf04924 9cc30fc71e144913b70f1c60585bbf4c 8308cfa4999c4f1b863920b367c660c3 - - default default] Successfully bumped revision number for resource d79aa431-92fe-49e1-99e6-0b27e4af6d7a (type: security_group_rules) to 0
2026-05-08 00:28:45.924 10 INFO neutron.db.ovn_revision_numbers_db [req-d17be8bf-8648-4337-b945-35d39c113aa9 req-92e03000-380b-4728-8bfd-48948fcac7c0 eb79699ccd134fa7af5a755ab7a59f58 c4e2f44a86fa43c484cf838797b043c9 - - default default] Successfully bumped revision number for resource 2941e2a5-7dbb-4699-a5fd-a0b40a306e07 (type: security_groups) to 1
2026-05-08 00:28:45.944 10 INFO neutron.db.ovn_revision_numbers_db [req-d17be8bf-8648-4337-b945-35d39c113aa9 req-92e03000-380b-4728-8bfd-48948fcac7c0 eb79699ccd134fa7af5a755ab7a59f58 c4e2f44a86fa43c484cf838797b043c9 - - default default] Successfully bumped revision number for resource 60f07496-b6ad-4163-832a-1246f8154fcd (type: security_group_rules) to 0
2026-05-08 00:28:45.957 10 INFO neutron.api.wsgi [req-392eedfe-431b-415c-a64a-6247a74fb3c1 req-283b5859-f7e3-49b4-a755-281cdcf04924 9cc30fc71e144913b70f1c60585bbf4c 8308cfa4999c4f1b863920b367c660c3 - - default default] 10.0.0.250 "POST /v2.0/security-groups HTTP/1.1" status: 201 len: 1891 time: 0.1564353
2026-05-08 00:28:45.968 10 INFO neutron.db.ovn_revision_numbers_db [req-d17be8bf-8648-4337-b945-35d39c113aa9 req-92e03000-380b-4728-8bfd-48948fcac7c0 eb79699ccd134fa7af5a755ab7a59f58 c4e2f44a86fa43c484cf838797b043c9 - - default default] Successfully bumped revision number for resource 63923287-94f0-43c1-acff-a2de65f0828d (type: security_group_rules) to 0
2026-05-08 00:28:46.001 10 INFO neutron.api.wsgi [req-d17be8bf-8648-4337-b945-35d39c113aa9 req-92e03000-380b-4728-8bfd-48948fcac7c0 eb79699ccd134fa7af5a755ab7a59f58 c4e2f44a86fa43c484cf838797b043c9 - - default default] 10.0.0.250 "POST /v2.0/security-groups HTTP/1.1" status: 201 len: 1887 time: 0.1692183
2026-05-08 00:28:46.004 10 INFO neutron.api.wsgi [req-4f3749fc-b2c1-4365-9430-08568350c089 req-ed47c458-652e-4a68-8e6f-851d51873e91 9cc30fc71e144913b70f1c60585bbf4c 8308cfa4999c4f1b863920b367c660c3 - - default default] 10.0.0.250 "GET /v2.0/security-groups/d0763c13-6642-43b7-93ae-c3d926e950c1 HTTP/1.1" status: 200 len: 1886 time: 0.0214348
2026-05-08 00:28:46.014 10 WARNING neutron_lib.context [req-4f3749fc-b2c1-4365-9430-08568350c089 req-98ce2387-a4b8-493a-be47-e3251a5c8f87 9cc30fc71e144913b70f1c60585bbf4c 8308cfa4999c4f1b863920b367c660c3 - - default default] Method 'is_advsvc' is deprecated since 2023.2 release (neutron-lib 3.8.0) and will be removed once support for the old RBAC API policies will be removed from Neutron. Please use method 'is_service_role' instead.
2026-05-08 00:28:46.030 10 WARNING neutron_lib.context [req-f0ca9377-61eb-4bf6-b116-1f61beb3a746 req-9cbf0a39-7d51-4c29-988a-c5a26a6436ac eb79699ccd134fa7af5a755ab7a59f58 c4e2f44a86fa43c484cf838797b043c9 - - default default] Method 'is_advsvc' is deprecated since 2023.2 release (neutron-lib 3.8.0) and will be removed once support for the old RBAC API policies will be removed from Neutron. Please use method 'is_service_role' instead.
2026-05-08 00:28:46.139 10 INFO neutron.db.ovn_revision_numbers_db [req-f0ca9377-61eb-4bf6-b116-1f61beb3a746 req-9cbf0a39-7d51-4c29-988a-c5a26a6436ac eb79699ccd134fa7af5a755ab7a59f58 c4e2f44a86fa43c484cf838797b043c9 - - default default] Successfully bumped revision number for resource 9ddd87e0-fab4-493b-b350-1a069d638377 (type: security_groups) to 1
2026-05-08 00:28:46.141 10 INFO neutron.db.ovn_revision_numbers_db [req-4f3749fc-b2c1-4365-9430-08568350c089 req-98ce2387-a4b8-493a-be47-e3251a5c8f87 9cc30fc71e144913b70f1c60585bbf4c 8308cfa4999c4f1b863920b367c660c3 - - default default] Successfully bumped revision number for resource 45c2bc0c-f863-4f14-9f2a-8cbb67ecb422 (type: security_group_rules) to 0
2026-05-08 00:28:46.156 10 INFO neutron.db.ovn_revision_numbers_db [req-f0ca9377-61eb-4bf6-b116-1f61beb3a746 req-9cbf0a39-7d51-4c29-988a-c5a26a6436ac eb79699ccd134fa7af5a755ab7a59f58 c4e2f44a86fa43c484cf838797b043c9 - - default default] Successfully bumped revision number for resource 897b152d-e82e-4d2b-b324-7a15ab2bf9f1 (type: security_group_rules) to 0
2026-05-08 00:28:46.183 10 INFO neutron.db.ovn_revision_numbers_db [req-f0ca9377-61eb-4bf6-b116-1f61beb3a746 req-9cbf0a39-7d51-4c29-988a-c5a26a6436ac eb79699ccd134fa7af5a755ab7a59f58 c4e2f44a86fa43c484cf838797b043c9 - - default default] Successfully bumped revision number for resource d57413e2-1303-48aa-8153-aa878a6c1902 (type: security_group_rules) to 0
2026-05-08 00:28:46.191 10 INFO neutron.api.wsgi [req-4f3749fc-b2c1-4365-9430-08568350c089 req-98ce2387-a4b8-493a-be47-e3251a5c8f87 9cc30fc71e144913b70f1c60585bbf4c 8308cfa4999c4f1b863920b367c660c3 - - default default] 10.0.0.250 "POST /v2.0/security-group-rules HTTP/1.1" status: 201 len: 818 time: 0.1812248
2026-05-08 00:28:46.219 10 INFO neutron.api.wsgi [req-f0ca9377-61eb-4bf6-b116-1f61beb3a746 req-9cbf0a39-7d51-4c29-988a-c5a26a6436ac eb79699ccd134fa7af5a755ab7a59f58 c4e2f44a86fa43c484cf838797b043c9 - - default default] 10.0.0.250 "POST /v2.0/security-groups HTTP/1.1" status: 201 len: 1887 time: 0.1948256
2026-05-08 00:28:46.263 10 INFO neutron.api.wsgi [req-cddd865c-85f9-4507-ade2-33f4d546da01 req-35484fef-a27a-4989-a647-648a08eed8a5 9cc30fc71e144913b70f1c60585bbf4c 8308cfa4999c4f1b863920b367c660c3 - - default default] 10.0.0.250 "GET /v2.0/security-groups/d0763c13-6642-43b7-93ae-c3d926e950c1 HTTP/1.1" status: 200 len: 2511 time: 0.0296104
2026-05-08 00:28:46.273 10 WARNING neutron_lib.context [req-cddd865c-85f9-4507-ade2-33f4d546da01 req-31ae713f-8edc-4134-92c6-9b8ce8c07fe3 9cc30fc71e144913b70f1c60585bbf4c 8308cfa4999c4f1b863920b367c660c3 - - default default] Method 'is_advsvc' is deprecated since 2023.2 release (neutron-lib 3.8.0) and will be removed once support for the old RBAC API policies will be removed from Neutron. Please use method 'is_service_role' instead.
2026-05-08 00:28:46.370 9 WARNING neutron_lib.context [None req-fb6b4dc0-1770-420a-a6c7-bf98bef15d4c 09f4fb3c79a74ce3b025dd4367adf965 574f5af686b343f990a9ddca7b056bc6 - - default default] Method 'is_advsvc' is deprecated since 2023.2 release (neutron-lib 3.8.0) and will be removed once support for the old RBAC API policies will be removed from Neutron. Please use method 'is_service_role' instead.
2026-05-08 00:28:46.415 10 INFO neutron.api.wsgi [req-8879ff93-98ee-4a4c-8c19-4a254501d642 req-9fcca59c-cfc9-47cc-8b6a-28d1c221ad2a eb79699ccd134fa7af5a755ab7a59f58 c4e2f44a86fa43c484cf838797b043c9 - - default default] 10.0.0.250 "GET /v2.0/security-groups?tenant_id=c4e2f44a86fa43c484cf838797b043c9 HTTP/1.1" status: 200 len: 8107 time: 0.0511277
2026-05-08 00:28:46.416 10 INFO neutron.db.ovn_revision_numbers_db [req-cddd865c-85f9-4507-ade2-33f4d546da01 req-31ae713f-8edc-4134-92c6-9b8ce8c07fe3 9cc30fc71e144913b70f1c60585bbf4c 8308cfa4999c4f1b863920b367c660c3 - - default default] Successfully bumped revision number for resource 455046fc-0400-41d6-a4a4-3c6a98067c06 (type: security_group_rules) to 0
2026-05-08 00:28:46.471 10 INFO neutron.api.wsgi [req-8879ff93-98ee-4a4c-8c19-4a254501d642 req-72ebd087-c8b0-49f9-86b5-8861fc24a8d3 eb79699ccd134fa7af5a755ab7a59f58 c4e2f44a86fa43c484cf838797b043c9 - - default default] 10.0.0.250 "GET /v2.0/security-groups/3b6b8fef-dd20-4fe0-8864-2983130f3772 HTTP/1.1" status: 200 len: 3118 time: 0.0486031
2026-05-08 00:28:46.495 10 INFO neutron.api.wsgi [req-cddd865c-85f9-4507-ade2-33f4d546da01 req-31ae713f-8edc-4134-92c6-9b8ce8c07fe3 9cc30fc71e144913b70f1c60585bbf4c 8308cfa4999c4f1b863920b367c660c3 - - default default] 10.0.0.250 "POST /v2.0/security-group-rules HTTP/1.1" status: 201 len: 823 time: 0.2266843
2026-05-08 00:28:46.500 9 INFO neutron.db.ovn_revision_numbers_db [None req-fb6b4dc0-1770-420a-a6c7-bf98bef15d4c 09f4fb3c79a74ce3b025dd4367adf965 574f5af686b343f990a9ddca7b056bc6 - - default default] Successfully bumped revision number for resource 5f4b8854-5fd7-486d-9f2b-8d0b5e752f5a (type: security_groups) to 1
2026-05-08 00:28:46.512 9 INFO neutron.db.ovn_revision_numbers_db [None req-fb6b4dc0-1770-420a-a6c7-bf98bef15d4c 09f4fb3c79a74ce3b025dd4367adf965 574f5af686b343f990a9ddca7b056bc6 - - default default] Successfully bumped revision number for resource 087a7b05-53a6-46c7-a896-214309fff9e2 (type: security_group_rules) to 0
2026-05-08 00:28:46.522 10 INFO neutron.api.wsgi [req-8879ff93-98ee-4a4c-8c19-4a254501d642 req-b9fc6cd6-3574-48bc-a3a6-b9951ba97a66 eb79699ccd134fa7af5a755ab7a59f58 c4e2f44a86fa43c484cf838797b043c9 - - default default] 10.0.0.250 "GET /v2.0/security-groups/3b6b8fef-dd20-4fe0-8864-2983130f3772 HTTP/1.1" status: 200 len: 3118 time: 0.0455651
2026-05-08 00:28:46.532 9 INFO neutron.db.ovn_revision_numbers_db [None req-fb6b4dc0-1770-420a-a6c7-bf98bef15d4c 09f4fb3c79a74ce3b025dd4367adf965 574f5af686b343f990a9ddca7b056bc6 - - default default] Successfully bumped revision number for resource 72f57a48-39d6-4fa0-bbea-3271f110ae11 (type: security_group_rules) to 0
2026-05-08 00:28:46.540 10 INFO neutron.api.wsgi [req-89d49731-0152-4479-b73c-d9c091b7dcf2 req-e5485f0e-43b6-4901-9289-ff9207373bdf 9cc30fc71e144913b70f1c60585bbf4c 8308cfa4999c4f1b863920b367c660c3 - - default default] 10.0.0.250 "GET /v2.0/security-groups/d0763c13-6642-43b7-93ae-c3d926e950c1 HTTP/1.1" status: 200 len: 3141 time: 0.0242772
2026-05-08 00:28:46.570 10 INFO neutron.api.wsgi [req-27131670-63f3-4381-9ee5-78d67f240cdc req-e80fc926-66da-46d9-ab56-b39361c8bfb5 eb79699ccd134fa7af5a755ab7a59f58 c4e2f44a86fa43c484cf838797b043c9 - - default default] 10.0.0.250 "GET /v2.0/security-groups/2dd0a577-6e98-4522-ba5b-52bf509d8c08 HTTP/1.1" status: 200 len: 1882 time: 0.0252149
2026-05-08 00:28:46.571 9 INFO neutron.api.wsgi [None req-fb6b4dc0-1770-420a-a6c7-bf98bef15d4c 09f4fb3c79a74ce3b025dd4367adf965 574f5af686b343f990a9ddca7b056bc6 - - default default] 10.0.0.37 "POST /v2.0/security-groups HTTP/1.1" status: 201 len: 1861 time: 0.2048509
2026-05-08 00:28:46.576 10 INFO neutron.api.wsgi [req-298e4ca3-db89-4d40-a67e-de903d860b7b req-08650bc9-f83c-4421-b0f9-dc186976d238 9cc30fc71e144913b70f1c60585bbf4c 8308cfa4999c4f1b863920b367c660c3 - - default default] 10.0.0.250 "GET /v2.0/security-group-rules/455046fc-0400-41d6-a4a4-3c6a98067c06 HTTP/1.1" status: 200 len: 815 time: 0.0168765
2026-05-08 00:28:46.578 9 WARNING neutron_lib.context [None req-1f8bc378-cf8d-4b36-9fd9-d7196d9a5819 09f4fb3c79a74ce3b025dd4367adf965 574f5af686b343f990a9ddca7b056bc6 - - default default] Method 'is_advsvc' is deprecated since 2023.2 release (neutron-lib 3.8.0) and will be removed once support for the old RBAC API policies will be removed from Neutron. Please use method 'is_service_role' instead.
2026-05-08 00:28:46.614 10 INFO neutron.api.wsgi [req-298e4ca3-db89-4d40-a67e-de903d860b7b req-401970db-dd99-47db-b90c-fd7c4e11f224 9cc30fc71e144913b70f1c60585bbf4c 8308cfa4999c4f1b863920b367c660c3 - - default default] 10.0.0.250 "GET /v2.0/security-groups/d0763c13-6642-43b7-93ae-c3d926e950c1 HTTP/1.1" status: 200 len: 3141 time: 0.0301785
2026-05-08 00:28:46.674 9 INFO neutron.db.ovn_revision_numbers_db [None req-1f8bc378-cf8d-4b36-9fd9-d7196d9a5819 09f4fb3c79a74ce3b025dd4367adf965 574f5af686b343f990a9ddca7b056bc6 - - default default] Successfully bumped revision number for resource aebb00c0-1cde-40ef-9177-ce4711ab8439 (type: security_group_rules) to 0
2026-05-08 00:28:46.686 10 INFO neutron.api.wsgi [req-27131670-63f3-4381-9ee5-78d67f240cdc req-a2b0993c-ec93-47b9-bbfd-9c828d4ffd10 eb79699ccd134fa7af5a755ab7a59f58 c4e2f44a86fa43c484cf838797b043c9 - - default default] 10.0.0.250 "DELETE /v2.0/security-groups/2dd0a577-6e98-4522-ba5b-52bf509d8c08 HTTP/1.1" status: 204 len: 173 time: 0.1097503
2026-05-08 00:28:46.700 9 INFO neutron.api.wsgi [None req-1f8bc378-cf8d-4b36-9fd9-d7196d9a5819 09f4fb3c79a74ce3b025dd4367adf965 574f5af686b343f990a9ddca7b056bc6 - - default default] 10.0.0.37 "POST /v2.0/security-group-rules HTTP/1.1" status: 201 len: 796 time: 0.1258960
2026-05-08 00:28:46.706 9 WARNING neutron_lib.context [None req-6a4ddbf8-fd81-4f3e-8dff-b0ce865d74cf 09f4fb3c79a74ce3b025dd4367adf965 574f5af686b343f990a9ddca7b056bc6 - - default default] Method 'is_advsvc' is deprecated since 2023.2 release (neutron-lib 3.8.0) and will be removed once support for the old RBAC API policies will be removed from Neutron. Please use method 'is_service_role' instead.
2026-05-08 00:28:46.726 10 INFO neutron.api.v2.resource [req-3694ebf7-369f-43e1-abdc-a0680011967b req-7957b6ad-83c2-49c8-8176-2ae040448690 eb79699ccd134fa7af5a755ab7a59f58 c4e2f44a86fa43c484cf838797b043c9 - - default default] show failed (client error): The resource could not be found.
2026-05-08 00:28:46.727 10 INFO neutron.api.wsgi [req-3694ebf7-369f-43e1-abdc-a0680011967b req-7957b6ad-83c2-49c8-8176-2ae040448690 eb79699ccd134fa7af5a755ab7a59f58 c4e2f44a86fa43c484cf838797b043c9 - - default default] 10.0.0.250 "GET /v2.0/security-groups/2dd0a577-6e98-4522-ba5b-52bf509d8c08 HTTP/1.1" status: 404 len: 352 time: 0.0149341
2026-05-08 00:28:46.747 10 INFO neutron.api.wsgi [req-298e4ca3-db89-4d40-a67e-de903d860b7b req-96932966-1a1b-45e5-b897-b1888c4f3186 9cc30fc71e144913b70f1c60585bbf4c 8308cfa4999c4f1b863920b367c660c3 - - default default] 10.0.0.250 "DELETE /v2.0/security-group-rules/455046fc-0400-41d6-a4a4-3c6a98067c06 HTTP/1.1" status: 204 len: 173 time: 0.1295030
2026-05-08 00:28:46.765 10 INFO neutron.api.wsgi [req-63de9571-4575-4362-87df-98b1b83514b9 req-391c5976-2106-46ce-ba6f-e1c788f86a19 eb79699ccd134fa7af5a755ab7a59f58 c4e2f44a86fa43c484cf838797b043c9 - - default default] 10.0.0.250 "GET /v2.0/security-groups/2941e2a5-7dbb-4699-a5fd-a0b40a306e07 HTTP/1.1" status: 200 len: 1882 time: 0.0172770
2026-05-08 00:28:46.795 9 INFO neutron.db.ovn_revision_numbers_db [None req-6a4ddbf8-fd81-4f3e-8dff-b0ce865d74cf 09f4fb3c79a74ce3b025dd4367adf965 574f5af686b343f990a9ddca7b056bc6 - - default default] Successfully bumped revision number for resource fa5c608d-370c-4292-aa98-f487ffe1a4bb (type: security_group_rules) to 0
2026-05-08 00:28:46.802 10 INFO neutron.api.wsgi [req-7d5c5867-ac01-43ec-8e32-ecb284ef37aa req-76b68259-abe3-4e9e-b7a2-2d004452dacd 9cc30fc71e144913b70f1c60585bbf4c 8308cfa4999c4f1b863920b367c660c3 - - default default] 10.0.0.250 "GET /v2.0/security-groups/d0763c13-6642-43b7-93ae-c3d926e950c1 HTTP/1.1" status: 200 len: 2511 time: 0.0348501
2026-05-08 00:28:46.820 9 INFO neutron.api.wsgi [None req-6a4ddbf8-fd81-4f3e-8dff-b0ce865d74cf 09f4fb3c79a74ce3b025dd4367adf965 574f5af686b343f990a9ddca7b056bc6 - - default default] 10.0.0.37 "POST /v2.0/security-group-rules HTTP/1.1" status: 201 len: 801 time: 0.1164327
2026-05-08 00:28:46.830 9 WARNING neutron_lib.context [None req-ae460a54-dd9b-49b7-b584-881c31aff1ca 09f4fb3c79a74ce3b025dd4367adf965 574f5af686b343f990a9ddca7b056bc6 - - default default] Method 'is_advsvc' is deprecated since 2023.2 release (neutron-lib 3.8.0) and will be removed once support for the old RBAC API policies will be removed from Neutron. Please use method 'is_service_role' instead.
2026-05-08 00:28:46.883 10 INFO neutron.api.wsgi [req-63de9571-4575-4362-87df-98b1b83514b9 req-3947d220-b69e-40bd-beb5-6fdf12eb8b63 eb79699ccd134fa7af5a755ab7a59f58 c4e2f44a86fa43c484cf838797b043c9 - - default default] 10.0.0.250 "DELETE /v2.0/security-groups/2941e2a5-7dbb-4699-a5fd-a0b40a306e07 HTTP/1.1" status: 204 len: 173 time: 0.1121643
2026-05-08 00:28:46.910 10 INFO neutron.api.v2.resource [req-e2fc8ce0-7231-45b5-9f53-dfe0bc551fbf req-959c0fe5-a35a-44a2-a218-4987d0ab68b7 eb79699ccd134fa7af5a755ab7a59f58 c4e2f44a86fa43c484cf838797b043c9 - - default default] show failed (client error): The resource could not be found.
2026-05-08 00:28:46.910 10 INFO neutron.api.wsgi [req-e2fc8ce0-7231-45b5-9f53-dfe0bc551fbf req-959c0fe5-a35a-44a2-a218-4987d0ab68b7 eb79699ccd134fa7af5a755ab7a59f58 c4e2f44a86fa43c484cf838797b043c9 - - default default] 10.0.0.250 "GET /v2.0/security-groups/2941e2a5-7dbb-4699-a5fd-a0b40a306e07 HTTP/1.1" status: 404 len: 352 time: 0.0089538
2026-05-08 00:28:46.916 10 INFO neutron.api.wsgi [req-7d5c5867-ac01-43ec-8e32-ecb284ef37aa req-3d8d8d89-2955-4c89-9009-3e1a689dca50 9cc30fc71e144913b70f1c60585bbf4c 8308cfa4999c4f1b863920b367c660c3 - - default default] 10.0.0.250 "DELETE /v2.0/security-groups/d0763c13-6642-43b7-93ae-c3d926e950c1 HTTP/1.1" status: 204 len: 173 time: 0.1083827
2026-05-08 00:28:46.945 10 INFO neutron.api.wsgi [req-b50eea1a-4e08-469e-bac6-4781d6861e8a req-80a31a9a-8630-4072-b614-147baf9c0e25 eb79699ccd134fa7af5a755ab7a59f58 c4e2f44a86fa43c484cf838797b043c9 - - default default] 10.0.0.250 "GET /v2.0/security-groups/9ddd87e0-fab4-493b-b350-1a069d638377 HTTP/1.1" status: 200 len: 1882 time: 0.0187080
2026-05-08 00:28:46.964 10 INFO neutron.api.wsgi [req-2c09a437-3e60-4d91-9033-515a163aa308 req-2ca0582d-a101-45a7-ace6-f31441116d3b 9cc30fc71e144913b70f1c60585bbf4c 8308cfa4999c4f1b863920b367c660c3 - - default default] 10.0.0.250 "GET /v2.0/security-groups/67c58322-cc38-4ad1-ac4b-8b61ca415d38 HTTP/1.1" status: 200 len: 2508 time: 0.0318804
2026-05-08 00:28:47.054 10 INFO neutron.api.wsgi [req-b50eea1a-4e08-469e-bac6-4781d6861e8a req-8ee7672b-b95b-4141-acca-1bc0ca165150 eb79699ccd134fa7af5a755ab7a59f58 c4e2f44a86fa43c484cf838797b043c9 - - default default] 10.0.0.250 "DELETE /v2.0/security-groups/9ddd87e0-fab4-493b-b350-1a069d638377 HTTP/1.1" status: 204 len: 173 time: 0.1006854
2026-05-08 00:28:47.076 10 INFO neutron.api.wsgi [req-2c09a437-3e60-4d91-9033-515a163aa308 req-40255b46-0dd7-4cb1-a0d6-fe70a79562ad 9cc30fc71e144913b70f1c60585bbf4c 8308cfa4999c4f1b863920b367c660c3 - - default default] 10.0.0.250 "DELETE /v2.0/security-groups/67c58322-cc38-4ad1-ac4b-8b61ca415d38 HTTP/1.1" status: 204 len: 173 time: 0.1033275
2026-05-08 00:28:47.083 10 INFO neutron.api.v2.resource [req-b88ee518-a911-4b77-890f-d2a41a83778e req-75e37107-89d6-4ec9-a1c4-d02c0881b9dd eb79699ccd134fa7af5a755ab7a59f58 c4e2f44a86fa43c484cf838797b043c9 - - default default] show failed (client error): The resource could not be found.
2026-05-08 00:28:47.083 10 INFO neutron.api.wsgi [req-b88ee518-a911-4b77-890f-d2a41a83778e req-75e37107-89d6-4ec9-a1c4-d02c0881b9dd eb79699ccd134fa7af5a755ab7a59f58 c4e2f44a86fa43c484cf838797b043c9 - - default default] 10.0.0.250 "GET /v2.0/security-groups/9ddd87e0-fab4-493b-b350-1a069d638377 HTTP/1.1" status: 404 len: 352 time: 0.0117309
2026-05-08 00:28:47.131 9 WARNING neutron.scheduler.dhcp_agent_scheduler [None req-ae460a54-dd9b-49b7-b584-881c31aff1ca 09f4fb3c79a74ce3b025dd4367adf965 574f5af686b343f990a9ddca7b056bc6 - - default default] No more DHCP agents
2026-05-08 00:28:47.133 9 WARNING neutron.api.rpc.agentnotifiers.dhcp_rpc_agent_api [None req-ae460a54-dd9b-49b7-b584-881c31aff1ca 09f4fb3c79a74ce3b025dd4367adf965 574f5af686b343f990a9ddca7b056bc6 - - default default] Unable to schedule network 8375a2e0-fc5c-4118-888e-56e4dc6c4278: no agents available; will retry on subsequent port and subnet creation events.
2026-05-08 00:28:47.133 10 INFO neutron.api.wsgi [req-ef5f9bbf-40dd-4038-94ad-d26ffb06fa41 req-d0477406-c157-4cda-8a0d-d8548622db7c eb79699ccd134fa7af5a755ab7a59f58 c4e2f44a86fa43c484cf838797b043c9 - - default default] 10.0.0.250 "GET /v2.0/security-groups?tenant_id=c4e2f44a86fa43c484cf838797b043c9 HTTP/1.1" status: 200 len: 3121 time: 0.0305998
2026-05-08 00:28:47.162 10 INFO neutron.api.wsgi [req-ef5f9bbf-40dd-4038-94ad-d26ffb06fa41 req-3229f36a-1e7e-4edc-a756-aabd1afe3d1c eb79699ccd134fa7af5a755ab7a59f58 c4e2f44a86fa43c484cf838797b043c9 - - default default] 10.0.0.250 "GET /v2.0/security-groups/3b6b8fef-dd20-4fe0-8864-2983130f3772 HTTP/1.1" status: 200 len: 3118 time: 0.0239532
2026-05-08 00:28:47.188 10 INFO neutron.api.wsgi [req-ef5f9bbf-40dd-4038-94ad-d26ffb06fa41 req-5c666bd5-bc00-47f4-a18f-40d9fbb29894 eb79699ccd134fa7af5a755ab7a59f58 c4e2f44a86fa43c484cf838797b043c9 - - default default] 10.0.0.250 "GET /v2.0/security-groups/3b6b8fef-dd20-4fe0-8864-2983130f3772 HTTP/1.1" status: 200 len: 3118 time: 0.0224326
2026-05-08 00:28:47.227 10 INFO neutron.api.v2.resource [req-a96a438b-ceb5-4a57-986e-b50fa7040fff req-49f08124-3054-4fc6-aaab-581ca53ebc39 eb79699ccd134fa7af5a755ab7a59f58 c4e2f44a86fa43c484cf838797b043c9 - - default default] show failed (client error): The resource could not be found.
2026-05-08 00:28:47.228 10 INFO neutron.api.wsgi [req-a96a438b-ceb5-4a57-986e-b50fa7040fff req-49f08124-3054-4fc6-aaab-581ca53ebc39 eb79699ccd134fa7af5a755ab7a59f58 c4e2f44a86fa43c484cf838797b043c9 - - default default] 10.0.0.250 "GET /v2.0/security-groups/9ddd87e0-fab4-493b-b350-1a069d638377 HTTP/1.1" status: 404 len: 352 time: 0.0105193
2026-05-08 00:28:47.256 10 INFO neutron.api.v2.resource [req-e8d48c8d-5e40-44aa-a970-1d308f52c617 req-1725d555-8561-4768-8163-e2f0ed5635c0 eb79699ccd134fa7af5a755ab7a59f58 c4e2f44a86fa43c484cf838797b043c9 - - default default] show failed (client error): The resource could not be found.
2026-05-08 00:28:47.256 10 INFO neutron.api.wsgi [req-e8d48c8d-5e40-44aa-a970-1d308f52c617 req-1725d555-8561-4768-8163-e2f0ed5635c0 eb79699ccd134fa7af5a755ab7a59f58 c4e2f44a86fa43c484cf838797b043c9 - - default default] 10.0.0.250 "GET /v2.0/security-groups/2941e2a5-7dbb-4699-a5fd-a0b40a306e07 HTTP/1.1" status: 404 len: 352 time: 0.0111737
2026-05-08 00:28:47.289 10 INFO neutron.api.v2.resource [req-c272ee2f-a536-4484-938a-a120eab50e9b req-2e3acb0a-edce-44eb-b19f-c3d3882933ed eb79699ccd134fa7af5a755ab7a59f58 c4e2f44a86fa43c484cf838797b043c9 - - default default] show failed (client error): The resource could not be found.
2026-05-08 00:28:47.291 10 INFO neutron.api.wsgi [req-c272ee2f-a536-4484-938a-a120eab50e9b req-2e3acb0a-edce-44eb-b19f-c3d3882933ed eb79699ccd134fa7af5a755ab7a59f58 c4e2f44a86fa43c484cf838797b043c9 - - default default] 10.0.0.250 "GET /v2.0/security-groups/2dd0a577-6e98-4522-ba5b-52bf509d8c08 HTTP/1.1" status: 404 len: 352 time: 0.0163698
2026-05-08 00:28:47.504 9 INFO neutron.api.wsgi [None req-ae460a54-dd9b-49b7-b584-881c31aff1ca 09f4fb3c79a74ce3b025dd4367adf965 574f5af686b343f990a9ddca7b056bc6 - - default default] 10.0.0.37 "POST /v2.0/floatingips HTTP/1.1" status: 201 len: 751 time: 0.6769712
2026-05-08 00:28:48.198 9 INFO neutron.api.wsgi [None req-b4b39de4-8ce5-4b48-b828-03e87f02389a 754989ad745348c2842035e4c954ed15 1e434a98de034528963e385f4ee83562 - - default default] 10.0.0.37 "PUT /v2.0/routers/40054a22-0fa5-45ab-8ae5-91e07672d6ec/remove_router_interface HTTP/1.1" status: 200 len: 503 time: 1.1135466
2026-05-08 00:28:48.651 10 INFO neutron.api.wsgi [None req-01bcaafa-f075-482d-817b-c873a8b20ef5 754989ad745348c2842035e4c954ed15 1e434a98de034528963e385f4ee83562 - - default default] 10.0.0.37 "PUT /v2.0/routers/393b1d98-bb5b-4170-9d36-02509a6d018b/remove_router_interface HTTP/1.1" status: 200 len: 503 time: 1.3519428 /var/lib/openstack/lib/python3.12/site-packages/pycadf/identifier.py:71: UserWarning: Invalid uuid: neutron. To ensure interoperability, identifiers should be a valid uuid. warnings.warn(('Invalid uuid: %s. To ensure interoperability, ' /var/lib/openstack/lib/python3.12/site-packages/pycadf/identifier.py:71: UserWarning: Invalid uuid: neutron. To ensure interoperability, identifiers should be a valid uuid. warnings.warn(('Invalid uuid: %s. To ensure interoperability, '
2026-05-08 00:28:48.884 9 INFO neutron.db.ovn_revision_numbers_db [None req-c142c799-a67f-4c22-be8e-4802754c37fb 754989ad745348c2842035e4c954ed15 1e434a98de034528963e385f4ee83562 - - default default] Successfully bumped revision number for resource a7efbb12-45f7-4987-8f50-1fe0e5a13f71 (type: security_groups) to 1
2026-05-08 00:28:48.895 9 INFO neutron.db.ovn_revision_numbers_db [None req-c142c799-a67f-4c22-be8e-4802754c37fb 754989ad745348c2842035e4c954ed15 1e434a98de034528963e385f4ee83562 - - default default] Successfully bumped revision number for resource 40af3915-fe79-4021-8b4c-2d068c42a2d6 (type: security_group_rules) to 0
2026-05-08 00:28:48.908 9 INFO neutron.db.ovn_revision_numbers_db [None req-c142c799-a67f-4c22-be8e-4802754c37fb 754989ad745348c2842035e4c954ed15 1e434a98de034528963e385f4ee83562 - - default default] Successfully bumped revision number for resource 73f63eaf-9c66-4859-af6a-d62a89f8df03 (type: security_group_rules) to 0
2026-05-08 00:28:48.926 10 INFO neutron.api.wsgi [None req-6ac32c82-bfff-49e7-9587-08823277fdc9 754989ad745348c2842035e4c954ed15 1e434a98de034528963e385f4ee83562 - - default default] 10.0.0.37 "DELETE /v2.0/routers/40054a22-0fa5-45ab-8ae5-91e07672d6ec HTTP/1.1" status: 204 len: 168 time: 0.7241380
2026-05-08 00:28:48.928 9 INFO neutron.db.ovn_revision_numbers_db [None req-c142c799-a67f-4c22-be8e-4802754c37fb 754989ad745348c2842035e4c954ed15 1e434a98de034528963e385f4ee83562 - - default default] Successfully bumped revision number for resource d7efad09-6ac0-4e15-84c0-a0ea339b5fea (type: security_group_rules) to 0
2026-05-08 00:28:48.947 9 INFO neutron.db.ovn_revision_numbers_db [None req-c142c799-a67f-4c22-be8e-4802754c37fb 754989ad745348c2842035e4c954ed15 1e434a98de034528963e385f4ee83562 - - default default] Successfully bumped revision number for resource dfa81b3a-a976-4b12-a861-c1dd63069940 (type: security_group_rules) to 0
2026-05-08 00:28:48.993 9 INFO neutron.api.wsgi [None req-c142c799-a67f-4c22-be8e-4802754c37fb 754989ad745348c2842035e4c954ed15 1e434a98de034528963e385f4ee83562 - - default default] 10.0.0.37 "GET /v2.0/security-groups?tenant_id=6621dacc4d0e400eaf6f2cf9dca0209c&name=default HTTP/1.1" status: 200 len: 3120 time: 0.3440857
2026-05-08 00:28:49.118 9 INFO neutron.api.wsgi [None req-e3d724e1-7024-4153-b8fa-86f12fc6e05b 754989ad745348c2842035e4c954ed15 1e434a98de034528963e385f4ee83562 - - default default] 10.0.0.37 "DELETE /v2.0/subnets/aa79545d-ccf6-4e8f-85e5-352bb559b8ea HTTP/1.1" status: 204 len: 168 time: 0.1881397
2026-05-08 00:28:49.366 9 INFO neutron.api.wsgi [None req-8640576e-3442-4a8f-b3dd-c6a413c7fae3 754989ad745348c2842035e4c954ed15 1e434a98de034528963e385f4ee83562 - - default default] 10.0.0.37 "DELETE /v2.0/security-groups/a7efbb12-45f7-4987-8f50-1fe0e5a13f71 HTTP/1.1" status: 204 len: 168 time: 0.3667514
2026-05-08 00:28:49.415 10 WARNING neutron.plugins.ml2.drivers.ovn.mech_driver.ovsdb.ovn_client [None req-40f08c95-ef7a-4af8-8e85-070f94b432ce - - - - - -] No port found with ID 14825554-469d-46fd-ade8-ebaaf8eaa6ba: RuntimeError: No port found with ID 14825554-469d-46fd-ade8-ebaaf8eaa6ba
2026-05-08 00:28:49.445 10 INFO neutron.plugins.ml2.drivers.ovn.mech_driver.mech_driver [None req-40f08c95-ef7a-4af8-8e85-070f94b432ce - - - - - -] OVN reports status up for port: d494a7fe-8177-4374-bd9e-7af9aba40fec
2026-05-08 00:28:49.460 10 INFO neutron.plugins.ml2.plugin [None req-40f08c95-ef7a-4af8-8e85-070f94b432ce - - - - - -] Attempt 1 to provision port d494a7fe-8177-4374-bd9e-7af9aba40fec
2026-05-08 00:28:49.545 10 INFO neutron.api.wsgi [None req-18401eee-9b85-455b-93b2-d2c9cf53aa50 754989ad745348c2842035e4c954ed15 1e434a98de034528963e385f4ee83562 - - default default] 10.0.0.37 "DELETE /v2.0/routers/393b1d98-bb5b-4170-9d36-02509a6d018b HTTP/1.1" status: 204 len: 168 time: 0.8886507
2026-05-08 00:28:49.634 9 INFO neutron.api.wsgi [None req-33c284f0-bac5-4b89-acdc-dd4b4d72a2ac 754989ad745348c2842035e4c954ed15 1e434a98de034528963e385f4ee83562 - - default default] 10.0.0.37 "DELETE /v2.0/networks/fd514165-1f10-47b5-868e-ab09ac85e6b5 HTTP/1.1" status: 204 len: 168 time: 0.5104024
2026-05-08 00:28:49.656 9 INFO neutron.db.ovn_revision_numbers_db [None req-b1b40b0e-1016-4f31-9b63-d6c42ccc6fe2 754989ad745348c2842035e4c954ed15 1e434a98de034528963e385f4ee83562 - - default default] Successfully bumped revision number for resource 86759f7c-fab0-4fd3-ae94-ca87c4d3c678 (type: security_groups) to 1
2026-05-08 00:28:49.668 9 INFO neutron.db.ovn_revision_numbers_db [None req-b1b40b0e-1016-4f31-9b63-d6c42ccc6fe2 754989ad745348c2842035e4c954ed15 1e434a98de034528963e385f4ee83562 - - default default] Successfully bumped revision number for resource 0b61be43-373e-4954-a884-78b0c16fdc76 (type: security_group_rules) to 0
2026-05-08 00:28:49.679 9 INFO neutron.db.ovn_revision_numbers_db [None req-b1b40b0e-1016-4f31-9b63-d6c42ccc6fe2 754989ad745348c2842035e4c954ed15 1e434a98de034528963e385f4ee83562 - - default default] Successfully bumped revision number for resource 495a06a8-d502-4345-a5e2-d2d672d7c7a1 (type: security_group_rules) to 0
2026-05-08 00:28:49.692 9 INFO neutron.db.ovn_revision_numbers_db [None req-b1b40b0e-1016-4f31-9b63-d6c42ccc6fe2 754989ad745348c2842035e4c954ed15 1e434a98de034528963e385f4ee83562 - - default default] Successfully bumped revision number for resource 988563a4-b946-4938-bc87-0a7328eb2168 (type: security_group_rules) to 0
2026-05-08 00:28:49.703 9 INFO neutron.db.ovn_revision_numbers_db [None req-b1b40b0e-1016-4f31-9b63-d6c42ccc6fe2 754989ad745348c2842035e4c954ed15 1e434a98de034528963e385f4ee83562 - - default default] Successfully bumped revision number for resource f292431b-17a7-4723-bd47-1033d1682ec6 (type: security_group_rules) to 0
2026-05-08 00:28:49.735 10 INFO neutron.api.wsgi [None req-599d9c59-0060-47f3-b4ae-e112791c2efa 754989ad745348c2842035e4c954ed15 1e434a98de034528963e385f4ee83562 - - default default] 10.0.0.37 "DELETE /v2.0/subnets/0bec9522-0082-4020-a22c-822e58d45f22 HTTP/1.1" status: 204 len: 168 time: 0.1858122
2026-05-08 00:28:49.738 9 INFO neutron.api.wsgi [None req-b1b40b0e-1016-4f31-9b63-d6c42ccc6fe2 754989ad745348c2842035e4c954ed15 1e434a98de034528963e385f4ee83562 - - default default] 10.0.0.37 "GET /v2.0/security-groups?tenant_id=7f99f066429c4f33b51b2a05938afd04&name=default HTTP/1.1" status: 200 len: 3120 time: 0.2629049
2026-05-08 00:28:49.873 10 INFO neutron.api.wsgi [None req-82148017-42ea-4623-a60b-a4197c9cbf98 754989ad745348c2842035e4c954ed15 1e434a98de034528963e385f4ee83562 - - default default] 10.0.0.37 "GET /v2.0/security-groups?tenant_id=8308cfa4999c4f1b863920b367c660c3&name=default HTTP/1.1" status: 200 len: 3116 time: 0.0485873
2026-05-08 00:28:49.934 10 INFO neutron.db.ovn_revision_numbers_db [None req-40f08c95-ef7a-4af8-8e85-070f94b432ce - - - - - -] Successfully bumped revision number for resource d494a7fe-8177-4374-bd9e-7af9aba40fec (type: ports) to 2
2026-05-08 00:28:50.016 10 INFO neutron.api.wsgi [None req-1180d83e-6c51-45fb-b8c2-3d36dc545c77 754989ad745348c2842035e4c954ed15 1e434a98de034528963e385f4ee83562 - - default default] 10.0.0.37 "DELETE /v2.0/security-groups/86759f7c-fab0-4fd3-ae94-ca87c4d3c678 HTTP/1.1" status: 204 len: 168 time: 0.2723010
2026-05-08 00:28:50.091 9 INFO neutron.services.segments.plugin [-] Segment 5d933cdf-0e7f-4bb8-bf38-8c3da20b33a1 resource provider aggregate not found
2026-05-08 00:28:50.104 9 INFO neutron.services.segments.plugin [-] Segment 5d933cdf-0e7f-4bb8-bf38-8c3da20b33a1 resource provider aggregate not found
2026-05-08 00:28:50.107 9 INFO neutron.services.segments.plugin [-] Segment 5d933cdf-0e7f-4bb8-bf38-8c3da20b33a1 resource provider not found; error: Placement Client Error (4xx): {"errors": [{"status": 404, "title": "Not Found", "detail": "The resource could not be found.\n\n No resource provider with uuid 5d933cdf-0e7f-4bb8-bf38-8c3da20b33a1 found for delete ", "request_id": "req-12c7185e-3ec9-489d-9fcb-c0c4f9e4a8b9"}]}
2026-05-08 00:28:50.117 9 INFO neutron.services.segments.plugin [-] Segment 5d933cdf-0e7f-4bb8-bf38-8c3da20b33a1 resource provider not found; error: Placement Client Error (4xx): {"errors": [{"status": 404, "title": "Not Found", "detail": "The resource could not be found.\n\n No resource provider with uuid 5d933cdf-0e7f-4bb8-bf38-8c3da20b33a1 found for delete ", "request_id": "req-509393f9-a047-4cb0-b99b-092a58a5e8c7"}]}
2026-05-08 00:28:50.120 9 INFO neutron.api.wsgi [None req-7f6bb5e1-0554-41f2-b43c-43fed5b9333a 754989ad745348c2842035e4c954ed15 1e434a98de034528963e385f4ee83562 - - default default] 10.0.0.37 "DELETE /v2.0/networks/4c14e3e4-505b-42f3-92e3-56fb322733a0 HTTP/1.1" status: 204 len: 168 time: 0.3799729
2026-05-08 00:28:50.128 9 INFO neutron.api.wsgi [None req-66678fd6-3aed-4953-bf8c-81bfd2e21d9f 754989ad745348c2842035e4c954ed15 1e434a98de034528963e385f4ee83562 - - default default] 10.0.0.37 "DELETE /v2.0/security-groups/b97fc529-9bcd-4321-97fc-ee7c64a44c56 HTTP/1.1" status: 204 len: 168 time: 0.2491696
2026-05-08 00:28:50.335 9 INFO neutron.api.wsgi [None req-f09fff48-8c8e-4059-9e6e-d782d88449d4 754989ad745348c2842035e4c954ed15 1e434a98de034528963e385f4ee83562 - - default default] 10.0.0.37 "GET /v2.0/security-groups?tenant_id=c4e2f44a86fa43c484cf838797b043c9&name=default HTTP/1.1" status: 200 len: 3116 time: 0.0379055
2026-05-08 00:28:50.519 9 INFO neutron.api.wsgi [None req-14bb3545-c457-413a-8548-292066579131 754989ad745348c2842035e4c954ed15 1e434a98de034528963e385f4ee83562 - - default default] 10.0.0.37 "DELETE /v2.0/security-groups/3b6b8fef-dd20-4fe0-8864-2983130f3772 HTTP/1.1" status: 204 len: 168 time: 0.1805019
2026-05-08 00:28:50.750 9 WARNING neutron.plugins.ml2.drivers.ovn.mech_driver.ovsdb.ovn_client [None req-7d82a95a-333c-4fa0-a380-d52c2f889419 - - - - - -] No port found with ID 8a3566e8-20ac-4bd5-8944-872a21c07e5e: RuntimeError: No port found with ID 8a3566e8-20ac-4bd5-8944-872a21c07e5e
2026-05-08 00:28:51.931 10 INFO neutron.api.wsgi [-] 10.0.0.201 "GET / HTTP/1.1" status: 200 len: 247 time: 0.0018132
2026-05-08 00:28:51.933 10 INFO neutron.api.wsgi [-] 10.0.0.201 "GET / HTTP/1.1" status: 200 len: 247 time: 0.0012894
2026-05-08 00:28:52.052 10 INFO neutron.db.ovn_revision_numbers_db [None req-f1e785f4-eba5-4815-984b-ad1d422bc615 754989ad745348c2842035e4c954ed15 1e434a98de034528963e385f4ee83562 - - default default] Successfully bumped revision number for resource 3d5f5dfb-54a8-4977-88f0-a55464a5f7d9 (type: security_groups) to 1
2026-05-08 00:28:52.065 10 INFO neutron.db.ovn_revision_numbers_db [None req-f1e785f4-eba5-4815-984b-ad1d422bc615 754989ad745348c2842035e4c954ed15 1e434a98de034528963e385f4ee83562 - - default default] Successfully bumped revision number for resource 5618529f-46b9-4b40-95e3-d0768e9cf533 (type: security_group_rules) to 0
2026-05-08 00:28:52.080 10 INFO neutron.db.ovn_revision_numbers_db [None req-f1e785f4-eba5-4815-984b-ad1d422bc615 754989ad745348c2842035e4c954ed15 1e434a98de034528963e385f4ee83562 - - default default] Successfully bumped revision number for resource 62d0639c-6cf5-4711-8890-523d81471da6 (type: security_group_rules) to 0
2026-05-08 00:28:52.097 10 INFO neutron.db.ovn_revision_numbers_db [None req-f1e785f4-eba5-4815-984b-ad1d422bc615 754989ad745348c2842035e4c954ed15 1e434a98de034528963e385f4ee83562 - - default default] Successfully bumped revision number for resource e9294c6d-efc4-4146-9bee-6e20916fc862 (type: security_group_rules) to 0
2026-05-08 00:28:52.111 10 INFO neutron.db.ovn_revision_numbers_db [None req-f1e785f4-eba5-4815-984b-ad1d422bc615 754989ad745348c2842035e4c954ed15 1e434a98de034528963e385f4ee83562 - - default default] Successfully bumped revision number for resource f854e993-0f97-4e8c-b90a-af4509affecf (type: security_group_rules) to 0
2026-05-08 00:28:52.129 9 INFO neutron.services.segments.plugin [-] Segment 4d7759b1-c1d7-404c-b2d6-dcebe6b60ff2 resource provider aggregate not found
2026-05-08 00:28:52.135 9 INFO neutron.services.segments.plugin [-] Segment 4d7759b1-c1d7-404c-b2d6-dcebe6b60ff2 resource provider aggregate not found
2026-05-08 00:28:52.147 9 INFO neutron.services.segments.plugin [-] Segment 4d7759b1-c1d7-404c-b2d6-dcebe6b60ff2 resource provider not found; error: Placement Client Error (4xx): {"errors": [{"status": 404, "title": "Not Found", "detail": "The resource could not be found.\n\n No resource provider with uuid 4d7759b1-c1d7-404c-b2d6-dcebe6b60ff2 found for delete ", "request_id": "req-66dd9077-d862-49b4-b85c-912aa29a62b3"}]}
2026-05-08 00:28:52.149 9 INFO neutron.services.segments.plugin [-] Segment 4d7759b1-c1d7-404c-b2d6-dcebe6b60ff2 resource provider not found; error: Placement Client Error (4xx): {"errors": [{"status": 404, "title": "Not Found", "detail": "The resource could not be found.\n\n No resource provider with uuid 4d7759b1-c1d7-404c-b2d6-dcebe6b60ff2 found for delete ", "request_id": "req-869b9139-338f-482c-b4de-c7ff37115e14"}]}
2026-05-08 00:28:52.194 10 INFO neutron.db.segments_db [None req-f1e785f4-eba5-4815-984b-ad1d422bc615 754989ad745348c2842035e4c954ed15 1e434a98de034528963e385f4ee83562 - - default default] Added segment f45340ce-fb5e-4671-872f-b247e5968bf0 of type geneve for network 47696ac9-65ff-444b-93b6-c431114b50b2
2026-05-08 00:28:52.315 10 INFO neutron.api.wsgi [req-19484c38-04c5-4d12-b98a-06fddd7a38e6 req-54b1c3b8-7281-4cf3-9203-40fe041b69af 09f4fb3c79a74ce3b025dd4367adf965 574f5af686b343f990a9ddca7b056bc6 - - default default] 10.0.0.250 "GET /v2.0/security-groups?name=tempest-securitygroup--1262120998&fields=id&tenant_id=574f5af686b343f990a9ddca7b056bc6 HTTP/1.1" status: 200 len: 267 time: 0.0702326
2026-05-08 00:28:52.361 10 INFO neutron.db.ovn_revision_numbers_db [None req-dbf604e8-bbc8-413e-bdd7-0e7240d47e7a 754989ad745348c2842035e4c954ed15 1e434a98de034528963e385f4ee83562 - - default default] Successfully bumped revision number for resource 0e24f894-53c1-42ad-bfb7-e85714d0cf5c (type: security_groups) to 1
2026-05-08 00:28:52.363 10 INFO neutron.db.ovn_revision_numbers_db [None req-f1e785f4-eba5-4815-984b-ad1d422bc615 754989ad745348c2842035e4c954ed15 1e434a98de034528963e385f4ee83562 - - default default] Successfully bumped revision number for resource 47696ac9-65ff-444b-93b6-c431114b50b2 (type: networks) to 1
2026-05-08 00:28:52.381 10 INFO neutron.api.wsgi [req-19484c38-04c5-4d12-b98a-06fddd7a38e6 req-1accb5d8-89c2-4213-accc-4d9d61f336ce 09f4fb3c79a74ce3b025dd4367adf965 574f5af686b343f990a9ddca7b056bc6 - - default default] 10.0.0.250 "GET /v2.0/networks?id=9647e895-d02f-4d94-900a-a00b9ca738bb HTTP/1.1" status: 200 len: 878 time: 0.0575469
2026-05-08 00:28:52.384 10 INFO neutron.db.ovn_revision_numbers_db [None req-dbf604e8-bbc8-413e-bdd7-0e7240d47e7a 754989ad745348c2842035e4c954ed15 1e434a98de034528963e385f4ee83562 - - default default] Successfully bumped revision number for resource 7755e835-46d6-40d0-9877-93c84f1bace2 (type: security_group_rules) to 0
2026-05-08 00:28:52.403 10 INFO neutron.api.wsgi [req-19484c38-04c5-4d12-b98a-06fddd7a38e6 req-ed902d0f-f6dc-49d1-bbb4-1887f6987bba 09f4fb3c79a74ce3b025dd4367adf965 574f5af686b343f990a9ddca7b056bc6 - - default default] 10.0.0.250 "GET /v2.0/quotas/574f5af686b343f990a9ddca7b056bc6 HTTP/1.1" status: 200 len: 491 time: 0.0163181
2026-05-08 00:28:52.404 10 INFO neutron.db.ovn_revision_numbers_db [None req-dbf604e8-bbc8-413e-bdd7-0e7240d47e7a 754989ad745348c2842035e4c954ed15 1e434a98de034528963e385f4ee83562 - - default default] Successfully bumped revision number for resource c05f7770-6d1b-4b94-89f5-b41e3056515d (type: security_group_rules) to 0
2026-05-08 00:28:52.446 10 INFO neutron.db.ovn_revision_numbers_db [None req-dbf604e8-bbc8-413e-bdd7-0e7240d47e7a 754989ad745348c2842035e4c954ed15 1e434a98de034528963e385f4ee83562 - - default default] Successfully bumped revision number for resource d0f118c9-aaa7-4fbe-9457-cc0c0f910ec5 (type: security_group_rules) to 0
2026-05-08 00:28:52.464 10 INFO neutron.db.ovn_revision_numbers_db [None req-dbf604e8-bbc8-413e-bdd7-0e7240d47e7a 754989ad745348c2842035e4c954ed15 1e434a98de034528963e385f4ee83562 - - default default] Successfully bumped revision number for resource e71595de-2fec-4bb1-ab46-985651ac8ac1 (type: security_group_rules) to 0
2026-05-08 00:28:52.521 10 INFO neutron.api.wsgi [req-19484c38-04c5-4d12-b98a-06fddd7a38e6 req-488c00d4-5f3c-44e2-a929-3ab679c92885 09f4fb3c79a74ce3b025dd4367adf965 574f5af686b343f990a9ddca7b056bc6 - - default default] 10.0.0.250 "GET /v2.0/ports?tenant_id=574f5af686b343f990a9ddca7b056bc6&fields=id HTTP/1.1" status: 200 len: 302 time: 0.1111143
2026-05-08 00:28:52.548 10 INFO neutron.db.segments_db [None req-dbf604e8-bbc8-413e-bdd7-0e7240d47e7a 754989ad745348c2842035e4c954ed15 1e434a98de034528963e385f4ee83562 - - default default] Added segment a563843a-2b40-4ded-be1b-ab2c1d37c8be of type geneve for network 59d8bbfa-01f8-4a68-84f0-efff10f67268
2026-05-08 00:28:52.617 10 WARNING neutron.scheduler.dhcp_agent_scheduler [None req-f1e785f4-eba5-4815-984b-ad1d422bc615 754989ad745348c2842035e4c954ed15 1e434a98de034528963e385f4ee83562 - - default default] No more DHCP agents
2026-05-08 00:28:52.620 10 WARNING neutron.api.rpc.agentnotifiers.dhcp_rpc_agent_api [None req-f1e785f4-eba5-4815-984b-ad1d422bc615 754989ad745348c2842035e4c954ed15 1e434a98de034528963e385f4ee83562 - - default default] Unable to schedule network 47696ac9-65ff-444b-93b6-c431114b50b2: no agents available; will retry on subsequent port and subnet creation events.
2026-05-08 00:28:52.673 10 INFO neutron.db.ovn_revision_numbers_db [None req-dbf604e8-bbc8-413e-bdd7-0e7240d47e7a 754989ad745348c2842035e4c954ed15 1e434a98de034528963e385f4ee83562 - - default default] Successfully bumped revision number for resource 59d8bbfa-01f8-4a68-84f0-efff10f67268 (type: networks) to 1
2026-05-08 00:28:52.694 10 INFO neutron.db.ovn_revision_numbers_db [None req-f1e785f4-eba5-4815-984b-ad1d422bc615 754989ad745348c2842035e4c954ed15 1e434a98de034528963e385f4ee83562 - - default default] Successfully bumped revision number for resource 1d21b4e6-abfd-4c22-b8f0-875ffb6131cb (type: ports) to 1
2026-05-08 00:28:52.717 10 INFO neutron.api.wsgi [None req-f1e785f4-eba5-4815-984b-ad1d422bc615 754989ad745348c2842035e4c954ed15 1e434a98de034528963e385f4ee83562 - - default default] 10.0.0.37 "POST /v2.0/networks HTTP/1.1" status: 201 len: 945 time: 0.8903234
2026-05-08 00:28:52.832 10 WARNING neutron.scheduler.dhcp_agent_scheduler [None req-dbf604e8-bbc8-413e-bdd7-0e7240d47e7a 754989ad745348c2842035e4c954ed15 1e434a98de034528963e385f4ee83562 - - default default] No more DHCP agents
2026-05-08 00:28:52.833 10 WARNING neutron.api.rpc.agentnotifiers.dhcp_rpc_agent_api [None req-dbf604e8-bbc8-413e-bdd7-0e7240d47e7a 754989ad745348c2842035e4c954ed15 1e434a98de034528963e385f4ee83562 - - default default] Unable to schedule network 59d8bbfa-01f8-4a68-84f0-efff10f67268: no agents available; will retry on subsequent port and subnet creation events.
2026-05-08 00:28:52.854 9 WARNING neutron.scheduler.dhcp_agent_scheduler [None req-92b31c07-9932-4c78-9176-549a6747517c 754989ad745348c2842035e4c954ed15 1e434a98de034528963e385f4ee83562 - - default default] No more DHCP agents
2026-05-08 00:28:52.855 9 WARNING neutron.api.rpc.agentnotifiers.dhcp_rpc_agent_api [None req-92b31c07-9932-4c78-9176-549a6747517c 754989ad745348c2842035e4c954ed15 1e434a98de034528963e385f4ee83562 - - default default] Unable to schedule network 47696ac9-65ff-444b-93b6-c431114b50b2: no agents available; will retry on subsequent port and subnet creation events.
2026-05-08 00:28:52.902 10 INFO neutron.db.ovn_revision_numbers_db [None req-dbf604e8-bbc8-413e-bdd7-0e7240d47e7a 754989ad745348c2842035e4c954ed15 1e434a98de034528963e385f4ee83562 - - default default] Successfully bumped revision number for resource fe6bd590-535a-4882-a6de-efd3a85872e5 (type: ports) to 1
2026-05-08 00:28:52.921 10 INFO neutron.api.wsgi [None req-dbf604e8-bbc8-413e-bdd7-0e7240d47e7a 754989ad745348c2842035e4c954ed15 1e434a98de034528963e385f4ee83562 - - default default] 10.0.0.37 "POST /v2.0/networks HTTP/1.1" status: 201 len: 953 time: 0.8437474
2026-05-08 00:28:52.993 10 INFO neutron.api.wsgi [req-19484c38-04c5-4d12-b98a-06fddd7a38e6 req-ae7c59f1-0884-4107-b117-70d2289194eb 5a61d14ec71942d9ba839cb224b69985 f014bbe0d67a4e8d9adc079e7bb2a16b - - 1b55432df30e49d4b604d7e3bc98fc88 1b55432df30e49d4b604d7e3bc98fc88] 10.0.0.250 "GET /v2.0/extensions HTTP/1.1" status: 200 len: 19298 time: 0.0623968
2026-05-08 00:28:53.047 10 INFO neutron.api.wsgi [req-19484c38-04c5-4d12-b98a-06fddd7a38e6 req-a753568d-b5d5-480e-8cd1-2ae25af61555 5a61d14ec71942d9ba839cb224b69985 f014bbe0d67a4e8d9adc079e7bb2a16b - - 1b55432df30e49d4b604d7e3bc98fc88 1b55432df30e49d4b604d7e3bc98fc88] 10.0.0.250 "GET /v2.0/networks/9647e895-d02f-4d94-900a-a00b9ca738bb?fields=segments HTTP/1.1" status: 200 len: 212 time: 0.0435262
2026-05-08 00:28:53.085 10 WARNING neutron.scheduler.dhcp_agent_scheduler [None req-fab9bf71-692c-4306-85ba-3338a19fb985 754989ad745348c2842035e4c954ed15 1e434a98de034528963e385f4ee83562 - - default default] No more DHCP agents
2026-05-08 00:28:53.087 10 WARNING neutron.api.rpc.agentnotifiers.dhcp_rpc_agent_api [None req-fab9bf71-692c-4306-85ba-3338a19fb985 754989ad745348c2842035e4c954ed15 1e434a98de034528963e385f4ee83562 - - default default] Unable to schedule network 59d8bbfa-01f8-4a68-84f0-efff10f67268: no agents available; will retry on subsequent port and subnet creation events.
2026-05-08 00:28:53.101 10 INFO neutron.api.wsgi [req-19484c38-04c5-4d12-b98a-06fddd7a38e6 req-8e21525c-12db-4687-ba49-bc85a28020aa 5a61d14ec71942d9ba839cb224b69985 f014bbe0d67a4e8d9adc079e7bb2a16b - - 1b55432df30e49d4b604d7e3bc98fc88 1b55432df30e49d4b604d7e3bc98fc88] 10.0.0.250 "GET /v2.0/networks/9647e895-d02f-4d94-900a-a00b9ca738bb?fields=provider%3Aphysical_network&fields=provider%3Anetwork_type HTTP/1.1" status: 200 len: 277 time: 0.0484836
2026-05-08 00:28:53.246 9 INFO neutron.db.ovn_revision_numbers_db [None req-48628676-c6de-4e38-9f6a-e97d2b374335 - - - - - -] Successfully bumped revision number for resource 1d21b4e6-abfd-4c22-b8f0-875ffb6131cb (type: ports) to 2
2026-05-08 00:28:53.272 9 INFO neutron.db.ovn_revision_numbers_db [None req-48628676-c6de-4e38-9f6a-e97d2b374335 - - - - - -] Successfully bumped revision number for resource 713193ca-5720-40c0-b698-ba3067d68414 (type: subnets) to 0
2026-05-08 00:28:53.288 9 INFO neutron.api.wsgi [None req-92b31c07-9932-4c78-9176-549a6747517c 754989ad745348c2842035e4c954ed15 1e434a98de034528963e385f4ee83562 - - default default] 10.0.0.37 "POST /v2.0/subnets HTTP/1.1" status: 201 len: 889 time: 0.5652268
2026-05-08 00:28:53.447 10 INFO neutron.api.wsgi [req-da7ebe3c-e7b8-4f5e-83e2-f0462bb0b21d req-5df81a40-df8d-41d7-bd32-16ab6c78aa77 09f4fb3c79a74ce3b025dd4367adf965 574f5af686b343f990a9ddca7b056bc6 - - default default] 10.0.0.250 "GET /v2.0/ports?device_id=85ffc1a5-cd07-455f-8ae1-a30b67699334 HTTP/1.1" status: 200 len: 210 time: 0.0337572
2026-05-08 00:28:53.503 10 INFO neutron.db.ovn_revision_numbers_db [None req-6ba14874-f0ab-4502-9322-d5264ec63f9c - - - - - -] Successfully bumped revision number for resource fe6bd590-535a-4882-a6de-efd3a85872e5 (type: ports) to 2
2026-05-08 00:28:53.534 10 INFO neutron.db.ovn_revision_numbers_db [None req-6ba14874-f0ab-4502-9322-d5264ec63f9c - - - - - -] Successfully bumped revision number for resource cf80f518-b152-4c94-9c70-6711b2664ad1 (type: subnets) to 0
2026-05-08 00:28:53.547 10 INFO neutron.api.wsgi [None req-fab9bf71-692c-4306-85ba-3338a19fb985 754989ad745348c2842035e4c954ed15 1e434a98de034528963e385f4ee83562 - - default default] 10.0.0.37 "POST /v2.0/subnets HTTP/1.1" status: 201 len: 898 time: 0.6221766
2026-05-08 00:28:53.676 9 WARNING neutron.scheduler.dhcp_agent_scheduler [None req-0d72db20-98ee-4016-97c8-54f3f2bd0109 754989ad745348c2842035e4c954ed15 1e434a98de034528963e385f4ee83562 - - default default] No more DHCP agents
