2026-05-08 00:29:13.891 10 INFO neutron.api.wsgi [req-0fc40e40-8e1f-402f-905f-c763a63a8042 req-c091ea04-d2f7-49d9-83d9-add010326f2d 5a61d14ec71942d9ba839cb224b69985 f014bbe0d67a4e8d9adc079e7bb2a16b - - 1b55432df30e49d4b604d7e3bc98fc88 1b55432df30e49d4b604d7e3bc98fc88] 199.19.213.168 "GET /v2.0/ports?tenant_id=574f5af686b343f990a9ddca7b056bc6&device_id=85ffc1a5-cd07-455f-8ae1-a30b67699334 HTTP/1.1" status: 200 len: 1413 time: 0.0321250
2026-05-08 00:29:13.896 10 WARNING neutron_lib.context [None req-28b53e69-5733-4677-a781-c5c27bc84979 66f25554ac7146e6bb6cbcf142fd5064 8eb3aadefaec44d094e3d5933cf5ee14 - - default default] Method 'is_advsvc' is deprecated since 2023.2 release (neutron-lib 3.8.0) and will be removed once support for the old RBAC API policies will be removed from Neutron. Please use method 'is_service_role' instead.
2026-05-08 00:29:13.911 9 INFO neutron.plugins.ml2.drivers.ovn.mech_driver.mech_driver [None req-66c1e203-93b6-43f0-bdda-eea952ac84dd - - - - - -] OVN reports status down for port: 593c88e4-a660-4043-8738-10e67a4b09f0
2026-05-08 00:29:13.965 10 INFO neutron.api.wsgi [req-0fc40e40-8e1f-402f-905f-c763a63a8042 req-363ab8fa-8fb1-488f-a9a2-20116d89d0e8 5a61d14ec71942d9ba839cb224b69985 f014bbe0d67a4e8d9adc079e7bb2a16b - - 1b55432df30e49d4b604d7e3bc98fc88 1b55432df30e49d4b604d7e3bc98fc88] 199.19.213.168 "GET /v2.0/networks?id=9647e895-d02f-4d94-900a-a00b9ca738bb HTTP/1.1" status: 200 len: 977 time: 0.0586188
2026-05-08 00:29:13.974 9 INFO neutron.db.ovn_revision_numbers_db [None req-0309c438-dfe3-4173-9a51-053adc290828 fac35bf91b6b4807a9488776cd5c2c27 c7042e6463204b7bbeec074e44c6d86e - - default default] Successfully bumped revision number for resource 06e48a5d-eb08-4c15-b39d-52e66b43efbc (type: floatingips) to 2
2026-05-08 00:29:13.974 9 INFO neutron.db.l3_db [None req-0309c438-dfe3-4173-9a51-053adc290828 fac35bf91b6b4807a9488776cd5c2c27 c7042e6463204b7bbeec074e44c6d86e - - default default] Floating IP 06e48a5d-eb08-4c15-b39d-52e66b43efbc associated. External IP: 10.96.250.210, port: 889bcd1d-023b-413f-810c-6326e57b1e74.
2026-05-08 00:29:14.005 9 INFO neutron.api.wsgi [None req-0309c438-dfe3-4173-9a51-053adc290828 fac35bf91b6b4807a9488776cd5c2c27 c7042e6463204b7bbeec074e44c6d86e - - default default] 10.0.0.37 "PUT /v2.0/floatingips/06e48a5d-eb08-4c15-b39d-52e66b43efbc HTTP/1.1" status: 200 len: 1050 time: 0.7247708
2026-05-08 00:29:14.029 10 INFO neutron.api.wsgi [req-3e4469c3-26bd-4adf-8915-918aab20cb29 req-62643ae4-d4c5-4650-83d2-aecf6a1889a3 bd400c3952884d9783cee35b1655d7d5 122e539fabc3404b956ef197619bff10 - - default default] 10.0.0.250 "GET /v2.0/ports?device_id=02185fe5-a881-41c6-b10a-70334da8fe72 HTTP/1.1" status: 200 len: 1170 time: 0.0682268
2026-05-08 00:29:14.035 10 INFO neutron.api.wsgi [req-0fc40e40-8e1f-402f-905f-c763a63a8042 req-9a43e333-128f-43a6-96ca-90451879125b 5a61d14ec71942d9ba839cb224b69985 f014bbe0d67a4e8d9adc079e7bb2a16b - - 1b55432df30e49d4b604d7e3bc98fc88 1b55432df30e49d4b604d7e3bc98fc88] 199.19.213.168 "GET /v2.0/floatingips?fixed_ip_address=10.100.0.12&port_id=593c88e4-a660-4043-8738-10e67a4b09f0 HTTP/1.1" status: 200 len: 1060 time: 0.0612788
2026-05-08 00:29:14.096 10 INFO neutron.api.wsgi [req-0fc40e40-8e1f-402f-905f-c763a63a8042 req-3d3a94cd-0cb2-446f-adf8-53f707b36b87 5a61d14ec71942d9ba839cb224b69985 f014bbe0d67a4e8d9adc079e7bb2a16b - - 1b55432df30e49d4b604d7e3bc98fc88 1b55432df30e49d4b604d7e3bc98fc88] 199.19.213.168 "GET /v2.0/subnets?id=4ced0afd-54db-4f4c-bee1-87606753d6f7 HTTP/1.1" status: 200 len: 896 time: 0.0566595
2026-05-08 00:29:14.116 10 INFO neutron.api.wsgi [req-acdc4d45-9735-4378-89eb-c70005cc0475 req-0f546c9a-343d-41ed-a8e9-68071f5f6b14 fac35bf91b6b4807a9488776cd5c2c27 c7042e6463204b7bbeec074e44c6d86e - - default default] 10.0.0.250 "GET /v2.0/ports?device_id=29670f2c-0071-4407-9a50-804c2905955c HTTP/1.1" status: 200 len: 1174 time: 0.0673556
2026-05-08 00:29:14.132 10 INFO neutron.api.wsgi [req-3e4469c3-26bd-4adf-8915-918aab20cb29 req-8e003550-4eba-40b4-aa8f-978556d74b54 bd400c3952884d9783cee35b1655d7d5 122e539fabc3404b956ef197619bff10 - - default default] 10.0.0.250 "GET /v2.0/security-groups?id=c08055a2-4862-431f-86cf-9900dec02bc4&fields=id&fields=name HTTP/1.1" status: 200 len: 312 time: 0.0921943
2026-05-08 00:29:14.134 10 INFO neutron.api.wsgi [req-0fc40e40-8e1f-402f-905f-c763a63a8042 req-41e4a3b4-a9d1-48ee-a204-2c7b5aa8e9bb 5a61d14ec71942d9ba839cb224b69985 f014bbe0d67a4e8d9adc079e7bb2a16b - - 1b55432df30e49d4b604d7e3bc98fc88 1b55432df30e49d4b604d7e3bc98fc88] 199.19.213.168 "GET /v2.0/ports?network_id=9647e895-d02f-4d94-900a-a00b9ca738bb&device_owner=network%3Adhcp HTTP/1.1" status: 200 len: 210 time: 0.0305238
2026-05-08 00:29:14.147 9 INFO neutron.db.ovn_revision_numbers_db [None req-66c1e203-93b6-43f0-bdda-eea952ac84dd - - - - - -] Successfully bumped revision number for resource 593c88e4-a660-4043-8738-10e67a4b09f0 (type: ports) to 6
2026-05-08 00:29:14.196 10 INFO neutron.api.wsgi [req-acdc4d45-9735-4378-89eb-c70005cc0475 req-e5d30855-57d6-48bc-b03d-e48f595d1976 fac35bf91b6b4807a9488776cd5c2c27 c7042e6463204b7bbeec074e44c6d86e - - default default] 10.0.0.250 "GET /v2.0/security-groups?id=a8f43fff-4091-42dd-9ca1-8ac388dd9746&fields=id&fields=name HTTP/1.1" status: 200 len: 313 time: 0.0754120
2026-05-08 00:29:14.237 10 INFO neutron.api.wsgi [req-0fc40e40-8e1f-402f-905f-c763a63a8042 req-71bab5fe-9974-4b34-b5c2-64ab0ec2ac0d 5a61d14ec71942d9ba839cb224b69985 f014bbe0d67a4e8d9adc079e7bb2a16b - - 1b55432df30e49d4b604d7e3bc98fc88 1b55432df30e49d4b604d7e3bc98fc88] 199.19.213.168 "GET /v2.0/networks/9647e895-d02f-4d94-900a-a00b9ca738bb?fields=segments HTTP/1.1" status: 200 len: 212 time: 0.0995932
2026-05-08 00:29:14.258 10 INFO neutron.api.wsgi [req-5ac94fa0-e204-45da-8cfd-809a03510c1b req-0b169245-4412-4591-a4a6-9456eeff9150 bd400c3952884d9783cee35b1655d7d5 122e539fabc3404b956ef197619bff10 - - default default] 10.0.0.250 "GET /v2.0/ports?device_id=02185fe5-a881-41c6-b10a-70334da8fe72 HTTP/1.1" status: 200 len: 1170 time: 0.0530865 /var/lib/openstack/lib/python3.12/site-packages/pycadf/identifier.py:71: UserWarning: Invalid uuid: neutron. To ensure interoperability, identifiers should be a valid uuid. warnings.warn(('Invalid uuid: %s. To ensure interoperability, '
2026-05-08 00:29:14.294 10 INFO neutron.api.wsgi [req-0fc40e40-8e1f-402f-905f-c763a63a8042 req-9d9246f3-71cf-4f91-bf90-efbfcf6cfaab 5a61d14ec71942d9ba839cb224b69985 f014bbe0d67a4e8d9adc079e7bb2a16b - - 1b55432df30e49d4b604d7e3bc98fc88 1b55432df30e49d4b604d7e3bc98fc88] 199.19.213.168 "GET /v2.0/networks/9647e895-d02f-4d94-900a-a00b9ca738bb?fields=provider%3Aphysical_network&fields=provider%3Anetwork_type HTTP/1.1" status: 200 len: 277 time: 0.0510070
2026-05-08 00:29:14.347 10 WARNING neutron.scheduler.dhcp_agent_scheduler [None req-28b53e69-5733-4677-a781-c5c27bc84979 66f25554ac7146e6bb6cbcf142fd5064 8eb3aadefaec44d094e3d5933cf5ee14 - - default default] No more DHCP agents
2026-05-08 00:29:14.348 10 WARNING neutron.api.rpc.agentnotifiers.dhcp_rpc_agent_api [None req-28b53e69-5733-4677-a781-c5c27bc84979 66f25554ac7146e6bb6cbcf142fd5064 8eb3aadefaec44d094e3d5933cf5ee14 - - default default] Unable to schedule network 39ee3749-af0d-496a-afdd-a29113d59fc0: no agents available; will retry on subsequent port and subnet creation events.
2026-05-08 00:29:14.489 10 INFO neutron.api.wsgi [req-228ede9b-27f8-47a5-b141-f0d54d49bd07 req-8d02a53a-fd27-429d-bf30-35382adfae60 fac35bf91b6b4807a9488776cd5c2c27 c7042e6463204b7bbeec074e44c6d86e - - default default] 10.0.0.250 "GET /v2.0/ports?device_id=29670f2c-0071-4407-9a50-804c2905955c HTTP/1.1" status: 200 len: 1174 time: 0.0393877
2026-05-08 00:29:14.532 10 INFO neutron.api.wsgi [req-228ede9b-27f8-47a5-b141-f0d54d49bd07 req-f73b3e10-13ad-4c9f-a5e6-dee32a988087 fac35bf91b6b4807a9488776cd5c2c27 c7042e6463204b7bbeec074e44c6d86e - - default default] 10.0.0.250 "GET /v2.0/security-groups?id=a8f43fff-4091-42dd-9ca1-8ac388dd9746&fields=id&fields=name HTTP/1.1" status: 200 len: 313 time: 0.0379481
2026-05-08 00:29:14.684 10 INFO neutron.api.wsgi [req-949bc1b1-cdb7-4c0c-b6de-c0ffa5a3fb90 req-031ea6d8-12f2-4e73-9f99-9dc895918dee 09f4fb3c79a74ce3b025dd4367adf965 574f5af686b343f990a9ddca7b056bc6 - - default default] 10.0.0.250 "GET /v2.0/ports?device_id=85ffc1a5-cd07-455f-8ae1-a30b67699334 HTTP/1.1" status: 200 len: 1172 time: 0.0366137
2026-05-08 00:29:14.722 10 INFO neutron.api.wsgi [req-949bc1b1-cdb7-4c0c-b6de-c0ffa5a3fb90 req-f3e3e0af-6bf8-43b3-bddf-7e1d28688cb0 09f4fb3c79a74ce3b025dd4367adf965 574f5af686b343f990a9ddca7b056bc6 - - default default] 10.0.0.250 "GET /v2.0/security-groups?id=5f4b8854-5fd7-486d-9f2b-8d0b5e752f5a&fields=id&fields=name HTTP/1.1" status: 200 len: 313 time: 0.0314713
2026-05-08 00:29:14.798 9 INFO neutron.db.ovn_revision_numbers_db [None req-c92aaecb-ad30-429c-a91f-f46bea38ddca bd400c3952884d9783cee35b1655d7d5 122e539fabc3404b956ef197619bff10 - - default default] Successfully bumped revision number for resource 41ed48a3-979c-4cdf-9700-0eff15d98574 (type: floatingips) to 1
2026-05-08 00:29:14.840 10 INFO neutron.db.ovn_revision_numbers_db [None req-b68721af-5383-46f8-9632-423339232b18 - - - - - -] Successfully bumped revision number for resource 96e95406-a842-4b31-b594-128ed47a635f (type: ports) to 2
2026-05-08 00:29:14.868 10 INFO neutron.db.ovn_revision_numbers_db [None req-b68721af-5383-46f8-9632-423339232b18 - - - - - -] Successfully bumped revision number for resource 23121709-e5c7-4e25-a959-9e6828a681c8 (type: subnets) to 0
2026-05-08 00:29:14.895 9 INFO neutron.db.ovn_revision_numbers_db [None req-c92aaecb-ad30-429c-a91f-f46bea38ddca bd400c3952884d9783cee35b1655d7d5 122e539fabc3404b956ef197619bff10 - - default default] Successfully bumped revision number for resource 41ed48a3-979c-4cdf-9700-0eff15d98574 (type: floatingips) to 2
2026-05-08 00:29:14.895 9 INFO neutron.db.l3_db [None req-c92aaecb-ad30-429c-a91f-f46bea38ddca bd400c3952884d9783cee35b1655d7d5 122e539fabc3404b956ef197619bff10 - - default default] Floating IP 41ed48a3-979c-4cdf-9700-0eff15d98574 associated. External IP: 10.96.250.214, port: c32c0d4a-4ccc-44cd-9382-f25fded822e5.
2026-05-08 00:29:14.901 10 WARNING neutron.scheduler.dhcp_agent_scheduler [None req-28b53e69-5733-4677-a781-c5c27bc84979 66f25554ac7146e6bb6cbcf142fd5064 8eb3aadefaec44d094e3d5933cf5ee14 - - default default] No more DHCP agents
2026-05-08 00:29:14.902 10 WARNING neutron.api.rpc.agentnotifiers.dhcp_rpc_agent_api [None req-28b53e69-5733-4677-a781-c5c27bc84979 66f25554ac7146e6bb6cbcf142fd5064 8eb3aadefaec44d094e3d5933cf5ee14 - - default default] Unable to schedule network 5ad36261-48c7-4eac-9c77-9af14d029046: no agents available; will retry on subsequent port and subnet creation events.
2026-05-08 00:29:14.926 9 INFO neutron.api.wsgi [None req-c92aaecb-ad30-429c-a91f-f46bea38ddca bd400c3952884d9783cee35b1655d7d5 122e539fabc3404b956ef197619bff10 - - default default] 10.0.0.37 "PUT /v2.0/floatingips/41ed48a3-979c-4cdf-9700-0eff15d98574 HTTP/1.1" status: 200 len: 1049 time: 0.6558619
2026-05-08 00:29:14.997 10 INFO neutron.plugins.ml2.drivers.ovn.mech_driver.mech_driver [None req-a162d8c7-23f9-46a1-be23-69251c28fe94 - - - - - -] OVN reports status down for port: 889bcd1d-023b-413f-810c-6326e57b1e74
2026-05-08 00:29:15.005 10 INFO neutron.api.wsgi [req-cc271a9a-12da-4d4c-a78d-4f7311d5f267 req-61d931dd-46a9-4918-af3b-7a4f5408910b bd400c3952884d9783cee35b1655d7d5 122e539fabc3404b956ef197619bff10 - - default default] 10.0.0.250 "GET /v2.0/ports?device_id=02185fe5-a881-41c6-b10a-70334da8fe72 HTTP/1.1" status: 200 len: 1170 time: 0.0405066
2026-05-08 00:29:15.059 10 INFO neutron.api.wsgi [req-cc271a9a-12da-4d4c-a78d-4f7311d5f267 req-868c5b97-bbab-43ac-aba7-8fe1c67e4284 bd400c3952884d9783cee35b1655d7d5 122e539fabc3404b956ef197619bff10 - - default default] 10.0.0.250 "GET /v2.0/security-groups?id=c08055a2-4862-431f-86cf-9900dec02bc4&fields=id&fields=name HTTP/1.1" status: 200 len: 312 time: 0.0469363
2026-05-08 00:29:15.163 10 INFO neutron.api.wsgi [req-44097953-f374-43ca-be73-4e6f7030822c req-cd99ac1a-ad0b-4ef2-b9b8-a8315f0df54a 09f4fb3c79a74ce3b025dd4367adf965 574f5af686b343f990a9ddca7b056bc6 - - default default] 199.19.213.168 "GET /v2.0/ports?device_id=85ffc1a5-cd07-455f-8ae1-a30b67699334 HTTP/1.1" status: 200 len: 1172 time: 0.0503006
2026-05-08 00:29:15.175 10 INFO neutron.notifiers.nova [-] Nova event matching ['req-225ef3e1-5b21-4a3c-a5b3-723b402d31db'] response: {'server_uuid': '29670f2c-0071-4407-9a50-804c2905955c', 'name': 'network-vif-unplugged', 'status': 'completed', 'tag': '889bcd1d-023b-413f-810c-6326e57b1e74', 'code': 200}
2026-05-08 00:29:15.382 10 INFO neutron.db.ovn_revision_numbers_db [None req-a162d8c7-23f9-46a1-be23-69251c28fe94 - - - - - -] Successfully bumped revision number for resource 889bcd1d-023b-413f-810c-6326e57b1e74 (type: ports) to 6
2026-05-08 00:29:15.385 9 INFO neutron.notifiers.nova [-] Nova event matching ['req-89d151da-aef6-4b32-b2d1-bb860139863d'] response: {'name': 'network-changed', 'server_uuid': '29670f2c-0071-4407-9a50-804c2905955c', 'tag': '889bcd1d-023b-413f-810c-6326e57b1e74', 'status': 'completed', 'code': 200}
2026-05-08 00:29:15.386 9 INFO neutron.notifiers.nova [-] Nova event matching ['req-89d151da-aef6-4b32-b2d1-bb860139863d'] response: {'server_uuid': '85ffc1a5-cd07-455f-8ae1-a30b67699334', 'name': 'network-vif-unplugged', 'status': 'completed', 'tag': '593c88e4-a660-4043-8738-10e67a4b09f0', 'code': 200}
2026-05-08 00:29:15.386 9 INFO neutron.notifiers.nova [-] Nova event matching ['req-89d151da-aef6-4b32-b2d1-bb860139863d'] response: {'server_uuid': '85ffc1a5-cd07-455f-8ae1-a30b67699334', 'name': 'network-vif-unplugged', 'status': 'completed', 'tag': '593c88e4-a660-4043-8738-10e67a4b09f0', 'code': 200}
2026-05-08 00:29:15.386 9 INFO neutron.notifiers.nova [-] Nova event matching ['req-89d151da-aef6-4b32-b2d1-bb860139863d'] response: {'name': 'network-changed', 'server_uuid': '02185fe5-a881-41c6-b10a-70334da8fe72', 'tag': 'c32c0d4a-4ccc-44cd-9382-f25fded822e5', 'status': 'completed', 'code': 200} /var/lib/openstack/lib/python3.12/site-packages/pycadf/identifier.py:71: UserWarning: Invalid uuid: neutron. To ensure interoperability, identifiers should be a valid uuid. warnings.warn(('Invalid uuid: %s. To ensure interoperability, '
2026-05-08 00:29:15.639 10 INFO neutron.api.wsgi [req-d8785e87-4c1f-4a2e-a395-6179592306a8 req-3b63ec3a-ad4d-4203-bb14-873a8009fc6c fac35bf91b6b4807a9488776cd5c2c27 c7042e6463204b7bbeec074e44c6d86e - - default default] 10.0.0.250 "GET /v2.0/ports?device_id=29670f2c-0071-4407-9a50-804c2905955c HTTP/1.1" status: 200 len: 1172 time: 0.0431426
2026-05-08 00:29:15.644 10 INFO neutron.db.ovn_revision_numbers_db [None req-f05fc68d-01ef-4f47-a5e7-47f416478869 - - - - - -] Successfully bumped revision number for resource 3878c1a9-71f6-432d-ae17-fd921021367f (type: ports) to 2 /var/lib/openstack/lib/python3.12/site-packages/pycadf/identifier.py:71: UserWarning: Invalid uuid: neutron. To ensure interoperability, identifiers should be a valid uuid. warnings.warn(('Invalid uuid: %s. To ensure interoperability, '
2026-05-08 00:29:15.920 10 INFO neutron.db.l3_db [req-44097953-f374-43ca-be73-4e6f7030822c req-c52c0125-c95d-4fb3-9893-bbf074b20b8a 09f4fb3c79a74ce3b025dd4367adf965 574f5af686b343f990a9ddca7b056bc6 - - default default] Floating IP 2092abee-c490-4a2c-a4a8-137a059f9756 disassociated. External IP: 10.96.250.203, port: 593c88e4-a660-4043-8738-10e67a4b09f0.
2026-05-08 00:29:15.933 10 INFO neutron.db.ovn_revision_numbers_db [None req-f05fc68d-01ef-4f47-a5e7-47f416478869 - - - - - -] Successfully bumped revision number for resource e68ae468-d8b5-4de4-995e-074c54fe2d7c (type: subnets) to 0
2026-05-08 00:29:15.943 10 INFO neutron.api.wsgi [req-78275aa8-389a-4ecb-94d8-a2f05b6a8a5f req-d95729cb-71d4-4bf2-bca2-b7a3a2538aa6 09f4fb3c79a74ce3b025dd4367adf965 574f5af686b343f990a9ddca7b056bc6 - - default default] 10.0.0.250 "GET /v2.0/ports?device_id=85ffc1a5-cd07-455f-8ae1-a30b67699334 HTTP/1.1" status: 200 len: 1172 time: 0.0730412
2026-05-08 00:29:15.960 10 INFO neutron.api.wsgi [req-d8785e87-4c1f-4a2e-a395-6179592306a8 req-0ec89d29-3e30-43e3-a7c1-7e37493bc187 fac35bf91b6b4807a9488776cd5c2c27 c7042e6463204b7bbeec074e44c6d86e - - default default] 10.0.0.250 "GET /v2.0/security-groups?id=a8f43fff-4091-42dd-9ca1-8ac388dd9746&fields=id&fields=name HTTP/1.1" status: 200 len: 313 time: 0.3140776
2026-05-08 00:29:15.967 10 INFO neutron.api.wsgi [req-4e85aec0-d28b-495a-90f2-9ddf1d98350c req-0988949b-e440-4075-8118-73963dc5c4cd 5a61d14ec71942d9ba839cb224b69985 f014bbe0d67a4e8d9adc079e7bb2a16b - - 1b55432df30e49d4b604d7e3bc98fc88 1b55432df30e49d4b604d7e3bc98fc88] 199.19.213.168 "GET /v2.0/ports?tenant_id=c7042e6463204b7bbeec074e44c6d86e&device_id=29670f2c-0071-4407-9a50-804c2905955c HTTP/1.1" status: 200 len: 1411 time: 0.0662827
2026-05-08 00:29:15.978 10 INFO neutron.api.wsgi [None req-28b53e69-5733-4677-a781-c5c27bc84979 66f25554ac7146e6bb6cbcf142fd5064 8eb3aadefaec44d094e3d5933cf5ee14 - - default default] 10.0.0.37 "POST /v2.0/subnets HTTP/1.1" status: 201 len: 1473 time: 2.1423259 /var/lib/openstack/lib/python3.12/site-packages/pycadf/identifier.py:71: UserWarning: Invalid uuid: neutron. To ensure interoperability, identifiers should be a valid uuid. warnings.warn(('Invalid uuid: %s. To ensure interoperability, '
2026-05-08 00:29:16.017 9 INFO neutron.api.wsgi [None req-793e7b21-b833-41c5-8356-5b64f92ba190 66f25554ac7146e6bb6cbcf142fd5064 8eb3aadefaec44d094e3d5933cf5ee14 - - default default] 10.0.0.37 "GET /v2.0/subnets HTTP/1.1" status: 200 len: 2104 time: 0.0349033
2026-05-08 00:29:16.027 10 INFO neutron.api.wsgi [req-78275aa8-389a-4ecb-94d8-a2f05b6a8a5f req-85a9aecc-b5d9-488e-8eb3-d9bcbbe3b235 09f4fb3c79a74ce3b025dd4367adf965 574f5af686b343f990a9ddca7b056bc6 - - default default] 10.0.0.250 "GET /v2.0/security-groups?id=5f4b8854-5fd7-486d-9f2b-8d0b5e752f5a&fields=id&fields=name HTTP/1.1" status: 200 len: 313 time: 0.0718670
2026-05-08 00:29:16.039 10 INFO neutron.api.wsgi [req-4e85aec0-d28b-495a-90f2-9ddf1d98350c req-51122ab9-54b5-4c95-a86e-a682fec89ee0 5a61d14ec71942d9ba839cb224b69985 f014bbe0d67a4e8d9adc079e7bb2a16b - - 1b55432df30e49d4b604d7e3bc98fc88 1b55432df30e49d4b604d7e3bc98fc88] 199.19.213.168 "GET /v2.0/networks?id=47696ac9-65ff-444b-93b6-c431114b50b2 HTTP/1.1" status: 200 len: 973 time: 0.0654421
2026-05-08 00:29:16.086 10 INFO neutron.api.wsgi [req-44097953-f374-43ca-be73-4e6f7030822c req-c52c0125-c95d-4fb3-9893-bbf074b20b8a 09f4fb3c79a74ce3b025dd4367adf965 574f5af686b343f990a9ddca7b056bc6 - - default default] 199.19.213.168 "DELETE /v2.0/ports/593c88e4-a660-4043-8738-10e67a4b09f0 HTTP/1.1" status: 204 len: 173 time: 0.9198399
2026-05-08 00:29:16.094 10 INFO neutron.api.wsgi [req-4e85aec0-d28b-495a-90f2-9ddf1d98350c req-438c168d-55e2-4358-a051-0ec56012ea99 5a61d14ec71942d9ba839cb224b69985 f014bbe0d67a4e8d9adc079e7bb2a16b - - 1b55432df30e49d4b604d7e3bc98fc88 1b55432df30e49d4b604d7e3bc98fc88] 199.19.213.168 "GET /v2.0/floatingips?fixed_ip_address=10.100.0.13&port_id=889bcd1d-023b-413f-810c-6326e57b1e74 HTTP/1.1" status: 200 len: 1058 time: 0.0500016
2026-05-08 00:29:16.122 10 INFO neutron.api.wsgi [req-4e85aec0-d28b-495a-90f2-9ddf1d98350c req-3cc9473d-e612-4e1a-a125-1518ae5a9518 5a61d14ec71942d9ba839cb224b69985 f014bbe0d67a4e8d9adc079e7bb2a16b - - 1b55432df30e49d4b604d7e3bc98fc88 1b55432df30e49d4b604d7e3bc98fc88] 199.19.213.168 "GET /v2.0/subnets?id=713193ca-5720-40c0-b698-ba3067d68414 HTTP/1.1" status: 200 len: 892 time: 0.0220885
2026-05-08 00:29:16.146 10 INFO neutron.api.wsgi [req-4e85aec0-d28b-495a-90f2-9ddf1d98350c req-2ed51a18-ba74-4e86-8126-c7f7643895b0 5a61d14ec71942d9ba839cb224b69985 f014bbe0d67a4e8d9adc079e7bb2a16b - - 1b55432df30e49d4b604d7e3bc98fc88 1b55432df30e49d4b604d7e3bc98fc88] 199.19.213.168 "GET /v2.0/ports?network_id=47696ac9-65ff-444b-93b6-c431114b50b2&device_owner=network%3Adhcp HTTP/1.1" status: 200 len: 210 time: 0.0205767
2026-05-08 00:29:16.202 9 INFO neutron.api.wsgi [None req-0ba094f7-dd76-40e6-b891-cd89130300c3 66f25554ac7146e6bb6cbcf142fd5064 8eb3aadefaec44d094e3d5933cf5ee14 - - default default] 10.0.0.37 "DELETE /v2.0/subnets/23121709-e5c7-4e25-a959-9e6828a681c8 HTTP/1.1" status: 204 len: 168 time: 0.1793299
2026-05-08 00:29:16.215 10 INFO neutron.api.wsgi [req-4e85aec0-d28b-495a-90f2-9ddf1d98350c req-92cbb212-3cdb-4661-9fe8-6b1c04925e4d 5a61d14ec71942d9ba839cb224b69985 f014bbe0d67a4e8d9adc079e7bb2a16b - - 1b55432df30e49d4b604d7e3bc98fc88 1b55432df30e49d4b604d7e3bc98fc88] 199.19.213.168 "GET /v2.0/networks/47696ac9-65ff-444b-93b6-c431114b50b2?fields=segments HTTP/1.1" status: 200 len: 212 time: 0.0631363
2026-05-08 00:29:16.277 10 INFO neutron.api.wsgi [req-4e85aec0-d28b-495a-90f2-9ddf1d98350c req-5d0062bf-1882-4857-a4d0-4da15ac27d21 5a61d14ec71942d9ba839cb224b69985 f014bbe0d67a4e8d9adc079e7bb2a16b - - 1b55432df30e49d4b604d7e3bc98fc88 1b55432df30e49d4b604d7e3bc98fc88] 199.19.213.168 "GET /v2.0/networks/47696ac9-65ff-444b-93b6-c431114b50b2?fields=provider%3Aphysical_network&fields=provider%3Anetwork_type HTTP/1.1" status: 200 len: 277 time: 0.0532379
2026-05-08 00:29:16.304 10 INFO neutron.api.wsgi [req-9de1e24e-cd35-448d-b338-1e9f023b3069 req-05869331-1987-47df-b668-de863dfe3656 fac35bf91b6b4807a9488776cd5c2c27 c7042e6463204b7bbeec074e44c6d86e - - default default] 199.19.213.168 "GET /v2.0/ports?device_id=29670f2c-0071-4407-9a50-804c2905955c HTTP/1.1" status: 200 len: 1172 time: 0.0995917
2026-05-08 00:29:16.378 9 INFO neutron.api.wsgi [None req-e401ff0a-1b7f-4203-9d55-ff55490fe9a0 66f25554ac7146e6bb6cbcf142fd5064 8eb3aadefaec44d094e3d5933cf5ee14 - - default default] 10.0.0.37 "DELETE /v2.0/subnets/e68ae468-d8b5-4de4-995e-074c54fe2d7c HTTP/1.1" status: 204 len: 168 time: 0.1722121
2026-05-08 00:29:16.401 9 INFO neutron.api.wsgi [None req-da5da5e9-4078-4851-92df-b11c2a34885c 66f25554ac7146e6bb6cbcf142fd5064 8eb3aadefaec44d094e3d5933cf5ee14 - - default default] 10.0.0.37 "GET /v2.0/subnets HTTP/1.1" status: 200 len: 843 time: 0.0186861
2026-05-08 00:29:16.594 10 INFO neutron.db.l3_db [req-9de1e24e-cd35-448d-b338-1e9f023b3069 req-688c0888-3d48-4d02-8d3b-90f99f7cf3d1 fac35bf91b6b4807a9488776cd5c2c27 c7042e6463204b7bbeec074e44c6d86e - - default default] Floating IP 06e48a5d-eb08-4c15-b39d-52e66b43efbc disassociated. External IP: 10.96.250.210, port: 889bcd1d-023b-413f-810c-6326e57b1e74.
2026-05-08 00:29:16.708 10 INFO neutron.api.wsgi [req-9de1e24e-cd35-448d-b338-1e9f023b3069 req-688c0888-3d48-4d02-8d3b-90f99f7cf3d1 fac35bf91b6b4807a9488776cd5c2c27 c7042e6463204b7bbeec074e44c6d86e - - default default] 199.19.213.168 "DELETE /v2.0/ports/889bcd1d-023b-413f-810c-6326e57b1e74 HTTP/1.1" status: 204 len: 173 time: 0.4005518
2026-05-08 00:29:16.749 9 INFO neutron.services.segments.plugin [-] Segment a8776b16-d7fa-482f-b1a2-93162045975e resource provider aggregate not found
2026-05-08 00:29:16.752 9 INFO neutron.services.segments.plugin [-] Segment a8776b16-d7fa-482f-b1a2-93162045975e resource provider aggregate not found
2026-05-08 00:29:16.765 9 INFO neutron.services.segments.plugin [-] Segment a8776b16-d7fa-482f-b1a2-93162045975e resource provider not found; error: Placement Client Error (4xx): {"errors": [{"status": 404, "title": "Not Found", "detail": "The resource could not be found.\n\n No resource provider with uuid a8776b16-d7fa-482f-b1a2-93162045975e found for delete ", "request_id": "req-afd8e5c0-38bb-4482-8dc4-3c41297f445a"}]}
2026-05-08 00:29:16.768 9 INFO neutron.services.segments.plugin [-] Segment a8776b16-d7fa-482f-b1a2-93162045975e resource provider not found; error: Placement Client Error (4xx): {"errors": [{"status": 404, "title": "Not Found", "detail": "The resource could not be found.\n\n No resource provider with uuid a8776b16-d7fa-482f-b1a2-93162045975e found for delete ", "request_id": "req-20f7b4b8-035f-40e6-81f3-c7345de3a9d5"}]}
2026-05-08 00:29:16.792 9 INFO neutron.api.wsgi [None req-6d007e49-b4ba-4352-9d65-f514b7d8b90e 66f25554ac7146e6bb6cbcf142fd5064 8eb3aadefaec44d094e3d5933cf5ee14 - - default default] 10.0.0.37 "DELETE /v2.0/networks/5ad36261-48c7-4eac-9c77-9af14d029046 HTTP/1.1" status: 204 len: 168 time: 0.3862598 /var/lib/openstack/lib/python3.12/site-packages/pycadf/identifier.py:71: UserWarning: Invalid uuid: neutron. To ensure interoperability, identifiers should be a valid uuid. warnings.warn(('Invalid uuid: %s. To ensure interoperability, '
2026-05-08 00:29:17.035 10 INFO neutron.api.wsgi [req-751f0565-2d62-4770-bd5d-db1b202cc1a4 req-dcebb940-f450-4cf2-9690-a8e1bec490d4 fac35bf91b6b4807a9488776cd5c2c27 c7042e6463204b7bbeec074e44c6d86e - - default default] 10.0.0.250 "GET /v2.0/ports?device_id=29670f2c-0071-4407-9a50-804c2905955c HTTP/1.1" status: 200 len: 210 time: 0.0183828
2026-05-08 00:29:17.076 9 INFO neutron.api.wsgi [None req-8fa2075c-9d0f-4906-9fd0-2b3c30154e78 66f25554ac7146e6bb6cbcf142fd5064 8eb3aadefaec44d094e3d5933cf5ee14 - - default default] 10.0.0.37 "DELETE /v2.0/networks/39ee3749-af0d-496a-afdd-a29113d59fc0 HTTP/1.1" status: 204 len: 168 time: 0.2766120
2026-05-08 00:29:17.109 10 INFO neutron.api.wsgi [req-8552f7f7-4c72-498a-be85-ea2dff6af8b6 req-58a53be0-a13e-4b20-89b1-011207778359 09f4fb3c79a74ce3b025dd4367adf965 574f5af686b343f990a9ddca7b056bc6 - - default default] 10.0.0.250 "GET /v2.0/ports?device_id=85ffc1a5-cd07-455f-8ae1-a30b67699334 HTTP/1.1" status: 200 len: 210 time: 0.0186970
2026-05-08 00:29:17.206 10 INFO neutron.notifiers.nova [-] Nova event matching ['req-73f990ff-0133-4cb9-a115-55d6affa5853'] response: {'server_uuid': '29670f2c-0071-4407-9a50-804c2905955c', 'name': 'network-vif-unplugged', 'status': 'completed', 'tag': '889bcd1d-023b-413f-810c-6326e57b1e74', 'code': 200}
2026-05-08 00:29:17.206 10 INFO neutron.notifiers.nova [-] Nova event matching ['req-73f990ff-0133-4cb9-a115-55d6affa5853'] response: {'server_uuid': '85ffc1a5-cd07-455f-8ae1-a30b67699334', 'name': 'network-vif-deleted', 'tag': '593c88e4-a660-4043-8738-10e67a4b09f0', 'status': 'completed', 'code': 200}
2026-05-08 00:29:17.206 10 INFO neutron.notifiers.nova [-] Nova event matching ['req-73f990ff-0133-4cb9-a115-55d6affa5853'] response: {'server_uuid': '29670f2c-0071-4407-9a50-804c2905955c', 'name': 'network-vif-deleted', 'tag': '889bcd1d-023b-413f-810c-6326e57b1e74', 'status': 'completed', 'code': 200}
2026-05-08 00:29:17.327 10 INFO neutron.api.wsgi [req-4e85aec0-d28b-495a-90f2-9ddf1d98350c req-e4d0cc8d-3c64-43e7-baa8-aa43c1679f27 5a61d14ec71942d9ba839cb224b69985 f014bbe0d67a4e8d9adc079e7bb2a16b - - 1b55432df30e49d4b604d7e3bc98fc88 1b55432df30e49d4b604d7e3bc98fc88] 199.19.213.168 "GET /v2.0/ports?tenant_id=122e539fabc3404b956ef197619bff10&device_id=02185fe5-a881-41c6-b10a-70334da8fe72 HTTP/1.1" status: 200 len: 1409 time: 0.0368679
2026-05-08 00:29:17.376 10 INFO neutron.api.wsgi [req-4e85aec0-d28b-495a-90f2-9ddf1d98350c req-1cbce9e2-ce44-4e0a-8315-68f875542000 5a61d14ec71942d9ba839cb224b69985 f014bbe0d67a4e8d9adc079e7bb2a16b - - 1b55432df30e49d4b604d7e3bc98fc88 1b55432df30e49d4b604d7e3bc98fc88] 199.19.213.168 "GET /v2.0/networks?id=59d8bbfa-01f8-4a68-84f0-efff10f67268 HTTP/1.1" status: 200 len: 981 time: 0.0430832
2026-05-08 00:29:17.449 10 INFO neutron.api.wsgi [req-4e85aec0-d28b-495a-90f2-9ddf1d98350c req-1eeb5358-6730-49ca-aafa-3d20bd70f304 5a61d14ec71942d9ba839cb224b69985 f014bbe0d67a4e8d9adc079e7bb2a16b - - 1b55432df30e49d4b604d7e3bc98fc88 1b55432df30e49d4b604d7e3bc98fc88] 199.19.213.168 "GET /v2.0/floatingips?fixed_ip_address=10.100.0.5&port_id=c32c0d4a-4ccc-44cd-9382-f25fded822e5 HTTP/1.1" status: 200 len: 1059 time: 0.0667586
2026-05-08 00:29:17.489 10 INFO neutron.api.wsgi [req-4e85aec0-d28b-495a-90f2-9ddf1d98350c req-f2028642-4508-4886-b78d-3e693dea54ab 5a61d14ec71942d9ba839cb224b69985 f014bbe0d67a4e8d9adc079e7bb2a16b - - 1b55432df30e49d4b604d7e3bc98fc88 1b55432df30e49d4b604d7e3bc98fc88] 199.19.213.168 "GET /v2.0/subnets?id=cf80f518-b152-4c94-9c70-6711b2664ad1 HTTP/1.1" status: 200 len: 901 time: 0.0318701
2026-05-08 00:29:17.515 10 INFO neutron.api.wsgi [req-4e85aec0-d28b-495a-90f2-9ddf1d98350c req-bd70de2a-c649-4844-a9fb-c2dbe3cac73f 5a61d14ec71942d9ba839cb224b69985 f014bbe0d67a4e8d9adc079e7bb2a16b - - 1b55432df30e49d4b604d7e3bc98fc88 1b55432df30e49d4b604d7e3bc98fc88] 199.19.213.168 "GET /v2.0/ports?network_id=59d8bbfa-01f8-4a68-84f0-efff10f67268&device_owner=network%3Adhcp HTTP/1.1" status: 200 len: 210 time: 0.0197375
2026-05-08 00:29:17.521 10 INFO neutron.api.wsgi [None req-130415a8-082a-47c9-a4db-4e2b4044a2fa 66f25554ac7146e6bb6cbcf142fd5064 8eb3aadefaec44d094e3d5933cf5ee14 - - default default] 10.0.0.37 "DELETE /v2.0/networks/ac3af545-ff71-47fd-8df1-eea6df4d88a7 HTTP/1.1" status: 204 len: 168 time: 0.4395609
2026-05-08 00:29:17.570 10 INFO neutron.api.wsgi [req-4e85aec0-d28b-495a-90f2-9ddf1d98350c req-ec023e3d-40df-4cfa-9996-d42e0139ac1e 5a61d14ec71942d9ba839cb224b69985 f014bbe0d67a4e8d9adc079e7bb2a16b - - 1b55432df30e49d4b604d7e3bc98fc88 1b55432df30e49d4b604d7e3bc98fc88] 199.19.213.168 "GET /v2.0/networks/59d8bbfa-01f8-4a68-84f0-efff10f67268?fields=segments HTTP/1.1" status: 200 len: 212 time: 0.0482254
2026-05-08 00:29:17.620 10 INFO neutron.api.wsgi [req-4e85aec0-d28b-495a-90f2-9ddf1d98350c req-8fe2eb73-bdc6-4ea5-adb1-f2b5b9d12e58 5a61d14ec71942d9ba839cb224b69985 f014bbe0d67a4e8d9adc079e7bb2a16b - - 1b55432df30e49d4b604d7e3bc98fc88 1b55432df30e49d4b604d7e3bc98fc88] 199.19.213.168 "GET /v2.0/networks/59d8bbfa-01f8-4a68-84f0-efff10f67268?fields=provider%3Aphysical_network&fields=provider%3Anetwork_type HTTP/1.1" status: 200 len: 277 time: 0.0447741
2026-05-08 00:29:17.877 9 INFO neutron.api.wsgi [None req-e4eb9ecc-3ab6-4dd5-b650-c3aa08d0bcc7 754989ad745348c2842035e4c954ed15 1e434a98de034528963e385f4ee83562 - - default default] 10.0.0.88 "GET /v2.0/subnets HTTP/1.1" status: 200 len: 3537 time: 0.0712397
2026-05-08 00:29:17.878 10 INFO neutron.api.wsgi [None req-32ae322f-acff-4451-9b75-921e6dec2b15 66f25554ac7146e6bb6cbcf142fd5064 8eb3aadefaec44d094e3d5933cf5ee14 - - default default] 10.0.0.37 "DELETE /v2.0/networks/c581b4cb-43bb-42e7-b8fb-8d121dbd1d62 HTTP/1.1" status: 204 len: 168 time: 0.3487973
2026-05-08 00:29:17.886 10 INFO neutron.services.segments.plugin [-] Segment 4c39590c-3c43-4cc9-b18a-839e08523666 resource provider aggregate not found
2026-05-08 00:29:17.901 10 INFO neutron.services.segments.plugin [-] Segment 4c39590c-3c43-4cc9-b18a-839e08523666 resource provider not found; error: Placement Client Error (4xx): {"errors": [{"status": 404, "title": "Not Found", "detail": "The resource could not be found.\n\n No resource provider with uuid 4c39590c-3c43-4cc9-b18a-839e08523666 found for delete ", "request_id": "req-1efa4ba6-a9f8-4d4a-9caa-294a0a5bd481"}]}
2026-05-08 00:29:17.907 10 INFO neutron.services.segments.plugin [-] Segment 4c39590c-3c43-4cc9-b18a-839e08523666 resource provider aggregate not found
2026-05-08 00:29:17.923 10 INFO neutron.services.segments.plugin [-] Segment 4c39590c-3c43-4cc9-b18a-839e08523666 resource provider not found; error: Placement Client Error (4xx): {"errors": [{"status": 404, "title": "Not Found", "detail": "The resource could not be found.\n\n No resource provider with uuid 4c39590c-3c43-4cc9-b18a-839e08523666 found for delete ", "request_id": "req-61567e51-2dbc-4da3-8b3f-f799edce5d4d"}]}
2026-05-08 00:29:17.925 9 INFO neutron.api.wsgi [None req-2d4b692c-ae57-4532-88f6-69e54c6ac446 754989ad745348c2842035e4c954ed15 1e434a98de034528963e385f4ee83562 - - default default] 10.0.0.88 "GET /v2.0/security-groups HTTP/1.1" status: 200 len: 37782 time: 0.0451467
2026-05-08 00:29:18.008 9 INFO neutron.api.wsgi [None req-bf46b69a-80f3-400c-acb8-48f0efbab1d3 754989ad745348c2842035e4c954ed15 1e434a98de034528963e385f4ee83562 - - default default] 10.0.0.88 "GET /v2.0/routers HTTP/1.1" status: 200 len: 3094 time: 0.0718861
2026-05-08 00:29:18.030 9 INFO neutron.api.wsgi [None req-62d9e3d1-f700-4716-ae65-5fbe0c9e9684 754989ad745348c2842035e4c954ed15 1e434a98de034528963e385f4ee83562 - - default default] 10.0.0.88 "GET /v2.0/agents?binary=ovn-controller HTTP/1.1" status: 200 len: 591 time: 0.0201650
2026-05-08 00:29:18.069 9 INFO neutron.api.wsgi [None req-1fbb4fc5-25db-4248-a97e-ddbfe95ded0d 754989ad745348c2842035e4c954ed15 1e434a98de034528963e385f4ee83562 - - default default] 10.0.0.88 "GET /v2.0/subnets HTTP/1.1" status: 200 len: 3537 time: 0.0360527
2026-05-08 00:29:18.086 9 INFO neutron.api.wsgi [None req-7b5ef122-7b7b-4ad7-92a5-bde4175c76a2 754989ad745348c2842035e4c954ed15 1e434a98de034528963e385f4ee83562 - - default default] 10.0.0.88 "GET /v2.0/subnetpools HTTP/1.1" status: 200 len: 193 time: 0.0148349
2026-05-08 00:29:18.139 9 INFO neutron.api.wsgi [None req-157d9a08-d36d-4ce3-a04a-f41e474a04fb 754989ad745348c2842035e4c954ed15 1e434a98de034528963e385f4ee83562 - - default default] 10.0.0.88 "GET /v2.0/floatingips HTTP/1.1" status: 200 len: 2112 time: 0.0517025
2026-05-08 00:29:18.160 10 INFO neutron.api.wsgi [req-dd535d3e-2c9a-47cc-98d7-b1afc884a474 req-32282627-926b-49cd-9ebf-f432c86da1e1 fac35bf91b6b4807a9488776cd5c2c27 c7042e6463204b7bbeec074e44c6d86e - - default default] 10.0.0.250 "GET /v2.0/ports?device_id=29670f2c-0071-4407-9a50-804c2905955c HTTP/1.1" status: 200 len: 210 time: 0.0256476
2026-05-08 00:29:18.213 10 INFO neutron.api.wsgi [req-5c01fe13-7332-4a21-bf5b-f1b43c00a33d req-0f9082ca-f972-45ab-8f61-91cecd4ccbd8 09f4fb3c79a74ce3b025dd4367adf965 574f5af686b343f990a9ddca7b056bc6 - - default default] 10.0.0.250 "GET /v2.0/ports?device_id=85ffc1a5-cd07-455f-8ae1-a30b67699334 HTTP/1.1" status: 200 len: 210 time: 0.0135143
2026-05-08 00:29:18.375 9 INFO neutron.api.wsgi [None req-4be6f392-baa3-4782-b553-671cb377c77e 754989ad745348c2842035e4c954ed15 1e434a98de034528963e385f4ee83562 - - default default] 10.0.0.88 "GET /v2.0/ports HTTP/1.1" status: 200 len: 19203 time: 0.2344344
2026-05-08 00:29:18.396 10 INFO neutron.api.wsgi [None req-0b163cb6-6ea2-4fc9-be61-37016cc048c5 754989ad745348c2842035e4c954ed15 1e434a98de034528963e385f4ee83562 - - default default] 10.0.0.37 "GET /v2.0/security-groups?tenant_id=8eb3aadefaec44d094e3d5933cf5ee14&name=default HTTP/1.1" status: 200 len: 3120 time: 0.1097341
2026-05-08 00:29:18.397 9 INFO neutron.api.wsgi [None req-18b639c0-4bcb-4b58-a329-b0d9491049a3 754989ad745348c2842035e4c954ed15 1e434a98de034528963e385f4ee83562 - - default default] 10.0.0.88 "GET /v2.0/network-ip-availabilities HTTP/1.1" status: 200 len: 2734 time: 0.0120494
2026-05-08 00:29:18.450 9 INFO neutron.api.wsgi [None req-173081b5-361b-48e9-a630-7e97c406e3e3 754989ad745348c2842035e4c954ed15 1e434a98de034528963e385f4ee83562 - - default default] 10.0.0.88 "GET /v2.0/networks HTTP/1.1" status: 200 len: 4641 time: 0.0519929
2026-05-08 00:29:18.464 9 INFO neutron.api.wsgi [None req-ceb213ea-30c0-48b3-9931-b2afcc5dd20d 754989ad745348c2842035e4c954ed15 1e434a98de034528963e385f4ee83562 - - default default] 10.0.0.88 "GET /v2.0/agents HTTP/1.1" status: 200 len: 1390 time: 0.0100796
2026-05-08 00:29:18.607 10 INFO neutron.api.wsgi [None req-6081cc10-e4e4-4a36-897a-36c954e61458 754989ad745348c2842035e4c954ed15 1e434a98de034528963e385f4ee83562 - - default default] 10.0.0.37 "DELETE /v2.0/security-groups/deba73cb-4686-43e4-aca1-c42cc94fe66e HTTP/1.1" status: 204 len: 168 time: 0.2072580
2026-05-08 00:29:18.781 9 INFO neutron.services.segments.plugin [-] Segment bbf9c9d7-39f7-4dd8-9833-f590f3943793 resource provider aggregate not found
2026-05-08 00:29:18.790 9 INFO neutron.services.segments.plugin [-] Segment bbf9c9d7-39f7-4dd8-9833-f590f3943793 resource provider not found; error: Placement Client Error (4xx): {"errors": [{"status": 404, "title": "Not Found", "detail": "The resource could not be found.\n\n No resource provider with uuid bbf9c9d7-39f7-4dd8-9833-f590f3943793 found for delete ", "request_id": "req-3a42f7a6-abf8-4f82-9e9b-b3a65f167c8c"}]}
2026-05-08 00:29:18.792 9 INFO neutron.services.segments.plugin [-] Segment bbf9c9d7-39f7-4dd8-9833-f590f3943793 resource provider aggregate not found
2026-05-08 00:29:18.804 9 INFO neutron.services.segments.plugin [-] Segment bbf9c9d7-39f7-4dd8-9833-f590f3943793 resource provider not found; error: Placement Client Error (4xx): {"errors": [{"status": 404, "title": "Not Found", "detail": "The resource could not be found.\n\n No resource provider with uuid bbf9c9d7-39f7-4dd8-9833-f590f3943793 found for delete ", "request_id": "req-ddfb0a2d-a9f6-4401-ab76-173e06da937b"}]}
2026-05-08 00:29:19.243 10 INFO neutron.api.wsgi [req-a5ba69cc-fbe2-4404-b52c-90fa80eece37 req-dbfbb0ca-1b10-4753-8d74-5d90ed823c73 fac35bf91b6b4807a9488776cd5c2c27 c7042e6463204b7bbeec074e44c6d86e - - default default] 10.0.0.250 "GET /v2.0/ports?device_id=29670f2c-0071-4407-9a50-804c2905955c HTTP/1.1" status: 200 len: 210 time: 0.0221486
2026-05-08 00:29:19.303 10 INFO neutron.api.wsgi [req-5ed47ddc-66e8-4ce6-982b-009f60045ebd req-cef19c2d-ac50-42dc-8dd6-db154294749c 09f4fb3c79a74ce3b025dd4367adf965 574f5af686b343f990a9ddca7b056bc6 - - default default] 10.0.0.250 "GET /v2.0/ports?device_id=85ffc1a5-cd07-455f-8ae1-a30b67699334 HTTP/1.1" status: 200 len: 210 time: 0.0180240
2026-05-08 00:29:19.917 10 INFO neutron.services.segments.plugin [-] Segment 3eef025c-b78e-40f2-b4ed-cafe2e6d2a93 resource provider aggregate not found
2026-05-08 00:29:19.931 10 INFO neutron.services.segments.plugin [-] Segment 3eef025c-b78e-40f2-b4ed-cafe2e6d2a93 resource provider not found; error: Placement Client Error (4xx): {"errors": [{"status": 404, "title": "Not Found", "detail": "The resource could not be found.\n\n No resource provider with uuid 3eef025c-b78e-40f2-b4ed-cafe2e6d2a93 found for delete ", "request_id": "req-90df2318-2cf2-40eb-bd7e-39cc08c15bd4"}]}
2026-05-08 00:29:19.936 10 INFO neutron.services.segments.plugin [-] Segment 3eef025c-b78e-40f2-b4ed-cafe2e6d2a93 resource provider aggregate not found
2026-05-08 00:29:19.952 10 INFO neutron.services.segments.plugin [-] Segment 3eef025c-b78e-40f2-b4ed-cafe2e6d2a93 resource provider not found; error: Placement Client Error (4xx): {"errors": [{"status": 404, "title": "Not Found", "detail": "The resource could not be found.\n\n No resource provider with uuid 3eef025c-b78e-40f2-b4ed-cafe2e6d2a93 found for delete ", "request_id": "req-4a3326e1-a29e-4e69-846b-a17984712343"}]}
2026-05-08 00:29:20.392 10 WARNING neutron_lib.context [None req-b07ec75d-f9de-4727-bd85-19765f2bf0fd 12963efae5f04d3dbc0445b01ea7a366 2bf25175b5ed4462b2ad6e4ca168fb5d - - default default] Method 'is_advsvc' is deprecated since 2023.2 release (neutron-lib 3.8.0) and will be removed once support for the old RBAC API policies will be removed from Neutron. Please use method 'is_service_role' instead.
2026-05-08 00:29:20.396 10 INFO neutron.api.wsgi [req-0b1468e6-ed51-47e0-9507-e77aebd3e962 req-d8e73915-cd37-4541-8e9e-b3063324aa5a 09f4fb3c79a74ce3b025dd4367adf965 574f5af686b343f990a9ddca7b056bc6 - - default default] 10.0.0.250 "GET /v2.0/ports?device_id=85ffc1a5-cd07-455f-8ae1-a30b67699334 HTTP/1.1" status: 200 len: 210 time: 0.0285892
2026-05-08 00:29:20.469 10 INFO neutron.api.wsgi [None req-4639138b-59ef-417f-ac6b-5849d0a83871 fac35bf91b6b4807a9488776cd5c2c27 c7042e6463204b7bbeec074e44c6d86e - - default default] 10.0.0.37 "DELETE /v2.0/security-groups/a8f43fff-4091-42dd-9ca1-8ac388dd9746 HTTP/1.1" status: 204 len: 168 time: 0.1477423
2026-05-08 00:29:20.482 9 INFO neutron.api.v2.resource [None req-d22f422c-0361-4121-b7aa-4485943417f1 fac35bf91b6b4807a9488776cd5c2c27 c7042e6463204b7bbeec074e44c6d86e - - default default] show failed (client error): The resource could not be found.
2026-05-08 00:29:20.483 9 INFO neutron.api.wsgi [None req-d22f422c-0361-4121-b7aa-4485943417f1 fac35bf91b6b4807a9488776cd5c2c27 c7042e6463204b7bbeec074e44c6d86e - - default default] 10.0.0.37 "GET /v2.0/security-groups/a8f43fff-4091-42dd-9ca1-8ac388dd9746 HTTP/1.1" status: 404 len: 347 time: 0.0092256
2026-05-08 00:29:20.521 10 INFO neutron.db.ovn_revision_numbers_db [None req-b07ec75d-f9de-4727-bd85-19765f2bf0fd 12963efae5f04d3dbc0445b01ea7a366 2bf25175b5ed4462b2ad6e4ca168fb5d - - default default] Successfully bumped revision number for resource 5d740939-4a5e-4287-9480-eea6f39bf179 (type: security_groups) to 1
2026-05-08 00:29:20.534 10 INFO neutron.db.ovn_revision_numbers_db [None req-b07ec75d-f9de-4727-bd85-19765f2bf0fd 12963efae5f04d3dbc0445b01ea7a366 2bf25175b5ed4462b2ad6e4ca168fb5d - - default default] Successfully bumped revision number for resource ba0b85df-0e2d-4d45-823f-b6e89b5d424f (type: security_group_rules) to 0
2026-05-08 00:29:20.550 10 INFO neutron.db.ovn_revision_numbers_db [None req-b07ec75d-f9de-4727-bd85-19765f2bf0fd 12963efae5f04d3dbc0445b01ea7a366 2bf25175b5ed4462b2ad6e4ca168fb5d - - default default] Successfully bumped revision number for resource e3ef11c4-d461-4b43-915e-f6cb274fc46a (type: security_group_rules) to 0
2026-05-08 00:29:20.562 10 INFO neutron.db.ovn_revision_numbers_db [None req-b07ec75d-f9de-4727-bd85-19765f2bf0fd 12963efae5f04d3dbc0445b01ea7a366 2bf25175b5ed4462b2ad6e4ca168fb5d - - default default] Successfully bumped revision number for resource ecaf6231-2b64-4eb2-8746-078b9672204a (type: security_group_rules) to 0
2026-05-08 00:29:20.575 10 INFO neutron.db.ovn_revision_numbers_db [None req-b07ec75d-f9de-4727-bd85-19765f2bf0fd 12963efae5f04d3dbc0445b01ea7a366 2bf25175b5ed4462b2ad6e4ca168fb5d - - default default] Successfully bumped revision number for resource fbeb2272-f6b1-49cb-b44b-7f72501032a1 (type: security_group_rules) to 0
2026-05-08 00:29:20.651 10 INFO neutron.db.segments_db [None req-b07ec75d-f9de-4727-bd85-19765f2bf0fd 12963efae5f04d3dbc0445b01ea7a366 2bf25175b5ed4462b2ad6e4ca168fb5d - - default default] Added segment 6dced9bf-191a-4787-8a04-6c569205099b of type geneve for network 3e2ef928-5d05-41c3-94f2-0fb4eb88fd90
2026-05-08 00:29:20.735 9 INFO neutron.api.wsgi [None req-3fae810e-f68a-42ec-9b31-7ae2fada39ad fac35bf91b6b4807a9488776cd5c2c27 c7042e6463204b7bbeec074e44c6d86e - - default default] 10.0.0.37 "DELETE /v2.0/floatingips/06e48a5d-eb08-4c15-b39d-52e66b43efbc HTTP/1.1" status: 204 len: 168 time: 0.2452617
2026-05-08 00:29:20.760 10 INFO neutron.db.ovn_revision_numbers_db [None req-b07ec75d-f9de-4727-bd85-19765f2bf0fd 12963efae5f04d3dbc0445b01ea7a366 2bf25175b5ed4462b2ad6e4ca168fb5d - - default default] Successfully bumped revision number for resource 3e2ef928-5d05-41c3-94f2-0fb4eb88fd90 (type: networks) to 1
2026-05-08 00:29:20.902 10 WARNING neutron.scheduler.dhcp_agent_scheduler [None req-b07ec75d-f9de-4727-bd85-19765f2bf0fd 12963efae5f04d3dbc0445b01ea7a366 2bf25175b5ed4462b2ad6e4ca168fb5d - - default default] No more DHCP agents
2026-05-08 00:29:20.904 10 WARNING neutron.api.rpc.agentnotifiers.dhcp_rpc_agent_api [None req-b07ec75d-f9de-4727-bd85-19765f2bf0fd 12963efae5f04d3dbc0445b01ea7a366 2bf25175b5ed4462b2ad6e4ca168fb5d - - default default] Unable to schedule network 3e2ef928-5d05-41c3-94f2-0fb4eb88fd90: no agents available; will retry on subsequent port and subnet creation events.
2026-05-08 00:29:20.964 10 INFO neutron.db.ovn_revision_numbers_db [None req-b07ec75d-f9de-4727-bd85-19765f2bf0fd 12963efae5f04d3dbc0445b01ea7a366 2bf25175b5ed4462b2ad6e4ca168fb5d - - default default] Successfully bumped revision number for resource a527ae70-9fd2-4c8e-9101-165a26fa0c36 (type: ports) to 1
2026-05-08 00:29:20.983 10 INFO neutron.api.wsgi [None req-b07ec75d-f9de-4727-bd85-19765f2bf0fd 12963efae5f04d3dbc0445b01ea7a366 2bf25175b5ed4462b2ad6e4ca168fb5d - - default default] 10.0.0.37 "POST /v2.0/networks HTTP/1.1" status: 201 len: 832 time: 0.7401369
2026-05-08 00:29:20.992 10 WARNING neutron_lib.context [None req-de029210-8ac6-43dc-827e-0684e19ccffe 12963efae5f04d3dbc0445b01ea7a366 2bf25175b5ed4462b2ad6e4ca168fb5d - - default default] Method 'is_advsvc' is deprecated since 2023.2 release (neutron-lib 3.8.0) and will be removed once support for the old RBAC API policies will be removed from Neutron. Please use method 'is_service_role' instead.
2026-05-08 00:29:21.071 10 INFO neutron.db.segments_db [None req-de029210-8ac6-43dc-827e-0684e19ccffe 12963efae5f04d3dbc0445b01ea7a366 2bf25175b5ed4462b2ad6e4ca168fb5d - - default default] Added segment b97eaaa0-1c05-4ace-b388-6a85d2a59419 of type geneve for network 7f7c14ec-30c5-47d0-a348-5f4e1519239f
2026-05-08 00:29:21.190 10 INFO neutron.db.ovn_revision_numbers_db [None req-de029210-8ac6-43dc-827e-0684e19ccffe 12963efae5f04d3dbc0445b01ea7a366 2bf25175b5ed4462b2ad6e4ca168fb5d - - default default] Successfully bumped revision number for resource 7f7c14ec-30c5-47d0-a348-5f4e1519239f (type: networks) to 1
2026-05-08 00:29:21.339 10 WARNING neutron.scheduler.dhcp_agent_scheduler [None req-de029210-8ac6-43dc-827e-0684e19ccffe 12963efae5f04d3dbc0445b01ea7a366 2bf25175b5ed4462b2ad6e4ca168fb5d - - default default] No more DHCP agents
2026-05-08 00:29:21.342 10 WARNING neutron.api.rpc.agentnotifiers.dhcp_rpc_agent_api [None req-de029210-8ac6-43dc-827e-0684e19ccffe 12963efae5f04d3dbc0445b01ea7a366 2bf25175b5ed4462b2ad6e4ca168fb5d - - default default] Unable to schedule network 7f7c14ec-30c5-47d0-a348-5f4e1519239f: no agents available; will retry on subsequent port and subnet creation events.
2026-05-08 00:29:21.398 10 INFO neutron.db.ovn_revision_numbers_db [None req-de029210-8ac6-43dc-827e-0684e19ccffe 12963efae5f04d3dbc0445b01ea7a366 2bf25175b5ed4462b2ad6e4ca168fb5d - - default default] Successfully bumped revision number for resource a1c06e5d-201c-4a96-92ab-4ecdd3e46ea7 (type: ports) to 1
2026-05-08 00:29:21.421 10 INFO neutron.api.wsgi [None req-de029210-8ac6-43dc-827e-0684e19ccffe 12963efae5f04d3dbc0445b01ea7a366 2bf25175b5ed4462b2ad6e4ca168fb5d - - default default] 10.0.0.37 "POST /v2.0/networks HTTP/1.1" status: 201 len: 832 time: 0.4331162
2026-05-08 00:29:21.430 10 WARNING neutron_lib.context [None req-667895ed-00e9-46a9-bb37-7a7347259781 12963efae5f04d3dbc0445b01ea7a366 2bf25175b5ed4462b2ad6e4ca168fb5d - - default default] Method 'is_advsvc' is deprecated since 2023.2 release (neutron-lib 3.8.0) and will be removed once support for the old RBAC API policies will be removed from Neutron. Please use method 'is_service_role' instead.
2026-05-08 00:29:21.572 10 WARNING neutron.scheduler.dhcp_agent_scheduler [None req-667895ed-00e9-46a9-bb37-7a7347259781 12963efae5f04d3dbc0445b01ea7a366 2bf25175b5ed4462b2ad6e4ca168fb5d - - default default] No more DHCP agents
2026-05-08 00:29:21.573 10 WARNING neutron.api.rpc.agentnotifiers.dhcp_rpc_agent_api [None req-667895ed-00e9-46a9-bb37-7a7347259781 12963efae5f04d3dbc0445b01ea7a366 2bf25175b5ed4462b2ad6e4ca168fb5d - - default default] Unable to schedule network 3e2ef928-5d05-41c3-94f2-0fb4eb88fd90: no agents available; will retry on subsequent port and subnet creation events.
2026-05-08 00:29:21.594 10 INFO neutron.db.ovn_revision_numbers_db [None req-667895ed-00e9-46a9-bb37-7a7347259781 12963efae5f04d3dbc0445b01ea7a366 2bf25175b5ed4462b2ad6e4ca168fb5d - - default default] Successfully bumped revision number for resource a177f560-e4f7-4a63-b289-07c9d4763b33 (type: subnets) to 0
2026-05-08 00:29:21.605 10 INFO neutron.api.wsgi [None req-667895ed-00e9-46a9-bb37-7a7347259781 12963efae5f04d3dbc0445b01ea7a366 2bf25175b5ed4462b2ad6e4ca168fb5d - - default default] 10.0.0.37 "POST /v2.0/subnets HTTP/1.1" status: 201 len: 845 time: 0.1794281
2026-05-08 00:29:21.613 10 WARNING neutron_lib.context [None req-9ef75846-387d-4c41-8e58-aceae57bacaa 12963efae5f04d3dbc0445b01ea7a366 2bf25175b5ed4462b2ad6e4ca168fb5d - - default default] Method 'is_advsvc' is deprecated since 2023.2 release (neutron-lib 3.8.0) and will be removed once support for the old RBAC API policies will be removed from Neutron. Please use method 'is_service_role' instead.
2026-05-08 00:29:21.645 9 INFO neutron.api.wsgi [None req-2756400a-818a-4fcb-94e3-f7c70d716b30 09f4fb3c79a74ce3b025dd4367adf965 574f5af686b343f990a9ddca7b056bc6 - - default default] 10.0.0.37 "DELETE /v2.0/security-groups/5f4b8854-5fd7-486d-9f2b-8d0b5e752f5a HTTP/1.1" status: 204 len: 168 time: 0.1723278
2026-05-08 00:29:21.660 9 INFO neutron.api.v2.resource [None req-720bd4cf-f6f2-4878-9998-b253b404374f 09f4fb3c79a74ce3b025dd4367adf965 574f5af686b343f990a9ddca7b056bc6 - - default default] show failed (client error): The resource could not be found.
2026-05-08 00:29:21.661 9 INFO neutron.api.wsgi [None req-720bd4cf-f6f2-4878-9998-b253b404374f 09f4fb3c79a74ce3b025dd4367adf965 574f5af686b343f990a9ddca7b056bc6 - - default default] 10.0.0.37 "GET /v2.0/security-groups/5f4b8854-5fd7-486d-9f2b-8d0b5e752f5a HTTP/1.1" status: 404 len: 347 time: 0.0112207
2026-05-08 00:29:21.769 10 WARNING neutron.scheduler.dhcp_agent_scheduler [None req-9ef75846-387d-4c41-8e58-aceae57bacaa 12963efae5f04d3dbc0445b01ea7a366 2bf25175b5ed4462b2ad6e4ca168fb5d - - default default] No more DHCP agents
2026-05-08 00:29:21.771 10 WARNING neutron.api.rpc.agentnotifiers.dhcp_rpc_agent_api [None req-9ef75846-387d-4c41-8e58-aceae57bacaa 12963efae5f04d3dbc0445b01ea7a366 2bf25175b5ed4462b2ad6e4ca168fb5d - - default default] Unable to schedule network 7f7c14ec-30c5-47d0-a348-5f4e1519239f: no agents available; will retry on subsequent port and subnet creation events.
2026-05-08 00:29:21.795 10 INFO neutron.db.ovn_revision_numbers_db [None req-9ef75846-387d-4c41-8e58-aceae57bacaa 12963efae5f04d3dbc0445b01ea7a366 2bf25175b5ed4462b2ad6e4ca168fb5d - - default default] Successfully bumped revision number for resource 4975bcbe-fdf1-486a-8420-a1dbed265723 (type: subnets) to 0
2026-05-08 00:29:21.808 10 INFO neutron.api.wsgi [None req-9ef75846-387d-4c41-8e58-aceae57bacaa 12963efae5f04d3dbc0445b01ea7a366 2bf25175b5ed4462b2ad6e4ca168fb5d - - default default] 10.0.0.37 "POST /v2.0/subnets HTTP/1.1" status: 201 len: 854 time: 0.1979880
2026-05-08 00:29:21.817 10 WARNING neutron_lib.context [None req-c2a7fb73-423c-4835-85f1-c7a408171586 12963efae5f04d3dbc0445b01ea7a366 2bf25175b5ed4462b2ad6e4ca168fb5d - - default default] Method 'is_advsvc' is deprecated since 2023.2 release (neutron-lib 3.8.0) and will be removed once support for the old RBAC API policies will be removed from Neutron. Please use method 'is_service_role' instead.
