Apr 08 23:13:22.238402 np0000164398 neutron-periodic-workers[104492]: DEBUG cotyledon.oslo_config_glue [-] ml2.overlay_ip_version = 4 {{(pid=104492) log_opt_values /opt/stack/data/venv/lib/python3.12/site-packages/oslo_config/cfg.py:3006}}
Apr 08 23:13:22.238484 np0000164398 neutron-periodic-workers[104492]: DEBUG cotyledon.oslo_config_glue [-] ml2.path_mtu = 0 {{(pid=104492) log_opt_values /opt/stack/data/venv/lib/python3.12/site-packages/oslo_config/cfg.py:3006}}
Apr 08 23:13:22.238571 np0000164398 neutron-periodic-workers[104492]: DEBUG cotyledon.oslo_config_glue [-] ml2.physical_network_mtus = {} {{(pid=104492) log_opt_values /opt/stack/data/venv/lib/python3.12/site-packages/oslo_config/cfg.py:3006}}
Apr 08 23:13:22.238662 np0000164398 neutron-periodic-workers[104492]: DEBUG cotyledon.oslo_config_glue [-] ml2.project_network_types = ['geneve'] {{(pid=104492) log_opt_values /opt/stack/data/venv/lib/python3.12/site-packages/oslo_config/cfg.py:3006}}
Apr 08 23:13:22.238743 np0000164398 neutron-periodic-workers[104492]: DEBUG cotyledon.oslo_config_glue [-] ml2.tunnelled_network_rp_name = rp_tunnelled {{(pid=104492) log_opt_values /opt/stack/data/venv/lib/python3.12/site-packages/oslo_config/cfg.py:3006}}
Apr 08 23:13:22.238835 np0000164398 neutron-periodic-workers[104492]: DEBUG cotyledon.oslo_config_glue [-] ml2.type_drivers = ['local', 'flat', 'vlan', 'geneve'] {{(pid=104492) log_opt_values /opt/stack/data/venv/lib/python3.12/site-packages/oslo_config/cfg.py:3006}}
Apr 08 23:13:22.238956 np0000164398 neutron-periodic-workers[104492]: DEBUG cotyledon.oslo_config_glue [-] ml2_type_flat.flat_networks = ['public'] {{(pid=104492) log_opt_values /opt/stack/data/venv/lib/python3.12/site-packages/oslo_config/cfg.py:3006}}
Apr 08 23:13:22.239053 np0000164398 neutron-periodic-workers[104492]: DEBUG cotyledon.oslo_config_glue [-] ml2_type_geneve.max_header_size = 38 {{(pid=104492) log_opt_values /opt/stack/data/venv/lib/python3.12/site-packages/oslo_config/cfg.py:3006}}
Apr 08 23:13:22.239147 np0000164398 neutron-periodic-workers[104492]: DEBUG cotyledon.oslo_config_glue [-] ml2_type_geneve.vni_ranges = ['1:65536'] {{(pid=104492) log_opt_values /opt/stack/data/venv/lib/python3.12/site-packages/oslo_config/cfg.py:3006}}
Apr 08 23:13:22.239272 np0000164398 neutron-periodic-workers[104492]: DEBUG cotyledon.oslo_config_glue [-] ml2_type_vlan.network_vlan_ranges = ['public'] {{(pid=104492) log_opt_values /opt/stack/data/venv/lib/python3.12/site-packages/oslo_config/cfg.py:3006}}
Apr 08 23:13:22.239400 np0000164398 neutron-periodic-workers[104492]: DEBUG cotyledon.oslo_config_glue [-] network_log.burst_limit = 25 {{(pid=104492) log_opt_values /opt/stack/data/venv/lib/python3.12/site-packages/oslo_config/cfg.py:3006}}
Apr 08 23:13:22.239482 np0000164398 neutron-periodic-workers[104492]: DEBUG cotyledon.oslo_config_glue [-] network_log.local_output_log_base = None {{(pid=104492) log_opt_values /opt/stack/data/venv/lib/python3.12/site-packages/oslo_config/cfg.py:3006}}
Apr 08 23:13:22.239573 np0000164398 neutron-periodic-workers[104492]: DEBUG cotyledon.oslo_config_glue [-] network_log.rate_limit = 100 {{(pid=104492) log_opt_values /opt/stack/data/venv/lib/python3.12/site-packages/oslo_config/cfg.py:3006}}
Apr 08 23:13:22.239672 np0000164398 neutron-periodic-workers[104492]: DEBUG cotyledon.oslo_config_glue [-] database.asyncio_connection = **** {{(pid=104492) log_opt_values /opt/stack/data/venv/lib/python3.12/site-packages/oslo_config/cfg.py:3006}}
Apr 08 23:13:22.239753 np0000164398 neutron-periodic-workers[104492]: DEBUG cotyledon.oslo_config_glue [-] database.asyncio_slave_connection = **** {{(pid=104492) log_opt_values /opt/stack/data/venv/lib/python3.12/site-packages/oslo_config/cfg.py:3006}}
Apr 08 23:13:22.239834 np0000164398 neutron-periodic-workers[104492]: DEBUG cotyledon.oslo_config_glue [-] database.backend = sqlalchemy {{(pid=104492) log_opt_values /opt/stack/data/venv/lib/python3.12/site-packages/oslo_config/cfg.py:3006}}
Apr 08 23:13:22.239925 np0000164398 neutron-periodic-workers[104492]: DEBUG cotyledon.oslo_config_glue [-] database.connection = **** {{(pid=104492) log_opt_values /opt/stack/data/venv/lib/python3.12/site-packages/oslo_config/cfg.py:3006}}
Apr 08 23:13:22.240007 np0000164398 neutron-periodic-workers[104492]: DEBUG cotyledon.oslo_config_glue [-] database.connection_debug = 0 {{(pid=104492) log_opt_values /opt/stack/data/venv/lib/python3.12/site-packages/oslo_config/cfg.py:3006}}
Apr 08 23:13:22.240101 np0000164398 neutron-periodic-workers[104492]: DEBUG cotyledon.oslo_config_glue [-] database.connection_parameters = {{(pid=104492) log_opt_values /opt/stack/data/venv/lib/python3.12/site-packages/oslo_config/cfg.py:3006}}
Apr 08 23:13:22.240195 np0000164398 neutron-periodic-workers[104492]: DEBUG cotyledon.oslo_config_glue [-] database.connection_recycle_time = 3600 {{(pid=104492) log_opt_values /opt/stack/data/venv/lib/python3.12/site-packages/oslo_config/cfg.py:3006}}
Apr 08 23:13:22.240308 np0000164398 neutron-periodic-workers[104492]: DEBUG cotyledon.oslo_config_glue [-] database.connection_trace = False {{(pid=104492) log_opt_values /opt/stack/data/venv/lib/python3.12/site-packages/oslo_config/cfg.py:3006}}
Apr 08 23:13:22.240405 np0000164398 neutron-periodic-workers[104492]: DEBUG cotyledon.oslo_config_glue [-] database.db_inc_retry_interval = True {{(pid=104492) log_opt_values /opt/stack/data/venv/lib/python3.12/site-packages/oslo_config/cfg.py:3006}}
Apr 08 23:13:22.240487 np0000164398 neutron-periodic-workers[104492]: DEBUG cotyledon.oslo_config_glue [-] database.db_max_retries = 20 {{(pid=104492) log_opt_values /opt/stack/data/venv/lib/python3.12/site-packages/oslo_config/cfg.py:3006}}
Apr 08 23:13:22.240569 np0000164398 neutron-periodic-workers[104492]: DEBUG cotyledon.oslo_config_glue [-] database.db_max_retry_interval = 10 {{(pid=104492) log_opt_values /opt/stack/data/venv/lib/python3.12/site-packages/oslo_config/cfg.py:3006}}
Apr 08 23:13:22.240651 np0000164398 neutron-periodic-workers[104492]: DEBUG cotyledon.oslo_config_glue [-] database.db_retry_interval = 1 {{(pid=104492) log_opt_values /opt/stack/data/venv/lib/python3.12/site-packages/oslo_config/cfg.py:3006}}
Apr 08 23:13:22.240744 np0000164398 neutron-periodic-workers[104492]: DEBUG cotyledon.oslo_config_glue [-] database.max_overflow = 50 {{(pid=104492) log_opt_values /opt/stack/data/venv/lib/python3.12/site-packages/oslo_config/cfg.py:3006}}
Apr 08 23:13:22.240824 np0000164398 neutron-periodic-workers[104492]: DEBUG cotyledon.oslo_config_glue [-] database.max_pool_size = 5 {{(pid=104492) log_opt_values /opt/stack/data/venv/lib/python3.12/site-packages/oslo_config/cfg.py:3006}}
Apr 08 23:13:22.240906 np0000164398 neutron-periodic-workers[104492]: DEBUG cotyledon.oslo_config_glue [-] database.max_retries = 10 {{(pid=104492) log_opt_values /opt/stack/data/venv/lib/python3.12/site-packages/oslo_config/cfg.py:3006}}
Apr 08 23:13:22.240988 np0000164398 neutron-periodic-workers[104492]: DEBUG cotyledon.oslo_config_glue [-] database.mysql_sql_mode = TRADITIONAL {{(pid=104492) log_opt_values /opt/stack/data/venv/lib/python3.12/site-packages/oslo_config/cfg.py:3006}}
Apr 08 23:13:22.241081 np0000164398 neutron-periodic-workers[104492]: DEBUG cotyledon.oslo_config_glue [-] database.mysql_wsrep_sync_wait = None {{(pid=104492) log_opt_values /opt/stack/data/venv/lib/python3.12/site-packages/oslo_config/cfg.py:3006}}
Apr 08 23:13:22.241161 np0000164398 neutron-periodic-workers[104492]: DEBUG cotyledon.oslo_config_glue [-] database.pool_timeout = None {{(pid=104492) log_opt_values /opt/stack/data/venv/lib/python3.12/site-packages/oslo_config/cfg.py:3006}}
Apr 08 23:13:22.241304 np0000164398 neutron-periodic-workers[104492]: DEBUG cotyledon.oslo_config_glue [-] database.retry_interval = 10 {{(pid=104492) log_opt_values /opt/stack/data/venv/lib/python3.12/site-packages/oslo_config/cfg.py:3006}}
Apr 08 23:13:22.241419 np0000164398 neutron-periodic-workers[104492]: DEBUG cotyledon.oslo_config_glue [-] database.slave_connection = **** {{(pid=104492) log_opt_values /opt/stack/data/venv/lib/python3.12/site-packages/oslo_config/cfg.py:3006}}
Apr 08 23:13:22.241537 np0000164398 neutron-periodic-workers[104492]: DEBUG cotyledon.oslo_config_glue [-] database.sqlite_synchronous = True {{(pid=104492) log_opt_values /opt/stack/data/venv/lib/python3.12/site-packages/oslo_config/cfg.py:3006}}
Apr 08 23:13:22.241642 np0000164398 neutron-periodic-workers[104492]: DEBUG cotyledon.oslo_config_glue [-] database.synchronous_reader = True {{(pid=104492) log_opt_values /opt/stack/data/venv/lib/python3.12/site-packages/oslo_config/cfg.py:3006}}
Apr 08 23:13:22.241738 np0000164398 neutron-periodic-workers[104492]: DEBUG cotyledon.oslo_config_glue [-] database.use_db_reconnect = False {{(pid=104492) log_opt_values /opt/stack/data/venv/lib/python3.12/site-packages/oslo_config/cfg.py:3006}}
Apr 08 23:13:22.241869 np0000164398 neutron-periodic-workers[104492]: DEBUG cotyledon.oslo_config_glue [-] ovn.bfd_min_rx = 1000 {{(pid=104492) log_opt_values /opt/stack/data/venv/lib/python3.12/site-packages/oslo_config/cfg.py:3006}}
Apr 08 23:13:22.241960 np0000164398 neutron-periodic-workers[104492]: DEBUG cotyledon.oslo_config_glue [-] ovn.bfd_min_tx = 100 {{(pid=104492) log_opt_values /opt/stack/data/venv/lib/python3.12/site-packages/oslo_config/cfg.py:3006}}
Apr 08 23:13:22.242066 np0000164398 neutron-periodic-workers[104492]: DEBUG cotyledon.oslo_config_glue [-] ovn.bfd_mult = 3 {{(pid=104492) log_opt_values /opt/stack/data/venv/lib/python3.12/site-packages/oslo_config/cfg.py:3006}}
Apr 08 23:13:22.242176 np0000164398 neutron-periodic-workers[104492]: DEBUG cotyledon.oslo_config_glue [-] ovn.broadcast_arps_to_all_routers = True {{(pid=104492) log_opt_values /opt/stack/data/venv/lib/python3.12/site-packages/oslo_config/cfg.py:3006}}
Apr 08 23:13:22.242317 np0000164398 neutron-periodic-workers[104492]: DEBUG cotyledon.oslo_config_glue [-] ovn.dhcp_default_lease_time = 43200 {{(pid=104492) log_opt_values /opt/stack/data/venv/lib/python3.12/site-packages/oslo_config/cfg.py:3006}}
Apr 08 23:13:22.242406 np0000164398 neutron-periodic-workers[104492]: DEBUG cotyledon.oslo_config_glue [-] ovn.disable_ovn_dhcp_for_baremetal_ports = False {{(pid=104492) log_opt_values /opt/stack/data/venv/lib/python3.12/site-packages/oslo_config/cfg.py:3006}}
Apr 08 23:13:22.242489 np0000164398 neutron-periodic-workers[104492]: DEBUG cotyledon.oslo_config_glue [-] ovn.dns_records_ovn_owned = False {{(pid=104492) log_opt_values /opt/stack/data/venv/lib/python3.12/site-packages/oslo_config/cfg.py:3006}}
Apr 08 23:13:22.242573 np0000164398 neutron-periodic-workers[104492]: DEBUG cotyledon.oslo_config_glue [-] ovn.dns_servers = [] {{(pid=104492) log_opt_values /opt/stack/data/venv/lib/python3.12/site-packages/oslo_config/cfg.py:3006}}
Apr 08 23:13:22.242655 np0000164398 neutron-periodic-workers[104492]: DEBUG cotyledon.oslo_config_glue [-] ovn.enable_distributed_floating_ip = False {{(pid=104492) log_opt_values /opt/stack/data/venv/lib/python3.12/site-packages/oslo_config/cfg.py:3006}}
Apr 08 23:13:22.242739 np0000164398 neutron-periodic-workers[104492]: DEBUG cotyledon.oslo_config_glue [-] ovn.fdb_age_threshold = 300 {{(pid=104492) log_opt_values /opt/stack/data/venv/lib/python3.12/site-packages/oslo_config/cfg.py:3006}}
Apr 08 23:13:22.242821 np0000164398 neutron-periodic-workers[104492]: DEBUG cotyledon.oslo_config_glue [-] ovn.ha_failover_strategy = normal {{(pid=104492) log_opt_values /opt/stack/data/venv/lib/python3.12/site-packages/oslo_config/cfg.py:3006}}
Apr 08 23:13:22.242903 np0000164398 neutron-periodic-workers[104492]: DEBUG cotyledon.oslo_config_glue [-] ovn.live_migration_activation_strategy = rarp {{(pid=104492) log_opt_values /opt/stack/data/venv/lib/python3.12/site-packages/oslo_config/cfg.py:3006}}
Apr 08 23:13:22.242985 np0000164398 neutron-periodic-workers[104492]: DEBUG cotyledon.oslo_config_glue [-] ovn.localnet_learn_fdb = False {{(pid=104492) log_opt_values /opt/stack/data/venv/lib/python3.12/site-packages/oslo_config/cfg.py:3006}}
Apr 08 23:13:22.243067 np0000164398 neutron-periodic-workers[104492]: DEBUG cotyledon.oslo_config_glue [-] ovn.mac_binding_age_threshold = 300 {{(pid=104492) log_opt_values /opt/stack/data/venv/lib/python3.12/site-packages/oslo_config/cfg.py:3006}}
Apr 08 23:13:22.243156 np0000164398 neutron-periodic-workers[104492]: DEBUG cotyledon.oslo_config_glue [-] ovn.neutron_sync_mode = log {{(pid=104492) log_opt_values /opt/stack/data/venv/lib/python3.12/site-packages/oslo_config/cfg.py:3006}}
Apr 08 23:13:22.243275 np0000164398 neutron-periodic-workers[104492]: DEBUG cotyledon.oslo_config_glue [-] ovn.ovn_dhcp4_global_options = {} {{(pid=104492) log_opt_values /opt/stack/data/venv/lib/python3.12/site-packages/oslo_config/cfg.py:3006}}
Apr 08 23:13:22.243381 np0000164398 neutron-periodic-workers[104492]: DEBUG cotyledon.oslo_config_glue [-] ovn.ovn_dhcp6_global_options = {} {{(pid=104492) log_opt_values /opt/stack/data/venv/lib/python3.12/site-packages/oslo_config/cfg.py:3006}}
Apr 08 23:13:22.243480 np0000164398 neutron-periodic-workers[104492]: DEBUG cotyledon.oslo_config_glue [-] ovn.ovn_l3_scheduler = leastloaded {{(pid=104492) log_opt_values /opt/stack/data/venv/lib/python3.12/site-packages/oslo_config/cfg.py:3006}}
Apr 08 23:13:22.243562 np0000164398 neutron-periodic-workers[104492]: DEBUG cotyledon.oslo_config_glue [-] ovn.ovn_metadata_enabled = True {{(pid=104492) log_opt_values /opt/stack/data/venv/lib/python3.12/site-packages/oslo_config/cfg.py:3006}}
Apr 08 23:13:22.243652 np0000164398 neutron-periodic-workers[104492]: DEBUG cotyledon.oslo_config_glue [-] ovn.ovn_nb_ca_cert = /opt/stack/data/CA/int-ca/ca-chain.pem {{(pid=104492) log_opt_values /opt/stack/data/venv/lib/python3.12/site-packages/oslo_config/cfg.py:3006}}
Apr 08 23:13:22.243761 np0000164398 neutron-periodic-workers[104492]: DEBUG cotyledon.oslo_config_glue [-] ovn.ovn_nb_certificate = /opt/stack/data/CA/int-ca/devstack-cert.crt {{(pid=104492) log_opt_values /opt/stack/data/venv/lib/python3.12/site-packages/oslo_config/cfg.py:3006}}
Apr 08 23:13:22.243869 np0000164398 neutron-periodic-workers[104492]: DEBUG cotyledon.oslo_config_glue [-] ovn.ovn_nb_connection = ['ssl:199.19.213.216:6641'] {{(pid=104492) log_opt_values /opt/stack/data/venv/lib/python3.12/site-packages/oslo_config/cfg.py:3006}}
Apr 08 23:13:22.243957 np0000164398 neutron-periodic-workers[104492]: DEBUG cotyledon.oslo_config_glue [-] ovn.ovn_nb_private_key = /opt/stack/data/CA/int-ca/private/devstack-cert.key {{(pid=104492) log_opt_values /opt/stack/data/venv/lib/python3.12/site-packages/oslo_config/cfg.py:3006}}
Apr 08 23:13:22.244043 np0000164398 neutron-periodic-workers[104492]: DEBUG cotyledon.oslo_config_glue [-] ovn.ovn_router_indirect_snat = False {{(pid=104492) log_opt_values /opt/stack/data/venv/lib/python3.12/site-packages/oslo_config/cfg.py:3006}}
Apr 08 23:13:22.244123 np0000164398 neutron-periodic-workers[104492]: DEBUG cotyledon.oslo_config_glue [-] ovn.ovn_sb_ca_cert = /opt/stack/data/CA/int-ca/ca-chain.pem {{(pid=104492) log_opt_values /opt/stack/data/venv/lib/python3.12/site-packages/oslo_config/cfg.py:3006}}
Apr 08 23:13:22.244215 np0000164398 neutron-periodic-workers[104492]: DEBUG cotyledon.oslo_config_glue [-] ovn.ovn_sb_certificate = /opt/stack/data/CA/int-ca/devstack-cert.crt {{(pid=104492) log_opt_values /opt/stack/data/venv/lib/python3.12/site-packages/oslo_config/cfg.py:3006}}
Apr 08 23:13:22.244316 np0000164398 neutron-periodic-workers[104492]: DEBUG cotyledon.oslo_config_glue [-] ovn.ovn_sb_connection = ['ssl:199.19.213.216:6642'] {{(pid=104492) log_opt_values /opt/stack/data/venv/lib/python3.12/site-packages/oslo_config/cfg.py:3006}}
Apr 08 23:13:22.244400 np0000164398 neutron-periodic-workers[104492]: DEBUG cotyledon.oslo_config_glue [-] ovn.ovn_sb_private_key = /opt/stack/data/CA/int-ca/private/devstack-cert.key {{(pid=104492) log_opt_values /opt/stack/data/venv/lib/python3.12/site-packages/oslo_config/cfg.py:3006}}
Apr 08 23:13:22.244481 np0000164398 neutron-periodic-workers[104492]: DEBUG cotyledon.oslo_config_glue [-] ovn.ovs_create_tap = False {{(pid=104492) log_opt_values /opt/stack/data/venv/lib/python3.12/site-packages/oslo_config/cfg.py:3006}}
Apr 08 23:13:22.244566 np0000164398 neutron-periodic-workers[104492]: DEBUG cotyledon.oslo_config_glue [-] ovn.ovsdb_connection_timeout = 180 {{(pid=104492) log_opt_values /opt/stack/data/venv/lib/python3.12/site-packages/oslo_config/cfg.py:3006}}
Apr 08 23:13:22.244649 np0000164398 neutron-periodic-workers[104492]: DEBUG cotyledon.oslo_config_glue [-] ovn.ovsdb_log_level = INFO {{(pid=104492) log_opt_values /opt/stack/data/venv/lib/python3.12/site-packages/oslo_config/cfg.py:3006}}
Apr 08 23:13:22.244731 np0000164398 neutron-periodic-workers[104492]: DEBUG cotyledon.oslo_config_glue [-] ovn.ovsdb_probe_interval = 60000 {{(pid=104492) log_opt_values /opt/stack/data/venv/lib/python3.12/site-packages/oslo_config/cfg.py:3006}}
Apr 08 23:13:22.244840 np0000164398 neutron-periodic-workers[104492]: DEBUG cotyledon.oslo_config_glue [-] ovn.ovsdb_retry_max_interval = 180 {{(pid=104492) log_opt_values /opt/stack/data/venv/lib/python3.12/site-packages/oslo_config/cfg.py:3006}}
Apr 08 23:13:22.244942 np0000164398 neutron-periodic-workers[104492]: DEBUG cotyledon.oslo_config_glue [-] ovn.stateless_nat_enabled = False {{(pid=104492) log_opt_values /opt/stack/data/venv/lib/python3.12/site-packages/oslo_config/cfg.py:3006}}
Apr 08 23:13:22.245053 np0000164398 neutron-periodic-workers[104492]: DEBUG cotyledon.oslo_config_glue [-] ovn.vhost_sock_dir = /var/run/openvswitch {{(pid=104492) log_opt_values /opt/stack/data/venv/lib/python3.12/site-packages/oslo_config/cfg.py:3006}}
Apr 08 23:13:22.245151 np0000164398 neutron-periodic-workers[104492]: DEBUG cotyledon.oslo_config_glue [-] OVS.bridge_mac_table_size = 50000 {{(pid=104492) log_opt_values /opt/stack/data/venv/lib/python3.12/site-packages/oslo_config/cfg.py:3006}}
Apr 08 23:13:22.245269 np0000164398 neutron-periodic-workers[104492]: DEBUG cotyledon.oslo_config_glue [-] OVS.igmp_flood = False {{(pid=104492) log_opt_values /opt/stack/data/venv/lib/python3.12/site-packages/oslo_config/cfg.py:3006}}
Apr 08 23:13:22.245369 np0000164398 neutron-periodic-workers[104492]: DEBUG cotyledon.oslo_config_glue [-] OVS.igmp_flood_reports = True {{(pid=104492) log_opt_values /opt/stack/data/venv/lib/python3.12/site-packages/oslo_config/cfg.py:3006}}
Apr 08 23:13:22.245452 np0000164398 neutron-periodic-workers[104492]: DEBUG cotyledon.oslo_config_glue [-] OVS.igmp_flood_unregistered = False {{(pid=104492) log_opt_values /opt/stack/data/venv/lib/python3.12/site-packages/oslo_config/cfg.py:3006}}
Apr 08 23:13:22.245543 np0000164398 neutron-periodic-workers[104492]: DEBUG cotyledon.oslo_config_glue [-] OVS.igmp_snooping_enable = False {{(pid=104492) log_opt_values /opt/stack/data/venv/lib/python3.12/site-packages/oslo_config/cfg.py:3006}}
Apr 08 23:13:22.245624 np0000164398 neutron-periodic-workers[104492]: DEBUG cotyledon.oslo_config_glue [-] OVS.ovsdb_timeout = 10 {{(pid=104492) log_opt_values /opt/stack/data/venv/lib/python3.12/site-packages/oslo_config/cfg.py:3006}}
Apr 08 23:13:22.245722 np0000164398 neutron-periodic-workers[104492]: DEBUG cotyledon.oslo_config_glue [-] ovn_nb_global.fdb_removal_limit = 0 {{(pid=104492) log_opt_values /opt/stack/data/venv/lib/python3.12/site-packages/oslo_config/cfg.py:3006}}
Apr 08 23:13:22.245811 np0000164398 neutron-periodic-workers[104492]: DEBUG cotyledon.oslo_config_glue [-] ovn_nb_global.ignore_lsp_down = False {{(pid=104492) log_opt_values /opt/stack/data/venv/lib/python3.12/site-packages/oslo_config/cfg.py:3006}}
Apr 08 23:13:22.245894 np0000164398 neutron-periodic-workers[104492]: DEBUG cotyledon.oslo_config_glue [-] ovn_nb_global.mac_binding_removal_limit = 0 {{(pid=104492) log_opt_values /opt/stack/data/venv/lib/python3.12/site-packages/oslo_config/cfg.py:3006}}
Apr 08 23:13:22.246002 np0000164398 neutron-periodic-workers[104492]: DEBUG cotyledon.oslo_config_glue [-] ******************************************************************************** {{(pid=104492) log_opt_values /opt/stack/data/venv/lib/python3.12/site-packages/oslo_config/cfg.py:3013}}
Apr 08 23:13:22.246272 np0000164398 neutron-periodic-workers[104492]: DEBUG cotyledon._service_worker [-] Run service ServiceWrapper(0) [104492] {{(pid=104492) wait_forever /opt/stack/data/venv/lib/python3.12/site-packages/cotyledon/_service_worker.py:218}}
Apr 08 23:13:31.891467 np0000164398 neutron-periodic-workers[103766]: DEBUG dbcounter [-] [103766] Writing DB stats neutron:SELECT=4 {{(pid=103766) stat_writer /opt/stack/data/venv/lib/python3.12/site-packages/dbcounter.py:115}}
Apr 08 23:14:28.193162 np0000164398 neutron-periodic-workers[104484]: DEBUG oslo_db.sqlalchemy.engines [None req-e64a2f50-d3f9-4222-9de1-e2a68e3a7f9b None None] Parent process 103766 forked (104484) with an open database connection, which is being discarded and recreated. {{(pid=104484) checkout /opt/stack/data/venv/lib/python3.12/site-packages/oslo_db/sqlalchemy/engines.py:402}}
Apr 08 23:14:28.201452 np0000164398 neutron-periodic-workers[104484]: DEBUG dbcounter [-] [104484] Writer thread running {{(pid=104484) stat_writer /opt/stack/data/venv/lib/python3.12/site-packages/dbcounter.py:102}}
Apr 08 23:14:28.210103 np0000164398 neutron-periodic-workers[104484]: DEBUG oslo.service.backend._threading.loopingcall [None req-e64a2f50-d3f9-4222-9de1-e2a68e3a7f9b None None] Fixed interval looping call 'neutron.plugins.ml2.plugin.DhcpAgentSchedulerDbMixin.remove_networks_from_down_agents' sleeping for 36.98 seconds {{(pid=104484) _run_loop /opt/stack/data/venv/lib/python3.12/site-packages/oslo_service/backend/_threading/loopingcall.py:125}}
Apr 08 23:14:30.263837 np0000164398 neutron-periodic-workers[104492]: DEBUG dbcounter [-] [104492] Writer thread running {{(pid=104492) stat_writer /opt/stack/data/venv/lib/python3.12/site-packages/dbcounter.py:102}}
Apr 08 23:14:30.267083 np0000164398 neutron-periodic-workers[104492]: DEBUG neutron.db.agents_db [None req-a94724cc-a5fc-4baa-8230-e4ef413e60e9 None None] Agent healthcheck: found 0 active agents {{(pid=104492) agent_health_check /opt/stack/neutron/neutron/db/agents_db.py:317}}
Apr 08 23:14:30.267316 np0000164398 neutron-periodic-workers[104492]: DEBUG oslo.service.backend._threading.loopingcall [None req-a94724cc-a5fc-4baa-8230-e4ef413e60e9 None None] Fixed interval looping call 'neutron.plugins.ml2.plugin.AgentDbMixin.agent_health_check' sleeping for 36.98 seconds {{(pid=104492) _run_loop /opt/stack/data/venv/lib/python3.12/site-packages/oslo_service/backend/_threading/loopingcall.py:125}}
Apr 08 23:14:38.209689 np0000164398 neutron-periodic-workers[104484]: DEBUG dbcounter [-] [104484] Writing DB stats neutron:SELECT=3 {{(pid=104484) stat_writer /opt/stack/data/venv/lib/python3.12/site-packages/dbcounter.py:115}}
Apr 08 23:14:40.264571 np0000164398 neutron-periodic-workers[104492]: DEBUG dbcounter [-] [104492] Writing DB stats neutron:SELECT=1 {{(pid=104492) stat_writer /opt/stack/data/venv/lib/python3.12/site-packages/dbcounter.py:115}}
Apr 08 23:15:05.204559 np0000164398 neutron-periodic-workers[104484]: DEBUG oslo.service.backend._threading.loopingcall [None req-e64a2f50-d3f9-4222-9de1-e2a68e3a7f9b None None] Fixed interval looping call 'neutron.plugins.ml2.plugin.DhcpAgentSchedulerDbMixin.remove_networks_from_down_agents' sleeping for 36.99 seconds {{(pid=104484) _run_loop /opt/stack/data/venv/lib/python3.12/site-packages/oslo_service/backend/_threading/loopingcall.py:125}}
Apr 08 23:15:07.258684 np0000164398 neutron-periodic-workers[104492]: DEBUG neutron.db.agents_db [None req-a94724cc-a5fc-4baa-8230-e4ef413e60e9 None None] Agent healthcheck: found 0 active agents {{(pid=104492) agent_health_check /opt/stack/neutron/neutron/db/agents_db.py:317}}
Apr 08 23:15:07.259195 np0000164398 neutron-periodic-workers[104492]: DEBUG oslo.service.backend._threading.loopingcall [None req-a94724cc-a5fc-4baa-8230-e4ef413e60e9 None None] Fixed interval looping call 'neutron.plugins.ml2.plugin.AgentDbMixin.agent_health_check' sleeping for 36.99 seconds {{(pid=104492) _run_loop /opt/stack/data/venv/lib/python3.12/site-packages/oslo_service/backend/_threading/loopingcall.py:125}}
Apr 08 23:15:15.203011 np0000164398 neutron-periodic-workers[104484]: DEBUG dbcounter [-] [104484] Writing DB stats neutron:SELECT=3 {{(pid=104484) stat_writer /opt/stack/data/venv/lib/python3.12/site-packages/dbcounter.py:115}}
Apr 08 23:15:17.257056 np0000164398 neutron-periodic-workers[104492]: DEBUG dbcounter [-] [104492] Writing DB stats neutron:SELECT=1 {{(pid=104492) stat_writer /opt/stack/data/venv/lib/python3.12/site-packages/dbcounter.py:115}}
Apr 08 23:15:22.244006 np0000164398 neutron-periodic-workers[104500]: DEBUG dbcounter [-] [104500] Writer thread running {{(pid=104500) stat_writer /opt/stack/data/venv/lib/python3.12/site-packages/dbcounter.py:102}}
Apr 08 23:15:22.245835 np0000164398 neutron-periodic-workers[104500]: DEBUG oslo.service.backend._threading.loopingcall [None req-058b5186-eb55-4ed7-8e8d-e15499fb2d97 None None] Fixed interval looping call 'neutron.db.quota.driver_nolock.DbQuotaNoLockDriver._remove_expired_reservations' sleeping for 119.98 seconds {{(pid=104500) _run_loop /opt/stack/data/venv/lib/python3.12/site-packages/oslo_service/backend/_threading/loopingcall.py:125}}
Apr 08 23:15:32.244705 np0000164398 neutron-periodic-workers[104500]: DEBUG dbcounter [-] [104500] Writing DB stats neutron:DELETE=1 {{(pid=104500) stat_writer /opt/stack/data/venv/lib/python3.12/site-packages/dbcounter.py:115}}
Apr 08 23:15:42.204509 np0000164398 neutron-periodic-workers[104484]: DEBUG oslo.service.backend._threading.loopingcall [None req-e64a2f50-d3f9-4222-9de1-e2a68e3a7f9b None None] Fixed interval looping call 'neutron.plugins.ml2.plugin.DhcpAgentSchedulerDbMixin.remove_networks_from_down_agents' sleeping for 36.99 seconds {{(pid=104484) _run_loop /opt/stack/data/venv/lib/python3.12/site-packages/oslo_service/backend/_threading/loopingcall.py:125}}
Apr 08 23:15:44.253344 np0000164398 neutron-periodic-workers[104492]: DEBUG neutron.db.agents_db [None req-a94724cc-a5fc-4baa-8230-e4ef413e60e9 None None] Agent healthcheck: found 0 active agents {{(pid=104492) agent_health_check /opt/stack/neutron/neutron/db/agents_db.py:317}}
Apr 08 23:15:44.253883 np0000164398 neutron-periodic-workers[104492]: DEBUG oslo.service.backend._threading.loopingcall [None req-a94724cc-a5fc-4baa-8230-e4ef413e60e9 None None] Fixed interval looping call 'neutron.plugins.ml2.plugin.AgentDbMixin.agent_health_check' sleeping for 37.00 seconds {{(pid=104492) _run_loop /opt/stack/data/venv/lib/python3.12/site-packages/oslo_service/backend/_threading/loopingcall.py:125}}
Apr 08 23:15:52.203690 np0000164398 neutron-periodic-workers[104484]: DEBUG dbcounter [-] [104484] Writing DB stats neutron:SELECT=3 {{(pid=104484) stat_writer /opt/stack/data/venv/lib/python3.12/site-packages/dbcounter.py:115}}
Apr 08 23:15:54.252251 np0000164398 neutron-periodic-workers[104492]: DEBUG dbcounter [-] [104492] Writing DB stats neutron:SELECT=1 {{(pid=104492) stat_writer /opt/stack/data/venv/lib/python3.12/site-packages/dbcounter.py:115}}
Apr 08 23:16:19.199573 np0000164398 neutron-periodic-workers[104484]: DEBUG oslo.service.backend._threading.loopingcall [None req-e64a2f50-d3f9-4222-9de1-e2a68e3a7f9b None None] Fixed interval looping call 'neutron.plugins.ml2.plugin.DhcpAgentSchedulerDbMixin.remove_networks_from_down_agents' sleeping for 37.00 seconds {{(pid=104484) _run_loop /opt/stack/data/venv/lib/python3.12/site-packages/oslo_service/backend/_threading/loopingcall.py:125}}
Apr 08 23:16:21.258581 np0000164398 neutron-periodic-workers[104492]: DEBUG neutron.db.agents_db [None req-a94724cc-a5fc-4baa-8230-e4ef413e60e9 None None] Agent healthcheck: found 0 active agents {{(pid=104492) agent_health_check /opt/stack/neutron/neutron/db/agents_db.py:317}}
Apr 08 23:16:21.260765 np0000164398 neutron-periodic-workers[104492]: DEBUG oslo.service.backend._threading.loopingcall [None req-a94724cc-a5fc-4baa-8230-e4ef413e60e9 None None] Fixed interval looping call 'neutron.plugins.ml2.plugin.AgentDbMixin.agent_health_check' sleeping for 37.00 seconds {{(pid=104492) _run_loop /opt/stack/data/venv/lib/python3.12/site-packages/oslo_service/backend/_threading/loopingcall.py:125}}
Apr 08 23:16:29.199273 np0000164398 neutron-periodic-workers[104484]: DEBUG dbcounter [-] [104484] Writing DB stats neutron:SELECT=3 {{(pid=104484) stat_writer /opt/stack/data/venv/lib/python3.12/site-packages/dbcounter.py:115}}
Apr 08 23:16:31.257067 np0000164398 neutron-periodic-workers[104492]: DEBUG dbcounter [-] [104492] Writing DB stats neutron:SELECT=1 {{(pid=104492) stat_writer /opt/stack/data/venv/lib/python3.12/site-packages/dbcounter.py:115}}
Apr 08 23:16:56.206844 np0000164398 neutron-periodic-workers[104484]: DEBUG oslo.service.backend._threading.loopingcall [None req-e64a2f50-d3f9-4222-9de1-e2a68e3a7f9b None None] Fixed interval looping call 'neutron.plugins.ml2.plugin.DhcpAgentSchedulerDbMixin.remove_networks_from_down_agents' sleeping for 36.99 seconds {{(pid=104484) _run_loop /opt/stack/data/venv/lib/python3.12/site-packages/oslo_service/backend/_threading/loopingcall.py:125}}
Apr 08 23:16:58.263852 np0000164398 neutron-periodic-workers[104492]: DEBUG neutron.db.agents_db [None req-a94724cc-a5fc-4baa-8230-e4ef413e60e9 None None] Agent healthcheck: found 0 active agents {{(pid=104492) agent_health_check /opt/stack/neutron/neutron/db/agents_db.py:317}}
Apr 08 23:16:58.264169 np0000164398 neutron-periodic-workers[104492]: DEBUG oslo.service.backend._threading.loopingcall [None req-a94724cc-a5fc-4baa-8230-e4ef413e60e9 None None] Fixed interval looping call 'neutron.plugins.ml2.plugin.AgentDbMixin.agent_health_check' sleeping for 37.00 seconds {{(pid=104492) _run_loop /opt/stack/data/venv/lib/python3.12/site-packages/oslo_service/backend/_threading/loopingcall.py:125}}
Apr 08 23:17:06.206250 np0000164398 neutron-periodic-workers[104484]: DEBUG dbcounter [-] [104484] Writing DB stats neutron:SELECT=3 {{(pid=104484) stat_writer /opt/stack/data/venv/lib/python3.12/site-packages/dbcounter.py:115}}
Apr 08 23:17:08.262861 np0000164398 neutron-periodic-workers[104492]: DEBUG dbcounter [-] [104492] Writing DB stats neutron:SELECT=1 {{(pid=104492) stat_writer /opt/stack/data/venv/lib/python3.12/site-packages/dbcounter.py:115}}
Apr 08 23:17:22.232626 np0000164398 neutron-periodic-workers[104500]: DEBUG oslo.service.backend._threading.loopingcall [None req-058b5186-eb55-4ed7-8e8d-e15499fb2d97 None None] Fixed interval looping call 'neutron.db.quota.driver_nolock.DbQuotaNoLockDriver._remove_expired_reservations' sleeping for 119.99 seconds {{(pid=104500) _run_loop /opt/stack/data/venv/lib/python3.12/site-packages/oslo_service/backend/_threading/loopingcall.py:125}}
Apr 08 23:17:32.230918 np0000164398 neutron-periodic-workers[104500]: DEBUG dbcounter [-] [104500] Writing DB stats neutron:DELETE=1 {{(pid=104500) stat_writer /opt/stack/data/venv/lib/python3.12/site-packages/dbcounter.py:115}}
Apr 08 23:17:33.207098 np0000164398 neutron-periodic-workers[104484]: DEBUG oslo.service.backend._threading.loopingcall [None req-e64a2f50-d3f9-4222-9de1-e2a68e3a7f9b None None] Fixed interval looping call 'neutron.plugins.ml2.plugin.DhcpAgentSchedulerDbMixin.remove_networks_from_down_agents' sleeping for 36.99 seconds {{(pid=104484) _run_loop /opt/stack/data/venv/lib/python3.12/site-packages/oslo_service/backend/_threading/loopingcall.py:125}}
Apr 08 23:17:35.268347 np0000164398 neutron-periodic-workers[104492]: DEBUG neutron.db.agents_db [None req-a94724cc-a5fc-4baa-8230-e4ef413e60e9 None None] Agent healthcheck: found 0 active agents {{(pid=104492) agent_health_check /opt/stack/neutron/neutron/db/agents_db.py:317}}
Apr 08 23:17:35.268717 np0000164398 neutron-periodic-workers[104492]: DEBUG oslo.service.backend._threading.loopingcall [None req-a94724cc-a5fc-4baa-8230-e4ef413e60e9 None None] Fixed interval looping call 'neutron.plugins.ml2.plugin.AgentDbMixin.agent_health_check' sleeping for 37.00 seconds {{(pid=104492) _run_loop /opt/stack/data/venv/lib/python3.12/site-packages/oslo_service/backend/_threading/loopingcall.py:125}}
Apr 08 23:17:37.265823 np0000164398 neutron-periodic-workers[104512]: DEBUG dbcounter [-] [104512] Writer thread running {{(pid=104512) stat_writer /opt/stack/data/venv/lib/python3.12/site-packages/dbcounter.py:102}}
Apr 08 23:17:37.275934 np0000164398 neutron-periodic-workers[104512]: DEBUG oslo.service.backend._threading.loopingcall [None req-bad74fbe-09e6-4ecd-82f6-968c8b490ea9 None None] Fixed interval looping call 'neutron.services.ovn_l3.plugin.L3_NAT_dbonly_mixin._clean_garbage' sleeping for 299.96 seconds {{(pid=104512) _run_loop /opt/stack/data/venv/lib/python3.12/site-packages/oslo_service/backend/_threading/loopingcall.py:125}}
Apr 08 23:17:43.205553 np0000164398 neutron-periodic-workers[104484]: DEBUG dbcounter [-] [104484] Writing DB stats neutron:SELECT=3 {{(pid=104484) stat_writer /opt/stack/data/venv/lib/python3.12/site-packages/dbcounter.py:115}}
Apr 08 23:17:45.266902 np0000164398 neutron-periodic-workers[104492]: DEBUG dbcounter [-] [104492] Writing DB stats neutron:SELECT=1 {{(pid=104492) stat_writer /opt/stack/data/venv/lib/python3.12/site-packages/dbcounter.py:115}}
Apr 08 23:17:47.266372 np0000164398 neutron-periodic-workers[104512]: DEBUG dbcounter [-] [104512] Writing DB stats neutron:SELECT=1 {{(pid=104512) stat_writer /opt/stack/data/venv/lib/python3.12/site-packages/dbcounter.py:115}}
Apr 08 23:18:10.209515 np0000164398 neutron-periodic-workers[104484]: DEBUG oslo.service.backend._threading.loopingcall [None req-e64a2f50-d3f9-4222-9de1-e2a68e3a7f9b None None] Fixed interval looping call 'neutron.plugins.ml2.plugin.DhcpAgentSchedulerDbMixin.remove_networks_from_down_agents' sleeping for 36.99 seconds {{(pid=104484) _run_loop /opt/stack/data/venv/lib/python3.12/site-packages/oslo_service/backend/_threading/loopingcall.py:125}}
Apr 08 23:18:12.274275 np0000164398 neutron-periodic-workers[104492]: DEBUG neutron.db.agents_db [None req-a94724cc-a5fc-4baa-8230-e4ef413e60e9 None None] Agent healthcheck: found 0 active agents {{(pid=104492) agent_health_check /opt/stack/neutron/neutron/db/agents_db.py:317}}
Apr 08 23:18:12.275890 np0000164398 neutron-periodic-workers[104492]: DEBUG oslo.service.backend._threading.loopingcall [None req-a94724cc-a5fc-4baa-8230-e4ef413e60e9 None None] Fixed interval looping call 'neutron.plugins.ml2.plugin.AgentDbMixin.agent_health_check' sleeping for 36.99 seconds {{(pid=104492) _run_loop /opt/stack/data/venv/lib/python3.12/site-packages/oslo_service/backend/_threading/loopingcall.py:125}}
Apr 08 23:18:20.206713 np0000164398 neutron-periodic-workers[104484]: DEBUG dbcounter [-] [104484] Writing DB stats neutron:SELECT=3 {{(pid=104484) stat_writer /opt/stack/data/venv/lib/python3.12/site-packages/dbcounter.py:115}}
Apr 08 23:18:22.272781 np0000164398 neutron-periodic-workers[104492]: DEBUG dbcounter [-] [104492] Writing DB stats neutron:SELECT=1 {{(pid=104492) stat_writer /opt/stack/data/venv/lib/python3.12/site-packages/dbcounter.py:115}}
Apr 08 23:18:47.208801 np0000164398 neutron-periodic-workers[104484]: DEBUG oslo.service.backend._threading.loopingcall [None req-e64a2f50-d3f9-4222-9de1-e2a68e3a7f9b None None] Fixed interval looping call 'neutron.plugins.ml2.plugin.DhcpAgentSchedulerDbMixin.remove_networks_from_down_agents' sleeping for 36.99 seconds {{(pid=104484) _run_loop /opt/stack/data/venv/lib/python3.12/site-packages/oslo_service/backend/_threading/loopingcall.py:125}}
Apr 08 23:18:49.270433 np0000164398 neutron-periodic-workers[104492]: DEBUG neutron.db.agents_db [None req-a94724cc-a5fc-4baa-8230-e4ef413e60e9 None None] Agent healthcheck: found 0 active agents {{(pid=104492) agent_health_check /opt/stack/neutron/neutron/db/agents_db.py:317}}
Apr 08 23:18:49.271298 np0000164398 neutron-periodic-workers[104492]: DEBUG oslo.service.backend._threading.loopingcall [None req-a94724cc-a5fc-4baa-8230-e4ef413e60e9 None None] Fixed interval looping call 'neutron.plugins.ml2.plugin.AgentDbMixin.agent_health_check' sleeping for 36.99 seconds {{(pid=104492) _run_loop /opt/stack/data/venv/lib/python3.12/site-packages/oslo_service/backend/_threading/loopingcall.py:125}}
Apr 08 23:18:57.207893 np0000164398 neutron-periodic-workers[104484]: DEBUG dbcounter [-] [104484] Writing DB stats neutron:SELECT=3 {{(pid=104484) stat_writer /opt/stack/data/venv/lib/python3.12/site-packages/dbcounter.py:115}}
Apr 08 23:18:59.269057 np0000164398 neutron-periodic-workers[104492]: DEBUG dbcounter [-] [104492] Writing DB stats neutron:SELECT=1 {{(pid=104492) stat_writer /opt/stack/data/venv/lib/python3.12/site-packages/dbcounter.py:115}}
Apr 08 23:19:22.229144 np0000164398 neutron-periodic-workers[104500]: DEBUG oslo.service.backend._threading.loopingcall [None req-058b5186-eb55-4ed7-8e8d-e15499fb2d97 None None] Fixed interval looping call 'neutron.db.quota.driver_nolock.DbQuotaNoLockDriver._remove_expired_reservations' sleeping for 119.99 seconds {{(pid=104500) _run_loop /opt/stack/data/venv/lib/python3.12/site-packages/oslo_service/backend/_threading/loopingcall.py:125}}
Apr 08 23:19:24.209940 np0000164398 neutron-periodic-workers[104484]: DEBUG oslo.service.backend._threading.loopingcall [None req-e64a2f50-d3f9-4222-9de1-e2a68e3a7f9b None None] Fixed interval looping call 'neutron.plugins.ml2.plugin.DhcpAgentSchedulerDbMixin.remove_networks_from_down_agents' sleeping for 36.99 seconds {{(pid=104484) _run_loop /opt/stack/data/venv/lib/python3.12/site-packages/oslo_service/backend/_threading/loopingcall.py:125}}
Apr 08 23:19:26.268171 np0000164398 neutron-periodic-workers[104492]: DEBUG neutron.db.agents_db [None req-a94724cc-a5fc-4baa-8230-e4ef413e60e9 None None] Agent healthcheck: found 0 active agents {{(pid=104492) agent_health_check /opt/stack/neutron/neutron/db/agents_db.py:317}}
Apr 08 23:19:26.268705 np0000164398 neutron-periodic-workers[104492]: DEBUG oslo.service.backend._threading.loopingcall [None req-a94724cc-a5fc-4baa-8230-e4ef413e60e9 None None] Fixed interval looping call 'neutron.plugins.ml2.plugin.AgentDbMixin.agent_health_check' sleeping for 36.99 seconds {{(pid=104492) _run_loop /opt/stack/data/venv/lib/python3.12/site-packages/oslo_service/backend/_threading/loopingcall.py:125}}
Apr 08 23:19:32.227490 np0000164398 neutron-periodic-workers[104500]: DEBUG dbcounter [-] [104500] Writing DB stats neutron:DELETE=1 {{(pid=104500) stat_writer /opt/stack/data/venv/lib/python3.12/site-packages/dbcounter.py:115}}
Apr 08 23:19:34.208886 np0000164398 neutron-periodic-workers[104484]: DEBUG dbcounter [-] [104484] Writing DB stats neutron:SELECT=3 {{(pid=104484) stat_writer /opt/stack/data/venv/lib/python3.12/site-packages/dbcounter.py:115}}
Apr 08 23:19:36.265044 np0000164398 neutron-periodic-workers[104492]: DEBUG dbcounter [-] [104492] Writing DB stats neutron:SELECT=1 {{(pid=104492) stat_writer /opt/stack/data/venv/lib/python3.12/site-packages/dbcounter.py:115}}
Apr 08 23:20:01.210622 np0000164398 neutron-periodic-workers[104484]: DEBUG oslo.service.backend._threading.loopingcall [None req-e64a2f50-d3f9-4222-9de1-e2a68e3a7f9b None None] Fixed interval looping call 'neutron.plugins.ml2.plugin.DhcpAgentSchedulerDbMixin.remove_networks_from_down_agents' sleeping for 36.99 seconds {{(pid=104484) _run_loop /opt/stack/data/venv/lib/python3.12/site-packages/oslo_service/backend/_threading/loopingcall.py:125}}
Apr 08 23:20:03.274179 np0000164398 neutron-periodic-workers[104492]: DEBUG neutron.db.agents_db [None req-a94724cc-a5fc-4baa-8230-e4ef413e60e9 None None] Agent healthcheck: found 0 active agents {{(pid=104492) agent_health_check /opt/stack/neutron/neutron/db/agents_db.py:317}}
Apr 08 23:20:03.274852 np0000164398 neutron-periodic-workers[104492]: DEBUG oslo.service.backend._threading.loopingcall [None req-a94724cc-a5fc-4baa-8230-e4ef413e60e9 None None] Fixed interval looping call 'neutron.plugins.ml2.plugin.AgentDbMixin.agent_health_check' sleeping for 36.98 seconds {{(pid=104492) _run_loop /opt/stack/data/venv/lib/python3.12/site-packages/oslo_service/backend/_threading/loopingcall.py:125}}
Apr 08 23:20:11.208943 np0000164398 neutron-periodic-workers[104484]: DEBUG dbcounter [-] [104484] Writing DB stats neutron:SELECT=3 {{(pid=104484) stat_writer /opt/stack/data/venv/lib/python3.12/site-packages/dbcounter.py:115}}
Apr 08 23:20:13.262600 np0000164398 neutron-periodic-workers[104492]: DEBUG dbcounter [-] [104492] Writing DB stats neutron:SELECT=1 {{(pid=104492) stat_writer /opt/stack/data/venv/lib/python3.12/site-packages/dbcounter.py:115}}
Apr 08 23:20:38.210963 np0000164398 neutron-periodic-workers[104484]: DEBUG oslo.service.backend._threading.loopingcall [None req-e64a2f50-d3f9-4222-9de1-e2a68e3a7f9b None None] Fixed interval looping call 'neutron.plugins.ml2.plugin.DhcpAgentSchedulerDbMixin.remove_networks_from_down_agents' sleeping for 36.99 seconds {{(pid=104484) _run_loop /opt/stack/data/venv/lib/python3.12/site-packages/oslo_service/backend/_threading/loopingcall.py:125}}
Apr 08 23:20:40.259057 np0000164398 neutron-periodic-workers[104492]: DEBUG neutron.db.agents_db [None req-a94724cc-a5fc-4baa-8230-e4ef413e60e9 None None] Agent healthcheck: found 0 active agents {{(pid=104492) agent_health_check /opt/stack/neutron/neutron/db/agents_db.py:317}}
Apr 08 23:20:40.259701 np0000164398 neutron-periodic-workers[104492]: DEBUG oslo.service.backend._threading.loopingcall [None req-a94724cc-a5fc-4baa-8230-e4ef413e60e9 None None] Fixed interval looping call 'neutron.plugins.ml2.plugin.AgentDbMixin.agent_health_check' sleeping for 37.00 seconds {{(pid=104492) _run_loop /opt/stack/data/venv/lib/python3.12/site-packages/oslo_service/backend/_threading/loopingcall.py:125}}
Apr 08 23:20:48.209518 np0000164398 neutron-periodic-workers[104484]: DEBUG dbcounter [-] [104484] Writing DB stats neutron:SELECT=3 {{(pid=104484) stat_writer /opt/stack/data/venv/lib/python3.12/site-packages/dbcounter.py:115}}
Apr 08 23:20:50.257428 np0000164398 neutron-periodic-workers[104492]: DEBUG dbcounter [-] [104492] Writing DB stats neutron:SELECT=1 {{(pid=104492) stat_writer /opt/stack/data/venv/lib/python3.12/site-packages/dbcounter.py:115}}
Apr 08 23:21:15.210305 np0000164398 neutron-periodic-workers[104484]: DEBUG oslo.service.backend._threading.loopingcall [None req-e64a2f50-d3f9-4222-9de1-e2a68e3a7f9b None None] Fixed interval looping call 'neutron.plugins.ml2.plugin.DhcpAgentSchedulerDbMixin.remove_networks_from_down_agents' sleeping for 36.99 seconds {{(pid=104484) _run_loop /opt/stack/data/venv/lib/python3.12/site-packages/oslo_service/backend/_threading/loopingcall.py:125}}
Apr 08 23:21:17.266420 np0000164398 neutron-periodic-workers[104492]: DEBUG neutron.db.agents_db [None req-a94724cc-a5fc-4baa-8230-e4ef413e60e9 None None] Agent healthcheck: found 0 active agents {{(pid=104492) agent_health_check /opt/stack/neutron/neutron/db/agents_db.py:317}}
Apr 08 23:21:17.266420 np0000164398 neutron-periodic-workers[104492]: DEBUG oslo.service.backend._threading.loopingcall [None req-a94724cc-a5fc-4baa-8230-e4ef413e60e9 None None] Fixed interval looping call 'neutron.plugins.ml2.plugin.AgentDbMixin.agent_health_check' sleeping for 36.99 seconds {{(pid=104492) _run_loop /opt/stack/data/venv/lib/python3.12/site-packages/oslo_service/backend/_threading/loopingcall.py:125}}
Apr 08 23:21:22.223661 np0000164398 neutron-periodic-workers[104500]: DEBUG oslo.service.backend._threading.loopingcall [None req-058b5186-eb55-4ed7-8e8d-e15499fb2d97 None None] Fixed interval looping call 'neutron.db.quota.driver_nolock.DbQuotaNoLockDriver._remove_expired_reservations' sleeping for 120.00 seconds {{(pid=104500) _run_loop /opt/stack/data/venv/lib/python3.12/site-packages/oslo_service/backend/_threading/loopingcall.py:125}}
Apr 08 23:21:25.209361 np0000164398 neutron-periodic-workers[104484]: DEBUG dbcounter [-] [104484] Writing DB stats neutron:SELECT=3 {{(pid=104484) stat_writer /opt/stack/data/venv/lib/python3.12/site-packages/dbcounter.py:115}}
Apr 08 23:21:27.264476 np0000164398 neutron-periodic-workers[104492]: DEBUG dbcounter [-] [104492] Writing DB stats neutron:SELECT=1 {{(pid=104492) stat_writer /opt/stack/data/venv/lib/python3.12/site-packages/dbcounter.py:115}}
Apr 08 23:21:32.222810 np0000164398 neutron-periodic-workers[104500]: DEBUG dbcounter [-] [104500] Writing DB stats neutron:DELETE=1 {{(pid=104500) stat_writer /opt/stack/data/venv/lib/python3.12/site-packages/dbcounter.py:115}}
Apr 08 23:21:52.208201 np0000164398 neutron-periodic-workers[104484]: DEBUG oslo.service.backend._threading.loopingcall [None req-e64a2f50-d3f9-4222-9de1-e2a68e3a7f9b None None] Fixed interval looping call 'neutron.plugins.ml2.plugin.DhcpAgentSchedulerDbMixin.remove_networks_from_down_agents' sleeping for 36.99 seconds {{(pid=104484) _run_loop /opt/stack/data/venv/lib/python3.12/site-packages/oslo_service/backend/_threading/loopingcall.py:125}}
Apr 08 23:21:54.259983 np0000164398 neutron-periodic-workers[104492]: DEBUG neutron.db.agents_db [None req-a94724cc-a5fc-4baa-8230-e4ef413e60e9 None None] Agent healthcheck: found 0 active agents {{(pid=104492) agent_health_check /opt/stack/neutron/neutron/db/agents_db.py:317}}
Apr 08 23:21:54.260895 np0000164398 neutron-periodic-workers[104492]: DEBUG oslo.service.backend._threading.loopingcall [None req-a94724cc-a5fc-4baa-8230-e4ef413e60e9 None None] Fixed interval looping call 'neutron.plugins.ml2.plugin.AgentDbMixin.agent_health_check' sleeping for 37.00 seconds {{(pid=104492) _run_loop /opt/stack/data/venv/lib/python3.12/site-packages/oslo_service/backend/_threading/loopingcall.py:125}}
Apr 08 23:22:02.207681 np0000164398 neutron-periodic-workers[104484]: DEBUG dbcounter [-] [104484] Writing DB stats neutron:SELECT=3 {{(pid=104484) stat_writer /opt/stack/data/venv/lib/python3.12/site-packages/dbcounter.py:115}}
Apr 08 23:22:04.258960 np0000164398 neutron-periodic-workers[104492]: DEBUG dbcounter [-] [104492] Writing DB stats neutron:SELECT=1 {{(pid=104492) stat_writer /opt/stack/data/venv/lib/python3.12/site-packages/dbcounter.py:115}}
Apr 08 23:22:29.211467 np0000164398 neutron-periodic-workers[104484]: DEBUG oslo.service.backend._threading.loopingcall [None req-e64a2f50-d3f9-4222-9de1-e2a68e3a7f9b None None] Fixed interval looping call 'neutron.plugins.ml2.plugin.DhcpAgentSchedulerDbMixin.remove_networks_from_down_agents' sleeping for 36.99 seconds {{(pid=104484) _run_loop /opt/stack/data/venv/lib/python3.12/site-packages/oslo_service/backend/_threading/loopingcall.py:125}}
Apr 08 23:22:31.266323 np0000164398 neutron-periodic-workers[104492]: DEBUG neutron.db.agents_db [None req-a94724cc-a5fc-4baa-8230-e4ef413e60e9 None None] Agent healthcheck: found 0 active agents {{(pid=104492) agent_health_check /opt/stack/neutron/neutron/db/agents_db.py:317}}
Apr 08 23:22:31.266698 np0000164398 neutron-periodic-workers[104492]: DEBUG oslo.service.backend._threading.loopingcall [None req-a94724cc-a5fc-4baa-8230-e4ef413e60e9 None None] Fixed interval looping call 'neutron.plugins.ml2.plugin.AgentDbMixin.agent_health_check' sleeping for 36.99 seconds {{(pid=104492) _run_loop /opt/stack/data/venv/lib/python3.12/site-packages/oslo_service/backend/_threading/loopingcall.py:125}}
Apr 08 23:22:37.256424 np0000164398 neutron-periodic-workers[104512]: DEBUG oslo.service.backend._threading.loopingcall [None req-bad74fbe-09e6-4ecd-82f6-968c8b490ea9 None None] Fixed interval looping call 'neutron.services.ovn_l3.plugin.L3_NAT_dbonly_mixin._clean_garbage' sleeping for 299.98 seconds {{(pid=104512) _run_loop /opt/stack/data/venv/lib/python3.12/site-packages/oslo_service/backend/_threading/loopingcall.py:125}}
Apr 08 23:22:39.209196 np0000164398 neutron-periodic-workers[104484]: DEBUG dbcounter [-] [104484] Writing DB stats neutron:SELECT=3 {{(pid=104484) stat_writer /opt/stack/data/venv/lib/python3.12/site-packages/dbcounter.py:115}}
Apr 08 23:22:41.264346 np0000164398 neutron-periodic-workers[104492]: DEBUG dbcounter [-] [104492] Writing DB stats neutron:SELECT=1 {{(pid=104492) stat_writer /opt/stack/data/venv/lib/python3.12/site-packages/dbcounter.py:115}}
Apr 08 23:22:47.239775 np0000164398 neutron-periodic-workers[104512]: DEBUG dbcounter [-] [104512] Writing DB stats neutron:SELECT=1 {{(pid=104512) stat_writer /opt/stack/data/venv/lib/python3.12/site-packages/dbcounter.py:115}}
Apr 08 23:23:06.212315 np0000164398 neutron-periodic-workers[104484]: DEBUG oslo.service.backend._threading.loopingcall [None req-e64a2f50-d3f9-4222-9de1-e2a68e3a7f9b None None] Fixed interval looping call 'neutron.plugins.ml2.plugin.DhcpAgentSchedulerDbMixin.remove_networks_from_down_agents' sleeping for 36.99 seconds {{(pid=104484) _run_loop /opt/stack/data/venv/lib/python3.12/site-packages/oslo_service/backend/_threading/loopingcall.py:125}}
Apr 08 23:23:08.262262 np0000164398 neutron-periodic-workers[104492]: DEBUG neutron.db.agents_db [None req-a94724cc-a5fc-4baa-8230-e4ef413e60e9 None None] Agent healthcheck: found 0 active agents {{(pid=104492) agent_health_check /opt/stack/neutron/neutron/db/agents_db.py:317}}
Apr 08 23:23:08.262788 np0000164398 neutron-periodic-workers[104492]: DEBUG oslo.service.backend._threading.loopingcall [None req-a94724cc-a5fc-4baa-8230-e4ef413e60e9 None None] Fixed interval looping call 'neutron.plugins.ml2.plugin.AgentDbMixin.agent_health_check' sleeping for 36.99 seconds {{(pid=104492) _run_loop /opt/stack/data/venv/lib/python3.12/site-packages/oslo_service/backend/_threading/loopingcall.py:125}}
Apr 08 23:23:16.211567 np0000164398 neutron-periodic-workers[104484]: DEBUG dbcounter [-] [104484] Writing DB stats neutron:SELECT=3 {{(pid=104484) stat_writer /opt/stack/data/venv/lib/python3.12/site-packages/dbcounter.py:115}}
